2026-05-30 03:07:37.797 10 WARNING neutron_lib.context [None req-bf3acf04-cbc9-4268-99e3-6f6d0195fca0 dfb2bcd4fa744f3986d2ad3dfd6e0e47 b540342099b442c8b1582fd2ff09581b - - default default] Method 'is_advsvc' is deprecated since 2023.2 release (neutron-lib 3.8.0) and will be removed once support for the old RBAC API policies will be removed from Neutron. Please use method 'is_service_role' instead.
2026-05-30 03:07:37.968 10 INFO neutron.db.ovn_revision_numbers_db [None req-bf3acf04-cbc9-4268-99e3-6f6d0195fca0 dfb2bcd4fa744f3986d2ad3dfd6e0e47 b540342099b442c8b1582fd2ff09581b - - default default] Successfully bumped revision number for resource 157a20f9-2182-4875-8a67-1437b3af67e4 (type: security_groups) to 1
2026-05-30 03:07:37.983 10 INFO neutron.db.ovn_revision_numbers_db [None req-bf3acf04-cbc9-4268-99e3-6f6d0195fca0 dfb2bcd4fa744f3986d2ad3dfd6e0e47 b540342099b442c8b1582fd2ff09581b - - default default] Successfully bumped revision number for resource 01e023d8-3970-43fe-948a-688926a7a62f (type: security_group_rules) to 0
2026-05-30 03:07:38.001 10 INFO neutron.db.ovn_revision_numbers_db [None req-bf3acf04-cbc9-4268-99e3-6f6d0195fca0 dfb2bcd4fa744f3986d2ad3dfd6e0e47 b540342099b442c8b1582fd2ff09581b - - default default] Successfully bumped revision number for resource 0d7283d9-7fc5-4704-a981-9cce40acdf29 (type: security_group_rules) to 0
2026-05-30 03:07:38.018 10 INFO neutron.db.ovn_revision_numbers_db [None req-bf3acf04-cbc9-4268-99e3-6f6d0195fca0 dfb2bcd4fa744f3986d2ad3dfd6e0e47 b540342099b442c8b1582fd2ff09581b - - default default] Successfully bumped revision number for resource 9b0a2884-2e14-42f7-9db3-f5b8415b899e (type: security_group_rules) to 0
2026-05-30 03:07:38.035 10 INFO neutron.db.ovn_revision_numbers_db [None req-bf3acf04-cbc9-4268-99e3-6f6d0195fca0 dfb2bcd4fa744f3986d2ad3dfd6e0e47 b540342099b442c8b1582fd2ff09581b - - default default] Successfully bumped revision number for resource ced3cc72-ac3c-47e8-b328-8730c4de37d7 (type: security_group_rules) to 0
2026-05-30 03:07:38.110 10 INFO neutron.db.segments_db [None req-bf3acf04-cbc9-4268-99e3-6f6d0195fca0 dfb2bcd4fa744f3986d2ad3dfd6e0e47 b540342099b442c8b1582fd2ff09581b - - default default] Added segment 829790ae-1d64-4fff-a6de-490099a97ed2 of type geneve for network 5af0a151-46ee-4dec-a988-b423ebc4dc7c
2026-05-30 03:07:38.277 10 INFO neutron.db.ovn_revision_numbers_db [None req-bf3acf04-cbc9-4268-99e3-6f6d0195fca0 dfb2bcd4fa744f3986d2ad3dfd6e0e47 b540342099b442c8b1582fd2ff09581b - - default default] Successfully bumped revision number for resource 5af0a151-46ee-4dec-a988-b423ebc4dc7c (type: networks) to 1
2026-05-30 03:07:38.458 10 WARNING neutron.scheduler.dhcp_agent_scheduler [None req-bf3acf04-cbc9-4268-99e3-6f6d0195fca0 dfb2bcd4fa744f3986d2ad3dfd6e0e47 b540342099b442c8b1582fd2ff09581b - - default default] No more DHCP agents
2026-05-30 03:07:38.459 10 WARNING neutron.api.rpc.agentnotifiers.dhcp_rpc_agent_api [None req-bf3acf04-cbc9-4268-99e3-6f6d0195fca0 dfb2bcd4fa744f3986d2ad3dfd6e0e47 b540342099b442c8b1582fd2ff09581b - - default default] Unable to schedule network 5af0a151-46ee-4dec-a988-b423ebc4dc7c: no agents available; will retry on subsequent port and subnet creation events.
2026-05-30 03:07:38.521 10 INFO neutron.db.ovn_revision_numbers_db [None req-bf3acf04-cbc9-4268-99e3-6f6d0195fca0 dfb2bcd4fa744f3986d2ad3dfd6e0e47 b540342099b442c8b1582fd2ff09581b - - default default] Successfully bumped revision number for resource df292465-b8e6-45d8-b4fa-6a5629ae1121 (type: ports) to 1
2026-05-30 03:07:38.544 10 INFO neutron.api.wsgi [None req-bf3acf04-cbc9-4268-99e3-6f6d0195fca0 dfb2bcd4fa744f3986d2ad3dfd6e0e47 b540342099b442c8b1582fd2ff09581b - - default default] 10.0.0.50 "POST /v2.0/networks HTTP/1.1" status: 201 len: 846 time: 0.9405820
2026-05-30 03:07:38.880 9 INFO neutron.api.wsgi [None req-8a0eb3dd-2805-41bd-b6cf-c7292e89d4cc e454212e95dd40d5983802b6cc6c0ced 8bb4777ca0f64815b5b7c055203d0b2e - - default default] 10.0.0.50 "DELETE /v2.0/routers/18b1f135-99ed-43f5-a68e-e56f160d01e8 HTTP/1.1" status: 204 len: 168 time: 1.1292312
2026-05-30 03:07:38.911 9 INFO neutron.api.wsgi [None req-93419da8-e898-4e56-960a-8050df60b42e e454212e95dd40d5983802b6cc6c0ced 8bb4777ca0f64815b5b7c055203d0b2e - - default default] 10.0.0.50 "GET /v2.0/ports?device_id=18b1f135-99ed-43f5-a68e-e56f160d01e8 HTTP/1.1" status: 200 len: 205 time: 0.0202122
2026-05-30 03:07:38.935 9 INFO neutron.api.v2.resource [None req-eea14c7f-043c-4214-bf4b-98436fa36118 e454212e95dd40d5983802b6cc6c0ced 8bb4777ca0f64815b5b7c055203d0b2e - - default default] delete failed (client error): The resource could not be found.
2026-05-30 03:07:38.937 9 INFO neutron.api.wsgi [None req-eea14c7f-043c-4214-bf4b-98436fa36118 e454212e95dd40d5983802b6cc6c0ced 8bb4777ca0f64815b5b7c055203d0b2e - - default default] 10.0.0.50 "DELETE /v2.0/routers/18b1f135-99ed-43f5-a68e-e56f160d01e8 HTTP/1.1" status: 404 len: 336 time: 0.0212910
2026-05-30 03:07:38.962 9 INFO neutron.api.wsgi [None req-c78ff9ea-0890-47e1-b35f-9b2d55a0099f e454212e95dd40d5983802b6cc6c0ced 8bb4777ca0f64815b5b7c055203d0b2e - - default default] 10.0.0.50 "GET /v2.0/ports?device_id=894dbd5b-66be-4729-8cf3-422c6e3d6292 HTTP/1.1" status: 200 len: 205 time: 0.0198541
2026-05-30 03:07:38.988 9 INFO neutron.api.v2.resource [None req-8cc29c91-acb5-41b1-abe7-2b9fa08b9139 e454212e95dd40d5983802b6cc6c0ced 8bb4777ca0f64815b5b7c055203d0b2e - - default default] delete failed (client error): The resource could not be found.
2026-05-30 03:07:38.989 9 INFO neutron.api.wsgi [None req-8cc29c91-acb5-41b1-abe7-2b9fa08b9139 e454212e95dd40d5983802b6cc6c0ced 8bb4777ca0f64815b5b7c055203d0b2e - - default default] 10.0.0.50 "DELETE /v2.0/routers/894dbd5b-66be-4729-8cf3-422c6e3d6292 HTTP/1.1" status: 404 len: 336 time: 0.0213659
2026-05-30 03:07:39.006 9 INFO neutron.pecan_wsgi.hooks.translation [None req-ecbeebcf-4c64-4dea-ba9c-919cd2e1d115 e454212e95dd40d5983802b6cc6c0ced 8bb4777ca0f64815b5b7c055203d0b2e - - default default] DELETE failed (client error): The resource could not be found.
2026-05-30 03:07:39.008 9 INFO neutron.api.wsgi [None req-ecbeebcf-4c64-4dea-ba9c-919cd2e1d115 e454212e95dd40d5983802b6cc6c0ced 8bb4777ca0f64815b5b7c055203d0b2e - - default default] 10.0.0.50 "DELETE /v2.0/subnets/b7afaed7-84d2-4cf2-93c7-9a65ce719ce4 HTTP/1.1" status: 404 len: 337 time: 0.0149212
2026-05-30 03:07:39.033 9 INFO neutron.api.wsgi [None req-e623bf4d-33bd-419e-87d0-f7d052ee1a49 e454212e95dd40d5983802b6cc6c0ced 8bb4777ca0f64815b5b7c055203d0b2e - - default default] 10.0.0.50 "GET /v2.0/ports?device_id=4b222d97-d5d8-468b-8f88-3b2399b92d6b HTTP/1.1" status: 200 len: 205 time: 0.0194349
2026-05-30 03:07:39.054 9 INFO neutron.api.v2.resource [None req-46278a5d-90e8-4bc2-af33-aa17dcc19f27 e454212e95dd40d5983802b6cc6c0ced 8bb4777ca0f64815b5b7c055203d0b2e - - default default] delete failed (client error): The resource could not be found.
2026-05-30 03:07:39.055 9 INFO neutron.api.wsgi [None req-46278a5d-90e8-4bc2-af33-aa17dcc19f27 e454212e95dd40d5983802b6cc6c0ced 8bb4777ca0f64815b5b7c055203d0b2e - - default default] 10.0.0.50 "DELETE /v2.0/routers/4b222d97-d5d8-468b-8f88-3b2399b92d6b HTTP/1.1" status: 404 len: 336 time: 0.0174489
2026-05-30 03:07:39.074 9 INFO neutron.pecan_wsgi.hooks.translation [None req-fa41cd23-9a72-447a-947a-a60eb98a6747 e454212e95dd40d5983802b6cc6c0ced 8bb4777ca0f64815b5b7c055203d0b2e - - default default] DELETE failed (client error): The resource could not be found.
2026-05-30 03:07:39.077 9 INFO neutron.api.wsgi [None req-fa41cd23-9a72-447a-947a-a60eb98a6747 e454212e95dd40d5983802b6cc6c0ced 8bb4777ca0f64815b5b7c055203d0b2e - - default default] 10.0.0.50 "DELETE /v2.0/subnets/2b3394e6-9c1d-46da-bf43-7305f78716c2 HTTP/1.1" status: 404 len: 337 time: 0.0164061
2026-05-30 03:07:39.105 9 INFO neutron.api.wsgi [None req-03120901-9380-45c6-a204-c8f383570b3f e454212e95dd40d5983802b6cc6c0ced 8bb4777ca0f64815b5b7c055203d0b2e - - default default] 10.0.0.50 "GET /v2.0/ports?device_id=2b75cc4c-10c1-474e-ac15-1750d49af0e8 HTTP/1.1" status: 200 len: 205 time: 0.0218980
2026-05-30 03:07:39.130 9 INFO neutron.api.v2.resource [None req-e3b1f60f-f604-4ac1-9df8-72bbeffe3cd7 e454212e95dd40d5983802b6cc6c0ced 8bb4777ca0f64815b5b7c055203d0b2e - - default default] delete failed (client error): The resource could not be found.
2026-05-30 03:07:39.130 10 WARNING neutron_lib.context [None req-71525596-427f-4108-aa86-ef08920fd9b3 dfb2bcd4fa744f3986d2ad3dfd6e0e47 b540342099b442c8b1582fd2ff09581b - - default default] Method 'is_advsvc' is deprecated since 2023.2 release (neutron-lib 3.8.0) and will be removed once support for the old RBAC API policies will be removed from Neutron. Please use method 'is_service_role' instead.
2026-05-30 03:07:39.131 9 INFO neutron.api.wsgi [None req-e3b1f60f-f604-4ac1-9df8-72bbeffe3cd7 e454212e95dd40d5983802b6cc6c0ced 8bb4777ca0f64815b5b7c055203d0b2e - - default default] 10.0.0.50 "DELETE /v2.0/routers/2b75cc4c-10c1-474e-ac15-1750d49af0e8 HTTP/1.1" status: 404 len: 336 time: 0.0224781
2026-05-30 03:07:39.155 9 INFO neutron.pecan_wsgi.hooks.translation [None req-93c98b76-ce03-4b98-b836-0df18554010e e454212e95dd40d5983802b6cc6c0ced 8bb4777ca0f64815b5b7c055203d0b2e - - default default] DELETE failed (client error): The resource could not be found.
2026-05-30 03:07:39.160 9 INFO neutron.api.wsgi [None req-93c98b76-ce03-4b98-b836-0df18554010e e454212e95dd40d5983802b6cc6c0ced 8bb4777ca0f64815b5b7c055203d0b2e - - default default] 10.0.0.50 "DELETE /v2.0/subnets/ad916957-4a1e-4368-b6bc-b6d46d7852f3 HTTP/1.1" status: 404 len: 337 time: 0.0237055
2026-05-30 03:07:39.178 9 INFO neutron.pecan_wsgi.hooks.translation [None req-40cb2da2-434c-4785-a5ca-58d7a62aaa3e e454212e95dd40d5983802b6cc6c0ced 8bb4777ca0f64815b5b7c055203d0b2e - - default default] DELETE failed (client error): The resource could not be found.
2026-05-30 03:07:39.180 9 INFO neutron.api.wsgi [None req-40cb2da2-434c-4785-a5ca-58d7a62aaa3e e454212e95dd40d5983802b6cc6c0ced 8bb4777ca0f64815b5b7c055203d0b2e - - default default] 10.0.0.50 "DELETE /v2.0/subnets/248025b8-febe-4090-9724-b5c7784e232a HTTP/1.1" status: 404 len: 337 time: 0.0138178
2026-05-30 03:07:39.368 10 WARNING neutron.scheduler.dhcp_agent_scheduler [None req-71525596-427f-4108-aa86-ef08920fd9b3 dfb2bcd4fa744f3986d2ad3dfd6e0e47 b540342099b442c8b1582fd2ff09581b - - default default] No more DHCP agents
2026-05-30 03:07:39.369 10 WARNING neutron.api.rpc.agentnotifiers.dhcp_rpc_agent_api [None req-71525596-427f-4108-aa86-ef08920fd9b3 dfb2bcd4fa744f3986d2ad3dfd6e0e47 b540342099b442c8b1582fd2ff09581b - - default default] Unable to schedule network 5af0a151-46ee-4dec-a988-b423ebc4dc7c: no agents available; will retry on subsequent port and subnet creation events.
2026-05-30 03:07:39.398 10 INFO neutron.db.ovn_revision_numbers_db [None req-71525596-427f-4108-aa86-ef08920fd9b3 dfb2bcd4fa744f3986d2ad3dfd6e0e47 b540342099b442c8b1582fd2ff09581b - - default default] Successfully bumped revision number for resource 6433f79f-5099-4c8a-aaa1-4f7834300485 (type: subnets) to 0
2026-05-30 03:07:39.412 10 INFO neutron.api.wsgi [None req-71525596-427f-4108-aa86-ef08920fd9b3 dfb2bcd4fa744f3986d2ad3dfd6e0e47 b540342099b442c8b1582fd2ff09581b - - default default] 10.0.0.50 "POST /v2.0/subnets HTTP/1.1" status: 201 len: 872 time: 0.2888191
2026-05-30 03:07:39.421 10 WARNING neutron_lib.context [None req-429d64f9-ad3d-46e7-b56a-da0e3d7d8b02 dfb2bcd4fa744f3986d2ad3dfd6e0e47 b540342099b442c8b1582fd2ff09581b - - default default] Method 'is_advsvc' is deprecated since 2023.2 release (neutron-lib 3.8.0) and will be removed once support for the old RBAC API policies will be removed from Neutron. Please use method 'is_service_role' instead.
2026-05-30 03:07:39.534 10 INFO neutron.db.segments_db [None req-429d64f9-ad3d-46e7-b56a-da0e3d7d8b02 dfb2bcd4fa744f3986d2ad3dfd6e0e47 b540342099b442c8b1582fd2ff09581b - - default default] Added segment 3fdddf64-18a0-4528-b2ae-5b9afec3757a of type geneve for network a7e7868a-08a5-4ae7-9fda-ae4ca2a3477c
2026-05-30 03:07:39.660 10 INFO neutron.db.ovn_revision_numbers_db [None req-429d64f9-ad3d-46e7-b56a-da0e3d7d8b02 dfb2bcd4fa744f3986d2ad3dfd6e0e47 b540342099b442c8b1582fd2ff09581b - - default default] Successfully bumped revision number for resource a7e7868a-08a5-4ae7-9fda-ae4ca2a3477c (type: networks) to 1
2026-05-30 03:07:39.872 10 INFO neutron.api.wsgi [None req-c3d2a921-3e08-465f-93e7-bdd09a85e64e 5b269b93c6fd4a6f8021a4e0ea1fed9b 67ae0794042149f4a396eb9cd2d12b7e - - default default] 10.0.0.50 "GET /v2.0/security-groups?tenant_id=8bb4777ca0f64815b5b7c055203d0b2e&name=default HTTP/1.1" status: 200 len: 3120 time: 0.1468647
2026-05-30 03:07:39.886 9 WARNING neutron.plugins.ml2.drivers.ovn.mech_driver.ovsdb.ovn_client [None req-689204dc-76f0-42d3-8b57-e981f9ff57e3 - - - - - -] No port found with ID b6434a61-4a4a-42f4-9967-416f0b7a635f: RuntimeError: No port found with ID b6434a61-4a4a-42f4-9967-416f0b7a635f
2026-05-30 03:07:39.887 9 INFO neutron.plugins.ml2.drivers.ovn.mech_driver.mech_driver [None req-689204dc-76f0-42d3-8b57-e981f9ff57e3 - - - - - -] OVN reports status up for port: 5cbc4b8e-5c29-4d01-85fb-559f6e2d5904
2026-05-30 03:07:39.900 10 WARNING neutron.scheduler.dhcp_agent_scheduler [None req-429d64f9-ad3d-46e7-b56a-da0e3d7d8b02 dfb2bcd4fa744f3986d2ad3dfd6e0e47 b540342099b442c8b1582fd2ff09581b - - default default] No more DHCP agents
2026-05-30 03:07:39.900 9 INFO neutron.plugins.ml2.plugin [None req-689204dc-76f0-42d3-8b57-e981f9ff57e3 - - - - - -] Attempt 1 to provision port 5cbc4b8e-5c29-4d01-85fb-559f6e2d5904
2026-05-30 03:07:39.901 10 WARNING neutron.api.rpc.agentnotifiers.dhcp_rpc_agent_api [None req-429d64f9-ad3d-46e7-b56a-da0e3d7d8b02 dfb2bcd4fa744f3986d2ad3dfd6e0e47 b540342099b442c8b1582fd2ff09581b - - default default] Unable to schedule network a7e7868a-08a5-4ae7-9fda-ae4ca2a3477c: no agents available; will retry on subsequent port and subnet creation events.
2026-05-30 03:07:39.971 10 INFO neutron.db.ovn_revision_numbers_db [None req-429d64f9-ad3d-46e7-b56a-da0e3d7d8b02 dfb2bcd4fa744f3986d2ad3dfd6e0e47 b540342099b442c8b1582fd2ff09581b - - default default] Successfully bumped revision number for resource 15e1a500-697a-4bb3-ba97-c505107504ab (type: ports) to 1
2026-05-30 03:07:39.990 10 INFO neutron.api.wsgi [None req-429d64f9-ad3d-46e7-b56a-da0e3d7d8b02 dfb2bcd4fa744f3986d2ad3dfd6e0e47 b540342099b442c8b1582fd2ff09581b - - default default] 10.0.0.50 "POST /v2.0/networks HTTP/1.1" status: 201 len: 847 time: 0.5726857
2026-05-30 03:07:40.070 9 INFO neutron.notifiers.nova [-] Nova event matching ['req-38207eb0-1634-438b-8d6b-2c294d88919f'] response: {'server_uuid': 'e36a332a-7bf9-426b-8771-53a2b01d420b', 'name': 'network-vif-plugged', 'status': 'completed', 'tag': '5cbc4b8e-5c29-4d01-85fb-559f6e2d5904', 'code': 200}
2026-05-30 03:07:40.145 9 INFO neutron.api.wsgi [None req-fb9536bd-31f1-4a80-a509-91c88387d016 5b269b93c6fd4a6f8021a4e0ea1fed9b 67ae0794042149f4a396eb9cd2d12b7e - - default default] 10.0.0.50 "DELETE /v2.0/security-groups/21ac1849-ef52-48a0-a669-0297596c43f7 HTTP/1.1" status: 204 len: 168 time: 0.2644458
2026-05-30 03:07:40.183 9 INFO neutron.db.ovn_revision_numbers_db [None req-689204dc-76f0-42d3-8b57-e981f9ff57e3 - - - - - -] Successfully bumped revision number for resource 5cbc4b8e-5c29-4d01-85fb-559f6e2d5904 (type: ports) to 7
2026-05-30 03:07:40.184 10 INFO neutron.db.ovn_revision_numbers_db [None req-92a5c4e6-fc53-49ed-bbef-ef3112d24008 dfb2bcd4fa744f3986d2ad3dfd6e0e47 b540342099b442c8b1582fd2ff09581b - - default default] Successfully bumped revision number for resource a7e7868a-08a5-4ae7-9fda-ae4ca2a3477c (type: networks) to 2
2026-05-30 03:07:40.189 10 INFO neutron.api.wsgi [None req-92a5c4e6-fc53-49ed-bbef-ef3112d24008 dfb2bcd4fa744f3986d2ad3dfd6e0e47 b540342099b442c8b1582fd2ff09581b - - default default] 10.0.0.50 "PUT /v2.0/networks/a7e7868a-08a5-4ae7-9fda-ae4ca2a3477c HTTP/1.1" status: 200 len: 792 time: 0.1937058
2026-05-30 03:07:40.200 10 WARNING neutron_lib.context [None req-51595064-979c-4470-b52d-f9c1ce8f6993 dfb2bcd4fa744f3986d2ad3dfd6e0e47 b540342099b442c8b1582fd2ff09581b - - default default] Method 'is_advsvc' is deprecated since 2023.2 release (neutron-lib 3.8.0) and will be removed once support for the old RBAC API policies will be removed from Neutron. Please use method 'is_service_role' instead.
2026-05-30 03:07:40.403 10 WARNING neutron.scheduler.dhcp_agent_scheduler [None req-51595064-979c-4470-b52d-f9c1ce8f6993 dfb2bcd4fa744f3986d2ad3dfd6e0e47 b540342099b442c8b1582fd2ff09581b - - default default] No more DHCP agents
2026-05-30 03:07:40.404 10 WARNING neutron.api.rpc.agentnotifiers.dhcp_rpc_agent_api [None req-51595064-979c-4470-b52d-f9c1ce8f6993 dfb2bcd4fa744f3986d2ad3dfd6e0e47 b540342099b442c8b1582fd2ff09581b - - default default] Unable to schedule network a7e7868a-08a5-4ae7-9fda-ae4ca2a3477c: no agents available; will retry on subsequent port and subnet creation events.
2026-05-30 03:07:40.436 10 INFO neutron.db.ovn_revision_numbers_db [None req-51595064-979c-4470-b52d-f9c1ce8f6993 dfb2bcd4fa744f3986d2ad3dfd6e0e47 b540342099b442c8b1582fd2ff09581b - - default default] Successfully bumped revision number for resource 2b5a3169-c73d-48f8-87c7-acf6ae426840 (type: subnets) to 0
2026-05-30 03:07:40.454 10 INFO neutron.api.wsgi [None req-51595064-979c-4470-b52d-f9c1ce8f6993 dfb2bcd4fa744f3986d2ad3dfd6e0e47 b540342099b442c8b1582fd2ff09581b - - default default] 10.0.0.50 "POST /v2.0/subnets HTTP/1.1" status: 201 len: 845 time: 0.2588723
2026-05-30 03:07:41.077 10 INFO neutron.db.ovn_revision_numbers_db [None req-6ddd6b4f-d44e-4012-ae40-39496a2667f4 - - - - - -] Successfully bumped revision number for resource 15e1a500-697a-4bb3-ba97-c505107504ab (type: ports) to 2
2026-05-30 03:07:41.113 10 INFO neutron.db.ovn_revision_numbers_db [None req-6ddd6b4f-d44e-4012-ae40-39496a2667f4 - - - - - -] Successfully bumped revision number for resource 2b5a3169-c73d-48f8-87c7-acf6ae426840 (type: subnets) to 1
2026-05-30 03:07:41.116 10 INFO neutron.api.wsgi [None req-caadffc4-566c-4ec3-9687-6ac392a77c1c dfb2bcd4fa744f3986d2ad3dfd6e0e47 b540342099b442c8b1582fd2ff09581b - - default default] 10.0.0.50 "PUT /v2.0/subnets/2b5a3169-c73d-48f8-87c7-acf6ae426840 HTTP/1.1" status: 200 len: 850 time: 0.6548007
2026-05-30 03:07:41.549 10 INFO neutron.services.segments.plugin [-] Segment 3fdddf64-18a0-4528-b2ae-5b9afec3757a resource provider aggregate not found
2026-05-30 03:07:41.553 10 INFO neutron.services.segments.plugin [-] Segment 3fdddf64-18a0-4528-b2ae-5b9afec3757a resource provider aggregate not found
2026-05-30 03:07:41.558 10 INFO neutron.services.segments.plugin [-] Segment 3fdddf64-18a0-4528-b2ae-5b9afec3757a resource provider not found; error: Placement Client Error (4xx): {"errors": [{"status": 404, "title": "Not Found", "detail": "The resource could not be found.\n\n No resource provider with uuid 3fdddf64-18a0-4528-b2ae-5b9afec3757a found for delete ", "request_id": "req-08e82bdc-1e7b-454a-9c6f-bbd897320a76"}]}
2026-05-30 03:07:41.567 10 INFO neutron.services.segments.plugin [-] Segment 3fdddf64-18a0-4528-b2ae-5b9afec3757a resource provider not found; error: Placement Client Error (4xx): {"errors": [{"status": 404, "title": "Not Found", "detail": "The resource could not be found.\n\n No resource provider with uuid 3fdddf64-18a0-4528-b2ae-5b9afec3757a found for delete ", "request_id": "req-93833d94-ee4d-4e67-ba2f-2478938ff6c0"}]}
2026-05-30 03:07:41.589 10 INFO neutron.api.wsgi [None req-98d129ca-5310-4bec-a422-26892143d2af dfb2bcd4fa744f3986d2ad3dfd6e0e47 b540342099b442c8b1582fd2ff09581b - - default default] 10.0.0.50 "DELETE /v2.0/networks/a7e7868a-08a5-4ae7-9fda-ae4ca2a3477c HTTP/1.1" status: 204 len: 168 time: 0.4652796
2026-05-30 03:07:41.609 10 INFO neutron.pecan_wsgi.hooks.translation [None req-b728c727-59d1-409e-995d-876a04447f9b dfb2bcd4fa744f3986d2ad3dfd6e0e47 b540342099b442c8b1582fd2ff09581b - - default default] DELETE failed (client error): The resource could not be found.
2026-05-30 03:07:41.615 10 INFO neutron.api.wsgi [None req-b728c727-59d1-409e-995d-876a04447f9b dfb2bcd4fa744f3986d2ad3dfd6e0e47 b540342099b442c8b1582fd2ff09581b - - default default] 10.0.0.50 "DELETE /v2.0/networks/a7e7868a-08a5-4ae7-9fda-ae4ca2a3477c HTTP/1.1" status: 404 len: 339 time: 0.0208933
2026-05-30 03:07:41.687 10 INFO neutron.api.wsgi [None req-3f45638d-8068-4247-b63b-42cbb21b1a13 dfb2bcd4fa744f3986d2ad3dfd6e0e47 b540342099b442c8b1582fd2ff09581b - - default default] 10.0.0.50 "GET /v2.0/networks?router%3Aexternal=True HTTP/1.1" status: 200 len: 845 time: 0.0647805
2026-05-30 03:07:41.731 10 INFO neutron.api.wsgi [None req-fb85432c-1362-4319-aaf3-b3dfd4d063a5 dfb2bcd4fa744f3986d2ad3dfd6e0e47 b540342099b442c8b1582fd2ff09581b - - default default] 10.0.0.50 "GET /v2.0/subnets?network_id=c95f1c1d-e5a6-4c19-9afd-aff0bb985712 HTTP/1.1" status: 200 len: 843 time: 0.0391996
2026-05-30 03:07:41.740 10 INFO neutron.api.wsgi [None req-08f9e64e-e9b8-4167-8ea1-305af244ca7e dfb2bcd4fa744f3986d2ad3dfd6e0e47 b540342099b442c8b1582fd2ff09581b - - default default] 10.0.0.50 "GET /v2.0/extensions HTTP/1.1" status: 200 len: 19293 time: 0.0053346 /var/lib/openstack/lib/python3.12/site-packages/pycadf/identifier.py:71: UserWarning: Invalid uuid: neutron. To ensure interoperability, identifiers should be a valid uuid. warnings.warn(('Invalid uuid: %s. To ensure interoperability, '
2026-05-30 03:07:41.819 9 INFO neutron.api.wsgi [None req-3dd97aa8-76cb-4a05-927c-f742a53ae225 dfb2bcd4fa744f3986d2ad3dfd6e0e47 b540342099b442c8b1582fd2ff09581b - - default default] 10.0.0.50 "GET /v2.0/networks HTTP/1.1" status: 200 len: 1507 time: 0.0695548
2026-05-30 03:07:41.859 9 INFO neutron.api.wsgi [None req-d22588cc-1875-4212-afd2-86f41639d1e3 dfb2bcd4fa744f3986d2ad3dfd6e0e47 b540342099b442c8b1582fd2ff09581b - - default default] 10.0.0.50 "GET /v2.0/subnets HTTP/1.1" status: 200 len: 1507 time: 0.0343037
2026-05-30 03:07:41.921 10 INFO neutron.api.wsgi [None req-b96e1f0f-eb8a-4116-a384-234221580c2d dfb2bcd4fa744f3986d2ad3dfd6e0e47 b540342099b442c8b1582fd2ff09581b - - default default] 10.0.0.50 "GET /v2.0/networks/5af0a151-46ee-4dec-a988-b423ebc4dc7c HTTP/1.1" status: 200 len: 866 time: 0.0556335
2026-05-30 03:07:41.954 10 INFO neutron.api.wsgi [None req-8cce31f6-3a74-4995-9921-33a122139b28 dfb2bcd4fa744f3986d2ad3dfd6e0e47 b540342099b442c8b1582fd2ff09581b - - default default] 10.0.0.50 "GET /v2.0/subnets/6433f79f-5099-4c8a-aaa1-4f7834300485 HTTP/1.1" status: 200 len: 867 time: 0.0265174
2026-05-30 03:07:41.974 10 INFO neutron.pecan_wsgi.hooks.translation [None req-d1d6a993-f149-4774-a220-422dde1f3746 dfb2bcd4fa744f3986d2ad3dfd6e0e47 b540342099b442c8b1582fd2ff09581b - - default default] DELETE failed (client error): The resource could not be found.
2026-05-30 03:07:41.977 10 INFO neutron.api.wsgi [None req-d1d6a993-f149-4774-a220-422dde1f3746 dfb2bcd4fa744f3986d2ad3dfd6e0e47 b540342099b442c8b1582fd2ff09581b - - default default] 10.0.0.50 "DELETE /v2.0/subnets/2b5a3169-c73d-48f8-87c7-acf6ae426840 HTTP/1.1" status: 404 len: 337 time: 0.0157602
2026-05-30 03:07:42.003 9 INFO neutron.pecan_wsgi.hooks.translation [None req-236d8fc5-1467-4a29-a256-0cd95270eedc dfb2bcd4fa744f3986d2ad3dfd6e0e47 b540342099b442c8b1582fd2ff09581b - - default default] DELETE failed (client error): The resource could not be found.
2026-05-30 03:07:42.007 9 INFO neutron.api.wsgi [None req-236d8fc5-1467-4a29-a256-0cd95270eedc dfb2bcd4fa744f3986d2ad3dfd6e0e47 b540342099b442c8b1582fd2ff09581b - - default default] 10.0.0.50 "DELETE /v2.0/networks/a7e7868a-08a5-4ae7-9fda-ae4ca2a3477c HTTP/1.1" status: 404 len: 339 time: 0.0227673
2026-05-30 03:07:42.108 9 INFO neutron.notifiers.nova [-] Nova event matching ['req-12545a0b-439b-4235-9b2c-15425f5b2143'] response: {'server_uuid': 'e36a332a-7bf9-426b-8771-53a2b01d420b', 'name': 'network-vif-plugged', 'status': 'completed', 'tag': '5cbc4b8e-5c29-4d01-85fb-559f6e2d5904', 'code': 200}
2026-05-30 03:07:42.136 10 WARNING neutron.plugins.ml2.drivers.ovn.mech_driver.ovsdb.ovn_client [None req-0416b76e-0cfa-47e8-930c-7bbed3e3d25f - - - - - -] No port found with ID 45ffc928-55f2-48e4-8789-5454e16611cb: RuntimeError: No port found with ID 45ffc928-55f2-48e4-8789-5454e16611cb
2026-05-30 03:07:42.184 9 INFO neutron.api.wsgi [None req-ead92b8a-049a-4cd3-808c-12a4abe251c7 dfb2bcd4fa744f3986d2ad3dfd6e0e47 b540342099b442c8b1582fd2ff09581b - - default default] 10.0.0.50 "DELETE /v2.0/subnets/6433f79f-5099-4c8a-aaa1-4f7834300485 HTTP/1.1" status: 204 len: 168 time: 0.1719139
2026-05-30 03:07:42.555 9 INFO neutron.services.segments.plugin [-] Segment 829790ae-1d64-4fff-a6de-490099a97ed2 resource provider aggregate not found
2026-05-30 03:07:42.563 9 INFO neutron.services.segments.plugin [-] Segment 829790ae-1d64-4fff-a6de-490099a97ed2 resource provider aggregate not found
2026-05-30 03:07:42.581 9 INFO neutron.services.segments.plugin [-] Segment 829790ae-1d64-4fff-a6de-490099a97ed2 resource provider not found; error: Placement Client Error (4xx): {"errors": [{"status": 404, "title": "Not Found", "detail": "The resource could not be found.\n\n No resource provider with uuid 829790ae-1d64-4fff-a6de-490099a97ed2 found for delete ", "request_id": "req-ca4c6fdc-70e5-40f6-b59d-17e3a1847bc2"}]}
2026-05-30 03:07:42.588 9 INFO neutron.services.segments.plugin [-] Segment 829790ae-1d64-4fff-a6de-490099a97ed2 resource provider not found; error: Placement Client Error (4xx): {"errors": [{"status": 404, "title": "Not Found", "detail": "The resource could not be found.\n\n No resource provider with uuid 829790ae-1d64-4fff-a6de-490099a97ed2 found for delete ", "request_id": "req-542a22ac-4443-4193-91b6-10e1a2155eb8"}]}
2026-05-30 03:07:42.620 9 INFO neutron.api.wsgi [None req-0e24b81f-63f3-4c78-bb08-97b2234501f6 dfb2bcd4fa744f3986d2ad3dfd6e0e47 b540342099b442c8b1582fd2ff09581b - - default default] 10.0.0.50 "DELETE /v2.0/networks/5af0a151-46ee-4dec-a988-b423ebc4dc7c HTTP/1.1" status: 204 len: 168 time: 0.4319601
2026-05-30 03:07:43.371 10 INFO neutron.api.wsgi [None req-b5b6bcc5-5c18-403a-9e30-dc46b8a2f40d 5b269b93c6fd4a6f8021a4e0ea1fed9b 67ae0794042149f4a396eb9cd2d12b7e - - default default] 10.0.0.50 "GET /v2.0/security-groups?tenant_id=b540342099b442c8b1582fd2ff09581b&name=default HTTP/1.1" status: 200 len: 3120 time: 0.1834173
2026-05-30 03:07:43.584 10 INFO neutron.api.wsgi [None req-4c30287c-5de0-456d-81d4-5f79a2935ee8 5b269b93c6fd4a6f8021a4e0ea1fed9b 67ae0794042149f4a396eb9cd2d12b7e - - default default] 10.0.0.50 "DELETE /v2.0/security-groups/157a20f9-2182-4875-8a67-1437b3af67e4 HTTP/1.1" status: 204 len: 168 time: 0.2056122
2026-05-30 03:07:43.711 9 INFO neutron.api.wsgi [req-a2e70cc0-30be-4de7-98b3-34627ec13d4c req-2d0d0ea1-c72b-4ee8-b891-34923a89b7a2 de22f10b7bce4dfdb31f2e95203cc9dc d696a7b8475b47d98a1dd2dcf2879aab - - 540244188f344bb38ea18e82208c5849 540244188f344bb38ea18e82208c5849] 199.204.45.72 "GET /v2.0/ports?device_id=e36a332a-7bf9-426b-8771-53a2b01d420b&fields=binding%3Ahost_id&fields=binding%3Avif_type HTTP/1.1" status: 200 len: 265 time: 0.0599563
2026-05-30 03:07:44.004 10 INFO neutron.db.ovn_revision_numbers_db [None req-754fdcdf-2f17-470e-9ec0-08248ed13237 5b269b93c6fd4a6f8021a4e0ea1fed9b 67ae0794042149f4a396eb9cd2d12b7e - - default default] Successfully bumped revision number for resource c32d13ca-fbe0-4506-9e5b-6b21df0103ee (type: security_groups) to 1
2026-05-30 03:07:44.023 10 INFO neutron.db.ovn_revision_numbers_db [None req-754fdcdf-2f17-470e-9ec0-08248ed13237 5b269b93c6fd4a6f8021a4e0ea1fed9b 67ae0794042149f4a396eb9cd2d12b7e - - default default] Successfully bumped revision number for resource 7318cbf1-365e-448c-807b-b679e4e395f6 (type: security_group_rules) to 0
2026-05-30 03:07:44.038 10 INFO neutron.db.ovn_revision_numbers_db [None req-754fdcdf-2f17-470e-9ec0-08248ed13237 5b269b93c6fd4a6f8021a4e0ea1fed9b 67ae0794042149f4a396eb9cd2d12b7e - - default default] Successfully bumped revision number for resource 83d91b48-c29d-4715-8bbd-bf81df46443b (type: security_group_rules) to 0
2026-05-30 03:07:44.053 10 INFO neutron.db.ovn_revision_numbers_db [None req-754fdcdf-2f17-470e-9ec0-08248ed13237 5b269b93c6fd4a6f8021a4e0ea1fed9b 67ae0794042149f4a396eb9cd2d12b7e - - default default] Successfully bumped revision number for resource 88f26d6a-630b-416b-970b-0550d8cbafb5 (type: security_group_rules) to 0
2026-05-30 03:07:44.066 10 INFO neutron.db.ovn_revision_numbers_db [None req-754fdcdf-2f17-470e-9ec0-08248ed13237 5b269b93c6fd4a6f8021a4e0ea1fed9b 67ae0794042149f4a396eb9cd2d12b7e - - default default] Successfully bumped revision number for resource deabd715-c3df-454e-b4ee-13ba811440e7 (type: security_group_rules) to 0
2026-05-30 03:07:44.118 10 INFO neutron.api.wsgi [None req-754fdcdf-2f17-470e-9ec0-08248ed13237 5b269b93c6fd4a6f8021a4e0ea1fed9b 67ae0794042149f4a396eb9cd2d12b7e - - default default] 10.0.0.50 "GET /v2.0/security-groups?tenant_id=bc6143b63b51456e8ae0b7ca3af2e556&name=default HTTP/1.1" status: 200 len: 3120 time: 0.4352539
2026-05-30 03:07:44.350 9 INFO neutron.api.wsgi [None req-557aa0ab-dc15-49b3-a179-41698edd625d 5b269b93c6fd4a6f8021a4e0ea1fed9b 67ae0794042149f4a396eb9cd2d12b7e - - default default] 10.0.0.50 "DELETE /v2.0/security-groups/c32d13ca-fbe0-4506-9e5b-6b21df0103ee HTTP/1.1" status: 204 len: 168 time: 0.2258532
2026-05-30 03:07:44.699 10 INFO neutron.api.wsgi [req-87e0cec0-3342-462f-b490-c7291a8fcf81 req-f995df61-ab34-45e3-9cb1-d23b23e1161f de22f10b7bce4dfdb31f2e95203cc9dc d696a7b8475b47d98a1dd2dcf2879aab - - 540244188f344bb38ea18e82208c5849 540244188f344bb38ea18e82208c5849] 10.0.0.141 "GET /v2.0/ports?device_id=e36a332a-7bf9-426b-8771-53a2b01d420b HTTP/1.1" status: 200 len: 1413 time: 0.0400600
2026-05-30 03:07:44.749 10 INFO neutron.api.wsgi [req-87e0cec0-3342-462f-b490-c7291a8fcf81 req-bf2e2626-170c-409a-8c44-92bcf216c56a de22f10b7bce4dfdb31f2e95203cc9dc d696a7b8475b47d98a1dd2dcf2879aab - - 540244188f344bb38ea18e82208c5849 540244188f344bb38ea18e82208c5849] 10.0.0.141 "GET /v2.0/security-groups?id=0ee5daa9-6723-444d-96f4-fd9776c91fec&fields=id&fields=name HTTP/1.1" status: 200 len: 313 time: 0.0426416
2026-05-30 03:07:44.787 9 INFO neutron.api.wsgi [req-a2e70cc0-30be-4de7-98b3-34627ec13d4c req-950fedcb-a266-48c0-9e8e-bd7c7ed8c119 de22f10b7bce4dfdb31f2e95203cc9dc d696a7b8475b47d98a1dd2dcf2879aab - - 540244188f344bb38ea18e82208c5849 540244188f344bb38ea18e82208c5849] 199.204.45.72 "GET /v2.0/ports?tenant_id=0d1e6166294741259a78c4fec6748a65&device_id=e36a332a-7bf9-426b-8771-53a2b01d420b HTTP/1.1" status: 200 len: 1413 time: 0.0544922
2026-05-30 03:07:45.214 9 INFO neutron.api.wsgi [-] 10.0.0.122 "GET / HTTP/1.1" status: 200 len: 247 time: 0.0020483
2026-05-30 03:07:45.216 9 INFO neutron.api.wsgi [-] 10.0.0.122 "GET / HTTP/1.1" status: 200 len: 247 time: 0.0013845
2026-05-30 03:07:45.357 9 INFO neutron.api.wsgi [req-a2e70cc0-30be-4de7-98b3-34627ec13d4c req-24f6c90b-221d-42cc-ab54-1fa6bd0047f3 de22f10b7bce4dfdb31f2e95203cc9dc d696a7b8475b47d98a1dd2dcf2879aab - - 540244188f344bb38ea18e82208c5849 540244188f344bb38ea18e82208c5849] 199.204.45.72 "GET /v2.0/networks?id=1e4bef1b-6122-48e7-a935-b6204a371354 HTTP/1.1" status: 200 len: 974 time: 0.0603752
2026-05-30 03:07:45.411 9 INFO neutron.api.wsgi [req-a2e70cc0-30be-4de7-98b3-34627ec13d4c req-5b0f602f-13e8-48a7-947c-a0677c167452 de22f10b7bce4dfdb31f2e95203cc9dc d696a7b8475b47d98a1dd2dcf2879aab - - 540244188f344bb38ea18e82208c5849 540244188f344bb38ea18e82208c5849] 199.204.45.72 "GET /v2.0/floatingips?fixed_ip_address=10.100.0.13&port_id=5cbc4b8e-5c29-4d01-85fb-559f6e2d5904 HTTP/1.1" status: 200 len: 1060 time: 0.0457137
2026-05-30 03:07:45.445 9 INFO neutron.api.wsgi [req-a2e70cc0-30be-4de7-98b3-34627ec13d4c req-e2ae1ab3-9cfc-48b3-a218-7fe17087ed72 de22f10b7bce4dfdb31f2e95203cc9dc d696a7b8475b47d98a1dd2dcf2879aab - - 540244188f344bb38ea18e82208c5849 540244188f344bb38ea18e82208c5849] 199.204.45.72 "GET /v2.0/subnets?id=34dcc4bc-3ec6-4eea-8ced-90c557ef9159 HTTP/1.1" status: 200 len: 893 time: 0.0291185
2026-05-30 03:07:45.477 9 INFO neutron.api.wsgi [req-a2e70cc0-30be-4de7-98b3-34627ec13d4c req-62da5986-3d72-416a-976e-33c22f293374 de22f10b7bce4dfdb31f2e95203cc9dc d696a7b8475b47d98a1dd2dcf2879aab - - 540244188f344bb38ea18e82208c5849 540244188f344bb38ea18e82208c5849] 199.204.45.72 "GET /v2.0/ports?network_id=1e4bef1b-6122-48e7-a935-b6204a371354&device_owner=network%3Adhcp HTTP/1.1" status: 200 len: 210 time: 0.0261607
2026-05-30 03:07:45.525 9 INFO neutron.api.wsgi [req-a2e70cc0-30be-4de7-98b3-34627ec13d4c req-43d97df9-6269-48f1-a7c7-381d71027556 de22f10b7bce4dfdb31f2e95203cc9dc d696a7b8475b47d98a1dd2dcf2879aab - - 540244188f344bb38ea18e82208c5849 540244188f344bb38ea18e82208c5849] 199.204.45.72 "GET /v2.0/networks/1e4bef1b-6122-48e7-a935-b6204a371354?fields=segments HTTP/1.1" status: 200 len: 212 time: 0.0425858
2026-05-30 03:07:45.575 9 INFO neutron.api.wsgi [req-a2e70cc0-30be-4de7-98b3-34627ec13d4c req-90c1071c-35bf-4ab8-8aed-47306e6b17a2 de22f10b7bce4dfdb31f2e95203cc9dc d696a7b8475b47d98a1dd2dcf2879aab - - 540244188f344bb38ea18e82208c5849 540244188f344bb38ea18e82208c5849] 199.204.45.72 "GET /v2.0/networks/1e4bef1b-6122-48e7-a935-b6204a371354?fields=provider%3Aphysical_network&fields=provider%3Anetwork_type HTTP/1.1" status: 200 len: 277 time: 0.0404899
2026-05-30 03:07:46.221 9 INFO neutron.db.ovn_revision_numbers_db [None req-28ce1c30-36e1-4a88-8e91-55a846771c9d 5b269b93c6fd4a6f8021a4e0ea1fed9b 67ae0794042149f4a396eb9cd2d12b7e - - default default] Successfully bumped revision number for resource 843f408c-4fb1-4e0c-bc26-ea900bef6204 (type: security_groups) to 1
2026-05-30 03:07:46.234 9 INFO neutron.db.ovn_revision_numbers_db [None req-28ce1c30-36e1-4a88-8e91-55a846771c9d 5b269b93c6fd4a6f8021a4e0ea1fed9b 67ae0794042149f4a396eb9cd2d12b7e - - default default] Successfully bumped revision number for resource 5dbb198c-e3fa-45e6-a463-2d4402d9eddc (type: security_group_rules) to 0
2026-05-30 03:07:46.245 9 INFO neutron.db.ovn_revision_numbers_db [None req-28ce1c30-36e1-4a88-8e91-55a846771c9d 5b269b93c6fd4a6f8021a4e0ea1fed9b 67ae0794042149f4a396eb9cd2d12b7e - - default default] Successfully bumped revision number for resource 9273e72a-5a09-4dfa-8f0e-5c390e9e3358 (type: security_group_rules) to 0
2026-05-30 03:07:46.256 9 INFO neutron.db.ovn_revision_numbers_db [None req-28ce1c30-36e1-4a88-8e91-55a846771c9d 5b269b93c6fd4a6f8021a4e0ea1fed9b 67ae0794042149f4a396eb9cd2d12b7e - - default default] Successfully bumped revision number for resource a92440a9-4bdf-4753-876b-5a22bc2371c6 (type: security_group_rules) to 0
2026-05-30 03:07:46.267 9 INFO neutron.db.ovn_revision_numbers_db [None req-28ce1c30-36e1-4a88-8e91-55a846771c9d 5b269b93c6fd4a6f8021a4e0ea1fed9b 67ae0794042149f4a396eb9cd2d12b7e - - default default] Successfully bumped revision number for resource e87f9e6d-5b31-4e03-b9c9-2cdd454e2257 (type: security_group_rules) to 0
2026-05-30 03:07:46.306 9 INFO neutron.api.wsgi [None req-28ce1c30-36e1-4a88-8e91-55a846771c9d 5b269b93c6fd4a6f8021a4e0ea1fed9b 67ae0794042149f4a396eb9cd2d12b7e - - default default] 10.0.0.50 "GET /v2.0/security-groups?tenant_id=42c6d08ca5414f62a2fd1aa2aee6a517&name=default HTTP/1.1" status: 200 len: 3120 time: 0.4396691
2026-05-30 03:07:46.506 9 INFO neutron.api.wsgi [None req-db8bb0cf-0c2d-4214-8595-abf3dd39c10e 5b269b93c6fd4a6f8021a4e0ea1fed9b 67ae0794042149f4a396eb9cd2d12b7e - - default default] 10.0.0.50 "DELETE /v2.0/security-groups/843f408c-4fb1-4e0c-bc26-ea900bef6204 HTTP/1.1" status: 204 len: 168 time: 0.1945205
2026-05-30 03:07:47.838 9 INFO neutron.db.ovn_revision_numbers_db [None req-d7c746be-e78f-42b8-8bd9-fedc04612c53 5b269b93c6fd4a6f8021a4e0ea1fed9b 67ae0794042149f4a396eb9cd2d12b7e - - default default] Successfully bumped revision number for resource d8b8a5e4-4fad-4bcb-b5c1-d5a091f6d81e (type: security_groups) to 1
2026-05-30 03:07:47.850 9 INFO neutron.db.ovn_revision_numbers_db [None req-d7c746be-e78f-42b8-8bd9-fedc04612c53 5b269b93c6fd4a6f8021a4e0ea1fed9b 67ae0794042149f4a396eb9cd2d12b7e - - default default] Successfully bumped revision number for resource 04512e41-f758-4da5-8e45-eb8778271d19 (type: security_group_rules) to 0
2026-05-30 03:07:47.862 9 INFO neutron.db.ovn_revision_numbers_db [None req-d7c746be-e78f-42b8-8bd9-fedc04612c53 5b269b93c6fd4a6f8021a4e0ea1fed9b 67ae0794042149f4a396eb9cd2d12b7e - - default default] Successfully bumped revision number for resource 0dd91be1-a2a3-4875-a9be-4f77635ea2d0 (type: security_group_rules) to 0
2026-05-30 03:07:47.879 9 INFO neutron.db.ovn_revision_numbers_db [None req-d7c746be-e78f-42b8-8bd9-fedc04612c53 5b269b93c6fd4a6f8021a4e0ea1fed9b 67ae0794042149f4a396eb9cd2d12b7e - - default default] Successfully bumped revision number for resource 6b4b23b0-e668-46a9-a0ad-86e6e621d46b (type: security_group_rules) to 0
2026-05-30 03:07:47.892 9 INFO neutron.db.ovn_revision_numbers_db [None req-d7c746be-e78f-42b8-8bd9-fedc04612c53 5b269b93c6fd4a6f8021a4e0ea1fed9b 67ae0794042149f4a396eb9cd2d12b7e - - default default] Successfully bumped revision number for resource bd0d2165-8b92-4302-aafb-1a65eebabca2 (type: security_group_rules) to 0
2026-05-30 03:07:47.933 9 INFO neutron.api.wsgi [None req-d7c746be-e78f-42b8-8bd9-fedc04612c53 5b269b93c6fd4a6f8021a4e0ea1fed9b 67ae0794042149f4a396eb9cd2d12b7e - - default default] 10.0.0.50 "GET /v2.0/security-groups?tenant_id=fb0bffa5170440d8b366cce619eabb16&name=default HTTP/1.1" status: 200 len: 3120 time: 0.4120913
2026-05-30 03:07:48.150 9 INFO neutron.api.wsgi [None req-137d599a-a5cc-4add-be99-7bfe5337d75f 5b269b93c6fd4a6f8021a4e0ea1fed9b 67ae0794042149f4a396eb9cd2d12b7e - - default default] 10.0.0.50 "DELETE /v2.0/security-groups/d8b8a5e4-4fad-4bcb-b5c1-d5a091f6d81e HTTP/1.1" status: 204 len: 168 time: 0.2099900
2026-05-30 03:07:48.214 10 INFO neutron.db.ovn_revision_numbers_db [None req-826f0b52-101d-4c1d-9a32-06933061ef1e 5b269b93c6fd4a6f8021a4e0ea1fed9b 67ae0794042149f4a396eb9cd2d12b7e - - default default] Successfully bumped revision number for resource 1421de04-f50a-4796-bf22-2b7a0f26fa99 (type: security_groups) to 1
2026-05-30 03:07:48.227 10 INFO neutron.db.ovn_revision_numbers_db [None req-826f0b52-101d-4c1d-9a32-06933061ef1e 5b269b93c6fd4a6f8021a4e0ea1fed9b 67ae0794042149f4a396eb9cd2d12b7e - - default default] Successfully bumped revision number for resource 36bcf6a3-0355-4cad-986b-025b47745cf3 (type: security_group_rules) to 0
2026-05-30 03:07:48.245 10 INFO neutron.db.ovn_revision_numbers_db [None req-826f0b52-101d-4c1d-9a32-06933061ef1e 5b269b93c6fd4a6f8021a4e0ea1fed9b 67ae0794042149f4a396eb9cd2d12b7e - - default default] Successfully bumped revision number for resource 8a6ee782-5787-4628-98df-a0c00982cc15 (type: security_group_rules) to 0
2026-05-30 03:07:48.265 10 INFO neutron.db.ovn_revision_numbers_db [None req-826f0b52-101d-4c1d-9a32-06933061ef1e 5b269b93c6fd4a6f8021a4e0ea1fed9b 67ae0794042149f4a396eb9cd2d12b7e - - default default] Successfully bumped revision number for resource 97aab358-ecbf-417b-b932-cdffa1ea6b3b (type: security_group_rules) to 0
2026-05-30 03:07:48.280 10 INFO neutron.db.ovn_revision_numbers_db [None req-826f0b52-101d-4c1d-9a32-06933061ef1e 5b269b93c6fd4a6f8021a4e0ea1fed9b 67ae0794042149f4a396eb9cd2d12b7e - - default default] Successfully bumped revision number for resource e922ee42-2acc-44cb-897d-058116b195b9 (type: security_group_rules) to 0
2026-05-30 03:07:48.320 10 INFO neutron.api.wsgi [None req-826f0b52-101d-4c1d-9a32-06933061ef1e 5b269b93c6fd4a6f8021a4e0ea1fed9b 67ae0794042149f4a396eb9cd2d12b7e - - default default] 10.0.0.50 "GET /v2.0/security-groups?tenant_id=909cfc24afe644c8a7938bdbdf8653b0&name=default HTTP/1.1" status: 200 len: 3120 time: 0.3160715
2026-05-30 03:07:48.540 10 INFO neutron.api.wsgi [None req-624a9023-689c-4e92-b5e0-867ba96bedf6 5b269b93c6fd4a6f8021a4e0ea1fed9b 67ae0794042149f4a396eb9cd2d12b7e - - default default] 10.0.0.50 "DELETE /v2.0/security-groups/1421de04-f50a-4796-bf22-2b7a0f26fa99 HTTP/1.1" status: 204 len: 168 time: 0.2139738
2026-05-30 03:07:48.818 10 INFO neutron.db.ovn_revision_numbers_db [None req-e31f7534-7ac6-4811-8ca1-11d83aedc9d1 5b269b93c6fd4a6f8021a4e0ea1fed9b 67ae0794042149f4a396eb9cd2d12b7e - - default default] Successfully bumped revision number for resource 890980bb-abec-48c5-88c2-b4ac3a7877d9 (type: security_groups) to 1
2026-05-30 03:07:48.835 10 INFO neutron.db.ovn_revision_numbers_db [None req-e31f7534-7ac6-4811-8ca1-11d83aedc9d1 5b269b93c6fd4a6f8021a4e0ea1fed9b 67ae0794042149f4a396eb9cd2d12b7e - - default default] Successfully bumped revision number for resource 2aa2927e-a42d-4b04-8d0f-2ab58cfe1b4c (type: security_group_rules) to 0
2026-05-30 03:07:48.852 10 INFO neutron.db.ovn_revision_numbers_db [None req-e31f7534-7ac6-4811-8ca1-11d83aedc9d1 5b269b93c6fd4a6f8021a4e0ea1fed9b 67ae0794042149f4a396eb9cd2d12b7e - - default default] Successfully bumped revision number for resource ad0cb338-38bc-4b2c-b22d-afd55155b584 (type: security_group_rules) to 0
2026-05-30 03:07:48.865 10 INFO neutron.db.ovn_revision_numbers_db [None req-e31f7534-7ac6-4811-8ca1-11d83aedc9d1 5b269b93c6fd4a6f8021a4e0ea1fed9b 67ae0794042149f4a396eb9cd2d12b7e - - default default] Successfully bumped revision number for resource e489ad14-c20f-4d1c-9e64-44cbd2df31a8 (type: security_group_rules) to 0
2026-05-30 03:07:48.880 10 INFO neutron.db.ovn_revision_numbers_db [None req-e31f7534-7ac6-4811-8ca1-11d83aedc9d1 5b269b93c6fd4a6f8021a4e0ea1fed9b 67ae0794042149f4a396eb9cd2d12b7e - - default default] Successfully bumped revision number for resource ea84c82f-4daf-44cf-adaa-67f7ef1881ca (type: security_group_rules) to 0
2026-05-30 03:07:48.914 10 INFO neutron.api.wsgi [None req-e31f7534-7ac6-4811-8ca1-11d83aedc9d1 5b269b93c6fd4a6f8021a4e0ea1fed9b 67ae0794042149f4a396eb9cd2d12b7e - - default default] 10.0.0.50 "GET /v2.0/security-groups?tenant_id=aa48602398ee4f1ba311113f27a1adbc&name=default HTTP/1.1" status: 200 len: 3120 time: 0.2088666
2026-05-30 03:07:49.120 10 INFO neutron.api.wsgi [None req-015d45fb-b5b1-4303-a3c2-1be0129607ea 5b269b93c6fd4a6f8021a4e0ea1fed9b 67ae0794042149f4a396eb9cd2d12b7e - - default default] 10.0.0.50 "DELETE /v2.0/security-groups/890980bb-abec-48c5-88c2-b4ac3a7877d9 HTTP/1.1" status: 204 len: 168 time: 0.2013576
2026-05-30 03:07:50.743 9 INFO neutron.api.wsgi [None req-f50b31aa-d3e0-4b44-8f72-3521830e87f8 a926426a8b87480ca01800f276c8de37 15f43d085d514fe3bbb313b93eecaad1 - - default default] 10.0.0.142 "GET /v2.0/extensions HTTP/1.1" status: 200 len: 19298 time: 0.2099714
2026-05-30 03:07:50.881 9 INFO neutron.api.wsgi [None req-7812aa70-9ed5-419f-81f1-bcac71ad2260 a926426a8b87480ca01800f276c8de37 15f43d085d514fe3bbb313b93eecaad1 - - default default] 10.0.0.142 "GET /v2.0/quotas/15f43d085d514fe3bbb313b93eecaad1/details HTTP/1.1" status: 200 len: 1046 time: 0.1196148
2026-05-30 03:07:51.036 9 INFO neutron.api.wsgi [req-8a8f71ea-9834-422c-b1be-109eb9edadc8 req-f6a25cd9-9b31-4012-a361-39d7aa3e632d e3c3ef52b9a84b519c4bd8db8b5c75ec 0d1e6166294741259a78c4fec6748a65 - - default default] 10.0.0.26 "GET /v2.0/ports?device_id=e36a332a-7bf9-426b-8771-53a2b01d420b HTTP/1.1" status: 200 len: 1174 time: 0.0710692
2026-05-30 03:07:51.071 9 INFO neutron.api.wsgi [req-8a8f71ea-9834-422c-b1be-109eb9edadc8 req-5b773f77-3acc-4ae1-940b-d8eed3210959 e3c3ef52b9a84b519c4bd8db8b5c75ec 0d1e6166294741259a78c4fec6748a65 - - default default] 10.0.0.26 "GET /v2.0/security-groups?id=0ee5daa9-6723-444d-96f4-fd9776c91fec&fields=id&fields=name HTTP/1.1" status: 200 len: 313 time: 0.0314064
2026-05-30 03:07:51.322 9 INFO neutron.api.wsgi [req-494c292b-e8a4-4094-a772-15369892d751 req-3a1a7d32-ea51-4430-b7e9-ae2fc8677bf2 e3c3ef52b9a84b519c4bd8db8b5c75ec 0d1e6166294741259a78c4fec6748a65 - - default default] 10.0.0.26 "GET /v2.0/ports?device_id=e36a332a-7bf9-426b-8771-53a2b01d420b HTTP/1.1" status: 200 len: 1174 time: 0.0394990
2026-05-30 03:07:51.363 9 INFO neutron.api.wsgi [req-494c292b-e8a4-4094-a772-15369892d751 req-effc3d0f-ada8-453e-bb1b-4d2e8403c7db e3c3ef52b9a84b519c4bd8db8b5c75ec 0d1e6166294741259a78c4fec6748a65 - - default default] 10.0.0.26 "GET /v2.0/security-groups?id=0ee5daa9-6723-444d-96f4-fd9776c91fec&fields=id&fields=name HTTP/1.1" status: 200 len: 313 time: 0.0330150
2026-05-30 03:07:51.861 9 INFO neutron.plugins.ml2.drivers.ovn.mech_driver.mech_driver [None req-b0a25dac-cbdb-4766-acb1-9e9502abedde - - - - - -] OVN reports status down for port: 5cbc4b8e-5c29-4d01-85fb-559f6e2d5904
2026-05-30 03:07:52.002 9 INFO neutron.notifiers.nova [-] Nova event matching ['req-43ec0b48-3270-4111-a9c2-b15870d19e64'] response: {'server_uuid': 'e36a332a-7bf9-426b-8771-53a2b01d420b', 'name': 'network-vif-unplugged', 'status': 'completed', 'tag': '5cbc4b8e-5c29-4d01-85fb-559f6e2d5904', 'code': 200}
2026-05-30 03:07:52.083 9 INFO neutron.db.ovn_revision_numbers_db [None req-b0a25dac-cbdb-4766-acb1-9e9502abedde - - - - - -] Successfully bumped revision number for resource 5cbc4b8e-5c29-4d01-85fb-559f6e2d5904 (type: ports) to 8 /var/lib/openstack/lib/python3.12/site-packages/pycadf/identifier.py:71: UserWarning: Invalid uuid: neutron. To ensure interoperability, identifiers should be a valid uuid. warnings.warn(('Invalid uuid: %s. To ensure interoperability, '
2026-05-30 03:07:52.466 9 INFO neutron.api.wsgi [req-63914e72-8504-4c4c-b976-c92c65d366a2 req-40320ca4-5319-4aa7-82bf-42b82377537e e3c3ef52b9a84b519c4bd8db8b5c75ec 0d1e6166294741259a78c4fec6748a65 - - default default] 10.0.0.26 "GET /v2.0/ports?device_id=e36a332a-7bf9-426b-8771-53a2b01d420b HTTP/1.1" status: 200 len: 1172 time: 0.0379632
2026-05-30 03:07:52.512 9 INFO neutron.api.wsgi [req-63914e72-8504-4c4c-b976-c92c65d366a2 req-1e48eb11-244a-4c88-bb35-02cc3796f0c5 e3c3ef52b9a84b519c4bd8db8b5c75ec 0d1e6166294741259a78c4fec6748a65 - - default default] 10.0.0.26 "GET /v2.0/security-groups?id=0ee5daa9-6723-444d-96f4-fd9776c91fec&fields=id&fields=name HTTP/1.1" status: 200 len: 313 time: 0.0385430
2026-05-30 03:07:52.674 9 WARNING neutron_lib.context [None req-30d0481d-83f1-4262-8e24-fa467f601437 790dafc0e8da420395fdadb00a8fc1c2 f0e3ef85159c413cafd0230230232ae8 - - default default] Method 'is_advsvc' is deprecated since 2023.2 release (neutron-lib 3.8.0) and will be removed once support for the old RBAC API policies will be removed from Neutron. Please use method 'is_service_role' instead.
2026-05-30 03:07:52.789 9 INFO neutron.db.ovn_revision_numbers_db [None req-30d0481d-83f1-4262-8e24-fa467f601437 790dafc0e8da420395fdadb00a8fc1c2 f0e3ef85159c413cafd0230230232ae8 - - default default] Successfully bumped revision number for resource 20446f14-1312-4f6c-bd88-b8963eae40fa (type: routers) to 1
2026-05-30 03:07:52.808 9 INFO neutron.api.wsgi [None req-30d0481d-83f1-4262-8e24-fa467f601437 790dafc0e8da420395fdadb00a8fc1c2 f0e3ef85159c413cafd0230230232ae8 - - default default] 10.0.0.50 "POST /v2.0/routers HTTP/1.1" status: 201 len: 769 time: 0.2558539
2026-05-30 03:07:52.820 10 WARNING neutron_lib.context [None req-2bdf8c63-a16a-4e89-b2e3-decc19b84aa6 790dafc0e8da420395fdadb00a8fc1c2 f0e3ef85159c413cafd0230230232ae8 - - default default] Method 'is_advsvc' is deprecated since 2023.2 release (neutron-lib 3.8.0) and will be removed once support for the old RBAC API policies will be removed from Neutron. Please use method 'is_service_role' instead.
2026-05-30 03:07:52.932 10 INFO neutron.db.ovn_revision_numbers_db [None req-2bdf8c63-a16a-4e89-b2e3-decc19b84aa6 790dafc0e8da420395fdadb00a8fc1c2 f0e3ef85159c413cafd0230230232ae8 - - default default] Successfully bumped revision number for resource 40ca198c-76af-44a7-a059-369a86483c14 (type: routers) to 1
2026-05-30 03:07:52.949 10 INFO neutron.api.wsgi [None req-2bdf8c63-a16a-4e89-b2e3-decc19b84aa6 790dafc0e8da420395fdadb00a8fc1c2 f0e3ef85159c413cafd0230230232ae8 - - default default] 10.0.0.50 "POST /v2.0/routers HTTP/1.1" status: 201 len: 769 time: 0.1337578
2026-05-30 03:07:52.964 9 WARNING neutron_lib.context [None req-802799b4-964c-45c2-bb04-b8756b54bb1b 790dafc0e8da420395fdadb00a8fc1c2 f0e3ef85159c413cafd0230230232ae8 - - default default] Method 'is_advsvc' is deprecated since 2023.2 release (neutron-lib 3.8.0) and will be removed once support for the old RBAC API policies will be removed from Neutron. Please use method 'is_service_role' instead.
2026-05-30 03:07:53.077 9 INFO neutron.db.ovn_revision_numbers_db [None req-802799b4-964c-45c2-bb04-b8756b54bb1b 790dafc0e8da420395fdadb00a8fc1c2 f0e3ef85159c413cafd0230230232ae8 - - default default] Successfully bumped revision number for resource 1018648a-a82e-412f-8e7e-ea9318d83743 (type: routers) to 1
2026-05-30 03:07:53.094 9 INFO neutron.api.wsgi [None req-802799b4-964c-45c2-bb04-b8756b54bb1b 790dafc0e8da420395fdadb00a8fc1c2 f0e3ef85159c413cafd0230230232ae8 - - default default] 10.0.0.50 "POST /v2.0/routers HTTP/1.1" status: 201 len: 769 time: 0.1388166
2026-05-30 03:07:53.098 9 INFO neutron.api.wsgi [req-4e81773f-62eb-4968-afb4-e48166baf293 req-cb6761a8-2fff-4092-a2a5-a724909709af e3c3ef52b9a84b519c4bd8db8b5c75ec 0d1e6166294741259a78c4fec6748a65 - - default default] 199.204.45.72 "GET /v2.0/ports?device_id=e36a332a-7bf9-426b-8771-53a2b01d420b HTTP/1.1" status: 200 len: 1172 time: 0.0376768
2026-05-30 03:07:53.104 10 WARNING neutron_lib.context [None req-336c010f-62d1-4039-aa16-70a1677110ac 790dafc0e8da420395fdadb00a8fc1c2 f0e3ef85159c413cafd0230230232ae8 - - default default] Method 'is_advsvc' is deprecated since 2023.2 release (neutron-lib 3.8.0) and will be removed once support for the old RBAC API policies will be removed from Neutron. Please use method 'is_service_role' instead.
2026-05-30 03:07:53.153 9 INFO neutron.api.wsgi [None req-98e1de94-a6cd-4e74-99d6-543ed85a75a4 a926426a8b87480ca01800f276c8de37 15f43d085d514fe3bbb313b93eecaad1 - - default default] 10.0.0.142 "GET /v2.0/extensions HTTP/1.1" status: 200 len: 19298 time: 0.0056877
2026-05-30 03:07:53.214 10 INFO neutron.db.ovn_revision_numbers_db [None req-336c010f-62d1-4039-aa16-70a1677110ac 790dafc0e8da420395fdadb00a8fc1c2 f0e3ef85159c413cafd0230230232ae8 - - default default] Successfully bumped revision number for resource 1abc66cb-2e4d-443b-b26a-fde74251ad67 (type: routers) to 1
