2026-05-30 02:39:30.216 9 INFO neutron.api.wsgi [-] 10.0.0.122 "GET / HTTP/1.1" status: 200 len: 247 time: 0.0027390
2026-05-30 02:39:39.234 15 INFO neutron.db.ovn_revision_numbers_db [None req-efe0b4c0-d7bf-42c6-b142-f35f53db20c6 - - - - - -] Successfully bumped revision number for resource cb1736a9-6038-4999-82f9-9b3916b1355c (type: networks) to 2
2026-05-30 02:39:39.291 15 INFO neutron.db.ovn_revision_numbers_db [None req-efe0b4c0-d7bf-42c6-b142-f35f53db20c6 - - - - - -] Successfully bumped revision number for resource 8f894fd8-6dab-4ebe-aedc-7ce839ab3906 (type: security_groups) to 6
2026-05-30 02:39:39.327 15 INFO neutron.db.ovn_revision_numbers_db [None req-efe0b4c0-d7bf-42c6-b142-f35f53db20c6 - - - - - -] Successfully bumped revision number for resource c9963e0c-6306-42fc-991e-a776387d9f9d (type: security_groups) to 3
2026-05-30 02:39:39.327 15 INFO neutron.plugins.ml2.drivers.ovn.mech_driver.ovsdb.maintenance [None req-efe0b4c0-d7bf-42c6-b142-f35f53db20c6 - - - - - -] OVN maintenance task check_for_inconsistencies finished in 0.204 seconds
2026-05-30 02:39:45.213 9 INFO neutron.api.wsgi [-] 10.0.0.122 "GET / HTTP/1.1" status: 200 len: 247 time: 0.0020895
2026-05-30 02:39:45.215 10 INFO neutron.api.wsgi [-] 10.0.0.122 "GET / HTTP/1.1" status: 200 len: 247 time: 0.0031254
2026-05-30 02:40:00.213 9 INFO neutron.api.wsgi [-] 10.0.0.122 "GET / HTTP/1.1" status: 200 len: 247 time: 0.0016952
2026-05-30 02:40:00.214 10 INFO neutron.api.wsgi [-] 10.0.0.122 "GET / HTTP/1.1" status: 200 len: 247 time: 0.0029237
2026-05-30 02:40:15.217 10 INFO neutron.api.wsgi [-] 10.0.0.122 "GET / HTTP/1.1" status: 200 len: 247 time: 0.0048048
2026-05-30 02:40:15.307 9 INFO neutron.api.wsgi [-] 10.0.0.122 "GET / HTTP/1.1" status: 200 len: 247 time: 0.0949781
2026-05-30 02:40:30.215 9 INFO neutron.api.wsgi [-] 10.0.0.122 "GET / HTTP/1.1" status: 200 len: 247 time: 0.0029249
2026-05-30 02:40:30.215 10 INFO neutron.api.wsgi [-] 10.0.0.122 "GET / HTTP/1.1" status: 200 len: 247 time: 0.0029085
2026-05-30 02:40:45.215 10 INFO neutron.api.wsgi [-] 10.0.0.122 "GET / HTTP/1.1" status: 200 len: 247 time: 0.0029976
2026-05-30 02:40:45.215 9 INFO neutron.api.wsgi [-] 10.0.0.122 "GET / HTTP/1.1" status: 200 len: 247 time: 0.0027895
2026-05-30 02:41:00.217 9 INFO neutron.api.wsgi [-] 10.0.0.122 "GET / HTTP/1.1" status: 200 len: 247 time: 0.0018075
2026-05-30 02:41:00.223 10 INFO neutron.api.wsgi [-] 10.0.0.122 "GET / HTTP/1.1" status: 200 len: 247 time: 0.0053763
2026-05-30 02:41:15.216 9 INFO neutron.api.wsgi [-] 10.0.0.122 "GET / HTTP/1.1" status: 200 len: 247 time: 0.0039060
2026-05-30 02:41:15.217 10 INFO neutron.api.wsgi [-] 10.0.0.122 "GET / HTTP/1.1" status: 200 len: 247 time: 0.0042338
2026-05-30 02:41:30.214 9 INFO neutron.api.wsgi [-] 10.0.0.122 "GET / HTTP/1.1" status: 200 len: 247 time: 0.0018852
2026-05-30 02:41:30.215 10 INFO neutron.api.wsgi [-] 10.0.0.122 "GET / HTTP/1.1" status: 200 len: 247 time: 0.0030375
2026-05-30 02:41:45.216 10 INFO neutron.api.wsgi [-] 10.0.0.122 "GET / HTTP/1.1" status: 200 len: 247 time: 0.0037477
2026-05-30 02:41:45.218 10 INFO neutron.api.wsgi [-] 10.0.0.122 "GET / HTTP/1.1" status: 200 len: 247 time: 0.0013723
2026-05-30 02:42:00.217 10 INFO neutron.api.wsgi [-] 10.0.0.122 "GET / HTTP/1.1" status: 200 len: 247 time: 0.0016665
2026-05-30 02:42:00.218 10 INFO neutron.api.wsgi [-] 10.0.0.122 "GET / HTTP/1.1" status: 200 len: 247 time: 0.0009999
2026-05-30 02:42:15.216 9 INFO neutron.api.wsgi [-] 10.0.0.122 "GET / HTTP/1.1" status: 200 len: 247 time: 0.0034297
2026-05-30 02:42:15.218 9 INFO neutron.api.wsgi [-] 10.0.0.122 "GET / HTTP/1.1" status: 200 len: 247 time: 0.0013289
2026-05-30 02:42:30.215 10 INFO neutron.api.wsgi [-] 10.0.0.122 "GET / HTTP/1.1" status: 200 len: 247 time: 0.0026248
2026-05-30 02:42:30.215 9 INFO neutron.api.wsgi [-] 10.0.0.122 "GET / HTTP/1.1" status: 200 len: 247 time: 0.0033445
2026-05-30 02:42:45.215 9 INFO neutron.api.wsgi [-] 10.0.0.122 "GET / HTTP/1.1" status: 200 len: 247 time: 0.0025609
2026-05-30 02:42:45.216 10 INFO neutron.api.wsgi [-] 10.0.0.122 "GET / HTTP/1.1" status: 200 len: 247 time: 0.0038869
2026-05-30 02:43:00.214 10 INFO neutron.api.wsgi [-] 10.0.0.122 "GET / HTTP/1.1" status: 200 len: 247 time: 0.0022779
2026-05-30 02:43:00.214 9 INFO neutron.api.wsgi [-] 10.0.0.122 "GET / HTTP/1.1" status: 200 len: 247 time: 0.0026028
2026-05-30 02:43:15.215 9 INFO neutron.api.wsgi [-] 10.0.0.122 "GET / HTTP/1.1" status: 200 len: 247 time: 0.0027692
2026-05-30 02:43:15.217 9 INFO neutron.api.wsgi [-] 10.0.0.122 "GET / HTTP/1.1" status: 200 len: 247 time: 0.0012479
2026-05-30 02:43:30.215 9 INFO neutron.api.wsgi [-] 10.0.0.122 "GET / HTTP/1.1" status: 200 len: 247 time: 0.0027359
2026-05-30 02:43:30.215 10 INFO neutron.api.wsgi [-] 10.0.0.122 "GET / HTTP/1.1" status: 200 len: 247 time: 0.0027444
2026-05-30 02:43:45.214 9 INFO neutron.api.wsgi [-] 10.0.0.122 "GET / HTTP/1.1" status: 200 len: 247 time: 0.0018299
2026-05-30 02:43:45.214 10 INFO neutron.api.wsgi [-] 10.0.0.122 "GET / HTTP/1.1" status: 200 len: 247 time: 0.0022378
2026-05-30 02:44:00.213 9 INFO neutron.api.wsgi [-] 10.0.0.122 "GET / HTTP/1.1" status: 200 len: 247 time: 0.0017958
2026-05-30 02:44:00.215 9 INFO neutron.api.wsgi [-] 10.0.0.122 "GET / HTTP/1.1" status: 200 len: 247 time: 0.0014253
2026-05-30 02:44:15.215 9 INFO neutron.api.wsgi [-] 10.0.0.122 "GET / HTTP/1.1" status: 200 len: 247 time: 0.0029268
2026-05-30 02:44:15.215 10 INFO neutron.api.wsgi [-] 10.0.0.122 "GET / HTTP/1.1" status: 200 len: 247 time: 0.0035822
2026-05-30 02:44:30.215 9 INFO neutron.api.wsgi [-] 10.0.0.122 "GET / HTTP/1.1" status: 200 len: 247 time: 0.0027838
2026-05-30 02:44:30.215 10 INFO neutron.api.wsgi [-] 10.0.0.122 "GET / HTTP/1.1" status: 200 len: 247 time: 0.0027721
2026-05-30 02:44:39.174 15 INFO neutron.plugins.ml2.drivers.ovn.mech_driver.ovsdb.maintenance [None req-efe0b4c0-d7bf-42c6-b142-f35f53db20c6 - - - - - -] OVN maintenance task check_for_inconsistencies finished in 0.023 seconds
2026-05-30 02:44:45.214 10 INFO neutron.api.wsgi [-] 10.0.0.122 "GET / HTTP/1.1" status: 200 len: 247 time: 0.0020041
2026-05-30 02:44:45.215 9 INFO neutron.api.wsgi [-] 10.0.0.122 "GET / HTTP/1.1" status: 200 len: 247 time: 0.0028589
2026-05-30 02:45:00.216 9 INFO neutron.api.wsgi [-] 10.0.0.122 "GET / HTTP/1.1" status: 200 len: 247 time: 0.0030367
2026-05-30 02:45:00.220 9 INFO neutron.api.wsgi [-] 10.0.0.122 "GET / HTTP/1.1" status: 200 len: 247 time: 0.0031784
2026-05-30 02:45:15.215 10 INFO neutron.api.wsgi [-] 10.0.0.122 "GET / HTTP/1.1" status: 200 len: 247 time: 0.0031972
2026-05-30 02:45:15.215 9 INFO neutron.api.wsgi [-] 10.0.0.122 "GET / HTTP/1.1" status: 200 len: 247 time: 0.0032403
2026-05-30 02:45:30.215 10 INFO neutron.api.wsgi [-] 10.0.0.122 "GET / HTTP/1.1" status: 200 len: 247 time: 0.0032742
2026-05-30 02:45:30.218 10 INFO neutron.api.wsgi [-] 10.0.0.122 "GET / HTTP/1.1" status: 200 len: 247 time: 0.0019891
2026-05-30 02:45:45.215 9 INFO neutron.api.wsgi [-] 10.0.0.122 "GET / HTTP/1.1" status: 200 len: 247 time: 0.0030603
2026-05-30 02:45:45.216 10 INFO neutron.api.wsgi [-] 10.0.0.122 "GET / HTTP/1.1" status: 200 len: 247 time: 0.0041115 /var/lib/openstack/lib/python3.12/site-packages/pycadf/identifier.py:71: UserWarning: Invalid uuid: unknown. To ensure interoperability, identifiers should be a valid uuid. warnings.warn(('Invalid uuid: %s. To ensure interoperability, '
2026-05-30 02:45:53.121 10 INFO neutron.api.v2.resource [None req-cac26205-a7c3-4591-b3ce-f63a98204d21 5b269b93c6fd4a6f8021a4e0ea1fed9b 67ae0794042149f4a396eb9cd2d12b7e - - default default] show failed (client error): The resource could not be found.
2026-05-30 02:45:53.122 10 INFO neutron.api.wsgi [None req-cac26205-a7c3-4591-b3ce-f63a98204d21 5b269b93c6fd4a6f8021a4e0ea1fed9b 67ae0794042149f4a396eb9cd2d12b7e - - default default] 199.204.45.72,10.0.0.122 "GET /v2.0/security-groups/manila-service-security-group?project_id=d696a7b8475b47d98a1dd2dcf2879aab HTTP/1.1" status: 404 len: 321 time: 0.1476681
2026-05-30 02:45:53.243 10 INFO neutron.db.ovn_revision_numbers_db [None req-bdc66529-f7e2-4bfe-beef-5d28560f405a 5b269b93c6fd4a6f8021a4e0ea1fed9b 67ae0794042149f4a396eb9cd2d12b7e - - default default] Successfully bumped revision number for resource 78647376-7b6d-467a-96cf-ecdd66da970a (type: security_groups) to 1
2026-05-30 02:45:53.256 10 INFO neutron.db.ovn_revision_numbers_db [None req-bdc66529-f7e2-4bfe-beef-5d28560f405a 5b269b93c6fd4a6f8021a4e0ea1fed9b 67ae0794042149f4a396eb9cd2d12b7e - - default default] Successfully bumped revision number for resource 20e78549-60f2-4235-b421-363dd1ab850b (type: security_group_rules) to 0
2026-05-30 02:45:53.270 10 INFO neutron.db.ovn_revision_numbers_db [None req-bdc66529-f7e2-4bfe-beef-5d28560f405a 5b269b93c6fd4a6f8021a4e0ea1fed9b 67ae0794042149f4a396eb9cd2d12b7e - - default default] Successfully bumped revision number for resource 8c719d29-ba0e-4d36-9d24-e64e946a6362 (type: security_group_rules) to 0
2026-05-30 02:45:53.284 10 INFO neutron.db.ovn_revision_numbers_db [None req-bdc66529-f7e2-4bfe-beef-5d28560f405a 5b269b93c6fd4a6f8021a4e0ea1fed9b 67ae0794042149f4a396eb9cd2d12b7e - - default default] Successfully bumped revision number for resource d2fd831a-fde7-4693-a79d-c4032d11c12d (type: security_group_rules) to 0
2026-05-30 02:45:53.295 10 INFO neutron.db.ovn_revision_numbers_db [None req-bdc66529-f7e2-4bfe-beef-5d28560f405a 5b269b93c6fd4a6f8021a4e0ea1fed9b 67ae0794042149f4a396eb9cd2d12b7e - - default default] Successfully bumped revision number for resource db1bd4c3-5188-4a37-9853-eeb18317cff8 (type: security_group_rules) to 0
2026-05-30 02:45:53.429 10 INFO neutron.api.wsgi [None req-bdc66529-f7e2-4bfe-beef-5d28560f405a 5b269b93c6fd4a6f8021a4e0ea1fed9b 67ae0794042149f4a396eb9cd2d12b7e - - default default] 199.204.45.72,10.0.0.122 "GET /v2.0/security-groups?name=manila-service-security-group&project_id=d696a7b8475b47d98a1dd2dcf2879aab HTTP/1.1" status: 200 len: 197 time: 0.3019714
2026-05-30 02:45:53.585 10 INFO neutron.db.ovn_revision_numbers_db [None req-1eb5b56a-4eff-4e1f-a2af-79dafe649000 5b269b93c6fd4a6f8021a4e0ea1fed9b 67ae0794042149f4a396eb9cd2d12b7e - - default default] Successfully bumped revision number for resource 77a56874-88b5-413f-9415-68c607c0c261 (type: security_groups) to 1
2026-05-30 02:45:53.597 10 INFO neutron.db.ovn_revision_numbers_db [None req-1eb5b56a-4eff-4e1f-a2af-79dafe649000 5b269b93c6fd4a6f8021a4e0ea1fed9b 67ae0794042149f4a396eb9cd2d12b7e - - default default] Successfully bumped revision number for resource 9b6a06a8-1899-476b-a887-7fcdab04ab49 (type: security_group_rules) to 0
2026-05-30 02:45:53.611 10 INFO neutron.db.ovn_revision_numbers_db [None req-1eb5b56a-4eff-4e1f-a2af-79dafe649000 5b269b93c6fd4a6f8021a4e0ea1fed9b 67ae0794042149f4a396eb9cd2d12b7e - - default default] Successfully bumped revision number for resource e161d707-50ad-4398-a9d8-ecb44c23df0e (type: security_group_rules) to 0
2026-05-30 02:45:53.639 10 INFO neutron.api.wsgi [None req-1eb5b56a-4eff-4e1f-a2af-79dafe649000 5b269b93c6fd4a6f8021a4e0ea1fed9b 67ae0794042149f4a396eb9cd2d12b7e - - default default] 199.204.45.72,10.0.0.122 "POST /v2.0/security-groups HTTP/1.1" status: 201 len: 1805 time: 0.1491451
2026-05-30 02:45:54.750 10 INFO neutron.api.wsgi [None req-d7de0146-225d-4c2a-81f9-62f040784321 5b269b93c6fd4a6f8021a4e0ea1fed9b 67ae0794042149f4a396eb9cd2d12b7e - - default default] 199.204.45.72,10.0.0.122 "GET /v2.0/security-groups/77a56874-88b5-413f-9415-68c607c0c261?project_id=d696a7b8475b47d98a1dd2dcf2879aab HTTP/1.1" status: 200 len: 1800 time: 0.0641284
2026-05-30 02:45:54.783 10 INFO neutron.api.wsgi [None req-3e8e91dd-34f0-46e0-9ccf-ec1d4e5f6ebd 5b269b93c6fd4a6f8021a4e0ea1fed9b 67ae0794042149f4a396eb9cd2d12b7e - - default default] 199.204.45.72,10.0.0.122 "GET /v2.0/security-groups/77a56874-88b5-413f-9415-68c607c0c261 HTTP/1.1" status: 200 len: 1800 time: 0.0237880
2026-05-30 02:45:54.875 10 INFO neutron.api.wsgi [None req-1a58808e-8bc1-4e29-bbe0-04bdd1eeff5b 5b269b93c6fd4a6f8021a4e0ea1fed9b 67ae0794042149f4a396eb9cd2d12b7e - - default default] 199.204.45.72,10.0.0.122 "GET /v2.0/security-groups/77a56874-88b5-413f-9415-68c607c0c261?project_id=d696a7b8475b47d98a1dd2dcf2879aab HTTP/1.1" status: 200 len: 1800 time: 0.0260134
2026-05-30 02:45:55.002 10 INFO neutron.db.ovn_revision_numbers_db [None req-8849d448-ed54-42d4-a887-471aa4a56c69 5b269b93c6fd4a6f8021a4e0ea1fed9b 67ae0794042149f4a396eb9cd2d12b7e - - default default] Successfully bumped revision number for resource a0ea0656-f551-4d36-a286-6ddc02054373 (type: security_group_rules) to 0
2026-05-30 02:45:55.035 10 INFO neutron.api.wsgi [None req-8849d448-ed54-42d4-a887-471aa4a56c69 5b269b93c6fd4a6f8021a4e0ea1fed9b 67ae0794042149f4a396eb9cd2d12b7e - - default default] 199.204.45.72,10.0.0.122 "POST /v2.0/security-group-rules HTTP/1.1" status: 201 len: 777 time: 0.1520004
2026-05-30 02:45:56.058 10 INFO neutron.api.wsgi [None req-66fec4d1-bf5b-4960-9b7b-b82ba75a7b98 5b269b93c6fd4a6f8021a4e0ea1fed9b 67ae0794042149f4a396eb9cd2d12b7e - - default default] 199.204.45.72,10.0.0.122 "GET /v2.0/security-groups/77a56874-88b5-413f-9415-68c607c0c261?project_id=d696a7b8475b47d98a1dd2dcf2879aab HTTP/1.1" status: 200 len: 2410 time: 0.0479507
2026-05-30 02:45:56.102 10 INFO neutron.api.wsgi [None req-a0fde4af-d04a-453b-a694-59a35f0a414e 5b269b93c6fd4a6f8021a4e0ea1fed9b 67ae0794042149f4a396eb9cd2d12b7e - - default default] 199.204.45.72,10.0.0.122 "GET /v2.0/security-groups/77a56874-88b5-413f-9415-68c607c0c261 HTTP/1.1" status: 200 len: 2410 time: 0.0351460
2026-05-30 02:45:56.199 10 INFO neutron.api.wsgi [None req-08eb8055-f7d8-4c5a-a836-120b042992bc 5b269b93c6fd4a6f8021a4e0ea1fed9b 67ae0794042149f4a396eb9cd2d12b7e - - default default] 199.204.45.72,10.0.0.122 "GET /v2.0/security-groups/77a56874-88b5-413f-9415-68c607c0c261?project_id=d696a7b8475b47d98a1dd2dcf2879aab HTTP/1.1" status: 200 len: 2410 time: 0.0247400
2026-05-30 02:45:56.322 10 INFO neutron.db.ovn_revision_numbers_db [None req-ebe6060b-588c-4a8e-8843-6ddf3431ced8 5b269b93c6fd4a6f8021a4e0ea1fed9b 67ae0794042149f4a396eb9cd2d12b7e - - default default] Successfully bumped revision number for resource d677aa4c-2f0a-4047-b399-4d28e9acfb5a (type: security_group_rules) to 0
2026-05-30 02:45:56.355 10 INFO neutron.api.wsgi [None req-ebe6060b-588c-4a8e-8843-6ddf3431ced8 5b269b93c6fd4a6f8021a4e0ea1fed9b 67ae0794042149f4a396eb9cd2d12b7e - - default default] 199.204.45.72,10.0.0.122 "POST /v2.0/security-group-rules HTTP/1.1" status: 201 len: 779 time: 0.1472590
2026-05-30 02:45:57.377 10 INFO neutron.api.wsgi [None req-0b89515d-b2eb-441e-9d1e-44d867546870 5b269b93c6fd4a6f8021a4e0ea1fed9b 67ae0794042149f4a396eb9cd2d12b7e - - default default] 199.204.45.72,10.0.0.122 "GET /v2.0/security-groups/77a56874-88b5-413f-9415-68c607c0c261?project_id=d696a7b8475b47d98a1dd2dcf2879aab HTTP/1.1" status: 200 len: 3022 time: 0.0637641
2026-05-30 02:45:57.405 10 INFO neutron.api.wsgi [None req-4820b120-c52d-4a9f-88ce-f387a14c3b82 5b269b93c6fd4a6f8021a4e0ea1fed9b 67ae0794042149f4a396eb9cd2d12b7e - - default default] 199.204.45.72,10.0.0.122 "GET /v2.0/security-groups/77a56874-88b5-413f-9415-68c607c0c261 HTTP/1.1" status: 200 len: 3022 time: 0.0208480
2026-05-30 02:45:57.508 10 INFO neutron.api.wsgi [None req-fc808366-935e-4706-ad81-cf2d154c8386 5b269b93c6fd4a6f8021a4e0ea1fed9b 67ae0794042149f4a396eb9cd2d12b7e - - default default] 199.204.45.72,10.0.0.122 "GET /v2.0/security-groups/77a56874-88b5-413f-9415-68c607c0c261?project_id=d696a7b8475b47d98a1dd2dcf2879aab HTTP/1.1" status: 200 len: 3022 time: 0.0343180
2026-05-30 02:45:57.628 10 INFO neutron.db.ovn_revision_numbers_db [None req-16909507-7031-4c07-b017-aa01213514d3 5b269b93c6fd4a6f8021a4e0ea1fed9b 67ae0794042149f4a396eb9cd2d12b7e - - default default] Successfully bumped revision number for resource ff3d5ff1-d1de-4888-a5fa-49d1e1bf5878 (type: security_group_rules) to 0
2026-05-30 02:45:57.657 10 INFO neutron.api.wsgi [None req-16909507-7031-4c07-b017-aa01213514d3 5b269b93c6fd4a6f8021a4e0ea1fed9b 67ae0794042149f4a396eb9cd2d12b7e - - default default] 199.204.45.72,10.0.0.122 "POST /v2.0/security-group-rules HTTP/1.1" status: 201 len: 781 time: 0.1409276
2026-05-30 02:45:58.785 10 INFO neutron.api.wsgi [None req-a786c180-27c9-4312-9c42-8feeb76f387d 5b269b93c6fd4a6f8021a4e0ea1fed9b 67ae0794042149f4a396eb9cd2d12b7e - - default default] 199.204.45.72,10.0.0.122 "GET /v2.0/security-groups/77a56874-88b5-413f-9415-68c607c0c261?project_id=d696a7b8475b47d98a1dd2dcf2879aab HTTP/1.1" status: 200 len: 3636 time: 0.0627384
2026-05-30 02:45:58.820 10 INFO neutron.api.wsgi [None req-5f523011-8ce9-4498-91b1-970cf23c77d7 5b269b93c6fd4a6f8021a4e0ea1fed9b 67ae0794042149f4a396eb9cd2d12b7e - - default default] 199.204.45.72,10.0.0.122 "GET /v2.0/security-groups/77a56874-88b5-413f-9415-68c607c0c261 HTTP/1.1" status: 200 len: 3636 time: 0.0295453
2026-05-30 02:45:58.920 10 INFO neutron.api.wsgi [None req-d5b9229a-2c1d-4d22-8acf-d156351e2d97 5b269b93c6fd4a6f8021a4e0ea1fed9b 67ae0794042149f4a396eb9cd2d12b7e - - default default] 199.204.45.72,10.0.0.122 "GET /v2.0/security-groups/77a56874-88b5-413f-9415-68c607c0c261?project_id=d696a7b8475b47d98a1dd2dcf2879aab HTTP/1.1" status: 200 len: 3636 time: 0.0251906
2026-05-30 02:45:59.097 10 INFO neutron.db.ovn_revision_numbers_db [None req-714d7cd9-fa7d-432a-bcea-def9bb10fa8d 5b269b93c6fd4a6f8021a4e0ea1fed9b 67ae0794042149f4a396eb9cd2d12b7e - - default default] Successfully bumped revision number for resource 4670887a-876e-440c-ba95-75a25582903a (type: security_group_rules) to 0
2026-05-30 02:45:59.130 10 INFO neutron.api.wsgi [None req-714d7cd9-fa7d-432a-bcea-def9bb10fa8d 5b269b93c6fd4a6f8021a4e0ea1fed9b 67ae0794042149f4a396eb9cd2d12b7e - - default default] 199.204.45.72,10.0.0.122 "POST /v2.0/security-group-rules HTTP/1.1" status: 201 len: 782 time: 0.2004185
2026-05-30 02:46:00.215 9 INFO neutron.api.wsgi [-] 10.0.0.122 "GET / HTTP/1.1" status: 200 len: 247 time: 0.0027652
2026-05-30 02:46:00.215 10 INFO neutron.api.wsgi [-] 10.0.0.122 "GET / HTTP/1.1" status: 200 len: 247 time: 0.0028057
2026-05-30 02:46:15.213 9 INFO neutron.api.wsgi [-] 10.0.0.122 "GET / HTTP/1.1" status: 200 len: 247 time: 0.0022652
2026-05-30 02:46:15.214 10 INFO neutron.api.wsgi [-] 10.0.0.122 "GET / HTTP/1.1" status: 200 len: 247 time: 0.0028100
2026-05-30 02:46:30.213 9 INFO neutron.api.wsgi [-] 10.0.0.122 "GET / HTTP/1.1" status: 200 len: 247 time: 0.0019023
2026-05-30 02:46:30.214 10 INFO neutron.api.wsgi [-] 10.0.0.122 "GET / HTTP/1.1" status: 200 len: 247 time: 0.0026083
2026-05-30 02:46:45.215 9 INFO neutron.api.wsgi [-] 10.0.0.122 "GET / HTTP/1.1" status: 200 len: 247 time: 0.0025721
2026-05-30 02:46:45.215 10 INFO neutron.api.wsgi [-] 10.0.0.122 "GET / HTTP/1.1" status: 200 len: 247 time: 0.0030689
2026-05-30 02:47:00.214 9 INFO neutron.api.wsgi [-] 10.0.0.122 "GET / HTTP/1.1" status: 200 len: 247 time: 0.0032129
2026-05-30 02:47:00.214 10 INFO neutron.api.wsgi [-] 10.0.0.122 "GET / HTTP/1.1" status: 200 len: 247 time: 0.0029261
2026-05-30 02:47:15.215 10 INFO neutron.api.wsgi [-] 10.0.0.122 "GET / HTTP/1.1" status: 200 len: 247 time: 0.0027745
2026-05-30 02:47:15.215 9 INFO neutron.api.wsgi [-] 10.0.0.122 "GET / HTTP/1.1" status: 200 len: 247 time: 0.0027926
2026-05-30 02:47:30.214 10 INFO neutron.api.wsgi [-] 10.0.0.122 "GET / HTTP/1.1" status: 200 len: 247 time: 0.0022857
2026-05-30 02:47:30.215 9 INFO neutron.api.wsgi [-] 10.0.0.122 "GET / HTTP/1.1" status: 200 len: 247 time: 0.0028143
2026-05-30 02:47:45.214 10 INFO neutron.api.wsgi [-] 10.0.0.122 "GET / HTTP/1.1" status: 200 len: 247 time: 0.0024757
2026-05-30 02:47:45.214 9 INFO neutron.api.wsgi [-] 10.0.0.122 "GET / HTTP/1.1" status: 200 len: 247 time: 0.0027444
2026-05-30 02:48:00.214 10 INFO neutron.api.wsgi [-] 10.0.0.122 "GET / HTTP/1.1" status: 200 len: 247 time: 0.0019078
2026-05-30 02:48:00.216 9 INFO neutron.api.wsgi [-] 10.0.0.122 "GET / HTTP/1.1" status: 200 len: 247 time: 0.0037601
2026-05-30 02:48:15.216 9 INFO neutron.api.wsgi [-] 10.0.0.122 "GET / HTTP/1.1" status: 200 len: 247 time: 0.0034001
2026-05-30 02:48:15.217 10 INFO neutron.api.wsgi [-] 10.0.0.122 "GET / HTTP/1.1" status: 200 len: 247 time: 0.0042641
2026-05-30 02:48:17.739 9 INFO neutron.api.wsgi [None req-f0e94e0f-02d3-4998-8de7-267f9abccf3d b6950c5acb864758853ebced4f0e9fc0 d696a7b8475b47d98a1dd2dcf2879aab - - 540244188f344bb38ea18e82208c5849 540244188f344bb38ea18e82208c5849] 199.204.45.72 "GET /v2.0/networks?tenant_id=d696a7b8475b47d98a1dd2dcf2879aab&shared=False HTTP/1.1" status: 200 len: 213 time: 0.1550703
2026-05-30 02:48:17.832 9 INFO neutron.db.segments_db [None req-f4f9e279-2f06-4667-b2fc-f3ece557b2b5 b6950c5acb864758853ebced4f0e9fc0 d696a7b8475b47d98a1dd2dcf2879aab - - 540244188f344bb38ea18e82208c5849 540244188f344bb38ea18e82208c5849] Added segment e1673c59-839b-4b04-be6d-26b73fd54a0f of type geneve for network 561d0935-d56b-409b-86b2-eb91af2aa689
2026-05-30 02:48:17.969 9 INFO neutron.db.ovn_revision_numbers_db [None req-f4f9e279-2f06-4667-b2fc-f3ece557b2b5 b6950c5acb864758853ebced4f0e9fc0 d696a7b8475b47d98a1dd2dcf2879aab - - 540244188f344bb38ea18e82208c5849 540244188f344bb38ea18e82208c5849] Successfully bumped revision number for resource 561d0935-d56b-409b-86b2-eb91af2aa689 (type: networks) to 1
2026-05-30 02:48:18.136 9 WARNING neutron.scheduler.dhcp_agent_scheduler [None req-f4f9e279-2f06-4667-b2fc-f3ece557b2b5 b6950c5acb864758853ebced4f0e9fc0 d696a7b8475b47d98a1dd2dcf2879aab - - 540244188f344bb38ea18e82208c5849 540244188f344bb38ea18e82208c5849] No more DHCP agents
2026-05-30 02:48:18.138 9 WARNING neutron.api.rpc.agentnotifiers.dhcp_rpc_agent_api [None req-f4f9e279-2f06-4667-b2fc-f3ece557b2b5 b6950c5acb864758853ebced4f0e9fc0 d696a7b8475b47d98a1dd2dcf2879aab - - 540244188f344bb38ea18e82208c5849 540244188f344bb38ea18e82208c5849] Unable to schedule network 561d0935-d56b-409b-86b2-eb91af2aa689: no agents available; will retry on subsequent port and subnet creation events.
2026-05-30 02:48:18.195 9 INFO neutron.db.ovn_revision_numbers_db [None req-f4f9e279-2f06-4667-b2fc-f3ece557b2b5 b6950c5acb864758853ebced4f0e9fc0 d696a7b8475b47d98a1dd2dcf2879aab - - 540244188f344bb38ea18e82208c5849 540244188f344bb38ea18e82208c5849] Successfully bumped revision number for resource 01baee1f-3645-4792-9d32-9688496bf851 (type: ports) to 1
2026-05-30 02:48:18.215 9 INFO neutron.api.wsgi [None req-f4f9e279-2f06-4667-b2fc-f3ece557b2b5 b6950c5acb864758853ebced4f0e9fc0 d696a7b8475b47d98a1dd2dcf2879aab - - 540244188f344bb38ea18e82208c5849 540244188f344bb38ea18e82208c5849] 199.204.45.72 "POST /v2.0/networks HTTP/1.1" status: 201 len: 924 time: 0.4677856
2026-05-30 02:48:18.255 9 INFO neutron.api.wsgi [None req-87c9ca9c-57dd-44e3-9843-810c6c168ace b6950c5acb864758853ebced4f0e9fc0 d696a7b8475b47d98a1dd2dcf2879aab - - 540244188f344bb38ea18e82208c5849 540244188f344bb38ea18e82208c5849] 199.204.45.72 "GET /v2.0/ports?device_id=manila-share&binding%3Ahost_id=instance HTTP/1.1" status: 200 len: 210 time: 0.0331769
2026-05-30 02:48:18.267 9 INFO neutron.api.wsgi [None req-89ec2564-21f9-4112-8a2c-b658a29a3496 b6950c5acb864758853ebced4f0e9fc0 d696a7b8475b47d98a1dd2dcf2879aab - - 540244188f344bb38ea18e82208c5849 540244188f344bb38ea18e82208c5849] 199.204.45.72 "GET /v2.0/extensions HTTP/1.1" status: 200 len: 19298 time: 0.0056822
2026-05-30 02:48:18.473 9 WARNING neutron.scheduler.dhcp_agent_scheduler [None req-fb776e23-66d6-47a5-81f6-0adcafc3865c b6950c5acb864758853ebced4f0e9fc0 d696a7b8475b47d98a1dd2dcf2879aab - - 540244188f344bb38ea18e82208c5849 540244188f344bb38ea18e82208c5849] No more DHCP agents
2026-05-30 02:48:18.475 9 WARNING neutron.api.rpc.agentnotifiers.dhcp_rpc_agent_api [None req-fb776e23-66d6-47a5-81f6-0adcafc3865c b6950c5acb864758853ebced4f0e9fc0 d696a7b8475b47d98a1dd2dcf2879aab - - 540244188f344bb38ea18e82208c5849 540244188f344bb38ea18e82208c5849] Unable to schedule network 561d0935-d56b-409b-86b2-eb91af2aa689: no agents available; will retry on subsequent port and subnet creation events.
2026-05-30 02:48:18.547 9 INFO neutron.db.ovn_revision_numbers_db [None req-fb776e23-66d6-47a5-81f6-0adcafc3865c b6950c5acb864758853ebced4f0e9fc0 d696a7b8475b47d98a1dd2dcf2879aab - - 540244188f344bb38ea18e82208c5849 540244188f344bb38ea18e82208c5849] Successfully bumped revision number for resource bddabda5-4df2-4a29-9bb9-8dd61d4b596a (type: ports) to 1
2026-05-30 02:48:18.742 9 INFO neutron.db.ovn_revision_numbers_db [None req-fb776e23-66d6-47a5-81f6-0adcafc3865c b6950c5acb864758853ebced4f0e9fc0 d696a7b8475b47d98a1dd2dcf2879aab - - 540244188f344bb38ea18e82208c5849 540244188f344bb38ea18e82208c5849] Successfully bumped revision number for resource bddabda5-4df2-4a29-9bb9-8dd61d4b596a (type: ports) to 3
2026-05-30 02:48:18.776 9 INFO neutron.api.wsgi [None req-fb776e23-66d6-47a5-81f6-0adcafc3865c b6950c5acb864758853ebced4f0e9fc0 d696a7b8475b47d98a1dd2dcf2879aab - - 540244188f344bb38ea18e82208c5849 540244188f344bb38ea18e82208c5849] 199.204.45.72 "POST /v2.0/ports HTTP/1.1" status: 201 len: 1172 time: 0.5057237
2026-05-30 02:48:18.827 9 INFO neutron.api.wsgi [None req-87187d93-0661-4383-ab1b-7fad2ec92fb2 b6950c5acb864758853ebced4f0e9fc0 d696a7b8475b47d98a1dd2dcf2879aab - - 540244188f344bb38ea18e82208c5849 540244188f344bb38ea18e82208c5849] 199.204.45.72 "GET /v2.0/networks/561d0935-d56b-409b-86b2-eb91af2aa689 HTTP/1.1" status: 200 len: 906 time: 0.0452850
2026-05-30 02:48:19.556 9 INFO neutron.plugins.ml2.drivers.ovn.mech_driver.mech_driver [-] OVN reports status up for port: bddabda5-4df2-4a29-9bb9-8dd61d4b596a
2026-05-30 02:48:19.568 9 INFO neutron.plugins.ml2.plugin [None req-30b5c853-62cc-4d54-8b3f-51edc7bbac26 - - - - - -] Attempt 1 to provision port bddabda5-4df2-4a29-9bb9-8dd61d4b596a
2026-05-30 02:48:19.838 9 INFO neutron.db.ovn_revision_numbers_db [None req-30b5c853-62cc-4d54-8b3f-51edc7bbac26 - - - - - -] Successfully bumped revision number for resource bddabda5-4df2-4a29-9bb9-8dd61d4b596a (type: ports) to 4
2026-05-30 02:48:21.099 9 INFO neutron.api.wsgi [None req-6d197041-b663-4ab7-b631-37ffdda00e23 b6950c5acb864758853ebced4f0e9fc0 d696a7b8475b47d98a1dd2dcf2879aab - - 540244188f344bb38ea18e82208c5849 540244188f344bb38ea18e82208c5849] 199.204.45.72 "GET /v2.0/ports?device_id=manila-share&binding%3Ahost_id=instance HTTP/1.1" status: 200 len: 1172 time: 0.0376706
2026-05-30 02:48:21.150 9 INFO neutron.api.wsgi [None req-08f2bfd0-b08a-47c8-af6b-9e3691eb9a00 b6950c5acb864758853ebced4f0e9fc0 d696a7b8475b47d98a1dd2dcf2879aab - - 540244188f344bb38ea18e82208c5849 540244188f344bb38ea18e82208c5849] 199.204.45.72 "GET /v2.0/networks/561d0935-d56b-409b-86b2-eb91af2aa689 HTTP/1.1" status: 200 len: 906 time: 0.0435882
2026-05-30 02:48:30.214 10 INFO neutron.api.wsgi [-] 10.0.0.122 "GET / HTTP/1.1" status: 200 len: 247 time: 0.0025959
2026-05-30 02:48:30.215 9 INFO neutron.api.wsgi [-] 10.0.0.122 "GET / HTTP/1.1" status: 200 len: 247 time: 0.0030022
2026-05-30 02:48:45.214 9 INFO neutron.api.wsgi [-] 10.0.0.122 "GET / HTTP/1.1" status: 200 len: 247 time: 0.0021641
2026-05-30 02:48:45.214 10 INFO neutron.api.wsgi [-] 10.0.0.122 "GET / HTTP/1.1" status: 200 len: 247 time: 0.0026505
2026-05-30 02:48:46.665 9 INFO neutron.api.wsgi [None req-c759d7a8-77ab-41ae-8e09-ede23776e31d 5b269b93c6fd4a6f8021a4e0ea1fed9b 67ae0794042149f4a396eb9cd2d12b7e - - default default] 199.204.45.72,10.0.0.122 "GET /v2.0/quotas/d696a7b8475b47d98a1dd2dcf2879aab HTTP/1.1" status: 200 len: 467 time: 0.0106552
2026-05-30 02:48:47.190 9 INFO neutron.api.wsgi [None req-ccc8b6fd-6f5e-44c8-b598-f20ef893cbc4 5b269b93c6fd4a6f8021a4e0ea1fed9b 67ae0794042149f4a396eb9cd2d12b7e - - default default] 199.204.45.72,10.0.0.122 "PUT /v2.0/quotas/d696a7b8475b47d98a1dd2dcf2879aab HTTP/1.1" status: 200 len: 466 time: 0.0286522
2026-05-30 02:49:00.213 9 INFO neutron.api.wsgi [-] 10.0.0.122 "GET / HTTP/1.1" status: 200 len: 247 time: 0.0016711
2026-05-30 02:49:00.215 10 INFO neutron.api.wsgi [-] 10.0.0.122 "GET / HTTP/1.1" status: 200 len: 247 time: 0.0029390
2026-05-30 02:49:15.215 10 INFO neutron.api.wsgi [-] 10.0.0.122 "GET / HTTP/1.1" status: 200 len: 247 time: 0.0028572
2026-05-30 02:49:15.216 9 INFO neutron.api.wsgi [-] 10.0.0.122 "GET / HTTP/1.1" status: 200 len: 247 time: 0.0038979
2026-05-30 02:49:30.217 10 INFO neutron.api.wsgi [-] 10.0.0.122 "GET / HTTP/1.1" status: 200 len: 247 time: 0.0036194
2026-05-30 02:49:30.219 10 INFO neutron.api.wsgi [-] 10.0.0.122 "GET / HTTP/1.1" status: 200 len: 247 time: 0.0014219
2026-05-30 02:49:39.230 15 INFO neutron.db.ovn_revision_numbers_db [None req-efe0b4c0-d7bf-42c6-b142-f35f53db20c6 - - - - - -] Successfully bumped revision number for resource 77a56874-88b5-413f-9415-68c607c0c261 (type: security_groups) to 5
2026-05-30 02:49:39.231 15 INFO neutron.plugins.ml2.drivers.ovn.mech_driver.ovsdb.maintenance [None req-efe0b4c0-d7bf-42c6-b142-f35f53db20c6 - - - - - -] OVN maintenance task check_for_inconsistencies finished in 0.069 seconds
2026-05-30 02:49:45.215 10 INFO neutron.api.wsgi [-] 10.0.0.122 "GET / HTTP/1.1" status: 200 len: 247 time: 0.0029852
2026-05-30 02:49:45.218 10 INFO neutron.api.wsgi [-] 10.0.0.122 "GET / HTTP/1.1" status: 200 len: 247 time: 0.0022280
2026-05-30 02:50:00.213 9 INFO neutron.api.wsgi [-] 10.0.0.122 "GET / HTTP/1.1" status: 200 len: 247 time: 0.0018342
2026-05-30 02:50:00.216 10 INFO neutron.api.wsgi [-] 10.0.0.122 "GET / HTTP/1.1" status: 200 len: 247 time: 0.0042503
2026-05-30 02:50:11.632 9 INFO neutron.api.wsgi [None req-34dbed07-ab87-4e8c-bd7f-6e2cc131718c 5b269b93c6fd4a6f8021a4e0ea1fed9b 67ae0794042149f4a396eb9cd2d12b7e - - default default] 10.0.0.7 "GET /v2.0/subnets HTTP/1.1" status: 200 len: 1484 time: 0.0936756
2026-05-30 02:50:11.641 9 INFO neutron.api.wsgi [None req-6b12af1d-a2db-4096-b513-8298062bf638 5b269b93c6fd4a6f8021a4e0ea1fed9b 67ae0794042149f4a396eb9cd2d12b7e - - default default] 10.0.0.7 "GET /v2.0/subnetpools HTTP/1.1" status: 200 len: 193 time: 0.0080028
2026-05-30 02:50:11.695 9 INFO neutron.api.wsgi [None req-6a6fc86b-cf3b-4d63-be1d-a83bf196071b 5b269b93c6fd4a6f8021a4e0ea1fed9b 67ae0794042149f4a396eb9cd2d12b7e - - default default] 10.0.0.7 "GET /v2.0/security-groups HTTP/1.1" status: 200 len: 17570 time: 0.0524912
2026-05-30 02:50:11.870 9 INFO neutron.api.wsgi [None req-419421e1-ad8e-4a84-a17d-6f8c85b9edf2 5b269b93c6fd4a6f8021a4e0ea1fed9b 67ae0794042149f4a396eb9cd2d12b7e - - default default] 10.0.0.7 "GET /v2.0/subnets HTTP/1.1" status: 200 len: 1484 time: 0.0397625
2026-05-30 02:50:11.907 9 INFO neutron.api.wsgi [None req-ff956454-8889-4064-ac31-e18746afb6e2 5b269b93c6fd4a6f8021a4e0ea1fed9b 67ae0794042149f4a396eb9cd2d12b7e - - default default] 10.0.0.7 "GET /v2.0/routers HTTP/1.1" status: 200 len: 189 time: 0.0351319
2026-05-30 02:50:11.961 9 INFO neutron.api.wsgi [None req-4434386b-daa2-4c37-9c30-bf4dbebccaea 5b269b93c6fd4a6f8021a4e0ea1fed9b 67ae0794042149f4a396eb9cd2d12b7e - - default default] 10.0.0.7 "GET /v2.0/agents?binary=ovn-controller HTTP/1.1" status: 200 len: 591 time: 0.0524936
2026-05-30 02:50:12.012 9 INFO neutron.api.wsgi [None req-ec7589d6-08a0-4a16-a5e8-119ef71ba148 5b269b93c6fd4a6f8021a4e0ea1fed9b 67ae0794042149f4a396eb9cd2d12b7e - - default default] 10.0.0.7 "GET /v2.0/networks HTTP/1.1" status: 200 len: 2349 time: 0.0502486
2026-05-30 02:50:12.026 9 INFO neutron.api.wsgi [None req-35991f8f-d315-4807-af77-793a74dab3f7 5b269b93c6fd4a6f8021a4e0ea1fed9b 67ae0794042149f4a396eb9cd2d12b7e - - default default] 10.0.0.7 "GET /v2.0/agents HTTP/1.1" status: 200 len: 1390 time: 0.0100410
2026-05-30 02:50:12.040 9 INFO neutron.api.wsgi [None req-73199dab-f121-4ea3-b57a-bd72e9706f99 5b269b93c6fd4a6f8021a4e0ea1fed9b 67ae0794042149f4a396eb9cd2d12b7e - - default default] 10.0.0.7 "GET /v2.0/network-ip-availabilities HTTP/1.1" status: 200 len: 1280 time: 0.0121884
2026-05-30 02:50:12.070 9 INFO neutron.api.wsgi [None req-65bbb86b-8177-4a56-8ce2-fa6d47950964 5b269b93c6fd4a6f8021a4e0ea1fed9b 67ae0794042149f4a396eb9cd2d12b7e - - default default] 10.0.0.7 "GET /v2.0/floatingips HTTP/1.1" status: 200 len: 193 time: 0.0293596
2026-05-30 02:50:12.129 9 INFO neutron.api.wsgi [None req-a7abbf46-90cd-4921-a2f0-20ba35714eb1 5b269b93c6fd4a6f8021a4e0ea1fed9b 67ae0794042149f4a396eb9cd2d12b7e - - default default] 10.0.0.7 "GET /v2.0/ports HTTP/1.1" status: 200 len: 5343 time: 0.0573504
2026-05-30 02:50:15.214 9 INFO neutron.api.wsgi [-] 10.0.0.122 "GET / HTTP/1.1" status: 200 len: 247 time: 0.0022302
2026-05-30 02:50:15.215 10 INFO neutron.api.wsgi [-] 10.0.0.122 "GET / HTTP/1.1" status: 200 len: 247 time: 0.0032170
2026-05-30 02:50:30.214 9 INFO neutron.api.wsgi [-] 10.0.0.122 "GET / HTTP/1.1" status: 200 len: 247 time: 0.0022686
2026-05-30 02:50:30.213 10 INFO neutron.api.wsgi [-] 10.0.0.122 "GET / HTTP/1.1" status: 200 len: 247 time: 0.0018406
2026-05-30 02:50:45.217 10 INFO neutron.api.wsgi [-] 10.0.0.122 "GET / HTTP/1.1" status: 200 len: 247 time: 0.0030503
2026-05-30 02:50:45.220 10 INFO neutron.api.wsgi [-] 10.0.0.122 "GET / HTTP/1.1" status: 200 len: 247 time: 0.0020230
2026-05-30 02:51:00.215 10 INFO neutron.api.wsgi [-] 10.0.0.122 "GET / HTTP/1.1" status: 200 len: 247 time: 0.0026798
2026-05-30 02:51:00.217 9 INFO neutron.api.wsgi [-] 10.0.0.122 "GET / HTTP/1.1" status: 200 len: 247 time: 0.0041044
2026-05-30 02:51:11.535 9 INFO neutron.api.wsgi [None req-fe08fb81-2a36-4a91-b9e9-f8a953cc5417 5b269b93c6fd4a6f8021a4e0ea1fed9b 67ae0794042149f4a396eb9cd2d12b7e - - default default] 10.0.0.7 "GET /v2.0/routers HTTP/1.1" status: 200 len: 189 time: 0.0577726
2026-05-30 02:51:11.569 9 INFO neutron.api.wsgi [None req-e774b586-3617-4477-b185-88e57248d6a3 5b269b93c6fd4a6f8021a4e0ea1fed9b 67ae0794042149f4a396eb9cd2d12b7e - - default default] 10.0.0.7 "GET /v2.0/agents?binary=ovn-controller HTTP/1.1" status: 200 len: 591 time: 0.0331483
2026-05-30 02:51:11.604 9 INFO neutron.api.wsgi [None req-5d16a8f2-d152-4f22-81ca-ee00e1eb44cb 5b269b93c6fd4a6f8021a4e0ea1fed9b 67ae0794042149f4a396eb9cd2d12b7e - - default default] 10.0.0.7 "GET /v2.0/subnets HTTP/1.1" status: 200 len: 1484 time: 0.0341465
2026-05-30 02:51:11.644 9 INFO neutron.api.wsgi [None req-37e6657c-cf43-429c-91bc-7f93a15d34a6 5b269b93c6fd4a6f8021a4e0ea1fed9b 67ae0794042149f4a396eb9cd2d12b7e - - default default] 10.0.0.7 "GET /v2.0/ports HTTP/1.1" status: 200 len: 5343 time: 0.0385935
2026-05-30 02:51:11.666 9 INFO neutron.api.wsgi [None req-0ce25033-74f9-4bae-914b-95b3d0e2a5f8 5b269b93c6fd4a6f8021a4e0ea1fed9b 67ae0794042149f4a396eb9cd2d12b7e - - default default] 10.0.0.7 "GET /v2.0/floatingips HTTP/1.1" status: 200 len: 193 time: 0.0163920
2026-05-30 02:51:11.675 9 INFO neutron.api.wsgi [None req-f0f81335-fc41-4045-ad58-66224cf15669 5b269b93c6fd4a6f8021a4e0ea1fed9b 67ae0794042149f4a396eb9cd2d12b7e - - default default] 10.0.0.7 "GET /v2.0/agents HTTP/1.1" status: 200 len: 1390 time: 0.0083106
2026-05-30 02:51:11.778 9 INFO neutron.api.wsgi [None req-450b9a7e-6fbd-48b6-9e63-c5dc932c9681 5b269b93c6fd4a6f8021a4e0ea1fed9b 67ae0794042149f4a396eb9cd2d12b7e - - default default] 10.0.0.7 "GET /v2.0/subnets HTTP/1.1" status: 200 len: 1484 time: 0.1021657
2026-05-30 02:51:11.789 9 INFO neutron.api.wsgi [None req-4ad20f3f-b500-4c3d-bf3a-4c96311256f5 5b269b93c6fd4a6f8021a4e0ea1fed9b 67ae0794042149f4a396eb9cd2d12b7e - - default default] 10.0.0.7 "GET /v2.0/subnetpools HTTP/1.1" status: 200 len: 193 time: 0.0095172
2026-05-30 02:51:11.800 9 INFO neutron.api.wsgi [None req-7464e5e6-91aa-48b4-a139-8714fb150d95 5b269b93c6fd4a6f8021a4e0ea1fed9b 67ae0794042149f4a396eb9cd2d12b7e - - default default] 10.0.0.7 "GET /v2.0/network-ip-availabilities HTTP/1.1" status: 200 len: 1280 time: 0.0094779
2026-05-30 02:51:11.852 9 INFO neutron.api.wsgi [None req-6f9ef218-e577-4e9a-9676-96e0f54b70df 5b269b93c6fd4a6f8021a4e0ea1fed9b 67ae0794042149f4a396eb9cd2d12b7e - - default default] 10.0.0.7 "GET /v2.0/networks HTTP/1.1" status: 200 len: 2349 time: 0.0514450
2026-05-30 02:51:11.890 9 INFO neutron.api.wsgi [None req-54559ae4-1a74-4d63-9c65-fcfff5e20767 5b269b93c6fd4a6f8021a4e0ea1fed9b 67ae0794042149f4a396eb9cd2d12b7e - - default default] 10.0.0.7 "GET /v2.0/security-groups HTTP/1.1" status: 200 len: 17570 time: 0.0358200
2026-05-30 02:51:15.214 9 INFO neutron.api.wsgi [-] 10.0.0.122 "GET / HTTP/1.1" status: 200 len: 247 time: 0.0019641
2026-05-30 02:51:15.215 9 INFO neutron.api.wsgi [-] 10.0.0.122 "GET / HTTP/1.1" status: 200 len: 247 time: 0.0011268
2026-05-30 02:51:30.215 10 INFO neutron.api.wsgi [-] 10.0.0.122 "GET / HTTP/1.1" status: 200 len: 247 time: 0.0027082
2026-05-30 02:51:30.215 9 INFO neutron.api.wsgi [-] 10.0.0.122 "GET / HTTP/1.1" status: 200 len: 247 time: 0.0027299
2026-05-30 02:51:45.218 9 INFO neutron.api.wsgi [-] 10.0.0.122 "GET / HTTP/1.1" status: 200 len: 247 time: 0.0057943
2026-05-30 02:51:45.221 9 INFO neutron.api.wsgi [-] 10.0.0.122 "GET / HTTP/1.1" status: 200 len: 247 time: 0.0021386
2026-05-30 02:52:00.213 10 INFO neutron.api.wsgi [-] 10.0.0.122 "GET / HTTP/1.1" status: 200 len: 247 time: 0.0014980
2026-05-30 02:52:00.214 9 INFO neutron.api.wsgi [-] 10.0.0.122 "GET / HTTP/1.1" status: 200 len: 247 time: 0.0028958
2026-05-30 02:52:11.560 9 INFO neutron.api.wsgi [None req-20bc0b15-a321-43b7-9b01-27912557b4fb 5b269b93c6fd4a6f8021a4e0ea1fed9b 67ae0794042149f4a396eb9cd2d12b7e - - default default] 10.0.0.7 "GET /v2.0/network-ip-availabilities HTTP/1.1" status: 200 len: 1280 time: 0.0577407
2026-05-30 02:52:11.575 9 INFO neutron.api.wsgi [None req-0e090867-5d49-457c-b4cf-d13a3e8e3677 5b269b93c6fd4a6f8021a4e0ea1fed9b 67ae0794042149f4a396eb9cd2d12b7e - - default default] 10.0.0.7 "GET /v2.0/floatingips HTTP/1.1" status: 200 len: 193 time: 0.0137286
2026-05-30 02:52:11.608 9 INFO neutron.api.wsgi [None req-d0fa9588-31c6-4e44-ad2e-094394da0d85 5b269b93c6fd4a6f8021a4e0ea1fed9b 67ae0794042149f4a396eb9cd2d12b7e - - default default] 10.0.0.7 "GET /v2.0/agents HTTP/1.1" status: 200 len: 1390 time: 0.0324910
2026-05-30 02:52:11.633 9 INFO neutron.api.wsgi [None req-2b4d1af4-24f0-41fc-baa1-ca6650302e90 5b269b93c6fd4a6f8021a4e0ea1fed9b 67ae0794042149f4a396eb9cd2d12b7e - - default default] 10.0.0.7 "GET /v2.0/subnets HTTP/1.1" status: 200 len: 1484 time: 0.0234895
2026-05-30 02:52:11.647 9 INFO neutron.api.wsgi [None req-ce864454-abe8-43d4-8abe-e7100c51db1a 5b269b93c6fd4a6f8021a4e0ea1fed9b 67ae0794042149f4a396eb9cd2d12b7e - - default default] 10.0.0.7 "GET /v2.0/subnetpools HTTP/1.1" status: 200 len: 193 time: 0.0128596
2026-05-30 02:52:11.712 9 INFO neutron.api.wsgi [None req-63fcb127-7e3d-4772-a12a-58e0536059f6 5b269b93c6fd4a6f8021a4e0ea1fed9b 67ae0794042149f4a396eb9cd2d12b7e - - default default] 10.0.0.7 "GET /v2.0/networks HTTP/1.1" status: 200 len: 2349 time: 0.0629144
2026-05-30 02:52:11.761 9 INFO neutron.api.wsgi [None req-f537d7ef-6816-4158-891c-563ea589e744 5b269b93c6fd4a6f8021a4e0ea1fed9b 67ae0794042149f4a396eb9cd2d12b7e - - default default] 10.0.0.7 "GET /v2.0/security-groups HTTP/1.1" status: 200 len: 17570 time: 0.0419042
2026-05-30 02:52:11.809 9 INFO neutron.api.wsgi [None req-7410ac5d-45e2-4668-b1f0-f014d27e2285 5b269b93c6fd4a6f8021a4e0ea1fed9b 67ae0794042149f4a396eb9cd2d12b7e - - default default] 10.0.0.7 "GET /v2.0/ports HTTP/1.1" status: 200 len: 5343 time: 0.0428634
2026-05-30 02:52:11.827 9 INFO neutron.api.wsgi [None req-1d91edca-6efc-4de2-a9ef-e69dcccad2af 5b269b93c6fd4a6f8021a4e0ea1fed9b 67ae0794042149f4a396eb9cd2d12b7e - - default default] 10.0.0.7 "GET /v2.0/routers HTTP/1.1" status: 200 len: 189 time: 0.0145638
2026-05-30 02:52:11.836 9 INFO neutron.api.wsgi [None req-4a6add85-76fe-4e38-bb4f-38d23de0c81d 5b269b93c6fd4a6f8021a4e0ea1fed9b 67ae0794042149f4a396eb9cd2d12b7e - - default default] 10.0.0.7 "GET /v2.0/agents?binary=ovn-controller HTTP/1.1" status: 200 len: 591 time: 0.0091054
2026-05-30 02:52:11.886 9 INFO neutron.api.wsgi [None req-096f4846-7884-4934-b06c-00c7e14870b2 5b269b93c6fd4a6f8021a4e0ea1fed9b 67ae0794042149f4a396eb9cd2d12b7e - - default default] 10.0.0.7 "GET /v2.0/subnets HTTP/1.1" status: 200 len: 1484 time: 0.0389686
2026-05-30 02:52:15.214 10 INFO neutron.api.wsgi [-] 10.0.0.122 "GET / HTTP/1.1" status: 200 len: 247 time: 0.0028129
2026-05-30 02:52:15.215 9 INFO neutron.api.wsgi [-] 10.0.0.122 "GET / HTTP/1.1" status: 200 len: 247 time: 0.0028853
2026-05-30 02:52:30.215 10 INFO neutron.api.wsgi [-] 10.0.0.122 "GET / HTTP/1.1" status: 200 len: 247 time: 0.0024469
2026-05-30 02:52:30.217 10 INFO neutron.api.wsgi [-] 10.0.0.122 "GET / HTTP/1.1" status: 200 len: 247 time: 0.0016801
2026-05-30 02:52:45.214 10 INFO neutron.api.wsgi [-] 10.0.0.122 "GET / HTTP/1.1" status: 200 len: 247 time: 0.0026035
2026-05-30 02:52:45.214 9 INFO neutron.api.wsgi [-] 10.0.0.122 "GET / HTTP/1.1" status: 200 len: 247 time: 0.0026243
2026-05-30 02:53:00.215 10 INFO neutron.api.wsgi [-] 10.0.0.122 "GET / HTTP/1.1" status: 200 len: 247 time: 0.0026550
2026-05-30 02:53:00.216 9 INFO neutron.api.wsgi [-] 10.0.0.122 "GET / HTTP/1.1" status: 200 len: 247 time: 0.0036688
2026-05-30 02:53:11.579 9 INFO neutron.api.wsgi [None req-c03aa2db-7f1f-468f-9995-d86975fb6a77 5b269b93c6fd4a6f8021a4e0ea1fed9b 67ae0794042149f4a396eb9cd2d12b7e - - default default] 10.0.0.7 "GET /v2.0/floatingips HTTP/1.1" status: 200 len: 193 time: 0.0587606
2026-05-30 02:53:11.608 9 INFO neutron.api.wsgi [None req-9f986ca5-d474-4a94-acb5-be2c717bcaeb 5b269b93c6fd4a6f8021a4e0ea1fed9b 67ae0794042149f4a396eb9cd2d12b7e - - default default] 10.0.0.7 "GET /v2.0/subnets HTTP/1.1" status: 200 len: 1484 time: 0.0279086
2026-05-30 02:53:11.619 9 INFO neutron.api.wsgi [None req-606bf20b-0b6b-4033-a0a2-a38b8385e843 5b269b93c6fd4a6f8021a4e0ea1fed9b 67ae0794042149f4a396eb9cd2d12b7e - - default default] 10.0.0.7 "GET /v2.0/subnetpools HTTP/1.1" status: 200 len: 193 time: 0.0092645
2026-05-30 02:53:11.646 9 INFO neutron.api.wsgi [None req-e0051107-3f60-4ed4-be17-3df403a7f30d 5b269b93c6fd4a6f8021a4e0ea1fed9b 67ae0794042149f4a396eb9cd2d12b7e - - default default] 10.0.0.7 "GET /v2.0/subnets HTTP/1.1" status: 200 len: 1484 time: 0.0267200
2026-05-30 02:53:11.708 9 INFO neutron.api.wsgi [None req-3266a290-8ede-45af-b33c-344caa4a659a 5b269b93c6fd4a6f8021a4e0ea1fed9b 67ae0794042149f4a396eb9cd2d12b7e - - default default] 10.0.0.7 "GET /v2.0/ports HTTP/1.1" status: 200 len: 5343 time: 0.0611899
2026-05-30 02:53:11.728 9 INFO neutron.api.wsgi [None req-0ac7cf81-2ca4-44ff-b31d-6b8708f60cf9 5b269b93c6fd4a6f8021a4e0ea1fed9b 67ae0794042149f4a396eb9cd2d12b7e - - default default] 10.0.0.7 "GET /v2.0/network-ip-availabilities HTTP/1.1" status: 200 len: 1280 time: 0.0151498
2026-05-30 02:53:11.742 9 INFO neutron.api.wsgi [None req-3909a700-1fbb-4294-9bc8-dbe467959115 5b269b93c6fd4a6f8021a4e0ea1fed9b 67ae0794042149f4a396eb9cd2d12b7e - - default default] 10.0.0.7 "GET /v2.0/routers HTTP/1.1" status: 200 len: 189 time: 0.0130692
2026-05-30 02:53:11.788 9 INFO neutron.api.wsgi [None req-af8193ba-6dbf-4578-9f4f-a59f60a4062c 5b269b93c6fd4a6f8021a4e0ea1fed9b 67ae0794042149f4a396eb9cd2d12b7e - - default default] 10.0.0.7 "GET /v2.0/agents?binary=ovn-controller HTTP/1.1" status: 200 len: 591 time: 0.0451016
2026-05-30 02:53:11.801 9 INFO neutron.api.wsgi [None req-b4dd064a-19f9-425a-af19-ff9be60654d8 5b269b93c6fd4a6f8021a4e0ea1fed9b 67ae0794042149f4a396eb9cd2d12b7e - - default default] 10.0.0.7 "GET /v2.0/agents HTTP/1.1" status: 200 len: 1390 time: 0.0117340
2026-05-30 02:53:11.860 9 INFO neutron.api.wsgi [None req-fd0a084d-ae58-44b4-830e-4a76f0588d29 5b269b93c6fd4a6f8021a4e0ea1fed9b 67ae0794042149f4a396eb9cd2d12b7e - - default default] 10.0.0.7 "GET /v2.0/networks HTTP/1.1" status: 200 len: 2349 time: 0.0575240
2026-05-30 02:53:11.897 9 INFO neutron.api.wsgi [None req-715f76f2-fa32-477d-9e0c-b5f11d50cf1a 5b269b93c6fd4a6f8021a4e0ea1fed9b 67ae0794042149f4a396eb9cd2d12b7e - - default default] 10.0.0.7 "GET /v2.0/security-groups HTTP/1.1" status: 200 len: 17570 time: 0.0367446
2026-05-30 02:53:15.216 9 INFO neutron.api.wsgi [-] 10.0.0.122 "GET / HTTP/1.1" status: 200 len: 247 time: 0.0028617
2026-05-30 02:53:15.216 10 INFO neutron.api.wsgi [-] 10.0.0.122 "GET / HTTP/1.1" status: 200 len: 247 time: 0.0027897
2026-05-30 02:53:30.214 9 INFO neutron.api.wsgi [-] 10.0.0.122 "GET / HTTP/1.1" status: 200 len: 247 time: 0.0025685
2026-05-30 02:53:30.214 10 INFO neutron.api.wsgi [-] 10.0.0.122 "GET / HTTP/1.1" status: 200 len: 247 time: 0.0028589
2026-05-30 02:53:45.215 10 INFO neutron.api.wsgi [-] 10.0.0.122 "GET / HTTP/1.1" status: 200 len: 247 time: 0.0033233
2026-05-30 02:53:45.215 9 INFO neutron.api.wsgi [-] 10.0.0.122 "GET / HTTP/1.1" status: 200 len: 247 time: 0.0034039
2026-05-30 02:54:00.214 9 INFO neutron.api.wsgi [-] 10.0.0.122 "GET / HTTP/1.1" status: 200 len: 247 time: 0.0019302
2026-05-30 02:54:00.215 10 INFO neutron.api.wsgi [-] 10.0.0.122 "GET / HTTP/1.1" status: 200 len: 247 time: 0.0025394
2026-05-30 02:54:11.576 9 INFO neutron.api.wsgi [None req-31cf2718-b772-425e-86e3-d0ada2aa0056 5b269b93c6fd4a6f8021a4e0ea1fed9b 67ae0794042149f4a396eb9cd2d12b7e - - default default] 10.0.0.7 "GET /v2.0/agents HTTP/1.1" status: 200 len: 1390 time: 0.0901296
2026-05-30 02:54:11.622 9 INFO neutron.api.wsgi [None req-b569bfd3-79ba-4ee6-997f-314deaf73de6 5b269b93c6fd4a6f8021a4e0ea1fed9b 67ae0794042149f4a396eb9cd2d12b7e - - default default] 10.0.0.7 "GET /v2.0/security-groups HTTP/1.1" status: 200 len: 17570 time: 0.0447674
2026-05-30 02:54:11.661 9 INFO neutron.api.wsgi [None req-6f269d51-0e81-4d99-80e1-aeafab0752c0 5b269b93c6fd4a6f8021a4e0ea1fed9b 67ae0794042149f4a396eb9cd2d12b7e - - default default] 10.0.0.7 "GET /v2.0/subnets HTTP/1.1" status: 200 len: 1484 time: 0.0326266
2026-05-30 02:54:11.710 9 INFO neutron.api.wsgi [None req-e24a763b-fe93-4f84-a0a3-c6d4df31471f 5b269b93c6fd4a6f8021a4e0ea1fed9b 67ae0794042149f4a396eb9cd2d12b7e - - default default] 10.0.0.7 "GET /v2.0/networks HTTP/1.1" status: 200 len: 2349 time: 0.0468190
2026-05-30 02:54:11.754 9 INFO neutron.api.wsgi [None req-799dc10c-bcd0-4051-9a9c-b2822e494df6 5b269b93c6fd4a6f8021a4e0ea1fed9b 67ae0794042149f4a396eb9cd2d12b7e - - default default] 10.0.0.7 "GET /v2.0/ports HTTP/1.1" status: 200 len: 5343 time: 0.0414021
2026-05-30 02:54:11.774 9 INFO neutron.api.wsgi [None req-1f805952-dc40-4e2c-808e-8d92547f1cf7 5b269b93c6fd4a6f8021a4e0ea1fed9b 67ae0794042149f4a396eb9cd2d12b7e - - default default] 10.0.0.7 "GET /v2.0/network-ip-availabilities HTTP/1.1" status: 200 len: 1280 time: 0.0155344
2026-05-30 02:54:11.812 9 INFO neutron.api.wsgi [None req-99138b1a-fae7-4fb2-a3ed-b7b2f402d0fa 5b269b93c6fd4a6f8021a4e0ea1fed9b 67ae0794042149f4a396eb9cd2d12b7e - - default default] 10.0.0.7 "GET /v2.0/subnets HTTP/1.1" status: 200 len: 1484 time: 0.0362160
2026-05-30 02:54:11.821 9 INFO neutron.api.wsgi [None req-4ad84ac5-7905-4efa-8ee0-3d972b7882e1 5b269b93c6fd4a6f8021a4e0ea1fed9b 67ae0794042149f4a396eb9cd2d12b7e - - default default] 10.0.0.7 "GET /v2.0/subnetpools HTTP/1.1" status: 200 len: 193 time: 0.0081840
2026-05-30 02:54:11.838 9 INFO neutron.api.wsgi [None req-44c273e6-1aad-46c0-aa47-b73374a24cb6 5b269b93c6fd4a6f8021a4e0ea1fed9b 67ae0794042149f4a396eb9cd2d12b7e - - default default] 10.0.0.7 "GET /v2.0/floatingips HTTP/1.1" status: 200 len: 193 time: 0.0162463
2026-05-30 02:54:11.865 9 INFO neutron.api.wsgi [None req-40e9f51c-edf6-4c85-ab30-84c4b1699082 5b269b93c6fd4a6f8021a4e0ea1fed9b 67ae0794042149f4a396eb9cd2d12b7e - - default default] 10.0.0.7 "GET /v2.0/routers HTTP/1.1" status: 200 len: 189 time: 0.0256906
2026-05-30 02:54:11.875 9 INFO neutron.api.wsgi [None req-49020f98-170e-4528-8012-13bf6bcaf776 5b269b93c6fd4a6f8021a4e0ea1fed9b 67ae0794042149f4a396eb9cd2d12b7e - - default default] 10.0.0.7 "GET /v2.0/agents?binary=ovn-controller HTTP/1.1" status: 200 len: 591 time: 0.0095632
2026-05-30 02:54:15.214 10 INFO neutron.api.wsgi [-] 10.0.0.122 "GET / HTTP/1.1" status: 200 len: 247 time: 0.0021708
2026-05-30 02:54:15.218 10 INFO neutron.api.wsgi [-] 10.0.0.122 "GET / HTTP/1.1" status: 200 len: 247 time: 0.0023680
2026-05-30 02:54:30.214 10 INFO neutron.api.wsgi [-] 10.0.0.122 "GET / HTTP/1.1" status: 200 len: 247 time: 0.0020759
2026-05-30 02:54:30.215 9 INFO neutron.api.wsgi [-] 10.0.0.122 "GET / HTTP/1.1" status: 200 len: 247 time: 0.0028105
2026-05-30 02:54:39.205 15 INFO neutron.plugins.ml2.drivers.ovn.mech_driver.ovsdb.maintenance [None req-efe0b4c0-d7bf-42c6-b142-f35f53db20c6 - - - - - -] OVN maintenance task check_for_inconsistencies finished in 0.023 seconds
2026-05-30 02:54:45.213 9 INFO neutron.api.wsgi [-] 10.0.0.122 "GET / HTTP/1.1" status: 200 len: 247 time: 0.0020983
2026-05-30 02:54:45.214 10 INFO neutron.api.wsgi [-] 10.0.0.122 "GET / HTTP/1.1" status: 200 len: 247 time: 0.0028944
2026-05-30 02:55:00.215 10 INFO neutron.api.wsgi [-] 10.0.0.122 "GET / HTTP/1.1" status: 200 len: 247 time: 0.0035408
2026-05-30 02:55:00.219 10 INFO neutron.api.wsgi [-] 10.0.0.122 "GET / HTTP/1.1" status: 200 len: 247 time: 0.0024941
2026-05-30 02:55:11.620 9 INFO neutron.api.wsgi [None req-111c64cf-7ba7-4d92-81ff-8bd0fd88924b 5b269b93c6fd4a6f8021a4e0ea1fed9b 67ae0794042149f4a396eb9cd2d12b7e - - default default] 10.0.0.7 "GET /v2.0/subnets HTTP/1.1" status: 200 len: 1484 time: 0.0755589
2026-05-30 02:55:11.665 9 INFO neutron.api.wsgi [None req-4ac3eb55-eb8f-4fc3-8da6-9f8548be706d 5b269b93c6fd4a6f8021a4e0ea1fed9b 67ae0794042149f4a396eb9cd2d12b7e - - default default] 10.0.0.7 "GET /v2.0/security-groups HTTP/1.1" status: 200 len: 17570 time: 0.0429580
2026-05-30 02:55:11.686 9 INFO neutron.api.wsgi [None req-24c3b716-f3eb-4ee8-bd4f-88c3ef5ffe32 5b269b93c6fd4a6f8021a4e0ea1fed9b 67ae0794042149f4a396eb9cd2d12b7e - - default default] 10.0.0.7 "GET /v2.0/routers HTTP/1.1" status: 200 len: 189 time: 0.0174987
2026-05-30 02:55:11.718 9 INFO neutron.api.wsgi [None req-c0526e4d-1f39-4c0f-a9cc-a90e289f9ae1 5b269b93c6fd4a6f8021a4e0ea1fed9b 67ae0794042149f4a396eb9cd2d12b7e - - default default] 10.0.0.7 "GET /v2.0/agents?binary=ovn-controller HTTP/1.1" status: 200 len: 591 time: 0.0306158
