2026-05-30 03:07:12.449 9 INFO neutron.api.wsgi [None req-d9ece04d-d3e7-4aea-a168-fea6fa003069 5b269b93c6fd4a6f8021a4e0ea1fed9b 67ae0794042149f4a396eb9cd2d12b7e - - default default] 10.0.0.7 "GET /v2.0/floatingips HTTP/1.1" status: 200 len: 730 time: 0.0303907
2026-05-30 03:07:12.560 9 INFO neutron.api.wsgi [None req-9970c431-c901-4b7c-81b0-b5b3cd379673 5b269b93c6fd4a6f8021a4e0ea1fed9b 67ae0794042149f4a396eb9cd2d12b7e - - default default] 10.0.0.7 "GET /v2.0/routers HTTP/1.1" status: 200 len: 1153 time: 0.1031110
2026-05-30 03:07:12.584 9 INFO neutron.api.wsgi [None req-7bfd6e7a-bd9a-4970-992d-54bad875bc9f 5b269b93c6fd4a6f8021a4e0ea1fed9b 67ae0794042149f4a396eb9cd2d12b7e - - default default] 10.0.0.7 "GET /v2.0/agents?binary=ovn-controller HTTP/1.1" status: 200 len: 591 time: 0.0223682
2026-05-30 03:07:12.631 9 INFO neutron.api.wsgi [None req-fcb3a19b-20e7-4abf-831f-f98c26e25f1f 5b269b93c6fd4a6f8021a4e0ea1fed9b 67ae0794042149f4a396eb9cd2d12b7e - - default default] 10.0.0.7 "GET /v2.0/subnets HTTP/1.1" status: 200 len: 2799 time: 0.0439577
2026-05-30 03:07:12.642 9 INFO neutron.api.wsgi [None req-8d9b604e-a337-4f60-994c-af088f1ecff9 5b269b93c6fd4a6f8021a4e0ea1fed9b 67ae0794042149f4a396eb9cd2d12b7e - - default default] 10.0.0.7 "GET /v2.0/subnetpools HTTP/1.1" status: 200 len: 193 time: 0.0098162
2026-05-30 03:07:12.713 9 INFO neutron.api.wsgi [None req-5c7a8098-8915-4275-a1e9-47822f7f281a 5b269b93c6fd4a6f8021a4e0ea1fed9b 67ae0794042149f4a396eb9cd2d12b7e - - default default] 10.0.0.7 "GET /v2.0/security-groups HTTP/1.1" status: 200 len: 29148 time: 0.0698504
2026-05-30 03:07:12.736 9 INFO neutron.api.wsgi [None req-6c01c48a-f91d-436e-aa98-cec30d2e73d6 5b269b93c6fd4a6f8021a4e0ea1fed9b 67ae0794042149f4a396eb9cd2d12b7e - - default default] 10.0.0.7 "GET /v2.0/agents HTTP/1.1" status: 200 len: 1390 time: 0.0143905
2026-05-30 03:07:12.741 9 INFO neutron.api.wsgi [None req-fc25647b-817a-4235-bedf-ff8cda7a4d11 f4801e814e5343e88782ca4c781c2c0e 8c14323099724698b6377c30b5ec8649 - - default default] 10.0.0.50 "DELETE /v2.0/subnets/d5f8ef9c-a4ac-4352-bf26-de3f80380f12 HTTP/1.1" status: 204 len: 168 time: 0.3156409
2026-05-30 03:07:12.854 10 INFO neutron.api.wsgi [None req-3a04e8ab-f685-4c33-9c7d-765c723abf18 5b269b93c6fd4a6f8021a4e0ea1fed9b 67ae0794042149f4a396eb9cd2d12b7e - - default default] 10.0.0.50 "DELETE /v2.0/security-groups/7f0d5c11-337d-40ec-84b5-265b5b8332ab HTTP/1.1" status: 204 len: 168 time: 0.6684229
2026-05-30 03:07:12.948 10 INFO neutron.db.ovn_revision_numbers_db [None req-80be8945-c1a8-49ae-8150-43bed5d4bf95 e3c3ef52b9a84b519c4bd8db8b5c75ec 0d1e6166294741259a78c4fec6748a65 - - default default] Successfully bumped revision number for resource f58a8e67-557b-408e-856f-e9881f4ebfbb (type: floatingips) to 1
2026-05-30 03:07:13.091 10 INFO neutron.db.ovn_revision_numbers_db [None req-80be8945-c1a8-49ae-8150-43bed5d4bf95 e3c3ef52b9a84b519c4bd8db8b5c75ec 0d1e6166294741259a78c4fec6748a65 - - default default] Successfully bumped revision number for resource f58a8e67-557b-408e-856f-e9881f4ebfbb (type: floatingips) to 2
2026-05-30 03:07:13.092 10 INFO neutron.db.l3_db [None req-80be8945-c1a8-49ae-8150-43bed5d4bf95 e3c3ef52b9a84b519c4bd8db8b5c75ec 0d1e6166294741259a78c4fec6748a65 - - default default] Floating IP f58a8e67-557b-408e-856f-e9881f4ebfbb associated. External IP: 10.96.250.217, port: 5cbc4b8e-5c29-4d01-85fb-559f6e2d5904.
2026-05-30 03:07:13.125 10 INFO neutron.api.wsgi [None req-80be8945-c1a8-49ae-8150-43bed5d4bf95 e3c3ef52b9a84b519c4bd8db8b5c75ec 0d1e6166294741259a78c4fec6748a65 - - default default] 10.0.0.50 "PUT /v2.0/floatingips/f58a8e67-557b-408e-856f-e9881f4ebfbb HTTP/1.1" status: 200 len: 1050 time: 1.1303484
2026-05-30 03:07:13.159 9 INFO neutron.api.wsgi [None req-b61eb759-4018-48f7-bcd3-b94f38026cdb f4801e814e5343e88782ca4c781c2c0e 8c14323099724698b6377c30b5ec8649 - - default default] 10.0.0.50 "DELETE /v2.0/networks/a498364d-21a2-4a85-a0aa-f3ccc4d039c7 HTTP/1.1" status: 204 len: 168 time: 0.4125342 /var/lib/openstack/lib/python3.12/site-packages/pycadf/identifier.py:71: UserWarning: Invalid uuid: neutron. To ensure interoperability, identifiers should be a valid uuid. warnings.warn(('Invalid uuid: %s. To ensure interoperability, '
2026-05-30 03:07:13.174 10 WARNING neutron_lib.context [None req-827b08d5-3ce5-470c-aa00-b1b50c008d70 f4801e814e5343e88782ca4c781c2c0e 8c14323099724698b6377c30b5ec8649 - - default default] Method 'is_advsvc' is deprecated since 2023.2 release (neutron-lib 3.8.0) and will be removed once support for the old RBAC API policies will be removed from Neutron. Please use method 'is_service_role' instead.
2026-05-30 03:07:13.176 10 INFO neutron.notifiers.nova [-] Nova event matching ['req-27b76b6d-fa1a-44f2-a6f2-def9e53d583c'] response: {'name': 'network-changed', 'server_uuid': 'e36a332a-7bf9-426b-8771-53a2b01d420b', 'tag': '5cbc4b8e-5c29-4d01-85fb-559f6e2d5904', 'status': 'completed', 'code': 200}
2026-05-30 03:07:13.465 10 WARNING neutron.scheduler.dhcp_agent_scheduler [None req-827b08d5-3ce5-470c-aa00-b1b50c008d70 f4801e814e5343e88782ca4c781c2c0e 8c14323099724698b6377c30b5ec8649 - - default default] No more DHCP agents
2026-05-30 03:07:13.467 10 WARNING neutron.api.rpc.agentnotifiers.dhcp_rpc_agent_api [None req-827b08d5-3ce5-470c-aa00-b1b50c008d70 f4801e814e5343e88782ca4c781c2c0e 8c14323099724698b6377c30b5ec8649 - - default default] Unable to schedule network d5bba79a-7dae-4f2a-a822-d93ea62a9561: no agents available; will retry on subsequent port and subnet creation events.
2026-05-30 03:07:13.535 10 INFO neutron.db.ovn_revision_numbers_db [None req-827b08d5-3ce5-470c-aa00-b1b50c008d70 f4801e814e5343e88782ca4c781c2c0e 8c14323099724698b6377c30b5ec8649 - - default default] Successfully bumped revision number for resource 4b660bd9-d53f-4951-aacb-e9f9a8c89e2b (type: ports) to 1
2026-05-30 03:07:13.563 10 INFO neutron.api.wsgi [None req-827b08d5-3ce5-470c-aa00-b1b50c008d70 f4801e814e5343e88782ca4c781c2c0e 8c14323099724698b6377c30b5ec8649 - - default default] 10.0.0.50 "POST /v2.0/ports HTTP/1.1" status: 201 len: 973 time: 0.3944962 /var/lib/openstack/lib/python3.12/site-packages/pycadf/identifier.py:71: UserWarning: Invalid uuid: neutron. To ensure interoperability, identifiers should be a valid uuid. warnings.warn(('Invalid uuid: %s. To ensure interoperability, '
2026-05-30 03:07:13.725 9 INFO neutron.api.wsgi [req-8ff11797-27f5-4a7f-a06e-0c1c50882d1d req-d364cbfb-70ef-4d55-8d0d-0334d4086eda de22f10b7bce4dfdb31f2e95203cc9dc d696a7b8475b47d98a1dd2dcf2879aab - - 540244188f344bb38ea18e82208c5849 540244188f344bb38ea18e82208c5849] 199.204.45.72 "GET /v2.0/ports?tenant_id=0d1e6166294741259a78c4fec6748a65&device_id=e36a332a-7bf9-426b-8771-53a2b01d420b HTTP/1.1" status: 200 len: 1413 time: 0.0416131
2026-05-30 03:07:13.779 9 INFO neutron.api.wsgi [req-8ff11797-27f5-4a7f-a06e-0c1c50882d1d req-a9209589-086e-4404-b7ee-ef7ff35c4785 de22f10b7bce4dfdb31f2e95203cc9dc d696a7b8475b47d98a1dd2dcf2879aab - - 540244188f344bb38ea18e82208c5849 540244188f344bb38ea18e82208c5849] 199.204.45.72 "GET /v2.0/networks?id=1e4bef1b-6122-48e7-a935-b6204a371354 HTTP/1.1" status: 200 len: 974 time: 0.0496194
2026-05-30 03:07:13.826 9 INFO neutron.services.segments.plugin [-] Segment 99ef1d44-b489-401b-ba6b-252142962772 resource provider aggregate not found
2026-05-30 03:07:13.836 9 INFO neutron.services.segments.plugin [-] Segment 99ef1d44-b489-401b-ba6b-252142962772 resource provider aggregate not found
2026-05-30 03:07:13.839 9 INFO neutron.services.segments.plugin [-] Segment 99ef1d44-b489-401b-ba6b-252142962772 resource provider not found; error: Placement Client Error (4xx): {"errors": [{"status": 404, "title": "Not Found", "detail": "The resource could not be found.\n\n No resource provider with uuid 99ef1d44-b489-401b-ba6b-252142962772 found for delete ", "request_id": "req-9e1b7a18-3d85-4a0c-99cc-1e43ba32be07"}]}
2026-05-30 03:07:13.843 9 INFO neutron.plugins.ml2.drivers.ovn.mech_driver.mech_driver [None req-5fa6605f-ece2-44bc-8a80-779e1890f109 - - - - - -] OVN reports status down for port: 4b660bd9-d53f-4951-aacb-e9f9a8c89e2b
2026-05-30 03:07:13.847 9 INFO neutron.api.wsgi [req-8ff11797-27f5-4a7f-a06e-0c1c50882d1d req-2b6dd1ca-707c-4b06-be06-b129939676a8 de22f10b7bce4dfdb31f2e95203cc9dc d696a7b8475b47d98a1dd2dcf2879aab - - 540244188f344bb38ea18e82208c5849 540244188f344bb38ea18e82208c5849] 199.204.45.72 "GET /v2.0/floatingips?fixed_ip_address=10.100.0.13&port_id=5cbc4b8e-5c29-4d01-85fb-559f6e2d5904 HTTP/1.1" status: 200 len: 1060 time: 0.0605402
2026-05-30 03:07:13.857 9 INFO neutron.services.segments.plugin [-] Segment 99ef1d44-b489-401b-ba6b-252142962772 resource provider not found; error: Placement Client Error (4xx): {"errors": [{"status": 404, "title": "Not Found", "detail": "The resource could not be found.\n\n No resource provider with uuid 99ef1d44-b489-401b-ba6b-252142962772 found for delete ", "request_id": "req-f75f2b70-2c3f-4786-91d3-f8866064de4c"}]}
2026-05-30 03:07:13.883 10 INFO neutron.db.ovn_revision_numbers_db [None req-93a60432-8cfe-4c4b-94ca-68f3c8b8ee4e f4801e814e5343e88782ca4c781c2c0e 8c14323099724698b6377c30b5ec8649 - - default default] Successfully bumped revision number for resource 4b660bd9-d53f-4951-aacb-e9f9a8c89e2b (type: ports) to 2
2026-05-30 03:07:13.885 9 INFO neutron.api.wsgi [req-8ff11797-27f5-4a7f-a06e-0c1c50882d1d req-184bc3e2-9b08-486b-8b81-f9a810d5356f de22f10b7bce4dfdb31f2e95203cc9dc d696a7b8475b47d98a1dd2dcf2879aab - - 540244188f344bb38ea18e82208c5849 540244188f344bb38ea18e82208c5849] 199.204.45.72 "GET /v2.0/subnets?id=34dcc4bc-3ec6-4eea-8ced-90c557ef9159 HTTP/1.1" status: 200 len: 893 time: 0.0311763
2026-05-30 03:07:13.897 10 INFO neutron.api.wsgi [None req-93a60432-8cfe-4c4b-94ca-68f3c8b8ee4e f4801e814e5343e88782ca4c781c2c0e 8c14323099724698b6377c30b5ec8649 - - default default] 10.0.0.50 "PUT /v2.0/ports/4b660bd9-d53f-4951-aacb-e9f9a8c89e2b HTTP/1.1" status: 200 len: 946 time: 0.3282230 /var/lib/openstack/lib/python3.12/site-packages/pycadf/identifier.py:71: UserWarning: Invalid uuid: neutron. To ensure interoperability, identifiers should be a valid uuid. warnings.warn(('Invalid uuid: %s. To ensure interoperability, '
2026-05-30 03:07:13.914 9 INFO neutron.api.wsgi [req-8ff11797-27f5-4a7f-a06e-0c1c50882d1d req-6228aec1-26e2-495f-a38b-5d808f6c9601 de22f10b7bce4dfdb31f2e95203cc9dc d696a7b8475b47d98a1dd2dcf2879aab - - 540244188f344bb38ea18e82208c5849 540244188f344bb38ea18e82208c5849] 199.204.45.72 "GET /v2.0/ports?network_id=1e4bef1b-6122-48e7-a935-b6204a371354&device_owner=network%3Adhcp HTTP/1.1" status: 200 len: 210 time: 0.0230935
2026-05-30 03:07:13.968 9 INFO neutron.api.wsgi [req-8ff11797-27f5-4a7f-a06e-0c1c50882d1d req-d8a48800-1447-4d52-99aa-e6e47fd358c1 de22f10b7bce4dfdb31f2e95203cc9dc d696a7b8475b47d98a1dd2dcf2879aab - - 540244188f344bb38ea18e82208c5849 540244188f344bb38ea18e82208c5849] 199.204.45.72 "GET /v2.0/networks/1e4bef1b-6122-48e7-a935-b6204a371354?fields=segments HTTP/1.1" status: 200 len: 212 time: 0.0475202
2026-05-30 03:07:14.028 9 INFO neutron.api.wsgi [req-8ff11797-27f5-4a7f-a06e-0c1c50882d1d req-41223e2d-f2b1-4888-b887-7902322854c1 de22f10b7bce4dfdb31f2e95203cc9dc d696a7b8475b47d98a1dd2dcf2879aab - - 540244188f344bb38ea18e82208c5849 540244188f344bb38ea18e82208c5849] 199.204.45.72 "GET /v2.0/networks/1e4bef1b-6122-48e7-a935-b6204a371354?fields=provider%3Aphysical_network&fields=provider%3Anetwork_type HTTP/1.1" status: 200 len: 277 time: 0.0538402
2026-05-30 03:07:14.163 10 INFO neutron.api.wsgi [None req-4f4eb1b4-4105-4c1f-a49d-ec2770762839 f4801e814e5343e88782ca4c781c2c0e 8c14323099724698b6377c30b5ec8649 - - default default] 10.0.0.50 "DELETE /v2.0/ports/4b660bd9-d53f-4951-aacb-e9f9a8c89e2b HTTP/1.1" status: 204 len: 168 time: 0.2591698
2026-05-30 03:07:14.209 10 INFO neutron.api.wsgi [None req-7da2c086-d618-4128-9425-05778d92cebb f4801e814e5343e88782ca4c781c2c0e 8c14323099724698b6377c30b5ec8649 - - default default] 10.0.0.50 "GET /v2.0/ports HTTP/1.1" status: 200 len: 1726 time: 0.0383840
2026-05-30 03:07:14.228 10 INFO neutron.pecan_wsgi.hooks.translation [None req-f16379ee-0cad-41a5-b829-4750573ab29c f4801e814e5343e88782ca4c781c2c0e 8c14323099724698b6377c30b5ec8649 - - default default] GET failed (client error): The resource could not be found.
2026-05-30 03:07:14.229 10 INFO neutron.api.wsgi [None req-f16379ee-0cad-41a5-b829-4750573ab29c f4801e814e5343e88782ca4c781c2c0e 8c14323099724698b6377c30b5ec8649 - - default default] 10.0.0.50 "GET /v2.0/ports/4b660bd9-d53f-4951-aacb-e9f9a8c89e2b HTTP/1.1" status: 404 len: 333 time: 0.0147095
2026-05-30 03:07:14.269 10 INFO neutron.api.wsgi [None req-392ff090-a772-4add-950e-7d0d0623d7dc f4801e814e5343e88782ca4c781c2c0e 8c14323099724698b6377c30b5ec8649 - - default default] 10.0.0.50 "GET /v2.0/ports HTTP/1.1" status: 200 len: 1726 time: 0.0320053
2026-05-30 03:07:14.306 10 INFO neutron.api.wsgi [None req-f539e0f2-a814-4073-8537-06448c15730f f4801e814e5343e88782ca4c781c2c0e 8c14323099724698b6377c30b5ec8649 - - default default] 10.0.0.50 "GET /v2.0/ports/50826046-dd58-459b-85eb-aa5bc28ea4eb HTTP/1.1" status: 200 len: 966 time: 0.0322762
2026-05-30 03:07:14.326 10 INFO neutron.pecan_wsgi.hooks.translation [None req-c458aeb9-2cac-422b-acd1-a19776b46c87 f4801e814e5343e88782ca4c781c2c0e 8c14323099724698b6377c30b5ec8649 - - default default] DELETE failed (client error): The resource could not be found.
2026-05-30 03:07:14.329 10 INFO neutron.api.wsgi [None req-c458aeb9-2cac-422b-acd1-a19776b46c87 f4801e814e5343e88782ca4c781c2c0e 8c14323099724698b6377c30b5ec8649 - - default default] 10.0.0.50 "DELETE /v2.0/ports/c19a273f-e1e8-4d2f-b1f9-dc2e46f277a4 HTTP/1.1" status: 404 len: 333 time: 0.0165374
2026-05-30 03:07:14.347 10 INFO neutron.pecan_wsgi.hooks.translation [None req-6168af18-dc73-40df-8db1-38812ee98f5d f4801e814e5343e88782ca4c781c2c0e 8c14323099724698b6377c30b5ec8649 - - default default] DELETE failed (client error): The resource could not be found.
2026-05-30 03:07:14.350 10 INFO neutron.api.wsgi [None req-6168af18-dc73-40df-8db1-38812ee98f5d f4801e814e5343e88782ca4c781c2c0e 8c14323099724698b6377c30b5ec8649 - - default default] 10.0.0.50 "DELETE /v2.0/subnets/d5f8ef9c-a4ac-4352-bf26-de3f80380f12 HTTP/1.1" status: 404 len: 337 time: 0.0146081
2026-05-30 03:07:14.363 10 INFO neutron.pecan_wsgi.hooks.translation [None req-d9e7d0c7-02e7-412f-9deb-ce7d235cf4ad f4801e814e5343e88782ca4c781c2c0e 8c14323099724698b6377c30b5ec8649 - - default default] DELETE failed (client error): The resource could not be found.
2026-05-30 03:07:14.365 10 INFO neutron.api.wsgi [None req-d9e7d0c7-02e7-412f-9deb-ce7d235cf4ad f4801e814e5343e88782ca4c781c2c0e 8c14323099724698b6377c30b5ec8649 - - default default] 10.0.0.50 "DELETE /v2.0/subnets/9ce1a2f0-e78f-4ac6-8b0c-7c4a6e1f3212 HTTP/1.1" status: 404 len: 337 time: 0.0113249
2026-05-30 03:07:14.602 10 INFO neutron.api.wsgi [None req-3e479b86-cb0f-4118-afa2-412dd00ac75e f4801e814e5343e88782ca4c781c2c0e 8c14323099724698b6377c30b5ec8649 - - default default] 10.0.0.50 "DELETE /v2.0/ports/50826046-dd58-459b-85eb-aa5bc28ea4eb HTTP/1.1" status: 204 len: 168 time: 0.2312109
2026-05-30 03:07:14.706 9 INFO neutron.db.ovn_revision_numbers_db [None req-4e9ceecb-9cba-4f3f-badf-83862b595c49 5b269b93c6fd4a6f8021a4e0ea1fed9b 67ae0794042149f4a396eb9cd2d12b7e - - default default] Successfully bumped revision number for resource 948b0b27-73ce-4ede-9972-4dacaba873ef (type: security_groups) to 1
2026-05-30 03:07:14.725 9 INFO neutron.db.ovn_revision_numbers_db [None req-4e9ceecb-9cba-4f3f-badf-83862b595c49 5b269b93c6fd4a6f8021a4e0ea1fed9b 67ae0794042149f4a396eb9cd2d12b7e - - default default] Successfully bumped revision number for resource 0394bdf3-9fd2-4465-9956-595076c6d4ce (type: security_group_rules) to 0
2026-05-30 03:07:14.743 9 INFO neutron.db.ovn_revision_numbers_db [None req-4e9ceecb-9cba-4f3f-badf-83862b595c49 5b269b93c6fd4a6f8021a4e0ea1fed9b 67ae0794042149f4a396eb9cd2d12b7e - - default default] Successfully bumped revision number for resource 51a2376f-8ac8-4c3b-9af2-76971667ab48 (type: security_group_rules) to 0
2026-05-30 03:07:14.759 9 INFO neutron.db.ovn_revision_numbers_db [None req-4e9ceecb-9cba-4f3f-badf-83862b595c49 5b269b93c6fd4a6f8021a4e0ea1fed9b 67ae0794042149f4a396eb9cd2d12b7e - - default default] Successfully bumped revision number for resource 6081722d-3bf9-4278-b299-f0edaef1854e (type: security_group_rules) to 0
2026-05-30 03:07:14.780 9 INFO neutron.db.ovn_revision_numbers_db [None req-4e9ceecb-9cba-4f3f-badf-83862b595c49 5b269b93c6fd4a6f8021a4e0ea1fed9b 67ae0794042149f4a396eb9cd2d12b7e - - default default] Successfully bumped revision number for resource f8819e08-0b39-44dd-8c0b-6a3a74d4d35c (type: security_group_rules) to 0
2026-05-30 03:07:14.815 10 WARNING neutron_lib.context [None req-05220f03-2b49-4d26-abe2-dbc7dffa398b f9aa10a3b1e642bba2639c64587bbb8a 2ecffa2ec8b04d59aaeef1e31b4cccc6 - - default default] Method 'is_advsvc' is deprecated since 2023.2 release (neutron-lib 3.8.0) and will be removed once support for the old RBAC API policies will be removed from Neutron. Please use method 'is_service_role' instead.
2026-05-30 03:07:14.818 9 INFO neutron.api.wsgi [None req-4e9ceecb-9cba-4f3f-badf-83862b595c49 5b269b93c6fd4a6f8021a4e0ea1fed9b 67ae0794042149f4a396eb9cd2d12b7e - - default default] 10.0.0.50 "GET /v2.0/security-groups?tenant_id=d8276c4ab4dc4772886ad3a7b683866a&name=default HTTP/1.1" status: 200 len: 3120 time: 0.4785202
2026-05-30 03:07:14.974 9 INFO neutron.api.wsgi [None req-56743a64-aa83-47ec-85c5-ea4a2f960a43 f4801e814e5343e88782ca4c781c2c0e 8c14323099724698b6377c30b5ec8649 - - default default] 10.0.0.50 "DELETE /v2.0/networks/d5bba79a-7dae-4f2a-a822-d93ea62a9561 HTTP/1.1" status: 204 len: 168 time: 0.3662932
2026-05-30 03:07:14.989 10 INFO neutron.db.ovn_revision_numbers_db [None req-05220f03-2b49-4d26-abe2-dbc7dffa398b f9aa10a3b1e642bba2639c64587bbb8a 2ecffa2ec8b04d59aaeef1e31b4cccc6 - - default default] Successfully bumped revision number for resource 5cd23d6c-4a7d-4419-a514-425967f4317f (type: security_groups) to 1
2026-05-30 03:07:15.005 10 INFO neutron.db.ovn_revision_numbers_db [None req-05220f03-2b49-4d26-abe2-dbc7dffa398b f9aa10a3b1e642bba2639c64587bbb8a 2ecffa2ec8b04d59aaeef1e31b4cccc6 - - default default] Successfully bumped revision number for resource 34bec095-5fca-4979-86af-3a0fcb892c87 (type: security_group_rules) to 0
2026-05-30 03:07:15.023 10 INFO neutron.db.ovn_revision_numbers_db [None req-05220f03-2b49-4d26-abe2-dbc7dffa398b f9aa10a3b1e642bba2639c64587bbb8a 2ecffa2ec8b04d59aaeef1e31b4cccc6 - - default default] Successfully bumped revision number for resource 7fcd31bc-2c97-4eba-88e9-1deb6951d553 (type: security_group_rules) to 0
2026-05-30 03:07:15.034 10 INFO neutron.db.ovn_revision_numbers_db [None req-05220f03-2b49-4d26-abe2-dbc7dffa398b f9aa10a3b1e642bba2639c64587bbb8a 2ecffa2ec8b04d59aaeef1e31b4cccc6 - - default default] Successfully bumped revision number for resource e0d6476d-5a84-4314-8e9d-408162169379 (type: security_group_rules) to 0
2026-05-30 03:07:15.050 10 INFO neutron.db.ovn_revision_numbers_db [None req-05220f03-2b49-4d26-abe2-dbc7dffa398b f9aa10a3b1e642bba2639c64587bbb8a 2ecffa2ec8b04d59aaeef1e31b4cccc6 - - default default] Successfully bumped revision number for resource fd2d59de-7ab7-4208-9a17-19c40e1fb932 (type: security_group_rules) to 0
2026-05-30 03:07:15.070 10 INFO neutron.api.wsgi [None req-6724f229-567f-4098-95ed-afb2c330369e 5b269b93c6fd4a6f8021a4e0ea1fed9b 67ae0794042149f4a396eb9cd2d12b7e - - default default] 10.0.0.50 "DELETE /v2.0/security-groups/948b0b27-73ce-4ede-9972-4dacaba873ef HTTP/1.1" status: 204 len: 168 time: 0.2449584
2026-05-30 03:07:15.160 10 INFO neutron.db.ovn_revision_numbers_db [None req-05220f03-2b49-4d26-abe2-dbc7dffa398b f9aa10a3b1e642bba2639c64587bbb8a 2ecffa2ec8b04d59aaeef1e31b4cccc6 - - default default] Successfully bumped revision number for resource 3a85dd7b-9827-4e5f-b69a-9acad6d178ba (type: security_groups) to 1
2026-05-30 03:07:15.173 10 INFO neutron.db.ovn_revision_numbers_db [None req-05220f03-2b49-4d26-abe2-dbc7dffa398b f9aa10a3b1e642bba2639c64587bbb8a 2ecffa2ec8b04d59aaeef1e31b4cccc6 - - default default] Successfully bumped revision number for resource 81c95faa-cc76-4ef2-b53d-8796389dfec8 (type: security_group_rules) to 0
2026-05-30 03:07:15.186 10 INFO neutron.db.ovn_revision_numbers_db [None req-05220f03-2b49-4d26-abe2-dbc7dffa398b f9aa10a3b1e642bba2639c64587bbb8a 2ecffa2ec8b04d59aaeef1e31b4cccc6 - - default default] Successfully bumped revision number for resource 9cc279d7-1296-4aef-a4f2-ae5ca7fe87d1 (type: security_group_rules) to 0
2026-05-30 03:07:15.223 9 INFO neutron.api.wsgi [-] 10.0.0.122 "GET / HTTP/1.1" status: 200 len: 247 time: 0.0104454
2026-05-30 03:07:15.225 9 INFO neutron.api.wsgi [-] 10.0.0.122 "GET / HTTP/1.1" status: 200 len: 247 time: 0.0011139
2026-05-30 03:07:15.228 10 INFO neutron.api.wsgi [None req-05220f03-2b49-4d26-abe2-dbc7dffa398b f9aa10a3b1e642bba2639c64587bbb8a 2ecffa2ec8b04d59aaeef1e31b4cccc6 - - default default] 10.0.0.50 "POST /v2.0/security-groups HTTP/1.1" status: 201 len: 1824 time: 0.4558558
2026-05-30 03:07:15.278 10 INFO neutron.api.wsgi [None req-a9e5e666-c9b6-429f-8066-282c68bd4ce7 f9aa10a3b1e642bba2639c64587bbb8a 2ecffa2ec8b04d59aaeef1e31b4cccc6 - - default default] 10.0.0.50 "GET /v2.0/security-groups HTTP/1.1" status: 200 len: 4724 time: 0.0443914
2026-05-30 03:07:15.367 10 INFO neutron.db.ovn_revision_numbers_db [None req-4b7926f4-a10a-4f15-9893-8b2bf15495d1 f9aa10a3b1e642bba2639c64587bbb8a 2ecffa2ec8b04d59aaeef1e31b4cccc6 - - default default] Successfully bumped revision number for resource 3a85dd7b-9827-4e5f-b69a-9acad6d178ba (type: security_groups) to 2
2026-05-30 03:07:15.399 10 INFO neutron.api.wsgi [None req-4b7926f4-a10a-4f15-9893-8b2bf15495d1 f9aa10a3b1e642bba2639c64587bbb8a 2ecffa2ec8b04d59aaeef1e31b4cccc6 - - default default] 10.0.0.50 "PUT /v2.0/security-groups/3a85dd7b-9827-4e5f-b69a-9acad6d178ba HTTP/1.1" status: 200 len: 1858 time: 0.1150286
2026-05-30 03:07:15.400 10 INFO neutron.db.ovn_revision_numbers_db [None req-df2b8fa8-ccbf-4de5-b528-09c3f5b43d41 5b269b93c6fd4a6f8021a4e0ea1fed9b 67ae0794042149f4a396eb9cd2d12b7e - - default default] Successfully bumped revision number for resource 4bad7120-c2b5-4f23-81f3-d431fee76ce9 (type: security_groups) to 1
2026-05-30 03:07:15.415 10 INFO neutron.db.ovn_revision_numbers_db [None req-df2b8fa8-ccbf-4de5-b528-09c3f5b43d41 5b269b93c6fd4a6f8021a4e0ea1fed9b 67ae0794042149f4a396eb9cd2d12b7e - - default default] Successfully bumped revision number for resource 3fa23947-908f-4830-ad8d-babeae2e754c (type: security_group_rules) to 0
2026-05-30 03:07:15.431 10 INFO neutron.db.ovn_revision_numbers_db [None req-df2b8fa8-ccbf-4de5-b528-09c3f5b43d41 5b269b93c6fd4a6f8021a4e0ea1fed9b 67ae0794042149f4a396eb9cd2d12b7e - - default default] Successfully bumped revision number for resource 7b5677d5-9267-4681-9350-c88f4d1fdd00 (type: security_group_rules) to 0
2026-05-30 03:07:15.456 9 INFO neutron.api.wsgi [None req-7bd0cbbb-c0f4-4022-8e05-680d740b087d f9aa10a3b1e642bba2639c64587bbb8a 2ecffa2ec8b04d59aaeef1e31b4cccc6 - - default default] 10.0.0.50 "GET /v2.0/security-groups/3a85dd7b-9827-4e5f-b69a-9acad6d178ba HTTP/1.1" status: 200 len: 1858 time: 0.0498531
2026-05-30 03:07:15.486 10 INFO neutron.db.ovn_revision_numbers_db [None req-df2b8fa8-ccbf-4de5-b528-09c3f5b43d41 5b269b93c6fd4a6f8021a4e0ea1fed9b 67ae0794042149f4a396eb9cd2d12b7e - - default default] Successfully bumped revision number for resource abbc8e80-4e80-4f20-9bc7-21eeb25a77d8 (type: security_group_rules) to 0
2026-05-30 03:07:15.505 10 INFO neutron.db.ovn_revision_numbers_db [None req-df2b8fa8-ccbf-4de5-b528-09c3f5b43d41 5b269b93c6fd4a6f8021a4e0ea1fed9b 67ae0794042149f4a396eb9cd2d12b7e - - default default] Successfully bumped revision number for resource fd37d5e5-3d56-4ee2-ba11-9cf80584b403 (type: security_group_rules) to 0
2026-05-30 03:07:15.553 10 INFO neutron.api.wsgi [None req-df2b8fa8-ccbf-4de5-b528-09c3f5b43d41 5b269b93c6fd4a6f8021a4e0ea1fed9b 67ae0794042149f4a396eb9cd2d12b7e - - default default] 10.0.0.50 "GET /v2.0/security-groups?tenant_id=d7395e2e823b4389bd14682bf424d163&name=default HTTP/1.1" status: 200 len: 3120 time: 0.2988455
2026-05-30 03:07:15.583 9 INFO neutron.api.wsgi [None req-46db0120-3d4d-4db1-8dd7-1cc84f03f4da f9aa10a3b1e642bba2639c64587bbb8a 2ecffa2ec8b04d59aaeef1e31b4cccc6 - - default default] 10.0.0.50 "DELETE /v2.0/security-groups/3a85dd7b-9827-4e5f-b69a-9acad6d178ba HTTP/1.1" status: 204 len: 168 time: 0.1199646
2026-05-30 03:07:15.618 10 INFO neutron.api.wsgi [None req-4de59359-06bb-4935-a755-888601870c18 5b269b93c6fd4a6f8021a4e0ea1fed9b 67ae0794042149f4a396eb9cd2d12b7e - - default default] 10.0.0.50 "GET /v2.0/security-groups?tenant_id=8c14323099724698b6377c30b5ec8649&name=default HTTP/1.1" status: 200 len: 3120 time: 0.1393600
2026-05-30 03:07:15.637 9 INFO neutron.api.wsgi [None req-226eeefe-43e1-4d3b-8de9-e95b158ae95f f9aa10a3b1e642bba2639c64587bbb8a 2ecffa2ec8b04d59aaeef1e31b4cccc6 - - default default] 10.0.0.50 "GET /v2.0/security-groups HTTP/1.1" status: 200 len: 3120 time: 0.0452754
2026-05-30 03:07:15.658 9 INFO neutron.api.v2.resource [None req-53227d90-66cb-4063-8ac5-7f86f9abd1a5 f9aa10a3b1e642bba2639c64587bbb8a 2ecffa2ec8b04d59aaeef1e31b4cccc6 - - default default] delete failed (client error): The resource could not be found.
2026-05-30 03:07:15.659 9 INFO neutron.api.wsgi [None req-53227d90-66cb-4063-8ac5-7f86f9abd1a5 f9aa10a3b1e642bba2639c64587bbb8a 2ecffa2ec8b04d59aaeef1e31b4cccc6 - - default default] 10.0.0.50 "DELETE /v2.0/security-groups/3a85dd7b-9827-4e5f-b69a-9acad6d178ba HTTP/1.1" status: 404 len: 347 time: 0.0151131
2026-05-30 03:07:15.675 9 WARNING neutron_lib.context [None req-a687bd29-c905-4086-b92b-3b32d66b5c4d f9aa10a3b1e642bba2639c64587bbb8a 2ecffa2ec8b04d59aaeef1e31b4cccc6 - - default default] Method 'is_advsvc' is deprecated since 2023.2 release (neutron-lib 3.8.0) and will be removed once support for the old RBAC API policies will be removed from Neutron. Please use method 'is_service_role' instead.
2026-05-30 03:07:15.799 9 INFO neutron.db.ovn_revision_numbers_db [None req-a687bd29-c905-4086-b92b-3b32d66b5c4d f9aa10a3b1e642bba2639c64587bbb8a 2ecffa2ec8b04d59aaeef1e31b4cccc6 - - default default] Successfully bumped revision number for resource 4c78ce17-0101-4e8b-b21d-520cfde3df62 (type: security_groups) to 1
2026-05-30 03:07:15.816 9 INFO neutron.db.ovn_revision_numbers_db [None req-a687bd29-c905-4086-b92b-3b32d66b5c4d f9aa10a3b1e642bba2639c64587bbb8a 2ecffa2ec8b04d59aaeef1e31b4cccc6 - - default default] Successfully bumped revision number for resource 1dcd42a2-dc15-4126-a075-45c6e823b682 (type: security_group_rules) to 0
2026-05-30 03:07:15.829 9 INFO neutron.db.ovn_revision_numbers_db [None req-a687bd29-c905-4086-b92b-3b32d66b5c4d f9aa10a3b1e642bba2639c64587bbb8a 2ecffa2ec8b04d59aaeef1e31b4cccc6 - - default default] Successfully bumped revision number for resource f8795ef9-b17f-46f6-a3ab-576ecc39ee64 (type: security_group_rules) to 0
2026-05-30 03:07:15.843 10 INFO neutron.api.wsgi [None req-9892d257-5414-4c22-8acd-8159d09373ef 5b269b93c6fd4a6f8021a4e0ea1fed9b 67ae0794042149f4a396eb9cd2d12b7e - - default default] 10.0.0.50 "DELETE /v2.0/security-groups/4bad7120-c2b5-4f23-81f3-d431fee76ce9 HTTP/1.1" status: 204 len: 168 time: 0.2825871
2026-05-30 03:07:15.856 9 INFO neutron.services.segments.plugin [-] Segment cafca014-632c-4b1e-a389-f8a8d59590fc resource provider aggregate not found
2026-05-30 03:07:15.893 9 INFO neutron.services.segments.plugin [-] Segment cafca014-632c-4b1e-a389-f8a8d59590fc resource provider not found; error: Placement Client Error (4xx): {"errors": [{"status": 404, "title": "Not Found", "detail": "The resource could not be found.\n\n No resource provider with uuid cafca014-632c-4b1e-a389-f8a8d59590fc found for delete ", "request_id": "req-2d0f29c8-0441-4110-bd66-ae12fb8161bd"}]}
2026-05-30 03:07:15.895 9 INFO neutron.services.segments.plugin [-] Segment cafca014-632c-4b1e-a389-f8a8d59590fc resource provider aggregate not found
2026-05-30 03:07:15.901 10 INFO neutron.api.wsgi [None req-78b493d4-8c11-48dd-b5c3-dfedaf10b10d 5b269b93c6fd4a6f8021a4e0ea1fed9b 67ae0794042149f4a396eb9cd2d12b7e - - default default] 10.0.0.50 "DELETE /v2.0/security-groups/c6523d2d-9dd6-4cf2-980a-57fe26d008c8 HTTP/1.1" status: 204 len: 168 time: 0.2774622
2026-05-30 03:07:15.911 9 INFO neutron.api.wsgi [None req-a687bd29-c905-4086-b92b-3b32d66b5c4d f9aa10a3b1e642bba2639c64587bbb8a 2ecffa2ec8b04d59aaeef1e31b4cccc6 - - default default] 10.0.0.50 "POST /v2.0/security-groups HTTP/1.1" status: 201 len: 1824 time: 0.2419667
2026-05-30 03:07:15.914 9 INFO neutron.services.segments.plugin [-] Segment cafca014-632c-4b1e-a389-f8a8d59590fc resource provider not found; error: Placement Client Error (4xx): {"errors": [{"status": 404, "title": "Not Found", "detail": "The resource could not be found.\n\n No resource provider with uuid cafca014-632c-4b1e-a389-f8a8d59590fc found for delete ", "request_id": "req-a8d5364d-5804-4f49-9e8d-9c76c3344133"}]}
2026-05-30 03:07:15.924 9 WARNING neutron_lib.context [None req-36d81617-9f8c-4e39-b218-f878ac58e299 f9aa10a3b1e642bba2639c64587bbb8a 2ecffa2ec8b04d59aaeef1e31b4cccc6 - - default default] Method 'is_advsvc' is deprecated since 2023.2 release (neutron-lib 3.8.0) and will be removed once support for the old RBAC API policies will be removed from Neutron. Please use method 'is_service_role' instead.
2026-05-30 03:07:16.093 9 INFO neutron.db.ovn_revision_numbers_db [None req-36d81617-9f8c-4e39-b218-f878ac58e299 f9aa10a3b1e642bba2639c64587bbb8a 2ecffa2ec8b04d59aaeef1e31b4cccc6 - - default default] Successfully bumped revision number for resource 01b1d79a-94bc-4fad-941a-aaf794003ea8 (type: security_group_rules) to 0
2026-05-30 03:07:16.127 9 INFO neutron.api.wsgi [None req-36d81617-9f8c-4e39-b218-f878ac58e299 f9aa10a3b1e642bba2639c64587bbb8a 2ecffa2ec8b04d59aaeef1e31b4cccc6 - - default default] 10.0.0.50 "POST /v2.0/security-group-rules HTTP/1.1" status: 201 len: 800 time: 0.2097685
2026-05-30 03:07:16.194 10 INFO neutron.api.wsgi [None req-aaff3b5b-eee0-4bcc-8240-072d064add5f f9aa10a3b1e642bba2639c64587bbb8a 2ecffa2ec8b04d59aaeef1e31b4cccc6 - - default default] 10.0.0.50 "GET /v2.0/security-group-rules/01b1d79a-94bc-4fad-941a-aaf794003ea8 HTTP/1.1" status: 200 len: 795 time: 0.0607355
2026-05-30 03:07:16.282 10 INFO neutron.api.wsgi [None req-691d5c10-9b7c-4ffb-99c8-b74f1d1edd14 f9aa10a3b1e642bba2639c64587bbb8a 2ecffa2ec8b04d59aaeef1e31b4cccc6 - - default default] 10.0.0.50 "GET /v2.0/security-group-rules HTTP/1.1" status: 200 len: 4333 time: 0.0822632
2026-05-30 03:07:16.408 10 INFO neutron.api.wsgi [None req-db4e2cf5-d97a-400e-95fd-3dff71ca16db f9aa10a3b1e642bba2639c64587bbb8a 2ecffa2ec8b04d59aaeef1e31b4cccc6 - - default default] 10.0.0.50 "DELETE /v2.0/security-group-rules/01b1d79a-94bc-4fad-941a-aaf794003ea8 HTTP/1.1" status: 204 len: 168 time: 0.1195989
2026-05-30 03:07:16.486 9 INFO neutron.api.wsgi [None req-61345c22-4f78-4715-a525-8775afbf49fb f9aa10a3b1e642bba2639c64587bbb8a 2ecffa2ec8b04d59aaeef1e31b4cccc6 - - default default] 10.0.0.50 "GET /v2.0/security-group-rules HTTP/1.1" status: 200 len: 3755 time: 0.0737660
2026-05-30 03:07:16.497 9 WARNING neutron_lib.context [None req-37cf0367-440d-4b75-bff4-25655a47a339 f9aa10a3b1e642bba2639c64587bbb8a 2ecffa2ec8b04d59aaeef1e31b4cccc6 - - default default] Method 'is_advsvc' is deprecated since 2023.2 release (neutron-lib 3.8.0) and will be removed once support for the old RBAC API policies will be removed from Neutron. Please use method 'is_service_role' instead.
2026-05-30 03:07:16.610 9 INFO neutron.db.ovn_revision_numbers_db [None req-37cf0367-440d-4b75-bff4-25655a47a339 f9aa10a3b1e642bba2639c64587bbb8a 2ecffa2ec8b04d59aaeef1e31b4cccc6 - - default default] Successfully bumped revision number for resource 8ea2f07d-fc88-42a4-89f6-201633b5aa6e (type: security_group_rules) to 0
2026-05-30 03:07:16.641 9 INFO neutron.api.wsgi [None req-37cf0367-440d-4b75-bff4-25655a47a339 f9aa10a3b1e642bba2639c64587bbb8a 2ecffa2ec8b04d59aaeef1e31b4cccc6 - - default default] 10.0.0.50 "POST /v2.0/security-group-rules HTTP/1.1" status: 201 len: 800 time: 0.1483111
2026-05-30 03:07:16.664 9 INFO neutron.api.wsgi [None req-52d998e7-5728-497a-97fa-6f1e8725f866 f9aa10a3b1e642bba2639c64587bbb8a 2ecffa2ec8b04d59aaeef1e31b4cccc6 - - default default] 10.0.0.50 "GET /v2.0/security-group-rules/8ea2f07d-fc88-42a4-89f6-201633b5aa6e HTTP/1.1" status: 200 len: 795 time: 0.0165710
2026-05-30 03:07:16.742 9 INFO neutron.api.wsgi [None req-ca3b10b0-b2ed-42ae-a960-bc458c9066f4 f9aa10a3b1e642bba2639c64587bbb8a 2ecffa2ec8b04d59aaeef1e31b4cccc6 - - default default] 10.0.0.50 "GET /v2.0/security-group-rules HTTP/1.1" status: 200 len: 4333 time: 0.0721738
2026-05-30 03:07:16.852 10 INFO neutron.api.wsgi [None req-d7b8d860-e818-4bd5-bf02-64108ebb153d f9aa10a3b1e642bba2639c64587bbb8a 2ecffa2ec8b04d59aaeef1e31b4cccc6 - - default default] 10.0.0.50 "DELETE /v2.0/security-group-rules/8ea2f07d-fc88-42a4-89f6-201633b5aa6e HTTP/1.1" status: 204 len: 168 time: 0.1047370
2026-05-30 03:07:16.907 10 INFO neutron.api.wsgi [None req-d2481866-99b1-4af5-88cf-272e7646c633 f9aa10a3b1e642bba2639c64587bbb8a 2ecffa2ec8b04d59aaeef1e31b4cccc6 - - default default] 10.0.0.50 "GET /v2.0/security-group-rules HTTP/1.1" status: 200 len: 3755 time: 0.0493746
2026-05-30 03:07:16.915 10 WARNING neutron_lib.context [None req-b156c0aa-24ee-4084-81ea-d62c34c09fd4 f9aa10a3b1e642bba2639c64587bbb8a 2ecffa2ec8b04d59aaeef1e31b4cccc6 - - default default] Method 'is_advsvc' is deprecated since 2023.2 release (neutron-lib 3.8.0) and will be removed once support for the old RBAC API policies will be removed from Neutron. Please use method 'is_service_role' instead.
2026-05-30 03:07:17.041 10 INFO neutron.db.ovn_revision_numbers_db [None req-b156c0aa-24ee-4084-81ea-d62c34c09fd4 f9aa10a3b1e642bba2639c64587bbb8a 2ecffa2ec8b04d59aaeef1e31b4cccc6 - - default default] Successfully bumped revision number for resource a65afaa6-4f9b-4d7a-8e42-09d0ede910a4 (type: security_group_rules) to 0
2026-05-30 03:07:17.072 10 INFO neutron.api.wsgi [None req-b156c0aa-24ee-4084-81ea-d62c34c09fd4 f9aa10a3b1e642bba2639c64587bbb8a 2ecffa2ec8b04d59aaeef1e31b4cccc6 - - default default] 10.0.0.50 "POST /v2.0/security-group-rules HTTP/1.1" status: 201 len: 801 time: 0.1599176
2026-05-30 03:07:17.095 10 INFO neutron.api.wsgi [None req-7e7461de-a93e-4399-a8eb-3fbcf4d7c85f f9aa10a3b1e642bba2639c64587bbb8a 2ecffa2ec8b04d59aaeef1e31b4cccc6 - - default default] 10.0.0.50 "GET /v2.0/security-group-rules/a65afaa6-4f9b-4d7a-8e42-09d0ede910a4 HTTP/1.1" status: 200 len: 796 time: 0.0151730
2026-05-30 03:07:17.160 10 INFO neutron.api.wsgi [None req-f435d81c-4e61-4d3b-bb59-94e144f5d0e8 f9aa10a3b1e642bba2639c64587bbb8a 2ecffa2ec8b04d59aaeef1e31b4cccc6 - - default default] 10.0.0.50 "GET /v2.0/security-group-rules HTTP/1.1" status: 200 len: 4334 time: 0.0568285
2026-05-30 03:07:17.288 10 INFO neutron.api.wsgi [None req-c575f212-f2a4-46eb-a8da-7a8af3816e31 f9aa10a3b1e642bba2639c64587bbb8a 2ecffa2ec8b04d59aaeef1e31b4cccc6 - - default default] 10.0.0.50 "DELETE /v2.0/security-group-rules/a65afaa6-4f9b-4d7a-8e42-09d0ede910a4 HTTP/1.1" status: 204 len: 168 time: 0.1198747
2026-05-30 03:07:17.380 10 INFO neutron.api.wsgi [None req-39e69b73-58f6-46ac-8370-ee739b2f3a22 f9aa10a3b1e642bba2639c64587bbb8a 2ecffa2ec8b04d59aaeef1e31b4cccc6 - - default default] 10.0.0.50 "GET /v2.0/security-group-rules HTTP/1.1" status: 200 len: 3755 time: 0.0844204
2026-05-30 03:07:17.496 10 INFO neutron.api.wsgi [None req-4779edfa-9d6a-46c5-b799-5ea3cc94c191 f9aa10a3b1e642bba2639c64587bbb8a 2ecffa2ec8b04d59aaeef1e31b4cccc6 - - default default] 10.0.0.50 "DELETE /v2.0/security-groups/4c78ce17-0101-4e8b-b21d-520cfde3df62 HTTP/1.1" status: 204 len: 168 time: 0.1063263
2026-05-30 03:07:17.536 10 INFO neutron.api.wsgi [None req-701fd214-8620-4b95-a04e-86825fd35ded f9aa10a3b1e642bba2639c64587bbb8a 2ecffa2ec8b04d59aaeef1e31b4cccc6 - - default default] 10.0.0.50 "GET /v2.0/security-groups HTTP/1.1" status: 200 len: 3120 time: 0.0336046
2026-05-30 03:07:17.580 10 INFO neutron.api.wsgi [None req-a1ad6e10-c3bd-4c4a-950a-9cf2d3025d1e f9aa10a3b1e642bba2639c64587bbb8a 2ecffa2ec8b04d59aaeef1e31b4cccc6 - - default default] 10.0.0.50 "GET /v2.0/security-groups HTTP/1.1" status: 200 len: 3120 time: 0.0351813
2026-05-30 03:07:17.986 9 WARNING neutron_lib.context [None req-287fad48-13f1-4ed7-968b-b4793e6bb0eb e454212e95dd40d5983802b6cc6c0ced 8bb4777ca0f64815b5b7c055203d0b2e - - default default] Method 'is_advsvc' is deprecated since 2023.2 release (neutron-lib 3.8.0) and will be removed once support for the old RBAC API policies will be removed from Neutron. Please use method 'is_service_role' instead.
2026-05-30 03:07:18.134 9 INFO neutron.db.ovn_revision_numbers_db [None req-287fad48-13f1-4ed7-968b-b4793e6bb0eb e454212e95dd40d5983802b6cc6c0ced 8bb4777ca0f64815b5b7c055203d0b2e - - default default] Successfully bumped revision number for resource 21ac1849-ef52-48a0-a669-0297596c43f7 (type: security_groups) to 1
2026-05-30 03:07:18.151 9 INFO neutron.db.ovn_revision_numbers_db [None req-287fad48-13f1-4ed7-968b-b4793e6bb0eb e454212e95dd40d5983802b6cc6c0ced 8bb4777ca0f64815b5b7c055203d0b2e - - default default] Successfully bumped revision number for resource 07cfea98-da27-4042-82c0-b7fea28edcd0 (type: security_group_rules) to 0
2026-05-30 03:07:18.167 9 INFO neutron.db.ovn_revision_numbers_db [None req-287fad48-13f1-4ed7-968b-b4793e6bb0eb e454212e95dd40d5983802b6cc6c0ced 8bb4777ca0f64815b5b7c055203d0b2e - - default default] Successfully bumped revision number for resource c068a729-b752-4efb-a096-32488858a9ce (type: security_group_rules) to 0
2026-05-30 03:07:18.181 9 INFO neutron.db.ovn_revision_numbers_db [None req-287fad48-13f1-4ed7-968b-b4793e6bb0eb e454212e95dd40d5983802b6cc6c0ced 8bb4777ca0f64815b5b7c055203d0b2e - - default default] Successfully bumped revision number for resource d53940bb-49db-4682-8087-6757072fce5e (type: security_group_rules) to 0
2026-05-30 03:07:18.193 9 INFO neutron.db.ovn_revision_numbers_db [None req-287fad48-13f1-4ed7-968b-b4793e6bb0eb e454212e95dd40d5983802b6cc6c0ced 8bb4777ca0f64815b5b7c055203d0b2e - - default default] Successfully bumped revision number for resource db5b0879-db03-46c9-9d59-44925006ef83 (type: security_group_rules) to 0
2026-05-30 03:07:18.280 9 INFO neutron.db.segments_db [None req-287fad48-13f1-4ed7-968b-b4793e6bb0eb e454212e95dd40d5983802b6cc6c0ced 8bb4777ca0f64815b5b7c055203d0b2e - - default default] Added segment e913c2af-75aa-437f-8be3-86f877effafe of type geneve for network 44de6f65-7510-4150-87ee-54abb2fd731a
2026-05-30 03:07:18.360 9 INFO neutron.api.wsgi [None req-6a7404ff-4fff-4e53-8b52-f661e34c88cd 5b269b93c6fd4a6f8021a4e0ea1fed9b 67ae0794042149f4a396eb9cd2d12b7e - - default default] 10.0.0.50 "GET /v2.0/security-groups?tenant_id=2ecffa2ec8b04d59aaeef1e31b4cccc6&name=default HTTP/1.1" status: 200 len: 3120 time: 0.1633341
2026-05-30 03:07:18.454 9 INFO neutron.db.ovn_revision_numbers_db [None req-287fad48-13f1-4ed7-968b-b4793e6bb0eb e454212e95dd40d5983802b6cc6c0ced 8bb4777ca0f64815b5b7c055203d0b2e - - default default] Successfully bumped revision number for resource 44de6f65-7510-4150-87ee-54abb2fd731a (type: networks) to 1
2026-05-30 03:07:18.636 9 INFO neutron.api.wsgi [None req-126e4cdb-952c-4f11-a5e4-14ea756c324c 5b269b93c6fd4a6f8021a4e0ea1fed9b 67ae0794042149f4a396eb9cd2d12b7e - - default default] 10.0.0.50 "DELETE /v2.0/security-groups/5cd23d6c-4a7d-4419-a514-425967f4317f HTTP/1.1" status: 204 len: 168 time: 0.2697189
2026-05-30 03:07:18.655 9 WARNING neutron.scheduler.dhcp_agent_scheduler [None req-287fad48-13f1-4ed7-968b-b4793e6bb0eb e454212e95dd40d5983802b6cc6c0ced 8bb4777ca0f64815b5b7c055203d0b2e - - default default] No more DHCP agents
2026-05-30 03:07:18.656 9 WARNING neutron.api.rpc.agentnotifiers.dhcp_rpc_agent_api [None req-287fad48-13f1-4ed7-968b-b4793e6bb0eb e454212e95dd40d5983802b6cc6c0ced 8bb4777ca0f64815b5b7c055203d0b2e - - default default] Unable to schedule network 44de6f65-7510-4150-87ee-54abb2fd731a: no agents available; will retry on subsequent port and subnet creation events.
2026-05-30 03:07:18.734 9 INFO neutron.db.ovn_revision_numbers_db [None req-287fad48-13f1-4ed7-968b-b4793e6bb0eb e454212e95dd40d5983802b6cc6c0ced 8bb4777ca0f64815b5b7c055203d0b2e - - default default] Successfully bumped revision number for resource 9fa5e6bb-fcf2-45de-aca4-e88aeebb40b5 (type: ports) to 1
2026-05-30 03:07:18.755 9 INFO neutron.api.wsgi [None req-287fad48-13f1-4ed7-968b-b4793e6bb0eb e454212e95dd40d5983802b6cc6c0ced 8bb4777ca0f64815b5b7c055203d0b2e - - default default] 10.0.0.50 "POST /v2.0/networks HTTP/1.1" status: 201 len: 833 time: 1.0033600
2026-05-30 03:07:18.763 9 WARNING neutron_lib.context [None req-b2c424b0-1902-4553-8448-f691d5e91f53 e454212e95dd40d5983802b6cc6c0ced 8bb4777ca0f64815b5b7c055203d0b2e - - default default] Method 'is_advsvc' is deprecated since 2023.2 release (neutron-lib 3.8.0) and will be removed once support for the old RBAC API policies will be removed from Neutron. Please use method 'is_service_role' instead.
2026-05-30 03:07:18.853 9 INFO neutron.db.segments_db [None req-b2c424b0-1902-4553-8448-f691d5e91f53 e454212e95dd40d5983802b6cc6c0ced 8bb4777ca0f64815b5b7c055203d0b2e - - default default] Added segment 92fe90a8-ce1a-403a-a31a-e33bcbb59258 of type geneve for network ba0161e1-c04f-4c55-9dbc-7ad3da5a966c
2026-05-30 03:07:18.992 9 INFO neutron.db.ovn_revision_numbers_db [None req-b2c424b0-1902-4553-8448-f691d5e91f53 e454212e95dd40d5983802b6cc6c0ced 8bb4777ca0f64815b5b7c055203d0b2e - - default default] Successfully bumped revision number for resource ba0161e1-c04f-4c55-9dbc-7ad3da5a966c (type: networks) to 1
2026-05-30 03:07:19.180 9 WARNING neutron.scheduler.dhcp_agent_scheduler [None req-b2c424b0-1902-4553-8448-f691d5e91f53 e454212e95dd40d5983802b6cc6c0ced 8bb4777ca0f64815b5b7c055203d0b2e - - default default] No more DHCP agents
2026-05-30 03:07:19.184 9 WARNING neutron.api.rpc.agentnotifiers.dhcp_rpc_agent_api [None req-b2c424b0-1902-4553-8448-f691d5e91f53 e454212e95dd40d5983802b6cc6c0ced 8bb4777ca0f64815b5b7c055203d0b2e - - default default] Unable to schedule network ba0161e1-c04f-4c55-9dbc-7ad3da5a966c: no agents available; will retry on subsequent port and subnet creation events.
2026-05-30 03:07:19.272 9 INFO neutron.db.ovn_revision_numbers_db [None req-b2c424b0-1902-4553-8448-f691d5e91f53 e454212e95dd40d5983802b6cc6c0ced 8bb4777ca0f64815b5b7c055203d0b2e - - default default] Successfully bumped revision number for resource 7bc783e3-912b-452d-b9ea-4d24bf13f386 (type: ports) to 1
2026-05-30 03:07:19.293 9 INFO neutron.api.wsgi [None req-b2c424b0-1902-4553-8448-f691d5e91f53 e454212e95dd40d5983802b6cc6c0ced 8bb4777ca0f64815b5b7c055203d0b2e - - default default] 10.0.0.50 "POST /v2.0/networks HTTP/1.1" status: 201 len: 832 time: 0.5337598
2026-05-30 03:07:19.302 9 WARNING neutron_lib.context [None req-989184f7-5697-4ba7-bfe8-a074f53656e8 e454212e95dd40d5983802b6cc6c0ced 8bb4777ca0f64815b5b7c055203d0b2e - - default default] Method 'is_advsvc' is deprecated since 2023.2 release (neutron-lib 3.8.0) and will be removed once support for the old RBAC API policies will be removed from Neutron. Please use method 'is_service_role' instead.
2026-05-30 03:07:19.495 9 WARNING neutron.scheduler.dhcp_agent_scheduler [None req-989184f7-5697-4ba7-bfe8-a074f53656e8 e454212e95dd40d5983802b6cc6c0ced 8bb4777ca0f64815b5b7c055203d0b2e - - default default] No more DHCP agents
2026-05-30 03:07:19.497 9 WARNING neutron.api.rpc.agentnotifiers.dhcp_rpc_agent_api [None req-989184f7-5697-4ba7-bfe8-a074f53656e8 e454212e95dd40d5983802b6cc6c0ced 8bb4777ca0f64815b5b7c055203d0b2e - - default default] Unable to schedule network 44de6f65-7510-4150-87ee-54abb2fd731a: no agents available; will retry on subsequent port and subnet creation events.
2026-05-30 03:07:19.527 9 INFO neutron.db.ovn_revision_numbers_db [None req-989184f7-5697-4ba7-bfe8-a074f53656e8 e454212e95dd40d5983802b6cc6c0ced 8bb4777ca0f64815b5b7c055203d0b2e - - default default] Successfully bumped revision number for resource 248025b8-febe-4090-9724-b5c7784e232a (type: subnets) to 0
2026-05-30 03:07:19.545 9 INFO neutron.api.wsgi [None req-989184f7-5697-4ba7-bfe8-a074f53656e8 e454212e95dd40d5983802b6cc6c0ced 8bb4777ca0f64815b5b7c055203d0b2e - - default default] 10.0.0.50 "POST /v2.0/subnets HTTP/1.1" status: 201 len: 845 time: 0.2477863
2026-05-30 03:07:19.556 9 WARNING neutron_lib.context [None req-916f22ce-fc09-4aa5-8719-65dd13e615fe e454212e95dd40d5983802b6cc6c0ced 8bb4777ca0f64815b5b7c055203d0b2e - - default default] Method 'is_advsvc' is deprecated since 2023.2 release (neutron-lib 3.8.0) and will be removed once support for the old RBAC API policies will be removed from Neutron. Please use method 'is_service_role' instead.
2026-05-30 03:07:19.754 9 WARNING neutron.scheduler.dhcp_agent_scheduler [None req-916f22ce-fc09-4aa5-8719-65dd13e615fe e454212e95dd40d5983802b6cc6c0ced 8bb4777ca0f64815b5b7c055203d0b2e - - default default] No more DHCP agents
2026-05-30 03:07:19.755 9 WARNING neutron.api.rpc.agentnotifiers.dhcp_rpc_agent_api [None req-916f22ce-fc09-4aa5-8719-65dd13e615fe e454212e95dd40d5983802b6cc6c0ced 8bb4777ca0f64815b5b7c055203d0b2e - - default default] Unable to schedule network ba0161e1-c04f-4c55-9dbc-7ad3da5a966c: no agents available; will retry on subsequent port and subnet creation events.
2026-05-30 03:07:19.789 9 INFO neutron.db.ovn_revision_numbers_db [None req-916f22ce-fc09-4aa5-8719-65dd13e615fe e454212e95dd40d5983802b6cc6c0ced 8bb4777ca0f64815b5b7c055203d0b2e - - default default] Successfully bumped revision number for resource ad916957-4a1e-4368-b6bc-b6d46d7852f3 (type: subnets) to 0
2026-05-30 03:07:19.804 9 INFO neutron.api.wsgi [None req-916f22ce-fc09-4aa5-8719-65dd13e615fe e454212e95dd40d5983802b6cc6c0ced 8bb4777ca0f64815b5b7c055203d0b2e - - default default] 10.0.0.50 "POST /v2.0/subnets HTTP/1.1" status: 201 len: 854 time: 0.2521231
2026-05-30 03:07:19.814 9 WARNING neutron_lib.context [None req-e24c64b0-3ba6-45dd-9048-e1e0ff932c71 e454212e95dd40d5983802b6cc6c0ced 8bb4777ca0f64815b5b7c055203d0b2e - - default default] Method 'is_advsvc' is deprecated since 2023.2 release (neutron-lib 3.8.0) and will be removed once support for the old RBAC API policies will be removed from Neutron. Please use method 'is_service_role' instead.
2026-05-30 03:07:19.926 9 INFO neutron.db.ovn_revision_numbers_db [None req-e24c64b0-3ba6-45dd-9048-e1e0ff932c71 e454212e95dd40d5983802b6cc6c0ced 8bb4777ca0f64815b5b7c055203d0b2e - - default default] Successfully bumped revision number for resource 2b75cc4c-10c1-474e-ac15-1750d49af0e8 (type: routers) to 1
2026-05-30 03:07:19.952 9 INFO neutron.api.wsgi [None req-e24c64b0-3ba6-45dd-9048-e1e0ff932c71 e454212e95dd40d5983802b6cc6c0ced 8bb4777ca0f64815b5b7c055203d0b2e - - default default] 10.0.0.50 "POST /v2.0/routers HTTP/1.1" status: 201 len: 806 time: 0.1430221
2026-05-30 03:07:20.358 9 WARNING neutron.scheduler.dhcp_agent_scheduler [None req-eb56409d-5b6f-49e6-98ff-29ec12734b75 e454212e95dd40d5983802b6cc6c0ced 8bb4777ca0f64815b5b7c055203d0b2e - - default default] No more DHCP agents
2026-05-30 03:07:20.359 9 WARNING neutron.api.rpc.agentnotifiers.dhcp_rpc_agent_api [None req-eb56409d-5b6f-49e6-98ff-29ec12734b75 e454212e95dd40d5983802b6cc6c0ced 8bb4777ca0f64815b5b7c055203d0b2e - - default default] Unable to schedule network 44de6f65-7510-4150-87ee-54abb2fd731a: no agents available; will retry on subsequent port and subnet creation events.
2026-05-30 03:07:20.422 10 INFO neutron.api.wsgi [-] 10.0.0.50 "GET / HTTP/1.1" status: 200 len: 279 time: 0.0023725
2026-05-30 03:07:20.471 9 INFO neutron.db.ovn_revision_numbers_db [None req-eb56409d-5b6f-49e6-98ff-29ec12734b75 e454212e95dd40d5983802b6cc6c0ced 8bb4777ca0f64815b5b7c055203d0b2e - - default default] Successfully bumped revision number for resource 31a92d4f-c2ef-4262-bc52-30618cf17185 (type: ports) to 1
2026-05-30 03:07:20.548 10 INFO neutron.api.wsgi [None req-fa4f9405-d8d8-4e7a-ae3d-c5b8905c663a d1fd78a94b044443bedef1d03444f962 3b4029f94ee04a19a33216645526e649 - - default default] 10.0.0.50 "GET /v2.0/ HTTP/1.1" status: 200 len: 826 time: 0.1154234
2026-05-30 03:07:20.913 10 INFO neutron.plugins.ml2.drivers.ovn.mech_driver.mech_driver [None req-727e8404-e6f6-462e-a7cb-64d92f247bc6 - - - - - -] OVN reports status up for port: 31a92d4f-c2ef-4262-bc52-30618cf17185
2026-05-30 03:07:20.930 10 INFO neutron.plugins.ml2.plugin [None req-727e8404-e6f6-462e-a7cb-64d92f247bc6 - - - - - -] Attempt 1 to provision port 31a92d4f-c2ef-4262-bc52-30618cf17185
2026-05-30 03:07:20.932 9 INFO neutron.db.ovn_revision_numbers_db [None req-eb56409d-5b6f-49e6-98ff-29ec12734b75 e454212e95dd40d5983802b6cc6c0ced 8bb4777ca0f64815b5b7c055203d0b2e - - default default] Successfully bumped revision number for resource 31a92d4f-c2ef-4262-bc52-30618cf17185 (type: ports) to 1
2026-05-30 03:07:20.984 9 WARNING neutron.scheduler.dhcp_agent_scheduler [None req-eb56409d-5b6f-49e6-98ff-29ec12734b75 e454212e95dd40d5983802b6cc6c0ced 8bb4777ca0f64815b5b7c055203d0b2e - - default default] No more DHCP agents
2026-05-30 03:07:20.986 9 WARNING neutron.api.rpc.agentnotifiers.dhcp_rpc_agent_api [None req-eb56409d-5b6f-49e6-98ff-29ec12734b75 e454212e95dd40d5983802b6cc6c0ced 8bb4777ca0f64815b5b7c055203d0b2e - - default default] Unable to schedule network 44de6f65-7510-4150-87ee-54abb2fd731a: no agents available; will retry on subsequent port and subnet creation events.
2026-05-30 03:07:21.169 9 INFO neutron.db.ovn_revision_numbers_db [None req-eb56409d-5b6f-49e6-98ff-29ec12734b75 e454212e95dd40d5983802b6cc6c0ced 8bb4777ca0f64815b5b7c055203d0b2e - - default default] Successfully bumped revision number for resource 31a92d4f-c2ef-4262-bc52-30618cf17185 (type: router_ports) to 1
