2026-05-30 03:10:15.969 10 WARNING neutron.api.rpc.agentnotifiers.dhcp_rpc_agent_api [None req-b9a555f2-147c-42e9-a73c-aa8f7c002732 c2fa73a8a4464c1f9ef5bf31de8927e3 9ff40e63273a4b63ace7f1f80e45ed3a - - default default] Unable to schedule network 8b6e0e8a-7280-414e-893e-39486ab3925a: no agents available; will retry on subsequent port and subnet creation events.
2026-05-30 03:10:16.039 10 INFO neutron.db.ovn_revision_numbers_db [None req-b9a555f2-147c-42e9-a73c-aa8f7c002732 c2fa73a8a4464c1f9ef5bf31de8927e3 9ff40e63273a4b63ace7f1f80e45ed3a - - default default] Successfully bumped revision number for resource 8e6afcbf-6e98-41d2-8f73-5379da967fcc (type: ports) to 1
2026-05-30 03:10:16.061 10 INFO neutron.api.wsgi [None req-b9a555f2-147c-42e9-a73c-aa8f7c002732 c2fa73a8a4464c1f9ef5bf31de8927e3 9ff40e63273a4b63ace7f1f80e45ed3a - - default default] 10.0.0.50 "POST /v2.0/networks HTTP/1.1" status: 201 len: 831 time: 0.4954462
2026-05-30 03:10:16.072 10 WARNING neutron_lib.context [None req-06433ace-1195-4e98-b550-fba9b3eaae8b c2fa73a8a4464c1f9ef5bf31de8927e3 9ff40e63273a4b63ace7f1f80e45ed3a - - default default] Method 'is_advsvc' is deprecated since 2023.2 release (neutron-lib 3.8.0) and will be removed once support for the old RBAC API policies will be removed from Neutron. Please use method 'is_service_role' instead.
2026-05-30 03:10:16.265 10 WARNING neutron.scheduler.dhcp_agent_scheduler [None req-06433ace-1195-4e98-b550-fba9b3eaae8b c2fa73a8a4464c1f9ef5bf31de8927e3 9ff40e63273a4b63ace7f1f80e45ed3a - - default default] No more DHCP agents
2026-05-30 03:10:16.266 10 WARNING neutron.api.rpc.agentnotifiers.dhcp_rpc_agent_api [None req-06433ace-1195-4e98-b550-fba9b3eaae8b c2fa73a8a4464c1f9ef5bf31de8927e3 9ff40e63273a4b63ace7f1f80e45ed3a - - default default] Unable to schedule network 8b6e0e8a-7280-414e-893e-39486ab3925a: no agents available; will retry on subsequent port and subnet creation events.
2026-05-30 03:10:16.725 10 INFO neutron.db.ovn_revision_numbers_db [None req-6ecce448-00ef-48ef-85dd-1d37a0fee2b9 - - - - - -] Successfully bumped revision number for resource 8e6afcbf-6e98-41d2-8f73-5379da967fcc (type: ports) to 2
2026-05-30 03:10:16.752 10 INFO neutron.db.ovn_revision_numbers_db [None req-6ecce448-00ef-48ef-85dd-1d37a0fee2b9 - - - - - -] Successfully bumped revision number for resource 1bf0b52f-07b6-4797-a135-7edb0cf9e767 (type: subnets) to 0
2026-05-30 03:10:16.769 10 INFO neutron.api.wsgi [None req-06433ace-1195-4e98-b550-fba9b3eaae8b c2fa73a8a4464c1f9ef5bf31de8927e3 9ff40e63273a4b63ace7f1f80e45ed3a - - default default] 10.0.0.50 "POST /v2.0/subnets HTTP/1.1" status: 201 len: 828 time: 0.7023520
2026-05-30 03:10:16.780 9 WARNING neutron_lib.context [None req-0181df44-4162-428d-9674-8acb84678027 c2fa73a8a4464c1f9ef5bf31de8927e3 9ff40e63273a4b63ace7f1f80e45ed3a - - default default] Method 'is_advsvc' is deprecated since 2023.2 release (neutron-lib 3.8.0) and will be removed once support for the old RBAC API policies will be removed from Neutron. Please use method 'is_service_role' instead.
2026-05-30 03:10:16.862 9 INFO neutron.db.segments_db [None req-0181df44-4162-428d-9674-8acb84678027 c2fa73a8a4464c1f9ef5bf31de8927e3 9ff40e63273a4b63ace7f1f80e45ed3a - - default default] Added segment 156eee0c-1d69-4356-8f42-f4fa68ffaeb5 of type geneve for network eb3aa317-ad6f-4427-b702-dc66e882a5c1
2026-05-30 03:10:16.972 9 INFO neutron.db.ovn_revision_numbers_db [None req-0181df44-4162-428d-9674-8acb84678027 c2fa73a8a4464c1f9ef5bf31de8927e3 9ff40e63273a4b63ace7f1f80e45ed3a - - default default] Successfully bumped revision number for resource eb3aa317-ad6f-4427-b702-dc66e882a5c1 (type: networks) to 1
2026-05-30 03:10:17.133 9 WARNING neutron.scheduler.dhcp_agent_scheduler [None req-0181df44-4162-428d-9674-8acb84678027 c2fa73a8a4464c1f9ef5bf31de8927e3 9ff40e63273a4b63ace7f1f80e45ed3a - - default default] No more DHCP agents
2026-05-30 03:10:17.134 9 WARNING neutron.api.rpc.agentnotifiers.dhcp_rpc_agent_api [None req-0181df44-4162-428d-9674-8acb84678027 c2fa73a8a4464c1f9ef5bf31de8927e3 9ff40e63273a4b63ace7f1f80e45ed3a - - default default] Unable to schedule network eb3aa317-ad6f-4427-b702-dc66e882a5c1: no agents available; will retry on subsequent port and subnet creation events.
2026-05-30 03:10:17.199 9 INFO neutron.db.ovn_revision_numbers_db [None req-0181df44-4162-428d-9674-8acb84678027 c2fa73a8a4464c1f9ef5bf31de8927e3 9ff40e63273a4b63ace7f1f80e45ed3a - - default default] Successfully bumped revision number for resource 6a30cd1d-208d-4ff6-a6b6-be246c52d1cf (type: ports) to 1
2026-05-30 03:10:17.226 9 INFO neutron.api.wsgi [None req-0181df44-4162-428d-9674-8acb84678027 c2fa73a8a4464c1f9ef5bf31de8927e3 9ff40e63273a4b63ace7f1f80e45ed3a - - default default] 10.0.0.50 "POST /v2.0/networks HTTP/1.1" status: 201 len: 830 time: 0.4504368
2026-05-30 03:10:17.238 9 WARNING neutron_lib.context [None req-01f5411f-c20d-4279-92c0-73da53a845dd c2fa73a8a4464c1f9ef5bf31de8927e3 9ff40e63273a4b63ace7f1f80e45ed3a - - default default] Method 'is_advsvc' is deprecated since 2023.2 release (neutron-lib 3.8.0) and will be removed once support for the old RBAC API policies will be removed from Neutron. Please use method 'is_service_role' instead.
2026-05-30 03:10:17.454 9 WARNING neutron.scheduler.dhcp_agent_scheduler [None req-01f5411f-c20d-4279-92c0-73da53a845dd c2fa73a8a4464c1f9ef5bf31de8927e3 9ff40e63273a4b63ace7f1f80e45ed3a - - default default] No more DHCP agents
2026-05-30 03:10:17.456 9 WARNING neutron.api.rpc.agentnotifiers.dhcp_rpc_agent_api [None req-01f5411f-c20d-4279-92c0-73da53a845dd c2fa73a8a4464c1f9ef5bf31de8927e3 9ff40e63273a4b63ace7f1f80e45ed3a - - default default] Unable to schedule network eb3aa317-ad6f-4427-b702-dc66e882a5c1: no agents available; will retry on subsequent port and subnet creation events.
2026-05-30 03:10:17.585 9 INFO neutron.db.ovn_revision_numbers_db [None req-0d5bb436-7436-43c1-aa73-05345874f764 5b269b93c6fd4a6f8021a4e0ea1fed9b 67ae0794042149f4a396eb9cd2d12b7e - - default default] Successfully bumped revision number for resource 698084c6-d320-4c50-a46f-10fea3b5bb01 (type: security_groups) to 1
2026-05-30 03:10:17.603 9 INFO neutron.db.ovn_revision_numbers_db [None req-0d5bb436-7436-43c1-aa73-05345874f764 5b269b93c6fd4a6f8021a4e0ea1fed9b 67ae0794042149f4a396eb9cd2d12b7e - - default default] Successfully bumped revision number for resource 4c57a57a-54ec-4ec5-9199-f068307a8f18 (type: security_group_rules) to 0
2026-05-30 03:10:17.619 9 INFO neutron.db.ovn_revision_numbers_db [None req-0d5bb436-7436-43c1-aa73-05345874f764 5b269b93c6fd4a6f8021a4e0ea1fed9b 67ae0794042149f4a396eb9cd2d12b7e - - default default] Successfully bumped revision number for resource 581afa93-84bd-4b6d-b769-86cf4b4f7364 (type: security_group_rules) to 0
2026-05-30 03:10:17.637 9 INFO neutron.db.ovn_revision_numbers_db [None req-0d5bb436-7436-43c1-aa73-05345874f764 5b269b93c6fd4a6f8021a4e0ea1fed9b 67ae0794042149f4a396eb9cd2d12b7e - - default default] Successfully bumped revision number for resource 5aa4e780-4130-4603-ac0f-faa61ad20223 (type: security_group_rules) to 0
2026-05-30 03:10:17.655 9 INFO neutron.db.ovn_revision_numbers_db [None req-0d5bb436-7436-43c1-aa73-05345874f764 5b269b93c6fd4a6f8021a4e0ea1fed9b 67ae0794042149f4a396eb9cd2d12b7e - - default default] Successfully bumped revision number for resource 625ec4c2-2e26-485b-93ee-112769293d17 (type: security_group_rules) to 0
2026-05-30 03:10:17.734 9 INFO neutron.db.segments_db [None req-0d5bb436-7436-43c1-aa73-05345874f764 5b269b93c6fd4a6f8021a4e0ea1fed9b 67ae0794042149f4a396eb9cd2d12b7e - - default default] Added segment df5a3840-42e5-46eb-bed1-5e54af60eb9a of type geneve for network 476f391c-8627-4e88-8ebc-a0068177e3c4
2026-05-30 03:10:17.855 9 INFO neutron.db.ovn_revision_numbers_db [None req-0d5bb436-7436-43c1-aa73-05345874f764 5b269b93c6fd4a6f8021a4e0ea1fed9b 67ae0794042149f4a396eb9cd2d12b7e - - default default] Successfully bumped revision number for resource 476f391c-8627-4e88-8ebc-a0068177e3c4 (type: networks) to 1
2026-05-30 03:10:17.950 9 INFO neutron.db.ovn_revision_numbers_db [None req-138efb2d-21b6-4ada-ab8b-7c6b6351b444 - - - - - -] Successfully bumped revision number for resource 6a30cd1d-208d-4ff6-a6b6-be246c52d1cf (type: ports) to 2
2026-05-30 03:10:17.988 9 INFO neutron.db.ovn_revision_numbers_db [None req-138efb2d-21b6-4ada-ab8b-7c6b6351b444 - - - - - -] Successfully bumped revision number for resource 50997138-686b-41ed-aac6-c1bed81543f3 (type: subnets) to 0
2026-05-30 03:10:18.007 9 INFO neutron.api.wsgi [None req-01f5411f-c20d-4279-92c0-73da53a845dd c2fa73a8a4464c1f9ef5bf31de8927e3 9ff40e63273a4b63ace7f1f80e45ed3a - - default default] 10.0.0.50 "POST /v2.0/subnets HTTP/1.1" status: 201 len: 828 time: 0.7726576
2026-05-30 03:10:18.021 9 WARNING neutron.scheduler.dhcp_agent_scheduler [None req-0d5bb436-7436-43c1-aa73-05345874f764 5b269b93c6fd4a6f8021a4e0ea1fed9b 67ae0794042149f4a396eb9cd2d12b7e - - default default] No more DHCP agents
2026-05-30 03:10:18.022 9 WARNING neutron.api.rpc.agentnotifiers.dhcp_rpc_agent_api [None req-0d5bb436-7436-43c1-aa73-05345874f764 5b269b93c6fd4a6f8021a4e0ea1fed9b 67ae0794042149f4a396eb9cd2d12b7e - - default default] Unable to schedule network 476f391c-8627-4e88-8ebc-a0068177e3c4: no agents available; will retry on subsequent port and subnet creation events.
2026-05-30 03:10:18.071 10 INFO neutron.api.wsgi [None req-d829e180-46e4-4adb-b9de-22591a9a0565 c2fa73a8a4464c1f9ef5bf31de8927e3 9ff40e63273a4b63ace7f1f80e45ed3a - - default default] 10.0.0.50 "PUT /v2.0/subnets/cbe20bcd-90c5-445b-b0c3-1f6c99614f96/tags HTTP/1.1" status: 200 len: 210 time: 0.0581727
2026-05-30 03:10:18.085 9 INFO neutron.db.ovn_revision_numbers_db [None req-0d5bb436-7436-43c1-aa73-05345874f764 5b269b93c6fd4a6f8021a4e0ea1fed9b 67ae0794042149f4a396eb9cd2d12b7e - - default default] Successfully bumped revision number for resource 8a2f5ddb-836d-4722-8baf-173a3471fb99 (type: ports) to 1
2026-05-30 03:10:18.105 9 INFO neutron.api.wsgi [None req-0d5bb436-7436-43c1-aa73-05345874f764 5b269b93c6fd4a6f8021a4e0ea1fed9b 67ae0794042149f4a396eb9cd2d12b7e - - default default] 10.0.0.50 "POST /v2.0/networks HTTP/1.1" status: 201 len: 943 time: 0.8508477
2026-05-30 03:10:18.123 10 INFO neutron.api.wsgi [None req-8d939480-c748-40f8-b969-bb53f03a44a4 c2fa73a8a4464c1f9ef5bf31de8927e3 9ff40e63273a4b63ace7f1f80e45ed3a - - default default] 10.0.0.50 "PUT /v2.0/subnets/c51b2a4b-b9f2-495e-bcff-4b8e51f75349/tags HTTP/1.1" status: 200 len: 218 time: 0.0455935
2026-05-30 03:10:18.167 10 INFO neutron.api.wsgi [None req-b2ae2b90-1533-474f-a16c-a8b3e8a89e7a c2fa73a8a4464c1f9ef5bf31de8927e3 9ff40e63273a4b63ace7f1f80e45ed3a - - default default] 10.0.0.50 "PUT /v2.0/subnets/15986873-3bfd-4e5e-8ed2-fb78c3bcbf03/tags HTTP/1.1" status: 200 len: 227 time: 0.0386744
2026-05-30 03:10:18.211 10 INFO neutron.api.wsgi [None req-474e440f-305d-42fa-964d-d994a3c873cd c2fa73a8a4464c1f9ef5bf31de8927e3 9ff40e63273a4b63ace7f1f80e45ed3a - - default default] 10.0.0.50 "PUT /v2.0/subnets/1bf0b52f-07b6-4797-a135-7edb0cf9e767/tags HTTP/1.1" status: 200 len: 212 time: 0.0392127
2026-05-30 03:10:18.243 9 WARNING neutron.scheduler.dhcp_agent_scheduler [None req-fcbc0d7c-031e-4af2-9e47-f9227bcd9f31 5b269b93c6fd4a6f8021a4e0ea1fed9b 67ae0794042149f4a396eb9cd2d12b7e - - default default] No more DHCP agents
2026-05-30 03:10:18.245 9 WARNING neutron.api.rpc.agentnotifiers.dhcp_rpc_agent_api [None req-fcbc0d7c-031e-4af2-9e47-f9227bcd9f31 5b269b93c6fd4a6f8021a4e0ea1fed9b 67ae0794042149f4a396eb9cd2d12b7e - - default default] Unable to schedule network 476f391c-8627-4e88-8ebc-a0068177e3c4: no agents available; will retry on subsequent port and subnet creation events.
2026-05-30 03:10:18.264 10 INFO neutron.api.wsgi [None req-3cfb3056-1462-4825-9882-6fc0931386e1 c2fa73a8a4464c1f9ef5bf31de8927e3 9ff40e63273a4b63ace7f1f80e45ed3a - - default default] 10.0.0.50 "GET /v2.0/subnets?tags=red HTTP/1.1" status: 200 len: 2099 time: 0.0443311
2026-05-30 03:10:18.312 9 INFO neutron.api.wsgi [None req-6914d4ed-87e7-4992-ad0b-94ac52dcaa6a c2fa73a8a4464c1f9ef5bf31de8927e3 9ff40e63273a4b63ace7f1f80e45ed3a - - default default] 10.0.0.50 "GET /v2.0/subnets?tags=red%2Cblue HTTP/1.1" status: 200 len: 1478 time: 0.0406940
2026-05-30 03:10:18.367 9 INFO neutron.api.wsgi [None req-654f09cb-193c-4eca-af25-6a07cb1d9037 c2fa73a8a4464c1f9ef5bf31de8927e3 9ff40e63273a4b63ace7f1f80e45ed3a - - default default] 10.0.0.50 "GET /v2.0/subnets?tags-any=blue HTTP/1.1" status: 200 len: 1478 time: 0.0487502
2026-05-30 03:10:18.416 10 INFO neutron.api.wsgi [None req-cbcf1e69-1784-4fd6-af7f-ff614bbe3ba5 c2fa73a8a4464c1f9ef5bf31de8927e3 9ff40e63273a4b63ace7f1f80e45ed3a - - default default] 10.0.0.50 "GET /v2.0/subnets?tags-any=red%2Cblue HTTP/1.1" status: 200 len: 2099 time: 0.0436187
2026-05-30 03:10:18.472 9 INFO neutron.api.wsgi [None req-710efae4-c7a8-412d-ac5e-aa4232e74bba c2fa73a8a4464c1f9ef5bf31de8927e3 9ff40e63273a4b63ace7f1f80e45ed3a - - default default] 10.0.0.50 "GET /v2.0/subnets?not-tags=red HTTP/1.1" status: 200 len: 2089 time: 0.0476761
2026-05-30 03:10:18.556 9 INFO neutron.api.wsgi [None req-854a6a7f-efa0-4d3d-84c3-33e6d3813c64 c2fa73a8a4464c1f9ef5bf31de8927e3 9ff40e63273a4b63ace7f1f80e45ed3a - - default default] 10.0.0.50 "GET /v2.0/subnets?not-tags=red%2Cblue HTTP/1.1" status: 200 len: 2710 time: 0.0692184
2026-05-30 03:10:18.608 9 INFO neutron.api.wsgi [None req-efd66d28-6432-47fc-9c7c-c6939df2ad28 c2fa73a8a4464c1f9ef5bf31de8927e3 9ff40e63273a4b63ace7f1f80e45ed3a - - default default] 10.0.0.50 "GET /v2.0/subnets?not-tags-any=blue HTTP/1.1" status: 200 len: 2710 time: 0.0459087
2026-05-30 03:10:18.640 9 INFO neutron.api.wsgi [None req-345ae0aa-9447-4c9c-972c-040ddcffa9e5 c2fa73a8a4464c1f9ef5bf31de8927e3 9ff40e63273a4b63ace7f1f80e45ed3a - - default default] 10.0.0.50 "GET /v2.0/subnets?not-tags-any=red%2Cblue HTTP/1.1" status: 200 len: 2089 time: 0.0280972
2026-05-30 03:10:18.824 10 INFO neutron.api.wsgi [None req-7b0a3bee-84ef-479c-92b5-a853f445cc41 c2fa73a8a4464c1f9ef5bf31de8927e3 9ff40e63273a4b63ace7f1f80e45ed3a - - default default] 10.0.0.50 "DELETE /v2.0/subnets/cbe20bcd-90c5-445b-b0c3-1f6c99614f96 HTTP/1.1" status: 204 len: 168 time: 0.1750844
2026-05-30 03:10:18.833 9 INFO neutron.db.ovn_revision_numbers_db [None req-90924d05-5e00-4c5d-9322-da166220cec8 - - - - - -] Successfully bumped revision number for resource 8a2f5ddb-836d-4722-8baf-173a3471fb99 (type: ports) to 2
2026-05-30 03:10:18.860 9 INFO neutron.db.ovn_revision_numbers_db [None req-90924d05-5e00-4c5d-9322-da166220cec8 - - - - - -] Successfully bumped revision number for resource 44fbd314-2e7b-457b-9ae5-24591e08182f (type: subnets) to 0
2026-05-30 03:10:18.880 9 INFO neutron.api.wsgi [None req-fcbc0d7c-031e-4af2-9e47-f9227bcd9f31 5b269b93c6fd4a6f8021a4e0ea1fed9b 67ae0794042149f4a396eb9cd2d12b7e - - default default] 10.0.0.50 "POST /v2.0/subnets HTTP/1.1" status: 201 len: 887 time: 0.7678473
2026-05-30 03:10:18.990 10 INFO neutron.api.wsgi [None req-fb894b7e-f8aa-4bbd-a800-c915075cfea1 c2fa73a8a4464c1f9ef5bf31de8927e3 9ff40e63273a4b63ace7f1f80e45ed3a - - default default] 10.0.0.50 "DELETE /v2.0/subnets/c51b2a4b-b9f2-495e-bcff-4b8e51f75349 HTTP/1.1" status: 204 len: 168 time: 0.1586308
2026-05-30 03:10:19.177 10 INFO neutron.api.wsgi [None req-a3e1b325-86c9-4261-861b-58883a27045d c2fa73a8a4464c1f9ef5bf31de8927e3 9ff40e63273a4b63ace7f1f80e45ed3a - - default default] 10.0.0.50 "DELETE /v2.0/subnets/15986873-3bfd-4e5e-8ed2-fb78c3bcbf03 HTTP/1.1" status: 204 len: 168 time: 0.1819065
2026-05-30 03:10:19.313 9 WARNING neutron.scheduler.dhcp_agent_scheduler [None req-64d4a1fb-0c80-433a-bae0-1508a5aab3b9 5b269b93c6fd4a6f8021a4e0ea1fed9b 67ae0794042149f4a396eb9cd2d12b7e - - default default] No more DHCP agents
2026-05-30 03:10:19.315 9 WARNING neutron.api.rpc.agentnotifiers.dhcp_rpc_agent_api [None req-64d4a1fb-0c80-433a-bae0-1508a5aab3b9 5b269b93c6fd4a6f8021a4e0ea1fed9b 67ae0794042149f4a396eb9cd2d12b7e - - default default] Unable to schedule network c95f1c1d-e5a6-4c19-9afd-aff0bb985712: no agents available; will retry on subsequent port and subnet creation events.
2026-05-30 03:10:19.370 9 INFO neutron.api.wsgi [None req-63f77ab9-fd5b-4a94-84ce-a87001b0481c c2fa73a8a4464c1f9ef5bf31de8927e3 9ff40e63273a4b63ace7f1f80e45ed3a - - default default] 10.0.0.50 "DELETE /v2.0/subnets/1bf0b52f-07b6-4797-a135-7edb0cf9e767 HTTP/1.1" status: 204 len: 168 time: 0.1858168
2026-05-30 03:10:19.458 9 INFO neutron.db.ovn_revision_numbers_db [None req-64d4a1fb-0c80-433a-bae0-1508a5aab3b9 5b269b93c6fd4a6f8021a4e0ea1fed9b 67ae0794042149f4a396eb9cd2d12b7e - - default default] Successfully bumped revision number for resource f575fdee-2454-4543-b328-a5f44e2e412b (type: ports) to 1
2026-05-30 03:10:19.620 9 INFO neutron.api.wsgi [None req-c2c6f3ce-e8ae-416c-9b34-6605f65525c3 c2fa73a8a4464c1f9ef5bf31de8927e3 9ff40e63273a4b63ace7f1f80e45ed3a - - default default] 10.0.0.50 "DELETE /v2.0/subnets/50997138-686b-41ed-aac6-c1bed81543f3 HTTP/1.1" status: 204 len: 168 time: 0.2434363
2026-05-30 03:10:19.958 10 INFO neutron.services.segments.plugin [-] Segment df5c787a-b8e7-4c28-96c5-86f4685141a3 resource provider aggregate not found
2026-05-30 03:10:19.963 10 INFO neutron.services.segments.plugin [-] Segment df5c787a-b8e7-4c28-96c5-86f4685141a3 resource provider aggregate not found
2026-05-30 03:10:19.978 10 INFO neutron.services.segments.plugin [-] Segment df5c787a-b8e7-4c28-96c5-86f4685141a3 resource provider not found; error: Placement Client Error (4xx): {"errors": [{"status": 404, "title": "Not Found", "detail": "The resource could not be found.\n\n No resource provider with uuid df5c787a-b8e7-4c28-96c5-86f4685141a3 found for delete ", "request_id": "req-71732452-8c22-4792-b200-45896e9cc19f"}]}
2026-05-30 03:10:19.982 10 INFO neutron.services.segments.plugin [-] Segment df5c787a-b8e7-4c28-96c5-86f4685141a3 resource provider not found; error: Placement Client Error (4xx): {"errors": [{"status": 404, "title": "Not Found", "detail": "The resource could not be found.\n\n No resource provider with uuid df5c787a-b8e7-4c28-96c5-86f4685141a3 found for delete ", "request_id": "req-ad6cdec2-e47c-472f-9344-231c0c3a1196"}]}
2026-05-30 03:10:19.999 10 INFO neutron.api.wsgi [None req-08b41604-e429-4133-a460-a7de7f8e5662 c2fa73a8a4464c1f9ef5bf31de8927e3 9ff40e63273a4b63ace7f1f80e45ed3a - - default default] 10.0.0.50 "DELETE /v2.0/networks/8b8384fe-f152-41c9-b884-5ea7095ec367 HTTP/1.1" status: 204 len: 168 time: 0.3738015
2026-05-30 03:10:20.104 9 INFO neutron.plugins.ml2.drivers.ovn.mech_driver.ovsdb.commands [None req-195669d7-72ed-41d7-b438-d417f6da76de - - - - - -] Schedule LRP lrp-f575fdee-2454-4543-b328-a5f44e2e412b on gateway 585ed40b-f730-46a8-811c-5d58a809d870 with priority 1
2026-05-30 03:10:20.117 10 INFO neutron.plugins.ml2.drivers.ovn.mech_driver.mech_driver [None req-3830fafa-9e78-42a3-a1ad-ec64e98dc547 - - - - - -] OVN reports status up for port: f575fdee-2454-4543-b328-a5f44e2e412b
2026-05-30 03:10:20.129 10 INFO neutron.plugins.ml2.drivers.ovn.mech_driver.ovsdb.ovsdb_monitor [None req-1c8dba2d-56aa-4fc1-bd96-281fdc7f7fb2 - - - - - -] Router 5073bd10-2821-434d-a021-4ad9610c79dc is bound to host instance
2026-05-30 03:10:20.131 10 INFO neutron.plugins.ml2.plugin [None req-3830fafa-9e78-42a3-a1ad-ec64e98dc547 - - - - - -] Attempt 1 to provision port f575fdee-2454-4543-b328-a5f44e2e412b
2026-05-30 03:10:20.152 9 INFO neutron.db.ovn_revision_numbers_db [None req-64d4a1fb-0c80-433a-bae0-1508a5aab3b9 5b269b93c6fd4a6f8021a4e0ea1fed9b 67ae0794042149f4a396eb9cd2d12b7e - - default default] Successfully bumped revision number for resource f575fdee-2454-4543-b328-a5f44e2e412b (type: router_ports) to 1
2026-05-30 03:10:20.236 9 INFO neutron.db.ovn_revision_numbers_db [None req-64d4a1fb-0c80-433a-bae0-1508a5aab3b9 5b269b93c6fd4a6f8021a4e0ea1fed9b 67ae0794042149f4a396eb9cd2d12b7e - - default default] Successfully bumped revision number for resource 5073bd10-2821-434d-a021-4ad9610c79dc (type: routers) to 2
2026-05-30 03:10:20.255 9 INFO neutron.api.wsgi [None req-64d4a1fb-0c80-433a-bae0-1508a5aab3b9 5b269b93c6fd4a6f8021a4e0ea1fed9b 67ae0794042149f4a396eb9cd2d12b7e - - default default] 10.0.0.50 "POST /v2.0/routers HTTP/1.1" status: 201 len: 1165 time: 1.3692865
2026-05-30 03:10:20.371 10 INFO neutron.api.wsgi [None req-99217393-c80d-4dd2-a2e2-fa3f8e468c96 c2fa73a8a4464c1f9ef5bf31de8927e3 9ff40e63273a4b63ace7f1f80e45ed3a - - default default] 10.0.0.50 "DELETE /v2.0/networks/a939a7cd-898b-4597-b588-a4213fbe3323 HTTP/1.1" status: 204 len: 168 time: 0.3641098
2026-05-30 03:10:20.613 10 INFO neutron.db.ovn_revision_numbers_db [None req-97fc350e-31bf-472e-a61a-f798cced17c0 - - - - - -] Successfully bumped revision number for resource f575fdee-2454-4543-b328-a5f44e2e412b (type: ports) to 1
2026-05-30 03:10:20.794 9 INFO neutron.services.segments.plugin [-] Segment e56b0d73-2f35-4db9-b286-1b26b5c2f2d5 resource provider aggregate not found
2026-05-30 03:10:20.804 9 INFO neutron.services.segments.plugin [-] Segment e56b0d73-2f35-4db9-b286-1b26b5c2f2d5 resource provider aggregate not found
2026-05-30 03:10:20.811 9 INFO neutron.services.segments.plugin [-] Segment e56b0d73-2f35-4db9-b286-1b26b5c2f2d5 resource provider not found; error: Placement Client Error (4xx): {"errors": [{"status": 404, "title": "Not Found", "detail": "The resource could not be found.\n\n No resource provider with uuid e56b0d73-2f35-4db9-b286-1b26b5c2f2d5 found for delete ", "request_id": "req-9e7c559f-cc13-4d2d-a78c-5df91e8ccb1e"}]}
2026-05-30 03:10:20.832 9 INFO neutron.services.segments.plugin [-] Segment e56b0d73-2f35-4db9-b286-1b26b5c2f2d5 resource provider not found; error: Placement Client Error (4xx): {"errors": [{"status": 404, "title": "Not Found", "detail": "The resource could not be found.\n\n No resource provider with uuid e56b0d73-2f35-4db9-b286-1b26b5c2f2d5 found for delete ", "request_id": "req-6b86b2d4-0913-4680-9e8c-a1588acdbf4a"}]}
2026-05-30 03:10:20.848 9 INFO neutron.api.wsgi [None req-3f0ce5e2-8b83-497d-89cd-53c4645e4b59 c2fa73a8a4464c1f9ef5bf31de8927e3 9ff40e63273a4b63ace7f1f80e45ed3a - - default default] 10.0.0.50 "DELETE /v2.0/networks/693bb0a0-c437-45b2-a671-15874f18e13f HTTP/1.1" status: 204 len: 168 time: 0.4725430
2026-05-30 03:10:20.873 9 WARNING neutron.scheduler.dhcp_agent_scheduler [None req-f2445adf-dbcd-4e12-aba3-f75dc27764ea 5b269b93c6fd4a6f8021a4e0ea1fed9b 67ae0794042149f4a396eb9cd2d12b7e - - default default] No more DHCP agents
2026-05-30 03:10:20.875 9 WARNING neutron.api.rpc.agentnotifiers.dhcp_rpc_agent_api [None req-f2445adf-dbcd-4e12-aba3-f75dc27764ea 5b269b93c6fd4a6f8021a4e0ea1fed9b 67ae0794042149f4a396eb9cd2d12b7e - - default default] Unable to schedule network 476f391c-8627-4e88-8ebc-a0068177e3c4: no agents available; will retry on subsequent port and subnet creation events.
2026-05-30 03:10:20.960 10 INFO neutron.db.ovn_revision_numbers_db [None req-97fc350e-31bf-472e-a61a-f798cced17c0 - - - - - -] Successfully bumped revision number for resource f575fdee-2454-4543-b328-a5f44e2e412b (type: ports) to 4
2026-05-30 03:10:21.039 9 INFO neutron.db.ovn_revision_numbers_db [None req-f2445adf-dbcd-4e12-aba3-f75dc27764ea 5b269b93c6fd4a6f8021a4e0ea1fed9b 67ae0794042149f4a396eb9cd2d12b7e - - default default] Successfully bumped revision number for resource 3074236c-d78f-4121-b7c3-bcb5e4757ec0 (type: ports) to 1
2026-05-30 03:10:21.257 9 INFO neutron.api.wsgi [None req-ec37a902-70cd-4675-8dbc-df01dc1079eb c2fa73a8a4464c1f9ef5bf31de8927e3 9ff40e63273a4b63ace7f1f80e45ed3a - - default default] 10.0.0.50 "DELETE /v2.0/networks/8b6e0e8a-7280-414e-893e-39486ab3925a HTTP/1.1" status: 204 len: 168 time: 0.4011977
2026-05-30 03:10:21.295 10 INFO neutron.db.ovn_revision_numbers_db [None req-97fc350e-31bf-472e-a61a-f798cced17c0 - - - - - -] Successfully bumped revision number for resource f575fdee-2454-4543-b328-a5f44e2e412b (type: ports) to 5
2026-05-30 03:10:21.603 10 INFO neutron.api.wsgi [None req-e4b6dd87-b33c-427c-8cd0-9e35fd1acad2 c2fa73a8a4464c1f9ef5bf31de8927e3 9ff40e63273a4b63ace7f1f80e45ed3a - - default default] 10.0.0.50 "DELETE /v2.0/networks/eb3aa317-ad6f-4427-b702-dc66e882a5c1 HTTP/1.1" status: 204 len: 168 time: 0.3382773
2026-05-30 03:10:21.673 9 INFO neutron.db.ovn_revision_numbers_db [None req-f2445adf-dbcd-4e12-aba3-f75dc27764ea 5b269b93c6fd4a6f8021a4e0ea1fed9b 67ae0794042149f4a396eb9cd2d12b7e - - default default] Successfully bumped revision number for resource 3074236c-d78f-4121-b7c3-bcb5e4757ec0 (type: ports) to 1
2026-05-30 03:10:21.730 9 WARNING neutron.scheduler.dhcp_agent_scheduler [None req-f2445adf-dbcd-4e12-aba3-f75dc27764ea 5b269b93c6fd4a6f8021a4e0ea1fed9b 67ae0794042149f4a396eb9cd2d12b7e - - default default] No more DHCP agents
2026-05-30 03:10:21.731 9 WARNING neutron.api.rpc.agentnotifiers.dhcp_rpc_agent_api [None req-f2445adf-dbcd-4e12-aba3-f75dc27764ea 5b269b93c6fd4a6f8021a4e0ea1fed9b 67ae0794042149f4a396eb9cd2d12b7e - - default default] Unable to schedule network 476f391c-8627-4e88-8ebc-a0068177e3c4: no agents available; will retry on subsequent port and subnet creation events.
2026-05-30 03:10:21.996 10 INFO neutron.services.segments.plugin [-] Segment e0827e37-b453-42b0-a7e7-5306a276ce1a resource provider aggregate not found
2026-05-30 03:10:22.003 10 INFO neutron.services.segments.plugin [-] Segment e0827e37-b453-42b0-a7e7-5306a276ce1a resource provider aggregate not found
2026-05-30 03:10:22.007 10 INFO neutron.services.segments.plugin [-] Segment e0827e37-b453-42b0-a7e7-5306a276ce1a resource provider not found; error: Placement Client Error (4xx): {"errors": [{"status": 404, "title": "Not Found", "detail": "The resource could not be found.\n\n No resource provider with uuid e0827e37-b453-42b0-a7e7-5306a276ce1a found for delete ", "request_id": "req-0d79beee-42a9-41ec-8e2b-f479086c65d6"}]}
2026-05-30 03:10:22.021 10 INFO neutron.services.segments.plugin [-] Segment 156eee0c-1d69-4356-8f42-f4fa68ffaeb5 resource provider aggregate not found
2026-05-30 03:10:22.026 10 INFO neutron.services.segments.plugin [-] Segment e0827e37-b453-42b0-a7e7-5306a276ce1a resource provider not found; error: Placement Client Error (4xx): {"errors": [{"status": 404, "title": "Not Found", "detail": "The resource could not be found.\n\n No resource provider with uuid e0827e37-b453-42b0-a7e7-5306a276ce1a found for delete ", "request_id": "req-9200b4c4-fd91-4078-b3cb-0a844fe21259"}]}
2026-05-30 03:10:22.035 10 INFO neutron.services.segments.plugin [-] Segment 156eee0c-1d69-4356-8f42-f4fa68ffaeb5 resource provider not found; error: Placement Client Error (4xx): {"errors": [{"status": 404, "title": "Not Found", "detail": "The resource could not be found.\n\n No resource provider with uuid 156eee0c-1d69-4356-8f42-f4fa68ffaeb5 found for delete ", "request_id": "req-947147b8-0acf-40ef-8ee7-e337a6ec5d88"}]}
2026-05-30 03:10:22.039 10 INFO neutron.services.segments.plugin [-] Segment 156eee0c-1d69-4356-8f42-f4fa68ffaeb5 resource provider aggregate not found
2026-05-30 03:10:22.051 10 INFO neutron.services.segments.plugin [-] Segment 156eee0c-1d69-4356-8f42-f4fa68ffaeb5 resource provider not found; error: Placement Client Error (4xx): {"errors": [{"status": 404, "title": "Not Found", "detail": "The resource could not be found.\n\n No resource provider with uuid 156eee0c-1d69-4356-8f42-f4fa68ffaeb5 found for delete ", "request_id": "req-f3b9d601-7290-4f6a-90b8-39117a7b4a71"}]}
2026-05-30 03:10:22.204 9 INFO neutron.db.ovn_revision_numbers_db [None req-f2445adf-dbcd-4e12-aba3-f75dc27764ea 5b269b93c6fd4a6f8021a4e0ea1fed9b 67ae0794042149f4a396eb9cd2d12b7e - - default default] Successfully bumped revision number for resource 3074236c-d78f-4121-b7c3-bcb5e4757ec0 (type: router_ports) to 1
2026-05-30 03:10:22.211 9 INFO neutron.api.wsgi [None req-f2445adf-dbcd-4e12-aba3-f75dc27764ea 5b269b93c6fd4a6f8021a4e0ea1fed9b 67ae0794042149f4a396eb9cd2d12b7e - - default default] 10.0.0.50 "PUT /v2.0/routers/5073bd10-2821-434d-a021-4ad9610c79dc/add_router_interface HTTP/1.1" status: 200 len: 503 time: 1.9490590
2026-05-30 03:10:22.695 9 INFO neutron.db.ovn_revision_numbers_db [None req-d3e3081b-3569-4d21-901c-d0cf332d30da 5b269b93c6fd4a6f8021a4e0ea1fed9b 67ae0794042149f4a396eb9cd2d12b7e - - default default] Successfully bumped revision number for resource 9e54a59d-b5d8-4eee-9bf3-94685d88850d (type: security_groups) to 1
2026-05-30 03:10:22.709 9 INFO neutron.db.ovn_revision_numbers_db [None req-d3e3081b-3569-4d21-901c-d0cf332d30da 5b269b93c6fd4a6f8021a4e0ea1fed9b 67ae0794042149f4a396eb9cd2d12b7e - - default default] Successfully bumped revision number for resource 8229b85c-e564-4521-841e-7bcdaab8da18 (type: security_group_rules) to 0
2026-05-30 03:10:22.727 9 INFO neutron.db.ovn_revision_numbers_db [None req-d3e3081b-3569-4d21-901c-d0cf332d30da 5b269b93c6fd4a6f8021a4e0ea1fed9b 67ae0794042149f4a396eb9cd2d12b7e - - default default] Successfully bumped revision number for resource b2f6aa12-4550-44dd-b706-e21b034ddd5c (type: security_group_rules) to 0
2026-05-30 03:10:22.742 9 INFO neutron.db.ovn_revision_numbers_db [None req-d3e3081b-3569-4d21-901c-d0cf332d30da 5b269b93c6fd4a6f8021a4e0ea1fed9b 67ae0794042149f4a396eb9cd2d12b7e - - default default] Successfully bumped revision number for resource bfefda27-0947-48d6-855f-d1776e5adb69 (type: security_group_rules) to 0
2026-05-30 03:10:22.756 9 INFO neutron.db.ovn_revision_numbers_db [None req-d3e3081b-3569-4d21-901c-d0cf332d30da 5b269b93c6fd4a6f8021a4e0ea1fed9b 67ae0794042149f4a396eb9cd2d12b7e - - default default] Successfully bumped revision number for resource ec277e79-3274-4db0-85e2-13c55df0b400 (type: security_group_rules) to 0
2026-05-30 03:10:22.797 9 INFO neutron.api.wsgi [None req-d3e3081b-3569-4d21-901c-d0cf332d30da 5b269b93c6fd4a6f8021a4e0ea1fed9b 67ae0794042149f4a396eb9cd2d12b7e - - default default] 10.0.0.50 "GET /v2.0/security-groups?tenant_id=4348b4223ed84968a10bb25589424a09&name=default HTTP/1.1" status: 200 len: 3124 time: 0.4052775
2026-05-30 03:10:22.832 9 INFO neutron.services.segments.plugin [-] Segment 48e383d9-3ef3-4255-ae0c-dcc6753c0863 resource provider aggregate not found
2026-05-30 03:10:22.855 9 INFO neutron.services.segments.plugin [-] Segment 48e383d9-3ef3-4255-ae0c-dcc6753c0863 resource provider aggregate not found
2026-05-30 03:10:22.858 9 INFO neutron.services.segments.plugin [-] Segment 48e383d9-3ef3-4255-ae0c-dcc6753c0863 resource provider not found; error: Placement Client Error (4xx): {"errors": [{"status": 404, "title": "Not Found", "detail": "The resource could not be found.\n\n No resource provider with uuid 48e383d9-3ef3-4255-ae0c-dcc6753c0863 found for delete ", "request_id": "req-7b2fc4f0-804e-464b-abea-7c7c5cf3c972"}]}
2026-05-30 03:10:22.865 9 INFO neutron.services.segments.plugin [-] Segment 48e383d9-3ef3-4255-ae0c-dcc6753c0863 resource provider not found; error: Placement Client Error (4xx): {"errors": [{"status": 404, "title": "Not Found", "detail": "The resource could not be found.\n\n No resource provider with uuid 48e383d9-3ef3-4255-ae0c-dcc6753c0863 found for delete ", "request_id": "req-9a075268-e993-4103-8f7a-16b276070e09"}]}
2026-05-30 03:10:22.990 10 INFO neutron.plugins.ml2.drivers.ovn.mech_driver.mech_driver [None req-3830fafa-9e78-42a3-a1ad-ec64e98dc547 - - - - - -] OVN reports status up for port: 3074236c-d78f-4121-b7c3-bcb5e4757ec0
2026-05-30 03:10:22.998 10 INFO neutron.plugins.ml2.plugin [None req-3830fafa-9e78-42a3-a1ad-ec64e98dc547 - - - - - -] Attempt 1 to provision port 3074236c-d78f-4121-b7c3-bcb5e4757ec0
2026-05-30 03:10:23.052 9 INFO neutron.api.wsgi [None req-7ba7071a-4548-4edd-ac9e-28f4cf67a2fa 5b269b93c6fd4a6f8021a4e0ea1fed9b 67ae0794042149f4a396eb9cd2d12b7e - - default default] 10.0.0.50 "DELETE /v2.0/security-groups/9e54a59d-b5d8-4eee-9bf3-94685d88850d HTTP/1.1" status: 204 len: 168 time: 0.2489717
2026-05-30 03:10:23.196 9 INFO neutron.api.wsgi [None req-9e89bd24-72e9-49e0-b28c-f303cd45c009 5b269b93c6fd4a6f8021a4e0ea1fed9b 67ae0794042149f4a396eb9cd2d12b7e - - default default] 10.0.0.50 "GET /v2.0/security-groups?tenant_id=9ff40e63273a4b63ace7f1f80e45ed3a&name=default HTTP/1.1" status: 200 len: 3120 time: 0.0358469
2026-05-30 03:10:23.374 10 INFO neutron.db.ovn_revision_numbers_db [None req-3830fafa-9e78-42a3-a1ad-ec64e98dc547 - - - - - -] Successfully bumped revision number for resource 3074236c-d78f-4121-b7c3-bcb5e4757ec0 (type: ports) to 2
2026-05-30 03:10:23.413 10 INFO neutron.db.ovn_revision_numbers_db [None req-2ec97ad2-de32-4cd4-ae44-abbe9fc6e703 5b269b93c6fd4a6f8021a4e0ea1fed9b 67ae0794042149f4a396eb9cd2d12b7e - - default default] Successfully bumped revision number for resource 4f1cf19d-8e93-4381-bdff-e6f794e92eb6 (type: security_groups) to 1
2026-05-30 03:10:23.425 9 INFO neutron.api.wsgi [None req-9f1bec2b-cdca-4ffd-b104-fcfa0ae3aa8a 5b269b93c6fd4a6f8021a4e0ea1fed9b 67ae0794042149f4a396eb9cd2d12b7e - - default default] 10.0.0.50 "DELETE /v2.0/security-groups/ba830a59-320d-444f-9184-6f92588cb8cd HTTP/1.1" status: 204 len: 168 time: 0.2233272
2026-05-30 03:10:23.428 10 INFO neutron.db.ovn_revision_numbers_db [None req-2ec97ad2-de32-4cd4-ae44-abbe9fc6e703 5b269b93c6fd4a6f8021a4e0ea1fed9b 67ae0794042149f4a396eb9cd2d12b7e - - default default] Successfully bumped revision number for resource 23c2a7a7-d8f9-41b4-94ac-71946476c73d (type: security_group_rules) to 0
2026-05-30 03:10:23.444 10 INFO neutron.db.ovn_revision_numbers_db [None req-2ec97ad2-de32-4cd4-ae44-abbe9fc6e703 5b269b93c6fd4a6f8021a4e0ea1fed9b 67ae0794042149f4a396eb9cd2d12b7e - - default default] Successfully bumped revision number for resource 68cb0de1-6b4e-4ac3-a142-fe7a56429021 (type: security_group_rules) to 0
2026-05-30 03:10:23.461 10 INFO neutron.db.ovn_revision_numbers_db [None req-2ec97ad2-de32-4cd4-ae44-abbe9fc6e703 5b269b93c6fd4a6f8021a4e0ea1fed9b 67ae0794042149f4a396eb9cd2d12b7e - - default default] Successfully bumped revision number for resource 87ccdf91-eb5a-497d-9295-8023e5c767e3 (type: security_group_rules) to 0
2026-05-30 03:10:23.473 10 INFO neutron.db.ovn_revision_numbers_db [None req-2ec97ad2-de32-4cd4-ae44-abbe9fc6e703 5b269b93c6fd4a6f8021a4e0ea1fed9b 67ae0794042149f4a396eb9cd2d12b7e - - default default] Successfully bumped revision number for resource ea579b50-3514-409f-b17d-65b435e61b1d (type: security_group_rules) to 0
2026-05-30 03:10:23.551 10 INFO neutron.db.segments_db [None req-2ec97ad2-de32-4cd4-ae44-abbe9fc6e703 5b269b93c6fd4a6f8021a4e0ea1fed9b 67ae0794042149f4a396eb9cd2d12b7e - - default default] Added segment f69d8c02-9f1e-40a8-86e5-d10bc342cfca of type geneve for network 5480e878-356c-4443-b35f-d2238da26880
2026-05-30 03:10:23.676 10 INFO neutron.db.ovn_revision_numbers_db [None req-2ec97ad2-de32-4cd4-ae44-abbe9fc6e703 5b269b93c6fd4a6f8021a4e0ea1fed9b 67ae0794042149f4a396eb9cd2d12b7e - - default default] Successfully bumped revision number for resource 5480e878-356c-4443-b35f-d2238da26880 (type: networks) to 1
2026-05-30 03:10:23.767 10 INFO neutron.db.ovn_revision_numbers_db [None req-58fb7728-58bc-4794-babf-07bea831a344 5b269b93c6fd4a6f8021a4e0ea1fed9b 67ae0794042149f4a396eb9cd2d12b7e - - default default] Successfully bumped revision number for resource 9b16f1ba-b200-4b8f-bde9-72f898f15436 (type: security_groups) to 1
2026-05-30 03:10:23.795 10 INFO neutron.db.ovn_revision_numbers_db [None req-58fb7728-58bc-4794-babf-07bea831a344 5b269b93c6fd4a6f8021a4e0ea1fed9b 67ae0794042149f4a396eb9cd2d12b7e - - default default] Successfully bumped revision number for resource 06a253ac-2aa3-4e45-ac12-80aa88b0e4bd (type: security_group_rules) to 0
2026-05-30 03:10:23.814 10 INFO neutron.db.ovn_revision_numbers_db [None req-58fb7728-58bc-4794-babf-07bea831a344 5b269b93c6fd4a6f8021a4e0ea1fed9b 67ae0794042149f4a396eb9cd2d12b7e - - default default] Successfully bumped revision number for resource 28960b06-2c75-425c-95a9-df5c749c4c99 (type: security_group_rules) to 0
2026-05-30 03:10:23.837 10 INFO neutron.db.ovn_revision_numbers_db [None req-58fb7728-58bc-4794-babf-07bea831a344 5b269b93c6fd4a6f8021a4e0ea1fed9b 67ae0794042149f4a396eb9cd2d12b7e - - default default] Successfully bumped revision number for resource baf85204-ef3b-4451-ae06-0316636e0b70 (type: security_group_rules) to 0
2026-05-30 03:10:23.859 10 INFO neutron.db.ovn_revision_numbers_db [None req-58fb7728-58bc-4794-babf-07bea831a344 5b269b93c6fd4a6f8021a4e0ea1fed9b 67ae0794042149f4a396eb9cd2d12b7e - - default default] Successfully bumped revision number for resource bc1cdf1c-1709-4913-bf3b-b4f269e325a3 (type: security_group_rules) to 0
2026-05-30 03:10:23.864 10 WARNING neutron.scheduler.dhcp_agent_scheduler [None req-2ec97ad2-de32-4cd4-ae44-abbe9fc6e703 5b269b93c6fd4a6f8021a4e0ea1fed9b 67ae0794042149f4a396eb9cd2d12b7e - - default default] No more DHCP agents
2026-05-30 03:10:23.867 10 WARNING neutron.api.rpc.agentnotifiers.dhcp_rpc_agent_api [None req-2ec97ad2-de32-4cd4-ae44-abbe9fc6e703 5b269b93c6fd4a6f8021a4e0ea1fed9b 67ae0794042149f4a396eb9cd2d12b7e - - default default] Unable to schedule network 5480e878-356c-4443-b35f-d2238da26880: no agents available; will retry on subsequent port and subnet creation events.
2026-05-30 03:10:23.915 10 INFO neutron.api.wsgi [None req-58fb7728-58bc-4794-babf-07bea831a344 5b269b93c6fd4a6f8021a4e0ea1fed9b 67ae0794042149f4a396eb9cd2d12b7e - - default default] 10.0.0.50 "GET /v2.0/security-groups?tenant_id=4ad0ed9dcb234056bce057c0b6b12ff9&name=default HTTP/1.1" status: 200 len: 3124 time: 0.2866940
2026-05-30 03:10:23.954 10 INFO neutron.db.ovn_revision_numbers_db [None req-2ec97ad2-de32-4cd4-ae44-abbe9fc6e703 5b269b93c6fd4a6f8021a4e0ea1fed9b 67ae0794042149f4a396eb9cd2d12b7e - - default default] Successfully bumped revision number for resource a779a03b-c493-4412-9f07-f9837e1d5842 (type: ports) to 1
2026-05-30 03:10:23.979 10 INFO neutron.api.wsgi [None req-2ec97ad2-de32-4cd4-ae44-abbe9fc6e703 5b269b93c6fd4a6f8021a4e0ea1fed9b 67ae0794042149f4a396eb9cd2d12b7e - - default default] 10.0.0.50 "POST /v2.0/networks HTTP/1.1" status: 201 len: 943 time: 0.7402802
2026-05-30 03:10:24.136 10 WARNING neutron.scheduler.dhcp_agent_scheduler [None req-7aa7cedf-ea39-4cc2-a348-ff2c48d3c6b0 5b269b93c6fd4a6f8021a4e0ea1fed9b 67ae0794042149f4a396eb9cd2d12b7e - - default default] No more DHCP agents
2026-05-30 03:10:24.137 10 WARNING neutron.api.rpc.agentnotifiers.dhcp_rpc_agent_api [None req-7aa7cedf-ea39-4cc2-a348-ff2c48d3c6b0 5b269b93c6fd4a6f8021a4e0ea1fed9b 67ae0794042149f4a396eb9cd2d12b7e - - default default] Unable to schedule network 5480e878-356c-4443-b35f-d2238da26880: no agents available; will retry on subsequent port and subnet creation events.
2026-05-30 03:10:24.146 9 INFO neutron.api.wsgi [None req-0b56f524-6adb-4263-8152-1a173d3d1b2f 5b269b93c6fd4a6f8021a4e0ea1fed9b 67ae0794042149f4a396eb9cd2d12b7e - - default default] 10.0.0.50 "DELETE /v2.0/security-groups/9b16f1ba-b200-4b8f-bde9-72f898f15436 HTTP/1.1" status: 204 len: 168 time: 0.2241166
2026-05-30 03:10:24.599 10 INFO neutron.db.ovn_revision_numbers_db [None req-e3c2a7f2-b718-4a20-a776-a24329e54865 - - - - - -] Successfully bumped revision number for resource a779a03b-c493-4412-9f07-f9837e1d5842 (type: ports) to 2
2026-05-30 03:10:24.629 10 INFO neutron.db.ovn_revision_numbers_db [None req-e3c2a7f2-b718-4a20-a776-a24329e54865 - - - - - -] Successfully bumped revision number for resource 1c1bb8ee-e76f-49d2-aaa0-c4fc0c847aa8 (type: subnets) to 0
2026-05-30 03:10:24.644 10 INFO neutron.api.wsgi [None req-7aa7cedf-ea39-4cc2-a348-ff2c48d3c6b0 5b269b93c6fd4a6f8021a4e0ea1fed9b 67ae0794042149f4a396eb9cd2d12b7e - - default default] 10.0.0.50 "POST /v2.0/subnets HTTP/1.1" status: 201 len: 887 time: 0.6565006
2026-05-30 03:10:25.037 10 WARNING neutron.scheduler.dhcp_agent_scheduler [None req-51e8ad1c-cd16-4c6f-adc7-5523b7a43215 5b269b93c6fd4a6f8021a4e0ea1fed9b 67ae0794042149f4a396eb9cd2d12b7e - - default default] No more DHCP agents
2026-05-30 03:10:25.039 10 WARNING neutron.api.rpc.agentnotifiers.dhcp_rpc_agent_api [None req-51e8ad1c-cd16-4c6f-adc7-5523b7a43215 5b269b93c6fd4a6f8021a4e0ea1fed9b 67ae0794042149f4a396eb9cd2d12b7e - - default default] Unable to schedule network c95f1c1d-e5a6-4c19-9afd-aff0bb985712: no agents available; will retry on subsequent port and subnet creation events.
2026-05-30 03:10:25.164 10 INFO neutron.db.ovn_revision_numbers_db [None req-51e8ad1c-cd16-4c6f-adc7-5523b7a43215 5b269b93c6fd4a6f8021a4e0ea1fed9b 67ae0794042149f4a396eb9cd2d12b7e - - default default] Successfully bumped revision number for resource 5e994778-a022-4f0a-be93-d7b6ed56e77c (type: ports) to 1
2026-05-30 03:10:25.780 10 INFO neutron.plugins.ml2.drivers.ovn.mech_driver.ovsdb.commands [None req-92ae25d8-ea5b-4fc6-9345-5640e090f4dc - - - - - -] Schedule LRP lrp-5e994778-a022-4f0a-be93-d7b6ed56e77c on gateway 585ed40b-f730-46a8-811c-5d58a809d870 with priority 1
2026-05-30 03:10:25.791 9 INFO neutron.plugins.ml2.drivers.ovn.mech_driver.mech_driver [None req-90cf8eff-65e3-4f4e-83b7-0993870e5487 - - - - - -] OVN reports status up for port: 5e994778-a022-4f0a-be93-d7b6ed56e77c
2026-05-30 03:10:25.805 9 INFO neutron.plugins.ml2.plugin [None req-90cf8eff-65e3-4f4e-83b7-0993870e5487 - - - - - -] Attempt 1 to provision port 5e994778-a022-4f0a-be93-d7b6ed56e77c
2026-05-30 03:10:25.808 10 INFO neutron.plugins.ml2.drivers.ovn.mech_driver.ovsdb.ovsdb_monitor [None req-97fc350e-31bf-472e-a61a-f798cced17c0 - - - - - -] Router c40d78ed-71f0-464f-aa02-2b83105fcfe6 is bound to host instance
2026-05-30 03:10:25.835 10 INFO neutron.db.ovn_revision_numbers_db [None req-51e8ad1c-cd16-4c6f-adc7-5523b7a43215 5b269b93c6fd4a6f8021a4e0ea1fed9b 67ae0794042149f4a396eb9cd2d12b7e - - default default] Successfully bumped revision number for resource 5e994778-a022-4f0a-be93-d7b6ed56e77c (type: router_ports) to 1
2026-05-30 03:10:25.924 10 INFO neutron.db.ovn_revision_numbers_db [None req-51e8ad1c-cd16-4c6f-adc7-5523b7a43215 5b269b93c6fd4a6f8021a4e0ea1fed9b 67ae0794042149f4a396eb9cd2d12b7e - - default default] Successfully bumped revision number for resource c40d78ed-71f0-464f-aa02-2b83105fcfe6 (type: routers) to 2
2026-05-30 03:10:25.944 10 INFO neutron.api.wsgi [None req-51e8ad1c-cd16-4c6f-adc7-5523b7a43215 5b269b93c6fd4a6f8021a4e0ea1fed9b 67ae0794042149f4a396eb9cd2d12b7e - - default default] 10.0.0.50 "POST /v2.0/routers HTTP/1.1" status: 201 len: 1165 time: 1.2933412
2026-05-30 03:10:26.345 10 INFO neutron.db.ovn_revision_numbers_db [None req-62dcf121-ec3d-468f-af9d-137690709480 - - - - - -] Successfully bumped revision number for resource 5e994778-a022-4f0a-be93-d7b6ed56e77c (type: ports) to 1
2026-05-30 03:10:26.442 10 WARNING neutron.scheduler.dhcp_agent_scheduler [None req-fbdf8a5f-f455-4645-ba65-8fd6514e3dbc 5b269b93c6fd4a6f8021a4e0ea1fed9b 67ae0794042149f4a396eb9cd2d12b7e - - default default] No more DHCP agents
2026-05-30 03:10:26.444 10 WARNING neutron.api.rpc.agentnotifiers.dhcp_rpc_agent_api [None req-fbdf8a5f-f455-4645-ba65-8fd6514e3dbc 5b269b93c6fd4a6f8021a4e0ea1fed9b 67ae0794042149f4a396eb9cd2d12b7e - - default default] Unable to schedule network 5480e878-356c-4443-b35f-d2238da26880: no agents available; will retry on subsequent port and subnet creation events.
2026-05-30 03:10:26.611 10 INFO neutron.db.ovn_revision_numbers_db [None req-fbdf8a5f-f455-4645-ba65-8fd6514e3dbc 5b269b93c6fd4a6f8021a4e0ea1fed9b 67ae0794042149f4a396eb9cd2d12b7e - - default default] Successfully bumped revision number for resource 2147942f-8e74-4e2c-8544-443e0f036646 (type: ports) to 1
2026-05-30 03:10:26.739 10 INFO neutron.db.ovn_revision_numbers_db [None req-62dcf121-ec3d-468f-af9d-137690709480 - - - - - -] Successfully bumped revision number for resource 5e994778-a022-4f0a-be93-d7b6ed56e77c (type: ports) to 4
2026-05-30 03:10:27.083 10 INFO neutron.db.ovn_revision_numbers_db [None req-62dcf121-ec3d-468f-af9d-137690709480 - - - - - -] Successfully bumped revision number for resource 5e994778-a022-4f0a-be93-d7b6ed56e77c (type: ports) to 5
2026-05-30 03:10:27.247 10 INFO neutron.db.ovn_revision_numbers_db [None req-fbdf8a5f-f455-4645-ba65-8fd6514e3dbc 5b269b93c6fd4a6f8021a4e0ea1fed9b 67ae0794042149f4a396eb9cd2d12b7e - - default default] Successfully bumped revision number for resource 2147942f-8e74-4e2c-8544-443e0f036646 (type: ports) to 1
2026-05-30 03:10:27.297 10 WARNING neutron.scheduler.dhcp_agent_scheduler [None req-fbdf8a5f-f455-4645-ba65-8fd6514e3dbc 5b269b93c6fd4a6f8021a4e0ea1fed9b 67ae0794042149f4a396eb9cd2d12b7e - - default default] No more DHCP agents
2026-05-30 03:10:27.298 10 WARNING neutron.api.rpc.agentnotifiers.dhcp_rpc_agent_api [None req-fbdf8a5f-f455-4645-ba65-8fd6514e3dbc 5b269b93c6fd4a6f8021a4e0ea1fed9b 67ae0794042149f4a396eb9cd2d12b7e - - default default] Unable to schedule network 5480e878-356c-4443-b35f-d2238da26880: no agents available; will retry on subsequent port and subnet creation events.
2026-05-30 03:10:27.854 10 INFO neutron.db.ovn_revision_numbers_db [None req-fbdf8a5f-f455-4645-ba65-8fd6514e3dbc 5b269b93c6fd4a6f8021a4e0ea1fed9b 67ae0794042149f4a396eb9cd2d12b7e - - default default] Successfully bumped revision number for resource 2147942f-8e74-4e2c-8544-443e0f036646 (type: router_ports) to 1
2026-05-30 03:10:27.860 10 INFO neutron.api.wsgi [None req-fbdf8a5f-f455-4645-ba65-8fd6514e3dbc 5b269b93c6fd4a6f8021a4e0ea1fed9b 67ae0794042149f4a396eb9cd2d12b7e - - default default] 10.0.0.50 "PUT /v2.0/routers/c40d78ed-71f0-464f-aa02-2b83105fcfe6/add_router_interface HTTP/1.1" status: 200 len: 503 time: 1.9095378
2026-05-30 03:10:28.070 10 WARNING neutron.plugins.ml2.drivers.ovn.mech_driver.ovsdb.ovn_client [None req-f47f7296-d27d-4c4d-9908-93327ff4bda0 - - - - - -] No hosting information found for port 3074236c-d78f-4121-b7c3-bcb5e4757ec0: RuntimeError: No hosting information found for port 3074236c-d78f-4121-b7c3-bcb5e4757ec0
2026-05-30 03:10:28.152 10 INFO neutron.db.ovn_revision_numbers_db [None req-f47f7296-d27d-4c4d-9908-93327ff4bda0 - - - - - -] Successfully bumped revision number for resource 3074236c-d78f-4121-b7c3-bcb5e4757ec0 (type: router_ports) to 2
2026-05-30 03:10:28.347 10 WARNING neutron_lib.context [None req-f81fe25c-f9e2-4c12-ace7-14418b68500a 7e9b156c0f2d4de0a87b9e77e0492b7a 908d0271351a413c9e34c228e55d5930 - - default default] Method 'is_advsvc' is deprecated since 2023.2 release (neutron-lib 3.8.0) and will be removed once support for the old RBAC API policies will be removed from Neutron. Please use method 'is_service_role' instead.
2026-05-30 03:10:28.357 9 INFO neutron.plugins.ml2.drivers.ovn.mech_driver.mech_driver [None req-90cf8eff-65e3-4f4e-83b7-0993870e5487 - - - - - -] OVN reports status up for port: 2147942f-8e74-4e2c-8544-443e0f036646
2026-05-30 03:10:28.365 9 INFO neutron.plugins.ml2.plugin [None req-90cf8eff-65e3-4f4e-83b7-0993870e5487 - - - - - -] Attempt 1 to provision port 2147942f-8e74-4e2c-8544-443e0f036646
2026-05-30 03:10:28.471 9 WARNING neutron_lib.context [None req-44b2ecf8-c202-41c1-a73a-96d1fcf4c45f 66edf7d17f2043d5aeeb15dda00510fd 4cb430f691264bb1a382f072d5ce3145 - - default default] Method 'is_advsvc' is deprecated since 2023.2 release (neutron-lib 3.8.0) and will be removed once support for the old RBAC API policies will be removed from Neutron. Please use method 'is_service_role' instead.
2026-05-30 03:10:28.487 10 INFO neutron.db.ovn_revision_numbers_db [None req-f81fe25c-f9e2-4c12-ace7-14418b68500a 7e9b156c0f2d4de0a87b9e77e0492b7a 908d0271351a413c9e34c228e55d5930 - - default default] Successfully bumped revision number for resource 6ef17d0b-5e3d-4a45-95c3-58fa621540e0 (type: security_groups) to 1
2026-05-30 03:10:28.500 10 INFO neutron.db.ovn_revision_numbers_db [None req-f81fe25c-f9e2-4c12-ace7-14418b68500a 7e9b156c0f2d4de0a87b9e77e0492b7a 908d0271351a413c9e34c228e55d5930 - - default default] Successfully bumped revision number for resource 40affd7e-2bf2-4c6e-982d-da58988d78cb (type: security_group_rules) to 0
2026-05-30 03:10:28.515 10 INFO neutron.db.ovn_revision_numbers_db [None req-f81fe25c-f9e2-4c12-ace7-14418b68500a 7e9b156c0f2d4de0a87b9e77e0492b7a 908d0271351a413c9e34c228e55d5930 - - default default] Successfully bumped revision number for resource 7fa24abb-fa6b-457c-946b-286ba1355ae7 (type: security_group_rules) to 0
2026-05-30 03:10:28.530 10 INFO neutron.db.ovn_revision_numbers_db [None req-f81fe25c-f9e2-4c12-ace7-14418b68500a 7e9b156c0f2d4de0a87b9e77e0492b7a 908d0271351a413c9e34c228e55d5930 - - default default] Successfully bumped revision number for resource 8056ce8f-6908-4e2d-bd3a-6860486cad1f (type: security_group_rules) to 0
2026-05-30 03:10:28.543 10 INFO neutron.db.ovn_revision_numbers_db [None req-f81fe25c-f9e2-4c12-ace7-14418b68500a 7e9b156c0f2d4de0a87b9e77e0492b7a 908d0271351a413c9e34c228e55d5930 - - default default] Successfully bumped revision number for resource 9c398c5f-5003-471c-bfe7-bde320809298 (type: security_group_rules) to 0
2026-05-30 03:10:28.588 9 INFO neutron.db.ovn_revision_numbers_db [None req-44b2ecf8-c202-41c1-a73a-96d1fcf4c45f 66edf7d17f2043d5aeeb15dda00510fd 4cb430f691264bb1a382f072d5ce3145 - - default default] Successfully bumped revision number for resource cb627986-728b-4af8-b55c-dc8936a1f990 (type: security_groups) to 1
2026-05-30 03:10:28.603 9 INFO neutron.db.ovn_revision_numbers_db [None req-44b2ecf8-c202-41c1-a73a-96d1fcf4c45f 66edf7d17f2043d5aeeb15dda00510fd 4cb430f691264bb1a382f072d5ce3145 - - default default] Successfully bumped revision number for resource 36c72375-0b2e-4e9b-ab8d-e6ab9e226202 (type: security_group_rules) to 0
2026-05-30 03:10:28.615 9 INFO neutron.db.ovn_revision_numbers_db [None req-44b2ecf8-c202-41c1-a73a-96d1fcf4c45f 66edf7d17f2043d5aeeb15dda00510fd 4cb430f691264bb1a382f072d5ce3145 - - default default] Successfully bumped revision number for resource c10985d4-3a2a-4779-ab21-46edcfca91a7 (type: security_group_rules) to 0
2026-05-30 03:10:28.620 10 INFO neutron.db.segments_db [None req-f81fe25c-f9e2-4c12-ace7-14418b68500a 7e9b156c0f2d4de0a87b9e77e0492b7a 908d0271351a413c9e34c228e55d5930 - - default default] Added segment 4f27e458-bee3-4be3-af96-a17493cb78dc of type geneve for network f1c252c5-ed26-4eee-b268-1b40e521ade3
