2026-05-30 03:06:49.288 10 INFO neutron.db.ovn_revision_numbers_db [None req-4f32917e-a349-4aca-ba12-b3333218fb43 5b269b93c6fd4a6f8021a4e0ea1fed9b 67ae0794042149f4a396eb9cd2d12b7e - - default default] Successfully bumped revision number for resource 74348a7d-f5e5-4764-bebe-62d9303ed966 (type: security_group_rules) to 0
2026-05-30 03:06:49.304 10 INFO neutron.db.ovn_revision_numbers_db [None req-4f32917e-a349-4aca-ba12-b3333218fb43 5b269b93c6fd4a6f8021a4e0ea1fed9b 67ae0794042149f4a396eb9cd2d12b7e - - default default] Successfully bumped revision number for resource 9e269bd8-9c49-4dad-bfbd-0e180ac08fb8 (type: security_group_rules) to 0
2026-05-30 03:06:49.342 10 INFO neutron.api.wsgi [None req-4f32917e-a349-4aca-ba12-b3333218fb43 5b269b93c6fd4a6f8021a4e0ea1fed9b 67ae0794042149f4a396eb9cd2d12b7e - - default default] 10.0.0.50 "GET /v2.0/security-groups?tenant_id=0dee006c9d174ab6b75418557a3f346d&name=default HTTP/1.1" status: 200 len: 3120 time: 0.4102776
2026-05-30 03:06:49.413 10 INFO neutron.notifiers.nova [-] Nova event matching ['req-2f9665ef-f956-4c6d-a5dd-b782bbc4ce82'] response: {'server_uuid': 'fdde95f1-5012-429d-bf12-03b3f0684c93', 'name': 'network-vif-plugged', 'status': 'completed', 'tag': '23d7e191-bcac-4a34-9680-1613de91cffe', 'code': 200}
2026-05-30 03:06:49.413 10 INFO neutron.notifiers.nova [-] Nova event matching ['req-2f9665ef-f956-4c6d-a5dd-b782bbc4ce82'] response: {'server_uuid': 'fdde95f1-5012-429d-bf12-03b3f0684c93', 'name': 'network-vif-plugged', 'status': 'completed', 'tag': '23d7e191-bcac-4a34-9680-1613de91cffe', 'code': 200}
2026-05-30 03:06:49.477 9 INFO neutron.api.wsgi [req-4b287e11-1690-4cb8-a8a7-b1a9c4e0aeda req-b43b65b6-25ce-4a85-ba8a-39e59cdde47b 382e384b885a4e46871e1720f87ec93f 8b71e5aac9a943b09fe5cecfaf40fd17 - - default default] 10.0.0.26 "GET /v2.0/ports?device_id=4d170083-2c30-4217-8b26-81b43c01e04e HTTP/1.1" status: 200 len: 210 time: 0.0193620
2026-05-30 03:06:49.673 10 INFO neutron.api.wsgi [None req-ee9022fb-67e2-451e-8c59-b0bc03b332d1 5b269b93c6fd4a6f8021a4e0ea1fed9b 67ae0794042149f4a396eb9cd2d12b7e - - default default] 10.0.0.50 "DELETE /v2.0/security-groups/45f6472e-e453-4d2f-85c6-437101d787de HTTP/1.1" status: 204 len: 168 time: 0.3022363
2026-05-30 03:06:49.954 9 INFO neutron.db.ovn_revision_numbers_db [None req-f6bc9bf0-892b-4bdf-91b8-ce10d3428db6 5b269b93c6fd4a6f8021a4e0ea1fed9b 67ae0794042149f4a396eb9cd2d12b7e - - default default] Successfully bumped revision number for resource 9828135e-aa0e-46c5-b5d9-2b77280c7c72 (type: security_groups) to 1
2026-05-30 03:06:49.971 9 INFO neutron.db.ovn_revision_numbers_db [None req-f6bc9bf0-892b-4bdf-91b8-ce10d3428db6 5b269b93c6fd4a6f8021a4e0ea1fed9b 67ae0794042149f4a396eb9cd2d12b7e - - default default] Successfully bumped revision number for resource 0355f532-c299-42a3-b5d5-9f8865d7ad6f (type: security_group_rules) to 0
2026-05-30 03:06:49.987 9 INFO neutron.db.ovn_revision_numbers_db [None req-f6bc9bf0-892b-4bdf-91b8-ce10d3428db6 5b269b93c6fd4a6f8021a4e0ea1fed9b 67ae0794042149f4a396eb9cd2d12b7e - - default default] Successfully bumped revision number for resource 16a72b8d-2ae0-441f-b016-caa4f7ffa4ae (type: security_group_rules) to 0
2026-05-30 03:06:50.008 9 INFO neutron.db.ovn_revision_numbers_db [None req-f6bc9bf0-892b-4bdf-91b8-ce10d3428db6 5b269b93c6fd4a6f8021a4e0ea1fed9b 67ae0794042149f4a396eb9cd2d12b7e - - default default] Successfully bumped revision number for resource 8751ebf7-64cf-48d8-9844-6d445060b1f8 (type: security_group_rules) to 0
2026-05-30 03:06:50.027 9 INFO neutron.db.ovn_revision_numbers_db [None req-f6bc9bf0-892b-4bdf-91b8-ce10d3428db6 5b269b93c6fd4a6f8021a4e0ea1fed9b 67ae0794042149f4a396eb9cd2d12b7e - - default default] Successfully bumped revision number for resource cb18c4e2-075d-405b-b32f-95cd0600cc2e (type: security_group_rules) to 0
2026-05-30 03:06:50.112 10 INFO neutron.api.wsgi [req-da567b28-4f50-4643-84ec-4f86e8ed54c9 req-479305fe-91b2-4a34-a943-071bb9d9cb67 e520c39e2a1a49dc9808dc77d67760b7 1802478b30bc40aca8700b4d1a0c068c - - default default] 10.0.0.26 "GET /v2.0/ports?device_id=fdde95f1-5012-429d-bf12-03b3f0684c93 HTTP/1.1" status: 200 len: 1170 time: 0.0996797
2026-05-30 03:06:50.114 9 INFO neutron.db.segments_db [None req-f6bc9bf0-892b-4bdf-91b8-ce10d3428db6 5b269b93c6fd4a6f8021a4e0ea1fed9b 67ae0794042149f4a396eb9cd2d12b7e - - default default] Added segment 7f834028-0438-4ad2-ad11-ce1e4a85f744 of type geneve for network 1e4bef1b-6122-48e7-a935-b6204a371354
2026-05-30 03:06:50.155 10 INFO neutron.api.wsgi [req-da567b28-4f50-4643-84ec-4f86e8ed54c9 req-b89e9f89-7570-42c1-a982-6527ea82550c e520c39e2a1a49dc9808dc77d67760b7 1802478b30bc40aca8700b4d1a0c068c - - default default] 10.0.0.26 "GET /v2.0/security-groups?id=83a62fab-e9f9-4445-8b14-75539597972d&fields=id&fields=name HTTP/1.1" status: 200 len: 286 time: 0.0365369
2026-05-30 03:06:50.218 9 INFO neutron.db.ovn_revision_numbers_db [None req-f6bc9bf0-892b-4bdf-91b8-ce10d3428db6 5b269b93c6fd4a6f8021a4e0ea1fed9b 67ae0794042149f4a396eb9cd2d12b7e - - default default] Successfully bumped revision number for resource 1e4bef1b-6122-48e7-a935-b6204a371354 (type: networks) to 1
2026-05-30 03:06:50.347 9 WARNING neutron.scheduler.dhcp_agent_scheduler [None req-f6bc9bf0-892b-4bdf-91b8-ce10d3428db6 5b269b93c6fd4a6f8021a4e0ea1fed9b 67ae0794042149f4a396eb9cd2d12b7e - - default default] No more DHCP agents
2026-05-30 03:06:50.349 9 WARNING neutron.api.rpc.agentnotifiers.dhcp_rpc_agent_api [None req-f6bc9bf0-892b-4bdf-91b8-ce10d3428db6 5b269b93c6fd4a6f8021a4e0ea1fed9b 67ae0794042149f4a396eb9cd2d12b7e - - default default] Unable to schedule network 1e4bef1b-6122-48e7-a935-b6204a371354: no agents available; will retry on subsequent port and subnet creation events.
2026-05-30 03:06:50.421 9 INFO neutron.db.ovn_revision_numbers_db [None req-f6bc9bf0-892b-4bdf-91b8-ce10d3428db6 5b269b93c6fd4a6f8021a4e0ea1fed9b 67ae0794042149f4a396eb9cd2d12b7e - - default default] Successfully bumped revision number for resource f2fe5ad5-29a8-4c2d-b13b-d796b76b8f6c (type: ports) to 1
2026-05-30 03:06:50.445 9 INFO neutron.api.wsgi [None req-f6bc9bf0-892b-4bdf-91b8-ce10d3428db6 5b269b93c6fd4a6f8021a4e0ea1fed9b 67ae0794042149f4a396eb9cd2d12b7e - - default default] 10.0.0.50 "POST /v2.0/networks HTTP/1.1" status: 201 len: 946 time: 0.7848117
2026-05-30 03:06:50.661 10 WARNING neutron.scheduler.dhcp_agent_scheduler [None req-aa5f3bf2-770f-404c-b125-57197cd94892 5b269b93c6fd4a6f8021a4e0ea1fed9b 67ae0794042149f4a396eb9cd2d12b7e - - default default] No more DHCP agents
2026-05-30 03:06:50.664 10 WARNING neutron.api.rpc.agentnotifiers.dhcp_rpc_agent_api [None req-aa5f3bf2-770f-404c-b125-57197cd94892 5b269b93c6fd4a6f8021a4e0ea1fed9b 67ae0794042149f4a396eb9cd2d12b7e - - default default] Unable to schedule network 1e4bef1b-6122-48e7-a935-b6204a371354: no agents available; will retry on subsequent port and subnet creation events.
2026-05-30 03:06:50.765 10 INFO neutron.api.wsgi [None req-f7a04ac1-0503-496d-8b53-6edf7a107506 382e384b885a4e46871e1720f87ec93f 8b71e5aac9a943b09fe5cecfaf40fd17 - - default default] 10.0.0.50 "DELETE /v2.0/security-groups/d20e543e-feea-4e32-863c-8dc59371e109 HTTP/1.1" status: 204 len: 168 time: 0.1627355
2026-05-30 03:06:50.786 10 INFO neutron.api.v2.resource [None req-bb4a85db-d3d6-4e72-902c-ff95a7730a21 382e384b885a4e46871e1720f87ec93f 8b71e5aac9a943b09fe5cecfaf40fd17 - - default default] show failed (client error): The resource could not be found.
2026-05-30 03:06:50.787 10 INFO neutron.api.wsgi [None req-bb4a85db-d3d6-4e72-902c-ff95a7730a21 382e384b885a4e46871e1720f87ec93f 8b71e5aac9a943b09fe5cecfaf40fd17 - - default default] 10.0.0.50 "GET /v2.0/security-groups/d20e543e-feea-4e32-863c-8dc59371e109 HTTP/1.1" status: 404 len: 347 time: 0.0151234
2026-05-30 03:06:51.151 10 INFO neutron.api.wsgi [None req-6a5c45b6-86bc-4f92-813f-08fab6526743 382e384b885a4e46871e1720f87ec93f 8b71e5aac9a943b09fe5cecfaf40fd17 - - default default] 10.0.0.50 "DELETE /v2.0/floatingips/2635ce1a-2910-4c89-b13e-25b396a53ae6 HTTP/1.1" status: 204 len: 168 time: 0.3568325
2026-05-30 03:06:51.253 10 INFO neutron.db.ovn_revision_numbers_db [None req-b84e7d07-7fb6-4fb3-a0ad-55c1565a5289 - - - - - -] Successfully bumped revision number for resource f2fe5ad5-29a8-4c2d-b13b-d796b76b8f6c (type: ports) to 2
2026-05-30 03:06:51.266 10 INFO neutron.api.wsgi [req-7024be47-683d-45ea-a189-84c8dde9e51e req-cdda1be7-2ed4-41dc-81a3-b1b9423c3bd7 e520c39e2a1a49dc9808dc77d67760b7 1802478b30bc40aca8700b4d1a0c068c - - default default] 10.0.0.26 "GET /v2.0/ports?device_id=fdde95f1-5012-429d-bf12-03b3f0684c93 HTTP/1.1" status: 200 len: 1170 time: 0.0350788
2026-05-30 03:06:51.309 10 INFO neutron.db.ovn_revision_numbers_db [None req-b84e7d07-7fb6-4fb3-a0ad-55c1565a5289 - - - - - -] Successfully bumped revision number for resource 34dcc4bc-3ec6-4eea-8ced-90c557ef9159 (type: subnets) to 0
2026-05-30 03:06:51.325 10 INFO neutron.api.wsgi [None req-aa5f3bf2-770f-404c-b125-57197cd94892 5b269b93c6fd4a6f8021a4e0ea1fed9b 67ae0794042149f4a396eb9cd2d12b7e - - default default] 10.0.0.50 "POST /v2.0/subnets HTTP/1.1" status: 201 len: 890 time: 0.8720315
2026-05-30 03:06:51.329 10 INFO neutron.api.wsgi [req-7024be47-683d-45ea-a189-84c8dde9e51e req-029cab2d-bdc3-45a8-8d42-4c3127debd41 e520c39e2a1a49dc9808dc77d67760b7 1802478b30bc40aca8700b4d1a0c068c - - default default] 10.0.0.26 "GET /v2.0/security-groups?id=83a62fab-e9f9-4445-8b14-75539597972d&fields=id&fields=name HTTP/1.1" status: 200 len: 286 time: 0.0524592
2026-05-30 03:06:51.753 9 INFO neutron.api.wsgi [req-ff93dc27-e630-4544-bdd6-6ff8476592c0 req-1aa52a2f-7439-41ce-bde5-c49c14af1319 e520c39e2a1a49dc9808dc77d67760b7 1802478b30bc40aca8700b4d1a0c068c - - default default] 10.0.0.26 "GET /v2.0/ports?device_id=fdde95f1-5012-429d-bf12-03b3f0684c93 HTTP/1.1" status: 200 len: 1170 time: 0.1254821
2026-05-30 03:06:51.827 9 INFO neutron.api.wsgi [req-ff93dc27-e630-4544-bdd6-6ff8476592c0 req-d6075bcb-e27b-4f61-9732-390659ed00aa e520c39e2a1a49dc9808dc77d67760b7 1802478b30bc40aca8700b4d1a0c068c - - default default] 10.0.0.26 "GET /v2.0/security-groups?id=83a62fab-e9f9-4445-8b14-75539597972d&fields=id&fields=name HTTP/1.1" status: 200 len: 286 time: 0.0624835
2026-05-30 03:06:51.935 9 WARNING neutron.scheduler.dhcp_agent_scheduler [None req-5980f636-42a9-4130-80d7-a36c94072967 5b269b93c6fd4a6f8021a4e0ea1fed9b 67ae0794042149f4a396eb9cd2d12b7e - - default default] No more DHCP agents
2026-05-30 03:06:51.937 9 WARNING neutron.api.rpc.agentnotifiers.dhcp_rpc_agent_api [None req-5980f636-42a9-4130-80d7-a36c94072967 5b269b93c6fd4a6f8021a4e0ea1fed9b 67ae0794042149f4a396eb9cd2d12b7e - - default default] Unable to schedule network c95f1c1d-e5a6-4c19-9afd-aff0bb985712: no agents available; will retry on subsequent port and subnet creation events.
2026-05-30 03:06:52.138 9 INFO neutron.db.ovn_revision_numbers_db [None req-5980f636-42a9-4130-80d7-a36c94072967 5b269b93c6fd4a6f8021a4e0ea1fed9b 67ae0794042149f4a396eb9cd2d12b7e - - default default] Successfully bumped revision number for resource f03e2812-f3fc-436b-811c-1a1ad10e815a (type: ports) to 1
2026-05-30 03:06:52.150 10 INFO neutron.plugins.ml2.drivers.ovn.mech_driver.mech_driver [None req-9977f7e9-82de-480d-a732-a25dd6bde81c - - - - - -] OVN reports status down for port: 23d7e191-bcac-4a34-9680-1613de91cffe
2026-05-30 03:06:52.338 10 INFO neutron.notifiers.nova [-] Nova event matching ['req-608815f6-1114-4649-ae42-2c116f241080'] response: {'server_uuid': 'fdde95f1-5012-429d-bf12-03b3f0684c93', 'name': 'network-vif-unplugged', 'status': 'completed', 'tag': '23d7e191-bcac-4a34-9680-1613de91cffe', 'code': 200}
2026-05-30 03:06:52.422 10 INFO neutron.db.ovn_revision_numbers_db [None req-625d7f72-8b84-4eeb-9845-ddd67fd462f1 5b269b93c6fd4a6f8021a4e0ea1fed9b 67ae0794042149f4a396eb9cd2d12b7e - - default default] Successfully bumped revision number for resource 2e33aa9a-1abd-43ad-a293-492c8d3a3bf1 (type: security_groups) to 1
2026-05-30 03:06:52.440 10 INFO neutron.db.ovn_revision_numbers_db [None req-625d7f72-8b84-4eeb-9845-ddd67fd462f1 5b269b93c6fd4a6f8021a4e0ea1fed9b 67ae0794042149f4a396eb9cd2d12b7e - - default default] Successfully bumped revision number for resource 3bba05d1-93fa-4798-9003-086c728fd522 (type: security_group_rules) to 0
2026-05-30 03:06:52.456 10 INFO neutron.db.ovn_revision_numbers_db [None req-625d7f72-8b84-4eeb-9845-ddd67fd462f1 5b269b93c6fd4a6f8021a4e0ea1fed9b 67ae0794042149f4a396eb9cd2d12b7e - - default default] Successfully bumped revision number for resource 9fafa491-7268-4f6a-b728-8a6c854e6142 (type: security_group_rules) to 0
2026-05-30 03:06:52.477 10 INFO neutron.db.ovn_revision_numbers_db [None req-625d7f72-8b84-4eeb-9845-ddd67fd462f1 5b269b93c6fd4a6f8021a4e0ea1fed9b 67ae0794042149f4a396eb9cd2d12b7e - - default default] Successfully bumped revision number for resource c9ec4de8-8771-4408-9535-df1b6ed18992 (type: security_group_rules) to 0
2026-05-30 03:06:52.489 10 INFO neutron.db.ovn_revision_numbers_db [None req-9977f7e9-82de-480d-a732-a25dd6bde81c - - - - - -] Successfully bumped revision number for resource 23d7e191-bcac-4a34-9680-1613de91cffe (type: ports) to 6
2026-05-30 03:06:52.493 10 INFO neutron.db.ovn_revision_numbers_db [None req-625d7f72-8b84-4eeb-9845-ddd67fd462f1 5b269b93c6fd4a6f8021a4e0ea1fed9b 67ae0794042149f4a396eb9cd2d12b7e - - default default] Successfully bumped revision number for resource ca6560d9-4534-43a0-a1e5-cb4ac2a26d7d (type: security_group_rules) to 0
2026-05-30 03:06:52.536 10 INFO neutron.api.wsgi [None req-625d7f72-8b84-4eeb-9845-ddd67fd462f1 5b269b93c6fd4a6f8021a4e0ea1fed9b 67ae0794042149f4a396eb9cd2d12b7e - - default default] 10.0.0.50 "GET /v2.0/security-groups?tenant_id=3648e327bce64cfab091a3a4d56322f7&name=default HTTP/1.1" status: 200 len: 3120 time: 0.4990282
2026-05-30 03:06:52.848 9 INFO neutron.api.wsgi [None req-747f1d0c-4868-43c3-bd9a-5995a983397a 5b269b93c6fd4a6f8021a4e0ea1fed9b 67ae0794042149f4a396eb9cd2d12b7e - - default default] 10.0.0.50 "PUT /v2.0/routers/71a3110b-8e24-4aae-8021-11904ca7d660/remove_router_interface HTTP/1.1" status: 200 len: 503 time: 1.6062939 /var/lib/openstack/lib/python3.12/site-packages/pycadf/identifier.py:71: UserWarning: Invalid uuid: neutron. To ensure interoperability, identifiers should be a valid uuid. warnings.warn(('Invalid uuid: %s. To ensure interoperability, '
2026-05-30 03:06:52.913 9 INFO neutron.api.wsgi [None req-725b2132-af35-44b2-a70f-8c3e8f4b5512 5b269b93c6fd4a6f8021a4e0ea1fed9b 67ae0794042149f4a396eb9cd2d12b7e - - default default] 10.0.0.50 "DELETE /v2.0/security-groups/2e33aa9a-1abd-43ad-a293-492c8d3a3bf1 HTTP/1.1" status: 204 len: 168 time: 0.3703761 /var/lib/openstack/lib/python3.12/site-packages/pycadf/identifier.py:71: UserWarning: Invalid uuid: neutron. To ensure interoperability, identifiers should be a valid uuid. warnings.warn(('Invalid uuid: %s. To ensure interoperability, '
2026-05-30 03:06:52.949 9 INFO neutron.api.wsgi [req-5d963849-ad5f-4302-9339-67abeba33b5e req-bbbd731f-67bf-495c-ae55-1d015410715b e520c39e2a1a49dc9808dc77d67760b7 1802478b30bc40aca8700b4d1a0c068c - - default default] 10.0.0.26 "GET /v2.0/ports?device_id=fdde95f1-5012-429d-bf12-03b3f0684c93 HTTP/1.1" status: 200 len: 1168 time: 0.0407500
2026-05-30 03:06:52.993 9 INFO neutron.api.wsgi [req-5d963849-ad5f-4302-9339-67abeba33b5e req-90d47c36-5e3d-4ae2-ba32-0c7173050822 e520c39e2a1a49dc9808dc77d67760b7 1802478b30bc40aca8700b4d1a0c068c - - default default] 10.0.0.26 "GET /v2.0/security-groups?id=83a62fab-e9f9-4445-8b14-75539597972d&fields=id&fields=name HTTP/1.1" status: 200 len: 286 time: 0.0357664
2026-05-30 03:06:52.995 9 INFO neutron.plugins.ml2.drivers.ovn.mech_driver.ovsdb.commands [None req-195669d7-72ed-41d7-b438-d417f6da76de - - - - - -] Schedule LRP lrp-f03e2812-f3fc-436b-811c-1a1ad10e815a on gateway 585ed40b-f730-46a8-811c-5d58a809d870 with priority 1
2026-05-30 03:06:53.005 10 INFO neutron.plugins.ml2.drivers.ovn.mech_driver.mech_driver [None req-727e8404-e6f6-462e-a7cb-64d92f247bc6 - - - - - -] OVN reports status up for port: f03e2812-f3fc-436b-811c-1a1ad10e815a
2026-05-30 03:06:53.022 10 INFO neutron.plugins.ml2.drivers.ovn.mech_driver.ovsdb.ovsdb_monitor [None req-6f18ad9f-c0df-4a6d-97b1-5660d9accd14 - - - - - -] Router 0f059a75-1475-49e7-960c-07970a718a50 is bound to host instance
2026-05-30 03:06:53.024 10 INFO neutron.plugins.ml2.plugin [None req-727e8404-e6f6-462e-a7cb-64d92f247bc6 - - - - - -] Attempt 1 to provision port f03e2812-f3fc-436b-811c-1a1ad10e815a
2026-05-30 03:06:53.034 9 INFO neutron.db.ovn_revision_numbers_db [None req-5980f636-42a9-4130-80d7-a36c94072967 5b269b93c6fd4a6f8021a4e0ea1fed9b 67ae0794042149f4a396eb9cd2d12b7e - - default default] Successfully bumped revision number for resource f03e2812-f3fc-436b-811c-1a1ad10e815a (type: router_ports) to 1
2026-05-30 03:06:53.090 9 INFO neutron.db.ovn_revision_numbers_db [None req-5980f636-42a9-4130-80d7-a36c94072967 5b269b93c6fd4a6f8021a4e0ea1fed9b 67ae0794042149f4a396eb9cd2d12b7e - - default default] Successfully bumped revision number for resource 0f059a75-1475-49e7-960c-07970a718a50 (type: routers) to 2
2026-05-30 03:06:53.109 9 INFO neutron.api.wsgi [None req-5980f636-42a9-4130-80d7-a36c94072967 5b269b93c6fd4a6f8021a4e0ea1fed9b 67ae0794042149f4a396eb9cd2d12b7e - - default default] 10.0.0.50 "POST /v2.0/routers HTTP/1.1" status: 201 len: 1168 time: 1.7794571
2026-05-30 03:06:53.525 9 INFO neutron.api.wsgi [req-4b2ed411-f81b-463b-82bb-10a1f46cb266 req-249c2003-20b9-4b94-a5dd-83805dbecee0 e520c39e2a1a49dc9808dc77d67760b7 1802478b30bc40aca8700b4d1a0c068c - - default default] 199.204.45.72 "GET /v2.0/ports?device_id=fdde95f1-5012-429d-bf12-03b3f0684c93 HTTP/1.1" status: 200 len: 1168 time: 0.0391679
2026-05-30 03:06:53.615 10 INFO neutron.db.ovn_revision_numbers_db [None req-3ec574f7-deb0-46dc-9b21-284315761cb9 - - - - - -] Successfully bumped revision number for resource f03e2812-f3fc-436b-811c-1a1ad10e815a (type: ports) to 1
2026-05-30 03:06:53.655 10 INFO neutron.api.wsgi [None req-c9c74df3-f86c-4b9c-bcbd-85ab94ad03ac 5b269b93c6fd4a6f8021a4e0ea1fed9b 67ae0794042149f4a396eb9cd2d12b7e - - default default] 10.0.0.50 "DELETE /v2.0/routers/71a3110b-8e24-4aae-8021-11904ca7d660 HTTP/1.1" status: 204 len: 168 time: 0.7994890
2026-05-30 03:06:53.908 9 INFO neutron.api.wsgi [req-4b2ed411-f81b-463b-82bb-10a1f46cb266 req-63e64d99-29a1-4852-97fa-2a80fbcdcaa4 e520c39e2a1a49dc9808dc77d67760b7 1802478b30bc40aca8700b4d1a0c068c - - default default] 199.204.45.72 "DELETE /v2.0/ports/23d7e191-bcac-4a34-9680-1613de91cffe HTTP/1.1" status: 204 len: 173 time: 0.3777049
2026-05-30 03:06:53.929 9 INFO neutron.api.wsgi [None req-f451a139-a67f-48be-85a8-1881bbecc0d2 5b269b93c6fd4a6f8021a4e0ea1fed9b 67ae0794042149f4a396eb9cd2d12b7e - - default default] 10.0.0.50 "DELETE /v2.0/subnets/9cb2a73b-334a-45ad-a6db-e75b12692a8d HTTP/1.1" status: 204 len: 168 time: 0.2630742
2026-05-30 03:06:53.941 9 INFO neutron.notifiers.nova [-] Nova event matching ['req-8f2a68e8-dad1-4684-8aa1-4065b8c5226c'] response: {'server_uuid': 'fdde95f1-5012-429d-bf12-03b3f0684c93', 'name': 'network-vif-deleted', 'tag': '23d7e191-bcac-4a34-9680-1613de91cffe', 'status': 'completed', 'code': 200}
2026-05-30 03:06:53.974 10 INFO neutron.db.ovn_revision_numbers_db [None req-3ec574f7-deb0-46dc-9b21-284315761cb9 - - - - - -] Successfully bumped revision number for resource f03e2812-f3fc-436b-811c-1a1ad10e815a (type: ports) to 4
2026-05-30 03:06:53.976 9 WARNING neutron.scheduler.dhcp_agent_scheduler [None req-63198ff6-6389-4dfb-a816-de3410d6e455 5b269b93c6fd4a6f8021a4e0ea1fed9b 67ae0794042149f4a396eb9cd2d12b7e - - default default] No more DHCP agents
2026-05-30 03:06:53.977 9 WARNING neutron.api.rpc.agentnotifiers.dhcp_rpc_agent_api [None req-63198ff6-6389-4dfb-a816-de3410d6e455 5b269b93c6fd4a6f8021a4e0ea1fed9b 67ae0794042149f4a396eb9cd2d12b7e - - default default] Unable to schedule network 1e4bef1b-6122-48e7-a935-b6204a371354: no agents available; will retry on subsequent port and subnet creation events.
2026-05-30 03:06:54.099 9 INFO neutron.db.ovn_revision_numbers_db [None req-63198ff6-6389-4dfb-a816-de3410d6e455 5b269b93c6fd4a6f8021a4e0ea1fed9b 67ae0794042149f4a396eb9cd2d12b7e - - default default] Successfully bumped revision number for resource 57e0930e-3d5b-4e59-8dd7-6e41e0668e43 (type: ports) to 1
2026-05-30 03:06:54.104 9 INFO neutron.api.wsgi [req-d24dfcc3-7048-4814-847d-d92638b72099 req-7a2ebf3e-0ab0-49ec-ba2a-ae7490743a64 e520c39e2a1a49dc9808dc77d67760b7 1802478b30bc40aca8700b4d1a0c068c - - default default] 10.0.0.26 "GET /v2.0/ports?device_id=fdde95f1-5012-429d-bf12-03b3f0684c93 HTTP/1.1" status: 200 len: 210 time: 0.0237875
2026-05-30 03:06:54.326 10 INFO neutron.services.segments.plugin [-] Segment 36002b17-ea0a-4bde-bf6c-53b354af1fb4 resource provider aggregate not found
2026-05-30 03:06:54.329 10 INFO neutron.services.segments.plugin [-] Segment 36002b17-ea0a-4bde-bf6c-53b354af1fb4 resource provider aggregate not found
2026-05-30 03:06:54.357 10 INFO neutron.services.segments.plugin [-] Segment 36002b17-ea0a-4bde-bf6c-53b354af1fb4 resource provider not found; error: Placement Client Error (4xx): {"errors": [{"status": 404, "title": "Not Found", "detail": "The resource could not be found.\n\n No resource provider with uuid 36002b17-ea0a-4bde-bf6c-53b354af1fb4 found for delete ", "request_id": "req-4723c13a-1bae-4c9c-9d01-140733883ad1"}]}
2026-05-30 03:06:54.358 10 INFO neutron.services.segments.plugin [-] Segment 36002b17-ea0a-4bde-bf6c-53b354af1fb4 resource provider not found; error: Placement Client Error (4xx): {"errors": [{"status": 404, "title": "Not Found", "detail": "The resource could not be found.\n\n No resource provider with uuid 36002b17-ea0a-4bde-bf6c-53b354af1fb4 found for delete ", "request_id": "req-205306e9-8c8c-42ef-bdbb-2652b6dff336"}]}
2026-05-30 03:06:54.361 10 INFO neutron.db.ovn_revision_numbers_db [None req-3ec574f7-deb0-46dc-9b21-284315761cb9 - - - - - -] Successfully bumped revision number for resource f03e2812-f3fc-436b-811c-1a1ad10e815a (type: ports) to 5
2026-05-30 03:06:54.373 10 INFO neutron.notifiers.nova [-] Nova event matching ['req-43737dfe-42f3-4691-90bf-477bb3d51c50'] response: {'server_uuid': 'fdde95f1-5012-429d-bf12-03b3f0684c93', 'name': 'network-vif-unplugged', 'status': 'completed', 'tag': '23d7e191-bcac-4a34-9680-1613de91cffe', 'code': 200}
2026-05-30 03:06:54.387 10 INFO neutron.api.wsgi [None req-4dcd366e-bf37-4356-aeba-1736c032a21f 5b269b93c6fd4a6f8021a4e0ea1fed9b 67ae0794042149f4a396eb9cd2d12b7e - - default default] 10.0.0.50 "DELETE /v2.0/networks/4ef25966-c6f2-46b4-ab40-3c94e24cadee HTTP/1.1" status: 204 len: 168 time: 0.4510515
2026-05-30 03:06:54.566 10 INFO neutron.api.wsgi [None req-34c776c3-edcb-4ff3-8d5b-0067634b49be 5b269b93c6fd4a6f8021a4e0ea1fed9b 67ae0794042149f4a396eb9cd2d12b7e - - default default] 10.0.0.50 "GET /v2.0/security-groups?tenant_id=8b71e5aac9a943b09fe5cecfaf40fd17&name=default HTTP/1.1" status: 200 len: 3116 time: 0.0324707
2026-05-30 03:06:54.640 9 INFO neutron.plugins.ml2.drivers.ovn.mech_driver.mech_driver [None req-57ddf0b1-06b3-4fcc-88d7-5170295e942f - - - - - -] OVN reports status up for port: 57e0930e-3d5b-4e59-8dd7-6e41e0668e43
2026-05-30 03:06:54.654 9 INFO neutron.plugins.ml2.plugin [None req-57ddf0b1-06b3-4fcc-88d7-5170295e942f - - - - - -] Attempt 1 to provision port 57e0930e-3d5b-4e59-8dd7-6e41e0668e43
2026-05-30 03:06:54.670 9 INFO neutron.db.ovn_revision_numbers_db [None req-63198ff6-6389-4dfb-a816-de3410d6e455 5b269b93c6fd4a6f8021a4e0ea1fed9b 67ae0794042149f4a396eb9cd2d12b7e - - default default] Successfully bumped revision number for resource 57e0930e-3d5b-4e59-8dd7-6e41e0668e43 (type: ports) to 1
2026-05-30 03:06:54.731 9 WARNING neutron.scheduler.dhcp_agent_scheduler [None req-63198ff6-6389-4dfb-a816-de3410d6e455 5b269b93c6fd4a6f8021a4e0ea1fed9b 67ae0794042149f4a396eb9cd2d12b7e - - default default] No more DHCP agents
2026-05-30 03:06:54.732 9 WARNING neutron.api.rpc.agentnotifiers.dhcp_rpc_agent_api [None req-63198ff6-6389-4dfb-a816-de3410d6e455 5b269b93c6fd4a6f8021a4e0ea1fed9b 67ae0794042149f4a396eb9cd2d12b7e - - default default] Unable to schedule network 1e4bef1b-6122-48e7-a935-b6204a371354: no agents available; will retry on subsequent port and subnet creation events.
2026-05-30 03:06:54.769 10 INFO neutron.api.wsgi [None req-bfd023cb-4ac0-4be8-8c26-bde95c6d5c82 5b269b93c6fd4a6f8021a4e0ea1fed9b 67ae0794042149f4a396eb9cd2d12b7e - - default default] 10.0.0.50 "DELETE /v2.0/security-groups/245c21d0-f6be-4324-969b-49a684b717a5 HTTP/1.1" status: 204 len: 168 time: 0.1963115
2026-05-30 03:06:54.795 10 WARNING neutron_lib.context [None req-c678bc1a-b705-4425-9796-63f12b256833 e396548d78c841dda2068f86c710903a 8720ac871db745b58439e679b1974aeb - - default default] Method 'is_advsvc' is deprecated since 2023.2 release (neutron-lib 3.8.0) and will be removed once support for the old RBAC API policies will be removed from Neutron. Please use method 'is_service_role' instead.
2026-05-30 03:06:54.934 10 INFO neutron.db.ovn_revision_numbers_db [None req-c678bc1a-b705-4425-9796-63f12b256833 e396548d78c841dda2068f86c710903a 8720ac871db745b58439e679b1974aeb - - default default] Successfully bumped revision number for resource 8b35dc8f-d4a7-4e1d-ad98-662064f7b17f (type: security_groups) to 1
2026-05-30 03:06:54.974 10 INFO neutron.db.ovn_revision_numbers_db [None req-c678bc1a-b705-4425-9796-63f12b256833 e396548d78c841dda2068f86c710903a 8720ac871db745b58439e679b1974aeb - - default default] Successfully bumped revision number for resource 3c87b832-1be9-4769-ad6d-eb2f578520c8 (type: security_group_rules) to 0
2026-05-30 03:06:54.990 10 INFO neutron.db.ovn_revision_numbers_db [None req-c678bc1a-b705-4425-9796-63f12b256833 e396548d78c841dda2068f86c710903a 8720ac871db745b58439e679b1974aeb - - default default] Successfully bumped revision number for resource 5920e200-093b-4cbb-bc0b-5e9b4b3228e6 (type: security_group_rules) to 0
2026-05-30 03:06:55.007 10 INFO neutron.db.ovn_revision_numbers_db [None req-c678bc1a-b705-4425-9796-63f12b256833 e396548d78c841dda2068f86c710903a 8720ac871db745b58439e679b1974aeb - - default default] Successfully bumped revision number for resource 780ae34a-f662-4b95-bdee-eab3e2881d40 (type: security_group_rules) to 0
2026-05-30 03:06:55.020 10 INFO neutron.db.ovn_revision_numbers_db [None req-c678bc1a-b705-4425-9796-63f12b256833 e396548d78c841dda2068f86c710903a 8720ac871db745b58439e679b1974aeb - - default default] Successfully bumped revision number for resource 8c9e13e8-00d6-4f6e-adf4-4adb4cc0ce94 (type: security_group_rules) to 0
2026-05-30 03:06:55.058 9 INFO neutron.db.ovn_revision_numbers_db [None req-57ddf0b1-06b3-4fcc-88d7-5170295e942f - - - - - -] Successfully bumped revision number for resource 57e0930e-3d5b-4e59-8dd7-6e41e0668e43 (type: ports) to 2
2026-05-30 03:06:55.092 10 INFO neutron.db.segments_db [None req-c678bc1a-b705-4425-9796-63f12b256833 e396548d78c841dda2068f86c710903a 8720ac871db745b58439e679b1974aeb - - default default] Added segment 6ffd726c-cab7-438e-b1da-f077e65d169f of type geneve for network c62b39b6-400e-410a-b9f1-42ae28c34e74
2026-05-30 03:06:55.222 9 INFO neutron.api.wsgi [req-6d161c27-1bd6-4884-a867-2cc14bbba2e2 req-408edf40-c2ab-419d-af07-bf8013c26e6c e520c39e2a1a49dc9808dc77d67760b7 1802478b30bc40aca8700b4d1a0c068c - - default default] 10.0.0.26 "GET /v2.0/ports?device_id=fdde95f1-5012-429d-bf12-03b3f0684c93 HTTP/1.1" status: 200 len: 210 time: 0.0228341
2026-05-30 03:06:55.226 10 INFO neutron.db.ovn_revision_numbers_db [None req-c678bc1a-b705-4425-9796-63f12b256833 e396548d78c841dda2068f86c710903a 8720ac871db745b58439e679b1974aeb - - default default] Successfully bumped revision number for resource c62b39b6-400e-410a-b9f1-42ae28c34e74 (type: networks) to 1
2026-05-30 03:06:55.401 9 INFO neutron.db.ovn_revision_numbers_db [None req-63198ff6-6389-4dfb-a816-de3410d6e455 5b269b93c6fd4a6f8021a4e0ea1fed9b 67ae0794042149f4a396eb9cd2d12b7e - - default default] Successfully bumped revision number for resource 57e0930e-3d5b-4e59-8dd7-6e41e0668e43 (type: router_ports) to 1
2026-05-30 03:06:55.408 9 INFO neutron.api.wsgi [None req-63198ff6-6389-4dfb-a816-de3410d6e455 5b269b93c6fd4a6f8021a4e0ea1fed9b 67ae0794042149f4a396eb9cd2d12b7e - - default default] 10.0.0.50 "PUT /v2.0/routers/0f059a75-1475-49e7-960c-07970a718a50/add_router_interface HTTP/1.1" status: 200 len: 503 time: 2.2924623
2026-05-30 03:06:55.783 10 WARNING neutron.scheduler.dhcp_agent_scheduler [None req-c678bc1a-b705-4425-9796-63f12b256833 e396548d78c841dda2068f86c710903a 8720ac871db745b58439e679b1974aeb - - default default] No more DHCP agents
2026-05-30 03:06:55.785 10 WARNING neutron.api.rpc.agentnotifiers.dhcp_rpc_agent_api [None req-c678bc1a-b705-4425-9796-63f12b256833 e396548d78c841dda2068f86c710903a 8720ac871db745b58439e679b1974aeb - - default default] Unable to schedule network c62b39b6-400e-410a-b9f1-42ae28c34e74: no agents available; will retry on subsequent port and subnet creation events.
2026-05-30 03:06:55.869 10 INFO neutron.db.ovn_revision_numbers_db [None req-c678bc1a-b705-4425-9796-63f12b256833 e396548d78c841dda2068f86c710903a 8720ac871db745b58439e679b1974aeb - - default default] Successfully bumped revision number for resource 10a63527-3ecc-48db-8d67-d5edbce0e54f (type: ports) to 1
2026-05-30 03:06:55.893 10 INFO neutron.api.wsgi [None req-c678bc1a-b705-4425-9796-63f12b256833 e396548d78c841dda2068f86c710903a 8720ac871db745b58439e679b1974aeb - - default default] 10.0.0.50 "POST /v2.0/networks HTTP/1.1" status: 201 len: 848 time: 1.3158689
2026-05-30 03:06:55.904 10 WARNING neutron_lib.context [None req-f7ccf624-e9b6-4ea5-94a5-528ba5ed17c5 e396548d78c841dda2068f86c710903a 8720ac871db745b58439e679b1974aeb - - default default] Method 'is_advsvc' is deprecated since 2023.2 release (neutron-lib 3.8.0) and will be removed once support for the old RBAC API policies will be removed from Neutron. Please use method 'is_service_role' instead.
2026-05-30 03:06:56.132 9 WARNING neutron_lib.context [None req-71c0e85f-587c-453b-b9d8-960f651c0843 e3c3ef52b9a84b519c4bd8db8b5c75ec 0d1e6166294741259a78c4fec6748a65 - - default default] Method 'is_advsvc' is deprecated since 2023.2 release (neutron-lib 3.8.0) and will be removed once support for the old RBAC API policies will be removed from Neutron. Please use method 'is_service_role' instead.
2026-05-30 03:06:56.187 10 WARNING neutron.scheduler.dhcp_agent_scheduler [None req-f7ccf624-e9b6-4ea5-94a5-528ba5ed17c5 e396548d78c841dda2068f86c710903a 8720ac871db745b58439e679b1974aeb - - default default] No more DHCP agents
2026-05-30 03:06:56.190 10 WARNING neutron.api.rpc.agentnotifiers.dhcp_rpc_agent_api [None req-f7ccf624-e9b6-4ea5-94a5-528ba5ed17c5 e396548d78c841dda2068f86c710903a 8720ac871db745b58439e679b1974aeb - - default default] Unable to schedule network c62b39b6-400e-410a-b9f1-42ae28c34e74: no agents available; will retry on subsequent port and subnet creation events.
2026-05-30 03:06:56.283 9 INFO neutron.db.ovn_revision_numbers_db [None req-71c0e85f-587c-453b-b9d8-960f651c0843 e3c3ef52b9a84b519c4bd8db8b5c75ec 0d1e6166294741259a78c4fec6748a65 - - default default] Successfully bumped revision number for resource 0ee5daa9-6723-444d-96f4-fd9776c91fec (type: security_groups) to 1
2026-05-30 03:06:56.300 10 INFO neutron.db.ovn_revision_numbers_db [None req-f7ccf624-e9b6-4ea5-94a5-528ba5ed17c5 e396548d78c841dda2068f86c710903a 8720ac871db745b58439e679b1974aeb - - default default] Successfully bumped revision number for resource 5da26b1c-00d2-47c1-a211-a202792e95d9 (type: ports) to 1
2026-05-30 03:06:56.301 9 INFO neutron.db.ovn_revision_numbers_db [None req-71c0e85f-587c-453b-b9d8-960f651c0843 e3c3ef52b9a84b519c4bd8db8b5c75ec 0d1e6166294741259a78c4fec6748a65 - - default default] Successfully bumped revision number for resource 0e8ab089-e85b-4f48-a880-6ed9c372b95a (type: security_group_rules) to 0
2026-05-30 03:06:56.325 10 INFO neutron.api.wsgi [None req-f7ccf624-e9b6-4ea5-94a5-528ba5ed17c5 e396548d78c841dda2068f86c710903a 8720ac871db745b58439e679b1974aeb - - default default] 10.0.0.50 "POST /v2.0/ports HTTP/1.1" status: 201 len: 978 time: 0.4255919
2026-05-30 03:06:56.326 9 INFO neutron.api.wsgi [req-7bbd9ebe-0b55-45f6-844a-815e859bd825 req-b8616913-6535-4e23-8d2f-c8917e4aef1e e520c39e2a1a49dc9808dc77d67760b7 1802478b30bc40aca8700b4d1a0c068c - - default default] 10.0.0.26 "GET /v2.0/ports?device_id=fdde95f1-5012-429d-bf12-03b3f0684c93 HTTP/1.1" status: 200 len: 210 time: 0.0205336
2026-05-30 03:06:56.345 9 WARNING neutron_lib.context [None req-983640f3-3eea-45b2-85c7-1097802451c4 e396548d78c841dda2068f86c710903a 8720ac871db745b58439e679b1974aeb - - default default] Method 'is_advsvc' is deprecated since 2023.2 release (neutron-lib 3.8.0) and will be removed once support for the old RBAC API policies will be removed from Neutron. Please use method 'is_service_role' instead.
2026-05-30 03:06:56.349 9 INFO neutron.db.ovn_revision_numbers_db [None req-71c0e85f-587c-453b-b9d8-960f651c0843 e3c3ef52b9a84b519c4bd8db8b5c75ec 0d1e6166294741259a78c4fec6748a65 - - default default] Successfully bumped revision number for resource 4fda4250-ab03-4160-93e8-c3c917f2f19e (type: security_group_rules) to 0
2026-05-30 03:06:56.401 9 INFO neutron.api.wsgi [None req-71c0e85f-587c-453b-b9d8-960f651c0843 e3c3ef52b9a84b519c4bd8db8b5c75ec 0d1e6166294741259a78c4fec6748a65 - - default default] 10.0.0.50 "POST /v2.0/security-groups HTTP/1.1" status: 201 len: 1861 time: 0.2751045
2026-05-30 03:06:56.429 9 WARNING neutron_lib.context [None req-9f051a05-6408-4ff4-9832-bde927f46d0f e3c3ef52b9a84b519c4bd8db8b5c75ec 0d1e6166294741259a78c4fec6748a65 - - default default] Method 'is_advsvc' is deprecated since 2023.2 release (neutron-lib 3.8.0) and will be removed once support for the old RBAC API policies will be removed from Neutron. Please use method 'is_service_role' instead.
2026-05-30 03:06:56.457 9 INFO neutron.db.segments_db [None req-983640f3-3eea-45b2-85c7-1097802451c4 e396548d78c841dda2068f86c710903a 8720ac871db745b58439e679b1974aeb - - default default] Added segment 937e877a-63fe-4459-99b1-2fd0332e6089 of type geneve for network aadbc30d-a709-4460-b1a2-c8bd7f061d53
2026-05-30 03:06:56.598 9 INFO neutron.db.ovn_revision_numbers_db [None req-9f051a05-6408-4ff4-9832-bde927f46d0f e3c3ef52b9a84b519c4bd8db8b5c75ec 0d1e6166294741259a78c4fec6748a65 - - default default] Successfully bumped revision number for resource 4cb23f67-2a4e-4f7a-9f5f-0a239cbbb8e6 (type: security_group_rules) to 0
2026-05-30 03:06:56.609 9 INFO neutron.db.ovn_revision_numbers_db [None req-983640f3-3eea-45b2-85c7-1097802451c4 e396548d78c841dda2068f86c710903a 8720ac871db745b58439e679b1974aeb - - default default] Successfully bumped revision number for resource aadbc30d-a709-4460-b1a2-c8bd7f061d53 (type: networks) to 1
2026-05-30 03:06:56.670 9 INFO neutron.api.wsgi [None req-9f051a05-6408-4ff4-9832-bde927f46d0f e3c3ef52b9a84b519c4bd8db8b5c75ec 0d1e6166294741259a78c4fec6748a65 - - default default] 10.0.0.50 "POST /v2.0/security-group-rules HTTP/1.1" status: 201 len: 796 time: 0.2457840
2026-05-30 03:06:56.679 9 WARNING neutron_lib.context [None req-ad4273a0-addb-4ced-be39-13b497ee7e53 e3c3ef52b9a84b519c4bd8db8b5c75ec 0d1e6166294741259a78c4fec6748a65 - - default default] Method 'is_advsvc' is deprecated since 2023.2 release (neutron-lib 3.8.0) and will be removed once support for the old RBAC API policies will be removed from Neutron. Please use method 'is_service_role' instead.
2026-05-30 03:06:56.876 9 WARNING neutron.scheduler.dhcp_agent_scheduler [None req-983640f3-3eea-45b2-85c7-1097802451c4 e396548d78c841dda2068f86c710903a 8720ac871db745b58439e679b1974aeb - - default default] No more DHCP agents
2026-05-30 03:06:56.877 9 WARNING neutron.api.rpc.agentnotifiers.dhcp_rpc_agent_api [None req-983640f3-3eea-45b2-85c7-1097802451c4 e396548d78c841dda2068f86c710903a 8720ac871db745b58439e679b1974aeb - - default default] Unable to schedule network aadbc30d-a709-4460-b1a2-c8bd7f061d53: no agents available; will retry on subsequent port and subnet creation events.
2026-05-30 03:06:56.890 9 INFO neutron.db.ovn_revision_numbers_db [None req-ad4273a0-addb-4ced-be39-13b497ee7e53 e3c3ef52b9a84b519c4bd8db8b5c75ec 0d1e6166294741259a78c4fec6748a65 - - default default] Successfully bumped revision number for resource d8cb6700-5479-4f32-a05a-697ca22376a9 (type: security_group_rules) to 0
2026-05-30 03:06:56.929 9 INFO neutron.api.wsgi [None req-ad4273a0-addb-4ced-be39-13b497ee7e53 e3c3ef52b9a84b519c4bd8db8b5c75ec 0d1e6166294741259a78c4fec6748a65 - - default default] 10.0.0.50 "POST /v2.0/security-group-rules HTTP/1.1" status: 201 len: 801 time: 0.2543855 /var/lib/openstack/lib/python3.12/site-packages/pycadf/identifier.py:71: UserWarning: Invalid uuid: neutron. To ensure interoperability, identifiers should be a valid uuid. warnings.warn(('Invalid uuid: %s. To ensure interoperability, '
2026-05-30 03:06:56.944 10 WARNING neutron_lib.context [None req-ca33201e-6669-4ebe-84b5-9f6588e8bfce e3c3ef52b9a84b519c4bd8db8b5c75ec 0d1e6166294741259a78c4fec6748a65 - - default default] Method 'is_advsvc' is deprecated since 2023.2 release (neutron-lib 3.8.0) and will be removed once support for the old RBAC API policies will be removed from Neutron. Please use method 'is_service_role' instead.
2026-05-30 03:06:56.955 9 INFO neutron.db.ovn_revision_numbers_db [None req-983640f3-3eea-45b2-85c7-1097802451c4 e396548d78c841dda2068f86c710903a 8720ac871db745b58439e679b1974aeb - - default default] Successfully bumped revision number for resource 77f29efc-1a2a-4929-a3f4-3087d4d38f07 (type: ports) to 1
2026-05-30 03:06:56.983 9 INFO neutron.api.wsgi [None req-983640f3-3eea-45b2-85c7-1097802451c4 e396548d78c841dda2068f86c710903a 8720ac871db745b58439e679b1974aeb - - default default] 10.0.0.50 "POST /v2.0/networks HTTP/1.1" status: 201 len: 834 time: 0.6448836
2026-05-30 03:06:56.994 9 WARNING neutron_lib.context [None req-df87fb0b-b8b2-44e7-bc2b-61d757219b49 e396548d78c841dda2068f86c710903a 8720ac871db745b58439e679b1974aeb - - default default] Method 'is_advsvc' is deprecated since 2023.2 release (neutron-lib 3.8.0) and will be removed once support for the old RBAC API policies will be removed from Neutron. Please use method 'is_service_role' instead.
2026-05-30 03:06:57.174 10 WARNING neutron.scheduler.dhcp_agent_scheduler [None req-ca33201e-6669-4ebe-84b5-9f6588e8bfce e3c3ef52b9a84b519c4bd8db8b5c75ec 0d1e6166294741259a78c4fec6748a65 - - default default] No more DHCP agents
2026-05-30 03:06:57.175 10 WARNING neutron.api.rpc.agentnotifiers.dhcp_rpc_agent_api [None req-ca33201e-6669-4ebe-84b5-9f6588e8bfce e3c3ef52b9a84b519c4bd8db8b5c75ec 0d1e6166294741259a78c4fec6748a65 - - default default] Unable to schedule network c95f1c1d-e5a6-4c19-9afd-aff0bb985712: no agents available; will retry on subsequent port and subnet creation events.
2026-05-30 03:06:57.205 9 WARNING neutron.scheduler.dhcp_agent_scheduler [None req-df87fb0b-b8b2-44e7-bc2b-61d757219b49 e396548d78c841dda2068f86c710903a 8720ac871db745b58439e679b1974aeb - - default default] No more DHCP agents
2026-05-30 03:06:57.207 9 WARNING neutron.api.rpc.agentnotifiers.dhcp_rpc_agent_api [None req-df87fb0b-b8b2-44e7-bc2b-61d757219b49 e396548d78c841dda2068f86c710903a 8720ac871db745b58439e679b1974aeb - - default default] Unable to schedule network aadbc30d-a709-4460-b1a2-c8bd7f061d53: no agents available; will retry on subsequent port and subnet creation events.
2026-05-30 03:06:57.239 9 INFO neutron.db.ovn_revision_numbers_db [None req-df87fb0b-b8b2-44e7-bc2b-61d757219b49 e396548d78c841dda2068f86c710903a 8720ac871db745b58439e679b1974aeb - - default default] Successfully bumped revision number for resource 5dbee3f1-5c51-470f-98f8-5d63ca8b0b33 (type: subnets) to 0
2026-05-30 03:06:57.256 9 INFO neutron.api.wsgi [None req-df87fb0b-b8b2-44e7-bc2b-61d757219b49 e396548d78c841dda2068f86c710903a 8720ac871db745b58439e679b1974aeb - - default default] 10.0.0.50 "POST /v2.0/subnets HTTP/1.1" status: 201 len: 845 time: 0.2670555
2026-05-30 03:06:57.266 9 WARNING neutron_lib.context [None req-cce3eb17-b083-457f-9703-7e4916547012 e396548d78c841dda2068f86c710903a 8720ac871db745b58439e679b1974aeb - - default default] Method 'is_advsvc' is deprecated since 2023.2 release (neutron-lib 3.8.0) and will be removed once support for the old RBAC API policies will be removed from Neutron. Please use method 'is_service_role' instead.
2026-05-30 03:06:57.485 10 INFO neutron.api.wsgi [None req-ca33201e-6669-4ebe-84b5-9f6588e8bfce e3c3ef52b9a84b519c4bd8db8b5c75ec 0d1e6166294741259a78c4fec6748a65 - - default default] 10.0.0.50 "POST /v2.0/floatingips HTTP/1.1" status: 201 len: 751 time: 0.5502586
2026-05-30 03:06:57.569 9 WARNING neutron.scheduler.dhcp_agent_scheduler [None req-cce3eb17-b083-457f-9703-7e4916547012 e396548d78c841dda2068f86c710903a 8720ac871db745b58439e679b1974aeb - - default default] No more DHCP agents
2026-05-30 03:06:57.570 9 WARNING neutron.api.rpc.agentnotifiers.dhcp_rpc_agent_api [None req-cce3eb17-b083-457f-9703-7e4916547012 e396548d78c841dda2068f86c710903a 8720ac871db745b58439e679b1974aeb - - default default] Unable to schedule network aadbc30d-a709-4460-b1a2-c8bd7f061d53: no agents available; will retry on subsequent port and subnet creation events.
2026-05-30 03:06:57.672 9 INFO neutron.db.ovn_revision_numbers_db [None req-cce3eb17-b083-457f-9703-7e4916547012 e396548d78c841dda2068f86c710903a 8720ac871db745b58439e679b1974aeb - - default default] Successfully bumped revision number for resource 3a91cae1-eeaf-4a78-9f52-639205685755 (type: ports) to 1
2026-05-30 03:06:57.697 9 INFO neutron.api.wsgi [None req-cce3eb17-b083-457f-9703-7e4916547012 e396548d78c841dda2068f86c710903a 8720ac871db745b58439e679b1974aeb - - default default] 10.0.0.50 "POST /v2.0/ports HTTP/1.1" status: 201 len: 1165 time: 0.4350779 /var/lib/openstack/lib/python3.12/site-packages/pycadf/identifier.py:71: UserWarning: Invalid uuid: neutron. To ensure interoperability, identifiers should be a valid uuid. warnings.warn(('Invalid uuid: %s. To ensure interoperability, '
2026-05-30 03:06:57.970 9 INFO neutron.api.wsgi [req-1ba2c554-16c4-4e2c-bdc8-f4a5d8f39d68 req-901ffeea-7563-4366-b790-05c1d7b0612a e3c3ef52b9a84b519c4bd8db8b5c75ec 0d1e6166294741259a78c4fec6748a65 - - default default] 10.0.0.26 "GET /v2.0/security-groups?name=tempest-securitygroup--1384833437&fields=id&tenant_id=0d1e6166294741259a78c4fec6748a65 HTTP/1.1" status: 200 len: 267 time: 0.0406623
2026-05-30 03:06:57.979 9 INFO neutron.api.wsgi [None req-0cec9d34-7758-492b-9ca4-ec58875e7257 e396548d78c841dda2068f86c710903a 8720ac871db745b58439e679b1974aeb - - default default] 10.0.0.50 "DELETE /v2.0/ports/3a91cae1-eeaf-4a78-9f52-639205685755 HTTP/1.1" status: 204 len: 168 time: 0.2759330
2026-05-30 03:06:58.003 10 INFO neutron.pecan_wsgi.hooks.translation [None req-97aad98d-049f-4779-addc-98132cdd6111 e396548d78c841dda2068f86c710903a 8720ac871db745b58439e679b1974aeb - - default default] DELETE failed (client error): The resource could not be found.
2026-05-30 03:06:58.006 10 INFO neutron.api.wsgi [None req-97aad98d-049f-4779-addc-98132cdd6111 e396548d78c841dda2068f86c710903a 8720ac871db745b58439e679b1974aeb - - default default] 10.0.0.50 "DELETE /v2.0/ports/3a91cae1-eeaf-4a78-9f52-639205685755 HTTP/1.1" status: 404 len: 333 time: 0.0175579
2026-05-30 03:06:58.030 9 INFO neutron.pecan_wsgi.hooks.translation [None req-90b53534-8a89-47cb-baaf-699201fb272e e396548d78c841dda2068f86c710903a 8720ac871db745b58439e679b1974aeb - - default default] GET failed (client error): The resource could not be found.
2026-05-30 03:06:58.032 9 INFO neutron.api.wsgi [None req-90b53534-8a89-47cb-baaf-699201fb272e e396548d78c841dda2068f86c710903a 8720ac871db745b58439e679b1974aeb - - default default] 10.0.0.50 "GET /v2.0/ports/3a91cae1-eeaf-4a78-9f52-639205685755 HTTP/1.1" status: 404 len: 333 time: 0.0205638
2026-05-30 03:06:58.040 9 INFO neutron.api.wsgi [req-1ba2c554-16c4-4e2c-bdc8-f4a5d8f39d68 req-502e6fa6-30e5-4670-9ec3-22dcfa05b0c3 e3c3ef52b9a84b519c4bd8db8b5c75ec 0d1e6166294741259a78c4fec6748a65 - - default default] 10.0.0.26 "GET /v2.0/networks?id=1e4bef1b-6122-48e7-a935-b6204a371354 HTTP/1.1" status: 200 len: 875 time: 0.0600142
2026-05-30 03:06:58.061 9 INFO neutron.api.wsgi [req-1ba2c554-16c4-4e2c-bdc8-f4a5d8f39d68 req-19cba9bd-3cc2-4d2a-a022-8cddc2720b9f e3c3ef52b9a84b519c4bd8db8b5c75ec 0d1e6166294741259a78c4fec6748a65 - - default default] 10.0.0.26 "GET /v2.0/quotas/0d1e6166294741259a78c4fec6748a65 HTTP/1.1" status: 200 len: 491 time: 0.0145960
2026-05-30 03:06:58.163 9 INFO neutron.api.wsgi [req-1ba2c554-16c4-4e2c-bdc8-f4a5d8f39d68 req-53009a38-722e-430c-9d91-b637bf56b17c e3c3ef52b9a84b519c4bd8db8b5c75ec 0d1e6166294741259a78c4fec6748a65 - - default default] 10.0.0.26 "GET /v2.0/ports?tenant_id=0d1e6166294741259a78c4fec6748a65&fields=id HTTP/1.1" status: 200 len: 302 time: 0.0936873
2026-05-30 03:06:58.214 9 INFO neutron.api.wsgi [None req-ffd4e39d-1a52-4625-92cb-5333d10d6437 e396548d78c841dda2068f86c710903a 8720ac871db745b58439e679b1974aeb - - default default] 10.0.0.50 "DELETE /v2.0/subnets/5dbee3f1-5c51-470f-98f8-5d63ca8b0b33 HTTP/1.1" status: 204 len: 168 time: 0.1731904
2026-05-30 03:06:58.241 9 INFO neutron.api.wsgi [req-1ba2c554-16c4-4e2c-bdc8-f4a5d8f39d68 req-882c9b63-3f0a-4072-8a8f-2518f8afc916 de22f10b7bce4dfdb31f2e95203cc9dc d696a7b8475b47d98a1dd2dcf2879aab - - 540244188f344bb38ea18e82208c5849 540244188f344bb38ea18e82208c5849] 10.0.0.26 "GET /v2.0/networks/1e4bef1b-6122-48e7-a935-b6204a371354?fields=segments HTTP/1.1" status: 200 len: 212 time: 0.0628002
2026-05-30 03:06:58.296 9 INFO neutron.api.wsgi [req-1ba2c554-16c4-4e2c-bdc8-f4a5d8f39d68 req-df5bd09c-1168-402a-8075-c7b39db6c477 de22f10b7bce4dfdb31f2e95203cc9dc d696a7b8475b47d98a1dd2dcf2879aab - - 540244188f344bb38ea18e82208c5849 540244188f344bb38ea18e82208c5849] 10.0.0.26 "GET /v2.0/networks/1e4bef1b-6122-48e7-a935-b6204a371354?fields=provider%3Aphysical_network&fields=provider%3Anetwork_type HTTP/1.1" status: 200 len: 277 time: 0.0491750
2026-05-30 03:06:58.396 10 INFO neutron.api.wsgi [None req-830011df-6335-471a-a83b-92360a7bbad8 5b269b93c6fd4a6f8021a4e0ea1fed9b 67ae0794042149f4a396eb9cd2d12b7e - - default default] 10.0.0.50 "PUT /v2.0/routers/e055a74f-0eff-4928-a407-89adeb6fb3ea/remove_router_interface HTTP/1.1" status: 200 len: 503 time: 1.0075731 /var/lib/openstack/lib/python3.12/site-packages/pycadf/identifier.py:71: UserWarning: Invalid uuid: neutron. To ensure interoperability, identifiers should be a valid uuid. warnings.warn(('Invalid uuid: %s. To ensure interoperability, '
2026-05-30 03:06:58.456 10 INFO neutron.api.wsgi [req-10f2b3d8-3a6d-4234-b634-7a5fea48a65f req-c4e8a76c-7311-4f1f-a786-60951c33b2e3 e3c3ef52b9a84b519c4bd8db8b5c75ec 0d1e6166294741259a78c4fec6748a65 - - default default] 10.0.0.26 "GET /v2.0/ports?device_id=e36a332a-7bf9-426b-8771-53a2b01d420b HTTP/1.1" status: 200 len: 210 time: 0.0235562
2026-05-30 03:06:58.617 9 INFO neutron.services.segments.plugin [-] Segment 937e877a-63fe-4459-99b1-2fd0332e6089 resource provider aggregate not found
2026-05-30 03:06:58.621 9 INFO neutron.services.segments.plugin [-] Segment 937e877a-63fe-4459-99b1-2fd0332e6089 resource provider aggregate not found
2026-05-30 03:06:58.640 9 INFO neutron.services.segments.plugin [-] Segment 937e877a-63fe-4459-99b1-2fd0332e6089 resource provider not found; error: Placement Client Error (4xx): {"errors": [{"status": 404, "title": "Not Found", "detail": "The resource could not be found.\n\n No resource provider with uuid 937e877a-63fe-4459-99b1-2fd0332e6089 found for delete ", "request_id": "req-216fc42b-23ec-45c3-9798-b8de42fd83a2"}]}
2026-05-30 03:06:58.643 9 INFO neutron.services.segments.plugin [-] Segment 937e877a-63fe-4459-99b1-2fd0332e6089 resource provider not found; error: Placement Client Error (4xx): {"errors": [{"status": 404, "title": "Not Found", "detail": "The resource could not be found.\n\n No resource provider with uuid 937e877a-63fe-4459-99b1-2fd0332e6089 found for delete ", "request_id": "req-1f214a28-85b3-48f6-aef2-40c8c5be88d3"}]}
2026-05-30 03:06:58.674 9 INFO neutron.api.wsgi [None req-3a036ac0-fa9a-4974-8381-c0531dee4fbc e396548d78c841dda2068f86c710903a 8720ac871db745b58439e679b1974aeb - - default default] 10.0.0.50 "DELETE /v2.0/networks/aadbc30d-a709-4460-b1a2-c8bd7f061d53 HTTP/1.1" status: 204 len: 168 time: 0.4556611
2026-05-30 03:06:58.686 10 WARNING neutron_lib.context [None req-9f6ee497-6fda-4b30-9b94-63612fc9d66f e396548d78c841dda2068f86c710903a 8720ac871db745b58439e679b1974aeb - - default default] Method 'is_advsvc' is deprecated since 2023.2 release (neutron-lib 3.8.0) and will be removed once support for the old RBAC API policies will be removed from Neutron. Please use method 'is_service_role' instead.
2026-05-30 03:06:58.775 10 INFO neutron.db.segments_db [None req-9f6ee497-6fda-4b30-9b94-63612fc9d66f e396548d78c841dda2068f86c710903a 8720ac871db745b58439e679b1974aeb - - default default] Added segment 50b612a2-ec29-4ff9-9ce5-09991c5528b8 of type geneve for network 7fcadf2d-4f62-465d-85ee-e6a47d662d85
2026-05-30 03:06:58.892 10 INFO neutron.db.ovn_revision_numbers_db [None req-c6dd34b5-4725-4455-be2e-346f71a8db2e 5b269b93c6fd4a6f8021a4e0ea1fed9b 67ae0794042149f4a396eb9cd2d12b7e - - default default] Successfully bumped revision number for resource 99f9a6e5-e66d-49a5-a300-6bc664420b1e (type: security_groups) to 1
2026-05-30 03:06:58.909 10 INFO neutron.db.ovn_revision_numbers_db [None req-c6dd34b5-4725-4455-be2e-346f71a8db2e 5b269b93c6fd4a6f8021a4e0ea1fed9b 67ae0794042149f4a396eb9cd2d12b7e - - default default] Successfully bumped revision number for resource 45d2447e-cae4-440e-96dd-543405db999f (type: security_group_rules) to 0
2026-05-30 03:06:58.922 10 INFO neutron.db.ovn_revision_numbers_db [None req-c6dd34b5-4725-4455-be2e-346f71a8db2e 5b269b93c6fd4a6f8021a4e0ea1fed9b 67ae0794042149f4a396eb9cd2d12b7e - - default default] Successfully bumped revision number for resource 865c1595-c3cf-44c5-b8ea-9e8fa1d6d376 (type: security_group_rules) to 0
