2026-05-30 03:09:20.939 10 INFO neutron.db.ovn_revision_numbers_db [None req-88d396de-c355-4c84-a433-bbf2e7712d23 a2fcdb626b484d8884e6cdadd7f4a1ab e5e9b251411d4bbbb81d837388a654a1 - - default default] Successfully bumped revision number for resource 69fb7e85-ddd0-40af-a964-91f520b9cbb5 (type: security_group_rules) to 0
2026-05-30 03:09:20.954 10 INFO neutron.db.ovn_revision_numbers_db [None req-88d396de-c355-4c84-a433-bbf2e7712d23 a2fcdb626b484d8884e6cdadd7f4a1ab e5e9b251411d4bbbb81d837388a654a1 - - default default] Successfully bumped revision number for resource cf612bbb-c9a0-4f69-b400-a6256c02bca5 (type: security_group_rules) to 0
2026-05-30 03:09:20.970 10 INFO neutron.db.ovn_revision_numbers_db [None req-88d396de-c355-4c84-a433-bbf2e7712d23 a2fcdb626b484d8884e6cdadd7f4a1ab e5e9b251411d4bbbb81d837388a654a1 - - default default] Successfully bumped revision number for resource fc2bf8ce-e97d-4a4f-baaf-4a9bb4e77b26 (type: security_group_rules) to 0
2026-05-30 03:09:21.045 10 INFO neutron.db.segments_db [None req-88d396de-c355-4c84-a433-bbf2e7712d23 a2fcdb626b484d8884e6cdadd7f4a1ab e5e9b251411d4bbbb81d837388a654a1 - - default default] Added segment 6f9e860c-7e61-4208-9907-73bdcecdc70c of type geneve for network 9563f9c0-46d8-4ef0-a833-90041701f2a4
2026-05-30 03:09:21.167 10 INFO neutron.db.ovn_revision_numbers_db [None req-88d396de-c355-4c84-a433-bbf2e7712d23 a2fcdb626b484d8884e6cdadd7f4a1ab e5e9b251411d4bbbb81d837388a654a1 - - default default] Successfully bumped revision number for resource 9563f9c0-46d8-4ef0-a833-90041701f2a4 (type: networks) to 1
2026-05-30 03:09:21.195 9 INFO neutron.api.wsgi [None req-2109f5bc-db5f-4679-bfc9-3f312248d536 a20e13443f2244eaba0f4de3187f45c0 2e767ee73080443ebcccbf7e88803f9d - - default default] 10.0.0.50 "PUT /v2.0/routers/23a5d472-d929-4fd6-aa10-ea5615746c87/remove_router_interface HTTP/1.1" status: 200 len: 503 time: 0.6371264 /var/lib/openstack/lib/python3.12/site-packages/pycadf/identifier.py:71: UserWarning: Invalid uuid: neutron. To ensure interoperability, identifiers should be a valid uuid. warnings.warn(('Invalid uuid: %s. To ensure interoperability, '
2026-05-30 03:09:21.260 9 INFO neutron.api.v2.resource [None req-3b909f0d-e586-4600-bb64-062ed8ea4ff5 a20e13443f2244eaba0f4de3187f45c0 2e767ee73080443ebcccbf7e88803f9d - - default default] remove_router_interface failed (client error): The resource could not be found.
2026-05-30 03:09:21.261 9 INFO neutron.api.wsgi [None req-3b909f0d-e586-4600-bb64-062ed8ea4ff5 a20e13443f2244eaba0f4de3187f45c0 2e767ee73080443ebcccbf7e88803f9d - - default default] 10.0.0.50 "PUT /v2.0/routers/23a5d472-d929-4fd6-aa10-ea5615746c87/remove_router_interface HTTP/1.1" status: 404 len: 398 time: 0.0577118
2026-05-30 03:09:21.288 9 INFO neutron.api.wsgi [None req-0d533e10-d240-4225-b30a-a8f24f8f1246 a20e13443f2244eaba0f4de3187f45c0 2e767ee73080443ebcccbf7e88803f9d - - default default] 10.0.0.50 "GET /v2.0/ports?device_id=23a5d472-d929-4fd6-aa10-ea5615746c87 HTTP/1.1" status: 200 len: 205 time: 0.0196335
2026-05-30 03:09:21.358 10 WARNING neutron.scheduler.dhcp_agent_scheduler [None req-88d396de-c355-4c84-a433-bbf2e7712d23 a2fcdb626b484d8884e6cdadd7f4a1ab e5e9b251411d4bbbb81d837388a654a1 - - default default] No more DHCP agents
2026-05-30 03:09:21.359 10 WARNING neutron.api.rpc.agentnotifiers.dhcp_rpc_agent_api [None req-88d396de-c355-4c84-a433-bbf2e7712d23 a2fcdb626b484d8884e6cdadd7f4a1ab e5e9b251411d4bbbb81d837388a654a1 - - default default] Unable to schedule network 9563f9c0-46d8-4ef0-a833-90041701f2a4: no agents available; will retry on subsequent port and subnet creation events.
2026-05-30 03:09:21.480 10 INFO neutron.db.ovn_revision_numbers_db [None req-88d396de-c355-4c84-a433-bbf2e7712d23 a2fcdb626b484d8884e6cdadd7f4a1ab e5e9b251411d4bbbb81d837388a654a1 - - default default] Successfully bumped revision number for resource ae132054-fa8c-446c-96cf-80beb8f60453 (type: ports) to 1
2026-05-30 03:09:21.511 10 INFO neutron.api.wsgi [None req-81d9eeac-925d-4d1f-9243-627f09278500 a20e13443f2244eaba0f4de3187f45c0 2e767ee73080443ebcccbf7e88803f9d - - default default] 10.0.0.50 "DELETE /v2.0/routers/23a5d472-d929-4fd6-aa10-ea5615746c87 HTTP/1.1" status: 204 len: 168 time: 0.2187116
2026-05-30 03:09:21.515 10 INFO neutron.api.wsgi [None req-88d396de-c355-4c84-a433-bbf2e7712d23 a2fcdb626b484d8884e6cdadd7f4a1ab e5e9b251411d4bbbb81d837388a654a1 - - default default] 10.0.0.50 "POST /v2.0/networks HTTP/1.1" status: 201 len: 928 time: 0.9465964
2026-05-30 03:09:21.688 9 WARNING neutron.scheduler.dhcp_agent_scheduler [None req-b9ee45a5-3407-4dd1-b07f-96623abb61f3 a2fcdb626b484d8884e6cdadd7f4a1ab e5e9b251411d4bbbb81d837388a654a1 - - default default] No more DHCP agents
2026-05-30 03:09:21.690 9 WARNING neutron.api.rpc.agentnotifiers.dhcp_rpc_agent_api [None req-b9ee45a5-3407-4dd1-b07f-96623abb61f3 a2fcdb626b484d8884e6cdadd7f4a1ab e5e9b251411d4bbbb81d837388a654a1 - - default default] Unable to schedule network 9563f9c0-46d8-4ef0-a833-90041701f2a4: no agents available; will retry on subsequent port and subnet creation events.
2026-05-30 03:09:21.700 10 INFO neutron.api.wsgi [None req-19662531-c0bf-4d56-ba2d-9d5b9825a6fa a20e13443f2244eaba0f4de3187f45c0 2e767ee73080443ebcccbf7e88803f9d - - default default] 10.0.0.50 "DELETE /v2.0/subnets/513929cd-efe2-4516-ab25-af0483885373 HTTP/1.1" status: 204 len: 168 time: 0.1790867
2026-05-30 03:09:22.032 10 INFO neutron.services.segments.plugin [-] Segment 2bb9ea96-aa2e-42aa-b49f-e7e4e05b0d72 resource provider aggregate not found
2026-05-30 03:09:22.036 10 INFO neutron.services.segments.plugin [-] Segment 2bb9ea96-aa2e-42aa-b49f-e7e4e05b0d72 resource provider aggregate not found
2026-05-30 03:09:22.045 10 INFO neutron.services.segments.plugin [-] Segment 2bb9ea96-aa2e-42aa-b49f-e7e4e05b0d72 resource provider not found; error: Placement Client Error (4xx): {"errors": [{"status": 404, "title": "Not Found", "detail": "The resource could not be found.\n\n No resource provider with uuid 2bb9ea96-aa2e-42aa-b49f-e7e4e05b0d72 found for delete ", "request_id": "req-38f35154-4bb8-476a-8a57-aaf005b3d1cc"}]}
2026-05-30 03:09:22.055 10 INFO neutron.services.segments.plugin [-] Segment 2bb9ea96-aa2e-42aa-b49f-e7e4e05b0d72 resource provider not found; error: Placement Client Error (4xx): {"errors": [{"status": 404, "title": "Not Found", "detail": "The resource could not be found.\n\n No resource provider with uuid 2bb9ea96-aa2e-42aa-b49f-e7e4e05b0d72 found for delete ", "request_id": "req-c5f2773e-285c-438a-9d0c-0e06483f21f5"}]}
2026-05-30 03:09:22.069 10 INFO neutron.api.wsgi [None req-f92f75ee-83c8-467f-854d-a057c6697d8a a20e13443f2244eaba0f4de3187f45c0 2e767ee73080443ebcccbf7e88803f9d - - default default] 10.0.0.50 "DELETE /v2.0/networks/f3d774a5-b473-462d-8003-be5f6ec1ff37 HTTP/1.1" status: 204 len: 168 time: 0.3629973
2026-05-30 03:09:22.081 10 WARNING neutron_lib.context [None req-51c41a45-6b35-4a70-8afe-a63ce1f2e426 a20e13443f2244eaba0f4de3187f45c0 2e767ee73080443ebcccbf7e88803f9d - - default default] Method 'is_advsvc' is deprecated since 2023.2 release (neutron-lib 3.8.0) and will be removed once support for the old RBAC API policies will be removed from Neutron. Please use method 'is_service_role' instead.
2026-05-30 03:09:22.161 9 INFO neutron.db.ovn_revision_numbers_db [None req-3fe53d81-e59f-427b-8f07-fabd4d817855 - - - - - -] Successfully bumped revision number for resource ae132054-fa8c-446c-96cf-80beb8f60453 (type: ports) to 2
2026-05-30 03:09:22.173 10 INFO neutron.db.segments_db [None req-51c41a45-6b35-4a70-8afe-a63ce1f2e426 a20e13443f2244eaba0f4de3187f45c0 2e767ee73080443ebcccbf7e88803f9d - - default default] Added segment bb1042b6-0d20-45a4-9506-3f3ffd1c6aca of type geneve for network ac468433-c91d-46ac-bb4a-cf727593a6f1
2026-05-30 03:09:22.193 9 INFO neutron.db.ovn_revision_numbers_db [None req-3fe53d81-e59f-427b-8f07-fabd4d817855 - - - - - -] Successfully bumped revision number for resource ef5bb65c-baa5-4e29-8d89-1c7f385f0ce4 (type: subnets) to 0
2026-05-30 03:09:22.224 9 INFO neutron.api.wsgi [None req-b9ee45a5-3407-4dd1-b07f-96623abb61f3 a2fcdb626b484d8884e6cdadd7f4a1ab e5e9b251411d4bbbb81d837388a654a1 - - default default] 10.0.0.50 "POST /v2.0/subnets HTTP/1.1" status: 201 len: 843 time: 0.7003987
2026-05-30 03:09:22.235 10 WARNING neutron.api.v2.base [None req-d9b631ad-becf-4e2d-9ffb-035d56f4d7cb a2fcdb626b484d8884e6cdadd7f4a1ab e5e9b251411d4bbbb81d837388a654a1 - - default default] An exception happened while processing the request body. The exception message is [Invalid input for target_tenant. Reason: 'None' is not a valid string.].: webob.exc.HTTPBadRequest: Invalid input for target_tenant. Reason: 'None' is not a valid string.
2026-05-30 03:09:22.237 10 INFO neutron.api.v2.resource [None req-d9b631ad-becf-4e2d-9ffb-035d56f4d7cb a2fcdb626b484d8884e6cdadd7f4a1ab e5e9b251411d4bbbb81d837388a654a1 - - default default] create failed (client error): Invalid input for target_tenant. Reason: 'None' is not a valid string.
2026-05-30 03:09:22.237 10 INFO neutron.api.wsgi [None req-d9b631ad-becf-4e2d-9ffb-035d56f4d7cb a2fcdb626b484d8884e6cdadd7f4a1ab e5e9b251411d4bbbb81d837388a654a1 - - default default] 10.0.0.50 "POST /v2.0/rbac-policies HTTP/1.1" status: 400 len: 346 time: 0.0073569
2026-05-30 03:09:22.747 10 INFO neutron.db.ovn_revision_numbers_db [None req-51c41a45-6b35-4a70-8afe-a63ce1f2e426 a20e13443f2244eaba0f4de3187f45c0 2e767ee73080443ebcccbf7e88803f9d - - default default] Successfully bumped revision number for resource ac468433-c91d-46ac-bb4a-cf727593a6f1 (type: networks) to 1
2026-05-30 03:09:22.969 10 WARNING neutron.scheduler.dhcp_agent_scheduler [None req-51c41a45-6b35-4a70-8afe-a63ce1f2e426 a20e13443f2244eaba0f4de3187f45c0 2e767ee73080443ebcccbf7e88803f9d - - default default] No more DHCP agents
2026-05-30 03:09:22.971 10 WARNING neutron.api.rpc.agentnotifiers.dhcp_rpc_agent_api [None req-51c41a45-6b35-4a70-8afe-a63ce1f2e426 a20e13443f2244eaba0f4de3187f45c0 2e767ee73080443ebcccbf7e88803f9d - - default default] Unable to schedule network ac468433-c91d-46ac-bb4a-cf727593a6f1: no agents available; will retry on subsequent port and subnet creation events.
2026-05-30 03:09:23.041 10 INFO neutron.db.ovn_revision_numbers_db [None req-51c41a45-6b35-4a70-8afe-a63ce1f2e426 a20e13443f2244eaba0f4de3187f45c0 2e767ee73080443ebcccbf7e88803f9d - - default default] Successfully bumped revision number for resource 6bf157e4-125c-4f03-a775-fce4bb17aa3a (type: ports) to 1
2026-05-30 03:09:23.067 10 INFO neutron.api.wsgi [None req-51c41a45-6b35-4a70-8afe-a63ce1f2e426 a20e13443f2244eaba0f4de3187f45c0 2e767ee73080443ebcccbf7e88803f9d - - default default] 10.0.0.50 "POST /v2.0/networks HTTP/1.1" status: 201 len: 827 time: 0.9910243
2026-05-30 03:09:23.082 9 WARNING neutron_lib.context [None req-dce15ef3-25cc-4877-a161-fd3c3f8319cc a20e13443f2244eaba0f4de3187f45c0 2e767ee73080443ebcccbf7e88803f9d - - default default] Method 'is_advsvc' is deprecated since 2023.2 release (neutron-lib 3.8.0) and will be removed once support for the old RBAC API policies will be removed from Neutron. Please use method 'is_service_role' instead.
2026-05-30 03:09:23.228 10 INFO neutron.api.wsgi [None req-1ed2769c-e9c6-4622-b6bb-bf52985356fc a2fcdb626b484d8884e6cdadd7f4a1ab e5e9b251411d4bbbb81d837388a654a1 - - default default] 10.0.0.50 "DELETE /v2.0/networks/9563f9c0-46d8-4ef0-a833-90041701f2a4 HTTP/1.1" status: 204 len: 168 time: 0.9872205
2026-05-30 03:09:23.284 9 WARNING neutron.scheduler.dhcp_agent_scheduler [None req-dce15ef3-25cc-4877-a161-fd3c3f8319cc a20e13443f2244eaba0f4de3187f45c0 2e767ee73080443ebcccbf7e88803f9d - - default default] No more DHCP agents
2026-05-30 03:09:23.285 9 WARNING neutron.api.rpc.agentnotifiers.dhcp_rpc_agent_api [None req-dce15ef3-25cc-4877-a161-fd3c3f8319cc a20e13443f2244eaba0f4de3187f45c0 2e767ee73080443ebcccbf7e88803f9d - - default default] Unable to schedule network ac468433-c91d-46ac-bb4a-cf727593a6f1: no agents available; will retry on subsequent port and subnet creation events.
2026-05-30 03:09:23.330 9 INFO neutron.db.segments_db [None req-649dd456-3eec-4bb8-953a-3cc731001ccb a2fcdb626b484d8884e6cdadd7f4a1ab e5e9b251411d4bbbb81d837388a654a1 - - default default] Added segment 92d854b7-1405-4f5e-a33a-6465289f0185 of type geneve for network d56036d1-6413-48ad-bdf4-3c0b67537381
2026-05-30 03:09:23.465 9 INFO neutron.db.ovn_revision_numbers_db [None req-649dd456-3eec-4bb8-953a-3cc731001ccb a2fcdb626b484d8884e6cdadd7f4a1ab e5e9b251411d4bbbb81d837388a654a1 - - default default] Successfully bumped revision number for resource d56036d1-6413-48ad-bdf4-3c0b67537381 (type: networks) to 1
2026-05-30 03:09:23.625 9 WARNING neutron.scheduler.dhcp_agent_scheduler [None req-649dd456-3eec-4bb8-953a-3cc731001ccb a2fcdb626b484d8884e6cdadd7f4a1ab e5e9b251411d4bbbb81d837388a654a1 - - default default] No more DHCP agents
2026-05-30 03:09:23.628 9 WARNING neutron.api.rpc.agentnotifiers.dhcp_rpc_agent_api [None req-649dd456-3eec-4bb8-953a-3cc731001ccb a2fcdb626b484d8884e6cdadd7f4a1ab e5e9b251411d4bbbb81d837388a654a1 - - default default] Unable to schedule network d56036d1-6413-48ad-bdf4-3c0b67537381: no agents available; will retry on subsequent port and subnet creation events.
2026-05-30 03:09:23.707 9 INFO neutron.db.ovn_revision_numbers_db [None req-649dd456-3eec-4bb8-953a-3cc731001ccb a2fcdb626b484d8884e6cdadd7f4a1ab e5e9b251411d4bbbb81d837388a654a1 - - default default] Successfully bumped revision number for resource 8e4f8b93-577b-47be-9316-c6b40c97de21 (type: ports) to 1
2026-05-30 03:09:23.736 9 INFO neutron.api.wsgi [None req-649dd456-3eec-4bb8-953a-3cc731001ccb a2fcdb626b484d8884e6cdadd7f4a1ab e5e9b251411d4bbbb81d837388a654a1 - - default default] 10.0.0.50 "POST /v2.0/networks HTTP/1.1" status: 201 len: 929 time: 0.5008273
2026-05-30 03:09:23.751 9 INFO neutron.db.ovn_revision_numbers_db [None req-9b72b195-9a40-4b71-9c82-85c7bddb4e47 - - - - - -] Successfully bumped revision number for resource 6bf157e4-125c-4f03-a775-fce4bb17aa3a (type: ports) to 2
2026-05-30 03:09:23.786 9 INFO neutron.db.ovn_revision_numbers_db [None req-9b72b195-9a40-4b71-9c82-85c7bddb4e47 - - - - - -] Successfully bumped revision number for resource eea3f0d3-19eb-4970-bd1d-498b589491dd (type: subnets) to 0
2026-05-30 03:09:23.807 9 INFO neutron.api.wsgi [None req-dce15ef3-25cc-4877-a161-fd3c3f8319cc a20e13443f2244eaba0f4de3187f45c0 2e767ee73080443ebcccbf7e88803f9d - - default default] 10.0.0.50 "POST /v2.0/subnets HTTP/1.1" status: 201 len: 825 time: 0.7308545
2026-05-30 03:09:23.819 10 WARNING neutron_lib.context [None req-39098279-9d1e-4f5e-8be4-6faeed20ecf0 a20e13443f2244eaba0f4de3187f45c0 2e767ee73080443ebcccbf7e88803f9d - - default default] Method 'is_advsvc' is deprecated since 2023.2 release (neutron-lib 3.8.0) and will be removed once support for the old RBAC API policies will be removed from Neutron. Please use method 'is_service_role' instead.
2026-05-30 03:09:23.933 10 INFO neutron.db.ovn_revision_numbers_db [None req-39098279-9d1e-4f5e-8be4-6faeed20ecf0 a20e13443f2244eaba0f4de3187f45c0 2e767ee73080443ebcccbf7e88803f9d - - default default] Successfully bumped revision number for resource 52df0586-091b-4263-b078-d1d62ec010a1 (type: routers) to 1
2026-05-30 03:09:23.941 10 WARNING neutron.scheduler.dhcp_agent_scheduler [None req-f1bb18f1-0110-4d78-b95d-bd267bee5ce8 a2fcdb626b484d8884e6cdadd7f4a1ab e5e9b251411d4bbbb81d837388a654a1 - - default default] No more DHCP agents
2026-05-30 03:09:23.943 10 WARNING neutron.api.rpc.agentnotifiers.dhcp_rpc_agent_api [None req-f1bb18f1-0110-4d78-b95d-bd267bee5ce8 a2fcdb626b484d8884e6cdadd7f4a1ab e5e9b251411d4bbbb81d837388a654a1 - - default default] Unable to schedule network d56036d1-6413-48ad-bdf4-3c0b67537381: no agents available; will retry on subsequent port and subnet creation events.
2026-05-30 03:09:23.948 10 INFO neutron.api.wsgi [None req-39098279-9d1e-4f5e-8be4-6faeed20ecf0 a20e13443f2244eaba0f4de3187f45c0 2e767ee73080443ebcccbf7e88803f9d - - default default] 10.0.0.50 "POST /v2.0/routers HTTP/1.1" status: 201 len: 801 time: 0.1346092
2026-05-30 03:09:24.070 10 INFO neutron.services.segments.plugin [-] Segment 6f9e860c-7e61-4208-9907-73bdcecdc70c resource provider aggregate not found
2026-05-30 03:09:24.078 10 INFO neutron.services.segments.plugin [-] Segment 6f9e860c-7e61-4208-9907-73bdcecdc70c resource provider aggregate not found
2026-05-30 03:09:24.082 10 INFO neutron.services.segments.plugin [-] Segment 6f9e860c-7e61-4208-9907-73bdcecdc70c resource provider not found; error: Placement Client Error (4xx): {"errors": [{"status": 404, "title": "Not Found", "detail": "The resource could not be found.\n\n No resource provider with uuid 6f9e860c-7e61-4208-9907-73bdcecdc70c found for delete ", "request_id": "req-838ae79c-5994-484a-9983-97eb6ae96cbe"}]}
2026-05-30 03:09:24.089 10 INFO neutron.services.segments.plugin [-] Segment 6f9e860c-7e61-4208-9907-73bdcecdc70c resource provider not found; error: Placement Client Error (4xx): {"errors": [{"status": 404, "title": "Not Found", "detail": "The resource could not be found.\n\n No resource provider with uuid 6f9e860c-7e61-4208-9907-73bdcecdc70c found for delete ", "request_id": "req-23009f84-fd6b-4827-82f7-8b011e706ee9"}]}
2026-05-30 03:09:24.367 9 WARNING neutron.scheduler.dhcp_agent_scheduler [None req-4f75d466-19d3-44c6-99a9-ab615b19e2da a20e13443f2244eaba0f4de3187f45c0 2e767ee73080443ebcccbf7e88803f9d - - default default] No more DHCP agents
2026-05-30 03:09:24.368 9 WARNING neutron.api.rpc.agentnotifiers.dhcp_rpc_agent_api [None req-4f75d466-19d3-44c6-99a9-ab615b19e2da a20e13443f2244eaba0f4de3187f45c0 2e767ee73080443ebcccbf7e88803f9d - - default default] Unable to schedule network ac468433-c91d-46ac-bb4a-cf727593a6f1: no agents available; will retry on subsequent port and subnet creation events.
2026-05-30 03:09:24.442 10 INFO neutron.db.ovn_revision_numbers_db [None req-0af2c8f7-8b6b-4ecc-8e57-9afeff79c756 - - - - - -] Successfully bumped revision number for resource 8e4f8b93-577b-47be-9316-c6b40c97de21 (type: ports) to 2
2026-05-30 03:09:24.484 10 INFO neutron.db.ovn_revision_numbers_db [None req-0af2c8f7-8b6b-4ecc-8e57-9afeff79c756 - - - - - -] Successfully bumped revision number for resource 1b297a99-a04f-4cd1-b0bf-b5d480e32719 (type: subnets) to 0
2026-05-30 03:09:24.501 10 INFO neutron.api.wsgi [None req-f1bb18f1-0110-4d78-b95d-bd267bee5ce8 a2fcdb626b484d8884e6cdadd7f4a1ab e5e9b251411d4bbbb81d837388a654a1 - - default default] 10.0.0.50 "POST /v2.0/subnets HTTP/1.1" status: 201 len: 846 time: 0.7581871
2026-05-30 03:09:24.504 9 INFO neutron.db.ovn_revision_numbers_db [None req-4f75d466-19d3-44c6-99a9-ab615b19e2da a20e13443f2244eaba0f4de3187f45c0 2e767ee73080443ebcccbf7e88803f9d - - default default] Successfully bumped revision number for resource c417873b-dbd0-4b2a-a9a6-59657cc50835 (type: ports) to 1
2026-05-30 03:09:24.512 9 WARNING neutron.api.v2.base [None req-8e5ac693-a50e-43b3-b967-e62feecfa041 a2fcdb626b484d8884e6cdadd7f4a1ab e5e9b251411d4bbbb81d837388a654a1 - - default default] An exception happened while processing the request body. The exception message is [Invalid input for target_tenant. Reason: '1234123412341234123412341234123412341234123412341234123412341234123412341234123412341234123412341234123412341234123412341234123412341234123412341234123412341234123412341234123412341234123412341234123412341234123412341234123412341234123412341234123412341234123412341234123412341234123412341234123412341234123412341234123412341234123412341234123412341234123412341234123412341234123412341234123412341234' exceeds maximum length of 255.].: webob.exc.HTTPBadRequest: Invalid input for target_tenant. Reason: '1234123412341234123412341234123412341234123412341234123412341234123412341234123412341234123412341234123412341234123412341234123412341234123412341234123412341234123412341234123412341234123412341234123412341234123412341234123412341234123412341234123412341234123412341234123412341234123412341234123412341234123412341234123412341234123412341234123412341234123412341234123412341234123412341234123412341234' exceeds maximum length of 255.
2026-05-30 03:09:24.513 9 INFO neutron.api.v2.resource [None req-8e5ac693-a50e-43b3-b967-e62feecfa041 a2fcdb626b484d8884e6cdadd7f4a1ab e5e9b251411d4bbbb81d837388a654a1 - - default default] create failed (client error): Invalid input for target_tenant. Reason: '1234123412341234123412341234123412341234123412341234123412341234123412341234123412341234123412341234123412341234123412341234123412341234123412341234123412341234123412341234123412341234123412341234123412341234123412341234123412341234123412341234123412341234123412341234123412341234123412341234123412341234123412341234123412341234123412341234123412341234123412341234123412341234123412341234123412341234' exceeds maximum length of 255.
2026-05-30 03:09:24.514 9 INFO neutron.api.wsgi [None req-8e5ac693-a50e-43b3-b967-e62feecfa041 a2fcdb626b484d8884e6cdadd7f4a1ab e5e9b251411d4bbbb81d837388a654a1 - - default default] 10.0.0.50 "POST /v2.0/rbac-policies HTTP/1.1" status: 400 len: 750 time: 0.0077798
2026-05-30 03:09:24.974 10 INFO neutron.api.wsgi [None req-5f546d88-250b-4a6b-9653-8e35e357d3e4 a2fcdb626b484d8884e6cdadd7f4a1ab e5e9b251411d4bbbb81d837388a654a1 - - default default] 10.0.0.50 "DELETE /v2.0/networks/d56036d1-6413-48ad-bdf4-3c0b67537381 HTTP/1.1" status: 204 len: 168 time: 0.4553854
2026-05-30 03:09:25.013 9 INFO neutron.plugins.ml2.drivers.ovn.mech_driver.mech_driver [None req-75456eeb-b673-45d0-a0d7-49bec7b3c67e - - - - - -] OVN reports status up for port: c417873b-dbd0-4b2a-a9a6-59657cc50835
2026-05-30 03:09:25.029 9 INFO neutron.plugins.ml2.plugin [None req-75456eeb-b673-45d0-a0d7-49bec7b3c67e - - - - - -] Attempt 1 to provision port c417873b-dbd0-4b2a-a9a6-59657cc50835
2026-05-30 03:09:25.043 9 INFO neutron.db.ovn_revision_numbers_db [None req-4f75d466-19d3-44c6-99a9-ab615b19e2da a20e13443f2244eaba0f4de3187f45c0 2e767ee73080443ebcccbf7e88803f9d - - default default] Successfully bumped revision number for resource c417873b-dbd0-4b2a-a9a6-59657cc50835 (type: ports) to 1
2026-05-30 03:09:25.082 10 INFO neutron.db.segments_db [None req-07015efc-c53c-4e5c-9d08-95d1950f12c5 a2fcdb626b484d8884e6cdadd7f4a1ab e5e9b251411d4bbbb81d837388a654a1 - - default default] Added segment ec6774f3-72b9-4739-b638-ea16bd4be6e4 of type geneve for network d4f98405-6f14-430f-9793-643d55f44f35
2026-05-30 03:09:25.118 9 WARNING neutron.scheduler.dhcp_agent_scheduler [None req-4f75d466-19d3-44c6-99a9-ab615b19e2da a20e13443f2244eaba0f4de3187f45c0 2e767ee73080443ebcccbf7e88803f9d - - default default] No more DHCP agents
2026-05-30 03:09:25.121 9 WARNING neutron.api.rpc.agentnotifiers.dhcp_rpc_agent_api [None req-4f75d466-19d3-44c6-99a9-ab615b19e2da a20e13443f2244eaba0f4de3187f45c0 2e767ee73080443ebcccbf7e88803f9d - - default default] Unable to schedule network ac468433-c91d-46ac-bb4a-cf727593a6f1: no agents available; will retry on subsequent port and subnet creation events.
2026-05-30 03:09:25.148 10 WARNING neutron.plugins.ml2.drivers.ovn.mech_driver.ovsdb.ovn_client [None req-ebfa9a7d-e30e-4af1-8dc2-eb909c95ea7b - - - - - -] No port found with ID 19d1b22d-3e1b-44d0-816d-3402481ecc37: RuntimeError: No port found with ID 19d1b22d-3e1b-44d0-816d-3402481ecc37
2026-05-30 03:09:25.214 10 INFO neutron.db.ovn_revision_numbers_db [None req-07015efc-c53c-4e5c-9d08-95d1950f12c5 a2fcdb626b484d8884e6cdadd7f4a1ab e5e9b251411d4bbbb81d837388a654a1 - - default default] Successfully bumped revision number for resource d4f98405-6f14-430f-9793-643d55f44f35 (type: networks) to 1
2026-05-30 03:09:25.354 9 INFO neutron.db.ovn_revision_numbers_db [None req-4f75d466-19d3-44c6-99a9-ab615b19e2da a20e13443f2244eaba0f4de3187f45c0 2e767ee73080443ebcccbf7e88803f9d - - default default] Successfully bumped revision number for resource c417873b-dbd0-4b2a-a9a6-59657cc50835 (type: router_ports) to 1
2026-05-30 03:09:25.359 9 INFO neutron.api.wsgi [None req-4f75d466-19d3-44c6-99a9-ab615b19e2da a20e13443f2244eaba0f4de3187f45c0 2e767ee73080443ebcccbf7e88803f9d - - default default] 10.0.0.50 "PUT /v2.0/routers/52df0586-091b-4263-b078-d1d62ec010a1/add_router_interface HTTP/1.1" status: 200 len: 503 time: 1.4043055
2026-05-30 03:09:25.368 10 WARNING neutron.scheduler.dhcp_agent_scheduler [None req-07015efc-c53c-4e5c-9d08-95d1950f12c5 a2fcdb626b484d8884e6cdadd7f4a1ab e5e9b251411d4bbbb81d837388a654a1 - - default default] No more DHCP agents
2026-05-30 03:09:25.369 10 WARNING neutron.api.rpc.agentnotifiers.dhcp_rpc_agent_api [None req-07015efc-c53c-4e5c-9d08-95d1950f12c5 a2fcdb626b484d8884e6cdadd7f4a1ab e5e9b251411d4bbbb81d837388a654a1 - - default default] Unable to schedule network d4f98405-6f14-430f-9793-643d55f44f35: no agents available; will retry on subsequent port and subnet creation events.
2026-05-30 03:09:25.416 9 INFO neutron.api.wsgi [None req-30b574a4-37c7-408b-8475-1b2d85303b07 a20e13443f2244eaba0f4de3187f45c0 2e767ee73080443ebcccbf7e88803f9d - - default default] 10.0.0.50 "GET /v2.0/ports/c417873b-dbd0-4b2a-a9a6-59657cc50835 HTTP/1.1" status: 200 len: 1137 time: 0.0514233
2026-05-30 03:09:25.463 10 INFO neutron.db.ovn_revision_numbers_db [None req-07015efc-c53c-4e5c-9d08-95d1950f12c5 a2fcdb626b484d8884e6cdadd7f4a1ab e5e9b251411d4bbbb81d837388a654a1 - - default default] Successfully bumped revision number for resource 73247006-769d-49b6-9a7f-d4c812347990 (type: ports) to 1
2026-05-30 03:09:25.499 10 INFO neutron.api.wsgi [None req-07015efc-c53c-4e5c-9d08-95d1950f12c5 a2fcdb626b484d8884e6cdadd7f4a1ab e5e9b251411d4bbbb81d837388a654a1 - - default default] 10.0.0.50 "POST /v2.0/networks HTTP/1.1" status: 201 len: 929 time: 0.5161357
2026-05-30 03:09:25.504 9 INFO neutron.db.ovn_revision_numbers_db [None req-75456eeb-b673-45d0-a0d7-49bec7b3c67e - - - - - -] Successfully bumped revision number for resource c417873b-dbd0-4b2a-a9a6-59657cc50835 (type: ports) to 2
2026-05-30 03:09:25.518 10 INFO neutron.api.wsgi [None req-9c63ecec-86c0-4729-a690-6ca25bc587b9 a20e13443f2244eaba0f4de3187f45c0 2e767ee73080443ebcccbf7e88803f9d - - default default] 10.0.0.50 "GET /v2.0/ports/c417873b-dbd0-4b2a-a9a6-59657cc50835 HTTP/1.1" status: 200 len: 1137 time: 0.0948699
2026-05-30 03:09:25.675 9 WARNING neutron.scheduler.dhcp_agent_scheduler [None req-ec88f02f-1a7c-4414-9595-ddce1b59390f a2fcdb626b484d8884e6cdadd7f4a1ab e5e9b251411d4bbbb81d837388a654a1 - - default default] No more DHCP agents
2026-05-30 03:09:25.678 9 WARNING neutron.api.rpc.agentnotifiers.dhcp_rpc_agent_api [None req-ec88f02f-1a7c-4414-9595-ddce1b59390f a2fcdb626b484d8884e6cdadd7f4a1ab e5e9b251411d4bbbb81d837388a654a1 - - default default] Unable to schedule network d4f98405-6f14-430f-9793-643d55f44f35: no agents available; will retry on subsequent port and subnet creation events.
2026-05-30 03:09:26.110 9 INFO neutron.db.ovn_revision_numbers_db [None req-68b23229-0fb7-4c2d-9c2e-8eaf0a640ad3 - - - - - -] Successfully bumped revision number for resource 73247006-769d-49b6-9a7f-d4c812347990 (type: ports) to 2
2026-05-30 03:09:26.113 10 INFO neutron.services.segments.plugin [-] Segment 92d854b7-1405-4f5e-a33a-6465289f0185 resource provider aggregate not found
2026-05-30 03:09:26.117 10 INFO neutron.services.segments.plugin [-] Segment 92d854b7-1405-4f5e-a33a-6465289f0185 resource provider aggregate not found
2026-05-30 03:09:26.141 9 INFO neutron.db.ovn_revision_numbers_db [None req-68b23229-0fb7-4c2d-9c2e-8eaf0a640ad3 - - - - - -] Successfully bumped revision number for resource 853d62a9-6551-41ec-a912-5b96c13a620c (type: subnets) to 0
2026-05-30 03:09:26.156 9 INFO neutron.api.wsgi [None req-ec88f02f-1a7c-4414-9595-ddce1b59390f a2fcdb626b484d8884e6cdadd7f4a1ab e5e9b251411d4bbbb81d837388a654a1 - - default default] 10.0.0.50 "POST /v2.0/subnets HTTP/1.1" status: 201 len: 846 time: 0.6499646
2026-05-30 03:09:26.156 10 INFO neutron.services.segments.plugin [-] Segment 92d854b7-1405-4f5e-a33a-6465289f0185 resource provider not found; error: Placement Client Error (4xx): {"errors": [{"status": 404, "title": "Not Found", "detail": "The resource could not be found.\n\n No resource provider with uuid 92d854b7-1405-4f5e-a33a-6465289f0185 found for delete ", "request_id": "req-31207879-45ab-4d5a-a524-e1d4de1b73f7"}]}
2026-05-30 03:09:26.158 10 INFO neutron.services.segments.plugin [-] Segment 92d854b7-1405-4f5e-a33a-6465289f0185 resource provider not found; error: Placement Client Error (4xx): {"errors": [{"status": 404, "title": "Not Found", "detail": "The resource could not be found.\n\n No resource provider with uuid 92d854b7-1405-4f5e-a33a-6465289f0185 found for delete ", "request_id": "req-67798ad2-204b-422e-9b88-bea7ee5638a6"}]}
2026-05-30 03:09:26.171 10 INFO neutron.api.wsgi [None req-60a1bc00-4476-4ff8-887e-e3a7f026f4b7 a20e13443f2244eaba0f4de3187f45c0 2e767ee73080443ebcccbf7e88803f9d - - default default] 10.0.0.50 "PUT /v2.0/routers/52df0586-091b-4263-b078-d1d62ec010a1/remove_router_interface HTTP/1.1" status: 200 len: 503 time: 0.6469872 /var/lib/openstack/lib/python3.12/site-packages/pycadf/identifier.py:71: UserWarning: Invalid uuid: neutron. To ensure interoperability, identifiers should be a valid uuid. warnings.warn(('Invalid uuid: %s. To ensure interoperability, '
2026-05-30 03:09:26.198 10 INFO neutron.api.wsgi [None req-2ed10b34-32ee-48fe-b06d-63070fc47189 a20e13443f2244eaba0f4de3187f45c0 2e767ee73080443ebcccbf7e88803f9d - - default default] 10.0.0.50 "GET /v2.0/ports?device_id=52df0586-091b-4263-b078-d1d62ec010a1 HTTP/1.1" status: 200 len: 205 time: 0.0222247
2026-05-30 03:09:26.372 9 INFO neutron.api.wsgi [None req-e158e4ec-289c-4877-b3a3-003abf480759 a2fcdb626b484d8884e6cdadd7f4a1ab e5e9b251411d4bbbb81d837388a654a1 - - default default] 10.0.0.50 "POST /v2.0/rbac-policies HTTP/1.1" status: 201 len: 523 time: 0.2071216
2026-05-30 03:09:26.391 10 INFO neutron.api.wsgi [None req-c52c3a9e-eaa1-4446-96da-72beaef0f8a9 a20e13443f2244eaba0f4de3187f45c0 2e767ee73080443ebcccbf7e88803f9d - - default default] 10.0.0.50 "DELETE /v2.0/routers/52df0586-091b-4263-b078-d1d62ec010a1 HTTP/1.1" status: 204 len: 168 time: 0.1882181
2026-05-30 03:09:26.572 10 INFO neutron.api.wsgi [None req-8eccfce5-0ee3-412f-bbe6-3b0b6e2e4516 a20e13443f2244eaba0f4de3187f45c0 2e767ee73080443ebcccbf7e88803f9d - - default default] 10.0.0.50 "DELETE /v2.0/subnets/eea3f0d3-19eb-4970-bd1d-498b589491dd HTTP/1.1" status: 204 len: 168 time: 0.1761868
2026-05-30 03:09:26.846 9 INFO neutron.api.wsgi [None req-202b2dab-630b-41e8-8e77-354773754d53 0ebe9fdca2c54710b50e0444029e040f a6b3b53815d940a5926b464275fdea03 - - default default] 10.0.0.50 "GET /v2.0/networks/d4f98405-6f14-430f-9793-643d55f44f35 HTTP/1.1" status: 200 len: 849 time: 0.0986636
2026-05-30 03:09:26.890 10 INFO neutron.api.wsgi [None req-498ef498-5ff4-447d-ae00-1a0e7b9cb734 a20e13443f2244eaba0f4de3187f45c0 2e767ee73080443ebcccbf7e88803f9d - - default default] 10.0.0.50 "DELETE /v2.0/networks/ac468433-c91d-46ac-bb4a-cf727593a6f1 HTTP/1.1" status: 204 len: 168 time: 0.3122501
2026-05-30 03:09:26.903 10 WARNING neutron_lib.context [None req-e3f712ca-3a36-4e94-9d0e-4dcdb57fcc06 a20e13443f2244eaba0f4de3187f45c0 2e767ee73080443ebcccbf7e88803f9d - - default default] Method 'is_advsvc' is deprecated since 2023.2 release (neutron-lib 3.8.0) and will be removed once support for the old RBAC API policies will be removed from Neutron. Please use method 'is_service_role' instead.
2026-05-30 03:09:27.245 9 INFO neutron.pecan_wsgi.hooks.translation [None req-0bce837d-3f97-4a4b-814f-23f633dfc100 3172c93332944cb6a8262502ec6426b9 3b9532d4ad644da591d7002ffb1558f9 - - default default] GET failed (client error): The resource could not be found.
2026-05-30 03:09:27.246 9 INFO neutron.api.wsgi [None req-0bce837d-3f97-4a4b-814f-23f633dfc100 3172c93332944cb6a8262502ec6426b9 3b9532d4ad644da591d7002ffb1558f9 - - default default] 10.0.0.50 "GET /v2.0/networks/d4f98405-6f14-430f-9793-643d55f44f35 HTTP/1.1" status: 404 len: 339 time: 0.0415521
2026-05-30 03:09:27.282 10 WARNING neutron.scheduler.dhcp_agent_scheduler [None req-e3f712ca-3a36-4e94-9d0e-4dcdb57fcc06 a20e13443f2244eaba0f4de3187f45c0 2e767ee73080443ebcccbf7e88803f9d - - default default] No more DHCP agents
2026-05-30 03:09:27.283 10 WARNING neutron.api.rpc.agentnotifiers.dhcp_rpc_agent_api [None req-e3f712ca-3a36-4e94-9d0e-4dcdb57fcc06 a20e13443f2244eaba0f4de3187f45c0 2e767ee73080443ebcccbf7e88803f9d - - default default] Unable to schedule network c95f1c1d-e5a6-4c19-9afd-aff0bb985712: no agents available; will retry on subsequent port and subnet creation events.
2026-05-30 03:09:27.407 10 INFO neutron.db.ovn_revision_numbers_db [None req-e3f712ca-3a36-4e94-9d0e-4dcdb57fcc06 a20e13443f2244eaba0f4de3187f45c0 2e767ee73080443ebcccbf7e88803f9d - - default default] Successfully bumped revision number for resource 09a67ff0-3699-42e2-9ac9-8e9c5c318730 (type: ports) to 1
2026-05-30 03:09:27.697 9 INFO neutron.services.segments.plugin [-] Segment ec6774f3-72b9-4739-b638-ea16bd4be6e4 resource provider aggregate not found
2026-05-30 03:09:27.705 9 INFO neutron.services.segments.plugin [-] Segment ec6774f3-72b9-4739-b638-ea16bd4be6e4 resource provider aggregate not found
2026-05-30 03:09:27.716 9 INFO neutron.services.segments.plugin [-] Segment ec6774f3-72b9-4739-b638-ea16bd4be6e4 resource provider not found; error: Placement Client Error (4xx): {"errors": [{"status": 404, "title": "Not Found", "detail": "The resource could not be found.\n\n No resource provider with uuid ec6774f3-72b9-4739-b638-ea16bd4be6e4 found for delete ", "request_id": "req-3c644d58-2b1d-43d0-91bb-3c3b79bccf62"}]}
2026-05-30 03:09:27.718 9 INFO neutron.services.segments.plugin [-] Segment ec6774f3-72b9-4739-b638-ea16bd4be6e4 resource provider not found; error: Placement Client Error (4xx): {"errors": [{"status": 404, "title": "Not Found", "detail": "The resource could not be found.\n\n No resource provider with uuid ec6774f3-72b9-4739-b638-ea16bd4be6e4 found for delete ", "request_id": "req-7debe5d9-e3b1-4ae1-904e-5fb7ffaae33e"}]}
2026-05-30 03:09:27.726 9 INFO neutron.api.wsgi [None req-cb2ae03a-69ad-40f1-9b49-5dcc2598ad53 a2fcdb626b484d8884e6cdadd7f4a1ab e5e9b251411d4bbbb81d837388a654a1 - - default default] 10.0.0.50 "DELETE /v2.0/networks/d4f98405-6f14-430f-9793-643d55f44f35 HTTP/1.1" status: 204 len: 168 time: 0.4745724
2026-05-30 03:09:27.746 9 INFO neutron.pecan_wsgi.hooks.translation [None req-16bdabe7-fb56-4608-81ef-11c1dda1d091 a2fcdb626b484d8884e6cdadd7f4a1ab e5e9b251411d4bbbb81d837388a654a1 - - default default] DELETE failed (client error): The resource could not be found.
2026-05-30 03:09:27.749 9 INFO neutron.api.wsgi [None req-16bdabe7-fb56-4608-81ef-11c1dda1d091 a2fcdb626b484d8884e6cdadd7f4a1ab e5e9b251411d4bbbb81d837388a654a1 - - default default] 10.0.0.50 "DELETE /v2.0/subnets/ef5bb65c-baa5-4e29-8d89-1c7f385f0ce4 HTTP/1.1" status: 404 len: 337 time: 0.0146618
2026-05-30 03:09:27.763 9 INFO neutron.pecan_wsgi.hooks.translation [None req-060e36d6-7bc2-4690-8cd9-aea3f824fae7 a2fcdb626b484d8884e6cdadd7f4a1ab e5e9b251411d4bbbb81d837388a654a1 - - default default] DELETE failed (client error): The resource could not be found.
2026-05-30 03:09:27.766 9 INFO neutron.api.wsgi [None req-060e36d6-7bc2-4690-8cd9-aea3f824fae7 a2fcdb626b484d8884e6cdadd7f4a1ab e5e9b251411d4bbbb81d837388a654a1 - - default default] 10.0.0.50 "DELETE /v2.0/subnets/1b297a99-a04f-4cd1-b0bf-b5d480e32719 HTTP/1.1" status: 404 len: 337 time: 0.0120654
2026-05-30 03:09:27.782 9 INFO neutron.pecan_wsgi.hooks.translation [None req-d2ce8db5-85c8-43d3-816b-17cfb2283f53 a2fcdb626b484d8884e6cdadd7f4a1ab e5e9b251411d4bbbb81d837388a654a1 - - default default] DELETE failed (client error): The resource could not be found.
2026-05-30 03:09:27.788 9 INFO neutron.api.wsgi [None req-d2ce8db5-85c8-43d3-816b-17cfb2283f53 a2fcdb626b484d8884e6cdadd7f4a1ab e5e9b251411d4bbbb81d837388a654a1 - - default default] 10.0.0.50 "DELETE /v2.0/subnets/853d62a9-6551-41ec-a912-5b96c13a620c HTTP/1.1" status: 404 len: 337 time: 0.0153182
2026-05-30 03:09:28.047 10 INFO neutron.plugins.ml2.drivers.ovn.mech_driver.ovsdb.commands [None req-92ae25d8-ea5b-4fc6-9345-5640e090f4dc - - - - - -] Schedule LRP lrp-09a67ff0-3699-42e2-9ac9-8e9c5c318730 on gateway 585ed40b-f730-46a8-811c-5d58a809d870 with priority 1
2026-05-30 03:09:28.087 10 INFO neutron.db.ovn_revision_numbers_db [None req-e3f712ca-3a36-4e94-9d0e-4dcdb57fcc06 a20e13443f2244eaba0f4de3187f45c0 2e767ee73080443ebcccbf7e88803f9d - - default default] Successfully bumped revision number for resource 09a67ff0-3699-42e2-9ac9-8e9c5c318730 (type: router_ports) to 1
2026-05-30 03:09:28.166 10 INFO neutron.db.ovn_revision_numbers_db [None req-e3f712ca-3a36-4e94-9d0e-4dcdb57fcc06 a20e13443f2244eaba0f4de3187f45c0 2e767ee73080443ebcccbf7e88803f9d - - default default] Successfully bumped revision number for resource 0170ccab-1ee6-4b0e-8d79-97c874ed0bb9 (type: routers) to 2
2026-05-30 03:09:28.172 10 INFO neutron.services.segments.plugin [-] Segment bb1042b6-0d20-45a4-9506-3f3ffd1c6aca resource provider aggregate not found
2026-05-30 03:09:28.183 10 INFO neutron.services.segments.plugin [-] Segment bb1042b6-0d20-45a4-9506-3f3ffd1c6aca resource provider aggregate not found
2026-05-30 03:09:28.186 10 INFO neutron.services.segments.plugin [-] Segment bb1042b6-0d20-45a4-9506-3f3ffd1c6aca resource provider not found; error: Placement Client Error (4xx): {"errors": [{"status": 404, "title": "Not Found", "detail": "The resource could not be found.\n\n No resource provider with uuid bb1042b6-0d20-45a4-9506-3f3ffd1c6aca found for delete ", "request_id": "req-b886e570-172b-4cea-8a76-7401a9169418"}]}
2026-05-30 03:09:28.190 10 INFO neutron.api.wsgi [None req-e3f712ca-3a36-4e94-9d0e-4dcdb57fcc06 a20e13443f2244eaba0f4de3187f45c0 2e767ee73080443ebcccbf7e88803f9d - - default default] 10.0.0.50 "POST /v2.0/routers HTTP/1.1" status: 201 len: 1147 time: 1.2925286
2026-05-30 03:09:28.200 10 INFO neutron.services.segments.plugin [-] Segment bb1042b6-0d20-45a4-9506-3f3ffd1c6aca resource provider not found; error: Placement Client Error (4xx): {"errors": [{"status": 404, "title": "Not Found", "detail": "The resource could not be found.\n\n No resource provider with uuid bb1042b6-0d20-45a4-9506-3f3ffd1c6aca found for delete ", "request_id": "req-0a1dd721-bac0-4a74-9fb3-67fd7a3ef934"}]}
2026-05-30 03:09:28.252 10 INFO neutron.api.wsgi [None req-608927d0-fefa-4a1e-921d-954031527fdc a20e13443f2244eaba0f4de3187f45c0 2e767ee73080443ebcccbf7e88803f9d - - default default] 10.0.0.50 "GET /v2.0/routers/0170ccab-1ee6-4b0e-8d79-97c874ed0bb9 HTTP/1.1" status: 200 len: 1148 time: 0.0557101
2026-05-30 03:09:28.335 10 INFO neutron.api.wsgi [None req-86f64809-2c02-49cf-9cd5-affaf7b9d550 a20e13443f2244eaba0f4de3187f45c0 2e767ee73080443ebcccbf7e88803f9d - - default default] 10.0.0.50 "GET /v2.0/routers HTTP/1.1" status: 200 len: 1151 time: 0.0779884
2026-05-30 03:09:28.742 10 INFO neutron.db.ovn_revision_numbers_db [None req-8b877646-0535-4f40-be14-c5090e2df503 a20e13443f2244eaba0f4de3187f45c0 2e767ee73080443ebcccbf7e88803f9d - - default default] Successfully bumped revision number for resource 0170ccab-1ee6-4b0e-8d79-97c874ed0bb9 (type: routers) to 3
2026-05-30 03:09:28.748 10 INFO neutron.api.wsgi [None req-8b877646-0535-4f40-be14-c5090e2df503 a20e13443f2244eaba0f4de3187f45c0 2e767ee73080443ebcccbf7e88803f9d - - default default] 10.0.0.50 "PUT /v2.0/routers/0170ccab-1ee6-4b0e-8d79-97c874ed0bb9 HTTP/1.1" status: 200 len: 1155 time: 0.4061050
2026-05-30 03:09:28.822 10 INFO neutron.api.wsgi [None req-d37a3a31-efff-44d6-8570-c86aa7b7ff97 a20e13443f2244eaba0f4de3187f45c0 2e767ee73080443ebcccbf7e88803f9d - - default default] 10.0.0.50 "GET /v2.0/routers/0170ccab-1ee6-4b0e-8d79-97c874ed0bb9 HTTP/1.1" status: 200 len: 1155 time: 0.0670431
2026-05-30 03:09:28.835 9 INFO neutron.db.ovn_revision_numbers_db [None req-bea50054-b790-4acc-a2ae-53cec644b157 5b269b93c6fd4a6f8021a4e0ea1fed9b 67ae0794042149f4a396eb9cd2d12b7e - - default default] Successfully bumped revision number for resource bbe0031b-c716-431c-8e48-4cfc77e8705b (type: security_groups) to 1
2026-05-30 03:09:28.844 10 INFO neutron.api.wsgi [None req-f10f0206-3c86-4cd9-a258-5a6017dae63e a20e13443f2244eaba0f4de3187f45c0 2e767ee73080443ebcccbf7e88803f9d - - default default] 10.0.0.50 "GET /v2.0/ports?device_id=0170ccab-1ee6-4b0e-8d79-97c874ed0bb9 HTTP/1.1" status: 200 len: 205 time: 0.0163410
2026-05-30 03:09:28.850 9 INFO neutron.db.ovn_revision_numbers_db [None req-bea50054-b790-4acc-a2ae-53cec644b157 5b269b93c6fd4a6f8021a4e0ea1fed9b 67ae0794042149f4a396eb9cd2d12b7e - - default default] Successfully bumped revision number for resource 0014496b-be18-45b3-8367-46a4d112ebe0 (type: security_group_rules) to 0
2026-05-30 03:09:28.863 9 INFO neutron.db.ovn_revision_numbers_db [None req-bea50054-b790-4acc-a2ae-53cec644b157 5b269b93c6fd4a6f8021a4e0ea1fed9b 67ae0794042149f4a396eb9cd2d12b7e - - default default] Successfully bumped revision number for resource 180c00a3-1a01-435a-bcb9-1a945ff0fbbb (type: security_group_rules) to 0
2026-05-30 03:09:28.878 9 INFO neutron.db.ovn_revision_numbers_db [None req-bea50054-b790-4acc-a2ae-53cec644b157 5b269b93c6fd4a6f8021a4e0ea1fed9b 67ae0794042149f4a396eb9cd2d12b7e - - default default] Successfully bumped revision number for resource 951b72f5-0d9f-4957-b707-fc264befe178 (type: security_group_rules) to 0
2026-05-30 03:09:28.900 9 INFO neutron.db.ovn_revision_numbers_db [None req-bea50054-b790-4acc-a2ae-53cec644b157 5b269b93c6fd4a6f8021a4e0ea1fed9b 67ae0794042149f4a396eb9cd2d12b7e - - default default] Successfully bumped revision number for resource ecefba5b-b06e-45f4-b07d-85638906b5c3 (type: security_group_rules) to 0
2026-05-30 03:09:28.945 9 INFO neutron.api.wsgi [None req-bea50054-b790-4acc-a2ae-53cec644b157 5b269b93c6fd4a6f8021a4e0ea1fed9b 67ae0794042149f4a396eb9cd2d12b7e - - default default] 10.0.0.50 "GET /v2.0/security-groups?tenant_id=a6b3b53815d940a5926b464275fdea03&name=default HTTP/1.1" status: 200 len: 3120 time: 0.3940055
2026-05-30 03:09:29.170 9 INFO neutron.api.wsgi [None req-d320f062-7485-4a5e-a9c1-86b2e341bdb0 5b269b93c6fd4a6f8021a4e0ea1fed9b 67ae0794042149f4a396eb9cd2d12b7e - - default default] 10.0.0.50 "DELETE /v2.0/security-groups/bbe0031b-c716-431c-8e48-4cfc77e8705b HTTP/1.1" status: 204 len: 168 time: 0.2195132
2026-05-30 03:09:29.440 9 INFO neutron.db.ovn_revision_numbers_db [None req-8e74ea7e-3e55-4590-8e27-bf2483bb402c 5b269b93c6fd4a6f8021a4e0ea1fed9b 67ae0794042149f4a396eb9cd2d12b7e - - default default] Successfully bumped revision number for resource b5af78be-65ce-4b89-ab33-c81d85a0f8d0 (type: security_groups) to 1
2026-05-30 03:09:29.467 9 INFO neutron.db.ovn_revision_numbers_db [None req-8e74ea7e-3e55-4590-8e27-bf2483bb402c 5b269b93c6fd4a6f8021a4e0ea1fed9b 67ae0794042149f4a396eb9cd2d12b7e - - default default] Successfully bumped revision number for resource 315bce47-b354-46f4-92f9-6d6f2e1ceb85 (type: security_group_rules) to 0
2026-05-30 03:09:29.486 9 INFO neutron.db.ovn_revision_numbers_db [None req-8e74ea7e-3e55-4590-8e27-bf2483bb402c 5b269b93c6fd4a6f8021a4e0ea1fed9b 67ae0794042149f4a396eb9cd2d12b7e - - default default] Successfully bumped revision number for resource 7652482d-ae83-4b27-ac5c-7f1cd66b4f69 (type: security_group_rules) to 0
2026-05-30 03:09:29.500 9 INFO neutron.db.ovn_revision_numbers_db [None req-8e74ea7e-3e55-4590-8e27-bf2483bb402c 5b269b93c6fd4a6f8021a4e0ea1fed9b 67ae0794042149f4a396eb9cd2d12b7e - - default default] Successfully bumped revision number for resource 824adf79-f9b9-416b-a825-958c9183304c (type: security_group_rules) to 0
2026-05-30 03:09:29.512 9 INFO neutron.db.ovn_revision_numbers_db [None req-8e74ea7e-3e55-4590-8e27-bf2483bb402c 5b269b93c6fd4a6f8021a4e0ea1fed9b 67ae0794042149f4a396eb9cd2d12b7e - - default default] Successfully bumped revision number for resource e17f7844-d807-47e5-a814-cdf826c2413c (type: security_group_rules) to 0
2026-05-30 03:09:29.553 9 INFO neutron.api.wsgi [None req-8e74ea7e-3e55-4590-8e27-bf2483bb402c 5b269b93c6fd4a6f8021a4e0ea1fed9b 67ae0794042149f4a396eb9cd2d12b7e - - default default] 10.0.0.50 "GET /v2.0/security-groups?tenant_id=3b9532d4ad644da591d7002ffb1558f9&name=default HTTP/1.1" status: 200 len: 3120 time: 0.2684181
2026-05-30 03:09:29.637 10 INFO neutron.api.wsgi [None req-123b690f-1141-40c7-8296-ad5f7dd15bc3 a20e13443f2244eaba0f4de3187f45c0 2e767ee73080443ebcccbf7e88803f9d - - default default] 10.0.0.50 "DELETE /v2.0/routers/0170ccab-1ee6-4b0e-8d79-97c874ed0bb9 HTTP/1.1" status: 204 len: 168 time: 0.7869768
2026-05-30 03:09:29.669 10 INFO neutron.api.wsgi [None req-93365fb2-f77b-4ffe-ace9-854c8b6eedfb a20e13443f2244eaba0f4de3187f45c0 2e767ee73080443ebcccbf7e88803f9d - - default default] 10.0.0.50 "GET /v2.0/ports?device_id=0170ccab-1ee6-4b0e-8d79-97c874ed0bb9 HTTP/1.1" status: 200 len: 205 time: 0.0255702
2026-05-30 03:09:29.689 9 INFO neutron.api.v2.resource [None req-56fc430f-48e6-450a-9b80-f02c11f41332 a20e13443f2244eaba0f4de3187f45c0 2e767ee73080443ebcccbf7e88803f9d - - default default] delete failed (client error): The resource could not be found.
2026-05-30 03:09:29.690 9 INFO neutron.api.wsgi [None req-56fc430f-48e6-450a-9b80-f02c11f41332 a20e13443f2244eaba0f4de3187f45c0 2e767ee73080443ebcccbf7e88803f9d - - default default] 10.0.0.50 "DELETE /v2.0/routers/0170ccab-1ee6-4b0e-8d79-97c874ed0bb9 HTTP/1.1" status: 404 len: 336 time: 0.0156505
2026-05-30 03:09:29.709 9 INFO neutron.api.wsgi [None req-9c558378-def0-469d-bb57-a1ef91831be7 a20e13443f2244eaba0f4de3187f45c0 2e767ee73080443ebcccbf7e88803f9d - - default default] 10.0.0.50 "GET /v2.0/ports?device_id=52df0586-091b-4263-b078-d1d62ec010a1 HTTP/1.1" status: 200 len: 205 time: 0.0147290
2026-05-30 03:09:29.727 9 INFO neutron.api.v2.resource [None req-704441d8-141c-4ffd-b2af-a6c7adff7a2a a20e13443f2244eaba0f4de3187f45c0 2e767ee73080443ebcccbf7e88803f9d - - default default] delete failed (client error): The resource could not be found.
2026-05-30 03:09:29.728 9 INFO neutron.api.wsgi [None req-704441d8-141c-4ffd-b2af-a6c7adff7a2a a20e13443f2244eaba0f4de3187f45c0 2e767ee73080443ebcccbf7e88803f9d - - default default] 10.0.0.50 "DELETE /v2.0/routers/52df0586-091b-4263-b078-d1d62ec010a1 HTTP/1.1" status: 404 len: 336 time: 0.0133018
2026-05-30 03:09:29.742 9 INFO neutron.pecan_wsgi.hooks.translation [None req-d372f0dc-514c-46d8-9746-2999974e6f72 a20e13443f2244eaba0f4de3187f45c0 2e767ee73080443ebcccbf7e88803f9d - - default default] DELETE failed (client error): The resource could not be found.
2026-05-30 03:09:29.744 9 INFO neutron.api.wsgi [None req-d372f0dc-514c-46d8-9746-2999974e6f72 a20e13443f2244eaba0f4de3187f45c0 2e767ee73080443ebcccbf7e88803f9d - - default default] 10.0.0.50 "DELETE /v2.0/subnets/eea3f0d3-19eb-4970-bd1d-498b589491dd HTTP/1.1" status: 404 len: 337 time: 0.0119386
2026-05-30 03:09:29.767 9 INFO neutron.api.wsgi [None req-43dbb92c-ddb6-4873-8e13-d686af7b9385 a20e13443f2244eaba0f4de3187f45c0 2e767ee73080443ebcccbf7e88803f9d - - default default] 10.0.0.50 "GET /v2.0/ports?device_id=23a5d472-d929-4fd6-aa10-ea5615746c87 HTTP/1.1" status: 200 len: 205 time: 0.0175169
2026-05-30 03:09:29.785 9 INFO neutron.api.v2.resource [None req-f90e3551-8483-4c86-a5ed-611df8b5aeef a20e13443f2244eaba0f4de3187f45c0 2e767ee73080443ebcccbf7e88803f9d - - default default] delete failed (client error): The resource could not be found.
2026-05-30 03:09:29.786 9 INFO neutron.api.wsgi [None req-f90e3551-8483-4c86-a5ed-611df8b5aeef a20e13443f2244eaba0f4de3187f45c0 2e767ee73080443ebcccbf7e88803f9d - - default default] 10.0.0.50 "DELETE /v2.0/routers/23a5d472-d929-4fd6-aa10-ea5615746c87 HTTP/1.1" status: 404 len: 336 time: 0.0139904
2026-05-30 03:09:29.799 9 INFO neutron.pecan_wsgi.hooks.translation [None req-03d14bb6-1d96-452f-a156-14d389acd0fe a20e13443f2244eaba0f4de3187f45c0 2e767ee73080443ebcccbf7e88803f9d - - default default] DELETE failed (client error): The resource could not be found.
2026-05-30 03:09:29.801 9 INFO neutron.api.wsgi [None req-03d14bb6-1d96-452f-a156-14d389acd0fe a20e13443f2244eaba0f4de3187f45c0 2e767ee73080443ebcccbf7e88803f9d - - default default] 10.0.0.50 "DELETE /v2.0/subnets/513929cd-efe2-4516-ab25-af0483885373 HTTP/1.1" status: 404 len: 337 time: 0.0116246
2026-05-30 03:09:29.830 10 INFO neutron.api.wsgi [None req-eab6e54c-8620-45ee-9e0d-6459abd6ade5 a20e13443f2244eaba0f4de3187f45c0 2e767ee73080443ebcccbf7e88803f9d - - default default] 10.0.0.50 "GET /v2.0/ports?device_id=44e9a648-69b4-43c8-9f77-e554514d9a95 HTTP/1.1" status: 200 len: 205 time: 0.0237048
2026-05-30 03:09:29.844 10 INFO neutron.api.wsgi [None req-fd6eefee-03a9-4b0b-919d-95473269482a 5b269b93c6fd4a6f8021a4e0ea1fed9b 67ae0794042149f4a396eb9cd2d12b7e - - default default] 10.0.0.50 "DELETE /v2.0/security-groups/b5af78be-65ce-4b89-ab33-c81d85a0f8d0 HTTP/1.1" status: 204 len: 168 time: 0.2865522
2026-05-30 03:09:29.849 9 INFO neutron.api.v2.resource [None req-ca6a3f7e-c63a-423d-a586-f09a5893996f a20e13443f2244eaba0f4de3187f45c0 2e767ee73080443ebcccbf7e88803f9d - - default default] delete failed (client error): The resource could not be found.
2026-05-30 03:09:29.850 9 INFO neutron.api.wsgi [None req-ca6a3f7e-c63a-423d-a586-f09a5893996f a20e13443f2244eaba0f4de3187f45c0 2e767ee73080443ebcccbf7e88803f9d - - default default] 10.0.0.50 "DELETE /v2.0/routers/44e9a648-69b4-43c8-9f77-e554514d9a95 HTTP/1.1" status: 404 len: 336 time: 0.0155172
2026-05-30 03:09:29.868 9 INFO neutron.pecan_wsgi.hooks.translation [None req-6009c204-abea-4217-af8b-6a336f2bb8b4 a20e13443f2244eaba0f4de3187f45c0 2e767ee73080443ebcccbf7e88803f9d - - default default] DELETE failed (client error): The resource could not be found.
2026-05-30 03:09:29.870 9 INFO neutron.api.wsgi [None req-6009c204-abea-4217-af8b-6a336f2bb8b4 a20e13443f2244eaba0f4de3187f45c0 2e767ee73080443ebcccbf7e88803f9d - - default default] 10.0.0.50 "DELETE /v2.0/subnets/777a8bc0-f968-41ee-87b2-f4c5ed06f489 HTTP/1.1" status: 404 len: 337 time: 0.0146649
