2026-05-30 03:10:28.751 10 INFO neutron.db.ovn_revision_numbers_db [None req-f81fe25c-f9e2-4c12-ace7-14418b68500a 7e9b156c0f2d4de0a87b9e77e0492b7a 908d0271351a413c9e34c228e55d5930 - - default default] Successfully bumped revision number for resource f1c252c5-ed26-4eee-b268-1b40e521ade3 (type: networks) to 1
2026-05-30 03:10:29.030 9 INFO neutron.api.wsgi [None req-44b2ecf8-c202-41c1-a73a-96d1fcf4c45f 66edf7d17f2043d5aeeb15dda00510fd 4cb430f691264bb1a382f072d5ce3145 - - default default] 10.0.0.50 "POST /v2.0/security-groups HTTP/1.1" status: 201 len: 1877 time: 0.5658662
2026-05-30 03:10:29.043 9 WARNING neutron_lib.context [None req-ace35cfb-cd5c-40c6-977f-27083284cbaa 66edf7d17f2043d5aeeb15dda00510fd 4cb430f691264bb1a382f072d5ce3145 - - default default] Method 'is_advsvc' is deprecated since 2023.2 release (neutron-lib 3.8.0) and will be removed once support for the old RBAC API policies will be removed from Neutron. Please use method 'is_service_role' instead.
2026-05-30 03:10:29.185 9 INFO neutron.db.ovn_revision_numbers_db [None req-90cf8eff-65e3-4f4e-83b7-0993870e5487 - - - - - -] Successfully bumped revision number for resource 2147942f-8e74-4e2c-8544-443e0f036646 (type: ports) to 2
2026-05-30 03:10:29.239 9 INFO neutron.db.ovn_revision_numbers_db [None req-ace35cfb-cd5c-40c6-977f-27083284cbaa 66edf7d17f2043d5aeeb15dda00510fd 4cb430f691264bb1a382f072d5ce3145 - - default default] Successfully bumped revision number for resource 72b251a5-7488-498e-9aa0-6e80f22dcb51 (type: security_group_rules) to 0
2026-05-30 03:10:29.280 9 INFO neutron.api.wsgi [None req-ace35cfb-cd5c-40c6-977f-27083284cbaa 66edf7d17f2043d5aeeb15dda00510fd 4cb430f691264bb1a382f072d5ce3145 - - default default] 10.0.0.50 "POST /v2.0/security-group-rules HTTP/1.1" status: 201 len: 796 time: 0.2419753
2026-05-30 03:10:29.296 10 WARNING neutron_lib.context [None req-ac1decfb-0cf6-449b-9895-9ac4720567ad 66edf7d17f2043d5aeeb15dda00510fd 4cb430f691264bb1a382f072d5ce3145 - - default default] Method 'is_advsvc' is deprecated since 2023.2 release (neutron-lib 3.8.0) and will be removed once support for the old RBAC API policies will be removed from Neutron. Please use method 'is_service_role' instead.
2026-05-30 03:10:29.327 10 WARNING neutron.scheduler.dhcp_agent_scheduler [None req-f81fe25c-f9e2-4c12-ace7-14418b68500a 7e9b156c0f2d4de0a87b9e77e0492b7a 908d0271351a413c9e34c228e55d5930 - - default default] No more DHCP agents
2026-05-30 03:10:29.329 10 WARNING neutron.api.rpc.agentnotifiers.dhcp_rpc_agent_api [None req-f81fe25c-f9e2-4c12-ace7-14418b68500a 7e9b156c0f2d4de0a87b9e77e0492b7a 908d0271351a413c9e34c228e55d5930 - - default default] Unable to schedule network f1c252c5-ed26-4eee-b268-1b40e521ade3: no agents available; will retry on subsequent port and subnet creation events.
2026-05-30 03:10:29.401 10 INFO neutron.db.ovn_revision_numbers_db [None req-f81fe25c-f9e2-4c12-ace7-14418b68500a 7e9b156c0f2d4de0a87b9e77e0492b7a 908d0271351a413c9e34c228e55d5930 - - default default] Successfully bumped revision number for resource a6048786-9192-4642-ba41-52a1baffc97e (type: ports) to 1
2026-05-30 03:10:29.431 10 INFO neutron.api.wsgi [None req-f81fe25c-f9e2-4c12-ace7-14418b68500a 7e9b156c0f2d4de0a87b9e77e0492b7a 908d0271351a413c9e34c228e55d5930 - - default default] 10.0.0.50 "POST /v2.0/networks HTTP/1.1" status: 201 len: 830 time: 1.1961148
2026-05-30 03:10:29.440 10 WARNING neutron_lib.context [None req-f969273d-f21a-4209-924a-3b932525e44c 7e9b156c0f2d4de0a87b9e77e0492b7a 908d0271351a413c9e34c228e55d5930 - - default default] Method 'is_advsvc' is deprecated since 2023.2 release (neutron-lib 3.8.0) and will be removed once support for the old RBAC API policies will be removed from Neutron. Please use method 'is_service_role' instead.
2026-05-30 03:10:29.442 10 INFO neutron.db.ovn_revision_numbers_db [None req-ac1decfb-0cf6-449b-9895-9ac4720567ad 66edf7d17f2043d5aeeb15dda00510fd 4cb430f691264bb1a382f072d5ce3145 - - default default] Successfully bumped revision number for resource a9a07067-4530-4529-8059-cd2b9324f7fd (type: security_group_rules) to 0
2026-05-30 03:10:29.479 10 INFO neutron.api.wsgi [None req-ac1decfb-0cf6-449b-9895-9ac4720567ad 66edf7d17f2043d5aeeb15dda00510fd 4cb430f691264bb1a382f072d5ce3145 - - default default] 10.0.0.50 "POST /v2.0/security-group-rules HTTP/1.1" status: 201 len: 795 time: 0.1887376
2026-05-30 03:10:29.490 10 WARNING neutron_lib.context [None req-30165206-0dc9-4f14-af63-141b78695b5a 66edf7d17f2043d5aeeb15dda00510fd 4cb430f691264bb1a382f072d5ce3145 - - default default] Method 'is_advsvc' is deprecated since 2023.2 release (neutron-lib 3.8.0) and will be removed once support for the old RBAC API policies will be removed from Neutron. Please use method 'is_service_role' instead.
2026-05-30 03:10:29.669 10 INFO neutron.db.ovn_revision_numbers_db [None req-30165206-0dc9-4f14-af63-141b78695b5a 66edf7d17f2043d5aeeb15dda00510fd 4cb430f691264bb1a382f072d5ce3145 - - default default] Successfully bumped revision number for resource 34d2e494-6fb8-4f56-9919-928d0f106639 (type: security_group_rules) to 0
2026-05-30 03:10:29.719 10 INFO neutron.api.wsgi [None req-30165206-0dc9-4f14-af63-141b78695b5a 66edf7d17f2043d5aeeb15dda00510fd 4cb430f691264bb1a382f072d5ce3145 - - default default] 10.0.0.50 "POST /v2.0/security-group-rules HTTP/1.1" status: 201 len: 801 time: 0.2328596
2026-05-30 03:10:29.731 9 WARNING neutron_lib.context [None req-dc1a50ee-448d-4c42-a01f-e7432ba6548c 66edf7d17f2043d5aeeb15dda00510fd 4cb430f691264bb1a382f072d5ce3145 - - default default] Method 'is_advsvc' is deprecated since 2023.2 release (neutron-lib 3.8.0) and will be removed once support for the old RBAC API policies will be removed from Neutron. Please use method 'is_service_role' instead.
2026-05-30 03:10:29.733 10 WARNING neutron.scheduler.dhcp_agent_scheduler [None req-f969273d-f21a-4209-924a-3b932525e44c 7e9b156c0f2d4de0a87b9e77e0492b7a 908d0271351a413c9e34c228e55d5930 - - default default] No more DHCP agents
2026-05-30 03:10:29.735 10 WARNING neutron.api.rpc.agentnotifiers.dhcp_rpc_agent_api [None req-f969273d-f21a-4209-924a-3b932525e44c 7e9b156c0f2d4de0a87b9e77e0492b7a 908d0271351a413c9e34c228e55d5930 - - default default] Unable to schedule network f1c252c5-ed26-4eee-b268-1b40e521ade3: no agents available; will retry on subsequent port and subnet creation events.
2026-05-30 03:10:29.810 10 INFO neutron.db.ovn_revision_numbers_db [None req-f969273d-f21a-4209-924a-3b932525e44c 7e9b156c0f2d4de0a87b9e77e0492b7a 908d0271351a413c9e34c228e55d5930 - - default default] Successfully bumped revision number for resource cb9f244a-fbed-4b61-9fdc-0b788bb04a52 (type: ports) to 1
2026-05-30 03:10:29.839 10 INFO neutron.api.wsgi [None req-f969273d-f21a-4209-924a-3b932525e44c 7e9b156c0f2d4de0a87b9e77e0492b7a 908d0271351a413c9e34c228e55d5930 - - default default] 10.0.0.50 "POST /v2.0/ports HTTP/1.1" status: 201 len: 942 time: 0.4017923 /var/lib/openstack/lib/python3.12/site-packages/pycadf/identifier.py:71: UserWarning: Invalid uuid: neutron. To ensure interoperability, identifiers should be a valid uuid. warnings.warn(('Invalid uuid: %s. To ensure interoperability, '
2026-05-30 03:10:29.852 10 WARNING neutron_lib.context [None req-0c4eaef8-c640-4f35-9b76-fc041939c805 7e9b156c0f2d4de0a87b9e77e0492b7a 908d0271351a413c9e34c228e55d5930 - - default default] Method 'is_advsvc' is deprecated since 2023.2 release (neutron-lib 3.8.0) and will be removed once support for the old RBAC API policies will be removed from Neutron. Please use method 'is_service_role' instead.
2026-05-30 03:10:29.865 9 INFO neutron.db.ovn_revision_numbers_db [None req-dc1a50ee-448d-4c42-a01f-e7432ba6548c 66edf7d17f2043d5aeeb15dda00510fd 4cb430f691264bb1a382f072d5ce3145 - - default default] Successfully bumped revision number for resource 9e9e784e-cd05-4e8b-ab39-653efce9bf12 (type: security_group_rules) to 0
2026-05-30 03:10:29.918 9 INFO neutron.api.wsgi [None req-dc1a50ee-448d-4c42-a01f-e7432ba6548c 66edf7d17f2043d5aeeb15dda00510fd 4cb430f691264bb1a382f072d5ce3145 - - default default] 10.0.0.50 "POST /v2.0/security-group-rules HTTP/1.1" status: 201 len: 800 time: 0.1925521
2026-05-30 03:10:29.934 9 WARNING neutron_lib.context [None req-7eb51da2-a4b5-40be-af48-4783b8e75bac 66edf7d17f2043d5aeeb15dda00510fd 4cb430f691264bb1a382f072d5ce3145 - - default default] Method 'is_advsvc' is deprecated since 2023.2 release (neutron-lib 3.8.0) and will be removed once support for the old RBAC API policies will be removed from Neutron. Please use method 'is_service_role' instead.
2026-05-30 03:10:29.964 9 INFO neutron.db.securitygroups_db [None req-7eb51da2-a4b5-40be-af48-4783b8e75bac 66edf7d17f2043d5aeeb15dda00510fd 4cb430f691264bb1a382f072d5ce3145 - - default default] Project 4cb430f691264bb1a382f072d5ce3145 added a security group rule with legacy IPv6 ICMP protocol name icmp, ipv6-icmp should be used instead. It was automatically converted.
2026-05-30 03:10:30.063 10 INFO neutron.api.wsgi [None req-0c4eaef8-c640-4f35-9b76-fc041939c805 7e9b156c0f2d4de0a87b9e77e0492b7a 908d0271351a413c9e34c228e55d5930 - - default default] 10.0.0.50 "POST /v2.0/trunks HTTP/1.1" status: 201 len: 608 time: 0.2164052
2026-05-30 03:10:30.067 9 INFO neutron.db.ovn_revision_numbers_db [None req-7eb51da2-a4b5-40be-af48-4783b8e75bac 66edf7d17f2043d5aeeb15dda00510fd 4cb430f691264bb1a382f072d5ce3145 - - default default] Successfully bumped revision number for resource d4878a2e-6017-4e00-94de-317e15bdb2d6 (type: security_group_rules) to 0
2026-05-30 03:10:30.074 10 WARNING neutron_lib.context [None req-388a7ed3-9f64-4964-84cc-ec59ad3619ca 7e9b156c0f2d4de0a87b9e77e0492b7a 908d0271351a413c9e34c228e55d5930 - - default default] Method 'is_advsvc' is deprecated since 2023.2 release (neutron-lib 3.8.0) and will be removed once support for the old RBAC API policies will be removed from Neutron. Please use method 'is_service_role' instead.
2026-05-30 03:10:30.095 9 INFO neutron.api.wsgi [None req-7eb51da2-a4b5-40be-af48-4783b8e75bac 66edf7d17f2043d5aeeb15dda00510fd 4cb430f691264bb1a382f072d5ce3145 - - default default] 10.0.0.50 "POST /v2.0/security-group-rules HTTP/1.1" status: 201 len: 806 time: 0.1676159
2026-05-30 03:10:30.105 9 WARNING neutron_lib.context [None req-9b5550c4-c0cf-4207-a4f9-78cd8498c1ee 66edf7d17f2043d5aeeb15dda00510fd 4cb430f691264bb1a382f072d5ce3145 - - default default] Method 'is_advsvc' is deprecated since 2023.2 release (neutron-lib 3.8.0) and will be removed once support for the old RBAC API policies will be removed from Neutron. Please use method 'is_service_role' instead.
2026-05-30 03:10:30.133 9 INFO neutron.db.securitygroups_db [None req-9b5550c4-c0cf-4207-a4f9-78cd8498c1ee 66edf7d17f2043d5aeeb15dda00510fd 4cb430f691264bb1a382f072d5ce3145 - - default default] Project 4cb430f691264bb1a382f072d5ce3145 added a security group rule with legacy IPv6 ICMP protocol name icmp, ipv6-icmp should be used instead. It was automatically converted.
2026-05-30 03:10:30.167 10 INFO neutron.db.segments_db [None req-388a7ed3-9f64-4964-84cc-ec59ad3619ca 7e9b156c0f2d4de0a87b9e77e0492b7a 908d0271351a413c9e34c228e55d5930 - - default default] Added segment e67434cd-cf62-4e29-8d19-4e77c3c8a588 of type geneve for network 1726622a-ca4c-49c7-9177-7a0ba7c1ee75
2026-05-30 03:10:30.213 9 INFO neutron.api.wsgi [-] 10.0.0.122 "GET / HTTP/1.1" status: 200 len: 247 time: 0.0015213
2026-05-30 03:10:30.215 9 INFO neutron.api.wsgi [-] 10.0.0.122 "GET / HTTP/1.1" status: 200 len: 247 time: 0.0009067
2026-05-30 03:10:30.232 9 INFO neutron.db.ovn_revision_numbers_db [None req-9b5550c4-c0cf-4207-a4f9-78cd8498c1ee 66edf7d17f2043d5aeeb15dda00510fd 4cb430f691264bb1a382f072d5ce3145 - - default default] Successfully bumped revision number for resource baab56ad-a8f0-4c1f-b55b-e9305d54a8a7 (type: security_group_rules) to 0
2026-05-30 03:10:30.263 9 INFO neutron.api.wsgi [None req-9b5550c4-c0cf-4207-a4f9-78cd8498c1ee 66edf7d17f2043d5aeeb15dda00510fd 4cb430f691264bb1a382f072d5ce3145 - - default default] 10.0.0.50 "POST /v2.0/security-group-rules HTTP/1.1" status: 201 len: 805 time: 0.1615992
2026-05-30 03:10:30.293 10 INFO neutron.db.ovn_revision_numbers_db [None req-388a7ed3-9f64-4964-84cc-ec59ad3619ca 7e9b156c0f2d4de0a87b9e77e0492b7a 908d0271351a413c9e34c228e55d5930 - - default default] Successfully bumped revision number for resource 1726622a-ca4c-49c7-9177-7a0ba7c1ee75 (type: networks) to 1
2026-05-30 03:10:30.493 10 WARNING neutron.scheduler.dhcp_agent_scheduler [None req-388a7ed3-9f64-4964-84cc-ec59ad3619ca 7e9b156c0f2d4de0a87b9e77e0492b7a 908d0271351a413c9e34c228e55d5930 - - default default] No more DHCP agents
2026-05-30 03:10:30.495 10 WARNING neutron.api.rpc.agentnotifiers.dhcp_rpc_agent_api [None req-388a7ed3-9f64-4964-84cc-ec59ad3619ca 7e9b156c0f2d4de0a87b9e77e0492b7a 908d0271351a413c9e34c228e55d5930 - - default default] Unable to schedule network 1726622a-ca4c-49c7-9177-7a0ba7c1ee75: no agents available; will retry on subsequent port and subnet creation events.
2026-05-30 03:10:30.563 10 INFO neutron.db.ovn_revision_numbers_db [None req-388a7ed3-9f64-4964-84cc-ec59ad3619ca 7e9b156c0f2d4de0a87b9e77e0492b7a 908d0271351a413c9e34c228e55d5930 - - default default] Successfully bumped revision number for resource 46f4a747-b41c-449c-b2a7-a45415bfe8d4 (type: ports) to 1
2026-05-30 03:10:30.587 10 INFO neutron.api.wsgi [None req-388a7ed3-9f64-4964-84cc-ec59ad3619ca 7e9b156c0f2d4de0a87b9e77e0492b7a 908d0271351a413c9e34c228e55d5930 - - default default] 10.0.0.50 "POST /v2.0/networks HTTP/1.1" status: 201 len: 831 time: 0.5168982
2026-05-30 03:10:30.600 9 WARNING neutron_lib.context [None req-6d8a27c4-636b-4b0a-afe0-cdad342689a8 7e9b156c0f2d4de0a87b9e77e0492b7a 908d0271351a413c9e34c228e55d5930 - - default default] Method 'is_advsvc' is deprecated since 2023.2 release (neutron-lib 3.8.0) and will be removed once support for the old RBAC API policies will be removed from Neutron. Please use method 'is_service_role' instead.
2026-05-30 03:10:30.636 10 WARNING neutron_lib.context [None req-fa3cdd02-caf7-4948-8f95-3945aa72fdbf 66edf7d17f2043d5aeeb15dda00510fd 4cb430f691264bb1a382f072d5ce3145 - - default default] Method 'is_advsvc' is deprecated since 2023.2 release (neutron-lib 3.8.0) and will be removed once support for the old RBAC API policies will be removed from Neutron. Please use method 'is_service_role' instead.
2026-05-30 03:10:30.751 10 INFO neutron.db.ovn_revision_numbers_db [None req-fa3cdd02-caf7-4948-8f95-3945aa72fdbf 66edf7d17f2043d5aeeb15dda00510fd 4cb430f691264bb1a382f072d5ce3145 - - default default] Successfully bumped revision number for resource c23f4420-ebae-4179-b600-24d8ad92826d (type: security_groups) to 1
2026-05-30 03:10:30.765 10 INFO neutron.db.ovn_revision_numbers_db [None req-fa3cdd02-caf7-4948-8f95-3945aa72fdbf 66edf7d17f2043d5aeeb15dda00510fd 4cb430f691264bb1a382f072d5ce3145 - - default default] Successfully bumped revision number for resource 47291ccd-6acf-4946-9074-64cac09a5393 (type: security_group_rules) to 0
2026-05-30 03:10:30.777 10 INFO neutron.db.ovn_revision_numbers_db [None req-fa3cdd02-caf7-4948-8f95-3945aa72fdbf 66edf7d17f2043d5aeeb15dda00510fd 4cb430f691264bb1a382f072d5ce3145 - - default default] Successfully bumped revision number for resource e302fe93-5721-4430-b978-7f8098c92a1a (type: security_group_rules) to 0
2026-05-30 03:10:30.811 10 INFO neutron.api.wsgi [None req-fa3cdd02-caf7-4948-8f95-3945aa72fdbf 66edf7d17f2043d5aeeb15dda00510fd 4cb430f691264bb1a382f072d5ce3145 - - default default] 10.0.0.50 "POST /v2.0/security-groups HTTP/1.1" status: 201 len: 1861 time: 0.1815295 /var/lib/openstack/lib/python3.12/site-packages/pycadf/identifier.py:71: UserWarning: Invalid uuid: neutron. To ensure interoperability, identifiers should be a valid uuid. warnings.warn(('Invalid uuid: %s. To ensure interoperability, '
2026-05-30 03:10:30.823 9 WARNING neutron_lib.context [None req-e3f3311f-3e40-44d4-928d-9cc28077c16a 66edf7d17f2043d5aeeb15dda00510fd 4cb430f691264bb1a382f072d5ce3145 - - default default] Method 'is_advsvc' is deprecated since 2023.2 release (neutron-lib 3.8.0) and will be removed once support for the old RBAC API policies will be removed from Neutron. Please use method 'is_service_role' instead.
2026-05-30 03:10:30.856 9 WARNING neutron.scheduler.dhcp_agent_scheduler [None req-6d8a27c4-636b-4b0a-afe0-cdad342689a8 7e9b156c0f2d4de0a87b9e77e0492b7a 908d0271351a413c9e34c228e55d5930 - - default default] No more DHCP agents
2026-05-30 03:10:30.858 9 WARNING neutron.api.rpc.agentnotifiers.dhcp_rpc_agent_api [None req-6d8a27c4-636b-4b0a-afe0-cdad342689a8 7e9b156c0f2d4de0a87b9e77e0492b7a 908d0271351a413c9e34c228e55d5930 - - default default] Unable to schedule network 1726622a-ca4c-49c7-9177-7a0ba7c1ee75: no agents available; will retry on subsequent port and subnet creation events.
2026-05-30 03:10:30.930 9 INFO neutron.db.ovn_revision_numbers_db [None req-6d8a27c4-636b-4b0a-afe0-cdad342689a8 7e9b156c0f2d4de0a87b9e77e0492b7a 908d0271351a413c9e34c228e55d5930 - - default default] Successfully bumped revision number for resource 9254fcee-2bb9-48e0-83ea-362689dbd4e4 (type: ports) to 1
2026-05-30 03:10:30.969 9 INFO neutron.api.wsgi [None req-6d8a27c4-636b-4b0a-afe0-cdad342689a8 7e9b156c0f2d4de0a87b9e77e0492b7a 908d0271351a413c9e34c228e55d5930 - - default default] 10.0.0.50 "POST /v2.0/ports HTTP/1.1" status: 201 len: 942 time: 0.3748353 /var/lib/openstack/lib/python3.12/site-packages/pycadf/identifier.py:71: UserWarning: Invalid uuid: neutron. To ensure interoperability, identifiers should be a valid uuid. warnings.warn(('Invalid uuid: %s. To ensure interoperability, '
2026-05-30 03:10:30.982 9 WARNING neutron_lib.context [None req-abee0dd9-ec93-4378-9756-781e63855d69 7e9b156c0f2d4de0a87b9e77e0492b7a 908d0271351a413c9e34c228e55d5930 - - default default] Method 'is_advsvc' is deprecated since 2023.2 release (neutron-lib 3.8.0) and will be removed once support for the old RBAC API policies will be removed from Neutron. Please use method 'is_service_role' instead.
2026-05-30 03:10:30.986 9 INFO neutron.db.ovn_revision_numbers_db [None req-e3f3311f-3e40-44d4-928d-9cc28077c16a 66edf7d17f2043d5aeeb15dda00510fd 4cb430f691264bb1a382f072d5ce3145 - - default default] Successfully bumped revision number for resource 7a0aae06-be32-446d-b593-7c36cdcf80e9 (type: security_group_rules) to 0
2026-05-30 03:10:31.054 9 INFO neutron.api.wsgi [None req-e3f3311f-3e40-44d4-928d-9cc28077c16a 66edf7d17f2043d5aeeb15dda00510fd 4cb430f691264bb1a382f072d5ce3145 - - default default] 10.0.0.50 "POST /v2.0/security-group-rules HTTP/1.1" status: 201 len: 796 time: 0.2364438
2026-05-30 03:10:31.063 10 WARNING neutron_lib.context [None req-b8515af5-a3e3-4cb9-86cf-8307b8e79387 66edf7d17f2043d5aeeb15dda00510fd 4cb430f691264bb1a382f072d5ce3145 - - default default] Method 'is_advsvc' is deprecated since 2023.2 release (neutron-lib 3.8.0) and will be removed once support for the old RBAC API policies will be removed from Neutron. Please use method 'is_service_role' instead.
2026-05-30 03:10:31.222 10 INFO neutron.db.ovn_revision_numbers_db [None req-b8515af5-a3e3-4cb9-86cf-8307b8e79387 66edf7d17f2043d5aeeb15dda00510fd 4cb430f691264bb1a382f072d5ce3145 - - default default] Successfully bumped revision number for resource dcb43750-2f32-45b9-9a6d-f8ddcc50e99e (type: security_group_rules) to 0
2026-05-30 03:10:31.254 10 INFO neutron.api.wsgi [None req-b8515af5-a3e3-4cb9-86cf-8307b8e79387 66edf7d17f2043d5aeeb15dda00510fd 4cb430f691264bb1a382f072d5ce3145 - - default default] 10.0.0.50 "POST /v2.0/security-group-rules HTTP/1.1" status: 201 len: 801 time: 0.1947482
2026-05-30 03:10:31.267 9 WARNING neutron_lib.context [None req-676c1900-9c26-4f58-b014-eda4920ec858 66edf7d17f2043d5aeeb15dda00510fd 4cb430f691264bb1a382f072d5ce3145 - - default default] Method 'is_advsvc' is deprecated since 2023.2 release (neutron-lib 3.8.0) and will be removed once support for the old RBAC API policies will be removed from Neutron. Please use method 'is_service_role' instead.
2026-05-30 03:10:31.301 9 INFO neutron.api.wsgi [None req-abee0dd9-ec93-4378-9756-781e63855d69 7e9b156c0f2d4de0a87b9e77e0492b7a 908d0271351a413c9e34c228e55d5930 - - default default] 10.0.0.50 "POST /v2.0/trunks HTTP/1.1" status: 201 len: 608 time: 0.3235605
2026-05-30 03:10:31.314 10 WARNING neutron_lib.context [None req-20056853-5723-42f7-9264-87d9e0635e8b 7e9b156c0f2d4de0a87b9e77e0492b7a 908d0271351a413c9e34c228e55d5930 - - default default] Method 'is_advsvc' is deprecated since 2023.2 release (neutron-lib 3.8.0) and will be removed once support for the old RBAC API policies will be removed from Neutron. Please use method 'is_service_role' instead.
2026-05-30 03:10:31.402 10 INFO neutron.db.segments_db [None req-20056853-5723-42f7-9264-87d9e0635e8b 7e9b156c0f2d4de0a87b9e77e0492b7a 908d0271351a413c9e34c228e55d5930 - - default default] Added segment ecf3803f-d905-48e6-9099-640d887af41d of type geneve for network 26a5efcd-d9d2-4a4f-956f-84fcc68209be
2026-05-30 03:10:31.514 9 WARNING neutron.scheduler.dhcp_agent_scheduler [None req-676c1900-9c26-4f58-b014-eda4920ec858 66edf7d17f2043d5aeeb15dda00510fd 4cb430f691264bb1a382f072d5ce3145 - - default default] No more DHCP agents
2026-05-30 03:10:31.515 9 WARNING neutron.api.rpc.agentnotifiers.dhcp_rpc_agent_api [None req-676c1900-9c26-4f58-b014-eda4920ec858 66edf7d17f2043d5aeeb15dda00510fd 4cb430f691264bb1a382f072d5ce3145 - - default default] Unable to schedule network c95f1c1d-e5a6-4c19-9afd-aff0bb985712: no agents available; will retry on subsequent port and subnet creation events.
2026-05-30 03:10:31.520 10 INFO neutron.db.ovn_revision_numbers_db [None req-20056853-5723-42f7-9264-87d9e0635e8b 7e9b156c0f2d4de0a87b9e77e0492b7a 908d0271351a413c9e34c228e55d5930 - - default default] Successfully bumped revision number for resource 26a5efcd-d9d2-4a4f-956f-84fcc68209be (type: networks) to 1
2026-05-30 03:10:31.693 10 WARNING neutron.scheduler.dhcp_agent_scheduler [None req-20056853-5723-42f7-9264-87d9e0635e8b 7e9b156c0f2d4de0a87b9e77e0492b7a 908d0271351a413c9e34c228e55d5930 - - default default] No more DHCP agents
2026-05-30 03:10:31.695 10 WARNING neutron.api.rpc.agentnotifiers.dhcp_rpc_agent_api [None req-20056853-5723-42f7-9264-87d9e0635e8b 7e9b156c0f2d4de0a87b9e77e0492b7a 908d0271351a413c9e34c228e55d5930 - - default default] Unable to schedule network 26a5efcd-d9d2-4a4f-956f-84fcc68209be: no agents available; will retry on subsequent port and subnet creation events.
2026-05-30 03:10:31.771 10 INFO neutron.db.ovn_revision_numbers_db [None req-20056853-5723-42f7-9264-87d9e0635e8b 7e9b156c0f2d4de0a87b9e77e0492b7a 908d0271351a413c9e34c228e55d5930 - - default default] Successfully bumped revision number for resource c0c17b9c-2a94-4185-8bb8-b6daa79b31e4 (type: ports) to 1
2026-05-30 03:10:31.794 10 INFO neutron.api.wsgi [None req-20056853-5723-42f7-9264-87d9e0635e8b 7e9b156c0f2d4de0a87b9e77e0492b7a 908d0271351a413c9e34c228e55d5930 - - default default] 10.0.0.50 "POST /v2.0/networks HTTP/1.1" status: 201 len: 831 time: 0.4848979
2026-05-30 03:10:31.804 10 WARNING neutron_lib.context [None req-efb8e4f6-2f58-4920-8178-0a6752f94f41 7e9b156c0f2d4de0a87b9e77e0492b7a 908d0271351a413c9e34c228e55d5930 - - default default] Method 'is_advsvc' is deprecated since 2023.2 release (neutron-lib 3.8.0) and will be removed once support for the old RBAC API policies will be removed from Neutron. Please use method 'is_service_role' instead.
2026-05-30 03:10:31.819 9 INFO neutron.api.wsgi [None req-676c1900-9c26-4f58-b014-eda4920ec858 66edf7d17f2043d5aeeb15dda00510fd 4cb430f691264bb1a382f072d5ce3145 - - default default] 10.0.0.50 "POST /v2.0/floatingips HTTP/1.1" status: 201 len: 751 time: 0.5579433
2026-05-30 03:10:31.936 9 INFO neutron.api.wsgi [req-3a949f72-0665-4fab-b12b-48362a371b0f req-1cdcd9a8-dcc7-4f1a-8b9f-4bca61aef79a 66edf7d17f2043d5aeeb15dda00510fd 4cb430f691264bb1a382f072d5ce3145 - - default default] 10.0.0.26 "GET /v2.0/security-groups?name=tempest-securitygroup--24752276&fields=id&tenant_id=4cb430f691264bb1a382f072d5ce3145 HTTP/1.1" status: 200 len: 267 time: 0.0361056
2026-05-30 03:10:31.982 9 INFO neutron.api.wsgi [req-3a949f72-0665-4fab-b12b-48362a371b0f req-08965b4e-62ea-46fb-8776-852d633b43f0 66edf7d17f2043d5aeeb15dda00510fd 4cb430f691264bb1a382f072d5ce3145 - - default default] 10.0.0.26 "GET /v2.0/security-groups?name=tempest-secgroup-smoke-1696609331&fields=id&tenant_id=4cb430f691264bb1a382f072d5ce3145 HTTP/1.1" status: 200 len: 267 time: 0.0380809
2026-05-30 03:10:32.032 9 INFO neutron.api.wsgi [req-3a949f72-0665-4fab-b12b-48362a371b0f req-78b7f779-376a-4ade-985c-f79531971303 66edf7d17f2043d5aeeb15dda00510fd 4cb430f691264bb1a382f072d5ce3145 - - default default] 10.0.0.26 "GET /v2.0/networks?id=476f391c-8627-4e88-8ebc-a0068177e3c4 HTTP/1.1" status: 200 len: 872 time: 0.0422525
2026-05-30 03:10:32.050 9 INFO neutron.api.wsgi [req-3a949f72-0665-4fab-b12b-48362a371b0f req-16b196cd-c5b7-440c-8c87-e79a9d5eea83 66edf7d17f2043d5aeeb15dda00510fd 4cb430f691264bb1a382f072d5ce3145 - - default default] 10.0.0.26 "GET /v2.0/quotas/4cb430f691264bb1a382f072d5ce3145 HTTP/1.1" status: 200 len: 491 time: 0.0109503
2026-05-30 03:10:32.054 10 WARNING neutron.scheduler.dhcp_agent_scheduler [None req-efb8e4f6-2f58-4920-8178-0a6752f94f41 7e9b156c0f2d4de0a87b9e77e0492b7a 908d0271351a413c9e34c228e55d5930 - - default default] No more DHCP agents
2026-05-30 03:10:32.055 10 WARNING neutron.api.rpc.agentnotifiers.dhcp_rpc_agent_api [None req-efb8e4f6-2f58-4920-8178-0a6752f94f41 7e9b156c0f2d4de0a87b9e77e0492b7a 908d0271351a413c9e34c228e55d5930 - - default default] Unable to schedule network 26a5efcd-d9d2-4a4f-956f-84fcc68209be: no agents available; will retry on subsequent port and subnet creation events.
2026-05-30 03:10:32.119 10 INFO neutron.db.ovn_revision_numbers_db [None req-efb8e4f6-2f58-4920-8178-0a6752f94f41 7e9b156c0f2d4de0a87b9e77e0492b7a 908d0271351a413c9e34c228e55d5930 - - default default] Successfully bumped revision number for resource a78c135f-bff0-4a11-84f8-1347fac8a692 (type: ports) to 1
2026-05-30 03:10:32.123 9 INFO neutron.api.wsgi [req-3a949f72-0665-4fab-b12b-48362a371b0f req-b7bf9966-fa4b-4839-a559-ac27000f705e 66edf7d17f2043d5aeeb15dda00510fd 4cb430f691264bb1a382f072d5ce3145 - - default default] 10.0.0.26 "GET /v2.0/ports?tenant_id=4cb430f691264bb1a382f072d5ce3145&fields=id HTTP/1.1" status: 200 len: 302 time: 0.0671837
2026-05-30 03:10:32.141 10 INFO neutron.api.wsgi [None req-efb8e4f6-2f58-4920-8178-0a6752f94f41 7e9b156c0f2d4de0a87b9e77e0492b7a 908d0271351a413c9e34c228e55d5930 - - default default] 10.0.0.50 "POST /v2.0/ports HTTP/1.1" status: 201 len: 942 time: 0.3416247 /var/lib/openstack/lib/python3.12/site-packages/pycadf/identifier.py:71: UserWarning: Invalid uuid: neutron. To ensure interoperability, identifiers should be a valid uuid. warnings.warn(('Invalid uuid: %s. To ensure interoperability, '
2026-05-30 03:10:32.152 10 WARNING neutron_lib.context [None req-b8f45f57-2b2d-4cee-a02d-e8fde5c9c801 7e9b156c0f2d4de0a87b9e77e0492b7a 908d0271351a413c9e34c228e55d5930 - - default default] Method 'is_advsvc' is deprecated since 2023.2 release (neutron-lib 3.8.0) and will be removed once support for the old RBAC API policies will be removed from Neutron. Please use method 'is_service_role' instead.
2026-05-30 03:10:32.177 9 INFO neutron.api.wsgi [req-3a949f72-0665-4fab-b12b-48362a371b0f req-88264cc5-c30c-4db2-84b3-79e8267dccfb de22f10b7bce4dfdb31f2e95203cc9dc d696a7b8475b47d98a1dd2dcf2879aab - - 540244188f344bb38ea18e82208c5849 540244188f344bb38ea18e82208c5849] 10.0.0.26 "GET /v2.0/networks/476f391c-8627-4e88-8ebc-a0068177e3c4?fields=segments HTTP/1.1" status: 200 len: 212 time: 0.0368612
2026-05-30 03:10:32.226 9 INFO neutron.api.wsgi [req-3a949f72-0665-4fab-b12b-48362a371b0f req-a0ac18f6-32cc-4eb7-8b54-1e8beed77edc de22f10b7bce4dfdb31f2e95203cc9dc d696a7b8475b47d98a1dd2dcf2879aab - - 540244188f344bb38ea18e82208c5849 540244188f344bb38ea18e82208c5849] 10.0.0.26 "GET /v2.0/networks/476f391c-8627-4e88-8ebc-a0068177e3c4?fields=provider%3Aphysical_network&fields=provider%3Anetwork_type HTTP/1.1" status: 200 len: 277 time: 0.0408778
2026-05-30 03:10:32.314 10 INFO neutron.api.wsgi [None req-b8f45f57-2b2d-4cee-a02d-e8fde5c9c801 7e9b156c0f2d4de0a87b9e77e0492b7a 908d0271351a413c9e34c228e55d5930 - - default default] 10.0.0.50 "POST /v2.0/trunks HTTP/1.1" status: 201 len: 608 time: 0.1670563
2026-05-30 03:10:32.324 10 WARNING neutron_lib.context [None req-262fdab7-dea0-4b4b-9018-57001b3952aa 7e9b156c0f2d4de0a87b9e77e0492b7a 908d0271351a413c9e34c228e55d5930 - - default default] Method 'is_advsvc' is deprecated since 2023.2 release (neutron-lib 3.8.0) and will be removed once support for the old RBAC API policies will be removed from Neutron. Please use method 'is_service_role' instead.
2026-05-30 03:10:32.388 10 INFO neutron.api.wsgi [req-9e84e2cb-2fcf-49e2-a05b-02d3600465fa req-fd81e031-027d-4219-a35a-5f1f9b9d45e5 66edf7d17f2043d5aeeb15dda00510fd 4cb430f691264bb1a382f072d5ce3145 - - default default] 10.0.0.26 "GET /v2.0/ports?device_id=4bbae9b0-2fd8-45bc-93b1-2a7b8fcfe89f HTTP/1.1" status: 200 len: 210 time: 0.0292542
2026-05-30 03:10:32.444 10 INFO neutron.db.segments_db [None req-262fdab7-dea0-4b4b-9018-57001b3952aa 7e9b156c0f2d4de0a87b9e77e0492b7a 908d0271351a413c9e34c228e55d5930 - - default default] Added segment 1926b491-fb45-4255-92e8-bfd487ab965b of type geneve for network 4962fa9e-c81f-4ee0-9df5-ee62bd0dbfc8
2026-05-30 03:10:32.557 10 INFO neutron.db.ovn_revision_numbers_db [None req-262fdab7-dea0-4b4b-9018-57001b3952aa 7e9b156c0f2d4de0a87b9e77e0492b7a 908d0271351a413c9e34c228e55d5930 - - default default] Successfully bumped revision number for resource 4962fa9e-c81f-4ee0-9df5-ee62bd0dbfc8 (type: networks) to 1
2026-05-30 03:10:32.730 10 WARNING neutron.scheduler.dhcp_agent_scheduler [None req-262fdab7-dea0-4b4b-9018-57001b3952aa 7e9b156c0f2d4de0a87b9e77e0492b7a 908d0271351a413c9e34c228e55d5930 - - default default] No more DHCP agents
2026-05-30 03:10:32.732 10 WARNING neutron.api.rpc.agentnotifiers.dhcp_rpc_agent_api [None req-262fdab7-dea0-4b4b-9018-57001b3952aa 7e9b156c0f2d4de0a87b9e77e0492b7a 908d0271351a413c9e34c228e55d5930 - - default default] Unable to schedule network 4962fa9e-c81f-4ee0-9df5-ee62bd0dbfc8: no agents available; will retry on subsequent port and subnet creation events.
2026-05-30 03:10:32.808 10 INFO neutron.db.ovn_revision_numbers_db [None req-262fdab7-dea0-4b4b-9018-57001b3952aa 7e9b156c0f2d4de0a87b9e77e0492b7a 908d0271351a413c9e34c228e55d5930 - - default default] Successfully bumped revision number for resource 490e57ba-90c7-435a-abf9-c90835aff866 (type: ports) to 1
2026-05-30 03:10:32.829 10 INFO neutron.api.wsgi [None req-262fdab7-dea0-4b4b-9018-57001b3952aa 7e9b156c0f2d4de0a87b9e77e0492b7a 908d0271351a413c9e34c228e55d5930 - - default default] 10.0.0.50 "POST /v2.0/networks HTTP/1.1" status: 201 len: 830 time: 0.5090911
2026-05-30 03:10:32.841 10 WARNING neutron_lib.context [None req-904ef459-693a-4297-bd6c-396e079a52dd 7e9b156c0f2d4de0a87b9e77e0492b7a 908d0271351a413c9e34c228e55d5930 - - default default] Method 'is_advsvc' is deprecated since 2023.2 release (neutron-lib 3.8.0) and will be removed once support for the old RBAC API policies will be removed from Neutron. Please use method 'is_service_role' instead.
2026-05-30 03:10:33.049 10 WARNING neutron.scheduler.dhcp_agent_scheduler [None req-904ef459-693a-4297-bd6c-396e079a52dd 7e9b156c0f2d4de0a87b9e77e0492b7a 908d0271351a413c9e34c228e55d5930 - - default default] No more DHCP agents
2026-05-30 03:10:33.050 10 WARNING neutron.api.rpc.agentnotifiers.dhcp_rpc_agent_api [None req-904ef459-693a-4297-bd6c-396e079a52dd 7e9b156c0f2d4de0a87b9e77e0492b7a 908d0271351a413c9e34c228e55d5930 - - default default] Unable to schedule network 4962fa9e-c81f-4ee0-9df5-ee62bd0dbfc8: no agents available; will retry on subsequent port and subnet creation events.
2026-05-30 03:10:33.117 10 INFO neutron.db.ovn_revision_numbers_db [None req-904ef459-693a-4297-bd6c-396e079a52dd 7e9b156c0f2d4de0a87b9e77e0492b7a 908d0271351a413c9e34c228e55d5930 - - default default] Successfully bumped revision number for resource 2b03e993-b27c-45f9-b91b-7140d240746a (type: ports) to 1
2026-05-30 03:10:33.138 10 INFO neutron.api.wsgi [None req-904ef459-693a-4297-bd6c-396e079a52dd 7e9b156c0f2d4de0a87b9e77e0492b7a 908d0271351a413c9e34c228e55d5930 - - default default] 10.0.0.50 "POST /v2.0/ports HTTP/1.1" status: 201 len: 942 time: 0.3026149 /var/lib/openstack/lib/python3.12/site-packages/pycadf/identifier.py:71: UserWarning: Invalid uuid: neutron. To ensure interoperability, identifiers should be a valid uuid. warnings.warn(('Invalid uuid: %s. To ensure interoperability, '
2026-05-30 03:10:33.150 10 WARNING neutron_lib.context [None req-f127201e-cbdb-451c-a5fb-d0cfc9d961fb 7e9b156c0f2d4de0a87b9e77e0492b7a 908d0271351a413c9e34c228e55d5930 - - default default] Method 'is_advsvc' is deprecated since 2023.2 release (neutron-lib 3.8.0) and will be removed once support for the old RBAC API policies will be removed from Neutron. Please use method 'is_service_role' instead.
2026-05-30 03:10:33.318 10 INFO neutron.api.wsgi [None req-f127201e-cbdb-451c-a5fb-d0cfc9d961fb 7e9b156c0f2d4de0a87b9e77e0492b7a 908d0271351a413c9e34c228e55d5930 - - default default] 10.0.0.50 "POST /v2.0/trunks HTTP/1.1" status: 201 len: 608 time: 0.1730902
2026-05-30 03:10:33.327 10 WARNING neutron_lib.context [None req-15024cfd-2146-457d-8ddd-19086e52a4b1 7e9b156c0f2d4de0a87b9e77e0492b7a 908d0271351a413c9e34c228e55d5930 - - default default] Method 'is_advsvc' is deprecated since 2023.2 release (neutron-lib 3.8.0) and will be removed once support for the old RBAC API policies will be removed from Neutron. Please use method 'is_service_role' instead.
2026-05-30 03:10:33.414 10 INFO neutron.db.segments_db [None req-15024cfd-2146-457d-8ddd-19086e52a4b1 7e9b156c0f2d4de0a87b9e77e0492b7a 908d0271351a413c9e34c228e55d5930 - - default default] Added segment 1821ff47-13d0-4a5d-99a2-37a37c07a0cb of type geneve for network 01a87c5f-d189-41f0-a1fe-4217ed8f997a
2026-05-30 03:10:33.480 9 INFO neutron.api.wsgi [req-18417544-0ae2-42cc-8e63-af32adff17d4 req-ffcdb062-2429-4c48-be5f-92277744c4e3 66edf7d17f2043d5aeeb15dda00510fd 4cb430f691264bb1a382f072d5ce3145 - - default default] 10.0.0.26 "GET /v2.0/ports?device_id=4bbae9b0-2fd8-45bc-93b1-2a7b8fcfe89f HTTP/1.1" status: 200 len: 210 time: 0.0205402
2026-05-30 03:10:33.528 10 INFO neutron.db.ovn_revision_numbers_db [None req-15024cfd-2146-457d-8ddd-19086e52a4b1 7e9b156c0f2d4de0a87b9e77e0492b7a 908d0271351a413c9e34c228e55d5930 - - default default] Successfully bumped revision number for resource 01a87c5f-d189-41f0-a1fe-4217ed8f997a (type: networks) to 1
2026-05-30 03:10:33.690 10 WARNING neutron.scheduler.dhcp_agent_scheduler [None req-15024cfd-2146-457d-8ddd-19086e52a4b1 7e9b156c0f2d4de0a87b9e77e0492b7a 908d0271351a413c9e34c228e55d5930 - - default default] No more DHCP agents
2026-05-30 03:10:33.691 10 WARNING neutron.api.rpc.agentnotifiers.dhcp_rpc_agent_api [None req-15024cfd-2146-457d-8ddd-19086e52a4b1 7e9b156c0f2d4de0a87b9e77e0492b7a 908d0271351a413c9e34c228e55d5930 - - default default] Unable to schedule network 01a87c5f-d189-41f0-a1fe-4217ed8f997a: no agents available; will retry on subsequent port and subnet creation events.
2026-05-30 03:10:33.748 10 INFO neutron.db.ovn_revision_numbers_db [None req-15024cfd-2146-457d-8ddd-19086e52a4b1 7e9b156c0f2d4de0a87b9e77e0492b7a 908d0271351a413c9e34c228e55d5930 - - default default] Successfully bumped revision number for resource 94982110-069e-4ff0-a6e5-d394e0d3752e (type: ports) to 1
2026-05-30 03:10:33.768 10 INFO neutron.api.wsgi [None req-15024cfd-2146-457d-8ddd-19086e52a4b1 7e9b156c0f2d4de0a87b9e77e0492b7a 908d0271351a413c9e34c228e55d5930 - - default default] 10.0.0.50 "POST /v2.0/networks HTTP/1.1" status: 201 len: 830 time: 0.4450154
2026-05-30 03:10:33.778 10 WARNING neutron_lib.context [None req-6eba000a-c484-49a0-a43a-96d968798373 7e9b156c0f2d4de0a87b9e77e0492b7a 908d0271351a413c9e34c228e55d5930 - - default default] Method 'is_advsvc' is deprecated since 2023.2 release (neutron-lib 3.8.0) and will be removed once support for the old RBAC API policies will be removed from Neutron. Please use method 'is_service_role' instead.
2026-05-30 03:10:34.036 10 WARNING neutron.scheduler.dhcp_agent_scheduler [None req-6eba000a-c484-49a0-a43a-96d968798373 7e9b156c0f2d4de0a87b9e77e0492b7a 908d0271351a413c9e34c228e55d5930 - - default default] No more DHCP agents
2026-05-30 03:10:34.040 10 WARNING neutron.api.rpc.agentnotifiers.dhcp_rpc_agent_api [None req-6eba000a-c484-49a0-a43a-96d968798373 7e9b156c0f2d4de0a87b9e77e0492b7a 908d0271351a413c9e34c228e55d5930 - - default default] Unable to schedule network 01a87c5f-d189-41f0-a1fe-4217ed8f997a: no agents available; will retry on subsequent port and subnet creation events.
2026-05-30 03:10:34.107 10 INFO neutron.db.ovn_revision_numbers_db [None req-6eba000a-c484-49a0-a43a-96d968798373 7e9b156c0f2d4de0a87b9e77e0492b7a 908d0271351a413c9e34c228e55d5930 - - default default] Successfully bumped revision number for resource b55a48d9-05bb-473b-af08-4bc0b9b7a8a6 (type: ports) to 1
2026-05-30 03:10:34.127 10 INFO neutron.api.wsgi [None req-6eba000a-c484-49a0-a43a-96d968798373 7e9b156c0f2d4de0a87b9e77e0492b7a 908d0271351a413c9e34c228e55d5930 - - default default] 10.0.0.50 "POST /v2.0/ports HTTP/1.1" status: 201 len: 942 time: 0.3535993 /var/lib/openstack/lib/python3.12/site-packages/pycadf/identifier.py:71: UserWarning: Invalid uuid: neutron. To ensure interoperability, identifiers should be a valid uuid. warnings.warn(('Invalid uuid: %s. To ensure interoperability, '
2026-05-30 03:10:34.137 10 WARNING neutron_lib.context [None req-6d1eeed5-a4f7-4912-953c-d1a55d5d0ea4 7e9b156c0f2d4de0a87b9e77e0492b7a 908d0271351a413c9e34c228e55d5930 - - default default] Method 'is_advsvc' is deprecated since 2023.2 release (neutron-lib 3.8.0) and will be removed once support for the old RBAC API policies will be removed from Neutron. Please use method 'is_service_role' instead.
2026-05-30 03:10:34.298 10 INFO neutron.api.wsgi [None req-6d1eeed5-a4f7-4912-953c-d1a55d5d0ea4 7e9b156c0f2d4de0a87b9e77e0492b7a 908d0271351a413c9e34c228e55d5930 - - default default] 10.0.0.50 "POST /v2.0/trunks HTTP/1.1" status: 201 len: 608 time: 0.1659796
2026-05-30 03:10:34.329 10 INFO neutron.api.wsgi [None req-b3103d25-cf01-4bb3-b6b5-8aa9b24999bc 7e9b156c0f2d4de0a87b9e77e0492b7a 908d0271351a413c9e34c228e55d5930 - - default default] 10.0.0.50 "PUT /v2.0/trunks/3afec8c6-bab8-4405-84ec-ad1abe14486c/tags HTTP/1.1" status: 200 len: 210 time: 0.0249825
2026-05-30 03:10:34.358 10 INFO neutron.api.wsgi [None req-eff9d1d0-e5c5-489a-bb60-34a7a5e25a9a 7e9b156c0f2d4de0a87b9e77e0492b7a 908d0271351a413c9e34c228e55d5930 - - default default] 10.0.0.50 "PUT /v2.0/trunks/075ca30f-5296-4d4e-8980-0abd9aba4557/tags HTTP/1.1" status: 200 len: 218 time: 0.0247436
2026-05-30 03:10:34.389 10 INFO neutron.api.wsgi [None req-29cd75b9-e9df-4756-9e22-10dde1017173 7e9b156c0f2d4de0a87b9e77e0492b7a 908d0271351a413c9e34c228e55d5930 - - default default] 10.0.0.50 "PUT /v2.0/trunks/e90d945d-ef48-4466-b297-f90d8bcc2c1b/tags HTTP/1.1" status: 200 len: 227 time: 0.0262334
2026-05-30 03:10:34.420 10 INFO neutron.api.wsgi [None req-15353c11-9af0-4851-9556-53674af501ba 7e9b156c0f2d4de0a87b9e77e0492b7a 908d0271351a413c9e34c228e55d5930 - - default default] 10.0.0.50 "PUT /v2.0/trunks/f543a5a4-e163-45d6-aaf0-0547fe734c01/tags HTTP/1.1" status: 200 len: 212 time: 0.0252337
2026-05-30 03:10:34.445 10 INFO neutron.api.wsgi [None req-1519c861-1f16-46ea-a597-b11731a6bbce 7e9b156c0f2d4de0a87b9e77e0492b7a 908d0271351a413c9e34c228e55d5930 - - default default] 10.0.0.50 "GET /v2.0/trunks?tags=red HTTP/1.1" status: 200 len: 1447 time: 0.0188961
2026-05-30 03:10:34.478 9 INFO neutron.api.wsgi [None req-6379861a-f911-4666-b825-c0144061389b 7e9b156c0f2d4de0a87b9e77e0492b7a 908d0271351a413c9e34c228e55d5930 - - default default] 10.0.0.50 "GET /v2.0/trunks?tags=red%2Cblue HTTP/1.1" status: 200 len: 1041 time: 0.0270679
2026-05-30 03:10:34.489 9 WARNING neutron.plugins.ml2.drivers.ovn.mech_driver.ovsdb.ovn_client [None req-170c874e-3829-406e-b502-b35bdc5193f2 - - - - - -] No hosting information found for port 2147942f-8e74-4e2c-8544-443e0f036646: RuntimeError: No hosting information found for port 2147942f-8e74-4e2c-8544-443e0f036646
2026-05-30 03:10:34.505 10 INFO neutron.api.wsgi [None req-d23ef670-50d5-4379-a056-3188deea84c3 7e9b156c0f2d4de0a87b9e77e0492b7a 908d0271351a413c9e34c228e55d5930 - - default default] 10.0.0.50 "GET /v2.0/trunks?tags-any=blue HTTP/1.1" status: 200 len: 1041 time: 0.0193489
2026-05-30 03:10:34.532 10 INFO neutron.api.wsgi [None req-0c9fb366-12fa-40f0-9cf5-cdfe7777a3d9 7e9b156c0f2d4de0a87b9e77e0492b7a 908d0271351a413c9e34c228e55d5930 - - default default] 10.0.0.50 "GET /v2.0/trunks?tags-any=red%2Cblue HTTP/1.1" status: 200 len: 1447 time: 0.0210793
2026-05-30 03:10:34.564 10 INFO neutron.api.wsgi [None req-699a1677-77a1-4949-9756-9474a47170c8 7e9b156c0f2d4de0a87b9e77e0492b7a 908d0271351a413c9e34c228e55d5930 - - default default] 10.0.0.50 "GET /v2.0/trunks?not-tags=red HTTP/1.1" status: 200 len: 1013 time: 0.0244086
2026-05-30 03:10:34.565 9 INFO neutron.db.ovn_revision_numbers_db [None req-170c874e-3829-406e-b502-b35bdc5193f2 - - - - - -] Successfully bumped revision number for resource 2147942f-8e74-4e2c-8544-443e0f036646 (type: router_ports) to 2
2026-05-30 03:10:34.575 10 INFO neutron.api.wsgi [req-27e8add5-959f-4d88-9b92-5c053ee8a330 req-37942255-d1c0-4951-ba83-6af6f281238d 66edf7d17f2043d5aeeb15dda00510fd 4cb430f691264bb1a382f072d5ce3145 - - default default] 10.0.0.26 "GET /v2.0/ports?device_id=4bbae9b0-2fd8-45bc-93b1-2a7b8fcfe89f HTTP/1.1" status: 200 len: 210 time: 0.0241728
2026-05-30 03:10:34.587 10 INFO neutron.api.wsgi [None req-790c83cc-84c4-4536-b793-2ae1d11c59a2 7e9b156c0f2d4de0a87b9e77e0492b7a 908d0271351a413c9e34c228e55d5930 - - default default] 10.0.0.50 "GET /v2.0/trunks?not-tags=red%2Cblue HTTP/1.1" status: 200 len: 1419 time: 0.0166833
2026-05-30 03:10:34.610 10 INFO neutron.api.wsgi [None req-049d3947-acc1-468c-a82a-280cfdb97024 7e9b156c0f2d4de0a87b9e77e0492b7a 908d0271351a413c9e34c228e55d5930 - - default default] 10.0.0.50 "GET /v2.0/trunks?not-tags-any=blue HTTP/1.1" status: 200 len: 1419 time: 0.0163860
2026-05-30 03:10:34.633 10 INFO neutron.api.wsgi [None req-1bfc243e-719c-4fff-88ca-ce613fe910fd 7e9b156c0f2d4de0a87b9e77e0492b7a 908d0271351a413c9e34c228e55d5930 - - default default] 10.0.0.50 "GET /v2.0/trunks?not-tags-any=red%2Cblue HTTP/1.1" status: 200 len: 1013 time: 0.0182805
2026-05-30 03:10:34.657 10 INFO neutron.api.wsgi [None req-c8352508-233b-4b9b-bf95-6d9a43032c39 7e9b156c0f2d4de0a87b9e77e0492b7a 908d0271351a413c9e34c228e55d5930 - - default default] 10.0.0.50 "GET /v2.0/trunks/3afec8c6-bab8-4405-84ec-ad1abe14486c HTTP/1.1" status: 200 len: 608 time: 0.0159121
2026-05-30 03:10:34.761 10 INFO neutron.api.wsgi [None req-b3009c41-62bf-443f-bc26-7674651eaaef 7e9b156c0f2d4de0a87b9e77e0492b7a 908d0271351a413c9e34c228e55d5930 - - default default] 10.0.0.50 "GET /v2.0/ports/cb9f244a-fbed-4b61-9fdc-0b788bb04a52 HTTP/1.1" status: 200 len: 1020 time: 0.0992336
2026-05-30 03:10:34.842 9 INFO neutron.api.wsgi [None req-04290e39-bdf9-4fcb-acdf-5336e54ac7e6 7e9b156c0f2d4de0a87b9e77e0492b7a 908d0271351a413c9e34c228e55d5930 - - default default] 10.0.0.50 "DELETE /v2.0/trunks/3afec8c6-bab8-4405-84ec-ad1abe14486c HTTP/1.1" status: 204 len: 168 time: 0.0745752
2026-05-30 03:10:34.863 9 INFO neutron.api.wsgi [None req-cd29ca42-a33f-4d1b-abcf-e9d15135d601 7e9b156c0f2d4de0a87b9e77e0492b7a 908d0271351a413c9e34c228e55d5930 - - default default] 10.0.0.50 "GET /v2.0/trunks/075ca30f-5296-4d4e-8980-0abd9aba4557 HTTP/1.1" status: 200 len: 616 time: 0.0159304
2026-05-30 03:10:34.934 9 INFO neutron.api.wsgi [None req-9f10ffcc-f72d-4ae9-9acc-c31b219d4c88 7e9b156c0f2d4de0a87b9e77e0492b7a 908d0271351a413c9e34c228e55d5930 - - default default] 10.0.0.50 "GET /v2.0/ports/9254fcee-2bb9-48e0-83ea-362689dbd4e4 HTTP/1.1" status: 200 len: 1020 time: 0.0661209
2026-05-30 03:10:35.005 9 INFO neutron.api.wsgi [None req-9bd8bcf0-0a5b-4bbb-9ec2-b892bb5ff726 7e9b156c0f2d4de0a87b9e77e0492b7a 908d0271351a413c9e34c228e55d5930 - - default default] 10.0.0.50 "DELETE /v2.0/trunks/075ca30f-5296-4d4e-8980-0abd9aba4557 HTTP/1.1" status: 204 len: 168 time: 0.0652733
2026-05-30 03:10:35.025 9 INFO neutron.api.wsgi [None req-cbea4630-a817-47fd-97fe-68a30ec5ad93 7e9b156c0f2d4de0a87b9e77e0492b7a 908d0271351a413c9e34c228e55d5930 - - default default] 10.0.0.50 "GET /v2.0/trunks/e90d945d-ef48-4466-b297-f90d8bcc2c1b HTTP/1.1" status: 200 len: 625 time: 0.0154302
2026-05-30 03:10:35.104 9 INFO neutron.api.wsgi [None req-0d722897-8565-4a43-8ee7-0ed4f1ee2f7e 7e9b156c0f2d4de0a87b9e77e0492b7a 908d0271351a413c9e34c228e55d5930 - - default default] 10.0.0.50 "GET /v2.0/ports/a78c135f-bff0-4a11-84f8-1347fac8a692 HTTP/1.1" status: 200 len: 1020 time: 0.0734410
2026-05-30 03:10:35.177 9 INFO neutron.api.wsgi [None req-e011e60d-dbb3-4202-a6dd-c1841a8ea1d9 7e9b156c0f2d4de0a87b9e77e0492b7a 908d0271351a413c9e34c228e55d5930 - - default default] 10.0.0.50 "DELETE /v2.0/trunks/e90d945d-ef48-4466-b297-f90d8bcc2c1b HTTP/1.1" status: 204 len: 168 time: 0.0679672
2026-05-30 03:10:35.200 9 INFO neutron.api.wsgi [None req-dcfc4860-a333-4240-97a2-befe14df06c3 7e9b156c0f2d4de0a87b9e77e0492b7a 908d0271351a413c9e34c228e55d5930 - - default default] 10.0.0.50 "GET /v2.0/trunks/f543a5a4-e163-45d6-aaf0-0547fe734c01 HTTP/1.1" status: 200 len: 610 time: 0.0156558
2026-05-30 03:10:35.276 9 INFO neutron.api.wsgi [None req-4f953694-aad4-4dc5-b68e-fc65c3316465 7e9b156c0f2d4de0a87b9e77e0492b7a 908d0271351a413c9e34c228e55d5930 - - default default] 10.0.0.50 "GET /v2.0/ports/2b03e993-b27c-45f9-b91b-7140d240746a HTTP/1.1" status: 200 len: 1020 time: 0.0719657
2026-05-30 03:10:35.337 9 INFO neutron.api.wsgi [None req-70e08d3d-5c1a-4aba-ab3b-34ab9bf9ef9d 7e9b156c0f2d4de0a87b9e77e0492b7a 908d0271351a413c9e34c228e55d5930 - - default default] 10.0.0.50 "DELETE /v2.0/trunks/f543a5a4-e163-45d6-aaf0-0547fe734c01 HTTP/1.1" status: 204 len: 168 time: 0.0544736
2026-05-30 03:10:35.356 9 INFO neutron.api.wsgi [None req-6d932332-8c41-4cbd-aa32-8d32ab11dca3 7e9b156c0f2d4de0a87b9e77e0492b7a 908d0271351a413c9e34c228e55d5930 - - default default] 10.0.0.50 "GET /v2.0/trunks/179c778e-6dfe-493e-a76b-c4d5ef08dae1 HTTP/1.1" status: 200 len: 603 time: 0.0131600
2026-05-30 03:10:35.425 9 INFO neutron.api.wsgi [None req-82279427-6f3c-48b2-a0bf-587a8a595de0 7e9b156c0f2d4de0a87b9e77e0492b7a 908d0271351a413c9e34c228e55d5930 - - default default] 10.0.0.50 "GET /v2.0/ports/b55a48d9-05bb-473b-af08-4bc0b9b7a8a6 HTTP/1.1" status: 200 len: 1020 time: 0.0625882
2026-05-30 03:10:35.528 9 INFO neutron.api.wsgi [None req-b90f7c54-c415-454e-b0f4-171bc9887c8a 7e9b156c0f2d4de0a87b9e77e0492b7a 908d0271351a413c9e34c228e55d5930 - - default default] 10.0.0.50 "DELETE /v2.0/trunks/179c778e-6dfe-493e-a76b-c4d5ef08dae1 HTTP/1.1" status: 204 len: 168 time: 0.0978041
2026-05-30 03:10:35.646 9 INFO neutron.api.wsgi [req-afca048c-94fe-4d47-8457-5473aa434524 req-ac2a98ef-f29f-4589-b083-971094a08b87 66edf7d17f2043d5aeeb15dda00510fd 4cb430f691264bb1a382f072d5ce3145 - - default default] 10.0.0.26 "GET /v2.0/ports?device_id=4bbae9b0-2fd8-45bc-93b1-2a7b8fcfe89f HTTP/1.1" status: 200 len: 210 time: 0.0159757
2026-05-30 03:10:35.779 9 INFO neutron.api.wsgi [None req-e4630345-4f6f-4872-889e-153650db4240 7e9b156c0f2d4de0a87b9e77e0492b7a 908d0271351a413c9e34c228e55d5930 - - default default] 10.0.0.50 "DELETE /v2.0/ports/cb9f244a-fbed-4b61-9fdc-0b788bb04a52 HTTP/1.1" status: 204 len: 168 time: 0.2444189
2026-05-30 03:10:36.034 9 INFO neutron.api.wsgi [None req-9901bc64-da2a-4150-af70-f7a7898851b8 7e9b156c0f2d4de0a87b9e77e0492b7a 908d0271351a413c9e34c228e55d5930 - - default default] 10.0.0.50 "DELETE /v2.0/ports/9254fcee-2bb9-48e0-83ea-362689dbd4e4 HTTP/1.1" status: 204 len: 168 time: 0.2487833
2026-05-30 03:10:36.292 9 INFO neutron.api.wsgi [None req-3c3e7d36-40ff-433c-ba46-4202f2a0156f 7e9b156c0f2d4de0a87b9e77e0492b7a 908d0271351a413c9e34c228e55d5930 - - default default] 10.0.0.50 "DELETE /v2.0/ports/a78c135f-bff0-4a11-84f8-1347fac8a692 HTTP/1.1" status: 204 len: 168 time: 0.2486687
2026-05-30 03:10:36.513 9 INFO neutron.api.wsgi [None req-ef87604d-7e42-46e3-8fd2-6caa3cbbeebc 7e9b156c0f2d4de0a87b9e77e0492b7a 908d0271351a413c9e34c228e55d5930 - - default default] 10.0.0.50 "DELETE /v2.0/ports/2b03e993-b27c-45f9-b91b-7140d240746a HTTP/1.1" status: 204 len: 168 time: 0.2143595
2026-05-30 03:10:36.727 9 INFO neutron.api.wsgi [req-3a949f72-0665-4fab-b12b-48362a371b0f req-5d015e1b-c86a-4122-9553-db17a551d6bf 66edf7d17f2043d5aeeb15dda00510fd 4cb430f691264bb1a382f072d5ce3145 - - default default] 199.204.45.72 "GET /v2.0/networks?id=476f391c-8627-4e88-8ebc-a0068177e3c4 HTTP/1.1" status: 200 len: 872 time: 0.0567176
2026-05-30 03:10:36.732 9 INFO neutron.api.wsgi [req-d8afa10f-3d13-4705-a920-33ab2350292c req-170782d1-10da-47b7-a3c5-f5443274a69d 66edf7d17f2043d5aeeb15dda00510fd 4cb430f691264bb1a382f072d5ce3145 - - default default] 10.0.0.26 "GET /v2.0/ports?device_id=4bbae9b0-2fd8-45bc-93b1-2a7b8fcfe89f HTTP/1.1" status: 200 len: 210 time: 0.0229673
2026-05-30 03:10:36.762 9 INFO neutron.api.wsgi [None req-227e74f0-b87c-4158-85ab-0fe59345df0e 7e9b156c0f2d4de0a87b9e77e0492b7a 908d0271351a413c9e34c228e55d5930 - - default default] 10.0.0.50 "DELETE /v2.0/ports/b55a48d9-05bb-473b-af08-4bc0b9b7a8a6 HTTP/1.1" status: 204 len: 168 time: 0.2436378
2026-05-30 03:10:36.769 9 INFO neutron.api.wsgi [req-3a949f72-0665-4fab-b12b-48362a371b0f req-6a3de87e-890d-4759-b1cd-92ac639014ad 66edf7d17f2043d5aeeb15dda00510fd 4cb430f691264bb1a382f072d5ce3145 - - default default] 199.204.45.72 "GET /v2.0/security-groups?fields=id&fields=name&tenant_id=4cb430f691264bb1a382f072d5ce3145 HTTP/1.1" status: 200 len: 471 time: 0.0363474
