2026-05-30 03:06:18.148 9 INFO neutron.api.wsgi [req-e97e42ca-fe93-437b-a12a-3af8fb912aaf req-6825125b-f376-4b9a-aaa9-345997086277 8ca171e540a349259a5596b84540b6b5 e8abd2819e884749ace692c3c979dc50 - - default default] 10.0.0.26 "GET /v2.0/ports?device_id=dcbfcbf2-36ff-4514-8216-f2068e0e5d45 HTTP/1.1" status: 200 len: 210 time: 0.0183384
2026-05-30 03:06:18.149 10 INFO neutron.api.wsgi [req-4af5219d-136f-46b5-9478-8521741c6d0f req-9df1ea5a-96dc-4d72-b67f-f2004073e716 382e384b885a4e46871e1720f87ec93f 8b71e5aac9a943b09fe5cecfaf40fd17 - - default default] 10.0.0.26 "GET /v2.0/security-groups?id=d20e543e-feea-4e32-863c-8dc59371e109&fields=id&fields=name HTTP/1.1" status: 200 len: 312 time: 0.0471609
2026-05-30 03:06:18.239 10 INFO neutron.api.wsgi [req-6e805683-9614-47e1-add3-0f46b2d76674 req-a73f0047-cca4-4831-aeea-58bf48a8c3f8 382e384b885a4e46871e1720f87ec93f 8b71e5aac9a943b09fe5cecfaf40fd17 - - default default] 10.0.0.26 "GET /v2.0/ports?device_id=4d170083-2c30-4217-8b26-81b43c01e04e HTTP/1.1" status: 200 len: 1174 time: 0.0300806
2026-05-30 03:06:18.364 9 INFO neutron.api.wsgi [req-d241b587-b0e4-475b-a533-0dbc059574f5 req-cdf6bd8d-a696-4b2c-aabf-137a2f2186ac de22f10b7bce4dfdb31f2e95203cc9dc d696a7b8475b47d98a1dd2dcf2879aab - - 540244188f344bb38ea18e82208c5849 540244188f344bb38ea18e82208c5849] 199.204.45.72 "GET /v2.0/ports?tenant_id=27bf7ae49502438497d936bd1053521c&device_id=3c86ca0c-f081-4e6d-b49f-f230e9383eea HTTP/1.1" status: 200 len: 1413 time: 0.0290179
2026-05-30 03:06:18.410 9 INFO neutron.api.wsgi [req-37dd3ef8-6c56-446a-88be-4c4d40d37374 req-d74a8f23-2df3-473d-b50d-cfdd7e3d9711 75a0590e247640d3a29435da8536bf91 2a4c865670c34d4ba2c584599b9d12e7 - - default default] 10.0.0.26 "GET /v2.0/ports?device_id=59c2311a-a0de-48d1-87e5-d33b97ed0fcd HTTP/1.1" status: 200 len: 210 time: 0.0232604
2026-05-30 03:06:18.432 9 INFO neutron.api.wsgi [req-d241b587-b0e4-475b-a533-0dbc059574f5 req-955ef680-95f1-483e-b118-609ddf894aac de22f10b7bce4dfdb31f2e95203cc9dc d696a7b8475b47d98a1dd2dcf2879aab - - 540244188f344bb38ea18e82208c5849 540244188f344bb38ea18e82208c5849] 199.204.45.72 "GET /v2.0/networks?id=935b4185-ad83-436f-9c16-5677bf2490b6 HTTP/1.1" status: 200 len: 967 time: 0.0630341
2026-05-30 03:06:18.472 9 INFO neutron.api.wsgi [req-d241b587-b0e4-475b-a533-0dbc059574f5 req-51c2ec87-2ff5-481f-ac19-28fe0acb60d5 de22f10b7bce4dfdb31f2e95203cc9dc d696a7b8475b47d98a1dd2dcf2879aab - - 540244188f344bb38ea18e82208c5849 540244188f344bb38ea18e82208c5849] 199.204.45.72 "GET /v2.0/floatingips?fixed_ip_address=10.100.0.12&port_id=f41f4084-4728-4080-bdd6-56ee73b275d3 HTTP/1.1" status: 200 len: 1060 time: 0.0343475
2026-05-30 03:06:18.505 9 INFO neutron.api.wsgi [req-d241b587-b0e4-475b-a533-0dbc059574f5 req-11a611a1-c151-4585-928b-aaf89c2dfccc de22f10b7bce4dfdb31f2e95203cc9dc d696a7b8475b47d98a1dd2dcf2879aab - - 540244188f344bb38ea18e82208c5849 540244188f344bb38ea18e82208c5849] 199.204.45.72 "GET /v2.0/subnets?id=6cd1fc74-3769-4806-8c45-a2ed4dfa2f3e HTTP/1.1" status: 200 len: 886 time: 0.0264275
2026-05-30 03:06:18.532 9 INFO neutron.api.wsgi [req-d241b587-b0e4-475b-a533-0dbc059574f5 req-87080f2a-6d1f-4cfd-86e5-12507e1be51c de22f10b7bce4dfdb31f2e95203cc9dc d696a7b8475b47d98a1dd2dcf2879aab - - 540244188f344bb38ea18e82208c5849 540244188f344bb38ea18e82208c5849] 199.204.45.72 "GET /v2.0/ports?network_id=935b4185-ad83-436f-9c16-5677bf2490b6&device_owner=network%3Adhcp HTTP/1.1" status: 200 len: 210 time: 0.0203466
2026-05-30 03:06:18.586 9 INFO neutron.api.wsgi [req-d241b587-b0e4-475b-a533-0dbc059574f5 req-acb08bef-0fe3-42c9-b880-2b136df864f4 de22f10b7bce4dfdb31f2e95203cc9dc d696a7b8475b47d98a1dd2dcf2879aab - - 540244188f344bb38ea18e82208c5849 540244188f344bb38ea18e82208c5849] 199.204.45.72 "GET /v2.0/networks/935b4185-ad83-436f-9c16-5677bf2490b6?fields=segments HTTP/1.1" status: 200 len: 212 time: 0.0447881
2026-05-30 03:06:18.652 9 INFO neutron.api.wsgi [req-d241b587-b0e4-475b-a533-0dbc059574f5 req-9bb34f66-4449-4933-b135-128bb6ff0aad de22f10b7bce4dfdb31f2e95203cc9dc d696a7b8475b47d98a1dd2dcf2879aab - - 540244188f344bb38ea18e82208c5849 540244188f344bb38ea18e82208c5849] 199.204.45.72 "GET /v2.0/networks/935b4185-ad83-436f-9c16-5677bf2490b6?fields=provider%3Aphysical_network&fields=provider%3Anetwork_type HTTP/1.1" status: 200 len: 277 time: 0.0575182
2026-05-30 03:06:18.738 10 INFO neutron.api.wsgi [req-9c3c45d1-8d14-4cd8-9533-aff8ded8abe4 req-520ee604-dc44-48e1-bb13-e3321e0248bc 7b7c4a233fec4aef91db2cb70bce276f 27bf7ae49502438497d936bd1053521c - - default default] 10.0.0.26 "GET /v2.0/ports?device_id=3c86ca0c-f081-4e6d-b49f-f230e9383eea HTTP/1.1" status: 200 len: 1174 time: 0.3892846
2026-05-30 03:06:18.813 10 INFO neutron.api.wsgi [req-9c3c45d1-8d14-4cd8-9533-aff8ded8abe4 req-179caa02-e623-49cf-acc8-1e631d763626 7b7c4a233fec4aef91db2cb70bce276f 27bf7ae49502438497d936bd1053521c - - default default] 10.0.0.26 "GET /v2.0/security-groups?id=78c74d82-d4cf-4161-b4c0-2a0ded34714c&fields=id&fields=name HTTP/1.1" status: 200 len: 313 time: 0.0678759
2026-05-30 03:06:19.248 10 INFO neutron.db.ovn_revision_numbers_db [None req-576b1e9e-1d2a-4645-b348-e4b84f5ffb29 382e384b885a4e46871e1720f87ec93f 8b71e5aac9a943b09fe5cecfaf40fd17 - - default default] Successfully bumped revision number for resource 2635ce1a-2910-4c89-b13e-25b396a53ae6 (type: floatingips) to 1
2026-05-30 03:06:19.382 10 INFO neutron.db.ovn_revision_numbers_db [None req-576b1e9e-1d2a-4645-b348-e4b84f5ffb29 382e384b885a4e46871e1720f87ec93f 8b71e5aac9a943b09fe5cecfaf40fd17 - - default default] Successfully bumped revision number for resource 2635ce1a-2910-4c89-b13e-25b396a53ae6 (type: floatingips) to 2
2026-05-30 03:06:19.383 10 INFO neutron.db.l3_db [None req-576b1e9e-1d2a-4645-b348-e4b84f5ffb29 382e384b885a4e46871e1720f87ec93f 8b71e5aac9a943b09fe5cecfaf40fd17 - - default default] Floating IP 2635ce1a-2910-4c89-b13e-25b396a53ae6 associated. External IP: 10.96.250.206, port: 99b2a3c5-4b11-4d27-b28c-cfa066cb59cc.
2026-05-30 03:06:19.404 9 INFO neutron.api.wsgi [req-be6736af-bdd5-4218-bb99-9047c537ae7b req-89856fb7-ec0b-4ebb-8741-ccadb1c153de 8ca171e540a349259a5596b84540b6b5 e8abd2819e884749ace692c3c979dc50 - - default default] 10.0.0.26 "GET /v2.0/ports?device_id=dcbfcbf2-36ff-4514-8216-f2068e0e5d45 HTTP/1.1" status: 200 len: 210 time: 0.0178518
2026-05-30 03:06:19.420 10 INFO neutron.api.wsgi [None req-576b1e9e-1d2a-4645-b348-e4b84f5ffb29 382e384b885a4e46871e1720f87ec93f 8b71e5aac9a943b09fe5cecfaf40fd17 - - default default] 10.0.0.50 "PUT /v2.0/floatingips/2635ce1a-2910-4c89-b13e-25b396a53ae6 HTTP/1.1" status: 200 len: 1050 time: 1.1707585
2026-05-30 03:06:19.429 9 INFO neutron.api.wsgi [req-b1750a7e-3942-46e6-aed6-b767df6034ec req-6d203709-b5ad-4750-8f5c-772b68e43c2f 8ca171e540a349259a5596b84540b6b5 e8abd2819e884749ace692c3c979dc50 - - default default] 199.204.45.72 "GET /v2.0/networks?id=11435c1f-9532-4d37-879c-b0d025ca450d HTTP/1.1" status: 200 len: 875 time: 0.3341355
2026-05-30 03:06:19.457 10 INFO neutron.notifiers.nova [-] Nova event matching ['req-af2d0b49-695d-4d67-977c-475355af4631'] response: {'name': 'network-changed', 'server_uuid': '4d170083-2c30-4217-8b26-81b43c01e04e', 'tag': '99b2a3c5-4b11-4d27-b28c-cfa066cb59cc', 'status': 'completed', 'code': 200}
2026-05-30 03:06:19.483 9 INFO neutron.api.wsgi [req-b1750a7e-3942-46e6-aed6-b767df6034ec req-b7624c41-ce8a-42de-86a5-10c8fb52d045 8ca171e540a349259a5596b84540b6b5 e8abd2819e884749ace692c3c979dc50 - - default default] 199.204.45.72 "GET /v2.0/security-groups?fields=id&fields=name&tenant_id=e8abd2819e884749ace692c3c979dc50 HTTP/1.1" status: 200 len: 379 time: 0.0461409
2026-05-30 03:06:19.508 9 WARNING neutron_lib.context [req-b1750a7e-3942-46e6-aed6-b767df6034ec req-85a5468a-5a0a-438f-bded-c82900a1dde6 8ca171e540a349259a5596b84540b6b5 e8abd2819e884749ace692c3c979dc50 - - default default] Method 'is_advsvc' is deprecated since 2023.2 release (neutron-lib 3.8.0) and will be removed once support for the old RBAC API policies will be removed from Neutron. Please use method 'is_service_role' instead.
2026-05-30 03:06:19.519 10 INFO neutron.api.wsgi [req-cae3e43e-e3b2-4e80-a07a-b12f8018f61a req-7730fd40-6e0c-428a-a49c-22aaef4f97b2 75a0590e247640d3a29435da8536bf91 2a4c865670c34d4ba2c584599b9d12e7 - - default default] 10.0.0.26 "GET /v2.0/ports?device_id=59c2311a-a0de-48d1-87e5-d33b97ed0fcd HTTP/1.1" status: 200 len: 210 time: 0.0227463
2026-05-30 03:06:19.579 9 INFO neutron.api.wsgi [req-fa6fb590-2776-4c69-91de-1600c1c167e6 req-cf3fca01-e949-47c2-acfd-e708ec69554a 382e384b885a4e46871e1720f87ec93f 8b71e5aac9a943b09fe5cecfaf40fd17 - - default default] 10.0.0.26 "GET /v2.0/ports?device_id=4d170083-2c30-4217-8b26-81b43c01e04e HTTP/1.1" status: 200 len: 1174 time: 0.0937593
2026-05-30 03:06:19.670 9 INFO neutron.api.wsgi [req-fa6fb590-2776-4c69-91de-1600c1c167e6 req-61c10b69-d677-42da-8d79-18fda080783f 382e384b885a4e46871e1720f87ec93f 8b71e5aac9a943b09fe5cecfaf40fd17 - - default default] 10.0.0.26 "GET /v2.0/security-groups?id=d20e543e-feea-4e32-863c-8dc59371e109&fields=id&fields=name HTTP/1.1" status: 200 len: 312 time: 0.0739081
2026-05-30 03:06:19.861 9 WARNING neutron.scheduler.dhcp_agent_scheduler [req-b1750a7e-3942-46e6-aed6-b767df6034ec req-85a5468a-5a0a-438f-bded-c82900a1dde6 8ca171e540a349259a5596b84540b6b5 e8abd2819e884749ace692c3c979dc50 - - default default] No more DHCP agents
2026-05-30 03:06:19.863 9 WARNING neutron.api.rpc.agentnotifiers.dhcp_rpc_agent_api [req-b1750a7e-3942-46e6-aed6-b767df6034ec req-85a5468a-5a0a-438f-bded-c82900a1dde6 8ca171e540a349259a5596b84540b6b5 e8abd2819e884749ace692c3c979dc50 - - default default] Unable to schedule network 11435c1f-9532-4d37-879c-b0d025ca450d: no agents available; will retry on subsequent port and subnet creation events.
2026-05-30 03:06:19.945 10 INFO neutron.api.wsgi [req-8d2eaa94-be64-447b-bd82-aa82b86dce86 req-71d89747-e8c3-4a2d-ad53-08b380e1ced2 7b7c4a233fec4aef91db2cb70bce276f 27bf7ae49502438497d936bd1053521c - - default default] 10.0.0.26 "GET /v2.0/ports?device_id=3c86ca0c-f081-4e6d-b49f-f230e9383eea HTTP/1.1" status: 200 len: 1174 time: 0.0607412
2026-05-30 03:06:19.993 10 INFO neutron.api.wsgi [req-8d2eaa94-be64-447b-bd82-aa82b86dce86 req-75054ac7-600a-4aaf-b5f3-6e8566dd5ec4 7b7c4a233fec4aef91db2cb70bce276f 27bf7ae49502438497d936bd1053521c - - default default] 10.0.0.26 "GET /v2.0/security-groups?id=78c74d82-d4cf-4161-b4c0-2a0ded34714c&fields=id&fields=name HTTP/1.1" status: 200 len: 313 time: 0.0414853
2026-05-30 03:06:20.003 10 INFO neutron.api.wsgi [req-4dc0ef22-c058-4cf2-baa1-44454615188d req-63e018f2-dfa1-48d3-b0df-f5a7e038942b de22f10b7bce4dfdb31f2e95203cc9dc d696a7b8475b47d98a1dd2dcf2879aab - - 540244188f344bb38ea18e82208c5849 540244188f344bb38ea18e82208c5849] 199.204.45.72 "GET /v2.0/ports?tenant_id=8b71e5aac9a943b09fe5cecfaf40fd17&device_id=4d170083-2c30-4217-8b26-81b43c01e04e HTTP/1.1" status: 200 len: 1413 time: 0.0326962
2026-05-30 03:06:20.043 9 INFO neutron.db.ovn_revision_numbers_db [req-b1750a7e-3942-46e6-aed6-b767df6034ec req-85a5468a-5a0a-438f-bded-c82900a1dde6 8ca171e540a349259a5596b84540b6b5 e8abd2819e884749ace692c3c979dc50 - - default default] Successfully bumped revision number for resource d02b38b8-8a27-4b89-9530-f801e71f4497 (type: ports) to 1
2026-05-30 03:06:20.065 10 INFO neutron.api.wsgi [req-4dc0ef22-c058-4cf2-baa1-44454615188d req-448657b3-695a-4a4d-8fc6-c61de4d14a21 de22f10b7bce4dfdb31f2e95203cc9dc d696a7b8475b47d98a1dd2dcf2879aab - - 540244188f344bb38ea18e82208c5849 540244188f344bb38ea18e82208c5849] 199.204.45.72 "GET /v2.0/networks?id=4ef25966-c6f2-46b4-ab40-3c94e24cadee HTTP/1.1" status: 200 len: 982 time: 0.0564225
2026-05-30 03:06:20.074 9 INFO neutron.api.wsgi [req-b1750a7e-3942-46e6-aed6-b767df6034ec req-85a5468a-5a0a-438f-bded-c82900a1dde6 8ca171e540a349259a5596b84540b6b5 e8abd2819e884749ace692c3c979dc50 - - default default] 199.204.45.72 "POST /v2.0/ports HTTP/1.1" status: 201 len: 1162 time: 0.5877898 /var/lib/openstack/lib/python3.12/site-packages/pycadf/identifier.py:71: UserWarning: Invalid uuid: neutron. To ensure interoperability, identifiers should be a valid uuid. warnings.warn(('Invalid uuid: %s. To ensure interoperability, '
2026-05-30 03:06:20.125 10 INFO neutron.api.wsgi [req-4dc0ef22-c058-4cf2-baa1-44454615188d req-89f035c5-2472-4016-8185-63211719af3d de22f10b7bce4dfdb31f2e95203cc9dc d696a7b8475b47d98a1dd2dcf2879aab - - 540244188f344bb38ea18e82208c5849 540244188f344bb38ea18e82208c5849] 199.204.45.72 "GET /v2.0/floatingips?fixed_ip_address=10.100.0.11&port_id=99b2a3c5-4b11-4d27-b28c-cfa066cb59cc HTTP/1.1" status: 200 len: 1060 time: 0.0530176
2026-05-30 03:06:20.156 9 INFO neutron.api.wsgi [req-7d2e8efc-5e5f-40c8-8ab0-4c5f24b8b651 req-e93fdcb8-eb96-49a1-9a86-637e2191549e 7b7c4a233fec4aef91db2cb70bce276f 27bf7ae49502438497d936bd1053521c - - default default] 199.204.45.72 "GET /v2.0/ports?device_id=3c86ca0c-f081-4e6d-b49f-f230e9383eea HTTP/1.1" status: 200 len: 1174 time: 0.0435529
2026-05-30 03:06:20.158 10 INFO neutron.api.wsgi [req-4dc0ef22-c058-4cf2-baa1-44454615188d req-73bbd518-0081-4414-90a2-7f64977a2812 de22f10b7bce4dfdb31f2e95203cc9dc d696a7b8475b47d98a1dd2dcf2879aab - - 540244188f344bb38ea18e82208c5849 540244188f344bb38ea18e82208c5849] 199.204.45.72 "GET /v2.0/subnets?id=9cb2a73b-334a-45ad-a6db-e75b12692a8d HTTP/1.1" status: 200 len: 901 time: 0.0278294
2026-05-30 03:06:20.187 10 INFO neutron.api.wsgi [req-4dc0ef22-c058-4cf2-baa1-44454615188d req-cf022cc1-3322-4d9c-aebb-06b4539126d4 de22f10b7bce4dfdb31f2e95203cc9dc d696a7b8475b47d98a1dd2dcf2879aab - - 540244188f344bb38ea18e82208c5849 540244188f344bb38ea18e82208c5849] 199.204.45.72 "GET /v2.0/ports?network_id=4ef25966-c6f2-46b4-ab40-3c94e24cadee&device_owner=network%3Adhcp HTTP/1.1" status: 200 len: 210 time: 0.0201449
2026-05-30 03:06:20.233 10 INFO neutron.api.wsgi [req-4dc0ef22-c058-4cf2-baa1-44454615188d req-e8161359-e83c-4e6a-8748-19fe9fc81266 de22f10b7bce4dfdb31f2e95203cc9dc d696a7b8475b47d98a1dd2dcf2879aab - - 540244188f344bb38ea18e82208c5849 540244188f344bb38ea18e82208c5849] 199.204.45.72 "GET /v2.0/networks/4ef25966-c6f2-46b4-ab40-3c94e24cadee?fields=segments HTTP/1.1" status: 200 len: 212 time: 0.0378046
2026-05-30 03:06:20.280 10 INFO neutron.api.wsgi [req-4dc0ef22-c058-4cf2-baa1-44454615188d req-a692fa2f-b510-48ef-a7e3-42ef16635fb0 de22f10b7bce4dfdb31f2e95203cc9dc d696a7b8475b47d98a1dd2dcf2879aab - - 540244188f344bb38ea18e82208c5849 540244188f344bb38ea18e82208c5849] 199.204.45.72 "GET /v2.0/networks/4ef25966-c6f2-46b4-ab40-3c94e24cadee?fields=provider%3Aphysical_network&fields=provider%3Anetwork_type HTTP/1.1" status: 200 len: 277 time: 0.0426385 /var/lib/openstack/lib/python3.12/site-packages/pycadf/identifier.py:71: UserWarning: Invalid uuid: neutron. To ensure interoperability, identifiers should be a valid uuid. warnings.warn(('Invalid uuid: %s. To ensure interoperability, '
2026-05-30 03:06:20.606 9 INFO neutron.api.wsgi [req-390e8f67-be27-46b9-9d41-4817fa255d7e req-da3aa412-0129-44a0-a0af-dfa5cbc20ae7 8ca171e540a349259a5596b84540b6b5 e8abd2819e884749ace692c3c979dc50 - - default default] 10.0.0.26 "GET /v2.0/ports?device_id=dcbfcbf2-36ff-4514-8216-f2068e0e5d45 HTTP/1.1" status: 200 len: 1172 time: 0.1316843
2026-05-30 03:06:20.620 10 INFO neutron.api.wsgi [req-d36ad3ee-f6fb-4076-9021-1021d4f6883d req-faa067a8-582b-40e9-a231-b66889376f36 75a0590e247640d3a29435da8536bf91 2a4c865670c34d4ba2c584599b9d12e7 - - default default] 10.0.0.26 "GET /v2.0/ports?device_id=59c2311a-a0de-48d1-87e5-d33b97ed0fcd HTTP/1.1" status: 200 len: 210 time: 0.0245156
2026-05-30 03:06:20.677 9 INFO neutron.api.wsgi [req-390e8f67-be27-46b9-9d41-4817fa255d7e req-f0ec157f-1e64-4bff-8f3b-d3229fbea33b 8ca171e540a349259a5596b84540b6b5 e8abd2819e884749ace692c3c979dc50 - - default default] 10.0.0.26 "GET /v2.0/security-groups?id=dc6e9bc5-edfb-4bf2-85b5-8d15f7718711&fields=id&fields=name HTTP/1.1" status: 200 len: 312 time: 0.0649774
2026-05-30 03:06:20.705 9 INFO neutron.db.l3_db [req-7d2e8efc-5e5f-40c8-8ab0-4c5f24b8b651 req-6e7e98ee-32fb-4edf-acf9-fb566cf19f7b 7b7c4a233fec4aef91db2cb70bce276f 27bf7ae49502438497d936bd1053521c - - default default] Floating IP 8e2063f8-b375-4207-ab42-575cbce1e0f6 disassociated. External IP: 10.96.250.217, port: f41f4084-4728-4080-bdd6-56ee73b275d3.
2026-05-30 03:06:20.734 9 INFO neutron.db.ovn_revision_numbers_db [req-b1750a7e-3942-46e6-aed6-b767df6034ec req-f5093e53-f46c-4ca4-8d68-5972c78f04da de22f10b7bce4dfdb31f2e95203cc9dc d696a7b8475b47d98a1dd2dcf2879aab - - 540244188f344bb38ea18e82208c5849 540244188f344bb38ea18e82208c5849] Successfully bumped revision number for resource d02b38b8-8a27-4b89-9530-f801e71f4497 (type: ports) to 2
2026-05-30 03:06:20.853 9 INFO neutron.api.wsgi [req-7d2e8efc-5e5f-40c8-8ab0-4c5f24b8b651 req-6e7e98ee-32fb-4edf-acf9-fb566cf19f7b 7b7c4a233fec4aef91db2cb70bce276f 27bf7ae49502438497d936bd1053521c - - default default] 199.204.45.72 "DELETE /v2.0/ports/f41f4084-4728-4080-bdd6-56ee73b275d3 HTTP/1.1" status: 204 len: 173 time: 0.6857445
2026-05-30 03:06:20.885 9 INFO neutron.notifiers.nova [-] Nova event matching ['req-69b2cc29-dd89-4153-847f-ee2ddb1346e0'] response: {'server_uuid': '3c86ca0c-f081-4e6d-b49f-f230e9383eea', 'name': 'network-vif-deleted', 'tag': 'f41f4084-4728-4080-bdd6-56ee73b275d3', 'status': 'completed', 'code': 200}
2026-05-30 03:06:20.945 10 WARNING neutron.plugins.ml2.drivers.ovn.mech_driver.ovsdb.ovn_client [None req-b105b1d5-1c80-4856-94bc-db9bdbcac4c9 - - - - - -] No hosting information found for port e7ef2114-80f9-4846-bb57-4d18f32f2508: RuntimeError: No hosting information found for port e7ef2114-80f9-4846-bb57-4d18f32f2508
2026-05-30 03:06:21.011 10 INFO neutron.db.ovn_revision_numbers_db [None req-b105b1d5-1c80-4856-94bc-db9bdbcac4c9 - - - - - -] Successfully bumped revision number for resource e7ef2114-80f9-4846-bb57-4d18f32f2508 (type: router_ports) to 2
2026-05-30 03:06:21.013 9 INFO neutron.db.ovn_revision_numbers_db [req-b1750a7e-3942-46e6-aed6-b767df6034ec req-f5093e53-f46c-4ca4-8d68-5972c78f04da de22f10b7bce4dfdb31f2e95203cc9dc d696a7b8475b47d98a1dd2dcf2879aab - - 540244188f344bb38ea18e82208c5849 540244188f344bb38ea18e82208c5849] Successfully bumped revision number for resource d02b38b8-8a27-4b89-9530-f801e71f4497 (type: ports) to 4
2026-05-30 03:06:21.032 9 INFO neutron.api.wsgi [req-b1750a7e-3942-46e6-aed6-b767df6034ec req-f5093e53-f46c-4ca4-8d68-5972c78f04da de22f10b7bce4dfdb31f2e95203cc9dc d696a7b8475b47d98a1dd2dcf2879aab - - 540244188f344bb38ea18e82208c5849 540244188f344bb38ea18e82208c5849] 199.204.45.72 "PUT /v2.0/ports/d02b38b8-8a27-4b89-9530-f801e71f4497 HTTP/1.1" status: 200 len: 1408 time: 0.9543545 /var/lib/openstack/lib/python3.12/site-packages/pycadf/identifier.py:71: UserWarning: Invalid uuid: neutron. To ensure interoperability, identifiers should be a valid uuid. warnings.warn(('Invalid uuid: %s. To ensure interoperability, '
2026-05-30 03:06:21.080 9 INFO neutron.api.wsgi [req-12e7267e-caba-42c9-8683-ba0cb55afba1 req-44777c90-7857-4020-8595-18f2ede8d6bd 7b7c4a233fec4aef91db2cb70bce276f 27bf7ae49502438497d936bd1053521c - - default default] 10.0.0.26 "GET /v2.0/ports?device_id=3c86ca0c-f081-4e6d-b49f-f230e9383eea HTTP/1.1" status: 200 len: 210 time: 0.0181215
2026-05-30 03:06:21.087 10 INFO neutron.plugins.ml2.drivers.ovn.mech_driver.mech_driver [None req-b105b1d5-1c80-4856-94bc-db9bdbcac4c9 - - - - - -] OVN reports status down for port: f41f4084-4728-4080-bdd6-56ee73b275d3
2026-05-30 03:06:21.304 9 INFO neutron.api.wsgi [req-89060aa6-23f1-46ef-9a93-3092ea09b842 req-95af3af4-5cd4-4737-acbf-96254d6c368e 75a0590e247640d3a29435da8536bf91 2a4c865670c34d4ba2c584599b9d12e7 - - default default] 199.204.45.72 "GET /v2.0/networks?id=08678dbf-cde7-4913-bd2f-e7a2a279e3a0 HTTP/1.1" status: 200 len: 879 time: 0.0493071
2026-05-30 03:06:21.361 9 INFO neutron.api.wsgi [req-89060aa6-23f1-46ef-9a93-3092ea09b842 req-5f0ff93c-edd5-4c3e-ab22-695f57f6f542 75a0590e247640d3a29435da8536bf91 2a4c865670c34d4ba2c584599b9d12e7 - - default default] 199.204.45.72 "GET /v2.0/security-groups?fields=id&fields=name&tenant_id=2a4c865670c34d4ba2c584599b9d12e7 HTTP/1.1" status: 200 len: 380 time: 0.0387652
2026-05-30 03:06:21.388 9 WARNING neutron_lib.context [req-89060aa6-23f1-46ef-9a93-3092ea09b842 req-a2f1cbb2-7b61-40ab-9926-d231f3a93b78 75a0590e247640d3a29435da8536bf91 2a4c865670c34d4ba2c584599b9d12e7 - - default default] Method 'is_advsvc' is deprecated since 2023.2 release (neutron-lib 3.8.0) and will be removed once support for the old RBAC API policies will be removed from Neutron. Please use method 'is_service_role' instead.
2026-05-30 03:06:21.667 9 WARNING neutron.scheduler.dhcp_agent_scheduler [req-89060aa6-23f1-46ef-9a93-3092ea09b842 req-a2f1cbb2-7b61-40ab-9926-d231f3a93b78 75a0590e247640d3a29435da8536bf91 2a4c865670c34d4ba2c584599b9d12e7 - - default default] No more DHCP agents
2026-05-30 03:06:21.669 9 WARNING neutron.api.rpc.agentnotifiers.dhcp_rpc_agent_api [req-89060aa6-23f1-46ef-9a93-3092ea09b842 req-a2f1cbb2-7b61-40ab-9926-d231f3a93b78 75a0590e247640d3a29435da8536bf91 2a4c865670c34d4ba2c584599b9d12e7 - - default default] Unable to schedule network 08678dbf-cde7-4913-bd2f-e7a2a279e3a0: no agents available; will retry on subsequent port and subnet creation events. /var/lib/openstack/lib/python3.12/site-packages/pycadf/identifier.py:71: UserWarning: Invalid uuid: neutron. To ensure interoperability, identifiers should be a valid uuid. warnings.warn(('Invalid uuid: %s. To ensure interoperability, ' /var/lib/openstack/lib/python3.12/site-packages/pycadf/identifier.py:71: UserWarning: Invalid uuid: neutron. To ensure interoperability, identifiers should be a valid uuid. warnings.warn(('Invalid uuid: %s. To ensure interoperability, '
2026-05-30 03:06:21.769 10 INFO neutron.api.wsgi [req-d67477a1-fcb9-4648-b896-b5d6d42b4337 req-56036763-b53a-4da5-9b6a-2b0972569259 75a0590e247640d3a29435da8536bf91 2a4c865670c34d4ba2c584599b9d12e7 - - default default] 10.0.0.26 "GET /v2.0/ports?device_id=59c2311a-a0de-48d1-87e5-d33b97ed0fcd HTTP/1.1" status: 200 len: 1160 time: 0.0727735
2026-05-30 03:06:21.780 9 INFO neutron.api.wsgi [req-06d0446b-db25-46c8-a632-3080410cdda4 req-add264f7-5814-41b1-9626-e2b0d8010274 8ca171e540a349259a5596b84540b6b5 e8abd2819e884749ace692c3c979dc50 - - default default] 10.0.0.26 "GET /v2.0/ports?device_id=dcbfcbf2-36ff-4514-8216-f2068e0e5d45 HTTP/1.1" status: 200 len: 1172 time: 0.0357335
2026-05-30 03:06:21.816 9 INFO neutron.db.ovn_revision_numbers_db [req-89060aa6-23f1-46ef-9a93-3092ea09b842 req-a2f1cbb2-7b61-40ab-9926-d231f3a93b78 75a0590e247640d3a29435da8536bf91 2a4c865670c34d4ba2c584599b9d12e7 - - default default] Successfully bumped revision number for resource 81d6498b-e6f3-4086-a8bb-f4b38466000c (type: ports) to 1
2026-05-30 03:06:21.821 9 INFO neutron.api.wsgi [req-06d0446b-db25-46c8-a632-3080410cdda4 req-a4933d6b-0dc9-478b-b058-e204d5bd49ff 8ca171e540a349259a5596b84540b6b5 e8abd2819e884749ace692c3c979dc50 - - default default] 10.0.0.26 "GET /v2.0/security-groups?id=dc6e9bc5-edfb-4bf2-85b5-8d15f7718711&fields=id&fields=name HTTP/1.1" status: 200 len: 312 time: 0.0326593
2026-05-30 03:06:21.822 10 INFO neutron.api.wsgi [req-d67477a1-fcb9-4648-b896-b5d6d42b4337 req-0e7e5af3-901b-45b1-8a6c-84586fce6a0d 75a0590e247640d3a29435da8536bf91 2a4c865670c34d4ba2c584599b9d12e7 - - default default] 10.0.0.26 "GET /v2.0/security-groups?id=e71cc810-1ee9-4390-a078-e3358d2f4d41&fields=id&fields=name HTTP/1.1" status: 200 len: 313 time: 0.0463448
2026-05-30 03:06:21.835 9 INFO neutron.api.wsgi [req-89060aa6-23f1-46ef-9a93-3092ea09b842 req-a2f1cbb2-7b61-40ab-9926-d231f3a93b78 75a0590e247640d3a29435da8536bf91 2a4c865670c34d4ba2c584599b9d12e7 - - default default] 199.204.45.72 "POST /v2.0/ports HTTP/1.1" status: 201 len: 1162 time: 0.4549325
2026-05-30 03:06:22.089 9 INFO neutron.api.wsgi [req-b1750a7e-3942-46e6-aed6-b767df6034ec req-0599e348-3aea-4579-bc13-d26ded6e62d1 de22f10b7bce4dfdb31f2e95203cc9dc d696a7b8475b47d98a1dd2dcf2879aab - - 540244188f344bb38ea18e82208c5849 540244188f344bb38ea18e82208c5849] 199.204.45.72 "GET /v2.0/ports?tenant_id=e8abd2819e884749ace692c3c979dc50&device_id=dcbfcbf2-36ff-4514-8216-f2068e0e5d45 HTTP/1.1" status: 200 len: 1411 time: 0.0420375 /var/lib/openstack/lib/python3.12/site-packages/pycadf/identifier.py:71: UserWarning: Invalid uuid: neutron. To ensure interoperability, identifiers should be a valid uuid. warnings.warn(('Invalid uuid: %s. To ensure interoperability, '
2026-05-30 03:06:22.116 9 INFO neutron.api.wsgi [req-b1750a7e-3942-46e6-aed6-b767df6034ec req-467c036c-0380-45e8-844f-f5ab19a9d24c de22f10b7bce4dfdb31f2e95203cc9dc d696a7b8475b47d98a1dd2dcf2879aab - - 540244188f344bb38ea18e82208c5849 540244188f344bb38ea18e82208c5849] 199.204.45.72 "GET /v2.0/floatingips?fixed_ip_address=10.100.0.10&port_id=d02b38b8-8a27-4b89-9530-f801e71f4497 HTTP/1.1" status: 200 len: 217 time: 0.0203164
2026-05-30 03:06:22.156 9 INFO neutron.api.wsgi [req-b1750a7e-3942-46e6-aed6-b767df6034ec req-6b5d0cb7-c0b1-4328-8fbe-4aa422e721c3 de22f10b7bce4dfdb31f2e95203cc9dc d696a7b8475b47d98a1dd2dcf2879aab - - 540244188f344bb38ea18e82208c5849 540244188f344bb38ea18e82208c5849] 199.204.45.72 "GET /v2.0/subnets?id=7a50e811-dac2-4ace-a482-5caf488e23e8 HTTP/1.1" status: 200 len: 893 time: 0.0309784
2026-05-30 03:06:22.192 9 INFO neutron.api.wsgi [req-b1750a7e-3942-46e6-aed6-b767df6034ec req-9f66772a-f6cd-4d77-9447-359d856ed7cc de22f10b7bce4dfdb31f2e95203cc9dc d696a7b8475b47d98a1dd2dcf2879aab - - 540244188f344bb38ea18e82208c5849 540244188f344bb38ea18e82208c5849] 199.204.45.72 "GET /v2.0/ports?network_id=11435c1f-9532-4d37-879c-b0d025ca450d&device_owner=network%3Adhcp HTTP/1.1" status: 200 len: 210 time: 0.0239553
2026-05-30 03:06:22.193 10 INFO neutron.api.wsgi [req-d4648f07-c2b7-436b-9a05-e5a88a381cd7 req-0ff9ea8c-66a7-45aa-a4e0-75832dd12021 7b7c4a233fec4aef91db2cb70bce276f 27bf7ae49502438497d936bd1053521c - - default default] 10.0.0.26 "GET /v2.0/ports?device_id=3c86ca0c-f081-4e6d-b49f-f230e9383eea HTTP/1.1" status: 200 len: 210 time: 0.0331202
2026-05-30 03:06:22.272 9 INFO neutron.api.wsgi [req-b1750a7e-3942-46e6-aed6-b767df6034ec req-6e711a9f-d6a1-4230-a993-2c5206dadb72 de22f10b7bce4dfdb31f2e95203cc9dc d696a7b8475b47d98a1dd2dcf2879aab - - 540244188f344bb38ea18e82208c5849 540244188f344bb38ea18e82208c5849] 199.204.45.72 "GET /v2.0/networks/11435c1f-9532-4d37-879c-b0d025ca450d?fields=segments HTTP/1.1" status: 200 len: 212 time: 0.0676467
2026-05-30 03:06:22.276 9 INFO neutron.db.ovn_revision_numbers_db [req-89060aa6-23f1-46ef-9a93-3092ea09b842 req-515e5362-4b7b-4351-98ab-143d5e09ecb5 de22f10b7bce4dfdb31f2e95203cc9dc d696a7b8475b47d98a1dd2dcf2879aab - - 540244188f344bb38ea18e82208c5849 540244188f344bb38ea18e82208c5849] Successfully bumped revision number for resource 81d6498b-e6f3-4086-a8bb-f4b38466000c (type: ports) to 2
2026-05-30 03:06:22.323 9 INFO neutron.api.wsgi [req-b1750a7e-3942-46e6-aed6-b767df6034ec req-8815fd83-a354-499f-93e0-332a6e5fb52d de22f10b7bce4dfdb31f2e95203cc9dc d696a7b8475b47d98a1dd2dcf2879aab - - 540244188f344bb38ea18e82208c5849 540244188f344bb38ea18e82208c5849] 199.204.45.72 "GET /v2.0/networks/11435c1f-9532-4d37-879c-b0d025ca450d?fields=provider%3Aphysical_network&fields=provider%3Anetwork_type HTTP/1.1" status: 200 len: 277 time: 0.0436795
2026-05-30 03:06:22.533 9 INFO neutron.db.ovn_revision_numbers_db [req-89060aa6-23f1-46ef-9a93-3092ea09b842 req-515e5362-4b7b-4351-98ab-143d5e09ecb5 de22f10b7bce4dfdb31f2e95203cc9dc d696a7b8475b47d98a1dd2dcf2879aab - - 540244188f344bb38ea18e82208c5849 540244188f344bb38ea18e82208c5849] Successfully bumped revision number for resource 81d6498b-e6f3-4086-a8bb-f4b38466000c (type: ports) to 4
2026-05-30 03:06:22.553 9 INFO neutron.api.wsgi [req-89060aa6-23f1-46ef-9a93-3092ea09b842 req-515e5362-4b7b-4351-98ab-143d5e09ecb5 de22f10b7bce4dfdb31f2e95203cc9dc d696a7b8475b47d98a1dd2dcf2879aab - - 540244188f344bb38ea18e82208c5849 540244188f344bb38ea18e82208c5849] 199.204.45.72 "PUT /v2.0/ports/81d6498b-e6f3-4086-a8bb-f4b38466000c HTTP/1.1" status: 200 len: 1408 time: 0.7115231 /var/lib/openstack/lib/python3.12/site-packages/pycadf/identifier.py:71: UserWarning: Invalid uuid: neutron. To ensure interoperability, identifiers should be a valid uuid. warnings.warn(('Invalid uuid: %s. To ensure interoperability, '
2026-05-30 03:06:22.961 10 INFO neutron.api.wsgi [req-07aa93cc-56f7-442a-9514-60b3400ed07d req-56d308c9-89fc-4827-b1ee-81c442e80385 8ca171e540a349259a5596b84540b6b5 e8abd2819e884749ace692c3c979dc50 - - default default] 10.0.0.26 "GET /v2.0/ports?device_id=dcbfcbf2-36ff-4514-8216-f2068e0e5d45 HTTP/1.1" status: 200 len: 1172 time: 0.0744281
2026-05-30 03:06:22.965 9 INFO neutron.api.wsgi [req-fe1c336d-7bc9-4209-b3ef-b9ffea7ae6ac req-f743ab44-52f5-4cef-a7dc-f4d3b15e2f6c 75a0590e247640d3a29435da8536bf91 2a4c865670c34d4ba2c584599b9d12e7 - - default default] 10.0.0.26 "GET /v2.0/ports?device_id=59c2311a-a0de-48d1-87e5-d33b97ed0fcd HTTP/1.1" status: 200 len: 1172 time: 0.0808804
2026-05-30 03:06:23.011 9 INFO neutron.api.wsgi [req-fe1c336d-7bc9-4209-b3ef-b9ffea7ae6ac req-6ce2ed9e-c701-4073-bb6c-ced21aa5294d 75a0590e247640d3a29435da8536bf91 2a4c865670c34d4ba2c584599b9d12e7 - - default default] 10.0.0.26 "GET /v2.0/security-groups?id=e71cc810-1ee9-4390-a078-e3358d2f4d41&fields=id&fields=name HTTP/1.1" status: 200 len: 313 time: 0.0406671
2026-05-30 03:06:23.015 10 INFO neutron.api.wsgi [req-07aa93cc-56f7-442a-9514-60b3400ed07d req-9d0494d3-68e3-44d3-b54c-652156bd1f3b 8ca171e540a349259a5596b84540b6b5 e8abd2819e884749ace692c3c979dc50 - - default default] 10.0.0.26 "GET /v2.0/security-groups?id=dc6e9bc5-edfb-4bf2-85b5-8d15f7718711&fields=id&fields=name HTTP/1.1" status: 200 len: 312 time: 0.0457959
2026-05-30 03:06:23.055 9 INFO neutron.notifiers.nova [-] Nova event matching ['req-ce367fa5-c25a-48a2-b8db-b7533a7dfafc'] response: {'name': 'network-changed', 'server_uuid': 'dcbfcbf2-36ff-4514-8216-f2068e0e5d45', 'tag': 'd02b38b8-8a27-4b89-9530-f801e71f4497', 'status': 'completed', 'code': 200}
2026-05-30 03:06:23.055 9 INFO neutron.notifiers.nova [-] Nova event matching ['req-ce367fa5-c25a-48a2-b8db-b7533a7dfafc'] response: {'name': 'network-changed', 'server_uuid': '59c2311a-a0de-48d1-87e5-d33b97ed0fcd', 'tag': '81d6498b-e6f3-4086-a8bb-f4b38466000c', 'status': 'completed', 'code': 200}
2026-05-30 03:06:23.296 10 INFO neutron.api.wsgi [req-5339461e-c57e-44c7-87b2-f8c3a042cda2 req-0a616997-c1e6-47c9-af8d-9bc5d7241ad1 7b7c4a233fec4aef91db2cb70bce276f 27bf7ae49502438497d936bd1053521c - - default default] 10.0.0.26 "GET /v2.0/ports?device_id=3c86ca0c-f081-4e6d-b49f-f230e9383eea HTTP/1.1" status: 200 len: 210 time: 0.0205715
2026-05-30 03:06:23.615 9 INFO neutron.api.wsgi [req-65b17030-3a0e-42b0-93ad-07cdfc81d7e9 req-a48bbe49-68db-4c10-a9fc-fc93c2a071db de22f10b7bce4dfdb31f2e95203cc9dc d696a7b8475b47d98a1dd2dcf2879aab - - 540244188f344bb38ea18e82208c5849 540244188f344bb38ea18e82208c5849] 199.204.45.72 "GET /v2.0/ports?tenant_id=e8abd2819e884749ace692c3c979dc50&device_id=dcbfcbf2-36ff-4514-8216-f2068e0e5d45 HTTP/1.1" status: 200 len: 1411 time: 0.0422232
2026-05-30 03:06:23.624 9 INFO neutron.api.wsgi [req-89060aa6-23f1-46ef-9a93-3092ea09b842 req-bb77b1b2-5548-4100-bbae-2e67ebc4476b de22f10b7bce4dfdb31f2e95203cc9dc d696a7b8475b47d98a1dd2dcf2879aab - - 540244188f344bb38ea18e82208c5849 540244188f344bb38ea18e82208c5849] 199.204.45.72 "GET /v2.0/ports?tenant_id=2a4c865670c34d4ba2c584599b9d12e7&device_id=59c2311a-a0de-48d1-87e5-d33b97ed0fcd HTTP/1.1" status: 200 len: 1411 time: 0.0477526
2026-05-30 03:06:23.646 9 INFO neutron.api.wsgi [req-89060aa6-23f1-46ef-9a93-3092ea09b842 req-d08d6a4b-8279-4068-a6ed-42e30d6ab2ce de22f10b7bce4dfdb31f2e95203cc9dc d696a7b8475b47d98a1dd2dcf2879aab - - 540244188f344bb38ea18e82208c5849 540244188f344bb38ea18e82208c5849] 199.204.45.72 "GET /v2.0/floatingips?fixed_ip_address=10.100.0.10&port_id=81d6498b-e6f3-4086-a8bb-f4b38466000c HTTP/1.1" status: 200 len: 217 time: 0.0168755
2026-05-30 03:06:23.681 9 INFO neutron.api.wsgi [req-89060aa6-23f1-46ef-9a93-3092ea09b842 req-ad44daa9-868c-45ef-a37c-9d8cf8fad499 de22f10b7bce4dfdb31f2e95203cc9dc d696a7b8475b47d98a1dd2dcf2879aab - - 540244188f344bb38ea18e82208c5849 540244188f344bb38ea18e82208c5849] 199.204.45.72 "GET /v2.0/subnets?id=3d7b67be-de20-49b4-a59b-2ad6e9c49ad9 HTTP/1.1" status: 200 len: 897 time: 0.0277057
2026-05-30 03:06:23.685 9 INFO neutron.api.wsgi [req-65b17030-3a0e-42b0-93ad-07cdfc81d7e9 req-a9f0bc9c-4e83-4b27-8296-f270f850bef8 de22f10b7bce4dfdb31f2e95203cc9dc d696a7b8475b47d98a1dd2dcf2879aab - - 540244188f344bb38ea18e82208c5849 540244188f344bb38ea18e82208c5849] 199.204.45.72 "GET /v2.0/networks?id=11435c1f-9532-4d37-879c-b0d025ca450d HTTP/1.1" status: 200 len: 973 time: 0.0605962
2026-05-30 03:06:23.710 9 INFO neutron.api.wsgi [req-89060aa6-23f1-46ef-9a93-3092ea09b842 req-df8b0927-2209-4bc7-bf9d-4a1f5bbbfe55 de22f10b7bce4dfdb31f2e95203cc9dc d696a7b8475b47d98a1dd2dcf2879aab - - 540244188f344bb38ea18e82208c5849 540244188f344bb38ea18e82208c5849] 199.204.45.72 "GET /v2.0/ports?network_id=08678dbf-cde7-4913-bd2f-e7a2a279e3a0&device_owner=network%3Adhcp HTTP/1.1" status: 200 len: 210 time: 0.0212018
2026-05-30 03:06:23.711 9 INFO neutron.api.wsgi [req-65b17030-3a0e-42b0-93ad-07cdfc81d7e9 req-367bad6d-e4d9-4590-967b-74930ab60574 de22f10b7bce4dfdb31f2e95203cc9dc d696a7b8475b47d98a1dd2dcf2879aab - - 540244188f344bb38ea18e82208c5849 540244188f344bb38ea18e82208c5849] 199.204.45.72 "GET /v2.0/floatingips?fixed_ip_address=10.100.0.10&port_id=d02b38b8-8a27-4b89-9530-f801e71f4497 HTTP/1.1" status: 200 len: 217 time: 0.0217700
2026-05-30 03:06:23.755 9 INFO neutron.api.wsgi [req-65b17030-3a0e-42b0-93ad-07cdfc81d7e9 req-7a50ddfc-a5e5-4503-8b37-80233bc6f41b de22f10b7bce4dfdb31f2e95203cc9dc d696a7b8475b47d98a1dd2dcf2879aab - - 540244188f344bb38ea18e82208c5849 540244188f344bb38ea18e82208c5849] 199.204.45.72 "GET /v2.0/subnets?id=7a50e811-dac2-4ace-a482-5caf488e23e8 HTTP/1.1" status: 200 len: 893 time: 0.0336781
2026-05-30 03:06:23.776 9 INFO neutron.api.wsgi [req-65b17030-3a0e-42b0-93ad-07cdfc81d7e9 req-0137878c-1004-4ee4-a778-2351b462437e de22f10b7bce4dfdb31f2e95203cc9dc d696a7b8475b47d98a1dd2dcf2879aab - - 540244188f344bb38ea18e82208c5849 540244188f344bb38ea18e82208c5849] 199.204.45.72 "GET /v2.0/ports?network_id=11435c1f-9532-4d37-879c-b0d025ca450d&device_owner=network%3Adhcp HTTP/1.1" status: 200 len: 210 time: 0.0166802
2026-05-30 03:06:23.789 9 INFO neutron.api.wsgi [req-89060aa6-23f1-46ef-9a93-3092ea09b842 req-d898b505-e697-4191-b87b-a3e004053460 de22f10b7bce4dfdb31f2e95203cc9dc d696a7b8475b47d98a1dd2dcf2879aab - - 540244188f344bb38ea18e82208c5849 540244188f344bb38ea18e82208c5849] 199.204.45.72 "GET /v2.0/networks/08678dbf-cde7-4913-bd2f-e7a2a279e3a0?fields=segments HTTP/1.1" status: 200 len: 212 time: 0.0684345
2026-05-30 03:06:23.830 9 INFO neutron.api.wsgi [req-65b17030-3a0e-42b0-93ad-07cdfc81d7e9 req-768b4025-cb18-4804-8e47-502aeeaea50c de22f10b7bce4dfdb31f2e95203cc9dc d696a7b8475b47d98a1dd2dcf2879aab - - 540244188f344bb38ea18e82208c5849 540244188f344bb38ea18e82208c5849] 199.204.45.72 "GET /v2.0/networks/11435c1f-9532-4d37-879c-b0d025ca450d?fields=segments HTTP/1.1" status: 200 len: 212 time: 0.0499747
2026-05-30 03:06:23.837 9 INFO neutron.api.wsgi [req-89060aa6-23f1-46ef-9a93-3092ea09b842 req-b1a542f5-4cea-4ada-92e2-652d87c5ddca de22f10b7bce4dfdb31f2e95203cc9dc d696a7b8475b47d98a1dd2dcf2879aab - - 540244188f344bb38ea18e82208c5849 540244188f344bb38ea18e82208c5849] 199.204.45.72 "GET /v2.0/networks/08678dbf-cde7-4913-bd2f-e7a2a279e3a0?fields=provider%3Aphysical_network&fields=provider%3Anetwork_type HTTP/1.1" status: 200 len: 277 time: 0.0445242
2026-05-30 03:06:23.883 9 INFO neutron.api.wsgi [req-65b17030-3a0e-42b0-93ad-07cdfc81d7e9 req-eb102a3a-85a5-49f6-9c0b-66733a9b0659 de22f10b7bce4dfdb31f2e95203cc9dc d696a7b8475b47d98a1dd2dcf2879aab - - 540244188f344bb38ea18e82208c5849 540244188f344bb38ea18e82208c5849] 199.204.45.72 "GET /v2.0/networks/11435c1f-9532-4d37-879c-b0d025ca450d?fields=provider%3Aphysical_network&fields=provider%3Anetwork_type HTTP/1.1" status: 200 len: 277 time: 0.0460465
2026-05-30 03:06:24.125 9 INFO neutron.api.wsgi [req-50b201dd-e027-441c-9cc3-b8414829eaac req-cf9365ed-ced9-4c9d-b17d-04f1d5f8da4d 75a0590e247640d3a29435da8536bf91 2a4c865670c34d4ba2c584599b9d12e7 - - default default] 10.0.0.26 "GET /v2.0/ports?device_id=59c2311a-a0de-48d1-87e5-d33b97ed0fcd HTTP/1.1" status: 200 len: 1172 time: 0.0407434
2026-05-30 03:06:24.140 10 INFO neutron.api.wsgi [req-38f144f7-4498-4bd3-a801-fd84a6d955df req-2236a79c-5880-4b09-af22-113cd0a0bff0 8ca171e540a349259a5596b84540b6b5 e8abd2819e884749ace692c3c979dc50 - - default default] 10.0.0.26 "GET /v2.0/ports?device_id=dcbfcbf2-36ff-4514-8216-f2068e0e5d45 HTTP/1.1" status: 200 len: 1172 time: 0.0502291
2026-05-30 03:06:24.175 9 INFO neutron.api.wsgi [req-50b201dd-e027-441c-9cc3-b8414829eaac req-9186ba2d-d95a-494b-a9a7-130ed3cf2b59 75a0590e247640d3a29435da8536bf91 2a4c865670c34d4ba2c584599b9d12e7 - - default default] 10.0.0.26 "GET /v2.0/security-groups?id=e71cc810-1ee9-4390-a078-e3358d2f4d41&fields=id&fields=name HTTP/1.1" status: 200 len: 313 time: 0.0385306
2026-05-30 03:06:24.183 10 INFO neutron.api.wsgi [req-38f144f7-4498-4bd3-a801-fd84a6d955df req-fe48966f-3ccc-4d8c-bf09-03290a2a04ff 8ca171e540a349259a5596b84540b6b5 e8abd2819e884749ace692c3c979dc50 - - default default] 10.0.0.26 "GET /v2.0/security-groups?id=dc6e9bc5-edfb-4bf2-85b5-8d15f7718711&fields=id&fields=name HTTP/1.1" status: 200 len: 312 time: 0.0363250
2026-05-30 03:06:24.520 10 INFO neutron.plugins.ml2.drivers.ovn.mech_driver.mech_driver [None req-b105b1d5-1c80-4856-94bc-db9bdbcac4c9 - - - - - -] OVN reports status up for port: d02b38b8-8a27-4b89-9530-f801e71f4497
2026-05-30 03:06:24.536 10 INFO neutron.plugins.ml2.plugin [None req-b105b1d5-1c80-4856-94bc-db9bdbcac4c9 - - - - - -] Attempt 1 to provision port d02b38b8-8a27-4b89-9530-f801e71f4497
2026-05-30 03:06:24.563 9 INFO neutron.api.wsgi [None req-ecc2fde9-5795-4424-af5d-009882277632 7b7c4a233fec4aef91db2cb70bce276f 27bf7ae49502438497d936bd1053521c - - default default] 10.0.0.50 "DELETE /v2.0/security-groups/78c74d82-d4cf-4161-b4c0-2a0ded34714c HTTP/1.1" status: 204 len: 168 time: 0.1847160
2026-05-30 03:06:24.589 9 INFO neutron.api.v2.resource [None req-514d8976-6464-4415-af89-28566b93d84f 7b7c4a233fec4aef91db2cb70bce276f 27bf7ae49502438497d936bd1053521c - - default default] show failed (client error): The resource could not be found.
2026-05-30 03:06:24.590 9 INFO neutron.api.wsgi [None req-514d8976-6464-4415-af89-28566b93d84f 7b7c4a233fec4aef91db2cb70bce276f 27bf7ae49502438497d936bd1053521c - - default default] 10.0.0.50 "GET /v2.0/security-groups/78c74d82-d4cf-4161-b4c0-2a0ded34714c HTTP/1.1" status: 404 len: 347 time: 0.0205545
2026-05-30 03:06:24.694 10 INFO neutron.notifiers.nova [-] Nova event matching ['req-4da2c660-3f1f-4a50-b8c4-65b5f7ec6d4d'] response: {'server_uuid': 'dcbfcbf2-36ff-4514-8216-f2068e0e5d45', 'name': 'network-vif-plugged', 'status': 'completed', 'tag': 'd02b38b8-8a27-4b89-9530-f801e71f4497', 'code': 200}
2026-05-30 03:06:24.823 10 INFO neutron.db.ovn_revision_numbers_db [None req-b105b1d5-1c80-4856-94bc-db9bdbcac4c9 - - - - - -] Successfully bumped revision number for resource d02b38b8-8a27-4b89-9530-f801e71f4497 (type: ports) to 5
2026-05-30 03:06:24.932 9 INFO neutron.api.wsgi [None req-b135c775-0d43-4d4d-9600-01792201dee6 7b7c4a233fec4aef91db2cb70bce276f 27bf7ae49502438497d936bd1053521c - - default default] 10.0.0.50 "DELETE /v2.0/floatingips/8e2063f8-b375-4207-ab42-575cbce1e0f6 HTTP/1.1" status: 204 len: 168 time: 0.3371801
2026-05-30 03:06:24.937 9 INFO neutron.api.wsgi [req-65b17030-3a0e-42b0-93ad-07cdfc81d7e9 req-72ade40b-72ee-4d5b-ac29-6461a44cdd10 de22f10b7bce4dfdb31f2e95203cc9dc d696a7b8475b47d98a1dd2dcf2879aab - - 540244188f344bb38ea18e82208c5849 540244188f344bb38ea18e82208c5849] 199.204.45.72 "GET /v2.0/ports?tenant_id=2a4c865670c34d4ba2c584599b9d12e7&device_id=59c2311a-a0de-48d1-87e5-d33b97ed0fcd HTTP/1.1" status: 200 len: 1411 time: 0.0374594
2026-05-30 03:06:25.000 9 INFO neutron.api.wsgi [req-65b17030-3a0e-42b0-93ad-07cdfc81d7e9 req-918e685e-e515-4632-b2f0-862c75cbc00c de22f10b7bce4dfdb31f2e95203cc9dc d696a7b8475b47d98a1dd2dcf2879aab - - 540244188f344bb38ea18e82208c5849 540244188f344bb38ea18e82208c5849] 199.204.45.72 "GET /v2.0/networks?id=08678dbf-cde7-4913-bd2f-e7a2a279e3a0 HTTP/1.1" status: 200 len: 978 time: 0.0557113
2026-05-30 03:06:25.025 9 INFO neutron.api.wsgi [req-65b17030-3a0e-42b0-93ad-07cdfc81d7e9 req-764d6a5e-968e-4466-a75a-05300e51ab75 de22f10b7bce4dfdb31f2e95203cc9dc d696a7b8475b47d98a1dd2dcf2879aab - - 540244188f344bb38ea18e82208c5849 540244188f344bb38ea18e82208c5849] 199.204.45.72 "GET /v2.0/floatingips?fixed_ip_address=10.100.0.10&port_id=81d6498b-e6f3-4086-a8bb-f4b38466000c HTTP/1.1" status: 200 len: 217 time: 0.0195143
2026-05-30 03:06:25.060 9 INFO neutron.api.wsgi [req-65b17030-3a0e-42b0-93ad-07cdfc81d7e9 req-72ab936b-0ca8-476c-ad47-c6f86e9f37c2 de22f10b7bce4dfdb31f2e95203cc9dc d696a7b8475b47d98a1dd2dcf2879aab - - 540244188f344bb38ea18e82208c5849 540244188f344bb38ea18e82208c5849] 199.204.45.72 "GET /v2.0/subnets?id=3d7b67be-de20-49b4-a59b-2ad6e9c49ad9 HTTP/1.1" status: 200 len: 897 time: 0.0288661
2026-05-30 03:06:25.083 9 INFO neutron.api.wsgi [req-65b17030-3a0e-42b0-93ad-07cdfc81d7e9 req-bcfbfd8c-50f5-4b6b-b2c1-e74589e97102 de22f10b7bce4dfdb31f2e95203cc9dc d696a7b8475b47d98a1dd2dcf2879aab - - 540244188f344bb38ea18e82208c5849 540244188f344bb38ea18e82208c5849] 199.204.45.72 "GET /v2.0/ports?network_id=08678dbf-cde7-4913-bd2f-e7a2a279e3a0&device_owner=network%3Adhcp HTTP/1.1" status: 200 len: 210 time: 0.0169468
2026-05-30 03:06:25.131 9 INFO neutron.api.wsgi [req-65b17030-3a0e-42b0-93ad-07cdfc81d7e9 req-de3ad686-4912-43b2-8455-ab8a78e762a0 de22f10b7bce4dfdb31f2e95203cc9dc d696a7b8475b47d98a1dd2dcf2879aab - - 540244188f344bb38ea18e82208c5849 540244188f344bb38ea18e82208c5849] 199.204.45.72 "GET /v2.0/networks/08678dbf-cde7-4913-bd2f-e7a2a279e3a0?fields=segments HTTP/1.1" status: 200 len: 212 time: 0.0423336
2026-05-30 03:06:25.187 9 INFO neutron.api.wsgi [req-65b17030-3a0e-42b0-93ad-07cdfc81d7e9 req-9a331cf3-2031-4bf9-b83c-aa746cccca38 de22f10b7bce4dfdb31f2e95203cc9dc d696a7b8475b47d98a1dd2dcf2879aab - - 540244188f344bb38ea18e82208c5849 540244188f344bb38ea18e82208c5849] 199.204.45.72 "GET /v2.0/networks/08678dbf-cde7-4913-bd2f-e7a2a279e3a0?fields=provider%3Aphysical_network&fields=provider%3Anetwork_type HTTP/1.1" status: 200 len: 277 time: 0.0505762 /var/lib/openstack/lib/python3.12/site-packages/pycadf/identifier.py:71: UserWarning: Invalid uuid: neutron. To ensure interoperability, identifiers should be a valid uuid. warnings.warn(('Invalid uuid: %s. To ensure interoperability, '
2026-05-30 03:06:25.280 10 INFO neutron.api.wsgi [req-dc8f6e34-85f5-49f8-8fb6-7f057fce0cf1 req-6c376373-81a0-4e9d-9853-631ec78c8be9 75a0590e247640d3a29435da8536bf91 2a4c865670c34d4ba2c584599b9d12e7 - - default default] 10.0.0.26 "GET /v2.0/ports?device_id=59c2311a-a0de-48d1-87e5-d33b97ed0fcd HTTP/1.1" status: 200 len: 1172 time: 0.0436127
2026-05-30 03:06:25.289 9 INFO neutron.api.wsgi [req-59fba35e-b08b-4156-9c7a-1c6f92c7fd29 req-bea724af-3a0c-4fba-9cb7-7e795fa88fa6 8ca171e540a349259a5596b84540b6b5 e8abd2819e884749ace692c3c979dc50 - - default default] 10.0.0.26 "GET /v2.0/ports?device_id=dcbfcbf2-36ff-4514-8216-f2068e0e5d45 HTTP/1.1" status: 200 len: 1174 time: 0.0386703
2026-05-30 03:06:25.318 10 INFO neutron.api.wsgi [req-dc8f6e34-85f5-49f8-8fb6-7f057fce0cf1 req-2569c116-9330-42b1-8ad1-4bab6a0a18c5 75a0590e247640d3a29435da8536bf91 2a4c865670c34d4ba2c584599b9d12e7 - - default default] 10.0.0.26 "GET /v2.0/security-groups?id=e71cc810-1ee9-4390-a078-e3358d2f4d41&fields=id&fields=name HTTP/1.1" status: 200 len: 313 time: 0.0327260
2026-05-30 03:06:25.340 9 INFO neutron.api.wsgi [req-59fba35e-b08b-4156-9c7a-1c6f92c7fd29 req-30c5c0a6-5843-4497-afda-76bf118e554a 8ca171e540a349259a5596b84540b6b5 e8abd2819e884749ace692c3c979dc50 - - default default] 10.0.0.26 "GET /v2.0/security-groups?id=dc6e9bc5-edfb-4bf2-85b5-8d15f7718711&fields=id&fields=name HTTP/1.1" status: 200 len: 312 time: 0.0425513
2026-05-30 03:06:26.225 9 INFO neutron.api.wsgi [None req-4b2a87fa-dbe5-4767-8b17-2123168f1d5f 5b269b93c6fd4a6f8021a4e0ea1fed9b 67ae0794042149f4a396eb9cd2d12b7e - - default default] 10.0.0.50 "PUT /v2.0/routers/8d68ef12-014a-4777-80c4-d3bcb9b51cdd/remove_router_interface HTTP/1.1" status: 200 len: 503 time: 1.2847106 /var/lib/openstack/lib/python3.12/site-packages/pycadf/identifier.py:71: UserWarning: Invalid uuid: neutron. To ensure interoperability, identifiers should be a valid uuid. warnings.warn(('Invalid uuid: %s. To ensure interoperability, '
2026-05-30 03:06:26.437 9 INFO neutron.api.wsgi [req-e59d9d9c-88ff-4eaf-827c-2fe0c127fc84 req-e3ff93d7-a613-4a0c-9394-447322786f64 75a0590e247640d3a29435da8536bf91 2a4c865670c34d4ba2c584599b9d12e7 - - default default] 10.0.0.26 "GET /v2.0/ports?device_id=59c2311a-a0de-48d1-87e5-d33b97ed0fcd HTTP/1.1" status: 200 len: 1172 time: 0.0436120
2026-05-30 03:06:26.463 10 INFO neutron.api.wsgi [req-a85e4a40-08ee-4cce-9ac2-7fd052eae25e req-4c22a128-6265-4414-b85e-395f7a8776c0 8ca171e540a349259a5596b84540b6b5 e8abd2819e884749ace692c3c979dc50 - - default default] 10.0.0.26 "GET /v2.0/ports?device_id=dcbfcbf2-36ff-4514-8216-f2068e0e5d45 HTTP/1.1" status: 200 len: 1174 time: 0.0488875
2026-05-30 03:06:26.503 9 INFO neutron.api.wsgi [req-e59d9d9c-88ff-4eaf-827c-2fe0c127fc84 req-8adb3a04-272f-4c9f-bc89-4384f2cb4549 75a0590e247640d3a29435da8536bf91 2a4c865670c34d4ba2c584599b9d12e7 - - default default] 10.0.0.26 "GET /v2.0/security-groups?id=e71cc810-1ee9-4390-a078-e3358d2f4d41&fields=id&fields=name HTTP/1.1" status: 200 len: 313 time: 0.0604830
2026-05-30 03:06:26.519 10 INFO neutron.api.wsgi [req-a85e4a40-08ee-4cce-9ac2-7fd052eae25e req-b4d72fd3-10af-43c8-803b-51baf7f6b7fd 8ca171e540a349259a5596b84540b6b5 e8abd2819e884749ace692c3c979dc50 - - default default] 10.0.0.26 "GET /v2.0/security-groups?id=dc6e9bc5-edfb-4bf2-85b5-8d15f7718711&fields=id&fields=name HTTP/1.1" status: 200 len: 312 time: 0.0472143
2026-05-30 03:06:26.669 9 INFO neutron.api.wsgi [req-46046c9d-444e-4f2e-9366-0c2b2a15b907 req-886c4158-6075-40fe-9997-86e029c8ca6c 8ca171e540a349259a5596b84540b6b5 e8abd2819e884749ace692c3c979dc50 - - default default] 10.0.0.26 "GET /v2.0/ports?device_id=dcbfcbf2-36ff-4514-8216-f2068e0e5d45 HTTP/1.1" status: 200 len: 1174 time: 0.0757504
2026-05-30 03:06:26.737 10 INFO neutron.notifiers.nova [-] Nova event matching ['req-2202f513-eb88-41a8-94b7-5c117cce26df'] response: {'server_uuid': 'dcbfcbf2-36ff-4514-8216-f2068e0e5d45', 'name': 'network-vif-plugged', 'status': 'completed', 'tag': 'd02b38b8-8a27-4b89-9530-f801e71f4497', 'code': 200}
2026-05-30 03:06:26.998 10 INFO neutron.api.wsgi [None req-604578c3-353a-4df1-89b4-5e69911e85c0 5b269b93c6fd4a6f8021a4e0ea1fed9b 67ae0794042149f4a396eb9cd2d12b7e - - default default] 10.0.0.50 "DELETE /v2.0/routers/8d68ef12-014a-4777-80c4-d3bcb9b51cdd HTTP/1.1" status: 204 len: 168 time: 0.7671840
2026-05-30 03:06:27.219 9 INFO neutron.db.ovn_revision_numbers_db [None req-c573511a-6785-4f5c-bd71-e9e7f4fd2f77 8ca171e540a349259a5596b84540b6b5 e8abd2819e884749ace692c3c979dc50 - - default default] Successfully bumped revision number for resource 6176f903-93a5-4d80-8111-4f3031c4384e (type: floatingips) to 1
2026-05-30 03:06:27.265 10 INFO neutron.api.wsgi [None req-6f3ddcf3-aaec-4137-a5f7-5ae6a201e4f9 5b269b93c6fd4a6f8021a4e0ea1fed9b 67ae0794042149f4a396eb9cd2d12b7e - - default default] 10.0.0.50 "DELETE /v2.0/subnets/6cd1fc74-3769-4806-8c45-a2ed4dfa2f3e HTTP/1.1" status: 204 len: 168 time: 0.2612140
2026-05-30 03:06:27.337 9 INFO neutron.db.ovn_revision_numbers_db [None req-c573511a-6785-4f5c-bd71-e9e7f4fd2f77 8ca171e540a349259a5596b84540b6b5 e8abd2819e884749ace692c3c979dc50 - - default default] Successfully bumped revision number for resource 6176f903-93a5-4d80-8111-4f3031c4384e (type: floatingips) to 2
2026-05-30 03:06:27.337 9 INFO neutron.db.l3_db [None req-c573511a-6785-4f5c-bd71-e9e7f4fd2f77 8ca171e540a349259a5596b84540b6b5 e8abd2819e884749ace692c3c979dc50 - - default default] Floating IP 6176f903-93a5-4d80-8111-4f3031c4384e associated. External IP: 10.96.250.202, port: d02b38b8-8a27-4b89-9530-f801e71f4497.
2026-05-30 03:06:27.370 9 INFO neutron.api.wsgi [None req-c573511a-6785-4f5c-bd71-e9e7f4fd2f77 8ca171e540a349259a5596b84540b6b5 e8abd2819e884749ace692c3c979dc50 - - default default] 10.0.0.50 "PUT /v2.0/floatingips/6176f903-93a5-4d80-8111-4f3031c4384e HTTP/1.1" status: 200 len: 1050 time: 0.6893215
2026-05-30 03:06:27.405 9 INFO neutron.notifiers.nova [-] Nova event matching ['req-b9175e3e-4750-4022-be24-9662f6a217c5'] response: {'name': 'network-changed', 'server_uuid': 'dcbfcbf2-36ff-4514-8216-f2068e0e5d45', 'tag': 'd02b38b8-8a27-4b89-9530-f801e71f4497', 'status': 'completed', 'code': 200}
2026-05-30 03:06:27.463 9 INFO neutron.api.wsgi [req-d5540fc4-4e52-4d20-8748-398f661af488 req-ba45161a-608c-4a7c-9888-afecbaa649c8 8ca171e540a349259a5596b84540b6b5 e8abd2819e884749ace692c3c979dc50 - - default default] 10.0.0.26 "GET /v2.0/ports?device_id=dcbfcbf2-36ff-4514-8216-f2068e0e5d45 HTTP/1.1" status: 200 len: 1174 time: 0.0382421
2026-05-30 03:06:27.519 9 INFO neutron.api.wsgi [req-d5540fc4-4e52-4d20-8748-398f661af488 req-1581c32b-65f7-41e5-bceb-e656097032b3 8ca171e540a349259a5596b84540b6b5 e8abd2819e884749ace692c3c979dc50 - - default default] 10.0.0.26 "GET /v2.0/security-groups?id=dc6e9bc5-edfb-4bf2-85b5-8d15f7718711&fields=id&fields=name HTTP/1.1" status: 200 len: 312 time: 0.0483584 /var/lib/openstack/lib/python3.12/site-packages/pycadf/identifier.py:71: UserWarning: Invalid uuid: neutron. To ensure interoperability, identifiers should be a valid uuid. warnings.warn(('Invalid uuid: %s. To ensure interoperability, '
