2026-05-30 02:29:39.185 15 INFO neutron.plugins.ml2.drivers.ovn.mech_driver.ovsdb.maintenance [None req-efe0b4c0-d7bf-42c6-b142-f35f53db20c6 - - - - - -] OVN maintenance task set_network_type finished in 0.007 seconds
2026-05-30 02:29:39.186 15 INFO neutron.plugins.ml2.drivers.ovn.mech_driver.ovsdb.maintenance [None req-efe0b4c0-d7bf-42c6-b142-f35f53db20c6 - - - - - -] OVN maintenance task update_mac_aging_settings finished in 0.001 seconds
2026-05-30 02:29:39.191 15 INFO neutron.plugins.ml2.drivers.ovn.mech_driver.ovsdb.maintenance [None req-efe0b4c0-d7bf-42c6-b142-f35f53db20c6 - - - - - -] OVN maintenance task update_router_distributed_flag finished in 0.004 seconds
2026-05-30 02:29:39.192 15 INFO neutron.plugins.ml2.drivers.ovn.mech_driver.ovsdb.maintenance [None req-efe0b4c0-d7bf-42c6-b142-f35f53db20c6 - - - - - -] OVN maintenance task update_router_static_routes finished in 0.000 seconds
2026-05-30 02:29:39.205 15 INFO neutron.plugins.ml2.drivers.ovn.mech_driver.ovsdb.maintenance [None req-efe0b4c0-d7bf-42c6-b142-f35f53db20c6 - - - - - -] OVN maintenance task update_security_group_with_address_group finished in 0.013 seconds
2026-05-30 02:29:45.219 9 INFO neutron.api.wsgi [-] 10.0.0.122 "GET / HTTP/1.1" status: 200 len: 247 time: 0.0069633 /var/lib/openstack/lib/python3.12/site-packages/pycadf/identifier.py:71: UserWarning: Invalid uuid: unknown. To ensure interoperability, identifiers should be a valid uuid. warnings.warn(('Invalid uuid: %s. To ensure interoperability, '
2026-05-30 02:29:48.434 9 INFO neutron.pecan_wsgi.hooks.translation [None req-64381708-00a7-4808-ab2f-e29b9742995b 5b269b93c6fd4a6f8021a4e0ea1fed9b 67ae0794042149f4a396eb9cd2d12b7e - - default default] GET failed (client error): The resource could not be found.
2026-05-30 02:29:48.436 9 INFO neutron.api.wsgi [None req-64381708-00a7-4808-ab2f-e29b9742995b 5b269b93c6fd4a6f8021a4e0ea1fed9b 67ae0794042149f4a396eb9cd2d12b7e - - default default] 199.204.45.72,10.0.0.122 "GET /v2.0/networks/public HTTP/1.1" status: 404 len: 290 time: 0.7496872
2026-05-30 02:29:48.458 9 INFO neutron.api.wsgi [None req-40123e9d-b753-41ca-b976-18b95d94b315 5b269b93c6fd4a6f8021a4e0ea1fed9b 67ae0794042149f4a396eb9cd2d12b7e - - default default] 199.204.45.72,10.0.0.122 "GET /v2.0/networks?name=public HTTP/1.1" status: 200 len: 189 time: 0.0195515
2026-05-30 02:29:48.946 9 INFO neutron.plugins.ml2.drivers.ovn.mech_driver.ovsdb.extensions.qos [None req-7bfda8c9-21c7-42b3-9f3f-cfc7fbd43be3 5b269b93c6fd4a6f8021a4e0ea1fed9b 67ae0794042149f4a396eb9cd2d12b7e - - default default] Starting OVNClientQosExtension
2026-05-30 02:29:48.947 9 INFO neutron.plugins.ml2.drivers.ovn.mech_driver.ovsdb.extensions.placement [None req-7bfda8c9-21c7-42b3-9f3f-cfc7fbd43be3 5b269b93c6fd4a6f8021a4e0ea1fed9b 67ae0794042149f4a396eb9cd2d12b7e - - default default] Starting OVNClientPlacementExtension
2026-05-30 02:29:48.962 15 WARNING neutron.plugins.ml2.drivers.ovn.mech_driver.ovsdb.ovn_db_sync [None req-ff7c20e5-2667-4369-8c28-6996d1123bc9 - - - - - -] New host instance found in OVN SB DB, but not in Neutron. Add its SegmentHostMapping in Neutron
2026-05-30 02:29:49.001 9 INFO neutron.db.ovn_revision_numbers_db [None req-7bfda8c9-21c7-42b3-9f3f-cfc7fbd43be3 5b269b93c6fd4a6f8021a4e0ea1fed9b 67ae0794042149f4a396eb9cd2d12b7e - - default default] Successfully bumped revision number for resource 73055cdd-4ca8-47a0-8add-b3fbbfb9853e (type: security_groups) to 1
2026-05-30 02:29:49.022 9 INFO neutron.db.ovn_revision_numbers_db [None req-7bfda8c9-21c7-42b3-9f3f-cfc7fbd43be3 5b269b93c6fd4a6f8021a4e0ea1fed9b 67ae0794042149f4a396eb9cd2d12b7e - - default default] Successfully bumped revision number for resource 3d34996d-ecca-496a-9863-c94be0f7cd60 (type: security_group_rules) to 0
2026-05-30 02:29:49.043 9 INFO neutron.db.ovn_revision_numbers_db [None req-7bfda8c9-21c7-42b3-9f3f-cfc7fbd43be3 5b269b93c6fd4a6f8021a4e0ea1fed9b 67ae0794042149f4a396eb9cd2d12b7e - - default default] Successfully bumped revision number for resource 5a3565e7-b835-4dcd-8e13-47517035ec83 (type: security_group_rules) to 0
2026-05-30 02:29:49.058 9 INFO neutron.db.ovn_revision_numbers_db [None req-7bfda8c9-21c7-42b3-9f3f-cfc7fbd43be3 5b269b93c6fd4a6f8021a4e0ea1fed9b 67ae0794042149f4a396eb9cd2d12b7e - - default default] Successfully bumped revision number for resource ce6bb206-c7ac-4bab-b647-ad7bde9b8b3a (type: security_group_rules) to 0
2026-05-30 02:29:49.082 9 INFO neutron.db.ovn_revision_numbers_db [None req-7bfda8c9-21c7-42b3-9f3f-cfc7fbd43be3 5b269b93c6fd4a6f8021a4e0ea1fed9b 67ae0794042149f4a396eb9cd2d12b7e - - default default] Successfully bumped revision number for resource fb2dbde5-8625-4816-b869-75c49b62e9e6 (type: security_group_rules) to 0
2026-05-30 02:29:49.115 15 INFO neutron.plugins.ml2.drivers.ovn.mech_driver.ovsdb.extensions.qos [None req-5aa20861-6672-4302-a0f7-2863005dbf18 - - - - - -] Starting OVNClientQosExtension
2026-05-30 02:29:49.125 15 INFO neutron.plugins.ml2.drivers.ovn.mech_driver.ovsdb.extensions.qos [None req-5aa20861-6672-4302-a0f7-2863005dbf18 - - - - - -] Starting OVNClientQosExtension
2026-05-30 02:29:49.168 9 WARNING neutron.services.revisions.revision_plugin [None req-7bfda8c9-21c7-42b3-9f3f-cfc7fbd43be3 5b269b93c6fd4a6f8021a4e0ea1fed9b 67ae0794042149f4a396eb9cd2d12b7e - - default default] Could not find related network for resource to bump revision.
2026-05-30 02:29:49.197 9 INFO neutron.db.segments_db [None req-7bfda8c9-21c7-42b3-9f3f-cfc7fbd43be3 5b269b93c6fd4a6f8021a4e0ea1fed9b 67ae0794042149f4a396eb9cd2d12b7e - - default default] Added segment 503bf19f-e91f-41e8-a05a-80b572417523 of type flat for network c95f1c1d-e5a6-4c19-9afd-aff0bb985712
2026-05-30 02:29:49.435 9 INFO neutron.db.ovn_revision_numbers_db [None req-7bfda8c9-21c7-42b3-9f3f-cfc7fbd43be3 5b269b93c6fd4a6f8021a4e0ea1fed9b 67ae0794042149f4a396eb9cd2d12b7e - - default default] Successfully bumped revision number for resource c95f1c1d-e5a6-4c19-9afd-aff0bb985712 (type: networks) to 1
2026-05-30 02:29:49.697 9 WARNING neutron.scheduler.dhcp_agent_scheduler [None req-7bfda8c9-21c7-42b3-9f3f-cfc7fbd43be3 5b269b93c6fd4a6f8021a4e0ea1fed9b 67ae0794042149f4a396eb9cd2d12b7e - - default default] No more DHCP agents
2026-05-30 02:29:49.699 9 WARNING neutron.api.rpc.agentnotifiers.dhcp_rpc_agent_api [None req-7bfda8c9-21c7-42b3-9f3f-cfc7fbd43be3 5b269b93c6fd4a6f8021a4e0ea1fed9b 67ae0794042149f4a396eb9cd2d12b7e - - default default] Unable to schedule network c95f1c1d-e5a6-4c19-9afd-aff0bb985712: no agents available; will retry on subsequent port and subnet creation events.
2026-05-30 02:29:49.790 9 INFO neutron.db.ovn_revision_numbers_db [None req-7bfda8c9-21c7-42b3-9f3f-cfc7fbd43be3 5b269b93c6fd4a6f8021a4e0ea1fed9b 67ae0794042149f4a396eb9cd2d12b7e - - default default] Successfully bumped revision number for resource fc2a5220-9e1a-4836-9287-b27879fe9d36 (type: ports) to 1
2026-05-30 02:29:49.815 9 INFO neutron.api.wsgi [None req-7bfda8c9-21c7-42b3-9f3f-cfc7fbd43be3 5b269b93c6fd4a6f8021a4e0ea1fed9b 67ae0794042149f4a396eb9cd2d12b7e - - default default] 199.204.45.72,10.0.0.122 "POST /v2.0/networks HTTP/1.1" status: 201 len: 886 time: 1.3487997
2026-05-30 02:29:51.024 9 INFO neutron.pecan_wsgi.hooks.translation [None req-7a31c1cc-9dca-45c6-ac9d-a5d9181cf583 5b269b93c6fd4a6f8021a4e0ea1fed9b 67ae0794042149f4a396eb9cd2d12b7e - - default default] GET failed (client error): The resource could not be found.
2026-05-30 02:29:51.026 9 INFO neutron.api.wsgi [None req-7a31c1cc-9dca-45c6-ac9d-a5d9181cf583 5b269b93c6fd4a6f8021a4e0ea1fed9b 67ae0794042149f4a396eb9cd2d12b7e - - default default] 199.204.45.72,10.0.0.122 "GET /v2.0/networks/public HTTP/1.1" status: 404 len: 290 time: 0.0397789
2026-05-30 02:29:51.061 9 INFO neutron.api.wsgi [None req-0e163aa8-91ac-4938-b7da-cce0bcda369e 5b269b93c6fd4a6f8021a4e0ea1fed9b 67ae0794042149f4a396eb9cd2d12b7e - - default default] 199.204.45.72,10.0.0.122 "GET /v2.0/networks?name=public HTTP/1.1" status: 200 len: 890 time: 0.0305612
2026-05-30 02:29:51.087 9 INFO neutron.pecan_wsgi.hooks.translation [None req-a43de1d2-8a5d-4525-9b9e-d5093439432b 5b269b93c6fd4a6f8021a4e0ea1fed9b 67ae0794042149f4a396eb9cd2d12b7e - - default default] GET failed (client error): The resource could not be found.
2026-05-30 02:29:51.088 9 INFO neutron.api.wsgi [None req-a43de1d2-8a5d-4525-9b9e-d5093439432b 5b269b93c6fd4a6f8021a4e0ea1fed9b 67ae0794042149f4a396eb9cd2d12b7e - - default default] 199.204.45.72,10.0.0.122 "GET /v2.0/subnets/public-subnet?network_id=c95f1c1d-e5a6-4c19-9afd-aff0bb985712 HTTP/1.1" status: 404 len: 295 time: 0.0202198
2026-05-30 02:29:51.113 9 INFO neutron.api.wsgi [None req-7ff58a00-d22a-4e1b-b402-564f90585c3b 5b269b93c6fd4a6f8021a4e0ea1fed9b 67ae0794042149f4a396eb9cd2d12b7e - - default default] 199.204.45.72,10.0.0.122 "GET /v2.0/subnets?name=public-subnet&network_id=c95f1c1d-e5a6-4c19-9afd-aff0bb985712 HTTP/1.1" status: 200 len: 188 time: 0.0207279
2026-05-30 02:29:51.380 9 WARNING neutron.scheduler.dhcp_agent_scheduler [None req-0808c00a-6bb9-4781-8ba4-c5c1520bf8c2 5b269b93c6fd4a6f8021a4e0ea1fed9b 67ae0794042149f4a396eb9cd2d12b7e - - default default] No more DHCP agents
2026-05-30 02:29:51.381 9 WARNING neutron.api.rpc.agentnotifiers.dhcp_rpc_agent_api [None req-0808c00a-6bb9-4781-8ba4-c5c1520bf8c2 5b269b93c6fd4a6f8021a4e0ea1fed9b 67ae0794042149f4a396eb9cd2d12b7e - - default default] Unable to schedule network c95f1c1d-e5a6-4c19-9afd-aff0bb985712: no agents available; will retry on subsequent port and subnet creation events.
2026-05-30 02:29:51.921 9 INFO neutron.db.ovn_revision_numbers_db [None req-9ac32ae4-d8a2-4d2d-940f-6eef94d24679 - - - - - -] Successfully bumped revision number for resource fc2a5220-9e1a-4836-9287-b27879fe9d36 (type: ports) to 2
2026-05-30 02:29:51.952 9 INFO neutron.db.ovn_revision_numbers_db [None req-9ac32ae4-d8a2-4d2d-940f-6eef94d24679 - - - - - -] Successfully bumped revision number for resource 5a84038a-c637-4804-9cc4-8a5ddecec48a (type: subnets) to 0
2026-05-30 02:29:51.967 9 INFO neutron.api.wsgi [None req-0808c00a-6bb9-4781-8ba4-c5c1520bf8c2 5b269b93c6fd4a6f8021a4e0ea1fed9b 67ae0794042149f4a396eb9cd2d12b7e - - default default] 199.204.45.72,10.0.0.122 "POST /v2.0/subnets HTTP/1.1" status: 201 len: 844 time: 0.8469529
2026-05-30 02:30:00.218 10 INFO neutron.api.wsgi [-] 10.0.0.122 "GET / HTTP/1.1" status: 200 len: 247 time: 0.0057313
2026-05-30 02:30:15.215 10 INFO neutron.api.wsgi [-] 10.0.0.122 "GET / HTTP/1.1" status: 200 len: 247 time: 0.0028985
2026-05-30 02:30:30.215 10 INFO neutron.api.wsgi [-] 10.0.0.122 "GET / HTTP/1.1" status: 200 len: 247 time: 0.0025842
2026-05-30 02:30:30.215 9 INFO neutron.api.wsgi [-] 10.0.0.122 "GET / HTTP/1.1" status: 200 len: 247 time: 0.0028908
2026-05-30 02:30:45.213 10 INFO neutron.api.wsgi [-] 10.0.0.122 "GET / HTTP/1.1" status: 200 len: 247 time: 0.0019655
2026-05-30 02:30:45.216 10 INFO neutron.api.wsgi [-] 10.0.0.122 "GET / HTTP/1.1" status: 200 len: 247 time: 0.0017364
2026-05-30 02:31:00.215 10 INFO neutron.api.wsgi [-] 10.0.0.122 "GET / HTTP/1.1" status: 200 len: 247 time: 0.0025723
2026-05-30 02:31:00.215 9 INFO neutron.api.wsgi [-] 10.0.0.122 "GET / HTTP/1.1" status: 200 len: 247 time: 0.0030024
2026-05-30 02:31:15.215 10 INFO neutron.api.wsgi [-] 10.0.0.122 "GET / HTTP/1.1" status: 200 len: 247 time: 0.0026910
2026-05-30 02:31:15.215 9 INFO neutron.api.wsgi [-] 10.0.0.122 "GET / HTTP/1.1" status: 200 len: 247 time: 0.0023351
2026-05-30 02:31:30.214 9 INFO neutron.api.wsgi [-] 10.0.0.122 "GET / HTTP/1.1" status: 200 len: 247 time: 0.0022035
2026-05-30 02:31:30.218 9 INFO neutron.api.wsgi [-] 10.0.0.122 "GET / HTTP/1.1" status: 200 len: 247 time: 0.0011208
2026-05-30 02:31:45.216 10 INFO neutron.api.wsgi [-] 10.0.0.122 "GET / HTTP/1.1" status: 200 len: 247 time: 0.0040495
2026-05-30 02:31:45.216 9 INFO neutron.api.wsgi [-] 10.0.0.122 "GET / HTTP/1.1" status: 200 len: 247 time: 0.0025222
2026-05-30 02:32:00.213 10 INFO neutron.api.wsgi [-] 10.0.0.122 "GET / HTTP/1.1" status: 200 len: 247 time: 0.0021982
2026-05-30 02:32:00.215 9 INFO neutron.api.wsgi [-] 10.0.0.122 "GET / HTTP/1.1" status: 200 len: 247 time: 0.0037055
2026-05-30 02:32:15.215 10 INFO neutron.api.wsgi [-] 10.0.0.122 "GET / HTTP/1.1" status: 200 len: 247 time: 0.0029004
2026-05-30 02:32:15.218 9 INFO neutron.api.wsgi [-] 10.0.0.122 "GET / HTTP/1.1" status: 200 len: 247 time: 0.0048959
2026-05-30 02:32:30.214 10 INFO neutron.api.wsgi [-] 10.0.0.122 "GET / HTTP/1.1" status: 200 len: 247 time: 0.0026193
2026-05-30 02:32:30.214 9 INFO neutron.api.wsgi [-] 10.0.0.122 "GET / HTTP/1.1" status: 200 len: 247 time: 0.0027554
2026-05-30 02:32:45.214 10 INFO neutron.api.wsgi [-] 10.0.0.122 "GET / HTTP/1.1" status: 200 len: 247 time: 0.0021222
2026-05-30 02:32:45.215 10 INFO neutron.api.wsgi [-] 10.0.0.122 "GET / HTTP/1.1" status: 200 len: 247 time: 0.0009344
2026-05-30 02:33:00.215 10 INFO neutron.api.wsgi [-] 10.0.0.122 "GET / HTTP/1.1" status: 200 len: 247 time: 0.0025327
2026-05-30 02:33:00.217 10 INFO neutron.api.wsgi [-] 10.0.0.122 "GET / HTTP/1.1" status: 200 len: 247 time: 0.0019920
2026-05-30 02:33:15.214 9 INFO neutron.api.wsgi [-] 10.0.0.122 "GET / HTTP/1.1" status: 200 len: 247 time: 0.0020120
2026-05-30 02:33:15.215 10 INFO neutron.api.wsgi [-] 10.0.0.122 "GET / HTTP/1.1" status: 200 len: 247 time: 0.0034950
2026-05-30 02:33:30.214 10 INFO neutron.api.wsgi [-] 10.0.0.122 "GET / HTTP/1.1" status: 200 len: 247 time: 0.0018818
2026-05-30 02:33:30.217 10 INFO neutron.api.wsgi [-] 10.0.0.122 "GET / HTTP/1.1" status: 200 len: 247 time: 0.0021310
2026-05-30 02:33:45.215 10 INFO neutron.api.wsgi [-] 10.0.0.122 "GET / HTTP/1.1" status: 200 len: 247 time: 0.0033371
2026-05-30 02:33:45.219 10 INFO neutron.api.wsgi [-] 10.0.0.122 "GET / HTTP/1.1" status: 200 len: 247 time: 0.0021112
2026-05-30 02:34:00.218 10 INFO neutron.api.wsgi [-] 10.0.0.122 "GET / HTTP/1.1" status: 200 len: 247 time: 0.0057445
2026-05-30 02:34:00.220 10 INFO neutron.api.wsgi [-] 10.0.0.122 "GET / HTTP/1.1" status: 200 len: 247 time: 0.0014446
2026-05-30 02:34:15.215 9 INFO neutron.api.wsgi [-] 10.0.0.122 "GET / HTTP/1.1" status: 200 len: 247 time: 0.0028036
2026-05-30 02:34:15.218 9 INFO neutron.api.wsgi [-] 10.0.0.122 "GET / HTTP/1.1" status: 200 len: 247 time: 0.0020487
2026-05-30 02:34:30.214 10 INFO neutron.api.wsgi [-] 10.0.0.122 "GET / HTTP/1.1" status: 200 len: 247 time: 0.0025859
2026-05-30 02:34:30.218 10 INFO neutron.api.wsgi [-] 10.0.0.122 "GET / HTTP/1.1" status: 200 len: 247 time: 0.0028095
2026-05-30 02:34:39.235 15 INFO neutron.db.ovn_revision_numbers_db [None req-efe0b4c0-d7bf-42c6-b142-f35f53db20c6 - - - - - -] Successfully bumped revision number for resource c95f1c1d-e5a6-4c19-9afd-aff0bb985712 (type: networks) to 2
2026-05-30 02:34:39.236 15 INFO neutron.plugins.ml2.drivers.ovn.mech_driver.ovsdb.maintenance [None req-efe0b4c0-d7bf-42c6-b142-f35f53db20c6 - - - - - -] OVN maintenance task check_for_inconsistencies finished in 0.141 seconds /var/lib/openstack/lib/python3.12/site-packages/pycadf/identifier.py:71: UserWarning: Invalid uuid: unknown. To ensure interoperability, identifiers should be a valid uuid. warnings.warn(('Invalid uuid: %s. To ensure interoperability, '
2026-05-30 02:34:41.520 10 INFO neutron.pecan_wsgi.hooks.translation [None req-e56e591b-82a8-4520-879f-a41a52c2fdde 5b269b93c6fd4a6f8021a4e0ea1fed9b 67ae0794042149f4a396eb9cd2d12b7e - - default default] GET failed (client error): The resource could not be found.
2026-05-30 02:34:41.522 10 INFO neutron.api.wsgi [None req-e56e591b-82a8-4520-879f-a41a52c2fdde 5b269b93c6fd4a6f8021a4e0ea1fed9b 67ae0794042149f4a396eb9cd2d12b7e - - default default] 199.204.45.72,10.0.0.122 "GET /v2.0/networks/lb-mgmt-net HTTP/1.1" status: 404 len: 295 time: 0.6380770
2026-05-30 02:34:41.550 10 INFO neutron.api.wsgi [None req-313dfff9-21cd-45f0-b8ee-f715d7316b95 5b269b93c6fd4a6f8021a4e0ea1fed9b 67ae0794042149f4a396eb9cd2d12b7e - - default default] 199.204.45.72,10.0.0.122 "GET /v2.0/networks?name=lb-mgmt-net HTTP/1.1" status: 200 len: 189 time: 0.0225585
2026-05-30 02:34:41.821 10 INFO neutron.db.segments_db [None req-1133177b-c05f-4554-a477-0551128cfce6 5b269b93c6fd4a6f8021a4e0ea1fed9b 67ae0794042149f4a396eb9cd2d12b7e - - default default] Added segment 83615211-bfd9-4ed1-aa01-6e6903ef441f of type geneve for network cb1736a9-6038-4999-82f9-9b3916b1355c
2026-05-30 02:34:42.013 10 INFO neutron.plugins.ml2.drivers.ovn.mech_driver.ovsdb.extensions.qos [None req-1133177b-c05f-4554-a477-0551128cfce6 5b269b93c6fd4a6f8021a4e0ea1fed9b 67ae0794042149f4a396eb9cd2d12b7e - - default default] Starting OVNClientQosExtension
2026-05-30 02:34:42.014 10 INFO neutron.plugins.ml2.drivers.ovn.mech_driver.ovsdb.extensions.placement [None req-1133177b-c05f-4554-a477-0551128cfce6 5b269b93c6fd4a6f8021a4e0ea1fed9b 67ae0794042149f4a396eb9cd2d12b7e - - default default] Starting OVNClientPlacementExtension
2026-05-30 02:34:42.055 10 INFO neutron.db.ovn_revision_numbers_db [None req-1133177b-c05f-4554-a477-0551128cfce6 5b269b93c6fd4a6f8021a4e0ea1fed9b 67ae0794042149f4a396eb9cd2d12b7e - - default default] Successfully bumped revision number for resource cb1736a9-6038-4999-82f9-9b3916b1355c (type: networks) to 1
2026-05-30 02:34:42.302 10 WARNING neutron.scheduler.dhcp_agent_scheduler [None req-1133177b-c05f-4554-a477-0551128cfce6 5b269b93c6fd4a6f8021a4e0ea1fed9b 67ae0794042149f4a396eb9cd2d12b7e - - default default] No more DHCP agents
2026-05-30 02:34:42.303 10 WARNING neutron.api.rpc.agentnotifiers.dhcp_rpc_agent_api [None req-1133177b-c05f-4554-a477-0551128cfce6 5b269b93c6fd4a6f8021a4e0ea1fed9b 67ae0794042149f4a396eb9cd2d12b7e - - default default] Unable to schedule network cb1736a9-6038-4999-82f9-9b3916b1355c: no agents available; will retry on subsequent port and subnet creation events.
2026-05-30 02:34:42.399 10 INFO neutron.db.ovn_revision_numbers_db [None req-1133177b-c05f-4554-a477-0551128cfce6 5b269b93c6fd4a6f8021a4e0ea1fed9b 67ae0794042149f4a396eb9cd2d12b7e - - default default] Successfully bumped revision number for resource f2647d21-d14e-4d18-a7a9-c02725a71aee (type: ports) to 1
2026-05-30 02:34:42.427 10 INFO neutron.api.wsgi [None req-1133177b-c05f-4554-a477-0551128cfce6 5b269b93c6fd4a6f8021a4e0ea1fed9b 67ae0794042149f4a396eb9cd2d12b7e - - default default] 199.204.45.72,10.0.0.122 "POST /v2.0/networks HTTP/1.1" status: 201 len: 890 time: 0.8693945
2026-05-30 02:34:43.397 10 INFO neutron.pecan_wsgi.hooks.translation [None req-4e2b8298-e801-4ca3-bbb5-98c5df89d9f8 5b269b93c6fd4a6f8021a4e0ea1fed9b 67ae0794042149f4a396eb9cd2d12b7e - - default default] GET failed (client error): The resource could not be found.
2026-05-30 02:34:43.398 10 INFO neutron.api.wsgi [None req-4e2b8298-e801-4ca3-bbb5-98c5df89d9f8 5b269b93c6fd4a6f8021a4e0ea1fed9b 67ae0794042149f4a396eb9cd2d12b7e - - default default] 199.204.45.72,10.0.0.122 "GET /v2.0/networks/lb-mgmt-net HTTP/1.1" status: 404 len: 295 time: 0.0418010
2026-05-30 02:34:43.436 10 INFO neutron.api.wsgi [None req-fb8c2454-a4ae-43ec-bcda-fc9db5052785 5b269b93c6fd4a6f8021a4e0ea1fed9b 67ae0794042149f4a396eb9cd2d12b7e - - default default] 199.204.45.72,10.0.0.122 "GET /v2.0/networks?name=lb-mgmt-net HTTP/1.1" status: 200 len: 875 time: 0.0330255
2026-05-30 02:34:43.465 10 INFO neutron.pecan_wsgi.hooks.translation [None req-d8eccaaf-effc-4022-b764-73c5c5a9fc72 5b269b93c6fd4a6f8021a4e0ea1fed9b 67ae0794042149f4a396eb9cd2d12b7e - - default default] GET failed (client error): The resource could not be found.
2026-05-30 02:34:43.467 10 INFO neutron.api.wsgi [None req-d8eccaaf-effc-4022-b764-73c5c5a9fc72 5b269b93c6fd4a6f8021a4e0ea1fed9b 67ae0794042149f4a396eb9cd2d12b7e - - default default] 199.204.45.72,10.0.0.122 "GET /v2.0/subnets/lb-mgmt-subnet?network_id=cb1736a9-6038-4999-82f9-9b3916b1355c HTTP/1.1" status: 404 len: 296 time: 0.0225904
2026-05-30 02:34:43.490 10 INFO neutron.api.wsgi [None req-3ff340af-7d79-40e4-a0b0-efc52399cf9b 5b269b93c6fd4a6f8021a4e0ea1fed9b 67ae0794042149f4a396eb9cd2d12b7e - - default default] 199.204.45.72,10.0.0.122 "GET /v2.0/subnets?name=lb-mgmt-subnet&network_id=cb1736a9-6038-4999-82f9-9b3916b1355c HTTP/1.1" status: 200 len: 188 time: 0.0191565
2026-05-30 02:34:43.648 10 WARNING neutron.scheduler.dhcp_agent_scheduler [None req-f8afc6c6-3e5d-4d7b-a89b-aeb64ac5d678 5b269b93c6fd4a6f8021a4e0ea1fed9b 67ae0794042149f4a396eb9cd2d12b7e - - default default] No more DHCP agents
2026-05-30 02:34:43.650 10 WARNING neutron.api.rpc.agentnotifiers.dhcp_rpc_agent_api [None req-f8afc6c6-3e5d-4d7b-a89b-aeb64ac5d678 5b269b93c6fd4a6f8021a4e0ea1fed9b 67ae0794042149f4a396eb9cd2d12b7e - - default default] Unable to schedule network cb1736a9-6038-4999-82f9-9b3916b1355c: no agents available; will retry on subsequent port and subnet creation events.
2026-05-30 02:34:44.124 10 INFO neutron.db.ovn_revision_numbers_db [None req-74f48578-a560-4b5e-9a61-56cb431a3de4 - - - - - -] Successfully bumped revision number for resource f2647d21-d14e-4d18-a7a9-c02725a71aee (type: ports) to 2
2026-05-30 02:34:44.170 10 INFO neutron.db.ovn_revision_numbers_db [None req-74f48578-a560-4b5e-9a61-56cb431a3de4 - - - - - -] Successfully bumped revision number for resource d7994953-ad80-4579-b478-d8f17c36d99c (type: subnets) to 0
2026-05-30 02:34:44.191 10 INFO neutron.api.wsgi [None req-f8afc6c6-3e5d-4d7b-a89b-aeb64ac5d678 5b269b93c6fd4a6f8021a4e0ea1fed9b 67ae0794042149f4a396eb9cd2d12b7e - - default default] 199.204.45.72,10.0.0.122 "POST /v2.0/subnets HTTP/1.1" status: 201 len: 831 time: 0.6950569
2026-05-30 02:34:45.214 9 INFO neutron.api.wsgi [-] 10.0.0.122 "GET / HTTP/1.1" status: 200 len: 247 time: 0.0024834
2026-05-30 02:34:45.217 10 INFO neutron.api.wsgi [-] 10.0.0.122 "GET / HTTP/1.1" status: 200 len: 247 time: 0.0044892
2026-05-30 02:34:45.385 10 INFO neutron.api.v2.resource [None req-44244064-2aaf-4b11-91a5-84f726c5da83 5b269b93c6fd4a6f8021a4e0ea1fed9b 67ae0794042149f4a396eb9cd2d12b7e - - default default] show failed (client error): The resource could not be found.
2026-05-30 02:34:45.387 10 INFO neutron.api.wsgi [None req-44244064-2aaf-4b11-91a5-84f726c5da83 5b269b93c6fd4a6f8021a4e0ea1fed9b 67ae0794042149f4a396eb9cd2d12b7e - - default default] 199.204.45.72,10.0.0.122 "GET /v2.0/security-groups/lb-health-mgr-sec-grp HTTP/1.1" status: 404 len: 313 time: 0.0405600
2026-05-30 02:34:45.421 10 INFO neutron.api.wsgi [None req-9c99600d-b2a2-4d89-8b63-1e814a47b63b 5b269b93c6fd4a6f8021a4e0ea1fed9b 67ae0794042149f4a396eb9cd2d12b7e - - default default] 199.204.45.72,10.0.0.122 "GET /v2.0/security-groups?name=lb-health-mgr-sec-grp HTTP/1.1" status: 200 len: 197 time: 0.0315084
2026-05-30 02:34:45.609 10 INFO neutron.db.ovn_revision_numbers_db [None req-4f7ff39a-cb99-48dd-adde-347bd4ab09c0 5b269b93c6fd4a6f8021a4e0ea1fed9b 67ae0794042149f4a396eb9cd2d12b7e - - default default] Successfully bumped revision number for resource 8f894fd8-6dab-4ebe-aedc-7ce839ab3906 (type: security_groups) to 1
2026-05-30 02:34:45.638 10 INFO neutron.db.ovn_revision_numbers_db [None req-4f7ff39a-cb99-48dd-adde-347bd4ab09c0 5b269b93c6fd4a6f8021a4e0ea1fed9b 67ae0794042149f4a396eb9cd2d12b7e - - default default] Successfully bumped revision number for resource 8aa2bb47-b4b7-4509-b030-be6346cf6349 (type: security_group_rules) to 0
2026-05-30 02:34:45.657 10 INFO neutron.db.ovn_revision_numbers_db [None req-4f7ff39a-cb99-48dd-adde-347bd4ab09c0 5b269b93c6fd4a6f8021a4e0ea1fed9b 67ae0794042149f4a396eb9cd2d12b7e - - default default] Successfully bumped revision number for resource d62f2986-05fe-4f93-a61b-ad5eb7059b01 (type: security_group_rules) to 0
2026-05-30 02:34:45.695 10 INFO neutron.api.wsgi [None req-4f7ff39a-cb99-48dd-adde-347bd4ab09c0 5b269b93c6fd4a6f8021a4e0ea1fed9b 67ae0794042149f4a396eb9cd2d12b7e - - default default] 199.204.45.72,10.0.0.122 "POST /v2.0/security-groups HTTP/1.1" status: 201 len: 1797 time: 0.2667999
2026-05-30 02:34:46.926 10 INFO neutron.api.wsgi [None req-7b61751c-795f-4049-a166-a7ac8bad3886 5b269b93c6fd4a6f8021a4e0ea1fed9b 67ae0794042149f4a396eb9cd2d12b7e - - default default] 199.204.45.72,10.0.0.122 "GET /v2.0/security-groups/8f894fd8-6dab-4ebe-aedc-7ce839ab3906 HTTP/1.1" status: 200 len: 1792 time: 0.0512364
2026-05-30 02:34:46.958 10 INFO neutron.api.wsgi [None req-4c48479e-5504-4b24-ba8d-d0a0ea6018e4 5b269b93c6fd4a6f8021a4e0ea1fed9b 67ae0794042149f4a396eb9cd2d12b7e - - default default] 199.204.45.72,10.0.0.122 "GET /v2.0/security-groups/8f894fd8-6dab-4ebe-aedc-7ce839ab3906 HTTP/1.1" status: 200 len: 1792 time: 0.0256207
2026-05-30 02:34:46.992 10 INFO neutron.api.wsgi [None req-a2aabdc9-b884-4de8-8b0f-cd7064562556 5b269b93c6fd4a6f8021a4e0ea1fed9b 67ae0794042149f4a396eb9cd2d12b7e - - default default] 199.204.45.72,10.0.0.122 "GET /v2.0/security-groups/8f894fd8-6dab-4ebe-aedc-7ce839ab3906 HTTP/1.1" status: 200 len: 1792 time: 0.0239592
2026-05-30 02:34:47.138 10 INFO neutron.db.ovn_revision_numbers_db [None req-9baff705-0b2b-4bec-b6f5-4cbb8ec14933 5b269b93c6fd4a6f8021a4e0ea1fed9b 67ae0794042149f4a396eb9cd2d12b7e - - default default] Successfully bumped revision number for resource ae4c47cf-902f-4e4c-84a9-6109995064ad (type: security_group_rules) to 0
2026-05-30 02:34:47.180 10 INFO neutron.api.wsgi [None req-9baff705-0b2b-4bec-b6f5-4cbb8ec14933 5b269b93c6fd4a6f8021a4e0ea1fed9b 67ae0794042149f4a396eb9cd2d12b7e - - default default] 199.204.45.72,10.0.0.122 "POST /v2.0/security-group-rules HTTP/1.1" status: 201 len: 781 time: 0.1809649
2026-05-30 02:34:48.137 10 INFO neutron.api.wsgi [None req-1be5ce91-7e17-43f1-a456-9d3a5d522039 5b269b93c6fd4a6f8021a4e0ea1fed9b 67ae0794042149f4a396eb9cd2d12b7e - - default default] 199.204.45.72,10.0.0.122 "GET /v2.0/security-groups/8f894fd8-6dab-4ebe-aedc-7ce839ab3906 HTTP/1.1" status: 200 len: 2406 time: 0.0592804
2026-05-30 02:34:48.167 10 INFO neutron.api.wsgi [None req-846cc5d3-2b8a-40fb-bba3-732dfc7675ee 5b269b93c6fd4a6f8021a4e0ea1fed9b 67ae0794042149f4a396eb9cd2d12b7e - - default default] 199.204.45.72,10.0.0.122 "GET /v2.0/security-groups/8f894fd8-6dab-4ebe-aedc-7ce839ab3906 HTTP/1.1" status: 200 len: 2406 time: 0.0227487
2026-05-30 02:34:48.195 10 INFO neutron.api.wsgi [None req-b571fd00-fd80-4118-82e5-39d6331098aa 5b269b93c6fd4a6f8021a4e0ea1fed9b 67ae0794042149f4a396eb9cd2d12b7e - - default default] 199.204.45.72,10.0.0.122 "GET /v2.0/security-groups/8f894fd8-6dab-4ebe-aedc-7ce839ab3906 HTTP/1.1" status: 200 len: 2406 time: 0.0218751
2026-05-30 02:34:48.319 10 INFO neutron.db.ovn_revision_numbers_db [None req-598b96df-8c46-4d23-a711-81574dad296d 5b269b93c6fd4a6f8021a4e0ea1fed9b 67ae0794042149f4a396eb9cd2d12b7e - - default default] Successfully bumped revision number for resource 97df5a7c-e24c-4abc-bea0-8b27dc990edc (type: security_group_rules) to 0
2026-05-30 02:34:48.367 10 INFO neutron.api.wsgi [None req-598b96df-8c46-4d23-a711-81574dad296d 5b269b93c6fd4a6f8021a4e0ea1fed9b 67ae0794042149f4a396eb9cd2d12b7e - - default default] 199.204.45.72,10.0.0.122 "POST /v2.0/security-group-rules HTTP/1.1" status: 201 len: 783 time: 0.1632292
2026-05-30 02:34:49.320 10 INFO neutron.api.wsgi [None req-f55360dc-92f1-4a18-931f-1b41efcf017b 5b269b93c6fd4a6f8021a4e0ea1fed9b 67ae0794042149f4a396eb9cd2d12b7e - - default default] 199.204.45.72,10.0.0.122 "GET /v2.0/security-groups/8f894fd8-6dab-4ebe-aedc-7ce839ab3906 HTTP/1.1" status: 200 len: 3022 time: 0.0545297
2026-05-30 02:34:49.353 10 INFO neutron.api.wsgi [None req-db2a43ef-2c42-4b2b-8e31-205b7758051b 5b269b93c6fd4a6f8021a4e0ea1fed9b 67ae0794042149f4a396eb9cd2d12b7e - - default default] 199.204.45.72,10.0.0.122 "GET /v2.0/security-groups/8f894fd8-6dab-4ebe-aedc-7ce839ab3906 HTTP/1.1" status: 200 len: 3022 time: 0.0255232
2026-05-30 02:34:49.387 10 INFO neutron.api.wsgi [None req-34dc30d5-ce1c-41aa-9d74-0446bf8ce324 5b269b93c6fd4a6f8021a4e0ea1fed9b 67ae0794042149f4a396eb9cd2d12b7e - - default default] 199.204.45.72,10.0.0.122 "GET /v2.0/security-groups/8f894fd8-6dab-4ebe-aedc-7ce839ab3906 HTTP/1.1" status: 200 len: 3022 time: 0.0268505
2026-05-30 02:34:49.509 10 INFO neutron.db.ovn_revision_numbers_db [None req-39e1b978-6b72-45e5-a932-22f6cd1b1c11 5b269b93c6fd4a6f8021a4e0ea1fed9b 67ae0794042149f4a396eb9cd2d12b7e - - default default] Successfully bumped revision number for resource e4b89982-3c19-44af-bf4b-17da4b0bf569 (type: security_group_rules) to 0
2026-05-30 02:34:49.545 10 INFO neutron.api.wsgi [None req-39e1b978-6b72-45e5-a932-22f6cd1b1c11 5b269b93c6fd4a6f8021a4e0ea1fed9b 67ae0794042149f4a396eb9cd2d12b7e - - default default] 199.204.45.72,10.0.0.122 "POST /v2.0/security-group-rules HTTP/1.1" status: 201 len: 783 time: 0.1526372
2026-05-30 02:34:50.482 10 INFO neutron.api.wsgi [None req-09bad236-28ce-4fa5-a36a-6f7e0623f469 5b269b93c6fd4a6f8021a4e0ea1fed9b 67ae0794042149f4a396eb9cd2d12b7e - - default default] 199.204.45.72,10.0.0.122 "GET /v2.0/security-groups/8f894fd8-6dab-4ebe-aedc-7ce839ab3906 HTTP/1.1" status: 200 len: 3638 time: 0.0696969
2026-05-30 02:34:50.519 10 INFO neutron.api.wsgi [None req-05c150d0-8cd6-49ea-815e-eabf93738382 5b269b93c6fd4a6f8021a4e0ea1fed9b 67ae0794042149f4a396eb9cd2d12b7e - - default default] 199.204.45.72,10.0.0.122 "GET /v2.0/security-groups/8f894fd8-6dab-4ebe-aedc-7ce839ab3906 HTTP/1.1" status: 200 len: 3638 time: 0.0286777
2026-05-30 02:34:50.553 10 INFO neutron.api.wsgi [None req-3adc3d0b-9bb7-4b16-96bc-b868a1e9f602 5b269b93c6fd4a6f8021a4e0ea1fed9b 67ae0794042149f4a396eb9cd2d12b7e - - default default] 199.204.45.72,10.0.0.122 "GET /v2.0/security-groups/8f894fd8-6dab-4ebe-aedc-7ce839ab3906 HTTP/1.1" status: 200 len: 3638 time: 0.0264413
2026-05-30 02:34:50.744 10 INFO neutron.db.ovn_revision_numbers_db [None req-420e8c2a-ee52-41a0-9df3-cbcb444016a8 5b269b93c6fd4a6f8021a4e0ea1fed9b 67ae0794042149f4a396eb9cd2d12b7e - - default default] Successfully bumped revision number for resource 8433c89a-595d-4a08-b726-e23f95938bd1 (type: security_group_rules) to 0
2026-05-30 02:34:50.772 10 INFO neutron.api.wsgi [None req-420e8c2a-ee52-41a0-9df3-cbcb444016a8 5b269b93c6fd4a6f8021a4e0ea1fed9b 67ae0794042149f4a396eb9cd2d12b7e - - default default] 199.204.45.72,10.0.0.122 "POST /v2.0/security-group-rules HTTP/1.1" status: 201 len: 783 time: 0.2107556
2026-05-30 02:34:51.649 10 INFO neutron.api.wsgi [None req-7711cea7-d917-4e23-9692-aa162c09923f 5b269b93c6fd4a6f8021a4e0ea1fed9b 67ae0794042149f4a396eb9cd2d12b7e - - default default] 199.204.45.72,10.0.0.122 "GET /v2.0/security-groups/8f894fd8-6dab-4ebe-aedc-7ce839ab3906 HTTP/1.1" status: 200 len: 4254 time: 0.0614758
2026-05-30 02:34:51.686 10 INFO neutron.api.wsgi [None req-ce4b8a93-741e-4179-8845-0bb73710e2e7 5b269b93c6fd4a6f8021a4e0ea1fed9b 67ae0794042149f4a396eb9cd2d12b7e - - default default] 199.204.45.72,10.0.0.122 "GET /v2.0/security-groups/8f894fd8-6dab-4ebe-aedc-7ce839ab3906 HTTP/1.1" status: 200 len: 4254 time: 0.0293663
2026-05-30 02:34:51.721 10 INFO neutron.api.wsgi [None req-39b4e643-e9ec-44db-bed8-21179b84a735 5b269b93c6fd4a6f8021a4e0ea1fed9b 67ae0794042149f4a396eb9cd2d12b7e - - default default] 199.204.45.72,10.0.0.122 "GET /v2.0/security-groups/8f894fd8-6dab-4ebe-aedc-7ce839ab3906 HTTP/1.1" status: 200 len: 4254 time: 0.0275021
2026-05-30 02:34:51.868 10 INFO neutron.db.ovn_revision_numbers_db [None req-5cbaf060-4aa7-4aa1-bf86-5d8dc511e6a9 5b269b93c6fd4a6f8021a4e0ea1fed9b 67ae0794042149f4a396eb9cd2d12b7e - - default default] Successfully bumped revision number for resource 0f11dd6c-edf6-4b1a-a037-101377a4e948 (type: security_group_rules) to 0
2026-05-30 02:34:51.903 10 INFO neutron.api.wsgi [None req-5cbaf060-4aa7-4aa1-bf86-5d8dc511e6a9 5b269b93c6fd4a6f8021a4e0ea1fed9b 67ae0794042149f4a396eb9cd2d12b7e - - default default] 199.204.45.72,10.0.0.122 "POST /v2.0/security-group-rules HTTP/1.1" status: 201 len: 783 time: 0.1750901
2026-05-30 02:34:53.185 10 INFO neutron.api.wsgi [None req-258f96c6-b4ba-410b-a7ed-8f7456477799 5b269b93c6fd4a6f8021a4e0ea1fed9b 67ae0794042149f4a396eb9cd2d12b7e - - default default] 199.204.45.72,10.0.0.122 "GET /v2.0/networks/cb1736a9-6038-4999-82f9-9b3916b1355c HTTP/1.1" status: 200 len: 910 time: 0.0680482
2026-05-30 02:34:53.205 10 INFO neutron.pecan_wsgi.hooks.translation [None req-1a301701-55f8-4fd2-a4d7-230b2326530d 5b269b93c6fd4a6f8021a4e0ea1fed9b 67ae0794042149f4a396eb9cd2d12b7e - - default default] GET failed (client error): The resource could not be found.
2026-05-30 02:34:53.207 10 INFO neutron.api.wsgi [None req-1a301701-55f8-4fd2-a4d7-230b2326530d 5b269b93c6fd4a6f8021a4e0ea1fed9b 67ae0794042149f4a396eb9cd2d12b7e - - default default] 199.204.45.72,10.0.0.122 "GET /v2.0/ports/octavia-health-manager-port-instance?network_id=cb1736a9-6038-4999-82f9-9b3916b1355c HTTP/1.1" status: 404 len: 314 time: 0.0126231
2026-05-30 02:34:53.239 10 INFO neutron.api.wsgi [None req-248a4d4e-79eb-4917-9bd4-843711a3e7dc 5b269b93c6fd4a6f8021a4e0ea1fed9b 67ae0794042149f4a396eb9cd2d12b7e - - default default] 199.204.45.72,10.0.0.122 "GET /v2.0/ports?name=octavia-health-manager-port-instance&network_id=cb1736a9-6038-4999-82f9-9b3916b1355c HTTP/1.1" status: 200 len: 186 time: 0.0287101
2026-05-30 02:34:53.277 10 INFO neutron.api.wsgi [None req-33c111bd-3951-40bd-a023-d9b50201ca7f 5b269b93c6fd4a6f8021a4e0ea1fed9b 67ae0794042149f4a396eb9cd2d12b7e - - default default] 199.204.45.72,10.0.0.122 "GET /v2.0/security-groups/8f894fd8-6dab-4ebe-aedc-7ce839ab3906 HTTP/1.1" status: 200 len: 4870 time: 0.0310457
2026-05-30 02:34:53.554 10 WARNING neutron.scheduler.dhcp_agent_scheduler [None req-b2e0d9f5-e107-4c23-8da0-732f1a2685b6 5b269b93c6fd4a6f8021a4e0ea1fed9b 67ae0794042149f4a396eb9cd2d12b7e - - default default] No more DHCP agents
2026-05-30 02:34:53.555 10 WARNING neutron.api.rpc.agentnotifiers.dhcp_rpc_agent_api [None req-b2e0d9f5-e107-4c23-8da0-732f1a2685b6 5b269b93c6fd4a6f8021a4e0ea1fed9b 67ae0794042149f4a396eb9cd2d12b7e - - default default] Unable to schedule network cb1736a9-6038-4999-82f9-9b3916b1355c: no agents available; will retry on subsequent port and subnet creation events.
2026-05-30 02:34:53.668 10 INFO neutron.db.ovn_revision_numbers_db [None req-b2e0d9f5-e107-4c23-8da0-732f1a2685b6 5b269b93c6fd4a6f8021a4e0ea1fed9b 67ae0794042149f4a396eb9cd2d12b7e - - default default] Successfully bumped revision number for resource 7d74c350-be9f-474c-a017-55736cb983e3 (type: ports) to 1
2026-05-30 02:34:53.689 10 INFO neutron.api.wsgi [None req-b2e0d9f5-e107-4c23-8da0-732f1a2685b6 5b269b93c6fd4a6f8021a4e0ea1fed9b 67ae0794042149f4a396eb9cd2d12b7e - - default default] 199.204.45.72,10.0.0.122 "POST /v2.0/ports HTTP/1.1" status: 201 len: 1273 time: 0.4032397 /var/lib/openstack/lib/python3.12/site-packages/pycadf/identifier.py:71: UserWarning: Invalid uuid: unknown. To ensure interoperability, identifiers should be a valid uuid. warnings.warn(('Invalid uuid: %s. To ensure interoperability, '
2026-05-30 02:35:00.017 10 INFO neutron.pecan_wsgi.hooks.translation [None req-947010e8-b946-41be-97f7-fee64686caf4 5b269b93c6fd4a6f8021a4e0ea1fed9b 67ae0794042149f4a396eb9cd2d12b7e - - default default] GET failed (client error): The resource could not be found.
2026-05-30 02:35:00.018 10 INFO neutron.api.wsgi [None req-947010e8-b946-41be-97f7-fee64686caf4 5b269b93c6fd4a6f8021a4e0ea1fed9b 67ae0794042149f4a396eb9cd2d12b7e - - default default] 199.204.45.72,10.0.0.122 "GET /v2.0/ports/octavia-health-manager-port-instance HTTP/1.1" status: 404 len: 314 time: 0.0503025
2026-05-30 02:35:00.081 10 INFO neutron.api.wsgi [None req-0c95c210-83b9-470d-bedc-62a215881a1a 5b269b93c6fd4a6f8021a4e0ea1fed9b 67ae0794042149f4a396eb9cd2d12b7e - - default default] 199.204.45.72,10.0.0.122 "GET /v2.0/ports?name=octavia-health-manager-port-instance HTTP/1.1" status: 200 len: 1271 time: 0.0582860
2026-05-30 02:35:00.213 9 INFO neutron.api.wsgi [-] 10.0.0.122 "GET / HTTP/1.1" status: 200 len: 247 time: 0.0012941
2026-05-30 02:35:00.251 9 INFO neutron.api.wsgi [-] 10.0.0.122 "GET / HTTP/1.1" status: 200 len: 247 time: 0.0014029
2026-05-30 02:35:00.557 10 INFO neutron.db.ovn_revision_numbers_db [None req-b1469106-3eef-4e19-986b-504b1efd21af 5b269b93c6fd4a6f8021a4e0ea1fed9b 67ae0794042149f4a396eb9cd2d12b7e - - default default] Successfully bumped revision number for resource 7d74c350-be9f-474c-a017-55736cb983e3 (type: ports) to 1
2026-05-30 02:35:00.799 10 INFO neutron.db.ovn_revision_numbers_db [None req-b1469106-3eef-4e19-986b-504b1efd21af 5b269b93c6fd4a6f8021a4e0ea1fed9b 67ae0794042149f4a396eb9cd2d12b7e - - default default] Successfully bumped revision number for resource 7d74c350-be9f-474c-a017-55736cb983e3 (type: ports) to 4
2026-05-30 02:35:00.817 10 INFO neutron.api.wsgi [None req-b1469106-3eef-4e19-986b-504b1efd21af 5b269b93c6fd4a6f8021a4e0ea1fed9b 67ae0794042149f4a396eb9cd2d12b7e - - default default] 199.204.45.72,10.0.0.122 "PUT /v2.0/ports/7d74c350-be9f-474c-a017-55736cb983e3 HTTP/1.1" status: 200 len: 1386 time: 0.7314038 /var/lib/openstack/lib/python3.12/site-packages/pycadf/identifier.py:71: UserWarning: Invalid uuid: unknown. To ensure interoperability, identifiers should be a valid uuid. warnings.warn(('Invalid uuid: %s. To ensure interoperability, '
2026-05-30 02:35:02.335 10 INFO neutron.api.wsgi [None req-73618af8-01f7-4aff-88c1-49d3a2e1dca8 5b269b93c6fd4a6f8021a4e0ea1fed9b 67ae0794042149f4a396eb9cd2d12b7e - - default default] 199.204.45.72,10.0.0.122 "GET /v2.0/ports HTTP/1.1" status: 200 len: 3503 time: 0.0880909
2026-05-30 02:35:03.408 10 INFO neutron.api.v2.resource [None req-a225ab15-6e5c-4fcf-b41b-fc4c44021e2a 5b269b93c6fd4a6f8021a4e0ea1fed9b 67ae0794042149f4a396eb9cd2d12b7e - - default default] show failed (client error): The resource could not be found.
2026-05-30 02:35:03.409 10 INFO neutron.api.wsgi [None req-a225ab15-6e5c-4fcf-b41b-fc4c44021e2a 5b269b93c6fd4a6f8021a4e0ea1fed9b 67ae0794042149f4a396eb9cd2d12b7e - - default default] 199.204.45.72,10.0.0.122 "GET /v2.0/security-groups/lb-mgmt-sec-grp HTTP/1.1" status: 404 len: 307 time: 0.0386910
2026-05-30 02:35:03.443 10 INFO neutron.api.wsgi [None req-8f310073-756b-4fb0-b196-84aebdd03ebc 5b269b93c6fd4a6f8021a4e0ea1fed9b 67ae0794042149f4a396eb9cd2d12b7e - - default default] 199.204.45.72,10.0.0.122 "GET /v2.0/security-groups?name=lb-mgmt-sec-grp HTTP/1.1" status: 200 len: 197 time: 0.0291736
2026-05-30 02:35:03.568 10 INFO neutron.db.ovn_revision_numbers_db [None req-5005ccd6-0e4b-433c-9bd4-39ad01af8d8e 5b269b93c6fd4a6f8021a4e0ea1fed9b 67ae0794042149f4a396eb9cd2d12b7e - - default default] Successfully bumped revision number for resource c9963e0c-6306-42fc-991e-a776387d9f9d (type: security_groups) to 1
2026-05-30 02:35:03.579 10 INFO neutron.db.ovn_revision_numbers_db [None req-5005ccd6-0e4b-433c-9bd4-39ad01af8d8e 5b269b93c6fd4a6f8021a4e0ea1fed9b 67ae0794042149f4a396eb9cd2d12b7e - - default default] Successfully bumped revision number for resource 600a8c3f-a0e9-4565-9c17-4efa67557d25 (type: security_group_rules) to 0
2026-05-30 02:35:03.590 10 INFO neutron.db.ovn_revision_numbers_db [None req-5005ccd6-0e4b-433c-9bd4-39ad01af8d8e 5b269b93c6fd4a6f8021a4e0ea1fed9b 67ae0794042149f4a396eb9cd2d12b7e - - default default] Successfully bumped revision number for resource cd942aea-f37a-4ade-bdd0-a97224098d81 (type: security_group_rules) to 0
2026-05-30 02:35:03.621 10 INFO neutron.api.wsgi [None req-5005ccd6-0e4b-433c-9bd4-39ad01af8d8e 5b269b93c6fd4a6f8021a4e0ea1fed9b 67ae0794042149f4a396eb9cd2d12b7e - - default default] 199.204.45.72,10.0.0.122 "POST /v2.0/security-groups HTTP/1.1" status: 201 len: 1791 time: 0.1724939
2026-05-30 02:35:04.670 10 INFO neutron.api.wsgi [None req-5349d180-b6ad-4763-84ac-b6a387bd3fb9 5b269b93c6fd4a6f8021a4e0ea1fed9b 67ae0794042149f4a396eb9cd2d12b7e - - default default] 199.204.45.72,10.0.0.122 "GET /v2.0/security-groups/c9963e0c-6306-42fc-991e-a776387d9f9d HTTP/1.1" status: 200 len: 1786 time: 0.0517480
2026-05-30 02:35:04.704 10 INFO neutron.api.wsgi [None req-5af5c323-8029-480c-93e2-091816773c74 5b269b93c6fd4a6f8021a4e0ea1fed9b 67ae0794042149f4a396eb9cd2d12b7e - - default default] 199.204.45.72,10.0.0.122 "GET /v2.0/security-groups/c9963e0c-6306-42fc-991e-a776387d9f9d HTTP/1.1" status: 200 len: 1786 time: 0.0255873
2026-05-30 02:35:04.739 10 INFO neutron.api.wsgi [None req-12952d22-a43d-4583-8381-3cd5b2e2a131 5b269b93c6fd4a6f8021a4e0ea1fed9b 67ae0794042149f4a396eb9cd2d12b7e - - default default] 199.204.45.72,10.0.0.122 "GET /v2.0/security-groups/c9963e0c-6306-42fc-991e-a776387d9f9d HTTP/1.1" status: 200 len: 1786 time: 0.0262663
2026-05-30 02:35:04.867 10 INFO neutron.db.ovn_revision_numbers_db [None req-3ba66cc8-5eb2-4561-a246-025e2023676b 5b269b93c6fd4a6f8021a4e0ea1fed9b 67ae0794042149f4a396eb9cd2d12b7e - - default default] Successfully bumped revision number for resource c297ab7f-00a5-4a4a-b4d7-592554be2dd5 (type: security_group_rules) to 0
2026-05-30 02:35:04.898 10 INFO neutron.api.wsgi [None req-3ba66cc8-5eb2-4561-a246-025e2023676b 5b269b93c6fd4a6f8021a4e0ea1fed9b 67ae0794042149f4a396eb9cd2d12b7e - - default default] 199.204.45.72,10.0.0.122 "POST /v2.0/security-group-rules HTTP/1.1" status: 201 len: 799 time: 0.1520364
2026-05-30 02:35:05.850 10 INFO neutron.api.wsgi [None req-45a7ae70-baf7-4d9e-b123-534766e864a3 5b269b93c6fd4a6f8021a4e0ea1fed9b 67ae0794042149f4a396eb9cd2d12b7e - - default default] 199.204.45.72,10.0.0.122 "GET /v2.0/security-groups/c9963e0c-6306-42fc-991e-a776387d9f9d HTTP/1.1" status: 200 len: 2418 time: 0.0546188
2026-05-30 02:35:05.885 10 INFO neutron.api.wsgi [None req-f39d1c5a-a388-47f7-9668-47831c26def4 5b269b93c6fd4a6f8021a4e0ea1fed9b 67ae0794042149f4a396eb9cd2d12b7e - - default default] 199.204.45.72,10.0.0.122 "GET /v2.0/security-groups/c9963e0c-6306-42fc-991e-a776387d9f9d HTTP/1.1" status: 200 len: 2418 time: 0.0257752
2026-05-30 02:35:05.924 10 INFO neutron.api.wsgi [None req-dbaf8a5f-912e-4216-a431-5b7ed78af1fe 5b269b93c6fd4a6f8021a4e0ea1fed9b 67ae0794042149f4a396eb9cd2d12b7e - - default default] 199.204.45.72,10.0.0.122 "GET /v2.0/security-groups/c9963e0c-6306-42fc-991e-a776387d9f9d HTTP/1.1" status: 200 len: 2418 time: 0.0302060
2026-05-30 02:35:06.043 10 INFO neutron.db.ovn_revision_numbers_db [None req-e9d3bf74-882a-4c52-ba16-8840f9bd1c4e 5b269b93c6fd4a6f8021a4e0ea1fed9b 67ae0794042149f4a396eb9cd2d12b7e - - default default] Successfully bumped revision number for resource 69a54fd7-9c3d-4ee0-8066-de7cf1077528 (type: security_group_rules) to 0
2026-05-30 02:35:06.075 10 INFO neutron.api.wsgi [None req-e9d3bf74-882a-4c52-ba16-8840f9bd1c4e 5b269b93c6fd4a6f8021a4e0ea1fed9b 67ae0794042149f4a396eb9cd2d12b7e - - default default] 199.204.45.72,10.0.0.122 "POST /v2.0/security-group-rules HTTP/1.1" status: 201 len: 803 time: 0.1441734
2026-05-30 02:35:15.216 9 INFO neutron.api.wsgi [-] 10.0.0.122 "GET / HTTP/1.1" status: 200 len: 247 time: 0.0027218
2026-05-30 02:35:15.216 10 INFO neutron.api.wsgi [-] 10.0.0.122 "GET / HTTP/1.1" status: 200 len: 247 time: 0.0030267
2026-05-30 02:35:30.213 10 INFO neutron.api.wsgi [-] 10.0.0.122 "GET / HTTP/1.1" status: 200 len: 247 time: 0.0015919
2026-05-30 02:35:30.214 9 INFO neutron.api.wsgi [-] 10.0.0.122 "GET / HTTP/1.1" status: 200 len: 247 time: 0.0024941
2026-05-30 02:35:45.216 10 INFO neutron.api.wsgi [-] 10.0.0.122 "GET / HTTP/1.1" status: 200 len: 247 time: 0.0037289
2026-05-30 02:35:45.219 10 INFO neutron.api.wsgi [-] 10.0.0.122 "GET / HTTP/1.1" status: 200 len: 247 time: 0.0022447
2026-05-30 02:36:00.214 10 INFO neutron.api.wsgi [-] 10.0.0.122 "GET / HTTP/1.1" status: 200 len: 247 time: 0.0026100
2026-05-30 02:36:00.216 10 INFO neutron.api.wsgi [-] 10.0.0.122 "GET / HTTP/1.1" status: 200 len: 247 time: 0.0016010
2026-05-30 02:36:15.215 9 INFO neutron.api.wsgi [-] 10.0.0.122 "GET / HTTP/1.1" status: 200 len: 247 time: 0.0024984
2026-05-30 02:36:15.217 9 INFO neutron.api.wsgi [-] 10.0.0.122 "GET / HTTP/1.1" status: 200 len: 247 time: 0.0012476
2026-05-30 02:36:17.576 9 INFO neutron.api.wsgi [None req-a3ccf9d4-f885-42b1-842a-65ffa92b8613 5b269b93c6fd4a6f8021a4e0ea1fed9b 67ae0794042149f4a396eb9cd2d12b7e - - default default] 199.204.45.72,10.0.0.122 "GET /v2.0/quotas/67ae0794042149f4a396eb9cd2d12b7e HTTP/1.1" status: 200 len: 467 time: 0.0191712 /var/lib/openstack/lib/python3.12/site-packages/neutron/extensions/quotasv2.py:139: UserWarning: Neutron quota engine will require "--force" parameter to set a quota limit without checking the resource usage. warnings.warn('Neutron quota engine will require "--force" '
2026-05-30 02:36:17.948 9 INFO neutron.api.wsgi [None req-3e8683ac-9b2b-4658-aba8-5f8a47e52e4d 5b269b93c6fd4a6f8021a4e0ea1fed9b 67ae0794042149f4a396eb9cd2d12b7e - - default default] 199.204.45.72,10.0.0.122 "PUT /v2.0/quotas/67ae0794042149f4a396eb9cd2d12b7e HTTP/1.1" status: 200 len: 466 time: 0.0322678
2026-05-30 02:36:30.213 10 INFO neutron.api.wsgi [-] 10.0.0.122 "GET / HTTP/1.1" status: 200 len: 247 time: 0.0019710
2026-05-30 02:36:30.213 9 INFO neutron.api.wsgi [-] 10.0.0.122 "GET / HTTP/1.1" status: 200 len: 247 time: 0.0018971
2026-05-30 02:36:45.214 9 INFO neutron.api.wsgi [-] 10.0.0.122 "GET / HTTP/1.1" status: 200 len: 247 time: 0.0019867
2026-05-30 02:36:45.214 10 INFO neutron.api.wsgi [-] 10.0.0.122 "GET / HTTP/1.1" status: 200 len: 247 time: 0.0021496
2026-05-30 02:37:00.214 10 INFO neutron.api.wsgi [-] 10.0.0.122 "GET / HTTP/1.1" status: 200 len: 247 time: 0.0027308
2026-05-30 02:37:00.215 9 INFO neutron.api.wsgi [-] 10.0.0.122 "GET / HTTP/1.1" status: 200 len: 247 time: 0.0034943
2026-05-30 02:37:15.216 10 INFO neutron.api.wsgi [-] 10.0.0.122 "GET / HTTP/1.1" status: 200 len: 247 time: 0.0037718
2026-05-30 02:37:15.219 10 INFO neutron.api.wsgi [-] 10.0.0.122 "GET / HTTP/1.1" status: 200 len: 247 time: 0.0020585
2026-05-30 02:37:30.215 9 INFO neutron.api.wsgi [-] 10.0.0.122 "GET / HTTP/1.1" status: 200 len: 247 time: 0.0029180
2026-05-30 02:37:30.216 10 INFO neutron.api.wsgi [-] 10.0.0.122 "GET / HTTP/1.1" status: 200 len: 247 time: 0.0033362
2026-05-30 02:37:45.216 10 INFO neutron.api.wsgi [-] 10.0.0.122 "GET / HTTP/1.1" status: 200 len: 247 time: 0.0033913
2026-05-30 02:37:45.218 10 INFO neutron.api.wsgi [-] 10.0.0.122 "GET / HTTP/1.1" status: 200 len: 247 time: 0.0014007
2026-05-30 02:38:00.214 10 INFO neutron.api.wsgi [-] 10.0.0.122 "GET / HTTP/1.1" status: 200 len: 247 time: 0.0023916
2026-05-30 02:38:00.216 9 INFO neutron.api.wsgi [-] 10.0.0.122 "GET / HTTP/1.1" status: 200 len: 247 time: 0.0037661
2026-05-30 02:38:15.215 10 INFO neutron.api.wsgi [-] 10.0.0.122 "GET / HTTP/1.1" status: 200 len: 247 time: 0.0025578
2026-05-30 02:38:15.216 9 INFO neutron.api.wsgi [-] 10.0.0.122 "GET / HTTP/1.1" status: 200 len: 247 time: 0.0036139
2026-05-30 02:38:30.215 9 INFO neutron.api.wsgi [-] 10.0.0.122 "GET / HTTP/1.1" status: 200 len: 247 time: 0.0027804
2026-05-30 02:38:30.216 10 INFO neutron.api.wsgi [-] 10.0.0.122 "GET / HTTP/1.1" status: 200 len: 247 time: 0.0032482 /var/lib/openstack/lib/python3.12/site-packages/pycadf/identifier.py:71: UserWarning: Invalid uuid: neutron. To ensure interoperability, identifiers should be a valid uuid. warnings.warn(('Invalid uuid: %s. To ensure interoperability, '
2026-05-30 02:38:38.479 9 INFO neutron.pecan_wsgi.hooks.translation [None req-0be4c739-5c2f-4922-acdb-aec5d15ac862 5b269b93c6fd4a6f8021a4e0ea1fed9b 67ae0794042149f4a396eb9cd2d12b7e - - default default] GET failed (client error): The resource could not be found.
2026-05-30 02:38:38.481 9 INFO neutron.api.wsgi [None req-0be4c739-5c2f-4922-acdb-aec5d15ac862 5b269b93c6fd4a6f8021a4e0ea1fed9b 67ae0794042149f4a396eb9cd2d12b7e - - default default] 199.204.45.72 "GET /v2.0/ports/octavia-health-manager-port-instance HTTP/1.1" status: 404 len: 338 time: 0.1928627
2026-05-30 02:38:38.541 9 INFO neutron.api.wsgi [None req-1ff008b3-61b7-4a62-a78e-338a9783dff7 5b269b93c6fd4a6f8021a4e0ea1fed9b 67ae0794042149f4a396eb9cd2d12b7e - - default default] 199.204.45.72 "GET /v2.0/ports?name=octavia-health-manager-port-instance HTTP/1.1" status: 200 len: 1413 time: 0.0556850
2026-05-30 02:38:40.568 9 INFO neutron.pecan_wsgi.hooks.translation [None req-45ee279e-447f-486c-84ca-4db141795482 5b269b93c6fd4a6f8021a4e0ea1fed9b 67ae0794042149f4a396eb9cd2d12b7e - - default default] GET failed (client error): The resource could not be found.
2026-05-30 02:38:40.569 9 INFO neutron.api.wsgi [None req-45ee279e-447f-486c-84ca-4db141795482 5b269b93c6fd4a6f8021a4e0ea1fed9b 67ae0794042149f4a396eb9cd2d12b7e - - default default] 199.204.45.72 "GET /v2.0/ports/octavia-health-manager-port-instance HTTP/1.1" status: 404 len: 338 time: 0.1233478
2026-05-30 02:38:40.607 9 INFO neutron.api.wsgi [None req-7c07c734-c586-43dc-8e33-9a42c1b6918d 5b269b93c6fd4a6f8021a4e0ea1fed9b 67ae0794042149f4a396eb9cd2d12b7e - - default default] 199.204.45.72 "GET /v2.0/ports?name=octavia-health-manager-port-instance HTTP/1.1" status: 200 len: 1413 time: 0.0333335
2026-05-30 02:38:41.580 10 INFO neutron.plugins.ml2.drivers.ovn.mech_driver.mech_driver [-] OVN reports status up for port: 7d74c350-be9f-474c-a017-55736cb983e3
2026-05-30 02:38:41.589 10 INFO neutron.plugins.ml2.plugin [None req-8bd734a5-ab6e-4f09-822f-70ed3670d7b8 - - - - - -] Attempt 1 to provision port 7d74c350-be9f-474c-a017-55736cb983e3
2026-05-30 02:38:41.853 10 INFO neutron.db.ovn_revision_numbers_db [None req-8bd734a5-ab6e-4f09-822f-70ed3670d7b8 - - - - - -] Successfully bumped revision number for resource 7d74c350-be9f-474c-a017-55736cb983e3 (type: ports) to 5
2026-05-30 02:38:45.215 9 INFO neutron.api.wsgi [-] 10.0.0.122 "GET / HTTP/1.1" status: 200 len: 247 time: 0.0029995
2026-05-30 02:38:45.217 9 INFO neutron.api.wsgi [-] 10.0.0.122 "GET / HTTP/1.1" status: 200 len: 247 time: 0.0012810
2026-05-30 02:39:00.214 10 INFO neutron.api.wsgi [-] 10.0.0.122 "GET / HTTP/1.1" status: 200 len: 247 time: 0.0016773
2026-05-30 02:39:00.216 9 INFO neutron.api.wsgi [-] 10.0.0.122 "GET / HTTP/1.1" status: 200 len: 247 time: 0.0036318
2026-05-30 02:39:15.214 9 INFO neutron.api.wsgi [-] 10.0.0.122 "GET / HTTP/1.1" status: 200 len: 247 time: 0.0025058
2026-05-30 02:39:15.215 10 INFO neutron.api.wsgi [-] 10.0.0.122 "GET / HTTP/1.1" status: 200 len: 247 time: 0.0029893
2026-05-30 02:39:30.215 10 INFO neutron.api.wsgi [-] 10.0.0.122 "GET / HTTP/1.1" status: 200 len: 247 time: 0.0025580
