2026-05-30 03:07:31.648 10 INFO neutron.services.segments.plugin [-] Segment f4fc0ba6-e007-4fd1-b2c1-3bc1f2d8f6f3 resource provider not found; error: Placement Client Error (4xx): {"errors": [{"status": 404, "title": "Not Found", "detail": "The resource could not be found.\n\n No resource provider with uuid f4fc0ba6-e007-4fd1-b2c1-3bc1f2d8f6f3 found for delete ", "request_id": "req-844a526f-5a00-4e41-a80f-02f624f4d06a"}]}
2026-05-30 03:07:31.677 10 INFO neutron.api.wsgi [None req-94ed3dc5-32d2-45ee-ac9d-c78dbfb0d477 e454212e95dd40d5983802b6cc6c0ced 8bb4777ca0f64815b5b7c055203d0b2e - - default default] 10.0.0.50 "DELETE /v2.0/networks/81ebf42c-125b-454c-b53c-fbf7fe3076c9 HTTP/1.1" status: 204 len: 168 time: 0.3902013
2026-05-30 03:07:31.692 9 WARNING neutron_lib.context [None req-09ef9df6-ad4e-48b1-aaa1-6f8b19b230a1 e454212e95dd40d5983802b6cc6c0ced 8bb4777ca0f64815b5b7c055203d0b2e - - default default] Method 'is_advsvc' is deprecated since 2023.2 release (neutron-lib 3.8.0) and will be removed once support for the old RBAC API policies will be removed from Neutron. Please use method 'is_service_role' instead.
2026-05-30 03:07:31.698 10 INFO neutron.api.wsgi [None req-38943cd8-b099-40ab-ab37-cbf014a876e2 5b269b93c6fd4a6f8021a4e0ea1fed9b 67ae0794042149f4a396eb9cd2d12b7e - - default default] 10.0.0.50 "GET /v2.0/security-groups?tenant_id=866d826a4a304304acd59ae8d46a91a7&name=default HTTP/1.1" status: 200 len: 3120 time: 0.4470332
2026-05-30 03:07:31.789 9 INFO neutron.db.segments_db [None req-09ef9df6-ad4e-48b1-aaa1-6f8b19b230a1 e454212e95dd40d5983802b6cc6c0ced 8bb4777ca0f64815b5b7c055203d0b2e - - default default] Added segment 0f97d78a-f675-4674-98f7-21360457165d of type geneve for network 99c8bcca-0055-4b62-9878-2f71b1c2e6aa
2026-05-30 03:07:31.942 9 INFO neutron.db.ovn_revision_numbers_db [None req-09ef9df6-ad4e-48b1-aaa1-6f8b19b230a1 e454212e95dd40d5983802b6cc6c0ced 8bb4777ca0f64815b5b7c055203d0b2e - - default default] Successfully bumped revision number for resource 99c8bcca-0055-4b62-9878-2f71b1c2e6aa (type: networks) to 1
2026-05-30 03:07:31.956 10 INFO neutron.api.wsgi [req-9cda9748-521f-4cb0-a7b1-fff5f3a53187 req-813830da-92f2-495b-aa0f-8f86734442d0 e3c3ef52b9a84b519c4bd8db8b5c75ec 0d1e6166294741259a78c4fec6748a65 - - default default] 10.0.0.26 "GET /v2.0/ports?device_id=e36a332a-7bf9-426b-8771-53a2b01d420b HTTP/1.1" status: 200 len: 1172 time: 0.0751216
2026-05-30 03:07:31.993 10 INFO neutron.api.wsgi [req-9cda9748-521f-4cb0-a7b1-fff5f3a53187 req-54f0d971-5a19-44ec-813a-76b35e73b8c5 e3c3ef52b9a84b519c4bd8db8b5c75ec 0d1e6166294741259a78c4fec6748a65 - - default default] 10.0.0.26 "GET /v2.0/security-groups?id=0ee5daa9-6723-444d-96f4-fd9776c91fec&fields=id&fields=name HTTP/1.1" status: 200 len: 313 time: 0.0297465
2026-05-30 03:07:32.001 9 INFO neutron.api.wsgi [None req-1026e6ed-3070-4b0a-a819-bc7c2d6c8630 5b269b93c6fd4a6f8021a4e0ea1fed9b 67ae0794042149f4a396eb9cd2d12b7e - - default default] 10.0.0.50 "DELETE /v2.0/security-groups/d6ee69a0-1661-4719-b604-6e93ed123b5e HTTP/1.1" status: 204 len: 168 time: 0.2977922
2026-05-30 03:07:32.115 9 WARNING neutron.scheduler.dhcp_agent_scheduler [None req-09ef9df6-ad4e-48b1-aaa1-6f8b19b230a1 e454212e95dd40d5983802b6cc6c0ced 8bb4777ca0f64815b5b7c055203d0b2e - - default default] No more DHCP agents
2026-05-30 03:07:32.126 9 WARNING neutron.api.rpc.agentnotifiers.dhcp_rpc_agent_api [None req-09ef9df6-ad4e-48b1-aaa1-6f8b19b230a1 e454212e95dd40d5983802b6cc6c0ced 8bb4777ca0f64815b5b7c055203d0b2e - - default default] Unable to schedule network 99c8bcca-0055-4b62-9878-2f71b1c2e6aa: no agents available; will retry on subsequent port and subnet creation events.
2026-05-30 03:07:32.185 9 INFO neutron.db.ovn_revision_numbers_db [None req-09ef9df6-ad4e-48b1-aaa1-6f8b19b230a1 e454212e95dd40d5983802b6cc6c0ced 8bb4777ca0f64815b5b7c055203d0b2e - - default default] Successfully bumped revision number for resource 4cca839e-2639-4740-9266-9fd3ca3f031b (type: ports) to 1
2026-05-30 03:07:32.210 9 INFO neutron.api.wsgi [None req-09ef9df6-ad4e-48b1-aaa1-6f8b19b230a1 e454212e95dd40d5983802b6cc6c0ced 8bb4777ca0f64815b5b7c055203d0b2e - - default default] 10.0.0.50 "POST /v2.0/networks HTTP/1.1" status: 201 len: 833 time: 0.5240893
2026-05-30 03:07:32.226 9 WARNING neutron_lib.context [None req-f3a8cab5-b0f5-409f-9092-110068037b90 e454212e95dd40d5983802b6cc6c0ced 8bb4777ca0f64815b5b7c055203d0b2e - - default default] Method 'is_advsvc' is deprecated since 2023.2 release (neutron-lib 3.8.0) and will be removed once support for the old RBAC API policies will be removed from Neutron. Please use method 'is_service_role' instead.
2026-05-30 03:07:32.425 9 WARNING neutron.scheduler.dhcp_agent_scheduler [None req-f3a8cab5-b0f5-409f-9092-110068037b90 e454212e95dd40d5983802b6cc6c0ced 8bb4777ca0f64815b5b7c055203d0b2e - - default default] No more DHCP agents
2026-05-30 03:07:32.427 9 WARNING neutron.api.rpc.agentnotifiers.dhcp_rpc_agent_api [None req-f3a8cab5-b0f5-409f-9092-110068037b90 e454212e95dd40d5983802b6cc6c0ced 8bb4777ca0f64815b5b7c055203d0b2e - - default default] Unable to schedule network 99c8bcca-0055-4b62-9878-2f71b1c2e6aa: no agents available; will retry on subsequent port and subnet creation events.
2026-05-30 03:07:32.457 9 INFO neutron.db.ovn_revision_numbers_db [None req-f3a8cab5-b0f5-409f-9092-110068037b90 e454212e95dd40d5983802b6cc6c0ced 8bb4777ca0f64815b5b7c055203d0b2e - - default default] Successfully bumped revision number for resource b7afaed7-84d2-4cf2-93c7-9a65ce719ce4 (type: subnets) to 0
2026-05-30 03:07:32.471 9 INFO neutron.api.wsgi [None req-f3a8cab5-b0f5-409f-9092-110068037b90 e454212e95dd40d5983802b6cc6c0ced 8bb4777ca0f64815b5b7c055203d0b2e - - default default] 10.0.0.50 "POST /v2.0/subnets HTTP/1.1" status: 201 len: 845 time: 0.2520766
2026-05-30 03:07:32.485 9 WARNING neutron_lib.context [None req-e07a29ce-0a5f-475e-b43f-b4f45c81dca7 e454212e95dd40d5983802b6cc6c0ced 8bb4777ca0f64815b5b7c055203d0b2e - - default default] Method 'is_advsvc' is deprecated since 2023.2 release (neutron-lib 3.8.0) and will be removed once support for the old RBAC API policies will be removed from Neutron. Please use method 'is_service_role' instead.
2026-05-30 03:07:32.597 9 INFO neutron.db.ovn_revision_numbers_db [None req-e07a29ce-0a5f-475e-b43f-b4f45c81dca7 e454212e95dd40d5983802b6cc6c0ced 8bb4777ca0f64815b5b7c055203d0b2e - - default default] Successfully bumped revision number for resource 894dbd5b-66be-4729-8cf3-422c6e3d6292 (type: routers) to 1
2026-05-30 03:07:32.611 9 INFO neutron.api.wsgi [None req-e07a29ce-0a5f-475e-b43f-b4f45c81dca7 e454212e95dd40d5983802b6cc6c0ced 8bb4777ca0f64815b5b7c055203d0b2e - - default default] 10.0.0.50 "POST /v2.0/routers HTTP/1.1" status: 201 len: 805 time: 0.1309617
2026-05-30 03:07:32.871 9 INFO neutron.notifiers.nova [-] Nova event matching ['req-67bc364c-7713-4322-a6f3-39521293526d'] response: {'server_uuid': 'e36a332a-7bf9-426b-8771-53a2b01d420b', 'name': 'network-vif-unplugged', 'status': 'completed', 'tag': '5cbc4b8e-5c29-4d01-85fb-559f6e2d5904', 'code': 200}
2026-05-30 03:07:33.026 9 WARNING neutron.scheduler.dhcp_agent_scheduler [None req-16eee0f9-c9bd-494c-8dda-1f11c6228ac1 e454212e95dd40d5983802b6cc6c0ced 8bb4777ca0f64815b5b7c055203d0b2e - - default default] No more DHCP agents
2026-05-30 03:07:33.028 9 WARNING neutron.api.rpc.agentnotifiers.dhcp_rpc_agent_api [None req-16eee0f9-c9bd-494c-8dda-1f11c6228ac1 e454212e95dd40d5983802b6cc6c0ced 8bb4777ca0f64815b5b7c055203d0b2e - - default default] Unable to schedule network 99c8bcca-0055-4b62-9878-2f71b1c2e6aa: no agents available; will retry on subsequent port and subnet creation events.
2026-05-30 03:07:33.088 10 INFO neutron.api.wsgi [req-2c0f90de-fa48-4552-b494-9725df5cb464 req-46b5fe1b-e330-4845-bbbb-198cfc77fd8a e3c3ef52b9a84b519c4bd8db8b5c75ec 0d1e6166294741259a78c4fec6748a65 - - default default] 10.0.0.26 "GET /v2.0/ports?device_id=e36a332a-7bf9-426b-8771-53a2b01d420b HTTP/1.1" status: 200 len: 1172 time: 0.0328074
2026-05-30 03:07:33.144 10 INFO neutron.api.wsgi [req-2c0f90de-fa48-4552-b494-9725df5cb464 req-9765bc30-dca4-496e-9640-013bc9ec42f5 e3c3ef52b9a84b519c4bd8db8b5c75ec 0d1e6166294741259a78c4fec6748a65 - - default default] 10.0.0.26 "GET /v2.0/security-groups?id=0ee5daa9-6723-444d-96f4-fd9776c91fec&fields=id&fields=name HTTP/1.1" status: 200 len: 313 time: 0.0489888
2026-05-30 03:07:33.153 9 INFO neutron.db.ovn_revision_numbers_db [None req-16eee0f9-c9bd-494c-8dda-1f11c6228ac1 e454212e95dd40d5983802b6cc6c0ced 8bb4777ca0f64815b5b7c055203d0b2e - - default default] Successfully bumped revision number for resource b6434a61-4a4a-42f4-9967-416f0b7a635f (type: ports) to 1
2026-05-30 03:07:33.518 9 INFO neutron.api.wsgi [None req-fb1cd3bc-da34-4073-b9f5-be5366b154c7 909624b64b6745d0988dcc49cd5247f2 4c0cec9984684a71b77f16ddf03089d2 - - default default] 10.0.0.50 "GET /v2.0/extensions HTTP/1.1" status: 200 len: 19293 time: 0.2226884
2026-05-30 03:07:33.529 10 INFO neutron.api.wsgi [None req-de356b11-f3c3-4829-95b0-68d16c336975 909624b64b6745d0988dcc49cd5247f2 4c0cec9984684a71b77f16ddf03089d2 - - default default] 10.0.0.50 "GET /v2.0/extensions/address-group HTTP/1.1" status: 200 len: 353 time: 0.0047688
2026-05-30 03:07:33.541 10 INFO neutron.api.wsgi [None req-657e9301-6e86-4417-9e3c-3685cf54578d 909624b64b6745d0988dcc49cd5247f2 4c0cec9984684a71b77f16ddf03089d2 - - default default] 10.0.0.50 "GET /v2.0/extensions/address-scope HTTP/1.1" status: 200 len: 357 time: 0.0038419
2026-05-30 03:07:33.548 10 INFO neutron.api.wsgi [None req-3b159350-a7db-4b83-ad18-5d775399278f 909624b64b6745d0988dcc49cd5247f2 4c0cec9984684a71b77f16ddf03089d2 - - default default] 10.0.0.50 "GET /v2.0/extensions/agent HTTP/1.1" status: 200 len: 347 time: 0.0036581
2026-05-30 03:07:33.556 10 INFO neutron.api.wsgi [None req-8873f18d-c69d-4d03-ba0e-d5e69baf13b6 909624b64b6745d0988dcc49cd5247f2 4c0cec9984684a71b77f16ddf03089d2 - - default default] 10.0.0.50 "GET /v2.0/extensions/allowed-address-pairs HTTP/1.1" status: 200 len: 378 time: 0.0038841
2026-05-30 03:07:33.564 9 INFO neutron.api.wsgi [None req-d77b0741-b163-4064-af33-e09d593c7fe4 909624b64b6745d0988dcc49cd5247f2 4c0cec9984684a71b77f16ddf03089d2 - - default default] 10.0.0.50 "GET /v2.0/extensions/auto-allocated-topology HTTP/1.1" status: 200 len: 394 time: 0.0046206
2026-05-30 03:07:33.574 10 INFO neutron.api.wsgi [None req-f358fa61-82df-48aa-a030-b1d5c668043e 909624b64b6745d0988dcc49cd5247f2 4c0cec9984684a71b77f16ddf03089d2 - - default default] 10.0.0.50 "GET /v2.0/extensions/availability_zone HTTP/1.1" status: 200 len: 372 time: 0.0057478
2026-05-30 03:07:33.582 10 INFO neutron.api.wsgi [None req-b0e4aef5-3549-45eb-a2ed-e5bf096e6db5 909624b64b6745d0988dcc49cd5247f2 4c0cec9984684a71b77f16ddf03089d2 - - default default] 10.0.0.50 "GET /v2.0/extensions/default-subnetpools HTTP/1.1" status: 200 len: 405 time: 0.0043659
2026-05-30 03:07:33.590 10 INFO neutron.api.wsgi [None req-22742007-a367-4b9a-bacc-ef91cc3af035 909624b64b6745d0988dcc49cd5247f2 4c0cec9984684a71b77f16ddf03089d2 - - default default] 10.0.0.50 "GET /v2.0/extensions/dhcp_agent_scheduler HTTP/1.1" status: 200 len: 381 time: 0.0038929
2026-05-30 03:07:33.599 10 INFO neutron.api.wsgi [None req-34523b7a-73f5-47fa-8232-e62e5de2e981 909624b64b6745d0988dcc49cd5247f2 4c0cec9984684a71b77f16ddf03089d2 - - default default] 10.0.0.50 "GET /v2.0/extensions/dns-integration HTTP/1.1" status: 200 len: 366 time: 0.0044343
2026-05-30 03:07:33.606 10 INFO neutron.api.wsgi [None req-65505fc9-a3af-4b22-ad5e-239017b0a00d 909624b64b6745d0988dcc49cd5247f2 4c0cec9984684a71b77f16ddf03089d2 - - default default] 10.0.0.50 "GET /v2.0/extensions/dns-domain-ports HTTP/1.1" status: 200 len: 399 time: 0.0037763
2026-05-30 03:07:33.613 10 INFO neutron.api.wsgi [None req-146ebc39-8b2e-4975-9e2e-77af1538cf0f 909624b64b6745d0988dcc49cd5247f2 4c0cec9984684a71b77f16ddf03089d2 - - default default] 10.0.0.50 "GET /v2.0/extensions/dns-integration-domain-keywords HTTP/1.1" status: 200 len: 477 time: 0.0037661
2026-05-30 03:07:33.620 10 INFO neutron.api.wsgi [None req-24da6002-03e3-4295-ab40-b81b7ba88a1d 909624b64b6745d0988dcc49cd5247f2 4c0cec9984684a71b77f16ddf03089d2 - - default default] 10.0.0.50 "GET /v2.0/extensions/empty-string-filtering HTTP/1.1" status: 200 len: 413 time: 0.0038431
2026-05-30 03:07:33.632 9 INFO neutron.api.wsgi [None req-0877061b-b011-4ac4-9380-fbfab09fd0ec 909624b64b6745d0988dcc49cd5247f2 4c0cec9984684a71b77f16ddf03089d2 - - default default] 10.0.0.50 "GET /v2.0/extensions/external-net HTTP/1.1" status: 200 len: 394 time: 0.0068486
2026-05-30 03:07:33.649 10 INFO neutron.api.wsgi [None req-151aa351-d198-4889-9129-daabccb43c89 909624b64b6745d0988dcc49cd5247f2 4c0cec9984684a71b77f16ddf03089d2 - - default default] 10.0.0.50 "GET /v2.0/extensions/extra_dhcp_opt HTTP/1.1" status: 200 len: 498 time: 0.0095947
2026-05-30 03:07:33.658 9 INFO neutron.plugins.ml2.drivers.ovn.mech_driver.mech_driver [None req-2d60ed37-9ae1-484b-a6d0-d378afe35951 - - - - - -] OVN reports status up for port: b6434a61-4a4a-42f4-9967-416f0b7a635f
2026-05-30 03:07:33.663 10 INFO neutron.api.wsgi [None req-d53f4a08-a1de-4428-a64d-70c4c75342fb 909624b64b6745d0988dcc49cd5247f2 4c0cec9984684a71b77f16ddf03089d2 - - default default] 10.0.0.50 "GET /v2.0/extensions/extraroute HTTP/1.1" status: 200 len: 375 time: 0.0057237
2026-05-30 03:07:33.670 10 INFO neutron.api.wsgi [None req-3f33d835-8749-4384-8f92-4da75a888d68 909624b64b6745d0988dcc49cd5247f2 4c0cec9984684a71b77f16ddf03089d2 - - default default] 10.0.0.50 "GET /v2.0/extensions/floating-ip-port-forwarding-detail HTTP/1.1" status: 200 len: 465 time: 0.0037191
2026-05-30 03:07:33.674 9 INFO neutron.plugins.ml2.plugin [None req-2d60ed37-9ae1-484b-a6d0-d378afe35951 - - - - - -] Attempt 1 to provision port b6434a61-4a4a-42f4-9967-416f0b7a635f
2026-05-30 03:07:33.681 10 INFO neutron.api.wsgi [None req-cdf9f219-962c-479f-8adb-53eca5b1c681 909624b64b6745d0988dcc49cd5247f2 4c0cec9984684a71b77f16ddf03089d2 - - default default] 10.0.0.50 "GET /v2.0/extensions/fip-port-details HTTP/1.1" status: 200 len: 406 time: 0.0061319
2026-05-30 03:07:33.690 10 INFO neutron.api.wsgi [None req-70e1bebb-9144-4137-a46e-6bc4c8b65d5b 909624b64b6745d0988dcc49cd5247f2 4c0cec9984684a71b77f16ddf03089d2 - - default default] 10.0.0.50 "GET /v2.0/extensions/flavors HTTP/1.1" status: 200 len: 387 time: 0.0046206
2026-05-30 03:07:33.691 9 INFO neutron.db.ovn_revision_numbers_db [None req-16eee0f9-c9bd-494c-8dda-1f11c6228ac1 e454212e95dd40d5983802b6cc6c0ced 8bb4777ca0f64815b5b7c055203d0b2e - - default default] Successfully bumped revision number for resource b6434a61-4a4a-42f4-9967-416f0b7a635f (type: ports) to 1
2026-05-30 03:07:33.703 10 INFO neutron.api.wsgi [None req-ad9cbea6-ba3c-4a8f-a43b-07f34ddbc74c 909624b64b6745d0988dcc49cd5247f2 4c0cec9984684a71b77f16ddf03089d2 - - default default] 10.0.0.50 "GET /v2.0/extensions/floatingip-pools HTTP/1.1" status: 200 len: 382 time: 0.0050797
2026-05-30 03:07:33.721 10 INFO neutron.api.wsgi [None req-a70e00c5-14c2-40c3-bc70-bd9955a9d487 909624b64b6745d0988dcc49cd5247f2 4c0cec9984684a71b77f16ddf03089d2 - - default default] 10.0.0.50 "GET /v2.0/extensions/ip_allocation HTTP/1.1" status: 200 len: 356 time: 0.0085042
2026-05-30 03:07:33.748 10 INFO neutron.api.wsgi [None req-c9a46070-400d-47fb-8c97-ca0052d7c7e8 909624b64b6745d0988dcc49cd5247f2 4c0cec9984684a71b77f16ddf03089d2 - - default default] 10.0.0.50 "GET /v2.0/extensions/l2_adjacency HTTP/1.1" status: 200 len: 372 time: 0.0089011
2026-05-30 03:07:33.761 10 INFO neutron.api.wsgi [None req-062e4f84-cf34-4b56-a72b-9b6fc067321d 909624b64b6745d0988dcc49cd5247f2 4c0cec9984684a71b77f16ddf03089d2 - - default default] 10.0.0.50 "GET /v2.0/extensions/router HTTP/1.1" status: 200 len: 450 time: 0.0054455
2026-05-30 03:07:33.774 10 INFO neutron.api.wsgi [None req-90da7dda-58ff-457d-8c11-f9829d6f96ef 909624b64b6745d0988dcc49cd5247f2 4c0cec9984684a71b77f16ddf03089d2 - - default default] 10.0.0.50 "GET /v2.0/extensions/enable-default-route-bfd HTTP/1.1" status: 200 len: 406 time: 0.0053852
2026-05-30 03:07:33.786 10 INFO neutron.api.wsgi [None req-0909db61-8ebc-4de9-929b-df97baa31e30 909624b64b6745d0988dcc49cd5247f2 4c0cec9984684a71b77f16ddf03089d2 - - default default] 10.0.0.50 "GET /v2.0/extensions/enable-default-route-ecmp HTTP/1.1" status: 200 len: 409 time: 0.0051892
2026-05-30 03:07:33.795 9 WARNING neutron.scheduler.dhcp_agent_scheduler [None req-16eee0f9-c9bd-494c-8dda-1f11c6228ac1 e454212e95dd40d5983802b6cc6c0ced 8bb4777ca0f64815b5b7c055203d0b2e - - default default] No more DHCP agents
2026-05-30 03:07:33.797 10 INFO neutron.api.wsgi [None req-2d997e7f-0595-4008-a1de-aca8c19ab698 909624b64b6745d0988dcc49cd5247f2 4c0cec9984684a71b77f16ddf03089d2 - - default default] 10.0.0.50 "GET /v2.0/extensions/ext-gw-mode HTTP/1.1" status: 200 len: 462 time: 0.0049067
2026-05-30 03:07:33.798 9 WARNING neutron.api.rpc.agentnotifiers.dhcp_rpc_agent_api [None req-16eee0f9-c9bd-494c-8dda-1f11c6228ac1 e454212e95dd40d5983802b6cc6c0ced 8bb4777ca0f64815b5b7c055203d0b2e - - default default] Unable to schedule network 99c8bcca-0055-4b62-9878-2f71b1c2e6aa: no agents available; will retry on subsequent port and subnet creation events.
2026-05-30 03:07:33.811 10 INFO neutron.api.wsgi [None req-b1be4361-19c0-40da-983f-d7dc9d9380ef 909624b64b6745d0988dcc49cd5247f2 4c0cec9984684a71b77f16ddf03089d2 - - default default] 10.0.0.50 "GET /v2.0/extensions/l3-ha HTTP/1.1" status: 200 len: 360 time: 0.0077631
2026-05-30 03:07:33.829 10 INFO neutron.api.wsgi [None req-992c13fe-ade4-4adc-bb53-075b450b2b2b 909624b64b6745d0988dcc49cd5247f2 4c0cec9984684a71b77f16ddf03089d2 - - default default] 10.0.0.50 "GET /v2.0/extensions/external-gateway-multihoming HTTP/1.1" status: 200 len: 421 time: 0.0090675
2026-05-30 03:07:33.840 9 INFO neutron.api.wsgi [None req-a740c82b-cbcb-4fbf-a598-281422bc7253 909624b64b6745d0988dcc49cd5247f2 4c0cec9984684a71b77f16ddf03089d2 - - default default] 10.0.0.50 "GET /v2.0/extensions/l3-flavors HTTP/1.1" status: 200 len: 366 time: 0.0057099
2026-05-30 03:07:33.866 9 INFO neutron.api.wsgi [None req-f82d7966-9acf-494d-a92f-c490121fbe82 909624b64b6745d0988dcc49cd5247f2 4c0cec9984684a71b77f16ddf03089d2 - - default default] 10.0.0.50 "GET /v2.0/extensions/logging HTTP/1.1" status: 200 len: 407 time: 0.0206473
2026-05-30 03:07:33.877 10 INFO neutron.api.wsgi [None req-f6dc3753-3adf-49aa-af85-724bd761b0eb 909624b64b6745d0988dcc49cd5247f2 4c0cec9984684a71b77f16ddf03089d2 - - default default] 10.0.0.50 "GET /v2.0/extensions/multi-provider HTTP/1.1" status: 200 len: 406 time: 0.0048051
2026-05-30 03:07:33.890 10 INFO neutron.api.wsgi [None req-aa92a003-9d51-4f00-9f1b-fe8025821f65 909624b64b6745d0988dcc49cd5247f2 4c0cec9984684a71b77f16ddf03089d2 - - default default] 10.0.0.50 "GET /v2.0/extensions/net-mtu HTTP/1.1" status: 200 len: 370 time: 0.0068498
2026-05-30 03:07:33.912 10 INFO neutron.api.wsgi [None req-84e614f5-14b5-4ca8-8d36-0805a1fc2a10 909624b64b6745d0988dcc49cd5247f2 4c0cec9984684a71b77f16ddf03089d2 - - default default] 10.0.0.50 "GET /v2.0/extensions/net-mtu-writable HTTP/1.1" status: 200 len: 401 time: 0.0103257
2026-05-30 03:07:33.923 10 INFO neutron.api.wsgi [None req-5e3e8c72-4ef0-493a-a0b3-2fcfafbaba76 909624b64b6745d0988dcc49cd5247f2 4c0cec9984684a71b77f16ddf03089d2 - - default default] 10.0.0.50 "GET /v2.0/extensions/network_availability_zone HTTP/1.1" status: 200 len: 394 time: 0.0049744
2026-05-30 03:07:33.933 10 INFO neutron.api.wsgi [None req-d74b3e6f-620a-4a62-ba7c-1ed856fc15da 909624b64b6745d0988dcc49cd5247f2 4c0cec9984684a71b77f16ddf03089d2 - - default default] 10.0.0.50 "GET /v2.0/extensions/network-ip-availability HTTP/1.1" status: 200 len: 410 time: 0.0052938
2026-05-30 03:07:33.946 10 WARNING neutron.plugins.ml2.drivers.ovn.mech_driver.ovsdb.ovn_client [None req-0416b76e-0cfa-47e8-930c-7bbed3e3d25f - - - - - -] No port found with ID f0afffba-2f67-4f88-875d-8671099a1dfb: RuntimeError: No port found with ID f0afffba-2f67-4f88-875d-8671099a1dfb
2026-05-30 03:07:33.951 9 INFO neutron.api.wsgi [None req-264feedd-47bf-4e8e-8994-39a80e7b3c7a 909624b64b6745d0988dcc49cd5247f2 4c0cec9984684a71b77f16ddf03089d2 - - default default] 10.0.0.50 "GET /v2.0/extensions/pagination HTTP/1.1" status: 200 len: 386 time: 0.0059597
2026-05-30 03:07:33.966 10 INFO neutron.api.wsgi [None req-c44ea7f8-8470-483a-8b06-8f61d20898bb 909624b64b6745d0988dcc49cd5247f2 4c0cec9984684a71b77f16ddf03089d2 - - default default] 10.0.0.50 "GET /v2.0/extensions/port-device-profile HTTP/1.1" status: 200 len: 383 time: 0.0052299
2026-05-30 03:07:33.979 10 INFO neutron.api.wsgi [None req-c34412b2-b3bc-4f8f-ae05-b2f58e6cd2e4 909624b64b6745d0988dcc49cd5247f2 4c0cec9984684a71b77f16ddf03089d2 - - default default] 10.0.0.50 "GET /v2.0/extensions/port-mac-address-regenerate HTTP/1.1" status: 200 len: 403 time: 0.0068150
2026-05-30 03:07:33.995 10 INFO neutron.api.wsgi [None req-a17054c2-866a-4aa1-b5a7-b069ffad7451 909624b64b6745d0988dcc49cd5247f2 4c0cec9984684a71b77f16ddf03089d2 - - default default] 10.0.0.50 "GET /v2.0/extensions/port-numa-affinity-policy HTTP/1.1" status: 200 len: 392 time: 0.0062897
2026-05-30 03:07:34.008 9 INFO neutron.api.wsgi [None req-2fe882f3-6cbb-4542-9288-1d215c7c4363 909624b64b6745d0988dcc49cd5247f2 4c0cec9984684a71b77f16ddf03089d2 - - default default] 10.0.0.50 "GET /v2.0/extensions/port-numa-affinity-policy-socket HTTP/1.1" status: 200 len: 434 time: 0.0063608
2026-05-30 03:07:34.020 10 INFO neutron.api.wsgi [None req-f67c844c-4d43-4a85-9118-27e6654bbbf7 909624b64b6745d0988dcc49cd5247f2 4c0cec9984684a71b77f16ddf03089d2 - - default default] 10.0.0.50 "GET /v2.0/extensions/port-resource-request HTTP/1.1" status: 200 len: 379 time: 0.0069668
2026-05-30 03:07:34.032 10 INFO neutron.api.wsgi [None req-41ebb23e-cca5-430a-91dd-a087c86f8d5f 909624b64b6745d0988dcc49cd5247f2 4c0cec9984684a71b77f16ddf03089d2 - - default default] 10.0.0.50 "GET /v2.0/extensions/port-resource-request-groups HTTP/1.1" status: 200 len: 465 time: 0.0067294
2026-05-30 03:07:34.042 10 INFO neutron.api.wsgi [None req-7ff9822f-ed0c-4911-a658-f95c2f01e678 909624b64b6745d0988dcc49cd5247f2 4c0cec9984684a71b77f16ddf03089d2 - - default default] 10.0.0.50 "GET /v2.0/extensions/binding HTTP/1.1" status: 200 len: 387 time: 0.0044684
2026-05-30 03:07:34.056 10 INFO neutron.api.wsgi [None req-3c983f8d-7093-4013-b78a-4b0e6e1f621d 909624b64b6745d0988dcc49cd5247f2 4c0cec9984684a71b77f16ddf03089d2 - - default default] 10.0.0.50 "GET /v2.0/extensions/binding-extended HTTP/1.1" status: 200 len: 406 time: 0.0050898
2026-05-30 03:07:34.067 9 INFO neutron.api.wsgi [None req-5591abba-ff65-4412-94e1-a38e67b3a2b0 909624b64b6745d0988dcc49cd5247f2 4c0cec9984684a71b77f16ddf03089d2 - - default default] 10.0.0.50 "GET /v2.0/extensions/port-security HTTP/1.1" status: 200 len: 354 time: 0.0058272
2026-05-30 03:07:34.080 10 INFO neutron.api.wsgi [None req-a5105875-c3a3-49fb-be98-902e28ebdb9f 909624b64b6745d0988dcc49cd5247f2 4c0cec9984684a71b77f16ddf03089d2 - - default default] 10.0.0.50 "GET /v2.0/extensions/project-id HTTP/1.1" status: 200 len: 398 time: 0.0079594
2026-05-30 03:07:34.084 9 INFO neutron.db.ovn_revision_numbers_db [None req-16eee0f9-c9bd-494c-8dda-1f11c6228ac1 e454212e95dd40d5983802b6cc6c0ced 8bb4777ca0f64815b5b7c055203d0b2e - - default default] Successfully bumped revision number for resource b6434a61-4a4a-42f4-9967-416f0b7a635f (type: router_ports) to 1
2026-05-30 03:07:34.090 9 INFO neutron.api.wsgi [None req-16eee0f9-c9bd-494c-8dda-1f11c6228ac1 e454212e95dd40d5983802b6cc6c0ced 8bb4777ca0f64815b5b7c055203d0b2e - - default default] 10.0.0.50 "PUT /v2.0/routers/894dbd5b-66be-4729-8cf3-422c6e3d6292/add_router_interface HTTP/1.1" status: 200 len: 503 time: 1.4729333
2026-05-30 03:07:34.092 10 INFO neutron.api.wsgi [None req-150094e7-e052-419d-b828-a7842892ca08 909624b64b6745d0988dcc49cd5247f2 4c0cec9984684a71b77f16ddf03089d2 - - default default] 10.0.0.50 "GET /v2.0/extensions/provider HTTP/1.1" status: 200 len: 385 time: 0.0038218
2026-05-30 03:07:34.104 10 INFO neutron.api.wsgi [None req-942f2ba2-6fe3-4ce7-9496-605686859d15 909624b64b6745d0988dcc49cd5247f2 4c0cec9984684a71b77f16ddf03089d2 - - default default] 10.0.0.50 "GET /v2.0/extensions/qos HTTP/1.1" status: 200 len: 360 time: 0.0066800
2026-05-30 03:07:34.113 10 INFO neutron.api.wsgi [None req-6ce1798d-07d8-4505-a4c8-56508f99b649 909624b64b6745d0988dcc49cd5247f2 4c0cec9984684a71b77f16ddf03089d2 - - default default] 10.0.0.50 "GET /v2.0/extensions/qos-bw-limit-direction HTTP/1.1" status: 200 len: 452 time: 0.0037506
2026-05-30 03:07:34.123 9 INFO neutron.api.wsgi [None req-f4d8cf16-a999-4506-9dfa-dd1086c30be7 909624b64b6745d0988dcc49cd5247f2 4c0cec9984684a71b77f16ddf03089d2 - - default default] 10.0.0.50 "GET /v2.0/extensions/qos-bw-minimum-ingress HTTP/1.1" status: 200 len: 445 time: 0.0045393
2026-05-30 03:07:34.134 10 INFO neutron.api.wsgi [None req-10f95775-1adb-48f7-a3f6-37d6c69bd797 909624b64b6745d0988dcc49cd5247f2 4c0cec9984684a71b77f16ddf03089d2 - - default default] 10.0.0.50 "GET /v2.0/extensions/qos-default HTTP/1.1" status: 200 len: 377 time: 0.0045261
2026-05-30 03:07:34.142 10 INFO neutron.api.wsgi [None req-07202f6a-8b58-42ba-9f3b-8417e8911b65 909624b64b6745d0988dcc49cd5247f2 4c0cec9984684a71b77f16ddf03089d2 - - default default] 10.0.0.50 "GET /v2.0/extensions/qos-fip HTTP/1.1" status: 200 len: 372 time: 0.0044203
2026-05-30 03:07:34.143 9 INFO neutron.api.wsgi [None req-f7a71360-c49e-47cc-adb2-988598cb40ad e454212e95dd40d5983802b6cc6c0ced 8bb4777ca0f64815b5b7c055203d0b2e - - default default] 10.0.0.50 "GET /v2.0/ports/b6434a61-4a4a-42f4-9967-416f0b7a635f HTTP/1.1" status: 200 len: 1141 time: 0.0459158
2026-05-30 03:07:34.146 10 INFO neutron.api.wsgi [None req-aecb160d-8410-4832-87a8-0abcf2787fd6 909624b64b6745d0988dcc49cd5247f2 4c0cec9984684a71b77f16ddf03089d2 - - default default] 10.0.0.50 "GET /v2.0/extensions/qos-gateway-ip HTTP/1.1" status: 200 len: 391 time: 0.0025296
2026-05-30 03:07:34.154 10 INFO neutron.api.wsgi [None req-22a95256-6442-4046-86d0-4b8aecb898e2 909624b64b6745d0988dcc49cd5247f2 4c0cec9984684a71b77f16ddf03089d2 - - default default] 10.0.0.50 "GET /v2.0/extensions/qos-port-network-policy HTTP/1.1" status: 200 len: 403 time: 0.0024924
2026-05-30 03:07:34.173 10 INFO neutron.api.wsgi [None req-c53693e3-ee4d-487b-9812-ff0d8f3b9150 909624b64b6745d0988dcc49cd5247f2 4c0cec9984684a71b77f16ddf03089d2 - - default default] 10.0.0.50 "GET /v2.0/extensions/qos-pps-minimum HTTP/1.1" status: 200 len: 397 time: 0.0074053
2026-05-30 03:07:34.185 10 INFO neutron.api.wsgi [None req-ec1b63e7-d9bf-4ca4-941f-4544723fbc16 909624b64b6745d0988dcc49cd5247f2 4c0cec9984684a71b77f16ddf03089d2 - - default default] 10.0.0.50 "GET /v2.0/extensions/qos-pps-minimum-rule-alias HTTP/1.1" status: 200 len: 471 time: 0.0068524
2026-05-30 03:07:34.192 10 INFO neutron.api.wsgi [None req-80505670-5777-48bb-8cb8-c3303d923918 909624b64b6745d0988dcc49cd5247f2 4c0cec9984684a71b77f16ddf03089d2 - - default default] 10.0.0.50 "GET /v2.0/extensions/qos-pps HTTP/1.1" status: 200 len: 389 time: 0.0033596
2026-05-30 03:07:34.201 9 INFO neutron.api.wsgi [None req-3c2a00f5-ffb4-4cfd-9230-39df8b3b8e6d 909624b64b6745d0988dcc49cd5247f2 4c0cec9984684a71b77f16ddf03089d2 - - default default] 10.0.0.50 "GET /v2.0/extensions/qos-rule-type-details HTTP/1.1" status: 200 len: 423 time: 0.0054884
2026-05-30 03:07:34.212 10 INFO neutron.api.wsgi [None req-97cfc784-c39c-4c4c-8046-128b89d82eca 909624b64b6745d0988dcc49cd5247f2 4c0cec9984684a71b77f16ddf03089d2 - - default default] 10.0.0.50 "GET /v2.0/extensions/qos-rule-type-filter HTTP/1.1" status: 200 len: 567 time: 0.0050993
2026-05-30 03:07:34.219 10 INFO neutron.api.wsgi [None req-5f80db62-4c56-4d93-ba2f-f2fd5ec38476 909624b64b6745d0988dcc49cd5247f2 4c0cec9984684a71b77f16ddf03089d2 - - default default] 10.0.0.50 "GET /v2.0/extensions/qos-rules-alias HTTP/1.1" status: 200 len: 448 time: 0.0038195
2026-05-30 03:07:34.229 10 INFO neutron.api.wsgi [None req-39b5b2c3-a266-4dd4-9bee-51a0631dfc85 909624b64b6745d0988dcc49cd5247f2 4c0cec9984684a71b77f16ddf03089d2 - - default default] 10.0.0.50 "GET /v2.0/extensions/quota-check-limit HTTP/1.1" status: 200 len: 420 time: 0.0052400
2026-05-30 03:07:34.239 10 INFO neutron.api.wsgi [None req-d0e674b2-62c9-47db-a85f-bbe757936db9 e454212e95dd40d5983802b6cc6c0ced 8bb4777ca0f64815b5b7c055203d0b2e - - default default] 10.0.0.50 "GET /v2.0/ports/b6434a61-4a4a-42f4-9967-416f0b7a635f HTTP/1.1" status: 200 len: 1141 time: 0.0921223
2026-05-30 03:07:34.243 10 INFO neutron.api.wsgi [None req-3ead85d6-6ae1-4ce2-966b-09d0e08413e1 909624b64b6745d0988dcc49cd5247f2 4c0cec9984684a71b77f16ddf03089d2 - - default default] 10.0.0.50 "GET /v2.0/extensions/quotas HTTP/1.1" status: 200 len: 386 time: 0.0086355
2026-05-30 03:07:34.255 9 INFO neutron.db.ovn_revision_numbers_db [None req-2d60ed37-9ae1-484b-a6d0-d378afe35951 - - - - - -] Successfully bumped revision number for resource b6434a61-4a4a-42f4-9967-416f0b7a635f (type: ports) to 2
2026-05-30 03:07:34.255 10 INFO neutron.api.wsgi [None req-2564fe1a-6457-495a-baa2-c4ef1ff33284 909624b64b6745d0988dcc49cd5247f2 4c0cec9984684a71b77f16ddf03089d2 - - default default] 10.0.0.50 "GET /v2.0/extensions/quota_details HTTP/1.1" status: 200 len: 407 time: 0.0078144
2026-05-30 03:07:34.265 9 INFO neutron.api.wsgi [None req-a04d505c-4532-4ec5-84b4-fd8937c2d707 909624b64b6745d0988dcc49cd5247f2 4c0cec9984684a71b77f16ddf03089d2 - - default default] 10.0.0.50 "GET /v2.0/extensions/rbac-policies HTTP/1.1" status: 200 len: 417 time: 0.0042610
2026-05-30 03:07:34.276 9 INFO neutron.api.wsgi [None req-c0b4b2e3-9a9b-4f9b-bee4-0ed88af069bc 909624b64b6745d0988dcc49cd5247f2 4c0cec9984684a71b77f16ddf03089d2 - - default default] 10.0.0.50 "GET /v2.0/extensions/rbac-address-scope HTTP/1.1" status: 200 len: 384 time: 0.0067241
2026-05-30 03:07:34.286 10 INFO neutron.api.wsgi [None req-154ff8bc-a268-4440-94c0-e205a43152cd 909624b64b6745d0988dcc49cd5247f2 4c0cec9984684a71b77f16ddf03089d2 - - default default] 10.0.0.50 "GET /v2.0/extensions/rbac-security-groups HTTP/1.1" status: 200 len: 404 time: 0.0039580
2026-05-30 03:07:34.297 10 INFO neutron.api.wsgi [None req-3872a2db-9614-49ad-ae96-186a5f46ab44 909624b64b6745d0988dcc49cd5247f2 4c0cec9984684a71b77f16ddf03089d2 - - default default] 10.0.0.50 "GET /v2.0/extensions/revision-if-match HTTP/1.1" status: 200 len: 441 time: 0.0055156
2026-05-30 03:07:34.298 9 INFO neutron.api.wsgi [req-056e8c0d-1edd-4108-b8eb-73c6614cbf49 req-77929c6f-2ab6-4137-af5b-da22574ce6ad e3c3ef52b9a84b519c4bd8db8b5c75ec 0d1e6166294741259a78c4fec6748a65 - - default default] 10.0.0.26 "GET /v2.0/ports?device_id=e36a332a-7bf9-426b-8771-53a2b01d420b HTTP/1.1" status: 200 len: 1172 time: 0.0856926
2026-05-30 03:07:34.305 10 INFO neutron.api.wsgi [None req-d7447f22-7f43-4def-a265-4661ac637f82 909624b64b6745d0988dcc49cd5247f2 4c0cec9984684a71b77f16ddf03089d2 - - default default] 10.0.0.50 "GET /v2.0/extensions/standard-attr-revisions HTTP/1.1" status: 200 len: 423 time: 0.0039201
2026-05-30 03:07:34.315 10 INFO neutron.api.wsgi [None req-74dc12ae-5982-47e5-84b8-8d547ea86763 909624b64b6745d0988dcc49cd5247f2 4c0cec9984684a71b77f16ddf03089d2 - - default default] 10.0.0.50 "GET /v2.0/extensions/router_availability_zone HTTP/1.1" status: 200 len: 391 time: 0.0064700
2026-05-30 03:07:34.322 9 INFO neutron.api.wsgi [None req-a64bdbcd-861c-4065-b4e9-be0fcb1a9733 909624b64b6745d0988dcc49cd5247f2 4c0cec9984684a71b77f16ddf03089d2 - - default default] 10.0.0.50 "GET /v2.0/extensions/security-groups-default-rules HTTP/1.1" status: 200 len: 456 time: 0.0036137
2026-05-30 03:07:34.332 10 INFO neutron.api.wsgi [None req-79d50fdb-fcc1-4e7b-91e4-198081f0b614 909624b64b6745d0988dcc49cd5247f2 4c0cec9984684a71b77f16ddf03089d2 - - default default] 10.0.0.50 "GET /v2.0/extensions/security-groups-normalized-cidr HTTP/1.1" status: 200 len: 445 time: 0.0059752
2026-05-30 03:07:34.340 9 INFO neutron.api.wsgi [None req-3fa9e6b2-807c-4eb6-827e-c413690d891d 909624b64b6745d0988dcc49cd5247f2 4c0cec9984684a71b77f16ddf03089d2 - - default default] 10.0.0.50 "GET /v2.0/extensions/security-groups-remote-address-group HTTP/1.1" status: 200 len: 448 time: 0.0047941
2026-05-30 03:07:34.350 9 INFO neutron.api.wsgi [None req-32ebbcda-77c3-4c0b-ad54-2746a6684399 909624b64b6745d0988dcc49cd5247f2 4c0cec9984684a71b77f16ddf03089d2 - - default default] 10.0.0.50 "GET /v2.0/extensions/security-groups-rules-belongs-to-default-sg HTTP/1.1" status: 200 len: 508 time: 0.0056157
2026-05-30 03:07:34.358 9 INFO neutron.api.wsgi [None req-c7bac981-9d56-4359-b087-9e26520c769c 909624b64b6745d0988dcc49cd5247f2 4c0cec9984684a71b77f16ddf03089d2 - - default default] 10.0.0.50 "GET /v2.0/extensions/security-groups-shared-filtering HTTP/1.1" status: 200 len: 435 time: 0.0042014
2026-05-30 03:07:34.361 9 INFO neutron.api.wsgi [req-056e8c0d-1edd-4108-b8eb-73c6614cbf49 req-61f616dd-8d69-498e-af4a-fefb235d334d e3c3ef52b9a84b519c4bd8db8b5c75ec 0d1e6166294741259a78c4fec6748a65 - - default default] 10.0.0.26 "GET /v2.0/security-groups?id=0ee5daa9-6723-444d-96f4-fd9776c91fec&fields=id&fields=name HTTP/1.1" status: 200 len: 313 time: 0.0534091
2026-05-30 03:07:34.370 10 INFO neutron.api.wsgi [None req-19c7495e-5ca3-43be-b01a-b014918747ea 909624b64b6745d0988dcc49cd5247f2 4c0cec9984684a71b77f16ddf03089d2 - - default default] 10.0.0.50 "GET /v2.0/extensions/security-group HTTP/1.1" status: 200 len: 364 time: 0.0076127
2026-05-30 03:07:34.380 9 INFO neutron.api.wsgi [None req-2bd48e0a-20c1-49e2-8e3d-6fc58b9d02d7 909624b64b6745d0988dcc49cd5247f2 4c0cec9984684a71b77f16ddf03089d2 - - default default] 10.0.0.50 "GET /v2.0/extensions/segment HTTP/1.1" status: 200 len: 339 time: 0.0061245
2026-05-30 03:07:34.386 9 INFO neutron.api.wsgi [None req-dc94e0ee-4aa9-4dd9-9bbe-b49477ce05df 909624b64b6745d0988dcc49cd5247f2 4c0cec9984684a71b77f16ddf03089d2 - - default default] 10.0.0.50 "GET /v2.0/extensions/segments-peer-subnet-host-routes HTTP/1.1" status: 200 len: 427 time: 0.0035527
2026-05-30 03:07:34.394 9 INFO neutron.api.wsgi [None req-6d6363cc-d587-4e09-879f-f91a1954c5ad 909624b64b6745d0988dcc49cd5247f2 4c0cec9984684a71b77f16ddf03089d2 - - default default] 10.0.0.50 "GET /v2.0/extensions/service-type HTTP/1.1" status: 200 len: 415 time: 0.0035009
2026-05-30 03:07:34.402 9 INFO neutron.api.wsgi [None req-0247b851-2bef-4b8e-bab9-5f3038164ca8 909624b64b6745d0988dcc49cd5247f2 4c0cec9984684a71b77f16ddf03089d2 - - default default] 10.0.0.50 "GET /v2.0/extensions/sorting HTTP/1.1" status: 200 len: 377 time: 0.0041418
2026-05-30 03:07:34.409 9 INFO neutron.api.wsgi [None req-148f7e27-2d62-44b2-94b8-97ba273e7273 909624b64b6745d0988dcc49cd5247f2 4c0cec9984684a71b77f16ddf03089d2 - - default default] 10.0.0.50 "GET /v2.0/extensions/standard-attr-segment HTTP/1.1" status: 200 len: 406 time: 0.0034208
2026-05-30 03:07:34.416 9 INFO neutron.api.wsgi [None req-29e8dbb1-a148-41d5-9567-806f0dbc6ef5 909624b64b6745d0988dcc49cd5247f2 4c0cec9984684a71b77f16ddf03089d2 - - default default] 10.0.0.50 "GET /v2.0/extensions/standard-attr-description HTTP/1.1" status: 200 len: 408 time: 0.0036266
2026-05-30 03:07:34.423 9 INFO neutron.api.wsgi [None req-0ce94ae4-aeae-4f87-9f75-d6a48b239c8b 909624b64b6745d0988dcc49cd5247f2 4c0cec9984684a71b77f16ddf03089d2 - - default default] 10.0.0.50 "GET /v2.0/extensions/stateful-security-group HTTP/1.1" status: 200 len: 402 time: 0.0036519
2026-05-30 03:07:34.430 9 INFO neutron.api.wsgi [None req-1c78dbd8-6598-458b-b2e8-c96ab1dff2ab 909624b64b6745d0988dcc49cd5247f2 4c0cec9984684a71b77f16ddf03089d2 - - default default] 10.0.0.50 "GET /v2.0/extensions/subnet-dns-publish-fixed-ip HTTP/1.1" status: 200 len: 421 time: 0.0041447
2026-05-30 03:07:34.437 9 INFO neutron.api.wsgi [None req-df70cc8f-72b7-4efc-b719-2d1951b66422 909624b64b6745d0988dcc49cd5247f2 4c0cec9984684a71b77f16ddf03089d2 - - default default] 10.0.0.50 "GET /v2.0/extensions/subnet-external-network HTTP/1.1" status: 200 len: 418 time: 0.0034645
2026-05-30 03:07:34.444 9 INFO neutron.api.wsgi [None req-66fa7252-107f-49df-83b6-9fda156a85d5 909624b64b6745d0988dcc49cd5247f2 4c0cec9984684a71b77f16ddf03089d2 - - default default] 10.0.0.50 "GET /v2.0/extensions/subnet-segmentid-writable HTTP/1.1" status: 200 len: 421 time: 0.0035460
2026-05-30 03:07:34.452 9 INFO neutron.api.wsgi [None req-8f351d90-364c-455f-a98c-0ab622b085d7 909624b64b6745d0988dcc49cd5247f2 4c0cec9984684a71b77f16ddf03089d2 - - default default] 10.0.0.50 "GET /v2.0/extensions/subnet-service-types HTTP/1.1" status: 200 len: 400 time: 0.0047209
2026-05-30 03:07:34.459 9 INFO neutron.api.wsgi [None req-0ca21d38-d12d-4bd1-b314-686559a94ef2 909624b64b6745d0988dcc49cd5247f2 4c0cec9984684a71b77f16ddf03089d2 - - default default] 10.0.0.50 "GET /v2.0/extensions/subnet_allocation HTTP/1.1" status: 200 len: 388 time: 0.0037918
2026-05-30 03:07:34.468 9 INFO neutron.api.wsgi [None req-2c756594-22c1-436d-8fbd-2fdc5c5f29ba 909624b64b6745d0988dcc49cd5247f2 4c0cec9984684a71b77f16ddf03089d2 - - default default] 10.0.0.50 "GET /v2.0/extensions/subnetpool-prefix-ops HTTP/1.1" status: 200 len: 418 time: 0.0054531
2026-05-30 03:07:34.475 9 INFO neutron.api.wsgi [None req-4627ce1b-a10f-419f-a45d-3fe9e553b0de 909624b64b6745d0988dcc49cd5247f2 4c0cec9984684a71b77f16ddf03089d2 - - default default] 10.0.0.50 "GET /v2.0/extensions/tag-creation HTTP/1.1" status: 200 len: 384 time: 0.0039766
2026-05-30 03:07:34.483 9 INFO neutron.api.wsgi [None req-471548f1-13af-47aa-aa63-1a94377f5edc 909624b64b6745d0988dcc49cd5247f2 4c0cec9984684a71b77f16ddf03089d2 - - default default] 10.0.0.50 "GET /v2.0/extensions/standard-attr-tag HTTP/1.1" status: 200 len: 537 time: 0.0042133
2026-05-30 03:07:34.491 9 INFO neutron.api.wsgi [None req-76413c93-708a-4d39-930f-5660258ee4a9 909624b64b6745d0988dcc49cd5247f2 4c0cec9984684a71b77f16ddf03089d2 - - default default] 10.0.0.50 "GET /v2.0/extensions/standard-attr-timestamp HTTP/1.1" status: 200 len: 449 time: 0.0047553
2026-05-30 03:07:34.498 9 INFO neutron.api.wsgi [None req-4b05cc3a-b6e3-4f04-993b-b500164e179b 909624b64b6745d0988dcc49cd5247f2 4c0cec9984684a71b77f16ddf03089d2 - - default default] 10.0.0.50 "GET /v2.0/extensions/trunk HTTP/1.1" status: 200 len: 358 time: 0.0038226
2026-05-30 03:07:34.506 9 INFO neutron.api.wsgi [None req-c6d2189d-cf95-4af4-a9f7-19d0294a015e 909624b64b6745d0988dcc49cd5247f2 4c0cec9984684a71b77f16ddf03089d2 - - default default] 10.0.0.50 "GET /v2.0/extensions/trunk-details HTTP/1.1" status: 200 len: 362 time: 0.0046575
2026-05-30 03:07:34.514 9 INFO neutron.api.wsgi [None req-8b0d1b9c-7d61-43dc-b9db-49fdc41e4a7e 909624b64b6745d0988dcc49cd5247f2 4c0cec9984684a71b77f16ddf03089d2 - - default default] 10.0.0.50 "GET /v2.0/extensions/vpn-agent-scheduler HTTP/1.1" status: 200 len: 393 time: 0.0047989
2026-05-30 03:07:34.525 9 INFO neutron.api.wsgi [None req-801fcc3d-d42f-49b5-827c-d8be5ce4d238 909624b64b6745d0988dcc49cd5247f2 4c0cec9984684a71b77f16ddf03089d2 - - default default] 10.0.0.50 "GET /v2.0/extensions/vpn-endpoint-groups HTTP/1.1" status: 200 len: 371 time: 0.0070291
2026-05-30 03:07:34.531 9 INFO neutron.api.wsgi [None req-d0baa442-3b4f-4403-b797-170bab3ff6aa 909624b64b6745d0988dcc49cd5247f2 4c0cec9984684a71b77f16ddf03089d2 - - default default] 10.0.0.50 "GET /v2.0/extensions/vpn-flavors HTTP/1.1" status: 200 len: 376 time: 0.0030890
2026-05-30 03:07:34.539 9 INFO neutron.api.wsgi [None req-10036eec-a0c6-4f44-aa0d-a6f1dd75401e 909624b64b6745d0988dcc49cd5247f2 4c0cec9984684a71b77f16ddf03089d2 - - default default] 10.0.0.50 "GET /v2.0/extensions/vpnaas HTTP/1.1" status: 200 len: 348 time: 0.0044665
2026-05-30 03:07:34.897 10 INFO neutron.api.wsgi [None req-e1de6f24-02a7-4b5e-b6b5-538822b2b3e5 e454212e95dd40d5983802b6cc6c0ced 8bb4777ca0f64815b5b7c055203d0b2e - - default default] 10.0.0.50 "PUT /v2.0/routers/894dbd5b-66be-4729-8cf3-422c6e3d6292/remove_router_interface HTTP/1.1" status: 200 len: 503 time: 0.6497300
2026-05-30 03:07:34.923 9 INFO neutron.api.wsgi [None req-08d0d23d-4252-418c-8db6-4f52a436a8b9 e454212e95dd40d5983802b6cc6c0ced 8bb4777ca0f64815b5b7c055203d0b2e - - default default] 10.0.0.50 "GET /v2.0/ports?device_id=894dbd5b-66be-4729-8cf3-422c6e3d6292 HTTP/1.1" status: 200 len: 205 time: 0.0185702
2026-05-30 03:07:35.135 9 INFO neutron.api.wsgi [None req-9cd5e30d-a737-469b-92f0-f05d6a9e81cb e454212e95dd40d5983802b6cc6c0ced 8bb4777ca0f64815b5b7c055203d0b2e - - default default] 10.0.0.50 "DELETE /v2.0/routers/894dbd5b-66be-4729-8cf3-422c6e3d6292 HTTP/1.1" status: 204 len: 168 time: 0.2065828 /var/lib/openstack/lib/python3.12/site-packages/pycadf/identifier.py:71: UserWarning: Invalid uuid: neutron. To ensure interoperability, identifiers should be a valid uuid. warnings.warn(('Invalid uuid: %s. To ensure interoperability, '
2026-05-30 03:07:35.305 10 INFO neutron.api.wsgi [None req-e6c41540-656d-43a0-b809-299e3bd8027a e454212e95dd40d5983802b6cc6c0ced 8bb4777ca0f64815b5b7c055203d0b2e - - default default] 10.0.0.50 "DELETE /v2.0/subnets/b7afaed7-84d2-4cf2-93c7-9a65ce719ce4 HTTP/1.1" status: 204 len: 168 time: 0.1640010
2026-05-30 03:07:35.399 10 INFO neutron.db.ovn_revision_numbers_db [None req-259b9883-32fd-457f-8607-01bd637804b6 5b269b93c6fd4a6f8021a4e0ea1fed9b 67ae0794042149f4a396eb9cd2d12b7e - - default default] Successfully bumped revision number for resource a2cef665-c491-4e4d-8d0a-d6f80dd3cfe0 (type: security_groups) to 1
2026-05-30 03:07:35.416 10 INFO neutron.db.ovn_revision_numbers_db [None req-259b9883-32fd-457f-8607-01bd637804b6 5b269b93c6fd4a6f8021a4e0ea1fed9b 67ae0794042149f4a396eb9cd2d12b7e - - default default] Successfully bumped revision number for resource 2af900bd-ffa6-49ef-a9f7-8c639c833f6e (type: security_group_rules) to 0
2026-05-30 03:07:35.433 10 INFO neutron.db.ovn_revision_numbers_db [None req-259b9883-32fd-457f-8607-01bd637804b6 5b269b93c6fd4a6f8021a4e0ea1fed9b 67ae0794042149f4a396eb9cd2d12b7e - - default default] Successfully bumped revision number for resource 2b6b8a0f-0e4c-4e35-93b7-414ce4d4ad2c (type: security_group_rules) to 0
2026-05-30 03:07:35.475 10 INFO neutron.db.ovn_revision_numbers_db [None req-259b9883-32fd-457f-8607-01bd637804b6 5b269b93c6fd4a6f8021a4e0ea1fed9b 67ae0794042149f4a396eb9cd2d12b7e - - default default] Successfully bumped revision number for resource b9b147b5-c009-48d4-a3dc-7231b3c0d9c9 (type: security_group_rules) to 0
2026-05-30 03:07:35.488 10 INFO neutron.api.wsgi [req-accda7e1-308f-4129-8b13-156f9db9ce42 req-db1db732-cff9-4ebc-a185-9a33c6e7c0e7 e3c3ef52b9a84b519c4bd8db8b5c75ec 0d1e6166294741259a78c4fec6748a65 - - default default] 10.0.0.26 "GET /v2.0/ports?device_id=e36a332a-7bf9-426b-8771-53a2b01d420b HTTP/1.1" status: 200 len: 1172 time: 0.0507677
2026-05-30 03:07:35.507 10 INFO neutron.db.ovn_revision_numbers_db [None req-259b9883-32fd-457f-8607-01bd637804b6 5b269b93c6fd4a6f8021a4e0ea1fed9b 67ae0794042149f4a396eb9cd2d12b7e - - default default] Successfully bumped revision number for resource fcb07c31-e205-44e2-8f41-a52b33df5ada (type: security_group_rules) to 0
2026-05-30 03:07:35.549 10 INFO neutron.api.wsgi [req-accda7e1-308f-4129-8b13-156f9db9ce42 req-fd3714f7-db59-4150-b23e-d76dcb10882c e3c3ef52b9a84b519c4bd8db8b5c75ec 0d1e6166294741259a78c4fec6748a65 - - default default] 10.0.0.26 "GET /v2.0/security-groups?id=0ee5daa9-6723-444d-96f4-fd9776c91fec&fields=id&fields=name HTTP/1.1" status: 200 len: 313 time: 0.0557930
2026-05-30 03:07:35.568 10 INFO neutron.api.wsgi [None req-259b9883-32fd-457f-8607-01bd637804b6 5b269b93c6fd4a6f8021a4e0ea1fed9b 67ae0794042149f4a396eb9cd2d12b7e - - default default] 10.0.0.50 "GET /v2.0/security-groups?tenant_id=4c0cec9984684a71b77f16ddf03089d2&name=default HTTP/1.1" status: 200 len: 3120 time: 0.4677429
2026-05-30 03:07:35.674 9 INFO neutron.services.segments.plugin [-] Segment 0f97d78a-f675-4674-98f7-21360457165d resource provider aggregate not found
2026-05-30 03:07:35.678 9 INFO neutron.services.segments.plugin [-] Segment 0f97d78a-f675-4674-98f7-21360457165d resource provider aggregate not found
2026-05-30 03:07:35.695 9 INFO neutron.services.segments.plugin [-] Segment 0f97d78a-f675-4674-98f7-21360457165d resource provider not found; error: Placement Client Error (4xx): {"errors": [{"status": 404, "title": "Not Found", "detail": "The resource could not be found.\n\n No resource provider with uuid 0f97d78a-f675-4674-98f7-21360457165d found for delete ", "request_id": "req-a9a470a2-b037-484b-bdae-22445c18c24e"}]}
2026-05-30 03:07:35.698 9 INFO neutron.services.segments.plugin [-] Segment 0f97d78a-f675-4674-98f7-21360457165d resource provider not found; error: Placement Client Error (4xx): {"errors": [{"status": 404, "title": "Not Found", "detail": "The resource could not be found.\n\n No resource provider with uuid 0f97d78a-f675-4674-98f7-21360457165d found for delete ", "request_id": "req-20883f26-c349-45cb-b677-627966db4830"}]}
2026-05-30 03:07:35.727 9 INFO neutron.api.wsgi [None req-af7a662d-06aa-4d50-958c-9f6d4eedfb36 e454212e95dd40d5983802b6cc6c0ced 8bb4777ca0f64815b5b7c055203d0b2e - - default default] 10.0.0.50 "DELETE /v2.0/networks/99c8bcca-0055-4b62-9878-2f71b1c2e6aa HTTP/1.1" status: 204 len: 168 time: 0.4118130
2026-05-30 03:07:35.739 9 WARNING neutron_lib.context [None req-042262fe-8c9f-4700-b94b-9a8f6d64ac66 e454212e95dd40d5983802b6cc6c0ced 8bb4777ca0f64815b5b7c055203d0b2e - - default default] Method 'is_advsvc' is deprecated since 2023.2 release (neutron-lib 3.8.0) and will be removed once support for the old RBAC API policies will be removed from Neutron. Please use method 'is_service_role' instead.
2026-05-30 03:07:35.865 10 INFO neutron.api.wsgi [None req-d5f6dfb5-8ac5-4838-9b7a-d4251a050a47 5b269b93c6fd4a6f8021a4e0ea1fed9b 67ae0794042149f4a396eb9cd2d12b7e - - default default] 10.0.0.50 "DELETE /v2.0/security-groups/a2cef665-c491-4e4d-8d0a-d6f80dd3cfe0 HTTP/1.1" status: 204 len: 168 time: 0.2900059
2026-05-30 03:07:36.213 9 WARNING neutron.scheduler.dhcp_agent_scheduler [None req-042262fe-8c9f-4700-b94b-9a8f6d64ac66 e454212e95dd40d5983802b6cc6c0ced 8bb4777ca0f64815b5b7c055203d0b2e - - default default] No more DHCP agents
2026-05-30 03:07:36.214 9 WARNING neutron.api.rpc.agentnotifiers.dhcp_rpc_agent_api [None req-042262fe-8c9f-4700-b94b-9a8f6d64ac66 e454212e95dd40d5983802b6cc6c0ced 8bb4777ca0f64815b5b7c055203d0b2e - - default default] Unable to schedule network c95f1c1d-e5a6-4c19-9afd-aff0bb985712: no agents available; will retry on subsequent port and subnet creation events.
2026-05-30 03:07:36.335 9 INFO neutron.db.ovn_revision_numbers_db [None req-042262fe-8c9f-4700-b94b-9a8f6d64ac66 e454212e95dd40d5983802b6cc6c0ced 8bb4777ca0f64815b5b7c055203d0b2e - - default default] Successfully bumped revision number for resource 45ffc928-55f2-48e4-8789-5454e16611cb (type: ports) to 1
2026-05-30 03:07:36.915 9 INFO neutron.plugins.ml2.drivers.ovn.mech_driver.ovsdb.commands [None req-195669d7-72ed-41d7-b438-d417f6da76de - - - - - -] Schedule LRP lrp-45ffc928-55f2-48e4-8789-5454e16611cb on gateway 585ed40b-f730-46a8-811c-5d58a809d870 with priority 1
2026-05-30 03:07:36.926 10 INFO neutron.plugins.ml2.drivers.ovn.mech_driver.mech_driver [None req-0416b76e-0cfa-47e8-930c-7bbed3e3d25f - - - - - -] OVN reports status up for port: 45ffc928-55f2-48e4-8789-5454e16611cb
2026-05-30 03:07:36.939 10 INFO neutron.plugins.ml2.plugin [None req-0416b76e-0cfa-47e8-930c-7bbed3e3d25f - - - - - -] Attempt 1 to provision port 45ffc928-55f2-48e4-8789-5454e16611cb
2026-05-30 03:07:36.958 9 INFO neutron.db.ovn_revision_numbers_db [None req-042262fe-8c9f-4700-b94b-9a8f6d64ac66 e454212e95dd40d5983802b6cc6c0ced 8bb4777ca0f64815b5b7c055203d0b2e - - default default] Successfully bumped revision number for resource 45ffc928-55f2-48e4-8789-5454e16611cb (type: router_ports) to 1
2026-05-30 03:07:37.046 9 INFO neutron.db.ovn_revision_numbers_db [None req-042262fe-8c9f-4700-b94b-9a8f6d64ac66 e454212e95dd40d5983802b6cc6c0ced 8bb4777ca0f64815b5b7c055203d0b2e - - default default] Successfully bumped revision number for resource 18b1f135-99ed-43f5-a68e-e56f160d01e8 (type: routers) to 2
2026-05-30 03:07:37.065 9 INFO neutron.api.wsgi [None req-042262fe-8c9f-4700-b94b-9a8f6d64ac66 e454212e95dd40d5983802b6cc6c0ced 8bb4777ca0f64815b5b7c055203d0b2e - - default default] 10.0.0.50 "POST /v2.0/routers HTTP/1.1" status: 201 len: 1150 time: 1.3313837
2026-05-30 03:07:37.126 9 INFO neutron.api.wsgi [None req-2a00b47b-3b87-429c-9e2d-7dbecc69ab7b e454212e95dd40d5983802b6cc6c0ced 8bb4777ca0f64815b5b7c055203d0b2e - - default default] 10.0.0.50 "GET /v2.0/routers/18b1f135-99ed-43f5-a68e-e56f160d01e8 HTTP/1.1" status: 200 len: 1151 time: 0.0548794
2026-05-30 03:07:37.233 9 INFO neutron.api.wsgi [None req-2e612686-9983-427e-807b-562263826619 e454212e95dd40d5983802b6cc6c0ced 8bb4777ca0f64815b5b7c055203d0b2e - - default default] 10.0.0.50 "GET /v2.0/routers HTTP/1.1" status: 200 len: 1154 time: 0.1008751
2026-05-30 03:07:37.655 9 INFO neutron.db.ovn_revision_numbers_db [None req-909bbaf9-1ddf-4b67-94cc-5bb6172af85c e454212e95dd40d5983802b6cc6c0ced 8bb4777ca0f64815b5b7c055203d0b2e - - default default] Successfully bumped revision number for resource 18b1f135-99ed-43f5-a68e-e56f160d01e8 (type: routers) to 3
2026-05-30 03:07:37.662 9 INFO neutron.api.wsgi [None req-909bbaf9-1ddf-4b67-94cc-5bb6172af85c e454212e95dd40d5983802b6cc6c0ced 8bb4777ca0f64815b5b7c055203d0b2e - - default default] 10.0.0.50 "PUT /v2.0/routers/18b1f135-99ed-43f5-a68e-e56f160d01e8 HTTP/1.1" status: 200 len: 1158 time: 0.4209454
2026-05-30 03:07:37.727 9 INFO neutron.api.wsgi [None req-575c41ac-cb58-403c-83e6-708c957c1c83 e454212e95dd40d5983802b6cc6c0ced 8bb4777ca0f64815b5b7c055203d0b2e - - default default] 10.0.0.50 "GET /v2.0/routers/18b1f135-99ed-43f5-a68e-e56f160d01e8 HTTP/1.1" status: 200 len: 1158 time: 0.0592570
2026-05-30 03:07:37.746 9 INFO neutron.api.wsgi [None req-7791701e-d574-40f3-8073-60a95b50ea3c e454212e95dd40d5983802b6cc6c0ced 8bb4777ca0f64815b5b7c055203d0b2e - - default default] 10.0.0.50 "GET /v2.0/ports?device_id=18b1f135-99ed-43f5-a68e-e56f160d01e8 HTTP/1.1" status: 200 len: 205 time: 0.0143270
