2026-05-30 03:08:19.160 9 INFO neutron.db.ovn_revision_numbers_db [None req-0964a6f2-f716-4a3a-b03c-cb675bba395e c92391cd648448c2868034423a134387 b0806748a85e4a17839517f3e6ac56aa - - default default] Successfully bumped revision number for resource 2d4dbc44-52a3-4de6-9dea-5ab285d1807b (type: security_group_rules) to 0
2026-05-30 03:08:19.207 9 INFO neutron.api.wsgi [None req-0964a6f2-f716-4a3a-b03c-cb675bba395e c92391cd648448c2868034423a134387 b0806748a85e4a17839517f3e6ac56aa - - default default] 10.0.0.50 "POST /v2.0/security-groups HTTP/1.1" status: 201 len: 1801 time: 0.2088742
2026-05-30 03:08:19.216 9 WARNING neutron_lib.context [None req-14e0f6c4-14d1-4d90-aeca-9f172323fe05 c92391cd648448c2868034423a134387 b0806748a85e4a17839517f3e6ac56aa - - default default] Method 'is_advsvc' is deprecated since 2023.2 release (neutron-lib 3.8.0) and will be removed once support for the old RBAC API policies will be removed from Neutron. Please use method 'is_service_role' instead.
2026-05-30 03:08:19.311 10 INFO neutron.notifiers.nova [-] Nova event matching ['req-39178942-cd7b-4569-889d-9b19838c9654'] response: {'server_uuid': '1c8a7ec9-c691-4e99-bbb0-e37b468dcfb7', 'name': 'network-vif-plugged', 'status': 'completed', 'tag': 'e38a65a7-a54b-475e-8c16-9b744926e02f', 'code': 200}
2026-05-30 03:08:19.325 10 INFO neutron.db.ovn_revision_numbers_db [None req-609a4ddd-644b-4451-8feb-bed827c7a96e 5b269b93c6fd4a6f8021a4e0ea1fed9b 67ae0794042149f4a396eb9cd2d12b7e - - default default] Successfully bumped revision number for resource ece4f539-989a-4c0b-b261-bcc6c621fd75 (type: security_groups) to 1
2026-05-30 03:08:19.340 9 INFO neutron.db.ovn_revision_numbers_db [None req-14e0f6c4-14d1-4d90-aeca-9f172323fe05 c92391cd648448c2868034423a134387 b0806748a85e4a17839517f3e6ac56aa - - default default] Successfully bumped revision number for resource 9eb70fc6-38bf-402d-a916-f99ab74870ed (type: security_groups) to 1
2026-05-30 03:08:19.341 10 INFO neutron.db.ovn_revision_numbers_db [None req-609a4ddd-644b-4451-8feb-bed827c7a96e 5b269b93c6fd4a6f8021a4e0ea1fed9b 67ae0794042149f4a396eb9cd2d12b7e - - default default] Successfully bumped revision number for resource 2208273c-d470-4d98-884a-ec082df4009f (type: security_group_rules) to 0
2026-05-30 03:08:19.355 9 INFO neutron.db.ovn_revision_numbers_db [None req-14e0f6c4-14d1-4d90-aeca-9f172323fe05 c92391cd648448c2868034423a134387 b0806748a85e4a17839517f3e6ac56aa - - default default] Successfully bumped revision number for resource bd249338-3c98-40bb-b029-da7ee8ef0e41 (type: security_group_rules) to 0
2026-05-30 03:08:19.362 10 INFO neutron.db.ovn_revision_numbers_db [None req-609a4ddd-644b-4451-8feb-bed827c7a96e 5b269b93c6fd4a6f8021a4e0ea1fed9b 67ae0794042149f4a396eb9cd2d12b7e - - default default] Successfully bumped revision number for resource 31d77843-ad25-4ecc-a56e-4396ce04a559 (type: security_group_rules) to 0
2026-05-30 03:08:19.375 10 INFO neutron.db.ovn_revision_numbers_db [None req-609a4ddd-644b-4451-8feb-bed827c7a96e 5b269b93c6fd4a6f8021a4e0ea1fed9b 67ae0794042149f4a396eb9cd2d12b7e - - default default] Successfully bumped revision number for resource 4cc4549d-2beb-4b15-a4f8-c3cd73eb4098 (type: security_group_rules) to 0
2026-05-30 03:08:19.377 9 INFO neutron.db.ovn_revision_numbers_db [None req-14e0f6c4-14d1-4d90-aeca-9f172323fe05 c92391cd648448c2868034423a134387 b0806748a85e4a17839517f3e6ac56aa - - default default] Successfully bumped revision number for resource d0148c3b-6270-4333-8bef-daec26f444ac (type: security_group_rules) to 0
2026-05-30 03:08:19.378 10 WARNING neutron.scheduler.dhcp_agent_scheduler [None req-5e1492c8-37a4-4225-8808-e58ebfd955c5 36971fcba5ee44dabde08faeb625cc40 9a232e7b446948d7a0b2105d1de6dd95 - - default default] No more DHCP agents
2026-05-30 03:08:19.381 10 WARNING neutron.api.rpc.agentnotifiers.dhcp_rpc_agent_api [None req-5e1492c8-37a4-4225-8808-e58ebfd955c5 36971fcba5ee44dabde08faeb625cc40 9a232e7b446948d7a0b2105d1de6dd95 - - default default] Unable to schedule network c95f1c1d-e5a6-4c19-9afd-aff0bb985712: no agents available; will retry on subsequent port and subnet creation events.
2026-05-30 03:08:19.391 10 INFO neutron.db.ovn_revision_numbers_db [None req-609a4ddd-644b-4451-8feb-bed827c7a96e 5b269b93c6fd4a6f8021a4e0ea1fed9b 67ae0794042149f4a396eb9cd2d12b7e - - default default] Successfully bumped revision number for resource d3a3f417-a628-4ebf-92fd-2aaeed43d6b3 (type: security_group_rules) to 0
2026-05-30 03:08:19.414 9 INFO neutron.api.wsgi [None req-14e0f6c4-14d1-4d90-aeca-9f172323fe05 c92391cd648448c2868034423a134387 b0806748a85e4a17839517f3e6ac56aa - - default default] 10.0.0.50 "POST /v2.0/security-groups HTTP/1.1" status: 201 len: 1801 time: 0.2014546
2026-05-30 03:08:19.433 10 INFO neutron.api.wsgi [None req-609a4ddd-644b-4451-8feb-bed827c7a96e 5b269b93c6fd4a6f8021a4e0ea1fed9b 67ae0794042149f4a396eb9cd2d12b7e - - default default] 10.0.0.50 "GET /v2.0/security-groups?tenant_id=1ccc39c68d79473eb9d01f14a329d12f&name=default HTTP/1.1" status: 200 len: 3120 time: 0.5138924
2026-05-30 03:08:19.471 9 INFO neutron.api.wsgi [None req-ae11fe38-6641-413d-9699-ef72771522c6 c92391cd648448c2868034423a134387 b0806748a85e4a17839517f3e6ac56aa - - default default] 10.0.0.50 "PUT /v2.0/security-groups/fc84998b-7565-4869-853b-397b578b5ca9/tags HTTP/1.1" status: 200 len: 210 time: 0.0514734
2026-05-30 03:08:19.526 10 INFO neutron.api.wsgi [None req-9778db02-549d-48aa-9a7e-31706c87d814 c92391cd648448c2868034423a134387 b0806748a85e4a17839517f3e6ac56aa - - default default] 10.0.0.50 "PUT /v2.0/security-groups/aa1ecbef-a302-4b6b-8188-5472fe2f3083/tags HTTP/1.1" status: 200 len: 218 time: 0.0490570
2026-05-30 03:08:19.568 10 INFO neutron.api.wsgi [None req-99166ebf-5e40-48b9-a34b-c26f73cc09a3 c92391cd648448c2868034423a134387 b0806748a85e4a17839517f3e6ac56aa - - default default] 10.0.0.50 "PUT /v2.0/security-groups/1efd9f7a-a44d-4b7b-b607-3fbb2c5338bb/tags HTTP/1.1" status: 200 len: 227 time: 0.0359643
2026-05-30 03:08:19.631 10 INFO neutron.api.wsgi [None req-b7d2059d-ba5d-4698-9afd-c22a8ece23cb c92391cd648448c2868034423a134387 b0806748a85e4a17839517f3e6ac56aa - - default default] 10.0.0.50 "PUT /v2.0/security-groups/d35f2dd2-2566-4e47-9b7f-e9567c41b51e/tags HTTP/1.1" status: 200 len: 212 time: 0.0580928
2026-05-30 03:08:19.691 9 INFO neutron.api.wsgi [None req-3f3c8bfc-520f-4eec-b166-055295fca0e2 c92391cd648448c2868034423a134387 b0806748a85e4a17839517f3e6ac56aa - - default default] 10.0.0.50 "GET /v2.0/security-groups?tags=red HTTP/1.1" status: 200 len: 4999 time: 0.0487609
2026-05-30 03:08:19.696 9 INFO neutron.api.wsgi [None req-a9bc4f1c-b308-4793-ab49-8fc93190dcdf 5b269b93c6fd4a6f8021a4e0ea1fed9b 67ae0794042149f4a396eb9cd2d12b7e - - default default] 10.0.0.50 "DELETE /v2.0/security-groups/ece4f539-989a-4c0b-b261-bcc6c621fd75 HTTP/1.1" status: 204 len: 168 time: 0.2554166
2026-05-30 03:08:19.731 9 INFO neutron.api.wsgi [None req-dc914dd9-217f-420e-ba42-186e66dbbe1b c92391cd648448c2868034423a134387 b0806748a85e4a17839517f3e6ac56aa - - default default] 10.0.0.50 "GET /v2.0/security-groups?tags=red%2Cblue HTTP/1.1" status: 200 len: 3413 time: 0.0339990
2026-05-30 03:08:19.776 9 INFO neutron.api.wsgi [None req-a4c324eb-1d96-4b0c-a112-5495a765ae73 c92391cd648448c2868034423a134387 b0806748a85e4a17839517f3e6ac56aa - - default default] 10.0.0.50 "GET /v2.0/security-groups?tags-any=blue HTTP/1.1" status: 200 len: 3413 time: 0.0361295
2026-05-30 03:08:19.846 9 INFO neutron.api.wsgi [None req-fa131de2-91cf-4932-9cac-b1eb99586775 c92391cd648448c2868034423a134387 b0806748a85e4a17839517f3e6ac56aa - - default default] 10.0.0.50 "GET /v2.0/security-groups?tags-any=red%2Cblue HTTP/1.1" status: 200 len: 4999 time: 0.0628467
2026-05-30 03:08:19.936 10 INFO neutron.api.wsgi [None req-1a14442f-1f36-4b90-b404-75b8c9fdd94b c92391cd648448c2868034423a134387 b0806748a85e4a17839517f3e6ac56aa - - default default] 10.0.0.50 "GET /v2.0/security-groups?not-tags=red HTTP/1.1" status: 200 len: 6289 time: 0.0803235
2026-05-30 03:08:20.002 9 INFO neutron.api.wsgi [None req-0fefae74-7d13-4f8f-89ce-02bd73272b67 c92391cd648448c2868034423a134387 b0806748a85e4a17839517f3e6ac56aa - - default default] 10.0.0.50 "GET /v2.0/security-groups?not-tags=red%2Cblue HTTP/1.1" status: 200 len: 7875 time: 0.0514214
2026-05-30 03:08:20.053 9 INFO neutron.api.wsgi [None req-4719a2f0-bf96-4c51-8431-ec0bbe655ace c92391cd648448c2868034423a134387 b0806748a85e4a17839517f3e6ac56aa - - default default] 10.0.0.50 "GET /v2.0/security-groups?not-tags-any=blue HTTP/1.1" status: 200 len: 7875 time: 0.0424006
2026-05-30 03:08:20.084 10 INFO neutron.db.ovn_revision_numbers_db [None req-b510e40c-0561-426e-96a6-a042f115a245 5b269b93c6fd4a6f8021a4e0ea1fed9b 67ae0794042149f4a396eb9cd2d12b7e - - default default] Successfully bumped revision number for resource 38ad5992-b3e2-4ce3-9459-83a24f5ba50c (type: security_groups) to 1
2026-05-30 03:08:20.104 10 INFO neutron.db.ovn_revision_numbers_db [None req-b510e40c-0561-426e-96a6-a042f115a245 5b269b93c6fd4a6f8021a4e0ea1fed9b 67ae0794042149f4a396eb9cd2d12b7e - - default default] Successfully bumped revision number for resource 25e35b43-9527-4474-abb0-c1489a4c32dc (type: security_group_rules) to 0
2026-05-30 03:08:20.129 10 INFO neutron.db.ovn_revision_numbers_db [None req-b510e40c-0561-426e-96a6-a042f115a245 5b269b93c6fd4a6f8021a4e0ea1fed9b 67ae0794042149f4a396eb9cd2d12b7e - - default default] Successfully bumped revision number for resource 40243621-701f-4695-87c5-1273745f44cb (type: security_group_rules) to 0
2026-05-30 03:08:20.137 9 INFO neutron.api.wsgi [None req-e435b398-962a-4d27-b7b3-a5183e8bf38e c92391cd648448c2868034423a134387 b0806748a85e4a17839517f3e6ac56aa - - default default] 10.0.0.50 "GET /v2.0/security-groups?not-tags-any=red%2Cblue HTTP/1.1" status: 200 len: 6289 time: 0.0773098
2026-05-30 03:08:20.150 10 INFO neutron.db.ovn_revision_numbers_db [None req-5e1492c8-37a4-4225-8808-e58ebfd955c5 36971fcba5ee44dabde08faeb625cc40 9a232e7b446948d7a0b2105d1de6dd95 - - default default] Successfully bumped revision number for resource 01587deb-248d-48d8-bd85-638a9cd38758 (type: floatingips) to -1
2026-05-30 03:08:20.164 10 INFO neutron.db.ovn_revision_numbers_db [None req-b510e40c-0561-426e-96a6-a042f115a245 5b269b93c6fd4a6f8021a4e0ea1fed9b 67ae0794042149f4a396eb9cd2d12b7e - - default default] Successfully bumped revision number for resource 58635b78-6ae7-4cc6-bf7d-f22a168c6e1d (type: security_group_rules) to 0
2026-05-30 03:08:20.189 10 INFO neutron.db.ovn_revision_numbers_db [None req-b510e40c-0561-426e-96a6-a042f115a245 5b269b93c6fd4a6f8021a4e0ea1fed9b 67ae0794042149f4a396eb9cd2d12b7e - - default default] Successfully bumped revision number for resource 734e7c52-d510-4e16-a3b2-8e3b58f9b577 (type: security_group_rules) to 0
2026-05-30 03:08:20.248 10 INFO neutron.api.wsgi [None req-b510e40c-0561-426e-96a6-a042f115a245 5b269b93c6fd4a6f8021a4e0ea1fed9b 67ae0794042149f4a396eb9cd2d12b7e - - default default] 10.0.0.50 "GET /v2.0/security-groups?tenant_id=4704405fe434495899c1913f536d82f4&name=default HTTP/1.1" status: 200 len: 3120 time: 0.3330190 /var/lib/openstack/lib/python3.12/site-packages/pycadf/identifier.py:71: UserWarning: Invalid uuid: neutron. To ensure interoperability, identifiers should be a valid uuid. warnings.warn(('Invalid uuid: %s. To ensure interoperability, '
2026-05-30 03:08:20.296 10 INFO neutron.db.ovn_revision_numbers_db [None req-5e1492c8-37a4-4225-8808-e58ebfd955c5 36971fcba5ee44dabde08faeb625cc40 9a232e7b446948d7a0b2105d1de6dd95 - - default default] Successfully bumped revision number for resource 01587deb-248d-48d8-bd85-638a9cd38758 (type: floatingips) to 1
2026-05-30 03:08:20.297 10 INFO neutron.db.l3_db [None req-5e1492c8-37a4-4225-8808-e58ebfd955c5 36971fcba5ee44dabde08faeb625cc40 9a232e7b446948d7a0b2105d1de6dd95 - - default default] Floating IP 01587deb-248d-48d8-bd85-638a9cd38758 associated. External IP: 10.96.250.205, port: e38a65a7-a54b-475e-8c16-9b744926e02f.
2026-05-30 03:08:20.313 10 INFO neutron.api.wsgi [None req-52931de5-1a7f-4741-bace-961983d5ac78 c92391cd648448c2868034423a134387 b0806748a85e4a17839517f3e6ac56aa - - default default] 10.0.0.50 "DELETE /v2.0/security-groups/fc84998b-7565-4869-853b-397b578b5ca9 HTTP/1.1" status: 204 len: 168 time: 0.1680851
2026-05-30 03:08:20.345 10 INFO neutron.api.wsgi [None req-5e1492c8-37a4-4225-8808-e58ebfd955c5 36971fcba5ee44dabde08faeb625cc40 9a232e7b446948d7a0b2105d1de6dd95 - - default default] 10.0.0.50 "POST /v2.0/floatingips HTTP/1.1" status: 201 len: 1055 time: 1.2594860
2026-05-30 03:08:20.407 9 INFO neutron.api.wsgi [None req-de560262-65c1-455c-a22e-684400a25cbd 36971fcba5ee44dabde08faeb625cc40 9a232e7b446948d7a0b2105d1de6dd95 - - default default] 10.0.0.50 "GET /v2.0/floatingips/01587deb-248d-48d8-bd85-638a9cd38758 HTTP/1.1" status: 200 len: 1052 time: 0.0561564
2026-05-30 03:08:20.491 9 INFO neutron.api.wsgi [None req-08eeed58-a552-46ec-a7f0-a0f2f6baa210 c92391cd648448c2868034423a134387 b0806748a85e4a17839517f3e6ac56aa - - default default] 10.0.0.50 "DELETE /v2.0/security-groups/aa1ecbef-a302-4b6b-8188-5472fe2f3083 HTTP/1.1" status: 204 len: 168 time: 0.1712425
2026-05-30 03:08:20.565 9 INFO neutron.api.wsgi [None req-46748fac-64f6-4a58-a3dd-0369f66fff1d 5b269b93c6fd4a6f8021a4e0ea1fed9b 67ae0794042149f4a396eb9cd2d12b7e - - default default] 10.0.0.50 "DELETE /v2.0/security-groups/38ad5992-b3e2-4ce3-9459-83a24f5ba50c HTTP/1.1" status: 204 len: 168 time: 0.3099258
2026-05-30 03:08:20.611 9 INFO neutron.api.wsgi [None req-9dc05294-bfb9-4698-900b-43cb708f331e c92391cd648448c2868034423a134387 b0806748a85e4a17839517f3e6ac56aa - - default default] 10.0.0.50 "DELETE /v2.0/security-groups/1efd9f7a-a44d-4b7b-b607-3fbb2c5338bb HTTP/1.1" status: 204 len: 168 time: 0.1145012
2026-05-30 03:08:20.725 9 INFO neutron.api.wsgi [None req-c13df2c1-ee9a-4ce2-93c2-581dfde48789 c92391cd648448c2868034423a134387 b0806748a85e4a17839517f3e6ac56aa - - default default] 10.0.0.50 "DELETE /v2.0/security-groups/d35f2dd2-2566-4e47-9b7f-e9567c41b51e HTTP/1.1" status: 204 len: 168 time: 0.1079936
2026-05-30 03:08:20.839 9 INFO neutron.api.wsgi [None req-5024c301-8d78-4f40-8063-b1117beeaa1e c92391cd648448c2868034423a134387 b0806748a85e4a17839517f3e6ac56aa - - default default] 10.0.0.50 "DELETE /v2.0/security-groups/9eb70fc6-38bf-402d-a916-f99ab74870ed HTTP/1.1" status: 204 len: 168 time: 0.1074336
2026-05-30 03:08:21.349 10 INFO neutron.notifiers.nova [-] Nova event matching ['req-a56e9325-5838-4ff6-8897-4b245e71f954'] response: {'name': 'network-changed', 'server_uuid': '1c8a7ec9-c691-4e99-bbb0-e37b468dcfb7', 'tag': 'e38a65a7-a54b-475e-8c16-9b744926e02f', 'status': 'completed', 'code': 200}
2026-05-30 03:08:21.493 9 WARNING neutron_lib.context [None req-6a84cdd7-7321-4d52-aaeb-40d263327b7d ebed8a5330cf4f03a9a8bcd30975567e dc2ec4ab98b944ada209a896d5f6be56 - - default default] Method 'is_advsvc' is deprecated since 2023.2 release (neutron-lib 3.8.0) and will be removed once support for the old RBAC API policies will be removed from Neutron. Please use method 'is_service_role' instead.
2026-05-30 03:08:21.656 9 INFO neutron.db.ovn_revision_numbers_db [None req-6a84cdd7-7321-4d52-aaeb-40d263327b7d ebed8a5330cf4f03a9a8bcd30975567e dc2ec4ab98b944ada209a896d5f6be56 - - default default] Successfully bumped revision number for resource 27510ce2-4b86-496d-92af-bbe72e2f475e (type: security_groups) to 1
2026-05-30 03:08:21.669 9 INFO neutron.db.ovn_revision_numbers_db [None req-6a84cdd7-7321-4d52-aaeb-40d263327b7d ebed8a5330cf4f03a9a8bcd30975567e dc2ec4ab98b944ada209a896d5f6be56 - - default default] Successfully bumped revision number for resource 12c48d7f-fe9e-4159-89ca-6554e623385b (type: security_group_rules) to 0
2026-05-30 03:08:21.680 9 INFO neutron.db.ovn_revision_numbers_db [None req-6a84cdd7-7321-4d52-aaeb-40d263327b7d ebed8a5330cf4f03a9a8bcd30975567e dc2ec4ab98b944ada209a896d5f6be56 - - default default] Successfully bumped revision number for resource 5348a2f8-ef38-4bf0-a35e-d31e6a02b671 (type: security_group_rules) to 0
2026-05-30 03:08:21.699 9 INFO neutron.db.ovn_revision_numbers_db [None req-6a84cdd7-7321-4d52-aaeb-40d263327b7d ebed8a5330cf4f03a9a8bcd30975567e dc2ec4ab98b944ada209a896d5f6be56 - - default default] Successfully bumped revision number for resource ab77f32d-52f1-4893-932e-f5608c537cea (type: security_group_rules) to 0
2026-05-30 03:08:21.713 9 INFO neutron.db.ovn_revision_numbers_db [None req-6a84cdd7-7321-4d52-aaeb-40d263327b7d ebed8a5330cf4f03a9a8bcd30975567e dc2ec4ab98b944ada209a896d5f6be56 - - default default] Successfully bumped revision number for resource d2b37695-dafd-47e3-b0fe-828b202c044e (type: security_group_rules) to 0
2026-05-30 03:08:21.820 9 INFO neutron.db.segments_db [None req-6a84cdd7-7321-4d52-aaeb-40d263327b7d ebed8a5330cf4f03a9a8bcd30975567e dc2ec4ab98b944ada209a896d5f6be56 - - default default] Added segment 9d0b7550-b241-447f-8293-e7b60c74b62a of type geneve for network 9f508a15-ff50-4638-9f19-9a6ff8b36446
2026-05-30 03:08:21.843 9 INFO neutron.db.ovn_revision_numbers_db [None req-890c47ff-6240-4994-873f-98ad84bb2fb2 5b269b93c6fd4a6f8021a4e0ea1fed9b 67ae0794042149f4a396eb9cd2d12b7e - - default default] Successfully bumped revision number for resource 95a159b0-b3f8-4891-91ce-f2efe6cf64ce (type: security_groups) to 1
2026-05-30 03:08:21.865 9 INFO neutron.db.ovn_revision_numbers_db [None req-890c47ff-6240-4994-873f-98ad84bb2fb2 5b269b93c6fd4a6f8021a4e0ea1fed9b 67ae0794042149f4a396eb9cd2d12b7e - - default default] Successfully bumped revision number for resource 2c58c560-4bff-4651-8777-70a655a0665b (type: security_group_rules) to 0
2026-05-30 03:08:21.896 9 INFO neutron.db.ovn_revision_numbers_db [None req-890c47ff-6240-4994-873f-98ad84bb2fb2 5b269b93c6fd4a6f8021a4e0ea1fed9b 67ae0794042149f4a396eb9cd2d12b7e - - default default] Successfully bumped revision number for resource 5c4fd052-c703-44e5-8388-3be073d539cc (type: security_group_rules) to 0
2026-05-30 03:08:21.903 9 INFO neutron.api.wsgi [req-a4ecf473-fea5-4aa6-9300-786988bd98ed req-632c4512-dac1-4284-b328-9827ca58b04d de22f10b7bce4dfdb31f2e95203cc9dc d696a7b8475b47d98a1dd2dcf2879aab - - 540244188f344bb38ea18e82208c5849 540244188f344bb38ea18e82208c5849] 199.204.45.72 "GET /v2.0/ports?tenant_id=9a232e7b446948d7a0b2105d1de6dd95&device_id=1c8a7ec9-c691-4e99-bbb0-e37b468dcfb7 HTTP/1.1" status: 200 len: 1413 time: 0.0406790
2026-05-30 03:08:21.925 9 INFO neutron.db.ovn_revision_numbers_db [None req-890c47ff-6240-4994-873f-98ad84bb2fb2 5b269b93c6fd4a6f8021a4e0ea1fed9b 67ae0794042149f4a396eb9cd2d12b7e - - default default] Successfully bumped revision number for resource 7c8ed1c7-ca49-4e5f-983f-44e209035d0e (type: security_group_rules) to 0
2026-05-30 03:08:21.948 9 INFO neutron.db.ovn_revision_numbers_db [None req-890c47ff-6240-4994-873f-98ad84bb2fb2 5b269b93c6fd4a6f8021a4e0ea1fed9b 67ae0794042149f4a396eb9cd2d12b7e - - default default] Successfully bumped revision number for resource ffddcd28-ae94-45eb-80c6-20f0015021e1 (type: security_group_rules) to 0
2026-05-30 03:08:21.995 9 INFO neutron.api.wsgi [req-a4ecf473-fea5-4aa6-9300-786988bd98ed req-b07f4f42-9d69-42a7-9bff-018e7ade10e6 de22f10b7bce4dfdb31f2e95203cc9dc d696a7b8475b47d98a1dd2dcf2879aab - - 540244188f344bb38ea18e82208c5849 540244188f344bb38ea18e82208c5849] 199.204.45.72 "GET /v2.0/networks?id=0872ccfe-26bd-4fc0-aa9e-a5da2e11c6a7 HTTP/1.1" status: 200 len: 959 time: 0.0799439
2026-05-30 03:08:21.999 9 INFO neutron.db.ovn_revision_numbers_db [None req-6a84cdd7-7321-4d52-aaeb-40d263327b7d ebed8a5330cf4f03a9a8bcd30975567e dc2ec4ab98b944ada209a896d5f6be56 - - default default] Successfully bumped revision number for resource 9f508a15-ff50-4638-9f19-9a6ff8b36446 (type: networks) to 1
2026-05-30 03:08:22.023 9 INFO neutron.api.wsgi [None req-890c47ff-6240-4994-873f-98ad84bb2fb2 5b269b93c6fd4a6f8021a4e0ea1fed9b 67ae0794042149f4a396eb9cd2d12b7e - - default default] 10.0.0.50 "GET /v2.0/security-groups?tenant_id=ada14b90ad3146c28c2dc095a5bb278b&name=default HTTP/1.1" status: 200 len: 3120 time: 0.3975530
2026-05-30 03:08:22.043 9 INFO neutron.api.wsgi [req-a4ecf473-fea5-4aa6-9300-786988bd98ed req-6fd88d9c-94df-4ec7-aa4d-a4a200c26151 de22f10b7bce4dfdb31f2e95203cc9dc d696a7b8475b47d98a1dd2dcf2879aab - - 540244188f344bb38ea18e82208c5849 540244188f344bb38ea18e82208c5849] 199.204.45.72 "GET /v2.0/floatingips?fixed_ip_address=10.100.0.14&port_id=e38a65a7-a54b-475e-8c16-9b744926e02f HTTP/1.1" status: 200 len: 1060 time: 0.0417204
2026-05-30 03:08:22.080 9 INFO neutron.api.wsgi [req-a4ecf473-fea5-4aa6-9300-786988bd98ed req-ffb62ce1-3066-4e36-831d-2443ecd82d85 de22f10b7bce4dfdb31f2e95203cc9dc d696a7b8475b47d98a1dd2dcf2879aab - - 540244188f344bb38ea18e82208c5849 540244188f344bb38ea18e82208c5849] 199.204.45.72 "GET /v2.0/subnets?id=c625d293-04b9-4d4f-9075-cb6f1e124e9d HTTP/1.1" status: 200 len: 877 time: 0.0299881
2026-05-30 03:08:22.105 9 INFO neutron.api.wsgi [req-a4ecf473-fea5-4aa6-9300-786988bd98ed req-f4b912ef-65c1-4900-81d1-d3b1cae9b65b de22f10b7bce4dfdb31f2e95203cc9dc d696a7b8475b47d98a1dd2dcf2879aab - - 540244188f344bb38ea18e82208c5849 540244188f344bb38ea18e82208c5849] 199.204.45.72 "GET /v2.0/ports?network_id=0872ccfe-26bd-4fc0-aa9e-a5da2e11c6a7&device_owner=network%3Adhcp HTTP/1.1" status: 200 len: 210 time: 0.0204265
2026-05-30 03:08:22.157 9 INFO neutron.api.wsgi [req-a4ecf473-fea5-4aa6-9300-786988bd98ed req-91fc9348-fea1-4c92-b292-43bc45c52c13 de22f10b7bce4dfdb31f2e95203cc9dc d696a7b8475b47d98a1dd2dcf2879aab - - 540244188f344bb38ea18e82208c5849 540244188f344bb38ea18e82208c5849] 199.204.45.72 "GET /v2.0/networks/0872ccfe-26bd-4fc0-aa9e-a5da2e11c6a7?fields=segments HTTP/1.1" status: 200 len: 212 time: 0.0461946
2026-05-30 03:08:22.203 9 WARNING neutron.scheduler.dhcp_agent_scheduler [None req-6a84cdd7-7321-4d52-aaeb-40d263327b7d ebed8a5330cf4f03a9a8bcd30975567e dc2ec4ab98b944ada209a896d5f6be56 - - default default] No more DHCP agents
2026-05-30 03:08:22.204 9 WARNING neutron.api.rpc.agentnotifiers.dhcp_rpc_agent_api [None req-6a84cdd7-7321-4d52-aaeb-40d263327b7d ebed8a5330cf4f03a9a8bcd30975567e dc2ec4ab98b944ada209a896d5f6be56 - - default default] Unable to schedule network 9f508a15-ff50-4638-9f19-9a6ff8b36446: no agents available; will retry on subsequent port and subnet creation events.
2026-05-30 03:08:22.212 9 INFO neutron.api.wsgi [req-a4ecf473-fea5-4aa6-9300-786988bd98ed req-20bc5b2b-9ab4-42f1-bf5e-dda9e8dcbb42 de22f10b7bce4dfdb31f2e95203cc9dc d696a7b8475b47d98a1dd2dcf2879aab - - 540244188f344bb38ea18e82208c5849 540244188f344bb38ea18e82208c5849] 199.204.45.72 "GET /v2.0/networks/0872ccfe-26bd-4fc0-aa9e-a5da2e11c6a7?fields=provider%3Aphysical_network&fields=provider%3Anetwork_type HTTP/1.1" status: 200 len: 277 time: 0.0503531
2026-05-30 03:08:22.288 10 INFO neutron.api.wsgi [None req-93c9b49f-a603-4c6c-954f-7ea4f7c1cd3a 5b269b93c6fd4a6f8021a4e0ea1fed9b 67ae0794042149f4a396eb9cd2d12b7e - - default default] 10.0.0.50 "DELETE /v2.0/security-groups/95a159b0-b3f8-4891-91ce-f2efe6cf64ce HTTP/1.1" status: 204 len: 168 time: 0.2596262
2026-05-30 03:08:22.289 9 INFO neutron.db.ovn_revision_numbers_db [None req-6a84cdd7-7321-4d52-aaeb-40d263327b7d ebed8a5330cf4f03a9a8bcd30975567e dc2ec4ab98b944ada209a896d5f6be56 - - default default] Successfully bumped revision number for resource 56a31a8c-5f67-4550-94e2-04faa2eaddc3 (type: ports) to 1
2026-05-30 03:08:22.307 9 INFO neutron.api.wsgi [None req-6a84cdd7-7321-4d52-aaeb-40d263327b7d ebed8a5330cf4f03a9a8bcd30975567e dc2ec4ab98b944ada209a896d5f6be56 - - default default] 10.0.0.50 "POST /v2.0/networks HTTP/1.1" status: 201 len: 830 time: 1.0404150
2026-05-30 03:08:22.316 9 WARNING neutron_lib.context [None req-d0fbed13-4a60-4ac6-8a7c-4c5d4981173c ebed8a5330cf4f03a9a8bcd30975567e dc2ec4ab98b944ada209a896d5f6be56 - - default default] Method 'is_advsvc' is deprecated since 2023.2 release (neutron-lib 3.8.0) and will be removed once support for the old RBAC API policies will be removed from Neutron. Please use method 'is_service_role' instead.
2026-05-30 03:08:22.557 9 WARNING neutron.scheduler.dhcp_agent_scheduler [None req-d0fbed13-4a60-4ac6-8a7c-4c5d4981173c ebed8a5330cf4f03a9a8bcd30975567e dc2ec4ab98b944ada209a896d5f6be56 - - default default] No more DHCP agents
2026-05-30 03:08:22.558 9 WARNING neutron.api.rpc.agentnotifiers.dhcp_rpc_agent_api [None req-d0fbed13-4a60-4ac6-8a7c-4c5d4981173c ebed8a5330cf4f03a9a8bcd30975567e dc2ec4ab98b944ada209a896d5f6be56 - - default default] Unable to schedule network 9f508a15-ff50-4638-9f19-9a6ff8b36446: no agents available; will retry on subsequent port and subnet creation events.
2026-05-30 03:08:22.578 10 INFO neutron.db.ovn_revision_numbers_db [None req-230203d5-327a-45ba-ba95-99d5b5a7279c 5b269b93c6fd4a6f8021a4e0ea1fed9b 67ae0794042149f4a396eb9cd2d12b7e - - default default] Successfully bumped revision number for resource ed1dc714-55fc-4701-973a-d87996adfa92 (type: security_groups) to 1
2026-05-30 03:08:22.601 10 INFO neutron.db.ovn_revision_numbers_db [None req-230203d5-327a-45ba-ba95-99d5b5a7279c 5b269b93c6fd4a6f8021a4e0ea1fed9b 67ae0794042149f4a396eb9cd2d12b7e - - default default] Successfully bumped revision number for resource 5a83611c-fcfd-4f8a-a578-bae068c24943 (type: security_group_rules) to 0
2026-05-30 03:08:22.619 10 INFO neutron.db.ovn_revision_numbers_db [None req-230203d5-327a-45ba-ba95-99d5b5a7279c 5b269b93c6fd4a6f8021a4e0ea1fed9b 67ae0794042149f4a396eb9cd2d12b7e - - default default] Successfully bumped revision number for resource 8e4503c3-2443-4d84-b35b-1e5945411b18 (type: security_group_rules) to 0
2026-05-30 03:08:22.628 10 INFO neutron.db.ovn_revision_numbers_db [None req-230203d5-327a-45ba-ba95-99d5b5a7279c 5b269b93c6fd4a6f8021a4e0ea1fed9b 67ae0794042149f4a396eb9cd2d12b7e - - default default] Successfully bumped revision number for resource b3dc53fb-a043-4253-909e-b9636caeaf56 (type: security_group_rules) to 0
2026-05-30 03:08:22.637 9 INFO neutron.db.ovn_revision_numbers_db [None req-d0fbed13-4a60-4ac6-8a7c-4c5d4981173c ebed8a5330cf4f03a9a8bcd30975567e dc2ec4ab98b944ada209a896d5f6be56 - - default default] Successfully bumped revision number for resource 17c5babe-0770-494d-a7a9-a8b729e3394e (type: ports) to 1
2026-05-30 03:08:22.643 10 INFO neutron.db.ovn_revision_numbers_db [None req-230203d5-327a-45ba-ba95-99d5b5a7279c 5b269b93c6fd4a6f8021a4e0ea1fed9b 67ae0794042149f4a396eb9cd2d12b7e - - default default] Successfully bumped revision number for resource e2b4394f-6f86-439e-a04a-0c72a65332a2 (type: security_group_rules) to 0
2026-05-30 03:08:22.661 9 INFO neutron.api.wsgi [None req-d0fbed13-4a60-4ac6-8a7c-4c5d4981173c ebed8a5330cf4f03a9a8bcd30975567e dc2ec4ab98b944ada209a896d5f6be56 - - default default] 10.0.0.50 "POST /v2.0/ports HTTP/1.1" status: 201 len: 942 time: 0.3485065 /var/lib/openstack/lib/python3.12/site-packages/pycadf/identifier.py:71: UserWarning: Invalid uuid: neutron. To ensure interoperability, identifiers should be a valid uuid. warnings.warn(('Invalid uuid: %s. To ensure interoperability, '
2026-05-30 03:08:22.690 10 INFO neutron.api.wsgi [None req-230203d5-327a-45ba-ba95-99d5b5a7279c 5b269b93c6fd4a6f8021a4e0ea1fed9b 67ae0794042149f4a396eb9cd2d12b7e - - default default] 10.0.0.50 "GET /v2.0/security-groups?tenant_id=f70cca69d2ee4c4894328f8b888e1ff3&name=default HTTP/1.1" status: 200 len: 3120 time: 0.2578497
2026-05-30 03:08:22.721 9 INFO neutron.api.wsgi [None req-e897845f-5875-47da-a10f-14215ae22985 ebed8a5330cf4f03a9a8bcd30975567e dc2ec4ab98b944ada209a896d5f6be56 - - default default] 10.0.0.50 "PUT /v2.0/ports/17c5babe-0770-494d-a7a9-a8b729e3394e/tags HTTP/1.1" status: 200 len: 218 time: 0.0509727
2026-05-30 03:08:22.763 9 INFO neutron.api.wsgi [None req-96b0b4eb-8ff0-4a15-8828-bdee24c03b43 ebed8a5330cf4f03a9a8bcd30975567e dc2ec4ab98b944ada209a896d5f6be56 - - default default] 10.0.0.50 "GET /v2.0/ports/17c5babe-0770-494d-a7a9-a8b729e3394e/tags HTTP/1.1" status: 200 len: 218 time: 0.0353320
2026-05-30 03:08:22.826 10 INFO neutron.api.wsgi [None req-1b8c66fd-b179-45a7-968c-90cd5f1cd06a ebed8a5330cf4f03a9a8bcd30975567e dc2ec4ab98b944ada209a896d5f6be56 - - default default] 10.0.0.50 "PUT /v2.0/ports/17c5babe-0770-494d-a7a9-a8b729e3394e/tags/green HTTP/1.1" status: 201 len: 201 time: 0.0567043
2026-05-30 03:08:22.869 10 INFO neutron.api.wsgi [None req-32a2f386-c209-4334-868e-6bc7b4a85db4 ebed8a5330cf4f03a9a8bcd30975567e dc2ec4ab98b944ada209a896d5f6be56 - - default default] 10.0.0.50 "GET /v2.0/ports/17c5babe-0770-494d-a7a9-a8b729e3394e/tags HTTP/1.1" status: 200 len: 227 time: 0.0368228
2026-05-30 03:08:22.910 10 INFO neutron.api.wsgi [None req-d83475a5-d6e4-4a34-90c1-36239b3dd9b0 ebed8a5330cf4f03a9a8bcd30975567e dc2ec4ab98b944ada209a896d5f6be56 - - default default] 10.0.0.50 "PUT /v2.0/ports/17c5babe-0770-494d-a7a9-a8b729e3394e/tags/red HTTP/1.1" status: 201 len: 201 time: 0.0358093
2026-05-30 03:08:22.915 9 INFO neutron.api.wsgi [None req-265b341e-7db4-401c-986c-f8f79e60f99c 5b269b93c6fd4a6f8021a4e0ea1fed9b 67ae0794042149f4a396eb9cd2d12b7e - - default default] 10.0.0.50 "DELETE /v2.0/security-groups/ed1dc714-55fc-4701-973a-d87996adfa92 HTTP/1.1" status: 204 len: 168 time: 0.2196023
2026-05-30 03:08:22.965 10 INFO neutron.api.wsgi [None req-dc985635-20c3-463c-8345-e77aa671ea75 ebed8a5330cf4f03a9a8bcd30975567e dc2ec4ab98b944ada209a896d5f6be56 - - default default] 10.0.0.50 "GET /v2.0/ports/17c5babe-0770-494d-a7a9-a8b729e3394e/tags HTTP/1.1" status: 200 len: 227 time: 0.0481989
2026-05-30 03:08:23.017 10 INFO neutron.api.wsgi [None req-ee032f9e-c9aa-4a5e-973c-54b31aebe3e0 ebed8a5330cf4f03a9a8bcd30975567e dc2ec4ab98b944ada209a896d5f6be56 - - default default] 10.0.0.50 "PUT /v2.0/ports/17c5babe-0770-494d-a7a9-a8b729e3394e/tags/black.or.white HTTP/1.1" status: 201 len: 201 time: 0.0460997
2026-05-30 03:08:23.054 10 INFO neutron.api.wsgi [None req-5bfe124f-cd6c-44bb-9975-8d6245e8beef ebed8a5330cf4f03a9a8bcd30975567e dc2ec4ab98b944ada209a896d5f6be56 - - default default] 10.0.0.50 "GET /v2.0/ports/17c5babe-0770-494d-a7a9-a8b729e3394e/tags HTTP/1.1" status: 200 len: 245 time: 0.0307837
2026-05-30 03:08:23.097 9 INFO neutron.api.wsgi [None req-4847268f-9f00-499d-8e3f-0252b36152ae 5b269b93c6fd4a6f8021a4e0ea1fed9b 67ae0794042149f4a396eb9cd2d12b7e - - default default] 10.0.0.50 "GET /v2.0/security-groups?tenant_id=b0806748a85e4a17839517f3e6ac56aa&name=default HTTP/1.1" status: 200 len: 3120 time: 0.0365977
2026-05-30 03:08:23.100 10 INFO neutron.api.wsgi [None req-d32581cf-e1f8-4e0d-93c9-1bfe05428799 ebed8a5330cf4f03a9a8bcd30975567e dc2ec4ab98b944ada209a896d5f6be56 - - default default] 10.0.0.50 "PUT /v2.0/ports/17c5babe-0770-494d-a7a9-a8b729e3394e/tags HTTP/1.1" status: 200 len: 230 time: 0.0405202
2026-05-30 03:08:23.138 10 INFO neutron.api.wsgi [None req-6d6ac9d9-9915-4d07-b86a-f73bfda09114 ebed8a5330cf4f03a9a8bcd30975567e dc2ec4ab98b944ada209a896d5f6be56 - - default default] 10.0.0.50 "GET /v2.0/ports/17c5babe-0770-494d-a7a9-a8b729e3394e/tags HTTP/1.1" status: 200 len: 230 time: 0.0308144
2026-05-30 03:08:23.173 10 INFO neutron.api.wsgi [None req-178bbb8d-b694-40d7-9987-d8bb0fc58d90 ebed8a5330cf4f03a9a8bcd30975567e dc2ec4ab98b944ada209a896d5f6be56 - - default default] 10.0.0.50 "GET /v2.0/ports/17c5babe-0770-494d-a7a9-a8b729e3394e/tags/red HTTP/1.1" status: 204 len: 168 time: 0.0293968
2026-05-30 03:08:23.209 10 INFO neutron.api.v2.resource [None req-0dbd6585-4389-44b8-b015-01183b56b63c ebed8a5330cf4f03a9a8bcd30975567e dc2ec4ab98b944ada209a896d5f6be56 - - default default] show failed (client error): The resource could not be found.
2026-05-30 03:08:23.210 10 INFO neutron.api.wsgi [None req-0dbd6585-4389-44b8-b015-01183b56b63c ebed8a5330cf4f03a9a8bcd30975567e dc2ec4ab98b944ada209a896d5f6be56 - - default default] 10.0.0.50 "GET /v2.0/ports/17c5babe-0770-494d-a7a9-a8b729e3394e/tags/green HTTP/1.1" status: 404 len: 299 time: 0.0304191
2026-05-30 03:08:23.257 10 INFO neutron.api.wsgi [None req-60e4b0c5-f4ad-4679-ad39-567f992b7340 ebed8a5330cf4f03a9a8bcd30975567e dc2ec4ab98b944ada209a896d5f6be56 - - default default] 10.0.0.50 "DELETE /v2.0/ports/17c5babe-0770-494d-a7a9-a8b729e3394e/tags/red HTTP/1.1" status: 204 len: 168 time: 0.0417504
2026-05-30 03:08:23.293 10 INFO neutron.api.wsgi [None req-5451b98b-f6f3-443c-8834-322060dd6629 ebed8a5330cf4f03a9a8bcd30975567e dc2ec4ab98b944ada209a896d5f6be56 - - default default] 10.0.0.50 "GET /v2.0/ports/17c5babe-0770-494d-a7a9-a8b729e3394e/tags HTTP/1.1" status: 200 len: 223 time: 0.0296254
2026-05-30 03:08:23.313 9 INFO neutron.api.wsgi [None req-f53c7d49-148b-4c18-ba1c-bc8c5d07657d 5b269b93c6fd4a6f8021a4e0ea1fed9b 67ae0794042149f4a396eb9cd2d12b7e - - default default] 10.0.0.50 "DELETE /v2.0/security-groups/da54192b-6d6d-40b8-98fb-0ecb331a6eed HTTP/1.1" status: 204 len: 168 time: 0.2104225
2026-05-30 03:08:23.332 10 INFO neutron.api.v2.resource [None req-95a27d54-218e-4deb-aeb3-36154bc23c72 ebed8a5330cf4f03a9a8bcd30975567e dc2ec4ab98b944ada209a896d5f6be56 - - default default] delete failed (client error): The resource could not be found.
2026-05-30 03:08:23.334 10 INFO neutron.api.wsgi [None req-95a27d54-218e-4deb-aeb3-36154bc23c72 ebed8a5330cf4f03a9a8bcd30975567e dc2ec4ab98b944ada209a896d5f6be56 - - default default] 10.0.0.50 "DELETE /v2.0/ports/17c5babe-0770-494d-a7a9-a8b729e3394e/tags/green HTTP/1.1" status: 404 len: 299 time: 0.0347407
2026-05-30 03:08:23.382 10 INFO neutron.api.wsgi [None req-44cb0f24-a253-45bf-9ec9-65740f542da6 ebed8a5330cf4f03a9a8bcd30975567e dc2ec4ab98b944ada209a896d5f6be56 - - default default] 10.0.0.50 "DELETE /v2.0/ports/17c5babe-0770-494d-a7a9-a8b729e3394e/tags HTTP/1.1" status: 204 len: 168 time: 0.0436788
2026-05-30 03:08:23.418 10 INFO neutron.api.wsgi [None req-fb0c9437-8664-4d5a-8c71-52c35fe9d963 ebed8a5330cf4f03a9a8bcd30975567e dc2ec4ab98b944ada209a896d5f6be56 - - default default] 10.0.0.50 "GET /v2.0/ports/17c5babe-0770-494d-a7a9-a8b729e3394e/tags HTTP/1.1" status: 200 len: 205 time: 0.0295208
2026-05-30 03:08:23.683 10 INFO neutron.api.wsgi [None req-893c5132-fc05-4c90-9123-d5af3e897bc9 ebed8a5330cf4f03a9a8bcd30975567e dc2ec4ab98b944ada209a896d5f6be56 - - default default] 10.0.0.50 "DELETE /v2.0/ports/17c5babe-0770-494d-a7a9-a8b729e3394e HTTP/1.1" status: 204 len: 168 time: 0.2571449
2026-05-30 03:08:23.994 10 INFO neutron.services.segments.plugin [-] Segment 9d0b7550-b241-447f-8293-e7b60c74b62a resource provider aggregate not found
2026-05-30 03:08:24.020 10 INFO neutron.services.segments.plugin [-] Segment 9d0b7550-b241-447f-8293-e7b60c74b62a resource provider aggregate not found
2026-05-30 03:08:24.031 10 INFO neutron.services.segments.plugin [-] Segment 9d0b7550-b241-447f-8293-e7b60c74b62a resource provider not found; error: Placement Client Error (4xx): {"errors": [{"status": 404, "title": "Not Found", "detail": "The resource could not be found.\n\n No resource provider with uuid 9d0b7550-b241-447f-8293-e7b60c74b62a found for delete ", "request_id": "req-250a98d5-2d7a-4d04-899a-3cd1c6c62902"}]}
2026-05-30 03:08:24.041 10 INFO neutron.api.wsgi [None req-20380163-682e-406d-9fae-bfb181a4b2ca ebed8a5330cf4f03a9a8bcd30975567e dc2ec4ab98b944ada209a896d5f6be56 - - default default] 10.0.0.50 "DELETE /v2.0/networks/9f508a15-ff50-4638-9f19-9a6ff8b36446 HTTP/1.1" status: 204 len: 168 time: 0.3521633
2026-05-30 03:08:24.043 10 INFO neutron.services.segments.plugin [-] Segment 9d0b7550-b241-447f-8293-e7b60c74b62a resource provider not found; error: Placement Client Error (4xx): {"errors": [{"status": 404, "title": "Not Found", "detail": "The resource could not be found.\n\n No resource provider with uuid 9d0b7550-b241-447f-8293-e7b60c74b62a found for delete ", "request_id": "req-b4b5e675-d00a-400f-901a-3c1a9a8179f0"}]}
2026-05-30 03:08:24.967 10 INFO neutron.api.wsgi [None req-148626af-8b5f-4172-a4e9-3cea9ca8598b 5b269b93c6fd4a6f8021a4e0ea1fed9b 67ae0794042149f4a396eb9cd2d12b7e - - default default] 10.0.0.50 "GET /v2.0/security-groups?tenant_id=dc2ec4ab98b944ada209a896d5f6be56&name=default HTTP/1.1" status: 200 len: 3120 time: 0.2499719
2026-05-30 03:08:25.239 10 INFO neutron.api.wsgi [None req-4978a35b-1771-4cfb-9214-9b51fafa8b2f 5b269b93c6fd4a6f8021a4e0ea1fed9b 67ae0794042149f4a396eb9cd2d12b7e - - default default] 10.0.0.50 "DELETE /v2.0/security-groups/27510ce2-4b86-496d-92af-bbe72e2f475e HTTP/1.1" status: 204 len: 168 time: 0.2657030
2026-05-30 03:08:25.700 9 INFO neutron.db.ovn_revision_numbers_db [None req-a2f895c8-2268-48e6-934f-c3f99f9b0746 5b269b93c6fd4a6f8021a4e0ea1fed9b 67ae0794042149f4a396eb9cd2d12b7e - - default default] Successfully bumped revision number for resource c9cd0d96-9e28-4427-a971-4cece005c188 (type: security_groups) to 1
2026-05-30 03:08:25.721 9 INFO neutron.db.ovn_revision_numbers_db [None req-a2f895c8-2268-48e6-934f-c3f99f9b0746 5b269b93c6fd4a6f8021a4e0ea1fed9b 67ae0794042149f4a396eb9cd2d12b7e - - default default] Successfully bumped revision number for resource 74706e7e-3ea8-4753-9390-27554f6b6927 (type: security_group_rules) to 0
2026-05-30 03:08:25.743 9 INFO neutron.db.ovn_revision_numbers_db [None req-a2f895c8-2268-48e6-934f-c3f99f9b0746 5b269b93c6fd4a6f8021a4e0ea1fed9b 67ae0794042149f4a396eb9cd2d12b7e - - default default] Successfully bumped revision number for resource 8b374967-c95d-4c30-b7d0-5c33bfd4ceef (type: security_group_rules) to 0
2026-05-30 03:08:25.758 9 INFO neutron.db.ovn_revision_numbers_db [None req-a2f895c8-2268-48e6-934f-c3f99f9b0746 5b269b93c6fd4a6f8021a4e0ea1fed9b 67ae0794042149f4a396eb9cd2d12b7e - - default default] Successfully bumped revision number for resource d0f2c1ba-357a-497c-9779-70a1f68809db (type: security_group_rules) to 0
2026-05-30 03:08:25.773 9 INFO neutron.db.ovn_revision_numbers_db [None req-a2f895c8-2268-48e6-934f-c3f99f9b0746 5b269b93c6fd4a6f8021a4e0ea1fed9b 67ae0794042149f4a396eb9cd2d12b7e - - default default] Successfully bumped revision number for resource f27e08c7-a516-4b77-8080-3dbb15a2ee44 (type: security_group_rules) to 0
2026-05-30 03:08:25.816 9 INFO neutron.api.wsgi [None req-a2f895c8-2268-48e6-934f-c3f99f9b0746 5b269b93c6fd4a6f8021a4e0ea1fed9b 67ae0794042149f4a396eb9cd2d12b7e - - default default] 10.0.0.50 "GET /v2.0/security-groups?tenant_id=c13c3fea127e499e829f242cad3b0a48&name=default HTTP/1.1" status: 200 len: 3120 time: 0.2739608
2026-05-30 03:08:26.068 9 INFO neutron.api.wsgi [None req-898f42d6-7eea-4b86-90cb-1b1ac89c78e3 5b269b93c6fd4a6f8021a4e0ea1fed9b 67ae0794042149f4a396eb9cd2d12b7e - - default default] 10.0.0.50 "DELETE /v2.0/security-groups/c9cd0d96-9e28-4427-a971-4cece005c188 HTTP/1.1" status: 204 len: 168 time: 0.2450967
2026-05-30 03:08:27.079 10 INFO neutron.db.ovn_revision_numbers_db [None req-f0a3d001-fd1d-46c4-ae92-727198fc7d8c 5b269b93c6fd4a6f8021a4e0ea1fed9b 67ae0794042149f4a396eb9cd2d12b7e - - default default] Successfully bumped revision number for resource 215153d4-c70f-4181-83ae-dd8ab30db990 (type: security_groups) to 1
2026-05-30 03:08:27.094 10 INFO neutron.db.ovn_revision_numbers_db [None req-f0a3d001-fd1d-46c4-ae92-727198fc7d8c 5b269b93c6fd4a6f8021a4e0ea1fed9b 67ae0794042149f4a396eb9cd2d12b7e - - default default] Successfully bumped revision number for resource 3bfdcd70-5624-430e-8218-3fc390efd03d (type: security_group_rules) to 0
2026-05-30 03:08:27.111 10 INFO neutron.db.ovn_revision_numbers_db [None req-f0a3d001-fd1d-46c4-ae92-727198fc7d8c 5b269b93c6fd4a6f8021a4e0ea1fed9b 67ae0794042149f4a396eb9cd2d12b7e - - default default] Successfully bumped revision number for resource 5099eae4-4c6e-4f30-984b-f948b8e0423e (type: security_group_rules) to 0
2026-05-30 03:08:27.126 10 INFO neutron.db.ovn_revision_numbers_db [None req-f0a3d001-fd1d-46c4-ae92-727198fc7d8c 5b269b93c6fd4a6f8021a4e0ea1fed9b 67ae0794042149f4a396eb9cd2d12b7e - - default default] Successfully bumped revision number for resource 7aaf0210-cf17-4dc7-9580-e230310cce06 (type: security_group_rules) to 0
2026-05-30 03:08:27.140 10 INFO neutron.db.ovn_revision_numbers_db [None req-f0a3d001-fd1d-46c4-ae92-727198fc7d8c 5b269b93c6fd4a6f8021a4e0ea1fed9b 67ae0794042149f4a396eb9cd2d12b7e - - default default] Successfully bumped revision number for resource f17a5a6c-b6fb-47f2-936b-bff6fa387859 (type: security_group_rules) to 0
2026-05-30 03:08:27.175 10 INFO neutron.api.wsgi [None req-f0a3d001-fd1d-46c4-ae92-727198fc7d8c 5b269b93c6fd4a6f8021a4e0ea1fed9b 67ae0794042149f4a396eb9cd2d12b7e - - default default] 10.0.0.50 "GET /v2.0/security-groups?tenant_id=248c97d0ae23471c98c51b8d7ae1e4ae&name=default HTTP/1.1" status: 200 len: 3120 time: 0.2993653
2026-05-30 03:08:27.392 9 WARNING neutron_lib.context [None req-11961477-8a7c-4f09-abc5-9f86c9c9e687 2599fc039dd641c3a9eb473952823836 e43f868f9d0b489ba29d88ebcfa20216 - - default default] Method 'is_advsvc' is deprecated since 2023.2 release (neutron-lib 3.8.0) and will be removed once support for the old RBAC API policies will be removed from Neutron. Please use method 'is_service_role' instead.
2026-05-30 03:08:27.417 10 INFO neutron.api.wsgi [None req-83e3af51-a65a-4801-9a56-97e07e1ccea3 5b269b93c6fd4a6f8021a4e0ea1fed9b 67ae0794042149f4a396eb9cd2d12b7e - - default default] 10.0.0.50 "DELETE /v2.0/security-groups/215153d4-c70f-4181-83ae-dd8ab30db990 HTTP/1.1" status: 204 len: 168 time: 0.2355771
2026-05-30 03:08:27.509 9 INFO neutron.db.ovn_revision_numbers_db [None req-11961477-8a7c-4f09-abc5-9f86c9c9e687 2599fc039dd641c3a9eb473952823836 e43f868f9d0b489ba29d88ebcfa20216 - - default default] Successfully bumped revision number for resource 0063d271-699a-4ccd-a4f7-2574b91191c0 (type: routers) to 1
2026-05-30 03:08:27.527 9 INFO neutron.api.wsgi [None req-11961477-8a7c-4f09-abc5-9f86c9c9e687 2599fc039dd641c3a9eb473952823836 e43f868f9d0b489ba29d88ebcfa20216 - - default default] 10.0.0.50 "POST /v2.0/routers HTTP/1.1" status: 201 len: 769 time: 0.2570636
2026-05-30 03:08:27.594 10 INFO neutron.api.wsgi [None req-3bced03a-9350-42b1-a33c-a9c37aa823df 2599fc039dd641c3a9eb473952823836 e43f868f9d0b489ba29d88ebcfa20216 - - default default] 10.0.0.50 "PUT /v2.0/routers/0063d271-699a-4ccd-a4f7-2574b91191c0/tags HTTP/1.1" status: 200 len: 218 time: 0.0612760
2026-05-30 03:08:27.660 9 INFO neutron.api.wsgi [None req-169f9ef4-1dbe-42e3-a449-6ecf01930397 2599fc039dd641c3a9eb473952823836 e43f868f9d0b489ba29d88ebcfa20216 - - default default] 10.0.0.50 "GET /v2.0/routers/0063d271-699a-4ccd-a4f7-2574b91191c0/tags HTTP/1.1" status: 200 len: 218 time: 0.0597847
2026-05-30 03:08:27.744 10 INFO neutron.db.ovn_revision_numbers_db [None req-9c7761af-bfd2-454a-8d6c-1ef51da94a0a 5b269b93c6fd4a6f8021a4e0ea1fed9b 67ae0794042149f4a396eb9cd2d12b7e - - default default] Successfully bumped revision number for resource e3b83255-7e20-4f5d-8aeb-95fc0b9656f5 (type: security_groups) to 1
2026-05-30 03:08:27.751 10 INFO neutron.api.wsgi [None req-02069658-2957-49e0-89bf-e7b99acaadf6 2599fc039dd641c3a9eb473952823836 e43f868f9d0b489ba29d88ebcfa20216 - - default default] 10.0.0.50 "PUT /v2.0/routers/0063d271-699a-4ccd-a4f7-2574b91191c0/tags/green HTTP/1.1" status: 201 len: 201 time: 0.0846086
2026-05-30 03:08:27.771 10 INFO neutron.db.ovn_revision_numbers_db [None req-9c7761af-bfd2-454a-8d6c-1ef51da94a0a 5b269b93c6fd4a6f8021a4e0ea1fed9b 67ae0794042149f4a396eb9cd2d12b7e - - default default] Successfully bumped revision number for resource 574b9090-5c84-4f22-97b7-e3fa348f6170 (type: security_group_rules) to 0
2026-05-30 03:08:27.802 9 INFO neutron.api.wsgi [None req-4fb7c72b-a16c-47b6-9fc6-aa5d5c9cd06c 2599fc039dd641c3a9eb473952823836 e43f868f9d0b489ba29d88ebcfa20216 - - default default] 10.0.0.50 "GET /v2.0/routers/0063d271-699a-4ccd-a4f7-2574b91191c0/tags HTTP/1.1" status: 200 len: 227 time: 0.0410659
2026-05-30 03:08:27.802 10 INFO neutron.db.ovn_revision_numbers_db [None req-9c7761af-bfd2-454a-8d6c-1ef51da94a0a 5b269b93c6fd4a6f8021a4e0ea1fed9b 67ae0794042149f4a396eb9cd2d12b7e - - default default] Successfully bumped revision number for resource 7cbbf3e6-bce6-4e1e-9747-dda0d1894b86 (type: security_group_rules) to 0
2026-05-30 03:08:27.821 10 INFO neutron.db.ovn_revision_numbers_db [None req-9c7761af-bfd2-454a-8d6c-1ef51da94a0a 5b269b93c6fd4a6f8021a4e0ea1fed9b 67ae0794042149f4a396eb9cd2d12b7e - - default default] Successfully bumped revision number for resource a46828ab-e17d-4e8c-82cb-5577e2e880d9 (type: security_group_rules) to 0
2026-05-30 03:08:27.838 10 INFO neutron.db.ovn_revision_numbers_db [None req-9c7761af-bfd2-454a-8d6c-1ef51da94a0a 5b269b93c6fd4a6f8021a4e0ea1fed9b 67ae0794042149f4a396eb9cd2d12b7e - - default default] Successfully bumped revision number for resource ad16fb56-8e20-4eb7-8b58-7f9f744f2dde (type: security_group_rules) to 0
2026-05-30 03:08:27.852 9 INFO neutron.api.wsgi [None req-36fc825b-7f53-4276-9a99-5b818398abf4 2599fc039dd641c3a9eb473952823836 e43f868f9d0b489ba29d88ebcfa20216 - - default default] 10.0.0.50 "PUT /v2.0/routers/0063d271-699a-4ccd-a4f7-2574b91191c0/tags/red HTTP/1.1" status: 201 len: 201 time: 0.0448503
2026-05-30 03:08:27.878 10 INFO neutron.api.wsgi [None req-9c7761af-bfd2-454a-8d6c-1ef51da94a0a 5b269b93c6fd4a6f8021a4e0ea1fed9b 67ae0794042149f4a396eb9cd2d12b7e - - default default] 10.0.0.50 "GET /v2.0/security-groups?tenant_id=996e20bb95584116a342da0684dd15af&name=default HTTP/1.1" status: 200 len: 3120 time: 0.3519115
2026-05-30 03:08:27.904 9 INFO neutron.api.wsgi [None req-ff31b8bf-d688-4941-bf02-595db59aba48 2599fc039dd641c3a9eb473952823836 e43f868f9d0b489ba29d88ebcfa20216 - - default default] 10.0.0.50 "GET /v2.0/routers/0063d271-699a-4ccd-a4f7-2574b91191c0/tags HTTP/1.1" status: 200 len: 227 time: 0.0475466
2026-05-30 03:08:27.960 9 INFO neutron.api.wsgi [None req-d84e0336-2911-46e4-9bdc-082585b77014 2599fc039dd641c3a9eb473952823836 e43f868f9d0b489ba29d88ebcfa20216 - - default default] 10.0.0.50 "PUT /v2.0/routers/0063d271-699a-4ccd-a4f7-2574b91191c0/tags/black.or.white HTTP/1.1" status: 201 len: 201 time: 0.0511041
2026-05-30 03:08:28.007 9 INFO neutron.api.wsgi [None req-6effa70c-093e-4cd0-b9db-6aa1242ae22b 2599fc039dd641c3a9eb473952823836 e43f868f9d0b489ba29d88ebcfa20216 - - default default] 10.0.0.50 "GET /v2.0/routers/0063d271-699a-4ccd-a4f7-2574b91191c0/tags HTTP/1.1" status: 200 len: 245 time: 0.0413606
2026-05-30 03:08:28.075 9 INFO neutron.api.wsgi [None req-e278806d-8587-4d0a-96e2-eda8016d32c3 2599fc039dd641c3a9eb473952823836 e43f868f9d0b489ba29d88ebcfa20216 - - default default] 10.0.0.50 "PUT /v2.0/routers/0063d271-699a-4ccd-a4f7-2574b91191c0/tags HTTP/1.1" status: 200 len: 230 time: 0.0630422
2026-05-30 03:08:28.127 10 INFO neutron.api.wsgi [None req-9347e5ca-c371-431f-9e55-2c63cade89d3 5b269b93c6fd4a6f8021a4e0ea1fed9b 67ae0794042149f4a396eb9cd2d12b7e - - default default] 10.0.0.50 "DELETE /v2.0/security-groups/e3b83255-7e20-4f5d-8aeb-95fc0b9656f5 HTTP/1.1" status: 204 len: 168 time: 0.2382317
2026-05-30 03:08:28.127 9 INFO neutron.api.wsgi [None req-74bed9e5-95b5-4580-bee2-54e80b7cd6f5 2599fc039dd641c3a9eb473952823836 e43f868f9d0b489ba29d88ebcfa20216 - - default default] 10.0.0.50 "GET /v2.0/routers/0063d271-699a-4ccd-a4f7-2574b91191c0/tags HTTP/1.1" status: 200 len: 230 time: 0.0458333
2026-05-30 03:08:28.170 10 INFO neutron.api.wsgi [None req-9398c532-89d8-409c-8d6b-398cd7f57299 2599fc039dd641c3a9eb473952823836 e43f868f9d0b489ba29d88ebcfa20216 - - default default] 10.0.0.50 "GET /v2.0/routers/0063d271-699a-4ccd-a4f7-2574b91191c0/tags/red HTTP/1.1" status: 204 len: 168 time: 0.0358746
2026-05-30 03:08:28.223 10 INFO neutron.api.v2.resource [None req-d5c20481-bdc0-45e8-912c-76deb827bbcf 2599fc039dd641c3a9eb473952823836 e43f868f9d0b489ba29d88ebcfa20216 - - default default] show failed (client error): The resource could not be found.
2026-05-30 03:08:28.226 10 INFO neutron.api.wsgi [None req-d5c20481-bdc0-45e8-912c-76deb827bbcf 2599fc039dd641c3a9eb473952823836 e43f868f9d0b489ba29d88ebcfa20216 - - default default] 10.0.0.50 "GET /v2.0/routers/0063d271-699a-4ccd-a4f7-2574b91191c0/tags/green HTTP/1.1" status: 404 len: 299 time: 0.0487666
2026-05-30 03:08:28.286 10 INFO neutron.api.wsgi [None req-04fde61c-9cd4-439d-90b2-3e57e455fb8c 2599fc039dd641c3a9eb473952823836 e43f868f9d0b489ba29d88ebcfa20216 - - default default] 10.0.0.50 "DELETE /v2.0/routers/0063d271-699a-4ccd-a4f7-2574b91191c0/tags/red HTTP/1.1" status: 204 len: 168 time: 0.0552900
2026-05-30 03:08:28.334 10 INFO neutron.api.wsgi [None req-b68bac45-47f7-4860-a1df-c1fef1fc9663 2599fc039dd641c3a9eb473952823836 e43f868f9d0b489ba29d88ebcfa20216 - - default default] 10.0.0.50 "GET /v2.0/routers/0063d271-699a-4ccd-a4f7-2574b91191c0/tags HTTP/1.1" status: 200 len: 223 time: 0.0414925
2026-05-30 03:08:28.377 10 INFO neutron.api.v2.resource [None req-847ec17c-a7f9-4e68-a82f-11c537feb1ae 2599fc039dd641c3a9eb473952823836 e43f868f9d0b489ba29d88ebcfa20216 - - default default] delete failed (client error): The resource could not be found.
2026-05-30 03:08:28.379 10 INFO neutron.api.wsgi [None req-847ec17c-a7f9-4e68-a82f-11c537feb1ae 2599fc039dd641c3a9eb473952823836 e43f868f9d0b489ba29d88ebcfa20216 - - default default] 10.0.0.50 "DELETE /v2.0/routers/0063d271-699a-4ccd-a4f7-2574b91191c0/tags/green HTTP/1.1" status: 404 len: 299 time: 0.0401845
2026-05-30 03:08:28.435 10 INFO neutron.api.wsgi [None req-da279769-74af-4e6a-9d69-316b84e7e1c5 2599fc039dd641c3a9eb473952823836 e43f868f9d0b489ba29d88ebcfa20216 - - default default] 10.0.0.50 "DELETE /v2.0/routers/0063d271-699a-4ccd-a4f7-2574b91191c0/tags HTTP/1.1" status: 204 len: 168 time: 0.0498545
2026-05-30 03:08:28.857 10 INFO neutron.api.wsgi [None req-ac888d16-85d7-45db-b51e-6e6273411b31 2599fc039dd641c3a9eb473952823836 e43f868f9d0b489ba29d88ebcfa20216 - - default default] 10.0.0.50 "GET /v2.0/routers/0063d271-699a-4ccd-a4f7-2574b91191c0/tags HTTP/1.1" status: 200 len: 205 time: 0.4161625
2026-05-30 03:08:28.902 10 INFO neutron.api.wsgi [None req-8e98d6af-3bbb-4cee-8ea4-a200ff97b745 2599fc039dd641c3a9eb473952823836 e43f868f9d0b489ba29d88ebcfa20216 - - default default] 10.0.0.50 "GET /v2.0/routers/0063d271-699a-4ccd-a4f7-2574b91191c0 HTTP/1.1" status: 200 len: 770 time: 0.0377133
