2026-05-30 03:09:57.965 9 INFO neutron.db.ovn_revision_numbers_db [req-57067fad-f1b7-4470-a11b-2f2915348dcd req-c80329ec-3874-4a31-9bb1-befdfa1c505b de22f10b7bce4dfdb31f2e95203cc9dc d696a7b8475b47d98a1dd2dcf2879aab - - 540244188f344bb38ea18e82208c5849 540244188f344bb38ea18e82208c5849] Successfully bumped revision number for resource 7d23e786-7615-4464-a29e-123c22235a54 (type: ports) to 2
2026-05-30 03:09:58.173 9 INFO neutron.db.ovn_revision_numbers_db [req-57067fad-f1b7-4470-a11b-2f2915348dcd req-c80329ec-3874-4a31-9bb1-befdfa1c505b de22f10b7bce4dfdb31f2e95203cc9dc d696a7b8475b47d98a1dd2dcf2879aab - - 540244188f344bb38ea18e82208c5849 540244188f344bb38ea18e82208c5849] Successfully bumped revision number for resource 7d23e786-7615-4464-a29e-123c22235a54 (type: ports) to 4
2026-05-30 03:09:58.189 9 INFO neutron.api.wsgi [req-57067fad-f1b7-4470-a11b-2f2915348dcd req-c80329ec-3874-4a31-9bb1-befdfa1c505b de22f10b7bce4dfdb31f2e95203cc9dc d696a7b8475b47d98a1dd2dcf2879aab - - 540244188f344bb38ea18e82208c5849 540244188f344bb38ea18e82208c5849] 199.204.45.72 "PUT /v2.0/ports/7d23e786-7615-4464-a29e-123c22235a54 HTTP/1.1" status: 200 len: 1404 time: 0.5747154
2026-05-30 03:09:58.259 9 INFO neutron.notifiers.nova [-] Nova event matching ['req-0aa14b59-2af6-4d3b-bc59-b47555ebf4ce'] response: {'name': 'network-changed', 'server_uuid': '24a83877-ec76-4dab-a9ec-a9faa486fdb2', 'tag': '7d23e786-7615-4464-a29e-123c22235a54', 'status': 'completed', 'code': 200}
2026-05-30 03:09:58.279 10 INFO neutron.api.wsgi [req-2eb1b7d5-6d25-4b73-8aea-0fe428c4b972 req-c048bd2e-325f-4a65-8827-86a167fbb695 0f0e84b6ec9f4d05af41f65fda48c20b e1534295b8604f45bf38dd3f200fe791 - - default default] 10.0.0.26 "GET /v2.0/ports?device_id=24a83877-ec76-4dab-a9ec-a9faa486fdb2 HTTP/1.1" status: 200 len: 1168 time: 0.0788209
2026-05-30 03:09:58.312 10 INFO neutron.api.wsgi [req-2eb1b7d5-6d25-4b73-8aea-0fe428c4b972 req-4de2f607-6b01-4bd8-b31e-0b74aa2c1349 0f0e84b6ec9f4d05af41f65fda48c20b e1534295b8604f45bf38dd3f200fe791 - - default default] 10.0.0.26 "GET /v2.0/security-groups?id=27d788b7-e3b4-4809-836d-7d58ed008fc3&fields=id&fields=name HTTP/1.1" status: 200 len: 286 time: 0.0268559 /var/lib/openstack/lib/python3.12/site-packages/pycadf/identifier.py:71: UserWarning: Invalid uuid: neutron. To ensure interoperability, identifiers should be a valid uuid. warnings.warn(('Invalid uuid: %s. To ensure interoperability, '
2026-05-30 03:09:58.800 9 INFO neutron.api.wsgi [req-cc9fe3c8-0286-43c2-bc9c-6046fa3007b8 req-8ceb1c57-65f8-4b7b-b452-8c8a625ab157 de22f10b7bce4dfdb31f2e95203cc9dc d696a7b8475b47d98a1dd2dcf2879aab - - 540244188f344bb38ea18e82208c5849 540244188f344bb38ea18e82208c5849] 199.204.45.72 "GET /v2.0/ports?tenant_id=e1534295b8604f45bf38dd3f200fe791&device_id=24a83877-ec76-4dab-a9ec-a9faa486fdb2 HTTP/1.1" status: 200 len: 1407 time: 0.0353103
2026-05-30 03:09:58.849 9 INFO neutron.api.wsgi [req-cc9fe3c8-0286-43c2-bc9c-6046fa3007b8 req-57525600-936e-4677-8794-e0339ec85a53 de22f10b7bce4dfdb31f2e95203cc9dc d696a7b8475b47d98a1dd2dcf2879aab - - 540244188f344bb38ea18e82208c5849 540244188f344bb38ea18e82208c5849] 199.204.45.72 "GET /v2.0/networks?tenant_id=e1534295b8604f45bf38dd3f200fe791&shared=False HTTP/1.1" status: 200 len: 970 time: 0.0436587
2026-05-30 03:09:58.906 9 INFO neutron.api.wsgi [req-cc9fe3c8-0286-43c2-bc9c-6046fa3007b8 req-49fcacbf-4459-4984-a480-b882f5097449 de22f10b7bce4dfdb31f2e95203cc9dc d696a7b8475b47d98a1dd2dcf2879aab - - 540244188f344bb38ea18e82208c5849 540244188f344bb38ea18e82208c5849] 199.204.45.72 "GET /v2.0/networks?shared=True HTTP/1.1" status: 200 len: 952 time: 0.0497785
2026-05-30 03:09:59.481 9 INFO neutron.api.wsgi [req-63abf065-c104-44c9-bff9-722a2e43c296 req-bd2e8857-4203-4a3b-9847-7f47084efb4f 0f0e84b6ec9f4d05af41f65fda48c20b e1534295b8604f45bf38dd3f200fe791 - - default default] 10.0.0.26 "GET /v2.0/ports?device_id=24a83877-ec76-4dab-a9ec-a9faa486fdb2 HTTP/1.1" status: 200 len: 1168 time: 0.0614970
2026-05-30 03:09:59.522 9 INFO neutron.api.wsgi [req-63abf065-c104-44c9-bff9-722a2e43c296 req-479772c8-9e67-4184-b66a-9f6c4e2dd0f9 0f0e84b6ec9f4d05af41f65fda48c20b e1534295b8604f45bf38dd3f200fe791 - - default default] 10.0.0.26 "GET /v2.0/security-groups?id=27d788b7-e3b4-4809-836d-7d58ed008fc3&fields=id&fields=name HTTP/1.1" status: 200 len: 286 time: 0.0337937
2026-05-30 03:09:59.962 9 INFO neutron.api.wsgi [req-57067fad-f1b7-4470-a11b-2f2915348dcd req-7a98ee70-c503-429a-9185-f094e2a0038c de22f10b7bce4dfdb31f2e95203cc9dc d696a7b8475b47d98a1dd2dcf2879aab - - 540244188f344bb38ea18e82208c5849 540244188f344bb38ea18e82208c5849] 199.204.45.72 "GET /v2.0/ports?tenant_id=e1534295b8604f45bf38dd3f200fe791&device_id=24a83877-ec76-4dab-a9ec-a9faa486fdb2 HTTP/1.1" status: 200 len: 1407 time: 0.0385053
2026-05-30 03:09:59.984 9 INFO neutron.api.wsgi [req-57067fad-f1b7-4470-a11b-2f2915348dcd req-e493ea3a-5612-43a7-9ad5-993df82614d1 de22f10b7bce4dfdb31f2e95203cc9dc d696a7b8475b47d98a1dd2dcf2879aab - - 540244188f344bb38ea18e82208c5849 540244188f344bb38ea18e82208c5849] 199.204.45.72 "GET /v2.0/floatingips?fixed_ip_address=10.100.0.3&port_id=7d23e786-7615-4464-a29e-123c22235a54 HTTP/1.1" status: 200 len: 217 time: 0.0151603
2026-05-30 03:10:00.014 9 INFO neutron.api.wsgi [req-57067fad-f1b7-4470-a11b-2f2915348dcd req-f301d37e-a987-4ef9-abef-6ffea107848c de22f10b7bce4dfdb31f2e95203cc9dc d696a7b8475b47d98a1dd2dcf2879aab - - 540244188f344bb38ea18e82208c5849 540244188f344bb38ea18e82208c5849] 199.204.45.72 "GET /v2.0/subnets?id=d72cdb9b-977d-4ad8-a113-7626a279b859 HTTP/1.1" status: 200 len: 890 time: 0.0237696
2026-05-30 03:10:00.035 9 INFO neutron.api.wsgi [req-57067fad-f1b7-4470-a11b-2f2915348dcd req-d2351683-c409-4e75-a1c3-644f2b4899d1 de22f10b7bce4dfdb31f2e95203cc9dc d696a7b8475b47d98a1dd2dcf2879aab - - 540244188f344bb38ea18e82208c5849 540244188f344bb38ea18e82208c5849] 199.204.45.72 "GET /v2.0/ports?network_id=ff7da682-7b7f-4363-b36b-b075dc0ef3de&device_owner=network%3Adhcp HTTP/1.1" status: 200 len: 210 time: 0.0159507
2026-05-30 03:10:00.083 9 INFO neutron.api.wsgi [req-57067fad-f1b7-4470-a11b-2f2915348dcd req-ead9ea5f-e399-442e-aec5-18a04b44c376 de22f10b7bce4dfdb31f2e95203cc9dc d696a7b8475b47d98a1dd2dcf2879aab - - 540244188f344bb38ea18e82208c5849 540244188f344bb38ea18e82208c5849] 199.204.45.72 "GET /v2.0/networks/ff7da682-7b7f-4363-b36b-b075dc0ef3de?fields=segments HTTP/1.1" status: 200 len: 212 time: 0.0421722
2026-05-30 03:10:00.145 9 INFO neutron.api.wsgi [req-57067fad-f1b7-4470-a11b-2f2915348dcd req-3f19c73d-5e43-4e34-8741-750935f7f4af de22f10b7bce4dfdb31f2e95203cc9dc d696a7b8475b47d98a1dd2dcf2879aab - - 540244188f344bb38ea18e82208c5849 540244188f344bb38ea18e82208c5849] 199.204.45.72 "GET /v2.0/networks/ff7da682-7b7f-4363-b36b-b075dc0ef3de?fields=provider%3Aphysical_network&fields=provider%3Anetwork_type HTTP/1.1" status: 200 len: 277 time: 0.0574205
2026-05-30 03:10:00.214 10 INFO neutron.api.wsgi [-] 10.0.0.122 "GET / HTTP/1.1" status: 200 len: 247 time: 0.0020597
2026-05-30 03:10:00.216 9 INFO neutron.api.wsgi [-] 10.0.0.122 "GET / HTTP/1.1" status: 200 len: 247 time: 0.0035655
2026-05-30 03:10:00.638 10 INFO neutron.api.wsgi [req-f477d6d0-9209-4af9-a43d-6426b549621b req-84eda38e-a95f-4d15-a4b1-03746211672a 0f0e84b6ec9f4d05af41f65fda48c20b e1534295b8604f45bf38dd3f200fe791 - - default default] 10.0.0.26 "GET /v2.0/ports?device_id=24a83877-ec76-4dab-a9ec-a9faa486fdb2 HTTP/1.1" status: 200 len: 1168 time: 0.0515893
2026-05-30 03:10:00.685 10 INFO neutron.api.wsgi [req-f477d6d0-9209-4af9-a43d-6426b549621b req-a664db50-9005-487d-a1e4-e3491d17c4a4 0f0e84b6ec9f4d05af41f65fda48c20b e1534295b8604f45bf38dd3f200fe791 - - default default] 10.0.0.26 "GET /v2.0/security-groups?id=27d788b7-e3b4-4809-836d-7d58ed008fc3&fields=id&fields=name HTTP/1.1" status: 200 len: 286 time: 0.0405607
2026-05-30 03:10:01.744 10 INFO neutron.api.wsgi [None req-2fdc5551-b21a-466e-b429-f81e90afd85d 98438ce6248c4c9abaebf7850d641b6d 71a005a1b3b34ba08461ab79051ae716 - - default default] 10.0.0.50 "POST /v2.0/qos/policies HTTP/1.1" status: 201 len: 558 time: 0.1992826
2026-05-30 03:10:01.790 10 INFO neutron.api.wsgi [None req-8d3f4b16-4e6c-40d1-9229-56e7c7c0b6d0 98438ce6248c4c9abaebf7850d641b6d 71a005a1b3b34ba08461ab79051ae716 - - default default] 10.0.0.50 "POST /v2.0/qos/policies HTTP/1.1" status: 201 len: 558 time: 0.0389199
2026-05-30 03:10:01.833 10 INFO neutron.api.wsgi [None req-b4850785-6341-4871-8130-1a4aa66c2ade 98438ce6248c4c9abaebf7850d641b6d 71a005a1b3b34ba08461ab79051ae716 - - default default] 10.0.0.50 "POST /v2.0/qos/policies HTTP/1.1" status: 201 len: 558 time: 0.0373023
2026-05-30 03:10:01.883 10 INFO neutron.api.wsgi [None req-454b7c26-2855-476f-a2ee-723d60a18d88 98438ce6248c4c9abaebf7850d641b6d 71a005a1b3b34ba08461ab79051ae716 - - default default] 10.0.0.50 "POST /v2.0/qos/policies HTTP/1.1" status: 201 len: 558 time: 0.0434036
2026-05-30 03:10:01.938 10 INFO neutron.api.wsgi [None req-31b702a8-9ddd-4573-ac43-5aa8d5877136 98438ce6248c4c9abaebf7850d641b6d 71a005a1b3b34ba08461ab79051ae716 - - default default] 10.0.0.50 "POST /v2.0/qos/policies HTTP/1.1" status: 201 len: 558 time: 0.0502753
2026-05-30 03:10:01.965 10 INFO neutron.api.wsgi [None req-71b75f94-b21a-4122-9165-055925513e55 98438ce6248c4c9abaebf7850d641b6d 71a005a1b3b34ba08461ab79051ae716 - - default default] 10.0.0.50 "PUT /v2.0/policies/332ba0f9-4b1e-4c0c-87a8-3a6757e4f8a0/tags HTTP/1.1" status: 200 len: 210 time: 0.0219324
2026-05-30 03:10:01.993 10 INFO neutron.api.wsgi [None req-d90b4ade-f214-453c-9f14-5da2579f5371 98438ce6248c4c9abaebf7850d641b6d 71a005a1b3b34ba08461ab79051ae716 - - default default] 10.0.0.50 "PUT /v2.0/policies/6bd6a780-f489-4c0a-a5ed-93af184090b9/tags HTTP/1.1" status: 200 len: 218 time: 0.0232761
2026-05-30 03:10:02.058 10 INFO neutron.api.wsgi [None req-c11acc67-711b-463a-8855-af9a1f22ec08 98438ce6248c4c9abaebf7850d641b6d 71a005a1b3b34ba08461ab79051ae716 - - default default] 10.0.0.50 "PUT /v2.0/policies/294cba76-7029-464d-b493-bbcc361ec58b/tags HTTP/1.1" status: 200 len: 227 time: 0.0590587
2026-05-30 03:10:02.094 10 INFO neutron.api.wsgi [None req-f7647b22-905d-4fd4-a465-6901eb6a9848 98438ce6248c4c9abaebf7850d641b6d 71a005a1b3b34ba08461ab79051ae716 - - default default] 10.0.0.50 "PUT /v2.0/policies/257e15c8-aa5c-49ee-8d2d-30792de017d8/tags HTTP/1.1" status: 200 len: 212 time: 0.0316517
2026-05-30 03:10:02.166 9 INFO neutron.api.wsgi [req-2ebacf9c-1ba0-455f-9d9a-aa7d439fb132 req-9e40caf8-70f3-4fb6-b84a-7d7caaaf201f 0f0e84b6ec9f4d05af41f65fda48c20b e1534295b8604f45bf38dd3f200fe791 - - default default] 10.0.0.26 "GET /v2.0/ports?device_id=24a83877-ec76-4dab-a9ec-a9faa486fdb2 HTTP/1.1" status: 200 len: 1168 time: 0.4047065
2026-05-30 03:10:02.206 9 INFO neutron.api.wsgi [req-2ebacf9c-1ba0-455f-9d9a-aa7d439fb132 req-dc7d6021-9183-4458-862d-447cf9a013cc 0f0e84b6ec9f4d05af41f65fda48c20b e1534295b8604f45bf38dd3f200fe791 - - default default] 10.0.0.26 "GET /v2.0/security-groups?id=27d788b7-e3b4-4809-836d-7d58ed008fc3&fields=id&fields=name HTTP/1.1" status: 200 len: 286 time: 0.0362995
2026-05-30 03:10:02.311 9 INFO neutron.plugins.ml2.drivers.ovn.mech_driver.mech_driver [None req-07526cec-4e37-4a2e-8e2e-ef5ec3b350af - - - - - -] OVN reports status up for port: 7d23e786-7615-4464-a29e-123c22235a54
2026-05-30 03:10:02.352 9 INFO neutron.plugins.ml2.plugin [None req-07526cec-4e37-4a2e-8e2e-ef5ec3b350af - - - - - -] Attempt 1 to provision port 7d23e786-7615-4464-a29e-123c22235a54
2026-05-30 03:10:02.495 9 INFO neutron.notifiers.nova [-] Nova event matching ['req-f3e98e04-b13f-4418-a06f-3a710221eb09'] response: {'server_uuid': '24a83877-ec76-4dab-a9ec-a9faa486fdb2', 'name': 'network-vif-plugged', 'status': 'completed', 'tag': '7d23e786-7615-4464-a29e-123c22235a54', 'code': 200}
2026-05-30 03:10:02.649 9 INFO neutron.db.ovn_revision_numbers_db [None req-07526cec-4e37-4a2e-8e2e-ef5ec3b350af - - - - - -] Successfully bumped revision number for resource 7d23e786-7615-4464-a29e-123c22235a54 (type: ports) to 5
2026-05-30 03:10:02.656 9 INFO neutron.api.wsgi [None req-3b86e2bd-f9b6-40f4-bd53-c99319b2e8ee dea1991bfe1f4728986c02ad82e74520 d16eff1ed814449e9f7e31365d2e59d2 - - default default] 10.0.0.50 "GET /v2.0/qos/policies?tags=red HTTP/1.1" status: 200 len: 1296 time: 0.1501763
2026-05-30 03:10:02.720 10 INFO neutron.api.wsgi [None req-3f2694f0-04be-4d59-a1e4-3c7bea5cc335 dea1991bfe1f4728986c02ad82e74520 d16eff1ed814449e9f7e31365d2e59d2 - - default default] 10.0.0.50 "GET /v2.0/qos/policies?tags=red%2Cblue HTTP/1.1" status: 200 len: 941 time: 0.0555105
2026-05-30 03:10:02.782 10 INFO neutron.api.wsgi [None req-b55fd12d-374d-420d-9fcc-bcaefb77f060 dea1991bfe1f4728986c02ad82e74520 d16eff1ed814449e9f7e31365d2e59d2 - - default default] 10.0.0.50 "GET /v2.0/qos/policies?tags-any=blue HTTP/1.1" status: 200 len: 941 time: 0.0548437 /var/lib/openstack/lib/python3.12/site-packages/pycadf/identifier.py:71: UserWarning: Invalid uuid: neutron. To ensure interoperability, identifiers should be a valid uuid. warnings.warn(('Invalid uuid: %s. To ensure interoperability, '
2026-05-30 03:10:02.863 9 INFO neutron.api.wsgi [None req-91fc92ed-513d-487c-b768-9f06eaac9e0b dea1991bfe1f4728986c02ad82e74520 d16eff1ed814449e9f7e31365d2e59d2 - - default default] 10.0.0.50 "GET /v2.0/qos/policies?tags-any=red%2Cblue HTTP/1.1" status: 200 len: 1296 time: 0.0740035
2026-05-30 03:10:02.916 9 INFO neutron.api.wsgi [None req-8bc39288-0c83-439e-a0e4-6047c3a9dc57 dea1991bfe1f4728986c02ad82e74520 d16eff1ed814449e9f7e31365d2e59d2 - - default default] 10.0.0.50 "GET /v2.0/qos/policies?not-tags=red HTTP/1.1" status: 200 len: 913 time: 0.0466983
2026-05-30 03:10:02.986 9 INFO neutron.api.wsgi [None req-99549d70-80e2-4008-be22-b1e021c96b55 dea1991bfe1f4728986c02ad82e74520 d16eff1ed814449e9f7e31365d2e59d2 - - default default] 10.0.0.50 "GET /v2.0/qos/policies?not-tags=red%2Cblue HTTP/1.1" status: 200 len: 1268 time: 0.0631647
2026-05-30 03:10:03.065 9 INFO neutron.api.wsgi [None req-9079eb34-1351-4c44-8dde-97f893d3f7ba dea1991bfe1f4728986c02ad82e74520 d16eff1ed814449e9f7e31365d2e59d2 - - default default] 10.0.0.50 "GET /v2.0/qos/policies?not-tags-any=blue HTTP/1.1" status: 200 len: 1268 time: 0.0727012
2026-05-30 03:10:03.119 9 INFO neutron.api.wsgi [None req-b998da35-20bd-4863-b8b1-a51c8ba3d4e3 dea1991bfe1f4728986c02ad82e74520 d16eff1ed814449e9f7e31365d2e59d2 - - default default] 10.0.0.50 "GET /v2.0/qos/policies?not-tags-any=red%2Cblue HTTP/1.1" status: 200 len: 913 time: 0.0490949
2026-05-30 03:10:03.183 9 INFO neutron.api.wsgi [None req-072d24cc-cbbc-42de-9cdc-d345e93fc469 98438ce6248c4c9abaebf7850d641b6d 71a005a1b3b34ba08461ab79051ae716 - - default default] 10.0.0.50 "DELETE /v2.0/qos/policies/332ba0f9-4b1e-4c0c-87a8-3a6757e4f8a0 HTTP/1.1" status: 204 len: 168 time: 0.0580959
2026-05-30 03:10:03.244 9 INFO neutron.api.wsgi [None req-176ace62-a257-44ae-b7c9-667f58d978dd 98438ce6248c4c9abaebf7850d641b6d 71a005a1b3b34ba08461ab79051ae716 - - default default] 10.0.0.50 "DELETE /v2.0/qos/policies/6bd6a780-f489-4c0a-a5ed-93af184090b9 HTTP/1.1" status: 204 len: 168 time: 0.0550900
2026-05-30 03:10:03.311 9 INFO neutron.api.wsgi [None req-c1ac6edd-2e8f-434a-900a-9240893cac56 98438ce6248c4c9abaebf7850d641b6d 71a005a1b3b34ba08461ab79051ae716 - - default default] 10.0.0.50 "DELETE /v2.0/qos/policies/294cba76-7029-464d-b493-bbcc361ec58b HTTP/1.1" status: 204 len: 168 time: 0.0612197
2026-05-30 03:10:03.315 9 INFO neutron.api.wsgi [req-d2343f7e-242a-42a6-8f01-354767d4e58d req-8ff17d6f-f532-4487-b465-159860135360 0f0e84b6ec9f4d05af41f65fda48c20b e1534295b8604f45bf38dd3f200fe791 - - default default] 10.0.0.26 "GET /v2.0/ports?device_id=24a83877-ec76-4dab-a9ec-a9faa486fdb2 HTTP/1.1" status: 200 len: 1170 time: 0.0350080
2026-05-30 03:10:03.356 9 INFO neutron.api.wsgi [req-d2343f7e-242a-42a6-8f01-354767d4e58d req-6b731607-8188-484f-83c4-ee0f3f3a7bb0 0f0e84b6ec9f4d05af41f65fda48c20b e1534295b8604f45bf38dd3f200fe791 - - default default] 10.0.0.26 "GET /v2.0/security-groups?id=27d788b7-e3b4-4809-836d-7d58ed008fc3&fields=id&fields=name HTTP/1.1" status: 200 len: 286 time: 0.0341704
2026-05-30 03:10:03.382 9 INFO neutron.api.wsgi [None req-6c9558c6-de3e-4815-98da-d4edc07413e4 98438ce6248c4c9abaebf7850d641b6d 71a005a1b3b34ba08461ab79051ae716 - - default default] 10.0.0.50 "DELETE /v2.0/qos/policies/257e15c8-aa5c-49ee-8d2d-30792de017d8 HTTP/1.1" status: 204 len: 168 time: 0.0653193
2026-05-30 03:10:03.444 9 INFO neutron.api.wsgi [None req-990a15b7-6f22-47f2-a408-81075763d9e8 98438ce6248c4c9abaebf7850d641b6d 71a005a1b3b34ba08461ab79051ae716 - - default default] 10.0.0.50 "DELETE /v2.0/qos/policies/d54257b8-234b-46e9-8897-1fde22f490bc HTTP/1.1" status: 204 len: 168 time: 0.0548019
2026-05-30 03:10:04.512 10 INFO neutron.api.wsgi [req-02f787a7-26db-40d7-bcf1-5d0f63f619a1 req-4e3f187c-3341-40f5-8e35-2bc2c71a25b7 0f0e84b6ec9f4d05af41f65fda48c20b e1534295b8604f45bf38dd3f200fe791 - - default default] 10.0.0.26 "GET /v2.0/ports?device_id=24a83877-ec76-4dab-a9ec-a9faa486fdb2 HTTP/1.1" status: 200 len: 1170 time: 0.0826993
2026-05-30 03:10:04.531 9 INFO neutron.notifiers.nova [-] Nova event matching ['req-d94fa68c-d66e-49b9-952a-ea3bad7943d1'] response: {'server_uuid': '24a83877-ec76-4dab-a9ec-a9faa486fdb2', 'name': 'network-vif-plugged', 'status': 'completed', 'tag': '7d23e786-7615-4464-a29e-123c22235a54', 'code': 200}
2026-05-30 03:10:04.573 10 INFO neutron.api.wsgi [req-02f787a7-26db-40d7-bcf1-5d0f63f619a1 req-6ddd2ebf-8200-4a35-bd4b-2b925ce68efa 0f0e84b6ec9f4d05af41f65fda48c20b e1534295b8604f45bf38dd3f200fe791 - - default default] 10.0.0.26 "GET /v2.0/security-groups?id=27d788b7-e3b4-4809-836d-7d58ed008fc3&fields=id&fields=name HTTP/1.1" status: 200 len: 286 time: 0.0548365
2026-05-30 03:10:05.063 10 INFO neutron.db.ovn_revision_numbers_db [None req-cf907d91-1f21-4274-807f-344ed84565ae 5b269b93c6fd4a6f8021a4e0ea1fed9b 67ae0794042149f4a396eb9cd2d12b7e - - default default] Successfully bumped revision number for resource 0f8dc9fc-b825-4a60-8ae3-77297563e0c5 (type: security_groups) to 1
2026-05-30 03:10:05.080 10 INFO neutron.db.ovn_revision_numbers_db [None req-cf907d91-1f21-4274-807f-344ed84565ae 5b269b93c6fd4a6f8021a4e0ea1fed9b 67ae0794042149f4a396eb9cd2d12b7e - - default default] Successfully bumped revision number for resource 07ad37a4-8b45-4cf0-98d5-faeeb5b4659c (type: security_group_rules) to 0
2026-05-30 03:10:05.093 10 INFO neutron.db.ovn_revision_numbers_db [None req-cf907d91-1f21-4274-807f-344ed84565ae 5b269b93c6fd4a6f8021a4e0ea1fed9b 67ae0794042149f4a396eb9cd2d12b7e - - default default] Successfully bumped revision number for resource 96861764-f476-4e5d-a945-35e27f4750e8 (type: security_group_rules) to 0
2026-05-30 03:10:05.115 10 INFO neutron.db.ovn_revision_numbers_db [None req-cf907d91-1f21-4274-807f-344ed84565ae 5b269b93c6fd4a6f8021a4e0ea1fed9b 67ae0794042149f4a396eb9cd2d12b7e - - default default] Successfully bumped revision number for resource b42dbe93-c930-4799-b167-1b6875173f57 (type: security_group_rules) to 0
2026-05-30 03:10:05.128 10 INFO neutron.db.ovn_revision_numbers_db [None req-cf907d91-1f21-4274-807f-344ed84565ae 5b269b93c6fd4a6f8021a4e0ea1fed9b 67ae0794042149f4a396eb9cd2d12b7e - - default default] Successfully bumped revision number for resource f4e25fa7-9d52-4a60-b518-66a1e4dbbfd7 (type: security_group_rules) to 0
2026-05-30 03:10:05.176 10 INFO neutron.api.wsgi [None req-cf907d91-1f21-4274-807f-344ed84565ae 5b269b93c6fd4a6f8021a4e0ea1fed9b 67ae0794042149f4a396eb9cd2d12b7e - - default default] 10.0.0.50 "GET /v2.0/security-groups?tenant_id=d16eff1ed814449e9f7e31365d2e59d2&name=default HTTP/1.1" status: 200 len: 3120 time: 0.8069315
2026-05-30 03:10:05.432 10 INFO neutron.api.wsgi [None req-1db30bbf-981f-47ab-9740-ac78c4d3ba97 5b269b93c6fd4a6f8021a4e0ea1fed9b 67ae0794042149f4a396eb9cd2d12b7e - - default default] 10.0.0.50 "DELETE /v2.0/security-groups/0f8dc9fc-b825-4a60-8ae3-77297563e0c5 HTTP/1.1" status: 204 len: 168 time: 0.2476573
2026-05-30 03:10:05.693 10 INFO neutron.db.ovn_revision_numbers_db [None req-968cabd9-3e6f-4e95-84a4-b4ecf1753947 5b269b93c6fd4a6f8021a4e0ea1fed9b 67ae0794042149f4a396eb9cd2d12b7e - - default default] Successfully bumped revision number for resource 8e907347-af36-4156-9400-9a88b04a1f7b (type: security_groups) to 1
2026-05-30 03:10:05.706 10 INFO neutron.db.ovn_revision_numbers_db [None req-968cabd9-3e6f-4e95-84a4-b4ecf1753947 5b269b93c6fd4a6f8021a4e0ea1fed9b 67ae0794042149f4a396eb9cd2d12b7e - - default default] Successfully bumped revision number for resource 19ddc805-f6ca-4f17-a334-4ef6b53c8d43 (type: security_group_rules) to 0
2026-05-30 03:10:05.719 10 INFO neutron.db.ovn_revision_numbers_db [None req-968cabd9-3e6f-4e95-84a4-b4ecf1753947 5b269b93c6fd4a6f8021a4e0ea1fed9b 67ae0794042149f4a396eb9cd2d12b7e - - default default] Successfully bumped revision number for resource 47e7ce5b-41ce-41d4-8055-e81a02e25fe0 (type: security_group_rules) to 0
2026-05-30 03:10:05.737 10 INFO neutron.db.ovn_revision_numbers_db [None req-968cabd9-3e6f-4e95-84a4-b4ecf1753947 5b269b93c6fd4a6f8021a4e0ea1fed9b 67ae0794042149f4a396eb9cd2d12b7e - - default default] Successfully bumped revision number for resource ad69c6a7-7a06-46dc-9680-df5006cddee6 (type: security_group_rules) to 0
2026-05-30 03:10:05.753 10 INFO neutron.db.ovn_revision_numbers_db [None req-968cabd9-3e6f-4e95-84a4-b4ecf1753947 5b269b93c6fd4a6f8021a4e0ea1fed9b 67ae0794042149f4a396eb9cd2d12b7e - - default default] Successfully bumped revision number for resource c0994416-977b-4175-868b-5c86dfc8318f (type: security_group_rules) to 0
2026-05-30 03:10:05.808 10 INFO neutron.api.wsgi [None req-968cabd9-3e6f-4e95-84a4-b4ecf1753947 5b269b93c6fd4a6f8021a4e0ea1fed9b 67ae0794042149f4a396eb9cd2d12b7e - - default default] 10.0.0.50 "GET /v2.0/security-groups?tenant_id=f387ef1c5fa24c8cbd47e5033a9e4fe7&name=default HTTP/1.1" status: 200 len: 3120 time: 0.2337356
2026-05-30 03:10:05.978 10 INFO neutron.api.wsgi [req-f2fe4982-e84a-46b2-a9ef-0d798c76bbcb req-9dc280e9-984f-4273-823a-c30b1cac1aa3 0f0e84b6ec9f4d05af41f65fda48c20b e1534295b8604f45bf38dd3f200fe791 - - default default] 10.0.0.26 "GET /v2.0/ports?device_id=24a83877-ec76-4dab-a9ec-a9faa486fdb2 HTTP/1.1" status: 200 len: 1170 time: 0.0468681
2026-05-30 03:10:06.015 10 INFO neutron.api.wsgi [req-f2fe4982-e84a-46b2-a9ef-0d798c76bbcb req-315887fd-817a-4d84-8307-fc191f904fcf 0f0e84b6ec9f4d05af41f65fda48c20b e1534295b8604f45bf38dd3f200fe791 - - default default] 10.0.0.26 "GET /v2.0/security-groups?id=27d788b7-e3b4-4809-836d-7d58ed008fc3&fields=id&fields=name HTTP/1.1" status: 200 len: 286 time: 0.0312696
2026-05-30 03:10:06.077 10 INFO neutron.api.wsgi [None req-2f2e1713-c671-4c61-965e-fa0cd91a644b 5b269b93c6fd4a6f8021a4e0ea1fed9b 67ae0794042149f4a396eb9cd2d12b7e - - default default] 10.0.0.50 "DELETE /v2.0/security-groups/8e907347-af36-4156-9400-9a88b04a1f7b HTTP/1.1" status: 204 len: 168 time: 0.2640486
2026-05-30 03:10:06.392 9 INFO neutron.db.ovn_revision_numbers_db [None req-a12f391b-dd04-4b4b-b320-93ac5eee9fa8 5b269b93c6fd4a6f8021a4e0ea1fed9b 67ae0794042149f4a396eb9cd2d12b7e - - default default] Successfully bumped revision number for resource b0f044d2-d001-4b9e-9ad0-a43bf17bdf18 (type: security_groups) to 1
2026-05-30 03:10:06.413 9 INFO neutron.db.ovn_revision_numbers_db [None req-a12f391b-dd04-4b4b-b320-93ac5eee9fa8 5b269b93c6fd4a6f8021a4e0ea1fed9b 67ae0794042149f4a396eb9cd2d12b7e - - default default] Successfully bumped revision number for resource 171c4ecc-f67c-4df7-bc06-88ab5417ed02 (type: security_group_rules) to 0
2026-05-30 03:10:06.424 9 INFO neutron.db.ovn_revision_numbers_db [None req-a12f391b-dd04-4b4b-b320-93ac5eee9fa8 5b269b93c6fd4a6f8021a4e0ea1fed9b 67ae0794042149f4a396eb9cd2d12b7e - - default default] Successfully bumped revision number for resource 48d0024e-6714-4d6c-9f15-c9dfcb19636a (type: security_group_rules) to 0
2026-05-30 03:10:06.437 9 INFO neutron.db.ovn_revision_numbers_db [None req-a12f391b-dd04-4b4b-b320-93ac5eee9fa8 5b269b93c6fd4a6f8021a4e0ea1fed9b 67ae0794042149f4a396eb9cd2d12b7e - - default default] Successfully bumped revision number for resource 8dfeec43-26bc-4a39-b316-5691c065a21c (type: security_group_rules) to 0
2026-05-30 03:10:06.471 9 INFO neutron.db.ovn_revision_numbers_db [None req-a12f391b-dd04-4b4b-b320-93ac5eee9fa8 5b269b93c6fd4a6f8021a4e0ea1fed9b 67ae0794042149f4a396eb9cd2d12b7e - - default default] Successfully bumped revision number for resource 9892608d-789a-499a-8aea-557dd0d17e60 (type: security_group_rules) to 0
2026-05-30 03:10:06.514 9 INFO neutron.plugins.ml2.drivers.ovn.mech_driver.mech_driver [None req-db696cc7-0660-46ec-b889-7fedc4129e6b - - - - - -] OVN reports status down for port: 7d23e786-7615-4464-a29e-123c22235a54
2026-05-30 03:10:06.540 9 INFO neutron.api.wsgi [None req-a12f391b-dd04-4b4b-b320-93ac5eee9fa8 5b269b93c6fd4a6f8021a4e0ea1fed9b 67ae0794042149f4a396eb9cd2d12b7e - - default default] 10.0.0.50 "GET /v2.0/security-groups?tenant_id=71a005a1b3b34ba08461ab79051ae716&name=default HTTP/1.1" status: 200 len: 3120 time: 0.2789910
2026-05-30 03:10:06.720 9 INFO neutron.notifiers.nova [-] Nova event matching ['req-2907e48f-2588-41c6-a400-72e1c65dd92f'] response: {'server_uuid': '24a83877-ec76-4dab-a9ec-a9faa486fdb2', 'name': 'network-vif-unplugged', 'status': 'completed', 'tag': '7d23e786-7615-4464-a29e-123c22235a54', 'code': 200}
2026-05-30 03:10:06.823 9 INFO neutron.db.ovn_revision_numbers_db [None req-db696cc7-0660-46ec-b889-7fedc4129e6b - - - - - -] Successfully bumped revision number for resource 7d23e786-7615-4464-a29e-123c22235a54 (type: ports) to 6
2026-05-30 03:10:06.845 10 INFO neutron.api.wsgi [None req-06c3766a-f9fb-44fe-8930-6507d2cb6046 5b269b93c6fd4a6f8021a4e0ea1fed9b 67ae0794042149f4a396eb9cd2d12b7e - - default default] 10.0.0.50 "DELETE /v2.0/security-groups/b0f044d2-d001-4b9e-9ad0-a43bf17bdf18 HTTP/1.1" status: 204 len: 168 time: 0.2993157
2026-05-30 03:10:07.124 10 INFO neutron.api.wsgi [req-3409f6f8-095b-4b00-8c1b-b0613a787be0 req-245d3ac7-352c-4e0b-9a6d-ab1343a22b81 0f0e84b6ec9f4d05af41f65fda48c20b e1534295b8604f45bf38dd3f200fe791 - - default default] 10.0.0.26 "GET /v2.0/ports?device_id=24a83877-ec76-4dab-a9ec-a9faa486fdb2 HTTP/1.1" status: 200 len: 1168 time: 0.0381367
2026-05-30 03:10:07.216 10 INFO neutron.api.wsgi [req-3409f6f8-095b-4b00-8c1b-b0613a787be0 req-caea78ba-bd48-4205-a7fc-c2538f1bc42a 0f0e84b6ec9f4d05af41f65fda48c20b e1534295b8604f45bf38dd3f200fe791 - - default default] 10.0.0.26 "GET /v2.0/security-groups?id=27d788b7-e3b4-4809-836d-7d58ed008fc3&fields=id&fields=name HTTP/1.1" status: 200 len: 286 time: 0.0860419 /var/lib/openstack/lib/python3.12/site-packages/pycadf/identifier.py:71: UserWarning: Invalid uuid: neutron. To ensure interoperability, identifiers should be a valid uuid. warnings.warn(('Invalid uuid: %s. To ensure interoperability, '
2026-05-30 03:10:07.817 9 INFO neutron.api.wsgi [req-f6ce6365-ceba-480b-bfda-d6e83d03a33f req-f1fa5494-36f7-436f-9e80-281da3fb1b86 0f0e84b6ec9f4d05af41f65fda48c20b e1534295b8604f45bf38dd3f200fe791 - - default default] 199.204.45.72 "GET /v2.0/ports?device_id=24a83877-ec76-4dab-a9ec-a9faa486fdb2 HTTP/1.1" status: 200 len: 1168 time: 0.0764427
2026-05-30 03:10:08.117 9 INFO neutron.api.wsgi [req-f6ce6365-ceba-480b-bfda-d6e83d03a33f req-225b894c-503d-49b7-85ea-94344247e2e6 0f0e84b6ec9f4d05af41f65fda48c20b e1534295b8604f45bf38dd3f200fe791 - - default default] 199.204.45.72 "DELETE /v2.0/ports/7d23e786-7615-4464-a29e-123c22235a54 HTTP/1.1" status: 204 len: 173 time: 0.2940116
2026-05-30 03:10:08.303 9 INFO neutron.api.wsgi [req-48429070-6724-4cfa-b329-3d54ad592eb6 req-ff3421d6-80ef-4995-9cab-16fbc96b5530 0f0e84b6ec9f4d05af41f65fda48c20b e1534295b8604f45bf38dd3f200fe791 - - default default] 10.0.0.26 "GET /v2.0/ports?device_id=24a83877-ec76-4dab-a9ec-a9faa486fdb2 HTTP/1.1" status: 200 len: 210 time: 0.0238428
2026-05-30 03:10:08.774 9 INFO neutron.notifiers.nova [-] Nova event matching ['req-1ec9dbc0-6620-4040-a1a3-982fdb8676bc'] response: {'server_uuid': '24a83877-ec76-4dab-a9ec-a9faa486fdb2', 'name': 'network-vif-unplugged', 'status': 'completed', 'tag': '7d23e786-7615-4464-a29e-123c22235a54', 'code': 200}
2026-05-30 03:10:08.774 9 INFO neutron.notifiers.nova [-] Nova event matching ['req-1ec9dbc0-6620-4040-a1a3-982fdb8676bc'] response: {'server_uuid': '24a83877-ec76-4dab-a9ec-a9faa486fdb2', 'name': 'network-vif-deleted', 'tag': '7d23e786-7615-4464-a29e-123c22235a54', 'status': 'completed', 'code': 200}
2026-05-30 03:10:09.394 9 INFO neutron.api.wsgi [req-80411b93-8b69-4428-9638-cb9f82a95772 req-8342ad70-8146-47a2-bb6b-796b26e37666 0f0e84b6ec9f4d05af41f65fda48c20b e1534295b8604f45bf38dd3f200fe791 - - default default] 10.0.0.26 "GET /v2.0/ports?device_id=24a83877-ec76-4dab-a9ec-a9faa486fdb2 HTTP/1.1" status: 200 len: 210 time: 0.0235002
2026-05-30 03:10:10.508 10 INFO neutron.api.wsgi [req-49b7a7b1-5e34-463e-ad54-3e7a4314d0cb req-b507cede-d561-47e1-8061-7d33fe3edff2 0f0e84b6ec9f4d05af41f65fda48c20b e1534295b8604f45bf38dd3f200fe791 - - default default] 10.0.0.26 "GET /v2.0/ports?device_id=24a83877-ec76-4dab-a9ec-a9faa486fdb2 HTTP/1.1" status: 200 len: 210 time: 0.0276589
2026-05-30 03:10:11.394 9 WARNING neutron_lib.context [None req-29fe5f5e-28c7-465c-b1d5-95c96242862e c2fa73a8a4464c1f9ef5bf31de8927e3 9ff40e63273a4b63ace7f1f80e45ed3a - - default default] Method 'is_advsvc' is deprecated since 2023.2 release (neutron-lib 3.8.0) and will be removed once support for the old RBAC API policies will be removed from Neutron. Please use method 'is_service_role' instead.
2026-05-30 03:10:11.557 9 INFO neutron.db.ovn_revision_numbers_db [None req-29fe5f5e-28c7-465c-b1d5-95c96242862e c2fa73a8a4464c1f9ef5bf31de8927e3 9ff40e63273a4b63ace7f1f80e45ed3a - - default default] Successfully bumped revision number for resource ba830a59-320d-444f-9184-6f92588cb8cd (type: security_groups) to 1
2026-05-30 03:10:11.574 9 INFO neutron.db.ovn_revision_numbers_db [None req-29fe5f5e-28c7-465c-b1d5-95c96242862e c2fa73a8a4464c1f9ef5bf31de8927e3 9ff40e63273a4b63ace7f1f80e45ed3a - - default default] Successfully bumped revision number for resource 2e472b32-9806-4e86-aaba-471056ace257 (type: security_group_rules) to 0
2026-05-30 03:10:11.599 9 INFO neutron.api.wsgi [None req-e00a2ffc-c7e2-455c-b1b0-c218d10de633 5b269b93c6fd4a6f8021a4e0ea1fed9b 67ae0794042149f4a396eb9cd2d12b7e - - default default] 10.0.0.7 "GET /v2.0/network-ip-availabilities HTTP/1.1" status: 200 len: 1752 time: 0.0546641
2026-05-30 03:10:11.606 9 INFO neutron.db.ovn_revision_numbers_db [None req-29fe5f5e-28c7-465c-b1d5-95c96242862e c2fa73a8a4464c1f9ef5bf31de8927e3 9ff40e63273a4b63ace7f1f80e45ed3a - - default default] Successfully bumped revision number for resource 3944848e-27ed-4983-93f3-a06eb55cfccc (type: security_group_rules) to 0
2026-05-30 03:10:11.637 9 INFO neutron.db.ovn_revision_numbers_db [None req-29fe5f5e-28c7-465c-b1d5-95c96242862e c2fa73a8a4464c1f9ef5bf31de8927e3 9ff40e63273a4b63ace7f1f80e45ed3a - - default default] Successfully bumped revision number for resource 6ff3a11d-fb0a-44ca-9356-ec2dbb30fd31 (type: security_group_rules) to 0
2026-05-30 03:10:11.653 9 INFO neutron.api.wsgi [None req-97823898-7689-4e1e-bf3d-384acd1c88e7 5b269b93c6fd4a6f8021a4e0ea1fed9b 67ae0794042149f4a396eb9cd2d12b7e - - default default] 10.0.0.7 "GET /v2.0/subnets HTTP/1.1" status: 200 len: 2162 time: 0.0529203
2026-05-30 03:10:11.668 9 INFO neutron.db.ovn_revision_numbers_db [None req-29fe5f5e-28c7-465c-b1d5-95c96242862e c2fa73a8a4464c1f9ef5bf31de8927e3 9ff40e63273a4b63ace7f1f80e45ed3a - - default default] Successfully bumped revision number for resource b1d8cf95-bd33-4bab-9a13-09b384b19db7 (type: security_group_rules) to 0
2026-05-30 03:10:11.680 9 INFO neutron.api.wsgi [None req-3d6d162b-397e-4412-8724-ebf3316f0154 5b269b93c6fd4a6f8021a4e0ea1fed9b 67ae0794042149f4a396eb9cd2d12b7e - - default default] 10.0.0.7 "GET /v2.0/subnetpools HTTP/1.1" status: 200 len: 193 time: 0.0239470
2026-05-30 03:10:11.719 9 INFO neutron.api.wsgi [None req-b380b47c-a948-47dc-a405-57e6c3ebcde1 5b269b93c6fd4a6f8021a4e0ea1fed9b 67ae0794042149f4a396eb9cd2d12b7e - - default default] 10.0.0.7 "GET /v2.0/subnets HTTP/1.1" status: 200 len: 2162 time: 0.0375807
2026-05-30 03:10:11.765 9 INFO neutron.api.wsgi [None req-3c83dfe7-952e-4a6d-b7f8-8f003b242730 5b269b93c6fd4a6f8021a4e0ea1fed9b 67ae0794042149f4a396eb9cd2d12b7e - - default default] 10.0.0.7 "GET /v2.0/security-groups HTTP/1.1" status: 200 len: 23378 time: 0.0441000
2026-05-30 03:10:11.789 9 INFO neutron.db.segments_db [None req-29fe5f5e-28c7-465c-b1d5-95c96242862e c2fa73a8a4464c1f9ef5bf31de8927e3 9ff40e63273a4b63ace7f1f80e45ed3a - - default default] Added segment df5c787a-b8e7-4c28-96c5-86f4685141a3 of type geneve for network 8b8384fe-f152-41c9-b884-5ea7095ec367
2026-05-30 03:10:11.864 9 INFO neutron.api.wsgi [None req-d9dc7b54-90e8-47ad-a19f-5486aae4232f 5b269b93c6fd4a6f8021a4e0ea1fed9b 67ae0794042149f4a396eb9cd2d12b7e - - default default] 10.0.0.7 "GET /v2.0/routers HTTP/1.1" status: 200 len: 1150 time: 0.0877974
2026-05-30 03:10:11.879 9 INFO neutron.api.wsgi [None req-5f5b5703-df61-4649-9126-706f9c0b87fe 5b269b93c6fd4a6f8021a4e0ea1fed9b 67ae0794042149f4a396eb9cd2d12b7e - - default default] 10.0.0.7 "GET /v2.0/agents?binary=ovn-controller HTTP/1.1" status: 200 len: 591 time: 0.0133007
2026-05-30 03:10:11.933 9 INFO neutron.api.wsgi [None req-2fa545f9-f278-41b1-912f-b708c18bb3fe 5b269b93c6fd4a6f8021a4e0ea1fed9b 67ae0794042149f4a396eb9cd2d12b7e - - default default] 10.0.0.7 "GET /v2.0/ports HTTP/1.1" status: 200 len: 8568 time: 0.0530422
2026-05-30 03:10:11.972 9 INFO neutron.db.ovn_revision_numbers_db [None req-29fe5f5e-28c7-465c-b1d5-95c96242862e c2fa73a8a4464c1f9ef5bf31de8927e3 9ff40e63273a4b63ace7f1f80e45ed3a - - default default] Successfully bumped revision number for resource 8b8384fe-f152-41c9-b884-5ea7095ec367 (type: networks) to 1
2026-05-30 03:10:12.002 9 INFO neutron.api.wsgi [None req-8d88d028-a0f1-4afc-87ee-57d413c8cb16 5b269b93c6fd4a6f8021a4e0ea1fed9b 67ae0794042149f4a396eb9cd2d12b7e - - default default] 10.0.0.7 "GET /v2.0/networks HTTP/1.1" status: 200 len: 3812 time: 0.0630224
2026-05-30 03:10:12.021 9 INFO neutron.api.wsgi [None req-b0f26228-b6d3-416b-be87-5b428154ab94 5b269b93c6fd4a6f8021a4e0ea1fed9b 67ae0794042149f4a396eb9cd2d12b7e - - default default] 10.0.0.7 "GET /v2.0/agents HTTP/1.1" status: 200 len: 1390 time: 0.0141468
2026-05-30 03:10:12.035 9 INFO neutron.api.wsgi [None req-3c12e139-9a21-40b2-9091-d8ae0ddbf442 5b269b93c6fd4a6f8021a4e0ea1fed9b 67ae0794042149f4a396eb9cd2d12b7e - - default default] 10.0.0.7 "GET /v2.0/floatingips HTTP/1.1" status: 200 len: 193 time: 0.0132103
2026-05-30 03:10:12.167 9 WARNING neutron.scheduler.dhcp_agent_scheduler [None req-29fe5f5e-28c7-465c-b1d5-95c96242862e c2fa73a8a4464c1f9ef5bf31de8927e3 9ff40e63273a4b63ace7f1f80e45ed3a - - default default] No more DHCP agents
2026-05-30 03:10:12.169 9 WARNING neutron.api.rpc.agentnotifiers.dhcp_rpc_agent_api [None req-29fe5f5e-28c7-465c-b1d5-95c96242862e c2fa73a8a4464c1f9ef5bf31de8927e3 9ff40e63273a4b63ace7f1f80e45ed3a - - default default] Unable to schedule network 8b8384fe-f152-41c9-b884-5ea7095ec367: no agents available; will retry on subsequent port and subnet creation events.
2026-05-30 03:10:12.229 9 INFO neutron.db.ovn_revision_numbers_db [None req-29fe5f5e-28c7-465c-b1d5-95c96242862e c2fa73a8a4464c1f9ef5bf31de8927e3 9ff40e63273a4b63ace7f1f80e45ed3a - - default default] Successfully bumped revision number for resource f85fa88a-b111-4e10-a528-d6f42f716feb (type: ports) to 1
2026-05-30 03:10:12.254 9 INFO neutron.api.wsgi [None req-29fe5f5e-28c7-465c-b1d5-95c96242862e c2fa73a8a4464c1f9ef5bf31de8927e3 9ff40e63273a4b63ace7f1f80e45ed3a - - default default] 10.0.0.50 "POST /v2.0/networks HTTP/1.1" status: 201 len: 830 time: 0.9756279
2026-05-30 03:10:12.268 10 WARNING neutron_lib.context [None req-eac88bff-0f4b-46b9-ba5d-628fc4cd430b c2fa73a8a4464c1f9ef5bf31de8927e3 9ff40e63273a4b63ace7f1f80e45ed3a - - default default] Method 'is_advsvc' is deprecated since 2023.2 release (neutron-lib 3.8.0) and will be removed once support for the old RBAC API policies will be removed from Neutron. Please use method 'is_service_role' instead.
2026-05-30 03:10:12.458 10 WARNING neutron.scheduler.dhcp_agent_scheduler [None req-eac88bff-0f4b-46b9-ba5d-628fc4cd430b c2fa73a8a4464c1f9ef5bf31de8927e3 9ff40e63273a4b63ace7f1f80e45ed3a - - default default] No more DHCP agents
2026-05-30 03:10:12.459 10 WARNING neutron.api.rpc.agentnotifiers.dhcp_rpc_agent_api [None req-eac88bff-0f4b-46b9-ba5d-628fc4cd430b c2fa73a8a4464c1f9ef5bf31de8927e3 9ff40e63273a4b63ace7f1f80e45ed3a - - default default] Unable to schedule network 8b8384fe-f152-41c9-b884-5ea7095ec367: no agents available; will retry on subsequent port and subnet creation events.
2026-05-30 03:10:12.939 10 INFO neutron.db.ovn_revision_numbers_db [None req-d702110b-fde3-4bd6-9541-11a4af34f2b2 - - - - - -] Successfully bumped revision number for resource f85fa88a-b111-4e10-a528-d6f42f716feb (type: ports) to 2
2026-05-30 03:10:12.965 10 INFO neutron.db.ovn_revision_numbers_db [None req-d702110b-fde3-4bd6-9541-11a4af34f2b2 - - - - - -] Successfully bumped revision number for resource cbe20bcd-90c5-445b-b0c3-1f6c99614f96 (type: subnets) to 0
2026-05-30 03:10:12.980 10 INFO neutron.api.wsgi [None req-eac88bff-0f4b-46b9-ba5d-628fc4cd430b c2fa73a8a4464c1f9ef5bf31de8927e3 9ff40e63273a4b63ace7f1f80e45ed3a - - default default] 10.0.0.50 "POST /v2.0/subnets HTTP/1.1" status: 201 len: 825 time: 0.7198112
2026-05-30 03:10:12.992 9 WARNING neutron_lib.context [None req-c7ec5f5b-4ef0-4191-9f36-fb88c32b1561 c2fa73a8a4464c1f9ef5bf31de8927e3 9ff40e63273a4b63ace7f1f80e45ed3a - - default default] Method 'is_advsvc' is deprecated since 2023.2 release (neutron-lib 3.8.0) and will be removed once support for the old RBAC API policies will be removed from Neutron. Please use method 'is_service_role' instead.
2026-05-30 03:10:13.110 9 INFO neutron.db.segments_db [None req-c7ec5f5b-4ef0-4191-9f36-fb88c32b1561 c2fa73a8a4464c1f9ef5bf31de8927e3 9ff40e63273a4b63ace7f1f80e45ed3a - - default default] Added segment e0827e37-b453-42b0-a7e7-5306a276ce1a of type geneve for network a939a7cd-898b-4597-b588-a4213fbe3323
2026-05-30 03:10:13.225 9 INFO neutron.db.ovn_revision_numbers_db [None req-c7ec5f5b-4ef0-4191-9f36-fb88c32b1561 c2fa73a8a4464c1f9ef5bf31de8927e3 9ff40e63273a4b63ace7f1f80e45ed3a - - default default] Successfully bumped revision number for resource a939a7cd-898b-4597-b588-a4213fbe3323 (type: networks) to 1
2026-05-30 03:10:13.427 9 WARNING neutron.scheduler.dhcp_agent_scheduler [None req-c7ec5f5b-4ef0-4191-9f36-fb88c32b1561 c2fa73a8a4464c1f9ef5bf31de8927e3 9ff40e63273a4b63ace7f1f80e45ed3a - - default default] No more DHCP agents
2026-05-30 03:10:13.429 9 WARNING neutron.api.rpc.agentnotifiers.dhcp_rpc_agent_api [None req-c7ec5f5b-4ef0-4191-9f36-fb88c32b1561 c2fa73a8a4464c1f9ef5bf31de8927e3 9ff40e63273a4b63ace7f1f80e45ed3a - - default default] Unable to schedule network a939a7cd-898b-4597-b588-a4213fbe3323: no agents available; will retry on subsequent port and subnet creation events.
2026-05-30 03:10:13.504 9 INFO neutron.db.ovn_revision_numbers_db [None req-c7ec5f5b-4ef0-4191-9f36-fb88c32b1561 c2fa73a8a4464c1f9ef5bf31de8927e3 9ff40e63273a4b63ace7f1f80e45ed3a - - default default] Successfully bumped revision number for resource 986dd044-75de-48c5-b3df-bf35c7a27371 (type: ports) to 1
2026-05-30 03:10:13.537 9 INFO neutron.api.wsgi [None req-c7ec5f5b-4ef0-4191-9f36-fb88c32b1561 c2fa73a8a4464c1f9ef5bf31de8927e3 9ff40e63273a4b63ace7f1f80e45ed3a - - default default] 10.0.0.50 "POST /v2.0/networks HTTP/1.1" status: 201 len: 830 time: 0.5509846
2026-05-30 03:10:13.548 10 WARNING neutron_lib.context [None req-faaca49c-114c-4301-aa2b-8245b73444f1 c2fa73a8a4464c1f9ef5bf31de8927e3 9ff40e63273a4b63ace7f1f80e45ed3a - - default default] Method 'is_advsvc' is deprecated since 2023.2 release (neutron-lib 3.8.0) and will be removed once support for the old RBAC API policies will be removed from Neutron. Please use method 'is_service_role' instead.
2026-05-30 03:10:13.738 10 WARNING neutron.scheduler.dhcp_agent_scheduler [None req-faaca49c-114c-4301-aa2b-8245b73444f1 c2fa73a8a4464c1f9ef5bf31de8927e3 9ff40e63273a4b63ace7f1f80e45ed3a - - default default] No more DHCP agents
2026-05-30 03:10:13.740 10 WARNING neutron.api.rpc.agentnotifiers.dhcp_rpc_agent_api [None req-faaca49c-114c-4301-aa2b-8245b73444f1 c2fa73a8a4464c1f9ef5bf31de8927e3 9ff40e63273a4b63ace7f1f80e45ed3a - - default default] Unable to schedule network a939a7cd-898b-4597-b588-a4213fbe3323: no agents available; will retry on subsequent port and subnet creation events.
2026-05-30 03:10:13.806 9 INFO neutron.api.wsgi [None req-659ec6ea-6507-4b4a-b995-3930e13e5b72 5b269b93c6fd4a6f8021a4e0ea1fed9b 67ae0794042149f4a396eb9cd2d12b7e - - default default] 10.0.0.50 "PUT /v2.0/routers/dcb3b721-bce6-4b84-87a6-c7a569d6f79e/remove_router_interface HTTP/1.1" status: 200 len: 503 time: 1.0125110 /var/lib/openstack/lib/python3.12/site-packages/pycadf/identifier.py:71: UserWarning: Invalid uuid: neutron. To ensure interoperability, identifiers should be a valid uuid. warnings.warn(('Invalid uuid: %s. To ensure interoperability, '
2026-05-30 03:10:14.191 10 INFO neutron.db.ovn_revision_numbers_db [None req-15c5e149-46a3-4d3c-801f-a150ef82fa40 - - - - - -] Successfully bumped revision number for resource 986dd044-75de-48c5-b3df-bf35c7a27371 (type: ports) to 2
2026-05-30 03:10:14.223 10 INFO neutron.db.ovn_revision_numbers_db [None req-15c5e149-46a3-4d3c-801f-a150ef82fa40 - - - - - -] Successfully bumped revision number for resource c51b2a4b-b9f2-495e-bcff-4b8e51f75349 (type: subnets) to 0
2026-05-30 03:10:14.239 10 INFO neutron.api.wsgi [None req-faaca49c-114c-4301-aa2b-8245b73444f1 c2fa73a8a4464c1f9ef5bf31de8927e3 9ff40e63273a4b63ace7f1f80e45ed3a - - default default] 10.0.0.50 "POST /v2.0/subnets HTTP/1.1" status: 201 len: 828 time: 0.6962225
2026-05-30 03:10:14.249 9 WARNING neutron_lib.context [None req-87c5c2f6-b296-4a65-a155-3daa18a0583e c2fa73a8a4464c1f9ef5bf31de8927e3 9ff40e63273a4b63ace7f1f80e45ed3a - - default default] Method 'is_advsvc' is deprecated since 2023.2 release (neutron-lib 3.8.0) and will be removed once support for the old RBAC API policies will be removed from Neutron. Please use method 'is_service_role' instead.
2026-05-30 03:10:14.357 9 INFO neutron.db.segments_db [None req-87c5c2f6-b296-4a65-a155-3daa18a0583e c2fa73a8a4464c1f9ef5bf31de8927e3 9ff40e63273a4b63ace7f1f80e45ed3a - - default default] Added segment e56b0d73-2f35-4db9-b286-1b26b5c2f2d5 of type geneve for network 693bb0a0-c437-45b2-a671-15874f18e13f
2026-05-30 03:10:14.538 9 INFO neutron.api.wsgi [None req-29535f7b-c7b3-40b5-8e49-c5df5a349f56 5b269b93c6fd4a6f8021a4e0ea1fed9b 67ae0794042149f4a396eb9cd2d12b7e - - default default] 10.0.0.50 "DELETE /v2.0/routers/dcb3b721-bce6-4b84-87a6-c7a569d6f79e HTTP/1.1" status: 204 len: 168 time: 0.7259340
2026-05-30 03:10:14.539 9 INFO neutron.db.ovn_revision_numbers_db [None req-87c5c2f6-b296-4a65-a155-3daa18a0583e c2fa73a8a4464c1f9ef5bf31de8927e3 9ff40e63273a4b63ace7f1f80e45ed3a - - default default] Successfully bumped revision number for resource 693bb0a0-c437-45b2-a671-15874f18e13f (type: networks) to 1
2026-05-30 03:10:14.711 9 WARNING neutron.scheduler.dhcp_agent_scheduler [None req-87c5c2f6-b296-4a65-a155-3daa18a0583e c2fa73a8a4464c1f9ef5bf31de8927e3 9ff40e63273a4b63ace7f1f80e45ed3a - - default default] No more DHCP agents
2026-05-30 03:10:14.713 9 WARNING neutron.api.rpc.agentnotifiers.dhcp_rpc_agent_api [None req-87c5c2f6-b296-4a65-a155-3daa18a0583e c2fa73a8a4464c1f9ef5bf31de8927e3 9ff40e63273a4b63ace7f1f80e45ed3a - - default default] Unable to schedule network 693bb0a0-c437-45b2-a671-15874f18e13f: no agents available; will retry on subsequent port and subnet creation events.
2026-05-30 03:10:14.718 10 INFO neutron.api.wsgi [None req-66e473d7-59d9-4f68-b64e-62b96c89f936 5b269b93c6fd4a6f8021a4e0ea1fed9b 67ae0794042149f4a396eb9cd2d12b7e - - default default] 10.0.0.50 "DELETE /v2.0/subnets/d72cdb9b-977d-4ad8-a113-7626a279b859 HTTP/1.1" status: 204 len: 168 time: 0.1702802
2026-05-30 03:10:14.773 9 INFO neutron.db.ovn_revision_numbers_db [None req-87c5c2f6-b296-4a65-a155-3daa18a0583e c2fa73a8a4464c1f9ef5bf31de8927e3 9ff40e63273a4b63ace7f1f80e45ed3a - - default default] Successfully bumped revision number for resource 2706121c-c488-4bfb-aca0-7cd4a8d656cb (type: ports) to 1
2026-05-30 03:10:14.794 9 INFO neutron.api.wsgi [None req-87c5c2f6-b296-4a65-a155-3daa18a0583e c2fa73a8a4464c1f9ef5bf31de8927e3 9ff40e63273a4b63ace7f1f80e45ed3a - - default default] 10.0.0.50 "POST /v2.0/networks HTTP/1.1" status: 201 len: 831 time: 0.5502803
2026-05-30 03:10:14.808 10 WARNING neutron_lib.context [None req-7edb90af-9490-43d8-b5fc-6e242e488455 c2fa73a8a4464c1f9ef5bf31de8927e3 9ff40e63273a4b63ace7f1f80e45ed3a - - default default] Method 'is_advsvc' is deprecated since 2023.2 release (neutron-lib 3.8.0) and will be removed once support for the old RBAC API policies will be removed from Neutron. Please use method 'is_service_role' instead.
2026-05-30 03:10:15.016 10 WARNING neutron.scheduler.dhcp_agent_scheduler [None req-7edb90af-9490-43d8-b5fc-6e242e488455 c2fa73a8a4464c1f9ef5bf31de8927e3 9ff40e63273a4b63ace7f1f80e45ed3a - - default default] No more DHCP agents
2026-05-30 03:10:15.019 10 WARNING neutron.api.rpc.agentnotifiers.dhcp_rpc_agent_api [None req-7edb90af-9490-43d8-b5fc-6e242e488455 c2fa73a8a4464c1f9ef5bf31de8927e3 9ff40e63273a4b63ace7f1f80e45ed3a - - default default] Unable to schedule network 693bb0a0-c437-45b2-a671-15874f18e13f: no agents available; will retry on subsequent port and subnet creation events.
2026-05-30 03:10:15.074 10 INFO neutron.services.segments.plugin [-] Segment 559747e6-08b2-4b73-88f4-88015df777e4 resource provider aggregate not found
2026-05-30 03:10:15.077 10 INFO neutron.services.segments.plugin [-] Segment 559747e6-08b2-4b73-88f4-88015df777e4 resource provider aggregate not found
2026-05-30 03:10:15.093 10 INFO neutron.services.segments.plugin [-] Segment 559747e6-08b2-4b73-88f4-88015df777e4 resource provider not found; error: Placement Client Error (4xx): {"errors": [{"status": 404, "title": "Not Found", "detail": "The resource could not be found.\n\n No resource provider with uuid 559747e6-08b2-4b73-88f4-88015df777e4 found for delete ", "request_id": "req-5e3f24fc-cf58-44da-9f25-1b1bc777eb72"}]}
2026-05-30 03:10:15.093 10 INFO neutron.services.segments.plugin [-] Segment 559747e6-08b2-4b73-88f4-88015df777e4 resource provider not found; error: Placement Client Error (4xx): {"errors": [{"status": 404, "title": "Not Found", "detail": "The resource could not be found.\n\n No resource provider with uuid 559747e6-08b2-4b73-88f4-88015df777e4 found for delete ", "request_id": "req-4cdee24b-8df1-4999-9294-d40f16216142"}]}
2026-05-30 03:10:15.110 10 INFO neutron.api.wsgi [None req-e5246c71-841d-4e50-8cb3-beb28ebf6dd5 5b269b93c6fd4a6f8021a4e0ea1fed9b 67ae0794042149f4a396eb9cd2d12b7e - - default default] 10.0.0.50 "DELETE /v2.0/networks/ff7da682-7b7f-4363-b36b-b075dc0ef3de HTTP/1.1" status: 204 len: 168 time: 0.3859551
2026-05-30 03:10:15.215 9 INFO neutron.api.wsgi [-] 10.0.0.122 "GET / HTTP/1.1" status: 200 len: 247 time: 0.0027206
2026-05-30 03:10:15.215 10 INFO neutron.api.wsgi [-] 10.0.0.122 "GET / HTTP/1.1" status: 200 len: 247 time: 0.0033770
2026-05-30 03:10:15.251 10 INFO neutron.api.wsgi [None req-d7355415-7c6f-47fe-8224-15cffed90309 5b269b93c6fd4a6f8021a4e0ea1fed9b 67ae0794042149f4a396eb9cd2d12b7e - - default default] 10.0.0.50 "GET /v2.0/security-groups?tenant_id=e1534295b8604f45bf38dd3f200fe791&name=default HTTP/1.1" status: 200 len: 3120 time: 0.0339549
2026-05-30 03:10:15.476 9 INFO neutron.api.wsgi [None req-797db4fe-e8ef-4a78-9cb6-37a1be7254ff 5b269b93c6fd4a6f8021a4e0ea1fed9b 67ae0794042149f4a396eb9cd2d12b7e - - default default] 10.0.0.50 "DELETE /v2.0/security-groups/27d788b7-e3b4-4809-836d-7d58ed008fc3 HTTP/1.1" status: 204 len: 168 time: 0.2199700
2026-05-30 03:10:15.503 10 INFO neutron.db.ovn_revision_numbers_db [None req-d69331bf-c3a8-4b95-8035-323cfffd4f1b - - - - - -] Successfully bumped revision number for resource 2706121c-c488-4bfb-aca0-7cd4a8d656cb (type: ports) to 2
2026-05-30 03:10:15.540 10 INFO neutron.db.ovn_revision_numbers_db [None req-d69331bf-c3a8-4b95-8035-323cfffd4f1b - - - - - -] Successfully bumped revision number for resource 15986873-3bfd-4e5e-8ed2-fb78c3bcbf03 (type: subnets) to 0
2026-05-30 03:10:15.561 10 INFO neutron.api.wsgi [None req-7edb90af-9490-43d8-b5fc-6e242e488455 c2fa73a8a4464c1f9ef5bf31de8927e3 9ff40e63273a4b63ace7f1f80e45ed3a - - default default] 10.0.0.50 "POST /v2.0/subnets HTTP/1.1" status: 201 len: 828 time: 0.7610579
2026-05-30 03:10:15.571 10 WARNING neutron_lib.context [None req-b9a555f2-147c-42e9-a73c-aa8f7c002732 c2fa73a8a4464c1f9ef5bf31de8927e3 9ff40e63273a4b63ace7f1f80e45ed3a - - default default] Method 'is_advsvc' is deprecated since 2023.2 release (neutron-lib 3.8.0) and will be removed once support for the old RBAC API policies will be removed from Neutron. Please use method 'is_service_role' instead.
2026-05-30 03:10:15.656 10 INFO neutron.db.segments_db [None req-b9a555f2-147c-42e9-a73c-aa8f7c002732 c2fa73a8a4464c1f9ef5bf31de8927e3 9ff40e63273a4b63ace7f1f80e45ed3a - - default default] Added segment 48e383d9-3ef3-4255-ae0c-dcc6753c0863 of type geneve for network 8b6e0e8a-7280-414e-893e-39486ab3925a
2026-05-30 03:10:15.791 10 INFO neutron.db.ovn_revision_numbers_db [None req-b9a555f2-147c-42e9-a73c-aa8f7c002732 c2fa73a8a4464c1f9ef5bf31de8927e3 9ff40e63273a4b63ace7f1f80e45ed3a - - default default] Successfully bumped revision number for resource 8b6e0e8a-7280-414e-893e-39486ab3925a (type: networks) to 1
2026-05-30 03:10:15.968 10 WARNING neutron.scheduler.dhcp_agent_scheduler [None req-b9a555f2-147c-42e9-a73c-aa8f7c002732 c2fa73a8a4464c1f9ef5bf31de8927e3 9ff40e63273a4b63ace7f1f80e45ed3a - - default default] No more DHCP agents
