2026-05-30 03:03:39.274 10 INFO neutron.api.v2.resource [None req-01ecf09f-eaf7-4b46-a089-8fbd6294b160 5b269b93c6fd4a6f8021a4e0ea1fed9b 67ae0794042149f4a396eb9cd2d12b7e - - default default] show failed (client error): The resource could not be found.
2026-05-30 03:03:39.275 10 INFO neutron.api.wsgi [None req-01ecf09f-eaf7-4b46-a089-8fbd6294b160 5b269b93c6fd4a6f8021a4e0ea1fed9b 67ae0794042149f4a396eb9cd2d12b7e - - default default] 199.204.45.72,10.0.0.122 "GET /v2.0/security-groups/manila-service-security-group?project_id=d696a7b8475b47d98a1dd2dcf2879aab HTTP/1.1" status: 404 len: 321 time: 0.0413759
2026-05-30 03:03:39.312 10 INFO neutron.api.wsgi [None req-c03c1080-57b5-4b72-88ee-8552d40e0b82 5b269b93c6fd4a6f8021a4e0ea1fed9b 67ae0794042149f4a396eb9cd2d12b7e - - default default] 199.204.45.72,10.0.0.122 "GET /v2.0/security-groups?name=manila-service-security-group&project_id=d696a7b8475b47d98a1dd2dcf2879aab HTTP/1.1" status: 200 len: 4248 time: 0.0341012
2026-05-30 03:03:40.454 10 INFO neutron.api.wsgi [None req-1ec2808e-faab-4d1a-ac1e-3e53502bf6a1 5b269b93c6fd4a6f8021a4e0ea1fed9b 67ae0794042149f4a396eb9cd2d12b7e - - default default] 199.204.45.72,10.0.0.122 "GET /v2.0/security-groups/77a56874-88b5-413f-9415-68c607c0c261?project_id=d696a7b8475b47d98a1dd2dcf2879aab HTTP/1.1" status: 200 len: 4251 time: 0.0717669
2026-05-30 03:03:40.496 10 INFO neutron.api.wsgi [None req-de1a8321-cd8c-4a0e-891f-26dc2498f2a5 5b269b93c6fd4a6f8021a4e0ea1fed9b 67ae0794042149f4a396eb9cd2d12b7e - - default default] 199.204.45.72,10.0.0.122 "GET /v2.0/security-groups/77a56874-88b5-413f-9415-68c607c0c261 HTTP/1.1" status: 200 len: 4251 time: 0.0331895
2026-05-30 03:03:40.517 10 INFO neutron.api.wsgi [None req-7694dce2-9a82-4d82-9429-024c1d65e66f 5b269b93c6fd4a6f8021a4e0ea1fed9b 67ae0794042149f4a396eb9cd2d12b7e - - default default] 199.204.45.72,10.0.0.122 "GET /v2.0/security-group-rules/a0ea0656-f551-4d36-a286-6ddc02054373 HTTP/1.1" status: 200 len: 772 time: 0.0133226
2026-05-30 03:03:41.575 10 INFO neutron.api.wsgi [None req-5e84129b-653e-42f0-bc49-baca956ac54e 5b269b93c6fd4a6f8021a4e0ea1fed9b 67ae0794042149f4a396eb9cd2d12b7e - - default default] 199.204.45.72,10.0.0.122 "GET /v2.0/security-groups/77a56874-88b5-413f-9415-68c607c0c261?project_id=d696a7b8475b47d98a1dd2dcf2879aab HTTP/1.1" status: 200 len: 4251 time: 0.0590229
2026-05-30 03:03:41.610 10 INFO neutron.api.wsgi [None req-472d371b-6eeb-4ecf-960c-fb2982dac9c0 5b269b93c6fd4a6f8021a4e0ea1fed9b 67ae0794042149f4a396eb9cd2d12b7e - - default default] 199.204.45.72,10.0.0.122 "GET /v2.0/security-groups/77a56874-88b5-413f-9415-68c607c0c261 HTTP/1.1" status: 200 len: 4251 time: 0.0269980
2026-05-30 03:03:41.636 10 INFO neutron.api.wsgi [None req-383623e7-3f9f-43cc-ba76-1d1139edab0d 5b269b93c6fd4a6f8021a4e0ea1fed9b 67ae0794042149f4a396eb9cd2d12b7e - - default default] 199.204.45.72,10.0.0.122 "GET /v2.0/security-group-rules/d677aa4c-2f0a-4047-b399-4d28e9acfb5a HTTP/1.1" status: 200 len: 774 time: 0.0180466
2026-05-30 03:03:42.707 10 INFO neutron.api.wsgi [None req-9ae56f45-0bcf-4787-adb1-3d8d6ea8585f 5b269b93c6fd4a6f8021a4e0ea1fed9b 67ae0794042149f4a396eb9cd2d12b7e - - default default] 199.204.45.72,10.0.0.122 "GET /v2.0/security-groups/77a56874-88b5-413f-9415-68c607c0c261?project_id=d696a7b8475b47d98a1dd2dcf2879aab HTTP/1.1" status: 200 len: 4251 time: 0.0682900
2026-05-30 03:03:42.751 10 INFO neutron.api.wsgi [None req-3ab3fba3-3ade-4b76-886b-7ceae9a09ca5 5b269b93c6fd4a6f8021a4e0ea1fed9b 67ae0794042149f4a396eb9cd2d12b7e - - default default] 199.204.45.72,10.0.0.122 "GET /v2.0/security-groups/77a56874-88b5-413f-9415-68c607c0c261 HTTP/1.1" status: 200 len: 4251 time: 0.0361772
2026-05-30 03:03:42.776 10 INFO neutron.api.wsgi [None req-333f6636-a7b9-43e8-9258-51420f6e3414 5b269b93c6fd4a6f8021a4e0ea1fed9b 67ae0794042149f4a396eb9cd2d12b7e - - default default] 199.204.45.72,10.0.0.122 "GET /v2.0/security-group-rules/ff3d5ff1-d1de-4888-a5fa-49d1e1bf5878 HTTP/1.1" status: 200 len: 776 time: 0.0152767
2026-05-30 03:03:43.880 10 INFO neutron.api.wsgi [None req-c134d1ad-50e5-4e8e-983c-b8aeba6c76a2 5b269b93c6fd4a6f8021a4e0ea1fed9b 67ae0794042149f4a396eb9cd2d12b7e - - default default] 199.204.45.72,10.0.0.122 "GET /v2.0/security-groups/77a56874-88b5-413f-9415-68c607c0c261?project_id=d696a7b8475b47d98a1dd2dcf2879aab HTTP/1.1" status: 200 len: 4251 time: 0.0710340
2026-05-30 03:03:43.917 10 INFO neutron.api.wsgi [None req-9dd0b23c-8084-4013-a69e-44010bff812e 5b269b93c6fd4a6f8021a4e0ea1fed9b 67ae0794042149f4a396eb9cd2d12b7e - - default default] 199.204.45.72,10.0.0.122 "GET /v2.0/security-groups/77a56874-88b5-413f-9415-68c607c0c261 HTTP/1.1" status: 200 len: 4251 time: 0.0292785
2026-05-30 03:03:43.942 10 INFO neutron.api.wsgi [None req-7b1cf664-6b5f-4db2-8da6-3ed370165d57 5b269b93c6fd4a6f8021a4e0ea1fed9b 67ae0794042149f4a396eb9cd2d12b7e - - default default] 199.204.45.72,10.0.0.122 "GET /v2.0/security-group-rules/4670887a-876e-440c-ba95-75a25582903a HTTP/1.1" status: 200 len: 777 time: 0.0174983
2026-05-30 03:03:45.215 9 INFO neutron.api.wsgi [-] 10.0.0.122 "GET / HTTP/1.1" status: 200 len: 247 time: 0.0027385
2026-05-30 03:03:45.218 9 INFO neutron.api.wsgi [-] 10.0.0.122 "GET / HTTP/1.1" status: 200 len: 247 time: 0.0020039
2026-05-30 03:03:52.117 10 INFO neutron.api.wsgi [None req-3c437415-7c5b-416a-bc18-30007f581580 5b269b93c6fd4a6f8021a4e0ea1fed9b 67ae0794042149f4a396eb9cd2d12b7e - - default default] 199.204.45.72,10.0.0.122 "GET /v2.0/quotas/d696a7b8475b47d98a1dd2dcf2879aab HTTP/1.1" status: 200 len: 466 time: 0.0124898
2026-05-30 03:04:00.214 10 INFO neutron.api.wsgi [-] 10.0.0.122 "GET / HTTP/1.1" status: 200 len: 247 time: 0.0020595
2026-05-30 03:04:00.215 9 INFO neutron.api.wsgi [-] 10.0.0.122 "GET / HTTP/1.1" status: 200 len: 247 time: 0.0029609
2026-05-30 03:04:11.618 9 INFO neutron.api.wsgi [None req-d946d55b-d659-4817-adcf-0ea9ba7bb66f 5b269b93c6fd4a6f8021a4e0ea1fed9b 67ae0794042149f4a396eb9cd2d12b7e - - default default] 10.0.0.7 "GET /v2.0/ports HTTP/1.1" status: 200 len: 5343 time: 0.0944812
2026-05-30 03:04:11.637 9 INFO neutron.api.wsgi [None req-c00bf0d5-ea26-478f-a7a0-1945a56abd8d 5b269b93c6fd4a6f8021a4e0ea1fed9b 67ae0794042149f4a396eb9cd2d12b7e - - default default] 10.0.0.7 "GET /v2.0/network-ip-availabilities HTTP/1.1" status: 200 len: 1280 time: 0.0135901
2026-05-30 03:04:11.674 9 INFO neutron.api.wsgi [None req-f2f45d2c-88d3-41f6-80a7-bf922e494984 5b269b93c6fd4a6f8021a4e0ea1fed9b 67ae0794042149f4a396eb9cd2d12b7e - - default default] 10.0.0.7 "GET /v2.0/subnets HTTP/1.1" status: 200 len: 1484 time: 0.0352402
2026-05-30 03:04:11.693 9 INFO neutron.api.wsgi [None req-60c7f217-4601-486f-8618-a95b181a5ef7 5b269b93c6fd4a6f8021a4e0ea1fed9b 67ae0794042149f4a396eb9cd2d12b7e - - default default] 10.0.0.7 "GET /v2.0/floatingips HTTP/1.1" status: 200 len: 193 time: 0.0173025
2026-05-30 03:04:11.735 9 INFO neutron.api.wsgi [None req-6132e983-b585-43cd-b4e8-ac244e0c1f4e 5b269b93c6fd4a6f8021a4e0ea1fed9b 67ae0794042149f4a396eb9cd2d12b7e - - default default] 10.0.0.7 "GET /v2.0/security-groups HTTP/1.1" status: 200 len: 17570 time: 0.0411677
2026-05-30 03:04:11.803 9 INFO neutron.api.wsgi [None req-dcde9b56-96bf-4b1a-9211-f63a0670ba0f 5b269b93c6fd4a6f8021a4e0ea1fed9b 67ae0794042149f4a396eb9cd2d12b7e - - default default] 10.0.0.7 "GET /v2.0/networks HTTP/1.1" status: 200 len: 2349 time: 0.0604458
2026-05-30 03:04:11.820 9 INFO neutron.api.wsgi [None req-e1fe2f4b-e56b-44e3-8bbc-eeadf3ceab0d 5b269b93c6fd4a6f8021a4e0ea1fed9b 67ae0794042149f4a396eb9cd2d12b7e - - default default] 10.0.0.7 "GET /v2.0/routers HTTP/1.1" status: 200 len: 189 time: 0.0151045
2026-05-30 03:04:11.863 9 INFO neutron.api.wsgi [None req-fb1e7bfb-6761-4eb9-8c28-dd3e10732f68 5b269b93c6fd4a6f8021a4e0ea1fed9b 67ae0794042149f4a396eb9cd2d12b7e - - default default] 10.0.0.7 "GET /v2.0/agents?binary=ovn-controller HTTP/1.1" status: 200 len: 591 time: 0.0418754
2026-05-30 03:04:11.877 9 INFO neutron.api.wsgi [None req-039c3ebe-bda1-4007-9bb8-0f5ba8cfd0fe 5b269b93c6fd4a6f8021a4e0ea1fed9b 67ae0794042149f4a396eb9cd2d12b7e - - default default] 10.0.0.7 "GET /v2.0/agents HTTP/1.1" status: 200 len: 1390 time: 0.0131574
2026-05-30 03:04:11.909 9 INFO neutron.api.wsgi [None req-aee125e4-c219-474f-b027-20127c35db11 5b269b93c6fd4a6f8021a4e0ea1fed9b 67ae0794042149f4a396eb9cd2d12b7e - - default default] 10.0.0.7 "GET /v2.0/subnets HTTP/1.1" status: 200 len: 1484 time: 0.0308759
2026-05-30 03:04:11.919 9 INFO neutron.api.wsgi [None req-bfc5e270-27a1-414e-bf4c-6c6fd91301af 5b269b93c6fd4a6f8021a4e0ea1fed9b 67ae0794042149f4a396eb9cd2d12b7e - - default default] 10.0.0.7 "GET /v2.0/subnetpools HTTP/1.1" status: 200 len: 193 time: 0.0081935
2026-05-30 03:04:15.217 10 INFO neutron.api.wsgi [-] 10.0.0.122 "GET / HTTP/1.1" status: 200 len: 247 time: 0.0054250
2026-05-30 03:04:15.222 10 INFO neutron.api.wsgi [-] 10.0.0.122 "GET / HTTP/1.1" status: 200 len: 247 time: 0.0027306
2026-05-30 03:04:30.213 10 INFO neutron.api.wsgi [-] 10.0.0.122 "GET / HTTP/1.1" status: 200 len: 247 time: 0.0014553
2026-05-30 03:04:30.216 10 INFO neutron.api.wsgi [-] 10.0.0.122 "GET / HTTP/1.1" status: 200 len: 247 time: 0.0017798
2026-05-30 03:04:39.243 15 INFO neutron.plugins.ml2.drivers.ovn.mech_driver.ovsdb.maintenance [None req-efe0b4c0-d7bf-42c6-b142-f35f53db20c6 - - - - - -] OVN maintenance task check_for_inconsistencies finished in 0.027 seconds
2026-05-30 03:04:45.215 9 INFO neutron.api.wsgi [-] 10.0.0.122 "GET / HTTP/1.1" status: 200 len: 247 time: 0.0028303
2026-05-30 03:04:45.216 10 INFO neutron.api.wsgi [-] 10.0.0.122 "GET / HTTP/1.1" status: 200 len: 247 time: 0.0035424
2026-05-30 03:04:49.696 10 INFO neutron.api.wsgi [None req-717539c1-f35f-44e7-b2ed-9f3c0d9d4f19 5b269b93c6fd4a6f8021a4e0ea1fed9b 67ae0794042149f4a396eb9cd2d12b7e - - default default] 199.204.45.72,10.0.0.122 "GET /v2.0/networks?name=public HTTP/1.1" status: 200 len: 928 time: 0.0845947
2026-05-30 03:05:00.215 10 INFO neutron.api.wsgi [-] 10.0.0.122 "GET / HTTP/1.1" status: 200 len: 247 time: 0.0018146
2026-05-30 03:05:00.217 10 INFO neutron.api.wsgi [-] 10.0.0.122 "GET / HTTP/1.1" status: 200 len: 247 time: 0.0014613
2026-05-30 03:05:11.719 9 INFO neutron.api.wsgi [None req-23d1a0e8-0b9f-4ffe-b6b9-bd409d75661a 5b269b93c6fd4a6f8021a4e0ea1fed9b 67ae0794042149f4a396eb9cd2d12b7e - - default default] 10.0.0.7 "GET /v2.0/subnets HTTP/1.1" status: 200 len: 1484 time: 0.1517458
2026-05-30 03:05:11.729 9 INFO neutron.api.wsgi [None req-e9d9dbf8-d0c6-40e6-b022-dae6f02361ef 5b269b93c6fd4a6f8021a4e0ea1fed9b 67ae0794042149f4a396eb9cd2d12b7e - - default default] 10.0.0.7 "GET /v2.0/subnetpools HTTP/1.1" status: 200 len: 193 time: 0.0084007
2026-05-30 03:05:11.790 9 INFO neutron.api.wsgi [None req-074451b9-82f8-4ffe-b88f-c99499b7ac5b 5b269b93c6fd4a6f8021a4e0ea1fed9b 67ae0794042149f4a396eb9cd2d12b7e - - default default] 10.0.0.7 "GET /v2.0/ports HTTP/1.1" status: 200 len: 5343 time: 0.0598459
2026-05-30 03:05:11.810 9 INFO neutron.api.wsgi [None req-2b38e860-2c1f-4a89-a4b2-b6d04b42b3c5 5b269b93c6fd4a6f8021a4e0ea1fed9b 67ae0794042149f4a396eb9cd2d12b7e - - default default] 10.0.0.7 "GET /v2.0/routers HTTP/1.1" status: 200 len: 189 time: 0.0163219
2026-05-30 03:05:11.851 9 INFO neutron.api.wsgi [None req-d940a436-906a-4d49-8907-537b9c586e54 5b269b93c6fd4a6f8021a4e0ea1fed9b 67ae0794042149f4a396eb9cd2d12b7e - - default default] 10.0.0.7 "GET /v2.0/agents?binary=ovn-controller HTTP/1.1" status: 200 len: 591 time: 0.0406275
2026-05-30 03:05:11.863 9 INFO neutron.api.wsgi [None req-bbea918b-9238-4919-a17c-4c196b88f47d 5b269b93c6fd4a6f8021a4e0ea1fed9b 67ae0794042149f4a396eb9cd2d12b7e - - default default] 10.0.0.7 "GET /v2.0/agents HTTP/1.1" status: 200 len: 1390 time: 0.0087113
2026-05-30 03:05:11.876 9 INFO neutron.api.wsgi [None req-1232775e-2978-4af7-baef-33ce215a0ac9 5b269b93c6fd4a6f8021a4e0ea1fed9b 67ae0794042149f4a396eb9cd2d12b7e - - default default] 10.0.0.7 "GET /v2.0/network-ip-availabilities HTTP/1.1" status: 200 len: 1280 time: 0.0114348
2026-05-30 03:05:11.890 9 INFO neutron.api.wsgi [None req-74ce14aa-54d1-4ef5-af77-67199add99c3 5b269b93c6fd4a6f8021a4e0ea1fed9b 67ae0794042149f4a396eb9cd2d12b7e - - default default] 10.0.0.7 "GET /v2.0/floatingips HTTP/1.1" status: 200 len: 193 time: 0.0132332
2026-05-30 03:05:11.931 9 INFO neutron.api.wsgi [None req-5fb254a5-bc48-41db-ae32-1cdc437f4f02 5b269b93c6fd4a6f8021a4e0ea1fed9b 67ae0794042149f4a396eb9cd2d12b7e - - default default] 10.0.0.7 "GET /v2.0/security-groups HTTP/1.1" status: 200 len: 17570 time: 0.0401793
2026-05-30 03:05:11.968 9 INFO neutron.api.wsgi [None req-681f4577-cdec-4fdc-8e22-0241c3596617 5b269b93c6fd4a6f8021a4e0ea1fed9b 67ae0794042149f4a396eb9cd2d12b7e - - default default] 10.0.0.7 "GET /v2.0/subnets HTTP/1.1" status: 200 len: 1484 time: 0.0285976
2026-05-30 03:05:12.019 9 INFO neutron.api.wsgi [None req-bca972f3-3f3b-4972-bac0-355b7aa21792 5b269b93c6fd4a6f8021a4e0ea1fed9b 67ae0794042149f4a396eb9cd2d12b7e - - default default] 10.0.0.7 "GET /v2.0/networks HTTP/1.1" status: 200 len: 2349 time: 0.0475898
2026-05-30 03:05:15.214 10 INFO neutron.api.wsgi [-] 10.0.0.122 "GET / HTTP/1.1" status: 200 len: 247 time: 0.0018430
2026-05-30 03:05:15.215 9 INFO neutron.api.wsgi [-] 10.0.0.122 "GET / HTTP/1.1" status: 200 len: 247 time: 0.0027001
2026-05-30 03:05:30.214 10 INFO neutron.api.wsgi [-] 10.0.0.122 "GET / HTTP/1.1" status: 200 len: 247 time: 0.0021477
2026-05-30 03:05:30.215 9 INFO neutron.api.wsgi [-] 10.0.0.122 "GET / HTTP/1.1" status: 200 len: 247 time: 0.0025969 /var/lib/openstack/lib/python3.12/site-packages/pycadf/identifier.py:71: UserWarning: Invalid uuid: neutron. To ensure interoperability, identifiers should be a valid uuid. warnings.warn(('Invalid uuid: %s. To ensure interoperability, '
2026-05-30 03:05:31.464 10 INFO neutron.api.wsgi [None req-51510a53-314d-4c0d-892b-2c403f73ae7d 5b269b93c6fd4a6f8021a4e0ea1fed9b 67ae0794042149f4a396eb9cd2d12b7e - - default default] 10.0.0.50 "GET /v2.0/networks HTTP/1.1" status: 200 len: 2368 time: 0.1899927
2026-05-30 03:05:32.657 10 INFO neutron.api.wsgi [None req-ab1c2170-7bd8-4458-8811-bcf2b78d2b06 5b269b93c6fd4a6f8021a4e0ea1fed9b 67ae0794042149f4a396eb9cd2d12b7e - - default default] 10.0.0.50 "GET /v2.0/floatingips HTTP/1.1" status: 200 len: 212 time: 0.0542080
2026-05-30 03:05:32.698 10 INFO neutron.api.wsgi [None req-1e3cf25b-36ae-4a59-b230-45b414e293a4 5b269b93c6fd4a6f8021a4e0ea1fed9b 67ae0794042149f4a396eb9cd2d12b7e - - default default] 10.0.0.50 "GET /v2.0/routers HTTP/1.1" status: 200 len: 208 time: 0.0347533
2026-05-30 03:05:32.747 10 INFO neutron.api.wsgi [None req-1fa7230e-c806-4626-a831-79509a205ce8 5b269b93c6fd4a6f8021a4e0ea1fed9b 67ae0794042149f4a396eb9cd2d12b7e - - default default] 10.0.0.50 "GET /v2.0/ports HTTP/1.1" status: 200 len: 5362 time: 0.0426879
2026-05-30 03:05:32.789 10 INFO neutron.api.wsgi [None req-ca16b4b8-ddc4-4dba-8939-dd12cb060a8b 5b269b93c6fd4a6f8021a4e0ea1fed9b 67ae0794042149f4a396eb9cd2d12b7e - - default default] 10.0.0.50 "GET /v2.0/subnets HTTP/1.1" status: 200 len: 1503 time: 0.0371981
2026-05-30 03:05:32.856 9 INFO neutron.api.wsgi [None req-a2018084-7ca3-48e4-a3cb-80fe3eb08647 5b269b93c6fd4a6f8021a4e0ea1fed9b 67ae0794042149f4a396eb9cd2d12b7e - - default default] 10.0.0.50 "GET /v2.0/networks HTTP/1.1" status: 200 len: 2368 time: 0.0609992
2026-05-30 03:05:32.901 9 INFO neutron.api.wsgi [None req-80783c2f-f9ba-4aca-bdf0-de7ba77c254b 5b269b93c6fd4a6f8021a4e0ea1fed9b 67ae0794042149f4a396eb9cd2d12b7e - - default default] 10.0.0.50 "GET /v2.0/security-groups HTTP/1.1" status: 200 len: 17589 time: 0.0386546
2026-05-30 03:05:32.916 9 INFO neutron.api.wsgi [None req-6adc7c80-63af-42de-84df-5d0b19f49f0f 5b269b93c6fd4a6f8021a4e0ea1fed9b 67ae0794042149f4a396eb9cd2d12b7e - - default default] 10.0.0.50 "GET /v2.0/subnetpools HTTP/1.1" status: 200 len: 212 time: 0.0089929
2026-05-30 03:05:45.209 10 INFO neutron.db.ovn_revision_numbers_db [None req-896cec7d-8817-4c9a-b5fb-222a308b6bf6 5b269b93c6fd4a6f8021a4e0ea1fed9b 67ae0794042149f4a396eb9cd2d12b7e - - default default] Successfully bumped revision number for resource deac0345-9fc0-4201-8306-e808628cc1c2 (type: security_groups) to 1
2026-05-30 03:05:45.215 10 INFO neutron.api.wsgi [-] 10.0.0.122 "GET / HTTP/1.1" status: 200 len: 247 time: 0.0021286
2026-05-30 03:05:45.217 10 INFO neutron.api.wsgi [-] 10.0.0.122 "GET / HTTP/1.1" status: 200 len: 247 time: 0.0014391
2026-05-30 03:05:45.221 10 INFO neutron.db.ovn_revision_numbers_db [None req-a6f3ad56-cd61-47b2-9970-a95c23347ffb 5b269b93c6fd4a6f8021a4e0ea1fed9b 67ae0794042149f4a396eb9cd2d12b7e - - default default] Successfully bumped revision number for resource 245c21d0-f6be-4324-969b-49a684b717a5 (type: security_groups) to 1
2026-05-30 03:05:45.241 10 INFO neutron.db.ovn_revision_numbers_db [None req-896cec7d-8817-4c9a-b5fb-222a308b6bf6 5b269b93c6fd4a6f8021a4e0ea1fed9b 67ae0794042149f4a396eb9cd2d12b7e - - default default] Successfully bumped revision number for resource 410096c6-ef5a-42a3-aefb-5809e768776a (type: security_group_rules) to 0
2026-05-30 03:05:45.253 10 INFO neutron.db.ovn_revision_numbers_db [None req-a6f3ad56-cd61-47b2-9970-a95c23347ffb 5b269b93c6fd4a6f8021a4e0ea1fed9b 67ae0794042149f4a396eb9cd2d12b7e - - default default] Successfully bumped revision number for resource 03298739-7b36-4835-88eb-7972c9cf8008 (type: security_group_rules) to 0
2026-05-30 03:05:45.265 10 INFO neutron.db.ovn_revision_numbers_db [None req-896cec7d-8817-4c9a-b5fb-222a308b6bf6 5b269b93c6fd4a6f8021a4e0ea1fed9b 67ae0794042149f4a396eb9cd2d12b7e - - default default] Successfully bumped revision number for resource 4a3a0621-981a-4dfd-9dec-c65b1025c289 (type: security_group_rules) to 0
2026-05-30 03:05:45.267 10 INFO neutron.db.ovn_revision_numbers_db [None req-fa521fbc-c1ec-4d61-9a12-97fd7c5b16bf 5b269b93c6fd4a6f8021a4e0ea1fed9b 67ae0794042149f4a396eb9cd2d12b7e - - default default] Successfully bumped revision number for resource 68205b83-b014-4540-8ec6-bb61a389cb99 (type: security_groups) to 1
2026-05-30 03:05:45.271 10 INFO neutron.db.ovn_revision_numbers_db [None req-a6f3ad56-cd61-47b2-9970-a95c23347ffb 5b269b93c6fd4a6f8021a4e0ea1fed9b 67ae0794042149f4a396eb9cd2d12b7e - - default default] Successfully bumped revision number for resource 081b03ce-d159-444e-8877-52d0e05d2f5b (type: security_group_rules) to 0
2026-05-30 03:05:45.285 10 INFO neutron.db.ovn_revision_numbers_db [None req-896cec7d-8817-4c9a-b5fb-222a308b6bf6 5b269b93c6fd4a6f8021a4e0ea1fed9b 67ae0794042149f4a396eb9cd2d12b7e - - default default] Successfully bumped revision number for resource 55d8adcc-d805-4daf-bf83-16f2dac7cab9 (type: security_group_rules) to 0
2026-05-30 03:05:45.290 10 INFO neutron.db.ovn_revision_numbers_db [None req-fa521fbc-c1ec-4d61-9a12-97fd7c5b16bf 5b269b93c6fd4a6f8021a4e0ea1fed9b 67ae0794042149f4a396eb9cd2d12b7e - - default default] Successfully bumped revision number for resource 0e182ed9-6979-442f-a88e-acb717f0848c (type: security_group_rules) to 0
2026-05-30 03:05:45.299 10 INFO neutron.db.ovn_revision_numbers_db [None req-a6f3ad56-cd61-47b2-9970-a95c23347ffb 5b269b93c6fd4a6f8021a4e0ea1fed9b 67ae0794042149f4a396eb9cd2d12b7e - - default default] Successfully bumped revision number for resource 557318bf-8173-4975-ba82-5b4d4694f0e7 (type: security_group_rules) to 0
2026-05-30 03:05:45.311 10 INFO neutron.db.ovn_revision_numbers_db [None req-896cec7d-8817-4c9a-b5fb-222a308b6bf6 5b269b93c6fd4a6f8021a4e0ea1fed9b 67ae0794042149f4a396eb9cd2d12b7e - - default default] Successfully bumped revision number for resource 8e3efa1f-7bf4-4019-b371-14855be2046e (type: security_group_rules) to 0
2026-05-30 03:05:45.314 10 INFO neutron.db.ovn_revision_numbers_db [None req-fa521fbc-c1ec-4d61-9a12-97fd7c5b16bf 5b269b93c6fd4a6f8021a4e0ea1fed9b 67ae0794042149f4a396eb9cd2d12b7e - - default default] Successfully bumped revision number for resource 9115da48-e03e-4058-bfac-3aba38d731c9 (type: security_group_rules) to 0
2026-05-30 03:05:45.319 10 INFO neutron.db.ovn_revision_numbers_db [None req-a6f3ad56-cd61-47b2-9970-a95c23347ffb 5b269b93c6fd4a6f8021a4e0ea1fed9b 67ae0794042149f4a396eb9cd2d12b7e - - default default] Successfully bumped revision number for resource 69d16946-5a28-419f-9f34-88dda126fc08 (type: security_group_rules) to 0
2026-05-30 03:05:45.337 10 INFO neutron.db.ovn_revision_numbers_db [None req-fa521fbc-c1ec-4d61-9a12-97fd7c5b16bf 5b269b93c6fd4a6f8021a4e0ea1fed9b 67ae0794042149f4a396eb9cd2d12b7e - - default default] Successfully bumped revision number for resource a3b40b56-e29a-49ad-99da-1327335378c5 (type: security_group_rules) to 0
2026-05-30 03:05:45.373 10 INFO neutron.db.ovn_revision_numbers_db [None req-fa521fbc-c1ec-4d61-9a12-97fd7c5b16bf 5b269b93c6fd4a6f8021a4e0ea1fed9b 67ae0794042149f4a396eb9cd2d12b7e - - default default] Successfully bumped revision number for resource cc66b7c3-7a15-4b6b-9028-a4749df740d0 (type: security_group_rules) to 0
2026-05-30 03:05:45.421 10 INFO neutron.db.segments_db [None req-896cec7d-8817-4c9a-b5fb-222a308b6bf6 5b269b93c6fd4a6f8021a4e0ea1fed9b 67ae0794042149f4a396eb9cd2d12b7e - - default default] Added segment 40037bba-d5b9-4c5e-9def-7bf76c2dd8ee of type geneve for network d33921a0-9c61-4f5b-824a-5b774b4db287
2026-05-30 03:05:45.428 10 INFO neutron.db.segments_db [None req-a6f3ad56-cd61-47b2-9970-a95c23347ffb 5b269b93c6fd4a6f8021a4e0ea1fed9b 67ae0794042149f4a396eb9cd2d12b7e - - default default] Added segment 36002b17-ea0a-4bde-bf6c-53b354af1fb4 of type geneve for network 4ef25966-c6f2-46b4-ab40-3c94e24cadee
2026-05-30 03:05:45.466 10 INFO neutron.db.segments_db [None req-fa521fbc-c1ec-4d61-9a12-97fd7c5b16bf 5b269b93c6fd4a6f8021a4e0ea1fed9b 67ae0794042149f4a396eb9cd2d12b7e - - default default] Added segment 49b506d8-add7-4cef-a2f0-db2c4022077a of type geneve for network 935b4185-ad83-436f-9c16-5677bf2490b6
2026-05-30 03:05:45.626 10 INFO neutron.db.ovn_revision_numbers_db [None req-896cec7d-8817-4c9a-b5fb-222a308b6bf6 5b269b93c6fd4a6f8021a4e0ea1fed9b 67ae0794042149f4a396eb9cd2d12b7e - - default default] Successfully bumped revision number for resource d33921a0-9c61-4f5b-824a-5b774b4db287 (type: networks) to 1
2026-05-30 03:05:45.636 10 INFO neutron.db.ovn_revision_numbers_db [None req-a6f3ad56-cd61-47b2-9970-a95c23347ffb 5b269b93c6fd4a6f8021a4e0ea1fed9b 67ae0794042149f4a396eb9cd2d12b7e - - default default] Successfully bumped revision number for resource 4ef25966-c6f2-46b4-ab40-3c94e24cadee (type: networks) to 1
2026-05-30 03:05:45.672 10 INFO neutron.db.ovn_revision_numbers_db [None req-fa521fbc-c1ec-4d61-9a12-97fd7c5b16bf 5b269b93c6fd4a6f8021a4e0ea1fed9b 67ae0794042149f4a396eb9cd2d12b7e - - default default] Successfully bumped revision number for resource 935b4185-ad83-436f-9c16-5677bf2490b6 (type: networks) to 1
2026-05-30 03:05:45.774 9 INFO neutron.db.ovn_revision_numbers_db [None req-ef6f5ad9-d453-4b49-8810-1dc884461562 5b269b93c6fd4a6f8021a4e0ea1fed9b 67ae0794042149f4a396eb9cd2d12b7e - - default default] Successfully bumped revision number for resource 5bfa75f8-8203-4893-a861-e4599b238f15 (type: security_groups) to 1
2026-05-30 03:05:45.793 9 INFO neutron.db.ovn_revision_numbers_db [None req-ef6f5ad9-d453-4b49-8810-1dc884461562 5b269b93c6fd4a6f8021a4e0ea1fed9b 67ae0794042149f4a396eb9cd2d12b7e - - default default] Successfully bumped revision number for resource 1aea70c1-4822-472e-9127-0d7618cb2887 (type: security_group_rules) to 0
2026-05-30 03:05:45.807 9 INFO neutron.db.ovn_revision_numbers_db [None req-ef6f5ad9-d453-4b49-8810-1dc884461562 5b269b93c6fd4a6f8021a4e0ea1fed9b 67ae0794042149f4a396eb9cd2d12b7e - - default default] Successfully bumped revision number for resource 6c0ac38e-c8b7-4387-9624-90cb01d6418e (type: security_group_rules) to 0
2026-05-30 03:05:45.823 9 INFO neutron.db.ovn_revision_numbers_db [None req-ef6f5ad9-d453-4b49-8810-1dc884461562 5b269b93c6fd4a6f8021a4e0ea1fed9b 67ae0794042149f4a396eb9cd2d12b7e - - default default] Successfully bumped revision number for resource 740affa4-b835-4f56-8bbe-f5677a5b5551 (type: security_group_rules) to 0
2026-05-30 03:05:45.833 9 INFO neutron.db.ovn_revision_numbers_db [None req-ef6f5ad9-d453-4b49-8810-1dc884461562 5b269b93c6fd4a6f8021a4e0ea1fed9b 67ae0794042149f4a396eb9cd2d12b7e - - default default] Successfully bumped revision number for resource e5decd39-4466-4388-9c43-bb457fb143a0 (type: security_group_rules) to 0
2026-05-30 03:05:45.878 9 INFO neutron.api.wsgi [None req-ef6f5ad9-d453-4b49-8810-1dc884461562 5b269b93c6fd4a6f8021a4e0ea1fed9b 67ae0794042149f4a396eb9cd2d12b7e - - default default] 10.0.0.50 "GET /v2.0/security-groups?tenant_id=8f116c016dda4b22adf20e29c9bd5677&name=default HTTP/1.1" status: 200 len: 3116 time: 0.3518746
2026-05-30 03:05:46.016 10 WARNING neutron.scheduler.dhcp_agent_scheduler [None req-896cec7d-8817-4c9a-b5fb-222a308b6bf6 5b269b93c6fd4a6f8021a4e0ea1fed9b 67ae0794042149f4a396eb9cd2d12b7e - - default default] No more DHCP agents
2026-05-30 03:05:46.019 10 WARNING neutron.api.rpc.agentnotifiers.dhcp_rpc_agent_api [None req-896cec7d-8817-4c9a-b5fb-222a308b6bf6 5b269b93c6fd4a6f8021a4e0ea1fed9b 67ae0794042149f4a396eb9cd2d12b7e - - default default] Unable to schedule network d33921a0-9c61-4f5b-824a-5b774b4db287: no agents available; will retry on subsequent port and subnet creation events.
2026-05-30 03:05:46.027 10 WARNING neutron.scheduler.dhcp_agent_scheduler [None req-fa521fbc-c1ec-4d61-9a12-97fd7c5b16bf 5b269b93c6fd4a6f8021a4e0ea1fed9b 67ae0794042149f4a396eb9cd2d12b7e - - default default] No more DHCP agents
2026-05-30 03:05:46.035 10 WARNING neutron.api.rpc.agentnotifiers.dhcp_rpc_agent_api [None req-fa521fbc-c1ec-4d61-9a12-97fd7c5b16bf 5b269b93c6fd4a6f8021a4e0ea1fed9b 67ae0794042149f4a396eb9cd2d12b7e - - default default] Unable to schedule network 935b4185-ad83-436f-9c16-5677bf2490b6: no agents available; will retry on subsequent port and subnet creation events.
2026-05-30 03:05:46.040 10 WARNING neutron.scheduler.dhcp_agent_scheduler [None req-a6f3ad56-cd61-47b2-9970-a95c23347ffb 5b269b93c6fd4a6f8021a4e0ea1fed9b 67ae0794042149f4a396eb9cd2d12b7e - - default default] No more DHCP agents
2026-05-30 03:05:46.043 10 WARNING neutron.api.rpc.agentnotifiers.dhcp_rpc_agent_api [None req-a6f3ad56-cd61-47b2-9970-a95c23347ffb 5b269b93c6fd4a6f8021a4e0ea1fed9b 67ae0794042149f4a396eb9cd2d12b7e - - default default] Unable to schedule network 4ef25966-c6f2-46b4-ab40-3c94e24cadee: no agents available; will retry on subsequent port and subnet creation events.
2026-05-30 03:05:46.119 10 INFO neutron.db.ovn_revision_numbers_db [None req-896cec7d-8817-4c9a-b5fb-222a308b6bf6 5b269b93c6fd4a6f8021a4e0ea1fed9b 67ae0794042149f4a396eb9cd2d12b7e - - default default] Successfully bumped revision number for resource 1644c07a-986d-43c3-9071-2bd565ea15ae (type: ports) to 1
2026-05-30 03:05:46.133 10 INFO neutron.db.ovn_revision_numbers_db [None req-fa521fbc-c1ec-4d61-9a12-97fd7c5b16bf 5b269b93c6fd4a6f8021a4e0ea1fed9b 67ae0794042149f4a396eb9cd2d12b7e - - default default] Successfully bumped revision number for resource 0183001a-c90e-4710-9239-ec855d496570 (type: ports) to 1
2026-05-30 03:05:46.146 10 INFO neutron.api.wsgi [None req-896cec7d-8817-4c9a-b5fb-222a308b6bf6 5b269b93c6fd4a6f8021a4e0ea1fed9b 67ae0794042149f4a396eb9cd2d12b7e - - default default] 10.0.0.50 "POST /v2.0/networks HTTP/1.1" status: 201 len: 947 time: 1.2979782
2026-05-30 03:05:46.147 10 INFO neutron.db.ovn_revision_numbers_db [None req-a6f3ad56-cd61-47b2-9970-a95c23347ffb 5b269b93c6fd4a6f8021a4e0ea1fed9b 67ae0794042149f4a396eb9cd2d12b7e - - default default] Successfully bumped revision number for resource c9ed043d-ffaf-4181-9cdb-a048f324d8e1 (type: ports) to 1
2026-05-30 03:05:46.158 10 INFO neutron.api.wsgi [None req-fa521fbc-c1ec-4d61-9a12-97fd7c5b16bf 5b269b93c6fd4a6f8021a4e0ea1fed9b 67ae0794042149f4a396eb9cd2d12b7e - - default default] 10.0.0.50 "POST /v2.0/networks HTTP/1.1" status: 201 len: 939 time: 1.2692950
2026-05-30 03:05:46.172 10 INFO neutron.api.wsgi [None req-a6f3ad56-cd61-47b2-9970-a95c23347ffb 5b269b93c6fd4a6f8021a4e0ea1fed9b 67ae0794042149f4a396eb9cd2d12b7e - - default default] 10.0.0.50 "POST /v2.0/networks HTTP/1.1" status: 201 len: 954 time: 1.2352993
2026-05-30 03:05:46.269 9 INFO neutron.api.wsgi [None req-71621d08-598b-4114-b8f5-a46b96fd268c 5b269b93c6fd4a6f8021a4e0ea1fed9b 67ae0794042149f4a396eb9cd2d12b7e - - default default] 10.0.0.50 "DELETE /v2.0/security-groups/5bfa75f8-8203-4893-a861-e4599b238f15 HTTP/1.1" status: 204 len: 168 time: 0.3818181
2026-05-30 03:05:46.304 10 WARNING neutron.scheduler.dhcp_agent_scheduler [None req-c26d13c0-162f-4392-9ee7-10c4e5fb2539 5b269b93c6fd4a6f8021a4e0ea1fed9b 67ae0794042149f4a396eb9cd2d12b7e - - default default] No more DHCP agents
2026-05-30 03:05:46.306 10 WARNING neutron.api.rpc.agentnotifiers.dhcp_rpc_agent_api [None req-c26d13c0-162f-4392-9ee7-10c4e5fb2539 5b269b93c6fd4a6f8021a4e0ea1fed9b 67ae0794042149f4a396eb9cd2d12b7e - - default default] Unable to schedule network 935b4185-ad83-436f-9c16-5677bf2490b6: no agents available; will retry on subsequent port and subnet creation events.
2026-05-30 03:05:46.357 9 WARNING neutron.scheduler.dhcp_agent_scheduler [None req-0a8289ba-339f-47ed-b060-77ae3af8ec49 5b269b93c6fd4a6f8021a4e0ea1fed9b 67ae0794042149f4a396eb9cd2d12b7e - - default default] No more DHCP agents
2026-05-30 03:05:46.360 9 WARNING neutron.api.rpc.agentnotifiers.dhcp_rpc_agent_api [None req-0a8289ba-339f-47ed-b060-77ae3af8ec49 5b269b93c6fd4a6f8021a4e0ea1fed9b 67ae0794042149f4a396eb9cd2d12b7e - - default default] Unable to schedule network d33921a0-9c61-4f5b-824a-5b774b4db287: no agents available; will retry on subsequent port and subnet creation events.
2026-05-30 03:05:46.387 9 WARNING neutron.scheduler.dhcp_agent_scheduler [None req-abc04c15-47b3-413b-910d-8d909dc9ba7b 5b269b93c6fd4a6f8021a4e0ea1fed9b 67ae0794042149f4a396eb9cd2d12b7e - - default default] No more DHCP agents
2026-05-30 03:05:46.388 9 WARNING neutron.api.rpc.agentnotifiers.dhcp_rpc_agent_api [None req-abc04c15-47b3-413b-910d-8d909dc9ba7b 5b269b93c6fd4a6f8021a4e0ea1fed9b 67ae0794042149f4a396eb9cd2d12b7e - - default default] Unable to schedule network 4ef25966-c6f2-46b4-ab40-3c94e24cadee: no agents available; will retry on subsequent port and subnet creation events.
2026-05-30 03:05:46.713 10 INFO neutron.db.ovn_revision_numbers_db [None req-12a243aa-b8d0-4f6f-ba58-e2242341bc79 - - - - - -] Successfully bumped revision number for resource 0183001a-c90e-4710-9239-ec855d496570 (type: ports) to 2
2026-05-30 03:05:46.741 10 INFO neutron.db.ovn_revision_numbers_db [None req-12a243aa-b8d0-4f6f-ba58-e2242341bc79 - - - - - -] Successfully bumped revision number for resource 6cd1fc74-3769-4806-8c45-a2ed4dfa2f3e (type: subnets) to 0
2026-05-30 03:05:46.754 10 INFO neutron.api.wsgi [None req-c26d13c0-162f-4392-9ee7-10c4e5fb2539 5b269b93c6fd4a6f8021a4e0ea1fed9b 67ae0794042149f4a396eb9cd2d12b7e - - default default] 10.0.0.50 "POST /v2.0/subnets HTTP/1.1" status: 201 len: 883 time: 0.5898018
2026-05-30 03:05:46.876 9 INFO neutron.db.ovn_revision_numbers_db [None req-cfe8b4f1-b432-4c5a-97b1-f6e8c402356f - - - - - -] Successfully bumped revision number for resource 1644c07a-986d-43c3-9071-2bd565ea15ae (type: ports) to 2
2026-05-30 03:05:46.881 9 INFO neutron.db.ovn_revision_numbers_db [None req-ae53342f-3a08-4c44-b71f-f01e11460908 - - - - - -] Successfully bumped revision number for resource c9ed043d-ffaf-4181-9cdb-a048f324d8e1 (type: ports) to 2
2026-05-30 03:05:46.914 9 INFO neutron.db.ovn_revision_numbers_db [None req-cfe8b4f1-b432-4c5a-97b1-f6e8c402356f - - - - - -] Successfully bumped revision number for resource 0c9d0004-c55f-422b-9c9e-eb3c495b03ae (type: subnets) to 0
2026-05-30 03:05:46.923 9 INFO neutron.db.ovn_revision_numbers_db [None req-ae53342f-3a08-4c44-b71f-f01e11460908 - - - - - -] Successfully bumped revision number for resource 9cb2a73b-334a-45ad-a6db-e75b12692a8d (type: subnets) to 0
2026-05-30 03:05:46.933 9 INFO neutron.api.wsgi [None req-0a8289ba-339f-47ed-b060-77ae3af8ec49 5b269b93c6fd4a6f8021a4e0ea1fed9b 67ae0794042149f4a396eb9cd2d12b7e - - default default] 10.0.0.50 "POST /v2.0/subnets HTTP/1.1" status: 201 len: 891 time: 0.7805109
2026-05-30 03:05:46.940 9 INFO neutron.api.wsgi [None req-abc04c15-47b3-413b-910d-8d909dc9ba7b 5b269b93c6fd4a6f8021a4e0ea1fed9b 67ae0794042149f4a396eb9cd2d12b7e - - default default] 10.0.0.50 "POST /v2.0/subnets HTTP/1.1" status: 201 len: 898 time: 0.7631395
2026-05-30 03:05:47.255 10 WARNING neutron.scheduler.dhcp_agent_scheduler [None req-84c8ab6a-e35b-435c-97a8-83146d5eaff2 5b269b93c6fd4a6f8021a4e0ea1fed9b 67ae0794042149f4a396eb9cd2d12b7e - - default default] No more DHCP agents
2026-05-30 03:05:47.257 10 WARNING neutron.api.rpc.agentnotifiers.dhcp_rpc_agent_api [None req-84c8ab6a-e35b-435c-97a8-83146d5eaff2 5b269b93c6fd4a6f8021a4e0ea1fed9b 67ae0794042149f4a396eb9cd2d12b7e - - default default] Unable to schedule network c95f1c1d-e5a6-4c19-9afd-aff0bb985712: no agents available; will retry on subsequent port and subnet creation events.
2026-05-30 03:05:47.353 10 INFO neutron.db.ovn_revision_numbers_db [None req-84c8ab6a-e35b-435c-97a8-83146d5eaff2 5b269b93c6fd4a6f8021a4e0ea1fed9b 67ae0794042149f4a396eb9cd2d12b7e - - default default] Successfully bumped revision number for resource e44a58f7-2b6b-461f-aa68-8abd8771644d (type: ports) to 1
2026-05-30 03:05:47.604 9 WARNING neutron.scheduler.dhcp_agent_scheduler [None req-9f4fe36e-0d93-4293-9852-024c744a1e29 5b269b93c6fd4a6f8021a4e0ea1fed9b 67ae0794042149f4a396eb9cd2d12b7e - - default default] No more DHCP agents
2026-05-30 03:05:47.605 9 WARNING neutron.scheduler.dhcp_agent_scheduler [None req-26d326d6-d353-42bc-8ab0-9b298acbc89b 5b269b93c6fd4a6f8021a4e0ea1fed9b 67ae0794042149f4a396eb9cd2d12b7e - - default default] No more DHCP agents
2026-05-30 03:05:47.606 9 WARNING neutron.api.rpc.agentnotifiers.dhcp_rpc_agent_api [None req-9f4fe36e-0d93-4293-9852-024c744a1e29 5b269b93c6fd4a6f8021a4e0ea1fed9b 67ae0794042149f4a396eb9cd2d12b7e - - default default] Unable to schedule network c95f1c1d-e5a6-4c19-9afd-aff0bb985712: no agents available; will retry on subsequent port and subnet creation events.
2026-05-30 03:05:47.607 9 WARNING neutron.api.rpc.agentnotifiers.dhcp_rpc_agent_api [None req-26d326d6-d353-42bc-8ab0-9b298acbc89b 5b269b93c6fd4a6f8021a4e0ea1fed9b 67ae0794042149f4a396eb9cd2d12b7e - - default default] Unable to schedule network c95f1c1d-e5a6-4c19-9afd-aff0bb985712: no agents available; will retry on subsequent port and subnet creation events.
2026-05-30 03:05:47.721 9 INFO neutron.db.ovn_revision_numbers_db [None req-26d326d6-d353-42bc-8ab0-9b298acbc89b 5b269b93c6fd4a6f8021a4e0ea1fed9b 67ae0794042149f4a396eb9cd2d12b7e - - default default] Successfully bumped revision number for resource 545cd3a1-af1c-4cbc-8794-55dc3874b280 (type: ports) to 1
2026-05-30 03:05:47.745 9 INFO neutron.db.ovn_revision_numbers_db [None req-9f4fe36e-0d93-4293-9852-024c744a1e29 5b269b93c6fd4a6f8021a4e0ea1fed9b 67ae0794042149f4a396eb9cd2d12b7e - - default default] Successfully bumped revision number for resource bd6f2c1f-db6d-49d5-98ca-1338ad6d3a59 (type: ports) to 1
2026-05-30 03:05:47.865 10 INFO neutron.plugins.ml2.drivers.ovn.mech_driver.ovsdb.extensions.qos [None req-84c8ab6a-e35b-435c-97a8-83146d5eaff2 5b269b93c6fd4a6f8021a4e0ea1fed9b 67ae0794042149f4a396eb9cd2d12b7e - - default default] Starting OVNClientQosExtension
2026-05-30 03:05:48.080 9 INFO neutron.plugins.ml2.drivers.ovn.mech_driver.ovsdb.extensions.qos [None req-26d326d6-d353-42bc-8ab0-9b298acbc89b 5b269b93c6fd4a6f8021a4e0ea1fed9b 67ae0794042149f4a396eb9cd2d12b7e - - default default] Starting OVNClientQosExtension
2026-05-30 03:05:48.231 10 INFO neutron.plugins.ml2.drivers.ovn.mech_driver.ovsdb.commands [None req-92ae25d8-ea5b-4fc6-9345-5640e090f4dc - - - - - -] Schedule LRP lrp-e44a58f7-2b6b-461f-aa68-8abd8771644d on gateway 585ed40b-f730-46a8-811c-5d58a809d870 with priority 1
2026-05-30 03:05:48.242 10 INFO neutron.plugins.ml2.drivers.ovn.mech_driver.mech_driver [None req-8bd734a5-ab6e-4f09-822f-70ed3670d7b8 - - - - - -] OVN reports status up for port: e44a58f7-2b6b-461f-aa68-8abd8771644d
2026-05-30 03:05:48.262 10 INFO neutron.plugins.ml2.plugin [None req-8bd734a5-ab6e-4f09-822f-70ed3670d7b8 - - - - - -] Attempt 1 to provision port e44a58f7-2b6b-461f-aa68-8abd8771644d
2026-05-30 03:05:48.267 10 INFO neutron.plugins.ml2.drivers.ovn.mech_driver.ovsdb.ovsdb_monitor [-] Router 8d68ef12-014a-4777-80c4-d3bcb9b51cdd is bound to host instance
2026-05-30 03:05:48.321 10 INFO neutron.db.ovn_revision_numbers_db [None req-84c8ab6a-e35b-435c-97a8-83146d5eaff2 5b269b93c6fd4a6f8021a4e0ea1fed9b 67ae0794042149f4a396eb9cd2d12b7e - - default default] Successfully bumped revision number for resource e44a58f7-2b6b-461f-aa68-8abd8771644d (type: router_ports) to 1
2026-05-30 03:05:48.456 10 INFO neutron.db.ovn_revision_numbers_db [None req-84c8ab6a-e35b-435c-97a8-83146d5eaff2 5b269b93c6fd4a6f8021a4e0ea1fed9b 67ae0794042149f4a396eb9cd2d12b7e - - default default] Successfully bumped revision number for resource 8d68ef12-014a-4777-80c4-d3bcb9b51cdd (type: routers) to 2
2026-05-30 03:05:48.474 9 INFO neutron.plugins.ml2.drivers.ovn.mech_driver.ovsdb.commands [None req-195669d7-72ed-41d7-b438-d417f6da76de - - - - - -] Schedule LRP lrp-545cd3a1-af1c-4cbc-8794-55dc3874b280 on gateway 585ed40b-f730-46a8-811c-5d58a809d870 with priority 1
2026-05-30 03:05:48.482 10 INFO neutron.api.wsgi [None req-84c8ab6a-e35b-435c-97a8-83146d5eaff2 5b269b93c6fd4a6f8021a4e0ea1fed9b 67ae0794042149f4a396eb9cd2d12b7e - - default default] 10.0.0.50 "POST /v2.0/routers HTTP/1.1" status: 201 len: 1161 time: 1.7225680
2026-05-30 03:05:48.488 9 INFO neutron.plugins.ml2.drivers.ovn.mech_driver.mech_driver [None req-30b5c853-62cc-4d54-8b3f-51edc7bbac26 - - - - - -] OVN reports status up for port: 545cd3a1-af1c-4cbc-8794-55dc3874b280
2026-05-30 03:05:48.510 9 INFO neutron.plugins.ml2.drivers.ovn.mech_driver.ovsdb.ovsdb_monitor [-] Router 71a3110b-8e24-4aae-8021-11904ca7d660 is bound to host instance
2026-05-30 03:05:48.519 10 INFO neutron.db.ovn_revision_numbers_db [None req-456cc7bf-2708-4d4d-8e22-ada9b4486c6e 5b269b93c6fd4a6f8021a4e0ea1fed9b 67ae0794042149f4a396eb9cd2d12b7e - - default default] Successfully bumped revision number for resource 1589dd03-56f4-4512-bc20-6d3fd710e10a (type: security_groups) to 1
2026-05-30 03:05:48.546 10 INFO neutron.db.ovn_revision_numbers_db [None req-456cc7bf-2708-4d4d-8e22-ada9b4486c6e 5b269b93c6fd4a6f8021a4e0ea1fed9b 67ae0794042149f4a396eb9cd2d12b7e - - default default] Successfully bumped revision number for resource 1fd0412e-f6b3-45be-83da-44d69e2cceeb (type: security_group_rules) to 0
2026-05-30 03:05:48.566 10 INFO neutron.db.ovn_revision_numbers_db [None req-456cc7bf-2708-4d4d-8e22-ada9b4486c6e 5b269b93c6fd4a6f8021a4e0ea1fed9b 67ae0794042149f4a396eb9cd2d12b7e - - default default] Successfully bumped revision number for resource 1ff2816e-2bc8-4f1f-b1b9-7c19e46cec20 (type: security_group_rules) to 0
2026-05-30 03:05:48.599 10 INFO neutron.db.ovn_revision_numbers_db [None req-456cc7bf-2708-4d4d-8e22-ada9b4486c6e 5b269b93c6fd4a6f8021a4e0ea1fed9b 67ae0794042149f4a396eb9cd2d12b7e - - default default] Successfully bumped revision number for resource d6e79a7d-b760-469f-9c98-1fa313319470 (type: security_group_rules) to 0
2026-05-30 03:05:48.626 10 INFO neutron.db.ovn_revision_numbers_db [None req-456cc7bf-2708-4d4d-8e22-ada9b4486c6e 5b269b93c6fd4a6f8021a4e0ea1fed9b 67ae0794042149f4a396eb9cd2d12b7e - - default default] Successfully bumped revision number for resource e4c18bf9-970e-4824-ba89-e611fafcc1c6 (type: security_group_rules) to 0
2026-05-30 03:05:48.671 9 INFO neutron.plugins.ml2.plugin [None req-30b5c853-62cc-4d54-8b3f-51edc7bbac26 - - - - - -] Attempt 1 to provision port 545cd3a1-af1c-4cbc-8794-55dc3874b280
2026-05-30 03:05:48.701 9 INFO neutron.plugins.ml2.drivers.ovn.mech_driver.ovsdb.commands [None req-195669d7-72ed-41d7-b438-d417f6da76de - - - - - -] Schedule LRP lrp-bd6f2c1f-db6d-49d5-98ca-1338ad6d3a59 on gateway 585ed40b-f730-46a8-811c-5d58a809d870 with priority 1
2026-05-30 03:05:48.706 9 INFO neutron.db.ovn_revision_numbers_db [None req-26d326d6-d353-42bc-8ab0-9b298acbc89b 5b269b93c6fd4a6f8021a4e0ea1fed9b 67ae0794042149f4a396eb9cd2d12b7e - - default default] Successfully bumped revision number for resource 545cd3a1-af1c-4cbc-8794-55dc3874b280 (type: router_ports) to 1
2026-05-30 03:05:48.756 10 INFO neutron.db.segments_db [None req-456cc7bf-2708-4d4d-8e22-ada9b4486c6e 5b269b93c6fd4a6f8021a4e0ea1fed9b 67ae0794042149f4a396eb9cd2d12b7e - - default default] Added segment 208484d1-8d72-432a-999f-f2ead0cddc11 of type geneve for network e8fa3957-f99a-4db6-bfb4-7bb58dadd51c
2026-05-30 03:05:48.766 9 INFO neutron.db.ovn_revision_numbers_db [None req-9f4fe36e-0d93-4293-9852-024c744a1e29 5b269b93c6fd4a6f8021a4e0ea1fed9b 67ae0794042149f4a396eb9cd2d12b7e - - default default] Successfully bumped revision number for resource bd6f2c1f-db6d-49d5-98ca-1338ad6d3a59 (type: router_ports) to 1
2026-05-30 03:05:48.839 9 INFO neutron.db.ovn_revision_numbers_db [None req-26d326d6-d353-42bc-8ab0-9b298acbc89b 5b269b93c6fd4a6f8021a4e0ea1fed9b 67ae0794042149f4a396eb9cd2d12b7e - - default default] Successfully bumped revision number for resource 71a3110b-8e24-4aae-8021-11904ca7d660 (type: routers) to 2
2026-05-30 03:05:48.863 9 INFO neutron.api.wsgi [None req-26d326d6-d353-42bc-8ab0-9b298acbc89b 5b269b93c6fd4a6f8021a4e0ea1fed9b 67ae0794042149f4a396eb9cd2d12b7e - - default default] 10.0.0.50 "POST /v2.0/routers HTTP/1.1" status: 201 len: 1176 time: 1.9149227
2026-05-30 03:05:48.871 9 INFO neutron.db.ovn_revision_numbers_db [None req-9f4fe36e-0d93-4293-9852-024c744a1e29 5b269b93c6fd4a6f8021a4e0ea1fed9b 67ae0794042149f4a396eb9cd2d12b7e - - default default] Successfully bumped revision number for resource 87c8f4c5-b24b-4394-892d-001c0c720a45 (type: routers) to 2
2026-05-30 03:05:48.898 9 INFO neutron.api.wsgi [None req-9f4fe36e-0d93-4293-9852-024c744a1e29 5b269b93c6fd4a6f8021a4e0ea1fed9b 67ae0794042149f4a396eb9cd2d12b7e - - default default] 10.0.0.50 "POST /v2.0/routers HTTP/1.1" status: 201 len: 1169 time: 1.9578245
2026-05-30 03:05:48.951 10 INFO neutron.db.ovn_revision_numbers_db [None req-456cc7bf-2708-4d4d-8e22-ada9b4486c6e 5b269b93c6fd4a6f8021a4e0ea1fed9b 67ae0794042149f4a396eb9cd2d12b7e - - default default] Successfully bumped revision number for resource e8fa3957-f99a-4db6-bfb4-7bb58dadd51c (type: networks) to 1
2026-05-30 03:05:49.046 10 INFO neutron.db.ovn_revision_numbers_db [None req-ac7693a6-d2b1-4329-af24-c3f72d67cc22 - - - - - -] Successfully bumped revision number for resource e44a58f7-2b6b-461f-aa68-8abd8771644d (type: ports) to 1
2026-05-30 03:05:49.204 10 WARNING neutron.scheduler.dhcp_agent_scheduler [None req-456cc7bf-2708-4d4d-8e22-ada9b4486c6e 5b269b93c6fd4a6f8021a4e0ea1fed9b 67ae0794042149f4a396eb9cd2d12b7e - - default default] No more DHCP agents
2026-05-30 03:05:49.207 10 WARNING neutron.api.rpc.agentnotifiers.dhcp_rpc_agent_api [None req-456cc7bf-2708-4d4d-8e22-ada9b4486c6e 5b269b93c6fd4a6f8021a4e0ea1fed9b 67ae0794042149f4a396eb9cd2d12b7e - - default default] Unable to schedule network e8fa3957-f99a-4db6-bfb4-7bb58dadd51c: no agents available; will retry on subsequent port and subnet creation events.
2026-05-30 03:05:49.214 10 WARNING neutron.scheduler.dhcp_agent_scheduler [None req-ff88cc44-5513-45d7-9f53-db3abe54ddab 5b269b93c6fd4a6f8021a4e0ea1fed9b 67ae0794042149f4a396eb9cd2d12b7e - - default default] No more DHCP agents
2026-05-30 03:05:49.217 10 WARNING neutron.api.rpc.agentnotifiers.dhcp_rpc_agent_api [None req-ff88cc44-5513-45d7-9f53-db3abe54ddab 5b269b93c6fd4a6f8021a4e0ea1fed9b 67ae0794042149f4a396eb9cd2d12b7e - - default default] Unable to schedule network 935b4185-ad83-436f-9c16-5677bf2490b6: no agents available; will retry on subsequent port and subnet creation events.
2026-05-30 03:05:49.296 10 INFO neutron.db.ovn_revision_numbers_db [None req-456cc7bf-2708-4d4d-8e22-ada9b4486c6e 5b269b93c6fd4a6f8021a4e0ea1fed9b 67ae0794042149f4a396eb9cd2d12b7e - - default default] Successfully bumped revision number for resource e7412b59-42da-49ef-a994-cdda2565c58b (type: ports) to 1
2026-05-30 03:05:49.325 10 INFO neutron.api.wsgi [None req-456cc7bf-2708-4d4d-8e22-ada9b4486c6e 5b269b93c6fd4a6f8021a4e0ea1fed9b 67ae0794042149f4a396eb9cd2d12b7e - - default default] 10.0.0.50 "POST /v2.0/networks HTTP/1.1" status: 201 len: 951 time: 1.3002150
2026-05-30 03:05:49.371 10 INFO neutron.db.ovn_revision_numbers_db [None req-ff88cc44-5513-45d7-9f53-db3abe54ddab 5b269b93c6fd4a6f8021a4e0ea1fed9b 67ae0794042149f4a396eb9cd2d12b7e - - default default] Successfully bumped revision number for resource 9724001b-9d49-40ae-b162-9f21a5e38713 (type: ports) to 1
2026-05-30 03:05:49.515 9 INFO neutron.db.ovn_revision_numbers_db [None req-7efa8a6b-ff02-44bd-824f-358ea198ec4f - - - - - -] Successfully bumped revision number for resource 545cd3a1-af1c-4cbc-8794-55dc3874b280 (type: ports) to 1
2026-05-30 03:05:49.634 10 INFO neutron.db.ovn_revision_numbers_db [None req-ac7693a6-d2b1-4329-af24-c3f72d67cc22 - - - - - -] Successfully bumped revision number for resource e44a58f7-2b6b-461f-aa68-8abd8771644d (type: ports) to 4
2026-05-30 03:05:49.644 9 WARNING neutron.scheduler.dhcp_agent_scheduler [None req-777a3d49-b438-42cf-97fa-9e0fd2a41c70 5b269b93c6fd4a6f8021a4e0ea1fed9b 67ae0794042149f4a396eb9cd2d12b7e - - default default] No more DHCP agents
2026-05-30 03:05:49.646 9 WARNING neutron.api.rpc.agentnotifiers.dhcp_rpc_agent_api [None req-777a3d49-b438-42cf-97fa-9e0fd2a41c70 5b269b93c6fd4a6f8021a4e0ea1fed9b 67ae0794042149f4a396eb9cd2d12b7e - - default default] Unable to schedule network e8fa3957-f99a-4db6-bfb4-7bb58dadd51c: no agents available; will retry on subsequent port and subnet creation events.
2026-05-30 03:05:49.675 9 WARNING neutron.scheduler.dhcp_agent_scheduler [None req-8c6f0ce5-3e04-4713-9923-12fc3289eb08 5b269b93c6fd4a6f8021a4e0ea1fed9b 67ae0794042149f4a396eb9cd2d12b7e - - default default] No more DHCP agents
2026-05-30 03:05:49.681 9 WARNING neutron.api.rpc.agentnotifiers.dhcp_rpc_agent_api [None req-8c6f0ce5-3e04-4713-9923-12fc3289eb08 5b269b93c6fd4a6f8021a4e0ea1fed9b 67ae0794042149f4a396eb9cd2d12b7e - - default default] Unable to schedule network 4ef25966-c6f2-46b4-ab40-3c94e24cadee: no agents available; will retry on subsequent port and subnet creation events.
2026-05-30 03:05:49.735 9 WARNING neutron.scheduler.dhcp_agent_scheduler [None req-a5b86188-d151-4ff8-9f0d-3a2009fdb1f4 5b269b93c6fd4a6f8021a4e0ea1fed9b 67ae0794042149f4a396eb9cd2d12b7e - - default default] No more DHCP agents
2026-05-30 03:05:49.743 9 WARNING neutron.api.rpc.agentnotifiers.dhcp_rpc_agent_api [None req-a5b86188-d151-4ff8-9f0d-3a2009fdb1f4 5b269b93c6fd4a6f8021a4e0ea1fed9b 67ae0794042149f4a396eb9cd2d12b7e - - default default] Unable to schedule network d33921a0-9c61-4f5b-824a-5b774b4db287: no agents available; will retry on subsequent port and subnet creation events.
2026-05-30 03:05:49.949 9 INFO neutron.db.ovn_revision_numbers_db [None req-8c6f0ce5-3e04-4713-9923-12fc3289eb08 5b269b93c6fd4a6f8021a4e0ea1fed9b 67ae0794042149f4a396eb9cd2d12b7e - - default default] Successfully bumped revision number for resource a97a3afb-5daa-43b4-b634-85a4588e9b42 (type: ports) to 1
2026-05-30 03:05:50.055 10 INFO neutron.db.ovn_revision_numbers_db [None req-ac7693a6-d2b1-4329-af24-c3f72d67cc22 - - - - - -] Successfully bumped revision number for resource e44a58f7-2b6b-461f-aa68-8abd8771644d (type: ports) to 5
2026-05-30 03:05:50.153 10 INFO neutron.db.ovn_revision_numbers_db [None req-ff88cc44-5513-45d7-9f53-db3abe54ddab 5b269b93c6fd4a6f8021a4e0ea1fed9b 67ae0794042149f4a396eb9cd2d12b7e - - default default] Successfully bumped revision number for resource 9724001b-9d49-40ae-b162-9f21a5e38713 (type: ports) to 1
2026-05-30 03:05:50.206 9 INFO neutron.db.ovn_revision_numbers_db [None req-a5b86188-d151-4ff8-9f0d-3a2009fdb1f4 5b269b93c6fd4a6f8021a4e0ea1fed9b 67ae0794042149f4a396eb9cd2d12b7e - - default default] Successfully bumped revision number for resource 18e26a5d-5eb4-41f7-bdf1-32ba84109355 (type: ports) to 1
2026-05-30 03:05:50.210 10 WARNING neutron.scheduler.dhcp_agent_scheduler [None req-ff88cc44-5513-45d7-9f53-db3abe54ddab 5b269b93c6fd4a6f8021a4e0ea1fed9b 67ae0794042149f4a396eb9cd2d12b7e - - default default] No more DHCP agents
2026-05-30 03:05:50.212 10 WARNING neutron.api.rpc.agentnotifiers.dhcp_rpc_agent_api [None req-ff88cc44-5513-45d7-9f53-db3abe54ddab 5b269b93c6fd4a6f8021a4e0ea1fed9b 67ae0794042149f4a396eb9cd2d12b7e - - default default] Unable to schedule network 935b4185-ad83-436f-9c16-5677bf2490b6: no agents available; will retry on subsequent port and subnet creation events.
2026-05-30 03:05:50.486 9 INFO neutron.db.ovn_revision_numbers_db [None req-7efa8a6b-ff02-44bd-824f-358ea198ec4f - - - - - -] Successfully bumped revision number for resource 545cd3a1-af1c-4cbc-8794-55dc3874b280 (type: ports) to 4
2026-05-30 03:05:50.796 10 INFO neutron.plugins.ml2.drivers.ovn.mech_driver.mech_driver [None req-8bd734a5-ab6e-4f09-822f-70ed3670d7b8 - - - - - -] OVN reports status up for port: bd6f2c1f-db6d-49d5-98ca-1338ad6d3a59
2026-05-30 03:05:50.797 9 INFO neutron.db.ovn_revision_numbers_db [None req-7a9784a8-9e83-48c1-b8e8-36d472bb6a1b - - - - - -] Successfully bumped revision number for resource e7412b59-42da-49ef-a994-cdda2565c58b (type: ports) to 2
2026-05-30 03:05:50.806 10 INFO neutron.plugins.ml2.plugin [None req-8bd734a5-ab6e-4f09-822f-70ed3670d7b8 - - - - - -] Attempt 1 to provision port bd6f2c1f-db6d-49d5-98ca-1338ad6d3a59
2026-05-30 03:05:50.860 9 INFO neutron.db.ovn_revision_numbers_db [None req-7a9784a8-9e83-48c1-b8e8-36d472bb6a1b - - - - - -] Successfully bumped revision number for resource d0a652ae-781e-430b-98e6-225dd76a575f (type: subnets) to 0
2026-05-30 03:05:50.892 9 INFO neutron.api.wsgi [None req-777a3d49-b438-42cf-97fa-9e0fd2a41c70 5b269b93c6fd4a6f8021a4e0ea1fed9b 67ae0794042149f4a396eb9cd2d12b7e - - default default] 10.0.0.50 "POST /v2.0/subnets HTTP/1.1" status: 201 len: 895 time: 1.5573783
