2026-05-30 03:08:05.144 10 INFO neutron.api.wsgi [None req-11c9b44c-2eb8-41d4-bd62-2645a3e3afa6 36971fcba5ee44dabde08faeb625cc40 9a232e7b446948d7a0b2105d1de6dd95 - - default default] 10.0.0.50 "POST /v2.0/security-group-rules HTTP/1.1" status: 201 len: 795 time: 0.1987872
2026-05-30 03:08:05.147 9 INFO neutron.db.segments_db [None req-5e63a12e-aa5a-40a6-b408-b0be3571f54d 6f070a24353149df948e2e870c9a2e63 038c285bfb9a41e8909c855ade68569d - - default default] Added segment b0344713-7016-4864-975e-08b5e8f64e2a of type geneve for network c703e891-9f85-4992-90f8-c2133be3f575
2026-05-30 03:08:05.157 9 WARNING neutron_lib.context [None req-ec60b03d-1d0f-4246-b3df-69138c9931fb 36971fcba5ee44dabde08faeb625cc40 9a232e7b446948d7a0b2105d1de6dd95 - - default default] Method 'is_advsvc' is deprecated since 2023.2 release (neutron-lib 3.8.0) and will be removed once support for the old RBAC API policies will be removed from Neutron. Please use method 'is_service_role' instead.
2026-05-30 03:08:05.299 9 INFO neutron.db.ovn_revision_numbers_db [None req-ec60b03d-1d0f-4246-b3df-69138c9931fb 36971fcba5ee44dabde08faeb625cc40 9a232e7b446948d7a0b2105d1de6dd95 - - default default] Successfully bumped revision number for resource 146599f4-26f5-4be6-ab8e-dcf9af8ffcfa (type: security_group_rules) to 0
2026-05-30 03:08:05.305 9 INFO neutron.db.ovn_revision_numbers_db [None req-5e63a12e-aa5a-40a6-b408-b0be3571f54d 6f070a24353149df948e2e870c9a2e63 038c285bfb9a41e8909c855ade68569d - - default default] Successfully bumped revision number for resource c703e891-9f85-4992-90f8-c2133be3f575 (type: networks) to 1
2026-05-30 03:08:05.334 9 INFO neutron.api.wsgi [None req-ec60b03d-1d0f-4246-b3df-69138c9931fb 36971fcba5ee44dabde08faeb625cc40 9a232e7b446948d7a0b2105d1de6dd95 - - default default] 10.0.0.50 "POST /v2.0/security-group-rules HTTP/1.1" status: 201 len: 801 time: 0.1821411
2026-05-30 03:08:05.351 10 WARNING neutron_lib.context [None req-eac550d8-eb42-4bf5-bfef-284bf14bcb01 36971fcba5ee44dabde08faeb625cc40 9a232e7b446948d7a0b2105d1de6dd95 - - default default] Method 'is_advsvc' is deprecated since 2023.2 release (neutron-lib 3.8.0) and will be removed once support for the old RBAC API policies will be removed from Neutron. Please use method 'is_service_role' instead.
2026-05-30 03:08:05.480 9 WARNING neutron.scheduler.dhcp_agent_scheduler [None req-5e63a12e-aa5a-40a6-b408-b0be3571f54d 6f070a24353149df948e2e870c9a2e63 038c285bfb9a41e8909c855ade68569d - - default default] No more DHCP agents
2026-05-30 03:08:05.483 9 WARNING neutron.api.rpc.agentnotifiers.dhcp_rpc_agent_api [None req-5e63a12e-aa5a-40a6-b408-b0be3571f54d 6f070a24353149df948e2e870c9a2e63 038c285bfb9a41e8909c855ade68569d - - default default] Unable to schedule network c703e891-9f85-4992-90f8-c2133be3f575: no agents available; will retry on subsequent port and subnet creation events.
2026-05-30 03:08:05.498 10 INFO neutron.db.ovn_revision_numbers_db [None req-eac550d8-eb42-4bf5-bfef-284bf14bcb01 36971fcba5ee44dabde08faeb625cc40 9a232e7b446948d7a0b2105d1de6dd95 - - default default] Successfully bumped revision number for resource 3ad131ea-e4c4-4b60-b49b-57faf7ae3542 (type: security_group_rules) to 0
2026-05-30 03:08:05.542 10 INFO neutron.api.wsgi [None req-eac550d8-eb42-4bf5-bfef-284bf14bcb01 36971fcba5ee44dabde08faeb625cc40 9a232e7b446948d7a0b2105d1de6dd95 - - default default] 10.0.0.50 "POST /v2.0/security-group-rules HTTP/1.1" status: 201 len: 800 time: 0.1995227
2026-05-30 03:08:05.551 10 WARNING neutron_lib.context [None req-3a99e193-9b4b-4be9-8338-9daa9a6561e8 36971fcba5ee44dabde08faeb625cc40 9a232e7b446948d7a0b2105d1de6dd95 - - default default] Method 'is_advsvc' is deprecated since 2023.2 release (neutron-lib 3.8.0) and will be removed once support for the old RBAC API policies will be removed from Neutron. Please use method 'is_service_role' instead.
2026-05-30 03:08:05.563 9 INFO neutron.db.ovn_revision_numbers_db [None req-5e63a12e-aa5a-40a6-b408-b0be3571f54d 6f070a24353149df948e2e870c9a2e63 038c285bfb9a41e8909c855ade68569d - - default default] Successfully bumped revision number for resource e7da2440-575b-44a2-9d82-5052c277d852 (type: ports) to 1
2026-05-30 03:08:05.584 10 INFO neutron.db.securitygroups_db [None req-3a99e193-9b4b-4be9-8338-9daa9a6561e8 36971fcba5ee44dabde08faeb625cc40 9a232e7b446948d7a0b2105d1de6dd95 - - default default] Project 9a232e7b446948d7a0b2105d1de6dd95 added a security group rule with legacy IPv6 ICMP protocol name icmp, ipv6-icmp should be used instead. It was automatically converted.
2026-05-30 03:08:05.586 9 INFO neutron.api.wsgi [None req-5e63a12e-aa5a-40a6-b408-b0be3571f54d 6f070a24353149df948e2e870c9a2e63 038c285bfb9a41e8909c855ade68569d - - default default] 10.0.0.50 "POST /v2.0/networks HTTP/1.1" status: 201 len: 831 time: 0.9470625
2026-05-30 03:08:05.601 9 WARNING neutron_lib.context [None req-32e11873-bc97-4947-8baf-7e96605e4e2e 6f070a24353149df948e2e870c9a2e63 038c285bfb9a41e8909c855ade68569d - - default default] Method 'is_advsvc' is deprecated since 2023.2 release (neutron-lib 3.8.0) and will be removed once support for the old RBAC API policies will be removed from Neutron. Please use method 'is_service_role' instead.
2026-05-30 03:08:05.675 10 INFO neutron.db.ovn_revision_numbers_db [None req-3a99e193-9b4b-4be9-8338-9daa9a6561e8 36971fcba5ee44dabde08faeb625cc40 9a232e7b446948d7a0b2105d1de6dd95 - - default default] Successfully bumped revision number for resource e4dd46ec-f282-4f4d-8341-51231c10ffb6 (type: security_group_rules) to 0
2026-05-30 03:08:05.702 9 INFO neutron.db.segments_db [None req-32e11873-bc97-4947-8baf-7e96605e4e2e 6f070a24353149df948e2e870c9a2e63 038c285bfb9a41e8909c855ade68569d - - default default] Added segment 35df4c20-1bc9-43f4-8934-892d61226f23 of type geneve for network 99b63d5b-e952-4606-9edb-e2e47b8a77dc
2026-05-30 03:08:05.705 10 INFO neutron.api.wsgi [None req-3a99e193-9b4b-4be9-8338-9daa9a6561e8 36971fcba5ee44dabde08faeb625cc40 9a232e7b446948d7a0b2105d1de6dd95 - - default default] 10.0.0.50 "POST /v2.0/security-group-rules HTTP/1.1" status: 201 len: 806 time: 0.1573215
2026-05-30 03:08:05.713 10 WARNING neutron_lib.context [None req-4c242587-e4e5-4b30-b0f6-449be734a55a 36971fcba5ee44dabde08faeb625cc40 9a232e7b446948d7a0b2105d1de6dd95 - - default default] Method 'is_advsvc' is deprecated since 2023.2 release (neutron-lib 3.8.0) and will be removed once support for the old RBAC API policies will be removed from Neutron. Please use method 'is_service_role' instead.
2026-05-30 03:08:05.757 10 INFO neutron.db.securitygroups_db [None req-4c242587-e4e5-4b30-b0f6-449be734a55a 36971fcba5ee44dabde08faeb625cc40 9a232e7b446948d7a0b2105d1de6dd95 - - default default] Project 9a232e7b446948d7a0b2105d1de6dd95 added a security group rule with legacy IPv6 ICMP protocol name icmp, ipv6-icmp should be used instead. It was automatically converted.
2026-05-30 03:08:05.829 9 INFO neutron.db.ovn_revision_numbers_db [None req-32e11873-bc97-4947-8baf-7e96605e4e2e 6f070a24353149df948e2e870c9a2e63 038c285bfb9a41e8909c855ade68569d - - default default] Successfully bumped revision number for resource 99b63d5b-e952-4606-9edb-e2e47b8a77dc (type: networks) to 1
2026-05-30 03:08:05.854 10 INFO neutron.db.ovn_revision_numbers_db [None req-4c242587-e4e5-4b30-b0f6-449be734a55a 36971fcba5ee44dabde08faeb625cc40 9a232e7b446948d7a0b2105d1de6dd95 - - default default] Successfully bumped revision number for resource fd96b59e-c773-4bc5-8050-7bb791fd9869 (type: security_group_rules) to 0
2026-05-30 03:08:05.883 10 INFO neutron.api.wsgi [None req-4c242587-e4e5-4b30-b0f6-449be734a55a 36971fcba5ee44dabde08faeb625cc40 9a232e7b446948d7a0b2105d1de6dd95 - - default default] 10.0.0.50 "POST /v2.0/security-group-rules HTTP/1.1" status: 201 len: 805 time: 0.1740978
2026-05-30 03:08:06.026 9 WARNING neutron.scheduler.dhcp_agent_scheduler [None req-32e11873-bc97-4947-8baf-7e96605e4e2e 6f070a24353149df948e2e870c9a2e63 038c285bfb9a41e8909c855ade68569d - - default default] No more DHCP agents
2026-05-30 03:08:06.027 9 WARNING neutron.api.rpc.agentnotifiers.dhcp_rpc_agent_api [None req-32e11873-bc97-4947-8baf-7e96605e4e2e 6f070a24353149df948e2e870c9a2e63 038c285bfb9a41e8909c855ade68569d - - default default] Unable to schedule network 99b63d5b-e952-4606-9edb-e2e47b8a77dc: no agents available; will retry on subsequent port and subnet creation events.
2026-05-30 03:08:06.054 10 WARNING neutron_lib.context [None req-bdfe99ee-1ee8-44ca-b990-49968a5b8d53 7788c3c88dd44ec8842f9f524cb682ed fd6dfd5b532442ae9353838c0ba4d4fa - - default default] Method 'is_advsvc' is deprecated since 2023.2 release (neutron-lib 3.8.0) and will be removed once support for the old RBAC API policies will be removed from Neutron. Please use method 'is_service_role' instead.
2026-05-30 03:08:06.090 9 INFO neutron.db.ovn_revision_numbers_db [None req-32e11873-bc97-4947-8baf-7e96605e4e2e 6f070a24353149df948e2e870c9a2e63 038c285bfb9a41e8909c855ade68569d - - default default] Successfully bumped revision number for resource 9596da03-1c94-4e01-aaaa-379e4d04e810 (type: ports) to 1
2026-05-30 03:08:06.116 10 INFO neutron.api.wsgi [None req-bdfe99ee-1ee8-44ca-b990-49968a5b8d53 7788c3c88dd44ec8842f9f524cb682ed fd6dfd5b532442ae9353838c0ba4d4fa - - default default] 10.0.0.50 "POST /v2.0/subnetpools HTTP/1.1" status: 201 len: 715 time: 0.2256684
2026-05-30 03:08:06.121 9 INFO neutron.api.wsgi [None req-32e11873-bc97-4947-8baf-7e96605e4e2e 6f070a24353149df948e2e870c9a2e63 038c285bfb9a41e8909c855ade68569d - - default default] 10.0.0.50 "POST /v2.0/networks HTTP/1.1" status: 201 len: 830 time: 0.5243638
2026-05-30 03:08:06.125 10 WARNING neutron_lib.context [None req-b62e8905-e42c-417a-9955-6e17526a0899 7788c3c88dd44ec8842f9f524cb682ed fd6dfd5b532442ae9353838c0ba4d4fa - - default default] Method 'is_advsvc' is deprecated since 2023.2 release (neutron-lib 3.8.0) and will be removed once support for the old RBAC API policies will be removed from Neutron. Please use method 'is_service_role' instead.
2026-05-30 03:08:06.131 9 WARNING neutron_lib.context [None req-7cce6dcf-8f91-4643-9848-37c266c80b3f 6f070a24353149df948e2e870c9a2e63 038c285bfb9a41e8909c855ade68569d - - default default] Method 'is_advsvc' is deprecated since 2023.2 release (neutron-lib 3.8.0) and will be removed once support for the old RBAC API policies will be removed from Neutron. Please use method 'is_service_role' instead.
2026-05-30 03:08:06.169 10 INFO neutron.api.wsgi [None req-b62e8905-e42c-417a-9955-6e17526a0899 7788c3c88dd44ec8842f9f524cb682ed fd6dfd5b532442ae9353838c0ba4d4fa - - default default] 10.0.0.50 "POST /v2.0/subnetpools HTTP/1.1" status: 201 len: 715 time: 0.0479333
2026-05-30 03:08:06.179 10 WARNING neutron_lib.context [None req-037aabb0-b259-4eec-b2dc-65638469b524 7788c3c88dd44ec8842f9f524cb682ed fd6dfd5b532442ae9353838c0ba4d4fa - - default default] Method 'is_advsvc' is deprecated since 2023.2 release (neutron-lib 3.8.0) and will be removed once support for the old RBAC API policies will be removed from Neutron. Please use method 'is_service_role' instead.
2026-05-30 03:08:06.236 9 INFO neutron.db.segments_db [None req-7cce6dcf-8f91-4643-9848-37c266c80b3f 6f070a24353149df948e2e870c9a2e63 038c285bfb9a41e8909c855ade68569d - - default default] Added segment 1811f10a-feb6-4ceb-b8b6-b662d8a5055f of type geneve for network 8377f909-d922-4017-8c94-60e1e9182550
2026-05-30 03:08:06.242 10 INFO neutron.api.wsgi [None req-037aabb0-b259-4eec-b2dc-65638469b524 7788c3c88dd44ec8842f9f524cb682ed fd6dfd5b532442ae9353838c0ba4d4fa - - default default] 10.0.0.50 "POST /v2.0/subnetpools HTTP/1.1" status: 201 len: 715 time: 0.0664876
2026-05-30 03:08:06.249 9 INFO neutron.db.ovn_revision_numbers_db [None req-369a4f49-1cbd-41a8-ae94-3093591e1ac2 5b269b93c6fd4a6f8021a4e0ea1fed9b 67ae0794042149f4a396eb9cd2d12b7e - - default default] Successfully bumped revision number for resource 4a2eddf5-613e-452a-87c5-e2f3c6966d51 (type: security_groups) to 1
2026-05-30 03:08:06.253 9 WARNING neutron_lib.context [None req-cfde2f3c-849a-441a-9207-0f4ca7c2cd20 7788c3c88dd44ec8842f9f524cb682ed fd6dfd5b532442ae9353838c0ba4d4fa - - default default] Method 'is_advsvc' is deprecated since 2023.2 release (neutron-lib 3.8.0) and will be removed once support for the old RBAC API policies will be removed from Neutron. Please use method 'is_service_role' instead.
2026-05-30 03:08:06.277 9 INFO neutron.db.ovn_revision_numbers_db [None req-369a4f49-1cbd-41a8-ae94-3093591e1ac2 5b269b93c6fd4a6f8021a4e0ea1fed9b 67ae0794042149f4a396eb9cd2d12b7e - - default default] Successfully bumped revision number for resource 2ae2456c-d97a-4c06-b0c8-021ebad95b20 (type: security_group_rules) to 0
2026-05-30 03:08:06.301 9 INFO neutron.db.ovn_revision_numbers_db [None req-369a4f49-1cbd-41a8-ae94-3093591e1ac2 5b269b93c6fd4a6f8021a4e0ea1fed9b 67ae0794042149f4a396eb9cd2d12b7e - - default default] Successfully bumped revision number for resource 4dd4e6e5-2f13-4d1e-871e-3fb76e85d10e (type: security_group_rules) to 0
2026-05-30 03:08:06.316 9 INFO neutron.db.ovn_revision_numbers_db [None req-369a4f49-1cbd-41a8-ae94-3093591e1ac2 5b269b93c6fd4a6f8021a4e0ea1fed9b 67ae0794042149f4a396eb9cd2d12b7e - - default default] Successfully bumped revision number for resource 9a9b9e2b-9b6b-4693-8871-de5a815e9409 (type: security_group_rules) to 0
2026-05-30 03:08:06.327 9 INFO neutron.api.wsgi [None req-cfde2f3c-849a-441a-9207-0f4ca7c2cd20 7788c3c88dd44ec8842f9f524cb682ed fd6dfd5b532442ae9353838c0ba4d4fa - - default default] 10.0.0.50 "POST /v2.0/subnetpools HTTP/1.1" status: 201 len: 715 time: 0.0786512
2026-05-30 03:08:06.331 9 INFO neutron.db.ovn_revision_numbers_db [None req-369a4f49-1cbd-41a8-ae94-3093591e1ac2 5b269b93c6fd4a6f8021a4e0ea1fed9b 67ae0794042149f4a396eb9cd2d12b7e - - default default] Successfully bumped revision number for resource dddbd1f6-eb37-4670-bba7-dcf9e923123c (type: security_group_rules) to 0
2026-05-30 03:08:06.338 9 WARNING neutron_lib.context [None req-79642139-8cec-4037-bc31-a72e29933765 7788c3c88dd44ec8842f9f524cb682ed fd6dfd5b532442ae9353838c0ba4d4fa - - default default] Method 'is_advsvc' is deprecated since 2023.2 release (neutron-lib 3.8.0) and will be removed once support for the old RBAC API policies will be removed from Neutron. Please use method 'is_service_role' instead.
2026-05-30 03:08:06.343 10 INFO neutron.api.wsgi [None req-0dcc0878-18db-4af7-9eeb-5ec6f5b0c561 36971fcba5ee44dabde08faeb625cc40 9a232e7b446948d7a0b2105d1de6dd95 - - default default] 10.0.0.50 "GET /v2.0/networks HTTP/1.1" status: 200 len: 1493 time: 0.0929511
2026-05-30 03:08:06.387 9 INFO neutron.api.wsgi [None req-369a4f49-1cbd-41a8-ae94-3093591e1ac2 5b269b93c6fd4a6f8021a4e0ea1fed9b 67ae0794042149f4a396eb9cd2d12b7e - - default default] 10.0.0.50 "GET /v2.0/security-groups?tenant_id=cd6322f3098a4e44aa7c0c87f20d7db2&name=default HTTP/1.1" status: 200 len: 3120 time: 0.3943641
2026-05-30 03:08:06.393 9 INFO neutron.db.ovn_revision_numbers_db [None req-7cce6dcf-8f91-4643-9848-37c266c80b3f 6f070a24353149df948e2e870c9a2e63 038c285bfb9a41e8909c855ade68569d - - default default] Successfully bumped revision number for resource 8377f909-d922-4017-8c94-60e1e9182550 (type: networks) to 1
2026-05-30 03:08:06.411 9 INFO neutron.api.wsgi [None req-79642139-8cec-4037-bc31-a72e29933765 7788c3c88dd44ec8842f9f524cb682ed fd6dfd5b532442ae9353838c0ba4d4fa - - default default] 10.0.0.50 "POST /v2.0/subnetpools HTTP/1.1" status: 201 len: 715 time: 0.0772965
2026-05-30 03:08:06.468 10 INFO neutron.api.wsgi [None req-6e5da28c-dbcd-4e41-9eb5-8b5eedb4cbbe 7788c3c88dd44ec8842f9f524cb682ed fd6dfd5b532442ae9353838c0ba4d4fa - - default default] 10.0.0.50 "PUT /v2.0/subnetpools/1295df22-d73c-459b-a631-9f13b221ae9c/tags HTTP/1.1" status: 200 len: 210 time: 0.0514538
2026-05-30 03:08:06.487 10 INFO neutron.api.wsgi [req-3bee018e-bb1b-47a8-9256-fa3d582a83da req-aede7db0-18d1-4d65-adbf-fd4b8c92f10f 36971fcba5ee44dabde08faeb625cc40 9a232e7b446948d7a0b2105d1de6dd95 - - default default] 10.0.0.26 "GET /v2.0/security-groups?name=tempest-secgroup-smoke-1342162011&fields=id&tenant_id=9a232e7b446948d7a0b2105d1de6dd95 HTTP/1.1" status: 200 len: 267 time: 0.0404816
2026-05-30 03:08:06.519 10 INFO neutron.api.wsgi [None req-97041093-8e35-4e79-9b77-ef4f117bbf02 7788c3c88dd44ec8842f9f524cb682ed fd6dfd5b532442ae9353838c0ba4d4fa - - default default] 10.0.0.50 "PUT /v2.0/subnetpools/13a9c9fe-1c3f-4056-a5de-390f81beeb29/tags HTTP/1.1" status: 200 len: 218 time: 0.0445912
2026-05-30 03:08:06.544 10 INFO neutron.api.wsgi [req-3bee018e-bb1b-47a8-9256-fa3d582a83da req-0a1332b2-7833-473a-8611-0f7559d11077 36971fcba5ee44dabde08faeb625cc40 9a232e7b446948d7a0b2105d1de6dd95 - - default default] 10.0.0.26 "GET /v2.0/networks?id=0872ccfe-26bd-4fc0-aa9e-a5da2e11c6a7 HTTP/1.1" status: 200 len: 860 time: 0.0500436
2026-05-30 03:08:06.568 10 INFO neutron.api.wsgi [req-3bee018e-bb1b-47a8-9256-fa3d582a83da req-3b04caa9-f8c4-44c7-8182-24d7ac83ea19 36971fcba5ee44dabde08faeb625cc40 9a232e7b446948d7a0b2105d1de6dd95 - - default default] 10.0.0.26 "GET /v2.0/quotas/9a232e7b446948d7a0b2105d1de6dd95 HTTP/1.1" status: 200 len: 491 time: 0.0172379
2026-05-30 03:08:06.570 10 INFO neutron.api.wsgi [None req-fa38ff95-f2f7-4874-83b3-de0a45c717a8 7788c3c88dd44ec8842f9f524cb682ed fd6dfd5b532442ae9353838c0ba4d4fa - - default default] 10.0.0.50 "PUT /v2.0/subnetpools/35fe2c3f-3e38-4bab-acff-57cdf5a6df1e/tags HTTP/1.1" status: 200 len: 227 time: 0.0452065
2026-05-30 03:08:06.613 10 INFO neutron.api.wsgi [None req-41f427cc-926d-4671-978d-fb21a9de4d31 7788c3c88dd44ec8842f9f524cb682ed fd6dfd5b532442ae9353838c0ba4d4fa - - default default] 10.0.0.50 "PUT /v2.0/subnetpools/2e86c0f8-bf65-47f9-adc9-7a005d795033/tags HTTP/1.1" status: 200 len: 212 time: 0.0340052
2026-05-30 03:08:06.635 9 WARNING neutron.scheduler.dhcp_agent_scheduler [None req-7cce6dcf-8f91-4643-9848-37c266c80b3f 6f070a24353149df948e2e870c9a2e63 038c285bfb9a41e8909c855ade68569d - - default default] No more DHCP agents
2026-05-30 03:08:06.636 9 WARNING neutron.api.rpc.agentnotifiers.dhcp_rpc_agent_api [None req-7cce6dcf-8f91-4643-9848-37c266c80b3f 6f070a24353149df948e2e870c9a2e63 038c285bfb9a41e8909c855ade68569d - - default default] Unable to schedule network 8377f909-d922-4017-8c94-60e1e9182550: no agents available; will retry on subsequent port and subnet creation events.
2026-05-30 03:08:06.649 10 INFO neutron.api.wsgi [None req-5c971ad8-d148-453c-997e-140965df55a4 7788c3c88dd44ec8842f9f524cb682ed fd6dfd5b532442ae9353838c0ba4d4fa - - default default] 10.0.0.50 "GET /v2.0/subnetpools?tags=red HTTP/1.1" status: 200 len: 1758 time: 0.0290751
2026-05-30 03:08:06.669 10 INFO neutron.api.wsgi [req-3bee018e-bb1b-47a8-9256-fa3d582a83da req-9c4ad047-67e5-411e-b11a-9916adcaf461 36971fcba5ee44dabde08faeb625cc40 9a232e7b446948d7a0b2105d1de6dd95 - - default default] 10.0.0.26 "GET /v2.0/ports?tenant_id=9a232e7b446948d7a0b2105d1de6dd95&fields=id HTTP/1.1" status: 200 len: 302 time: 0.0858483
2026-05-30 03:08:06.679 9 INFO neutron.api.wsgi [None req-c3ea8266-8db2-4386-8808-18732a67a31d 7788c3c88dd44ec8842f9f524cb682ed fd6dfd5b532442ae9353838c0ba4d4fa - - default default] 10.0.0.50 "GET /v2.0/subnetpools?tags=red%2Cblue HTTP/1.1" status: 200 len: 1251 time: 0.0237570
2026-05-30 03:08:06.718 9 INFO neutron.api.wsgi [None req-7fce60b7-31e7-4a12-b99a-1592bc77f9ed 7788c3c88dd44ec8842f9f524cb682ed fd6dfd5b532442ae9353838c0ba4d4fa - - default default] 10.0.0.50 "GET /v2.0/subnetpools?tags-any=blue HTTP/1.1" status: 200 len: 1251 time: 0.0321510
2026-05-30 03:08:06.721 9 INFO neutron.api.wsgi [None req-cbb37f0f-1874-4af8-90d5-16e17fd55514 5b269b93c6fd4a6f8021a4e0ea1fed9b 67ae0794042149f4a396eb9cd2d12b7e - - default default] 10.0.0.50 "DELETE /v2.0/security-groups/4a2eddf5-613e-452a-87c5-e2f3c6966d51 HTTP/1.1" status: 204 len: 168 time: 0.3293433
2026-05-30 03:08:06.729 10 INFO neutron.api.wsgi [req-3bee018e-bb1b-47a8-9256-fa3d582a83da req-a209284c-8df9-4f37-be0e-18e87a359d19 de22f10b7bce4dfdb31f2e95203cc9dc d696a7b8475b47d98a1dd2dcf2879aab - - 540244188f344bb38ea18e82208c5849 540244188f344bb38ea18e82208c5849] 10.0.0.26 "GET /v2.0/networks/0872ccfe-26bd-4fc0-aa9e-a5da2e11c6a7?fields=segments HTTP/1.1" status: 200 len: 212 time: 0.0480173
2026-05-30 03:08:06.745 9 INFO neutron.api.wsgi [None req-9d26d7d0-8a18-4ed9-a54e-c09d91eda909 7788c3c88dd44ec8842f9f524cb682ed fd6dfd5b532442ae9353838c0ba4d4fa - - default default] 10.0.0.50 "GET /v2.0/subnetpools?tags-any=red%2Cblue HTTP/1.1" status: 200 len: 1758 time: 0.0211961
2026-05-30 03:08:06.746 9 INFO neutron.db.ovn_revision_numbers_db [None req-7cce6dcf-8f91-4643-9848-37c266c80b3f 6f070a24353149df948e2e870c9a2e63 038c285bfb9a41e8909c855ade68569d - - default default] Successfully bumped revision number for resource 9b69a948-276e-4b20-9e5a-14b8d716d0ae (type: ports) to 1
2026-05-30 03:08:06.769 9 INFO neutron.api.wsgi [None req-7cce6dcf-8f91-4643-9848-37c266c80b3f 6f070a24353149df948e2e870c9a2e63 038c285bfb9a41e8909c855ade68569d - - default default] 10.0.0.50 "POST /v2.0/networks HTTP/1.1" status: 201 len: 829 time: 0.6419220
2026-05-30 03:08:06.771 10 INFO neutron.api.wsgi [None req-3f6a5437-ba27-4066-81af-495794f86dcd 7788c3c88dd44ec8842f9f524cb682ed fd6dfd5b532442ae9353838c0ba4d4fa - - default default] 10.0.0.50 "GET /v2.0/subnetpools?not-tags=red HTTP/1.1" status: 200 len: 1223 time: 0.0208502
2026-05-30 03:08:06.782 9 WARNING neutron_lib.context [None req-b6301b40-b528-48f4-be06-fb56fe4d5662 6f070a24353149df948e2e870c9a2e63 038c285bfb9a41e8909c855ade68569d - - default default] Method 'is_advsvc' is deprecated since 2023.2 release (neutron-lib 3.8.0) and will be removed once support for the old RBAC API policies will be removed from Neutron. Please use method 'is_service_role' instead.
2026-05-30 03:08:06.801 10 INFO neutron.api.wsgi [req-3bee018e-bb1b-47a8-9256-fa3d582a83da req-682749c2-aa6e-45b4-81d3-3ef025599177 de22f10b7bce4dfdb31f2e95203cc9dc d696a7b8475b47d98a1dd2dcf2879aab - - 540244188f344bb38ea18e82208c5849 540244188f344bb38ea18e82208c5849] 10.0.0.26 "GET /v2.0/networks/0872ccfe-26bd-4fc0-aa9e-a5da2e11c6a7?fields=provider%3Aphysical_network&fields=provider%3Anetwork_type HTTP/1.1" status: 200 len: 277 time: 0.0658724
2026-05-30 03:08:06.804 10 INFO neutron.api.wsgi [None req-4693a3f0-72a7-49ff-ba25-1c3a06e2bc27 7788c3c88dd44ec8842f9f524cb682ed fd6dfd5b532442ae9353838c0ba4d4fa - - default default] 10.0.0.50 "GET /v2.0/subnetpools?not-tags=red%2Cblue HTTP/1.1" status: 200 len: 1730 time: 0.0276551
2026-05-30 03:08:06.838 10 INFO neutron.api.wsgi [None req-7c13014e-dfab-4968-bc12-dde38a505865 7788c3c88dd44ec8842f9f524cb682ed fd6dfd5b532442ae9353838c0ba4d4fa - - default default] 10.0.0.50 "GET /v2.0/subnetpools?not-tags-any=blue HTTP/1.1" status: 200 len: 1730 time: 0.0274675
2026-05-30 03:08:06.863 10 INFO neutron.api.wsgi [None req-e0cc5461-5ea0-4c13-b857-1017dce3c847 7788c3c88dd44ec8842f9f524cb682ed fd6dfd5b532442ae9353838c0ba4d4fa - - default default] 10.0.0.50 "GET /v2.0/subnetpools?not-tags-any=red%2Cblue HTTP/1.1" status: 200 len: 1223 time: 0.0196605
2026-05-30 03:08:06.877 9 INFO neutron.db.segments_db [None req-b6301b40-b528-48f4-be06-fb56fe4d5662 6f070a24353149df948e2e870c9a2e63 038c285bfb9a41e8909c855ade68569d - - default default] Added segment 5bdb0dad-d856-4a9a-aeef-1f38f496dcd8 of type geneve for network d4694231-5c47-417c-8cee-343688e30f2f
2026-05-30 03:08:06.927 10 INFO neutron.api.wsgi [None req-d050f57b-4bbf-4a75-81ba-9885a6f4cc5c 7788c3c88dd44ec8842f9f524cb682ed fd6dfd5b532442ae9353838c0ba4d4fa - - default default] 10.0.0.50 "DELETE /v2.0/subnetpools/1295df22-d73c-459b-a631-9f13b221ae9c HTTP/1.1" status: 204 len: 168 time: 0.0530763
2026-05-30 03:08:06.945 9 INFO neutron.api.wsgi [req-45fb70bf-9cca-4647-8420-86c53c4480b6 req-82568a2f-3c13-4e62-81a1-5fa5df4d3d22 36971fcba5ee44dabde08faeb625cc40 9a232e7b446948d7a0b2105d1de6dd95 - - default default] 10.0.0.26 "GET /v2.0/ports?device_id=1c8a7ec9-c691-4e99-bbb0-e37b468dcfb7 HTTP/1.1" status: 200 len: 210 time: 0.0295913
2026-05-30 03:08:06.994 9 INFO neutron.db.ovn_revision_numbers_db [None req-533dc69e-ffcd-41d9-92ac-035642862bc7 5b269b93c6fd4a6f8021a4e0ea1fed9b 67ae0794042149f4a396eb9cd2d12b7e - - default default] Successfully bumped revision number for resource 4241c40f-e40f-4fa4-bc4a-c2c44519046b (type: security_groups) to 1
2026-05-30 03:08:06.997 10 INFO neutron.api.wsgi [None req-18dd5af9-9ec5-4356-8136-8b058ebde8a7 7788c3c88dd44ec8842f9f524cb682ed fd6dfd5b532442ae9353838c0ba4d4fa - - default default] 10.0.0.50 "DELETE /v2.0/subnetpools/13a9c9fe-1c3f-4056-a5de-390f81beeb29 HTTP/1.1" status: 204 len: 168 time: 0.0626266
2026-05-30 03:08:07.032 9 INFO neutron.db.ovn_revision_numbers_db [None req-533dc69e-ffcd-41d9-92ac-035642862bc7 5b269b93c6fd4a6f8021a4e0ea1fed9b 67ae0794042149f4a396eb9cd2d12b7e - - default default] Successfully bumped revision number for resource 3d97ed46-6214-4880-ab17-5f52418ac89a (type: security_group_rules) to 0
2026-05-30 03:08:07.049 9 INFO neutron.db.ovn_revision_numbers_db [None req-b6301b40-b528-48f4-be06-fb56fe4d5662 6f070a24353149df948e2e870c9a2e63 038c285bfb9a41e8909c855ade68569d - - default default] Successfully bumped revision number for resource d4694231-5c47-417c-8cee-343688e30f2f (type: networks) to 1
2026-05-30 03:08:07.052 9 INFO neutron.db.ovn_revision_numbers_db [None req-533dc69e-ffcd-41d9-92ac-035642862bc7 5b269b93c6fd4a6f8021a4e0ea1fed9b 67ae0794042149f4a396eb9cd2d12b7e - - default default] Successfully bumped revision number for resource b0ea77e2-3da6-44c7-887d-46232180fd89 (type: security_group_rules) to 0
2026-05-30 03:08:07.075 9 INFO neutron.api.wsgi [None req-080be03e-32ac-48a0-8222-02c4c5546a79 7788c3c88dd44ec8842f9f524cb682ed fd6dfd5b532442ae9353838c0ba4d4fa - - default default] 10.0.0.50 "DELETE /v2.0/subnetpools/35fe2c3f-3e38-4bab-acff-57cdf5a6df1e HTTP/1.1" status: 204 len: 168 time: 0.0713325
2026-05-30 03:08:07.076 9 INFO neutron.db.ovn_revision_numbers_db [None req-533dc69e-ffcd-41d9-92ac-035642862bc7 5b269b93c6fd4a6f8021a4e0ea1fed9b 67ae0794042149f4a396eb9cd2d12b7e - - default default] Successfully bumped revision number for resource b41757ec-6313-43ef-9c32-4fd199c21d6b (type: security_group_rules) to 0
2026-05-30 03:08:07.105 9 INFO neutron.db.ovn_revision_numbers_db [None req-533dc69e-ffcd-41d9-92ac-035642862bc7 5b269b93c6fd4a6f8021a4e0ea1fed9b 67ae0794042149f4a396eb9cd2d12b7e - - default default] Successfully bumped revision number for resource ede96add-fcd9-453b-bd2f-39e0c079ea00 (type: security_group_rules) to 0
2026-05-30 03:08:07.147 10 INFO neutron.api.wsgi [None req-07aa3a34-e45f-467a-bf36-596a8012d638 7788c3c88dd44ec8842f9f524cb682ed fd6dfd5b532442ae9353838c0ba4d4fa - - default default] 10.0.0.50 "DELETE /v2.0/subnetpools/2e86c0f8-bf65-47f9-adc9-7a005d795033 HTTP/1.1" status: 204 len: 168 time: 0.0660126
2026-05-30 03:08:07.155 9 INFO neutron.api.wsgi [None req-533dc69e-ffcd-41d9-92ac-035642862bc7 5b269b93c6fd4a6f8021a4e0ea1fed9b 67ae0794042149f4a396eb9cd2d12b7e - - default default] 10.0.0.50 "GET /v2.0/security-groups?tenant_id=54544343ca82431e80d3de6da000fcb5&name=default HTTP/1.1" status: 200 len: 3120 time: 0.3362129
2026-05-30 03:08:07.226 9 INFO neutron.api.wsgi [None req-b4b75601-fd5e-4eb2-aeed-205b64c5ae81 7788c3c88dd44ec8842f9f524cb682ed fd6dfd5b532442ae9353838c0ba4d4fa - - default default] 10.0.0.50 "DELETE /v2.0/subnetpools/8ebec13e-3722-44ae-ac17-2c9e864fd12d HTTP/1.1" status: 204 len: 168 time: 0.0694377
2026-05-30 03:08:07.270 9 WARNING neutron.scheduler.dhcp_agent_scheduler [None req-b6301b40-b528-48f4-be06-fb56fe4d5662 6f070a24353149df948e2e870c9a2e63 038c285bfb9a41e8909c855ade68569d - - default default] No more DHCP agents
2026-05-30 03:08:07.272 9 WARNING neutron.api.rpc.agentnotifiers.dhcp_rpc_agent_api [None req-b6301b40-b528-48f4-be06-fb56fe4d5662 6f070a24353149df948e2e870c9a2e63 038c285bfb9a41e8909c855ade68569d - - default default] Unable to schedule network d4694231-5c47-417c-8cee-343688e30f2f: no agents available; will retry on subsequent port and subnet creation events.
2026-05-30 03:08:07.346 9 INFO neutron.db.ovn_revision_numbers_db [None req-b6301b40-b528-48f4-be06-fb56fe4d5662 6f070a24353149df948e2e870c9a2e63 038c285bfb9a41e8909c855ade68569d - - default default] Successfully bumped revision number for resource 3b67e439-4e90-42e8-b9d6-c472f76b39af (type: ports) to 1
2026-05-30 03:08:07.369 10 INFO neutron.api.wsgi [None req-a1cf99e9-9e1f-4759-8824-0c5caec3663c 5b269b93c6fd4a6f8021a4e0ea1fed9b 67ae0794042149f4a396eb9cd2d12b7e - - default default] 10.0.0.50 "DELETE /v2.0/security-groups/4241c40f-e40f-4fa4-bc4a-c2c44519046b HTTP/1.1" status: 204 len: 168 time: 0.2089937
2026-05-30 03:08:07.374 9 INFO neutron.api.wsgi [None req-b6301b40-b528-48f4-be06-fb56fe4d5662 6f070a24353149df948e2e870c9a2e63 038c285bfb9a41e8909c855ade68569d - - default default] 10.0.0.50 "POST /v2.0/networks HTTP/1.1" status: 201 len: 830 time: 0.5986733
2026-05-30 03:08:07.385 10 WARNING neutron_lib.context [None req-57e8fcbc-de27-451e-8055-d73b8583516f 6f070a24353149df948e2e870c9a2e63 038c285bfb9a41e8909c855ade68569d - - default default] Method 'is_advsvc' is deprecated since 2023.2 release (neutron-lib 3.8.0) and will be removed once support for the old RBAC API policies will be removed from Neutron. Please use method 'is_service_role' instead.
2026-05-30 03:08:07.483 10 INFO neutron.db.segments_db [None req-57e8fcbc-de27-451e-8055-d73b8583516f 6f070a24353149df948e2e870c9a2e63 038c285bfb9a41e8909c855ade68569d - - default default] Added segment c16de4b9-1b31-4207-9431-bdcbe820d48b of type geneve for network 793f8355-e587-4b5a-8110-aa224fdcbfb2
2026-05-30 03:08:07.607 10 INFO neutron.db.ovn_revision_numbers_db [None req-57e8fcbc-de27-451e-8055-d73b8583516f 6f070a24353149df948e2e870c9a2e63 038c285bfb9a41e8909c855ade68569d - - default default] Successfully bumped revision number for resource 793f8355-e587-4b5a-8110-aa224fdcbfb2 (type: networks) to 1
2026-05-30 03:08:07.786 10 WARNING neutron.scheduler.dhcp_agent_scheduler [None req-57e8fcbc-de27-451e-8055-d73b8583516f 6f070a24353149df948e2e870c9a2e63 038c285bfb9a41e8909c855ade68569d - - default default] No more DHCP agents
2026-05-30 03:08:07.788 10 WARNING neutron.api.rpc.agentnotifiers.dhcp_rpc_agent_api [None req-57e8fcbc-de27-451e-8055-d73b8583516f 6f070a24353149df948e2e870c9a2e63 038c285bfb9a41e8909c855ade68569d - - default default] Unable to schedule network 793f8355-e587-4b5a-8110-aa224fdcbfb2: no agents available; will retry on subsequent port and subnet creation events.
2026-05-30 03:08:07.851 10 INFO neutron.db.ovn_revision_numbers_db [None req-57e8fcbc-de27-451e-8055-d73b8583516f 6f070a24353149df948e2e870c9a2e63 038c285bfb9a41e8909c855ade68569d - - default default] Successfully bumped revision number for resource 99bd22a3-1274-45b0-bfef-b05d4fdcd17d (type: ports) to 1
2026-05-30 03:08:07.875 10 INFO neutron.api.wsgi [None req-57e8fcbc-de27-451e-8055-d73b8583516f 6f070a24353149df948e2e870c9a2e63 038c285bfb9a41e8909c855ade68569d - - default default] 10.0.0.50 "POST /v2.0/networks HTTP/1.1" status: 201 len: 831 time: 0.4952970
2026-05-30 03:08:07.916 10 INFO neutron.api.wsgi [None req-6c6692c1-c65d-47fb-bd54-b67fe80f5530 6f070a24353149df948e2e870c9a2e63 038c285bfb9a41e8909c855ade68569d - - default default] 10.0.0.50 "PUT /v2.0/networks/c703e891-9f85-4992-90f8-c2133be3f575/tags HTTP/1.1" status: 200 len: 210 time: 0.0355349
2026-05-30 03:08:07.953 10 INFO neutron.api.wsgi [None req-e0edaaf8-ce60-4474-a3f2-e2c8a2006c62 6f070a24353149df948e2e870c9a2e63 038c285bfb9a41e8909c855ade68569d - - default default] 10.0.0.50 "PUT /v2.0/networks/99b63d5b-e952-4606-9edb-e2e47b8a77dc/tags HTTP/1.1" status: 200 len: 218 time: 0.0329745
2026-05-30 03:08:07.987 10 INFO neutron.api.wsgi [None req-6556c424-5d22-45c8-8f7b-0d88ff811dc8 6f070a24353149df948e2e870c9a2e63 038c285bfb9a41e8909c855ade68569d - - default default] 10.0.0.50 "PUT /v2.0/networks/8377f909-d922-4017-8c94-60e1e9182550/tags HTTP/1.1" status: 200 len: 227 time: 0.0281129
2026-05-30 03:08:08.042 10 INFO neutron.api.wsgi [req-ac1ef2c8-7874-460b-bf51-4ec8d79f33f7 req-1dfe8137-f55d-4cc8-ac14-e30843796476 36971fcba5ee44dabde08faeb625cc40 9a232e7b446948d7a0b2105d1de6dd95 - - default default] 10.0.0.26 "GET /v2.0/ports?device_id=1c8a7ec9-c691-4e99-bbb0-e37b468dcfb7 HTTP/1.1" status: 200 len: 210 time: 0.0272746
2026-05-30 03:08:08.077 10 INFO neutron.api.wsgi [None req-cfa9bde7-7316-48d3-b726-a5a5fa43ac2c 6f070a24353149df948e2e870c9a2e63 038c285bfb9a41e8909c855ade68569d - - default default] 10.0.0.50 "PUT /v2.0/networks/d4694231-5c47-417c-8cee-343688e30f2f/tags HTTP/1.1" status: 200 len: 212 time: 0.0760403
2026-05-30 03:08:08.122 10 INFO neutron.api.wsgi [None req-cdc409e7-cadd-4aaf-803d-f00f0c3be34f 6f070a24353149df948e2e870c9a2e63 038c285bfb9a41e8909c855ade68569d - - default default] 10.0.0.50 "GET /v2.0/networks?tags=red HTTP/1.1" status: 200 len: 2067 time: 0.0390651
2026-05-30 03:08:08.169 10 INFO neutron.api.wsgi [None req-e14a793d-3a70-481b-aa45-1a2f270a477f 6f070a24353149df948e2e870c9a2e63 038c285bfb9a41e8909c855ade68569d - - default default] 10.0.0.50 "GET /v2.0/networks?tags=red%2Cblue HTTP/1.1" status: 200 len: 1454 time: 0.0386519
2026-05-30 03:08:08.238 9 INFO neutron.api.wsgi [None req-c3bb675e-e64b-4f09-9051-b2ff6173a24d 6f070a24353149df948e2e870c9a2e63 038c285bfb9a41e8909c855ade68569d - - default default] 10.0.0.50 "GET /v2.0/networks?tags-any=blue HTTP/1.1" status: 200 len: 1454 time: 0.0558023
2026-05-30 03:08:08.284 9 INFO neutron.api.wsgi [None req-9638bf16-3807-4890-af21-f400ad07de33 6f070a24353149df948e2e870c9a2e63 038c285bfb9a41e8909c855ade68569d - - default default] 10.0.0.50 "GET /v2.0/networks?tags-any=red%2Cblue HTTP/1.1" status: 200 len: 2067 time: 0.0411749
2026-05-30 03:08:08.355 9 INFO neutron.api.wsgi [None req-3a55217f-b32f-4820-a711-8dceb0c5236c 6f070a24353149df948e2e870c9a2e63 038c285bfb9a41e8909c855ade68569d - - default default] 10.0.0.50 "GET /v2.0/networks?not-tags=red HTTP/1.1" status: 200 len: 2068 time: 0.0655324
2026-05-30 03:08:08.425 9 INFO neutron.api.wsgi [None req-975f63ee-971c-4f49-8701-3f06a455f76f 6f070a24353149df948e2e870c9a2e63 038c285bfb9a41e8909c855ade68569d - - default default] 10.0.0.50 "GET /v2.0/networks?not-tags=red%2Cblue HTTP/1.1" status: 200 len: 2681 time: 0.0645282
2026-05-30 03:08:08.488 9 INFO neutron.api.wsgi [None req-70aa6ddb-16a6-49ec-bde3-43a4db1d5196 6f070a24353149df948e2e870c9a2e63 038c285bfb9a41e8909c855ade68569d - - default default] 10.0.0.50 "GET /v2.0/networks?not-tags-any=blue HTTP/1.1" status: 200 len: 2681 time: 0.0567729
2026-05-30 03:08:08.579 10 INFO neutron.api.wsgi [None req-583900cf-a9ae-431c-814e-67929c5ca411 6f070a24353149df948e2e870c9a2e63 038c285bfb9a41e8909c855ade68569d - - default default] 10.0.0.50 "GET /v2.0/networks?not-tags-any=red%2Cblue HTTP/1.1" status: 200 len: 2068 time: 0.0810461
2026-05-30 03:08:08.646 10 INFO neutron.db.ovn_revision_numbers_db [None req-08b0dbcf-1024-40f7-bf9b-48f834981275 5b269b93c6fd4a6f8021a4e0ea1fed9b 67ae0794042149f4a396eb9cd2d12b7e - - default default] Successfully bumped revision number for resource f70a2a4d-d409-49be-8ca9-d986b622228c (type: security_groups) to 1
2026-05-30 03:08:08.658 10 INFO neutron.db.ovn_revision_numbers_db [None req-08b0dbcf-1024-40f7-bf9b-48f834981275 5b269b93c6fd4a6f8021a4e0ea1fed9b 67ae0794042149f4a396eb9cd2d12b7e - - default default] Successfully bumped revision number for resource 448a312e-5eb7-4e7a-8e8c-7b0f369f394c (type: security_group_rules) to 0
2026-05-30 03:08:08.675 10 INFO neutron.db.ovn_revision_numbers_db [None req-08b0dbcf-1024-40f7-bf9b-48f834981275 5b269b93c6fd4a6f8021a4e0ea1fed9b 67ae0794042149f4a396eb9cd2d12b7e - - default default] Successfully bumped revision number for resource 63af3c58-5d98-4325-bedd-67eece3b263c (type: security_group_rules) to 0
2026-05-30 03:08:08.688 10 INFO neutron.db.ovn_revision_numbers_db [None req-08b0dbcf-1024-40f7-bf9b-48f834981275 5b269b93c6fd4a6f8021a4e0ea1fed9b 67ae0794042149f4a396eb9cd2d12b7e - - default default] Successfully bumped revision number for resource d36169fa-1712-490b-bb40-acd992450b44 (type: security_group_rules) to 0
2026-05-30 03:08:08.723 10 INFO neutron.db.ovn_revision_numbers_db [None req-08b0dbcf-1024-40f7-bf9b-48f834981275 5b269b93c6fd4a6f8021a4e0ea1fed9b 67ae0794042149f4a396eb9cd2d12b7e - - default default] Successfully bumped revision number for resource da3c8cef-81b1-490b-8c84-5e8d293a2c34 (type: security_group_rules) to 0
2026-05-30 03:08:08.810 10 INFO neutron.api.wsgi [None req-08b0dbcf-1024-40f7-bf9b-48f834981275 5b269b93c6fd4a6f8021a4e0ea1fed9b 67ae0794042149f4a396eb9cd2d12b7e - - default default] 10.0.0.50 "GET /v2.0/security-groups?tenant_id=ec8c1eb4fc444cacb1f16c6a42e563b6&name=default HTTP/1.1" status: 200 len: 3120 time: 0.5539534
2026-05-30 03:08:09.009 10 INFO neutron.services.segments.plugin [-] Segment b0344713-7016-4864-975e-08b5e8f64e2a resource provider aggregate not found
2026-05-30 03:08:09.020 10 INFO neutron.services.segments.plugin [-] Segment b0344713-7016-4864-975e-08b5e8f64e2a resource provider aggregate not found
2026-05-30 03:08:09.021 9 INFO neutron.api.wsgi [None req-90195601-6d6b-4f24-bdcf-68b06fe0563e 5b269b93c6fd4a6f8021a4e0ea1fed9b 67ae0794042149f4a396eb9cd2d12b7e - - default default] 10.0.0.50 "DELETE /v2.0/security-groups/f70a2a4d-d409-49be-8ca9-d986b622228c HTTP/1.1" status: 204 len: 168 time: 0.2057061
2026-05-30 03:08:09.029 10 INFO neutron.services.segments.plugin [-] Segment b0344713-7016-4864-975e-08b5e8f64e2a resource provider not found; error: Placement Client Error (4xx): {"errors": [{"status": 404, "title": "Not Found", "detail": "The resource could not be found.\n\n No resource provider with uuid b0344713-7016-4864-975e-08b5e8f64e2a found for delete ", "request_id": "req-291009b2-a22a-45f1-9c5c-67f49a494c53"}]}
2026-05-30 03:08:09.031 10 INFO neutron.services.segments.plugin [-] Segment b0344713-7016-4864-975e-08b5e8f64e2a resource provider not found; error: Placement Client Error (4xx): {"errors": [{"status": 404, "title": "Not Found", "detail": "The resource could not be found.\n\n No resource provider with uuid b0344713-7016-4864-975e-08b5e8f64e2a found for delete ", "request_id": "req-6c92ee44-43ab-437d-b21c-a3d8ebf94b70"}]}
2026-05-30 03:08:09.041 10 INFO neutron.api.wsgi [None req-e1ad4f24-52fc-4c35-a530-69bfaee24974 6f070a24353149df948e2e870c9a2e63 038c285bfb9a41e8909c855ade68569d - - default default] 10.0.0.50 "DELETE /v2.0/networks/c703e891-9f85-4992-90f8-c2133be3f575 HTTP/1.1" status: 204 len: 168 time: 0.4476142
2026-05-30 03:08:09.131 9 INFO neutron.api.wsgi [req-0a20bf0d-271e-4716-acfe-9394511a8dfc req-aa269854-aa2d-4f79-9ced-82dac77c9040 36971fcba5ee44dabde08faeb625cc40 9a232e7b446948d7a0b2105d1de6dd95 - - default default] 10.0.0.26 "GET /v2.0/ports?device_id=1c8a7ec9-c691-4e99-bbb0-e37b468dcfb7 HTTP/1.1" status: 200 len: 210 time: 0.0191698
2026-05-30 03:08:09.268 9 INFO neutron.db.ovn_revision_numbers_db [None req-8baf2927-f8b3-406a-959b-c0ac0ef5f577 5b269b93c6fd4a6f8021a4e0ea1fed9b 67ae0794042149f4a396eb9cd2d12b7e - - default default] Successfully bumped revision number for resource 595b168a-589f-4bf7-939c-48ec2fe022cc (type: security_groups) to 1
2026-05-30 03:08:09.280 9 INFO neutron.db.ovn_revision_numbers_db [None req-8baf2927-f8b3-406a-959b-c0ac0ef5f577 5b269b93c6fd4a6f8021a4e0ea1fed9b 67ae0794042149f4a396eb9cd2d12b7e - - default default] Successfully bumped revision number for resource 25b168b1-12af-4ddc-9b57-b975bdb63359 (type: security_group_rules) to 0
2026-05-30 03:08:09.293 9 INFO neutron.db.ovn_revision_numbers_db [None req-8baf2927-f8b3-406a-959b-c0ac0ef5f577 5b269b93c6fd4a6f8021a4e0ea1fed9b 67ae0794042149f4a396eb9cd2d12b7e - - default default] Successfully bumped revision number for resource 79a6489b-6602-4bf1-8b28-29da9318d2b9 (type: security_group_rules) to 0
2026-05-30 03:08:09.305 9 INFO neutron.db.ovn_revision_numbers_db [None req-8baf2927-f8b3-406a-959b-c0ac0ef5f577 5b269b93c6fd4a6f8021a4e0ea1fed9b 67ae0794042149f4a396eb9cd2d12b7e - - default default] Successfully bumped revision number for resource a0508cd7-dc59-4543-bdb3-4744bff9d85e (type: security_group_rules) to 0
2026-05-30 03:08:09.320 9 INFO neutron.db.ovn_revision_numbers_db [None req-8baf2927-f8b3-406a-959b-c0ac0ef5f577 5b269b93c6fd4a6f8021a4e0ea1fed9b 67ae0794042149f4a396eb9cd2d12b7e - - default default] Successfully bumped revision number for resource fde2b6e3-540e-4a63-a0bc-10571fc5e2cd (type: security_group_rules) to 0
2026-05-30 03:08:09.355 9 INFO neutron.api.wsgi [None req-8baf2927-f8b3-406a-959b-c0ac0ef5f577 5b269b93c6fd4a6f8021a4e0ea1fed9b 67ae0794042149f4a396eb9cd2d12b7e - - default default] 10.0.0.50 "GET /v2.0/security-groups?tenant_id=fd6dfd5b532442ae9353838c0ba4d4fa&name=default HTTP/1.1" status: 200 len: 3120 time: 0.2012441
2026-05-30 03:08:09.402 10 INFO neutron.api.wsgi [None req-2a215510-3b5e-4bde-808b-6f725ba4d2f2 6f070a24353149df948e2e870c9a2e63 038c285bfb9a41e8909c855ade68569d - - default default] 10.0.0.50 "DELETE /v2.0/networks/99b63d5b-e952-4606-9edb-e2e47b8a77dc HTTP/1.1" status: 204 len: 168 time: 0.3489819
2026-05-30 03:08:09.585 10 WARNING neutron.plugins.ml2.drivers.ovn.mech_driver.ovsdb.ovn_client [None req-e1c9c58d-ba63-4913-96ef-c6178f9fa6c8 - - - - - -] No hosting information found for port cd42bd88-3480-4853-9a08-7730e49cdfb9: RuntimeError: No hosting information found for port cd42bd88-3480-4853-9a08-7730e49cdfb9
2026-05-30 03:08:09.590 9 INFO neutron.api.wsgi [None req-7f8bbb0d-de34-47a8-84ee-8dd8ec7b804f 5b269b93c6fd4a6f8021a4e0ea1fed9b 67ae0794042149f4a396eb9cd2d12b7e - - default default] 10.0.0.50 "DELETE /v2.0/security-groups/595b168a-589f-4bf7-939c-48ec2fe022cc HTTP/1.1" status: 204 len: 168 time: 0.2290709
2026-05-30 03:08:09.701 10 INFO neutron.db.ovn_revision_numbers_db [None req-e1c9c58d-ba63-4913-96ef-c6178f9fa6c8 - - - - - -] Successfully bumped revision number for resource cd42bd88-3480-4853-9a08-7730e49cdfb9 (type: router_ports) to 2
2026-05-30 03:08:09.772 10 INFO neutron.api.wsgi [None req-34e320ec-785e-4259-9f13-46a8b6b27157 6f070a24353149df948e2e870c9a2e63 038c285bfb9a41e8909c855ade68569d - - default default] 10.0.0.50 "DELETE /v2.0/networks/8377f909-d922-4017-8c94-60e1e9182550 HTTP/1.1" status: 204 len: 168 time: 0.3627074
2026-05-30 03:08:09.850 10 INFO neutron.db.ovn_revision_numbers_db [None req-efc82984-3f91-422f-81e7-4b3b37a84ca8 5b269b93c6fd4a6f8021a4e0ea1fed9b 67ae0794042149f4a396eb9cd2d12b7e - - default default] Successfully bumped revision number for resource d7d6f0b9-d407-4fdd-b6b6-b951603fbaca (type: security_groups) to 1
2026-05-30 03:08:09.864 10 INFO neutron.db.ovn_revision_numbers_db [None req-efc82984-3f91-422f-81e7-4b3b37a84ca8 5b269b93c6fd4a6f8021a4e0ea1fed9b 67ae0794042149f4a396eb9cd2d12b7e - - default default] Successfully bumped revision number for resource 20ec00d2-63e3-4130-8809-a0d4af4e2cc8 (type: security_group_rules) to 0
2026-05-30 03:08:09.877 10 INFO neutron.db.ovn_revision_numbers_db [None req-efc82984-3f91-422f-81e7-4b3b37a84ca8 5b269b93c6fd4a6f8021a4e0ea1fed9b 67ae0794042149f4a396eb9cd2d12b7e - - default default] Successfully bumped revision number for resource a26eb47f-3a92-4142-8ecf-add6d721c9db (type: security_group_rules) to 0
2026-05-30 03:08:09.890 10 INFO neutron.db.ovn_revision_numbers_db [None req-efc82984-3f91-422f-81e7-4b3b37a84ca8 5b269b93c6fd4a6f8021a4e0ea1fed9b 67ae0794042149f4a396eb9cd2d12b7e - - default default] Successfully bumped revision number for resource a3988078-756f-44c3-a88f-cfce5e5d6763 (type: security_group_rules) to 0
2026-05-30 03:08:09.905 10 INFO neutron.db.ovn_revision_numbers_db [None req-efc82984-3f91-422f-81e7-4b3b37a84ca8 5b269b93c6fd4a6f8021a4e0ea1fed9b 67ae0794042149f4a396eb9cd2d12b7e - - default default] Successfully bumped revision number for resource b6462537-fc0d-4ab8-9c18-2324611c6e73 (type: security_group_rules) to 0
2026-05-30 03:08:09.944 10 INFO neutron.api.wsgi [None req-efc82984-3f91-422f-81e7-4b3b37a84ca8 5b269b93c6fd4a6f8021a4e0ea1fed9b 67ae0794042149f4a396eb9cd2d12b7e - - default default] 10.0.0.50 "GET /v2.0/security-groups?tenant_id=58a4adfafae44a99a7541a8be7625c14&name=default HTTP/1.1" status: 200 len: 3120 time: 0.2260118
2026-05-30 03:08:10.104 9 INFO neutron.services.segments.plugin [-] Segment 5bdb0dad-d856-4a9a-aeef-1f38f496dcd8 resource provider aggregate not found
2026-05-30 03:08:10.107 9 INFO neutron.services.segments.plugin [-] Segment 5bdb0dad-d856-4a9a-aeef-1f38f496dcd8 resource provider aggregate not found
2026-05-30 03:08:10.116 9 INFO neutron.services.segments.plugin [-] Segment 5bdb0dad-d856-4a9a-aeef-1f38f496dcd8 resource provider not found; error: Placement Client Error (4xx): {"errors": [{"status": 404, "title": "Not Found", "detail": "The resource could not be found.\n\n No resource provider with uuid 5bdb0dad-d856-4a9a-aeef-1f38f496dcd8 found for delete ", "request_id": "req-0b4ec962-f490-428f-a62f-eaf17b477746"}]}
2026-05-30 03:08:10.123 9 INFO neutron.services.segments.plugin [-] Segment 5bdb0dad-d856-4a9a-aeef-1f38f496dcd8 resource provider not found; error: Placement Client Error (4xx): {"errors": [{"status": 404, "title": "Not Found", "detail": "The resource could not be found.\n\n No resource provider with uuid 5bdb0dad-d856-4a9a-aeef-1f38f496dcd8 found for delete ", "request_id": "req-ab326e30-2414-433c-ac5e-8c685a7d7899"}]}
2026-05-30 03:08:10.146 9 INFO neutron.api.wsgi [None req-65aa4799-b200-4c9c-8350-980e45719da9 6f070a24353149df948e2e870c9a2e63 038c285bfb9a41e8909c855ade68569d - - default default] 10.0.0.50 "DELETE /v2.0/networks/d4694231-5c47-417c-8cee-343688e30f2f HTTP/1.1" status: 204 len: 168 time: 0.3629956
2026-05-30 03:08:10.197 9 INFO neutron.api.wsgi [None req-bc7909ed-d08e-4fbf-b32c-cc6f801395a7 5b269b93c6fd4a6f8021a4e0ea1fed9b 67ae0794042149f4a396eb9cd2d12b7e - - default default] 10.0.0.50 "DELETE /v2.0/security-groups/d7d6f0b9-d407-4fdd-b6b6-b951603fbaca HTTP/1.1" status: 204 len: 168 time: 0.2480352
2026-05-30 03:08:10.211 10 INFO neutron.api.wsgi [req-f9245e57-f75a-4935-9254-354173f52f0b req-f34cf077-58b4-4bb4-94e6-b2c81c5ebc86 36971fcba5ee44dabde08faeb625cc40 9a232e7b446948d7a0b2105d1de6dd95 - - default default] 10.0.0.26 "GET /v2.0/ports?device_id=1c8a7ec9-c691-4e99-bbb0-e37b468dcfb7 HTTP/1.1" status: 200 len: 210 time: 0.0248051
2026-05-30 03:08:10.513 9 INFO neutron.api.wsgi [None req-7ae35f23-9d84-4585-81f4-dc91c61b457c 6f070a24353149df948e2e870c9a2e63 038c285bfb9a41e8909c855ade68569d - - default default] 10.0.0.50 "DELETE /v2.0/networks/793f8355-e587-4b5a-8110-aa224fdcbfb2 HTTP/1.1" status: 204 len: 168 time: 0.3609703
2026-05-30 03:08:11.048 10 INFO neutron.services.segments.plugin [-] Segment 35df4c20-1bc9-43f4-8934-892d61226f23 resource provider aggregate not found
2026-05-30 03:08:11.056 10 INFO neutron.services.segments.plugin [-] Segment 35df4c20-1bc9-43f4-8934-892d61226f23 resource provider aggregate not found
2026-05-30 03:08:11.062 10 INFO neutron.services.segments.plugin [-] Segment 35df4c20-1bc9-43f4-8934-892d61226f23 resource provider not found; error: Placement Client Error (4xx): {"errors": [{"status": 404, "title": "Not Found", "detail": "The resource could not be found.\n\n No resource provider with uuid 35df4c20-1bc9-43f4-8934-892d61226f23 found for delete ", "request_id": "req-ea7f47db-2e58-4dac-9622-28d01ba7b706"}]}
2026-05-30 03:08:11.071 10 INFO neutron.services.segments.plugin [-] Segment 35df4c20-1bc9-43f4-8934-892d61226f23 resource provider not found; error: Placement Client Error (4xx): {"errors": [{"status": 404, "title": "Not Found", "detail": "The resource could not be found.\n\n No resource provider with uuid 35df4c20-1bc9-43f4-8934-892d61226f23 found for delete ", "request_id": "req-f4b33cea-fb09-467f-b4a7-dff0206f7e0b"}]}
2026-05-30 03:08:11.079 10 INFO neutron.services.segments.plugin [-] Segment 1811f10a-feb6-4ceb-b8b6-b662d8a5055f resource provider aggregate not found
2026-05-30 03:08:11.089 10 INFO neutron.services.segments.plugin [-] Segment 1811f10a-feb6-4ceb-b8b6-b662d8a5055f resource provider aggregate not found
2026-05-30 03:08:11.095 10 INFO neutron.services.segments.plugin [-] Segment 1811f10a-feb6-4ceb-b8b6-b662d8a5055f resource provider not found; error: Placement Client Error (4xx): {"errors": [{"status": 404, "title": "Not Found", "detail": "The resource could not be found.\n\n No resource provider with uuid 1811f10a-feb6-4ceb-b8b6-b662d8a5055f found for delete ", "request_id": "req-fc2e5961-ec60-4adf-a8d7-f422ba90e4c8"}]}
2026-05-30 03:08:11.104 10 INFO neutron.services.segments.plugin [-] Segment 1811f10a-feb6-4ceb-b8b6-b662d8a5055f resource provider not found; error: Placement Client Error (4xx): {"errors": [{"status": 404, "title": "Not Found", "detail": "The resource could not be found.\n\n No resource provider with uuid 1811f10a-feb6-4ceb-b8b6-b662d8a5055f found for delete ", "request_id": "req-ebca4aa9-bf05-4d47-931d-225a98a7b281"}]}
2026-05-30 03:08:11.283 9 INFO neutron.api.wsgi [req-3bee018e-bb1b-47a8-9256-fa3d582a83da req-9fa4120e-5c3b-4e6c-a9ef-28b161dbb8d5 36971fcba5ee44dabde08faeb625cc40 9a232e7b446948d7a0b2105d1de6dd95 - - default default] 199.204.45.72 "GET /v2.0/networks?id=0872ccfe-26bd-4fc0-aa9e-a5da2e11c6a7 HTTP/1.1" status: 200 len: 860 time: 0.0501781
2026-05-30 03:08:11.306 9 INFO neutron.api.wsgi [req-f3acbb5a-235c-4533-8af5-bec6bed65099 req-79f59cf9-365c-471c-ad5a-2afdfe3e2a80 36971fcba5ee44dabde08faeb625cc40 9a232e7b446948d7a0b2105d1de6dd95 - - default default] 10.0.0.26 "GET /v2.0/ports?device_id=1c8a7ec9-c691-4e99-bbb0-e37b468dcfb7 HTTP/1.1" status: 200 len: 210 time: 0.0313332
2026-05-30 03:08:11.331 9 INFO neutron.api.wsgi [req-3bee018e-bb1b-47a8-9256-fa3d582a83da req-87bd09b1-70e8-4059-bcd5-5e0e1dff1d49 36971fcba5ee44dabde08faeb625cc40 9a232e7b446948d7a0b2105d1de6dd95 - - default default] 199.204.45.72 "GET /v2.0/security-groups?fields=id&fields=name&tenant_id=9a232e7b446948d7a0b2105d1de6dd95 HTTP/1.1" status: 200 len: 380 time: 0.0406079
