2026-05-30 03:07:53.230 10 INFO neutron.api.wsgi [None req-336c010f-62d1-4039-aa16-70a1677110ac 790dafc0e8da420395fdadb00a8fc1c2 f0e3ef85159c413cafd0230230232ae8 - - default default] 10.0.0.50 "POST /v2.0/routers HTTP/1.1" status: 201 len: 769 time: 0.1305411
2026-05-30 03:07:53.239 10 WARNING neutron_lib.context [None req-aa7c3ad6-bfcd-4c0e-b017-aebef40f4ea7 790dafc0e8da420395fdadb00a8fc1c2 f0e3ef85159c413cafd0230230232ae8 - - default default] Method 'is_advsvc' is deprecated since 2023.2 release (neutron-lib 3.8.0) and will be removed once support for the old RBAC API policies will be removed from Neutron. Please use method 'is_service_role' instead.
2026-05-30 03:07:53.281 9 INFO neutron.api.wsgi [None req-e748f477-1182-4fbc-ad02-41e13e5e7bf4 a926426a8b87480ca01800f276c8de37 15f43d085d514fe3bbb313b93eecaad1 - - default default] 10.0.0.142 "GET /v2.0/quotas/15f43d085d514fe3bbb313b93eecaad1/details HTTP/1.1" status: 200 len: 1046 time: 0.1138377
2026-05-30 03:07:53.413 9 INFO neutron.db.l3_db [req-4e81773f-62eb-4968-afb4-e48166baf293 req-6b929cce-275a-40b5-ae76-2bdb3f99386b e3c3ef52b9a84b519c4bd8db8b5c75ec 0d1e6166294741259a78c4fec6748a65 - - default default] Floating IP f58a8e67-557b-408e-856f-e9881f4ebfbb disassociated. External IP: 10.96.250.217, port: 5cbc4b8e-5c29-4d01-85fb-559f6e2d5904.
2026-05-30 03:07:53.522 9 INFO neutron.api.wsgi [req-4e81773f-62eb-4968-afb4-e48166baf293 req-6b929cce-275a-40b5-ae76-2bdb3f99386b e3c3ef52b9a84b519c4bd8db8b5c75ec 0d1e6166294741259a78c4fec6748a65 - - default default] 199.204.45.72 "DELETE /v2.0/ports/5cbc4b8e-5c29-4d01-85fb-559f6e2d5904 HTTP/1.1" status: 204 len: 173 time: 0.4195969
2026-05-30 03:07:53.725 10 INFO neutron.api.wsgi [req-518a4bc7-936c-4dae-89df-51ec6fbe08fd req-8c2702ce-41b1-4566-a2b3-09541c97445a e3c3ef52b9a84b519c4bd8db8b5c75ec 0d1e6166294741259a78c4fec6748a65 - - default default] 10.0.0.26 "GET /v2.0/ports?device_id=e36a332a-7bf9-426b-8771-53a2b01d420b HTTP/1.1" status: 200 len: 210 time: 0.0585997
2026-05-30 03:07:53.736 10 INFO neutron.db.ovn_revision_numbers_db [None req-aa7c3ad6-bfcd-4c0e-b017-aebef40f4ea7 790dafc0e8da420395fdadb00a8fc1c2 f0e3ef85159c413cafd0230230232ae8 - - default default] Successfully bumped revision number for resource 50c4aa24-20e4-44a4-99fb-d6ed8a77f724 (type: routers) to 1
2026-05-30 03:07:53.752 10 INFO neutron.api.wsgi [None req-aa7c3ad6-bfcd-4c0e-b017-aebef40f4ea7 790dafc0e8da420395fdadb00a8fc1c2 f0e3ef85159c413cafd0230230232ae8 - - default default] 10.0.0.50 "POST /v2.0/routers HTTP/1.1" status: 201 len: 769 time: 0.5169060 /var/lib/openstack/lib/python3.12/site-packages/pycadf/identifier.py:71: UserWarning: Invalid uuid: neutron. To ensure interoperability, identifiers should be a valid uuid. warnings.warn(('Invalid uuid: %s. To ensure interoperability, '
2026-05-30 03:07:53.818 10 INFO neutron.api.wsgi [None req-4b533150-c4ac-4b99-9670-980f77c3cb0b 790dafc0e8da420395fdadb00a8fc1c2 f0e3ef85159c413cafd0230230232ae8 - - default default] 10.0.0.50 "PUT /v2.0/routers/20446f14-1312-4f6c-bd88-b8963eae40fa/tags HTTP/1.1" status: 200 len: 210 time: 0.0594208
2026-05-30 03:07:53.867 10 INFO neutron.api.wsgi [None req-553078db-6e3e-4ca0-81dc-b70aded4ca38 790dafc0e8da420395fdadb00a8fc1c2 f0e3ef85159c413cafd0230230232ae8 - - default default] 10.0.0.50 "PUT /v2.0/routers/40ca198c-76af-44a7-a059-369a86483c14/tags HTTP/1.1" status: 200 len: 218 time: 0.0444863
2026-05-30 03:07:53.942 10 INFO neutron.api.wsgi [None req-d66e5407-847d-4755-ac5f-1fa550838e54 790dafc0e8da420395fdadb00a8fc1c2 f0e3ef85159c413cafd0230230232ae8 - - default default] 10.0.0.50 "PUT /v2.0/routers/1018648a-a82e-412f-8e7e-ea9318d83743/tags HTTP/1.1" status: 200 len: 227 time: 0.0695906
2026-05-30 03:07:54.010 10 INFO neutron.api.wsgi [None req-76895b06-a862-4670-9058-e01a21560dbf 790dafc0e8da420395fdadb00a8fc1c2 f0e3ef85159c413cafd0230230232ae8 - - default default] 10.0.0.50 "PUT /v2.0/routers/1abc66cb-2e4d-443b-b26a-fde74251ad67/tags HTTP/1.1" status: 200 len: 212 time: 0.0615106
2026-05-30 03:07:54.036 9 INFO neutron.notifiers.nova [-] Nova event matching ['req-9d0ff131-937b-493b-b680-62699facd4d7'] response: {'server_uuid': 'e36a332a-7bf9-426b-8771-53a2b01d420b', 'name': 'network-vif-unplugged', 'status': 'completed', 'tag': '5cbc4b8e-5c29-4d01-85fb-559f6e2d5904', 'code': 200}
2026-05-30 03:07:54.036 9 INFO neutron.notifiers.nova [-] Nova event matching ['req-9d0ff131-937b-493b-b680-62699facd4d7'] response: {'server_uuid': 'e36a332a-7bf9-426b-8771-53a2b01d420b', 'name': 'network-vif-deleted', 'tag': '5cbc4b8e-5c29-4d01-85fb-559f6e2d5904', 'status': 'completed', 'code': 200}
2026-05-30 03:07:54.082 10 INFO neutron.api.wsgi [None req-2e8a800d-5870-4cac-9b21-8bf5a823854c 790dafc0e8da420395fdadb00a8fc1c2 f0e3ef85159c413cafd0230230232ae8 - - default default] 10.0.0.50 "GET /v2.0/routers?tags=red HTTP/1.1" status: 200 len: 1946 time: 0.0584948
2026-05-30 03:07:54.146 10 INFO neutron.api.wsgi [None req-1b9391ef-55d9-4d3b-a101-632b5de9d03e 790dafc0e8da420395fdadb00a8fc1c2 f0e3ef85159c413cafd0230230232ae8 - - default default] 10.0.0.50 "GET /v2.0/routers?tags=red%2Cblue HTTP/1.1" status: 200 len: 1375 time: 0.0572875
2026-05-30 03:07:54.201 10 INFO neutron.api.wsgi [None req-533a18a4-969d-4b9b-92d5-1136a691eb38 790dafc0e8da420395fdadb00a8fc1c2 f0e3ef85159c413cafd0230230232ae8 - - default default] 10.0.0.50 "GET /v2.0/routers?tags-any=blue HTTP/1.1" status: 200 len: 1375 time: 0.0504591
2026-05-30 03:07:54.244 10 INFO neutron.api.wsgi [None req-bdf81bbb-14ef-453b-89a3-0ae39b37e9ec 790dafc0e8da420395fdadb00a8fc1c2 f0e3ef85159c413cafd0230230232ae8 - - default default] 10.0.0.50 "GET /v2.0/routers?tags-any=red%2Cblue HTTP/1.1" status: 200 len: 1946 time: 0.0373163
2026-05-30 03:07:54.305 10 INFO neutron.api.wsgi [None req-35778eb2-9a74-47ee-8193-65ba2ef90d9f 790dafc0e8da420395fdadb00a8fc1c2 f0e3ef85159c413cafd0230230232ae8 - - default default] 10.0.0.50 "GET /v2.0/routers?not-tags=red HTTP/1.1" status: 200 len: 1347 time: 0.0550051
2026-05-30 03:07:54.376 9 INFO neutron.api.wsgi [None req-8fbec4fe-3268-4d21-8bc9-88b6bbbfde23 790dafc0e8da420395fdadb00a8fc1c2 f0e3ef85159c413cafd0230230232ae8 - - default default] 10.0.0.50 "GET /v2.0/routers?not-tags=red%2Cblue HTTP/1.1" status: 200 len: 1918 time: 0.0647864
2026-05-30 03:07:54.441 9 INFO neutron.api.wsgi [None req-ef051fef-cfd0-4718-97bd-85db40dd2710 790dafc0e8da420395fdadb00a8fc1c2 f0e3ef85159c413cafd0230230232ae8 - - default default] 10.0.0.50 "GET /v2.0/routers?not-tags-any=blue HTTP/1.1" status: 200 len: 1918 time: 0.0585299
2026-05-30 03:07:54.481 9 INFO neutron.api.wsgi [None req-f1cf130b-bc45-41b6-93d1-714163ab752d 790dafc0e8da420395fdadb00a8fc1c2 f0e3ef85159c413cafd0230230232ae8 - - default default] 10.0.0.50 "GET /v2.0/routers?not-tags-any=red%2Cblue HTTP/1.1" status: 200 len: 1347 time: 0.0339153
2026-05-30 03:07:54.520 9 INFO neutron.api.wsgi [None req-6a4df304-3071-4382-b74d-365df477efab 790dafc0e8da420395fdadb00a8fc1c2 f0e3ef85159c413cafd0230230232ae8 - - default default] 10.0.0.50 "GET /v2.0/routers/20446f14-1312-4f6c-bd88-b8963eae40fa HTTP/1.1" status: 200 len: 775 time: 0.0313599
2026-05-30 03:07:54.818 10 INFO neutron.api.wsgi [req-e3afd369-148b-4163-9f5b-f9dfee0c5671 req-ec06729b-e820-41c9-bfad-a11575573269 e3c3ef52b9a84b519c4bd8db8b5c75ec 0d1e6166294741259a78c4fec6748a65 - - default default] 10.0.0.26 "GET /v2.0/ports?device_id=e36a332a-7bf9-426b-8771-53a2b01d420b HTTP/1.1" status: 200 len: 210 time: 0.0189862
2026-05-30 03:07:54.831 9 INFO neutron.db.ovn_revision_numbers_db [None req-35742253-a25b-4aa0-b1e3-ea1e45dc3789 790dafc0e8da420395fdadb00a8fc1c2 f0e3ef85159c413cafd0230230232ae8 - - default default] Successfully bumped revision number for resource 20446f14-1312-4f6c-bd88-b8963eae40fa (type: routers) to 2
2026-05-30 03:07:54.838 9 INFO neutron.api.wsgi [None req-35742253-a25b-4aa0-b1e3-ea1e45dc3789 790dafc0e8da420395fdadb00a8fc1c2 f0e3ef85159c413cafd0230230232ae8 - - default default] 10.0.0.50 "PUT /v2.0/routers/20446f14-1312-4f6c-bd88-b8963eae40fa HTTP/1.1" status: 200 len: 775 time: 0.3121731
2026-05-30 03:07:54.865 9 INFO neutron.api.wsgi [None req-1f9a61d8-2f79-4e38-8e88-f1d497544774 790dafc0e8da420395fdadb00a8fc1c2 f0e3ef85159c413cafd0230230232ae8 - - default default] 10.0.0.50 "GET /v2.0/ports?device_id=20446f14-1312-4f6c-bd88-b8963eae40fa HTTP/1.1" status: 200 len: 205 time: 0.0203569
2026-05-30 03:07:55.048 10 INFO neutron.api.wsgi [None req-8055d09b-334e-4f1a-a50c-cd9e3da94c3d 790dafc0e8da420395fdadb00a8fc1c2 f0e3ef85159c413cafd0230230232ae8 - - default default] 10.0.0.50 "DELETE /v2.0/routers/20446f14-1312-4f6c-bd88-b8963eae40fa HTTP/1.1" status: 204 len: 168 time: 0.1767812
2026-05-30 03:07:55.090 10 INFO neutron.api.wsgi [None req-f460fd0c-11c5-4f4b-8b4d-16b9b7a21a3f 790dafc0e8da420395fdadb00a8fc1c2 f0e3ef85159c413cafd0230230232ae8 - - default default] 10.0.0.50 "GET /v2.0/routers/40ca198c-76af-44a7-a059-369a86483c14 HTTP/1.1" status: 200 len: 783 time: 0.0349095
2026-05-30 03:07:55.421 10 INFO neutron.db.ovn_revision_numbers_db [None req-859c09b6-b62e-4124-9ef9-efc256338f9d 790dafc0e8da420395fdadb00a8fc1c2 f0e3ef85159c413cafd0230230232ae8 - - default default] Successfully bumped revision number for resource 40ca198c-76af-44a7-a059-369a86483c14 (type: routers) to 2
2026-05-30 03:07:55.428 10 INFO neutron.api.wsgi [None req-859c09b6-b62e-4124-9ef9-efc256338f9d 790dafc0e8da420395fdadb00a8fc1c2 f0e3ef85159c413cafd0230230232ae8 - - default default] 10.0.0.50 "PUT /v2.0/routers/40ca198c-76af-44a7-a059-369a86483c14 HTTP/1.1" status: 200 len: 783 time: 0.3325186
2026-05-30 03:07:55.472 10 INFO neutron.api.wsgi [None req-2acddac3-edfc-403d-8e6a-715f782c650e 790dafc0e8da420395fdadb00a8fc1c2 f0e3ef85159c413cafd0230230232ae8 - - default default] 10.0.0.50 "GET /v2.0/ports?device_id=40ca198c-76af-44a7-a059-369a86483c14 HTTP/1.1" status: 200 len: 205 time: 0.0374925
2026-05-30 03:07:55.734 9 INFO neutron.api.wsgi [None req-e5549c5c-e217-4c41-a5a2-c4c41ee5f0d0 790dafc0e8da420395fdadb00a8fc1c2 f0e3ef85159c413cafd0230230232ae8 - - default default] 10.0.0.50 "DELETE /v2.0/routers/40ca198c-76af-44a7-a059-369a86483c14 HTTP/1.1" status: 204 len: 168 time: 0.2556107
2026-05-30 03:07:55.739 9 INFO neutron.db.ovn_revision_numbers_db [None req-deacfe63-bc9c-41f7-8564-b66f5052e446 5b269b93c6fd4a6f8021a4e0ea1fed9b 67ae0794042149f4a396eb9cd2d12b7e - - default default] Successfully bumped revision number for resource b0f4f770-dd06-4f3e-a6e5-21982868768e (type: security_groups) to 1
2026-05-30 03:07:55.758 9 INFO neutron.db.ovn_revision_numbers_db [None req-deacfe63-bc9c-41f7-8564-b66f5052e446 5b269b93c6fd4a6f8021a4e0ea1fed9b 67ae0794042149f4a396eb9cd2d12b7e - - default default] Successfully bumped revision number for resource 0322cfdc-7128-4fae-bcfa-4fd5e31e8b68 (type: security_group_rules) to 0
2026-05-30 03:07:55.771 9 INFO neutron.db.ovn_revision_numbers_db [None req-deacfe63-bc9c-41f7-8564-b66f5052e446 5b269b93c6fd4a6f8021a4e0ea1fed9b 67ae0794042149f4a396eb9cd2d12b7e - - default default] Successfully bumped revision number for resource 07e1181a-643a-49b2-a692-19abfe79bf53 (type: security_group_rules) to 0
2026-05-30 03:07:55.778 10 INFO neutron.api.wsgi [None req-278546e1-7015-4d4a-9ff9-705e5b131f54 790dafc0e8da420395fdadb00a8fc1c2 f0e3ef85159c413cafd0230230232ae8 - - default default] 10.0.0.50 "GET /v2.0/routers/1018648a-a82e-412f-8e7e-ea9318d83743 HTTP/1.1" status: 200 len: 792 time: 0.0374219
2026-05-30 03:07:55.788 9 INFO neutron.db.ovn_revision_numbers_db [None req-deacfe63-bc9c-41f7-8564-b66f5052e446 5b269b93c6fd4a6f8021a4e0ea1fed9b 67ae0794042149f4a396eb9cd2d12b7e - - default default] Successfully bumped revision number for resource 7a9350ea-8ba8-4d0c-ba34-1e6528e1ac19 (type: security_group_rules) to 0
2026-05-30 03:07:55.801 9 INFO neutron.db.ovn_revision_numbers_db [None req-deacfe63-bc9c-41f7-8564-b66f5052e446 5b269b93c6fd4a6f8021a4e0ea1fed9b 67ae0794042149f4a396eb9cd2d12b7e - - default default] Successfully bumped revision number for resource d1526c5a-0c0b-4594-9bfe-6eb42ad1bf94 (type: security_group_rules) to 0
2026-05-30 03:07:55.839 9 INFO neutron.api.wsgi [None req-deacfe63-bc9c-41f7-8564-b66f5052e446 5b269b93c6fd4a6f8021a4e0ea1fed9b 67ae0794042149f4a396eb9cd2d12b7e - - default default] 10.0.0.50 "GET /v2.0/security-groups?tenant_id=15f43d085d514fe3bbb313b93eecaad1&name=default HTTP/1.1" status: 200 len: 3120 time: 0.4793520
2026-05-30 03:07:55.917 9 INFO neutron.api.wsgi [req-35fd3596-a37f-47f9-9e8b-b26f0cc5fc6b req-f5329098-c7b2-484a-96c6-d323cfd42652 e3c3ef52b9a84b519c4bd8db8b5c75ec 0d1e6166294741259a78c4fec6748a65 - - default default] 10.0.0.26 "GET /v2.0/ports?device_id=e36a332a-7bf9-426b-8771-53a2b01d420b HTTP/1.1" status: 200 len: 210 time: 0.0224528
2026-05-30 03:07:56.107 9 INFO neutron.api.wsgi [None req-6e588b69-496d-40fb-9043-38dc31c1336f 5b269b93c6fd4a6f8021a4e0ea1fed9b 67ae0794042149f4a396eb9cd2d12b7e - - default default] 10.0.0.50 "DELETE /v2.0/security-groups/b0f4f770-dd06-4f3e-a6e5-21982868768e HTTP/1.1" status: 204 len: 168 time: 0.2620876
2026-05-30 03:07:56.142 10 INFO neutron.db.ovn_revision_numbers_db [None req-a88379fc-ce86-438c-b78f-f84e92821e3c 790dafc0e8da420395fdadb00a8fc1c2 f0e3ef85159c413cafd0230230232ae8 - - default default] Successfully bumped revision number for resource 1018648a-a82e-412f-8e7e-ea9318d83743 (type: routers) to 2
2026-05-30 03:07:56.149 10 INFO neutron.api.wsgi [None req-a88379fc-ce86-438c-b78f-f84e92821e3c 790dafc0e8da420395fdadb00a8fc1c2 f0e3ef85159c413cafd0230230232ae8 - - default default] 10.0.0.50 "PUT /v2.0/routers/1018648a-a82e-412f-8e7e-ea9318d83743 HTTP/1.1" status: 200 len: 792 time: 0.3632951
2026-05-30 03:07:56.172 10 INFO neutron.api.wsgi [None req-698ce5fb-aea8-4fc5-b177-f14d7da00f5c 790dafc0e8da420395fdadb00a8fc1c2 f0e3ef85159c413cafd0230230232ae8 - - default default] 10.0.0.50 "GET /v2.0/ports?device_id=1018648a-a82e-412f-8e7e-ea9318d83743 HTTP/1.1" status: 200 len: 205 time: 0.0176558
2026-05-30 03:07:56.359 10 INFO neutron.api.wsgi [None req-1ef8f4dd-ccd6-4d9c-afb6-a22121c1a579 790dafc0e8da420395fdadb00a8fc1c2 f0e3ef85159c413cafd0230230232ae8 - - default default] 10.0.0.50 "DELETE /v2.0/routers/1018648a-a82e-412f-8e7e-ea9318d83743 HTTP/1.1" status: 204 len: 168 time: 0.1824577
2026-05-30 03:07:56.421 9 INFO neutron.api.wsgi [None req-8dc3bc94-6648-4fab-b08f-79250c3c7531 790dafc0e8da420395fdadb00a8fc1c2 f0e3ef85159c413cafd0230230232ae8 - - default default] 10.0.0.50 "GET /v2.0/routers/1abc66cb-2e4d-443b-b26a-fde74251ad67 HTTP/1.1" status: 200 len: 777 time: 0.0548520
2026-05-30 03:07:56.729 9 INFO neutron.db.ovn_revision_numbers_db [None req-0784d66a-a3fc-4142-9f72-261513c25970 790dafc0e8da420395fdadb00a8fc1c2 f0e3ef85159c413cafd0230230232ae8 - - default default] Successfully bumped revision number for resource 1abc66cb-2e4d-443b-b26a-fde74251ad67 (type: routers) to 2
2026-05-30 03:07:56.734 9 INFO neutron.api.wsgi [None req-0784d66a-a3fc-4142-9f72-261513c25970 790dafc0e8da420395fdadb00a8fc1c2 f0e3ef85159c413cafd0230230232ae8 - - default default] 10.0.0.50 "PUT /v2.0/routers/1abc66cb-2e4d-443b-b26a-fde74251ad67 HTTP/1.1" status: 200 len: 777 time: 0.3075657
2026-05-30 03:07:56.758 9 INFO neutron.api.wsgi [None req-856fe129-d8b0-4774-95d8-058899a7ae38 790dafc0e8da420395fdadb00a8fc1c2 f0e3ef85159c413cafd0230230232ae8 - - default default] 10.0.0.50 "GET /v2.0/ports?device_id=1abc66cb-2e4d-443b-b26a-fde74251ad67 HTTP/1.1" status: 200 len: 205 time: 0.0171895
2026-05-30 03:07:56.955 9 INFO neutron.api.wsgi [None req-62965c3b-9f4b-42e8-943d-c8704e733024 790dafc0e8da420395fdadb00a8fc1c2 f0e3ef85159c413cafd0230230232ae8 - - default default] 10.0.0.50 "DELETE /v2.0/routers/1abc66cb-2e4d-443b-b26a-fde74251ad67 HTTP/1.1" status: 204 len: 168 time: 0.1911695
2026-05-30 03:07:57.010 9 INFO neutron.api.wsgi [None req-ec348c77-25ce-478d-8c1e-1d128a9f704e 790dafc0e8da420395fdadb00a8fc1c2 f0e3ef85159c413cafd0230230232ae8 - - default default] 10.0.0.50 "GET /v2.0/routers/50c4aa24-20e4-44a4-99fb-d6ed8a77f724 HTTP/1.1" status: 200 len: 770 time: 0.0495489
2026-05-30 03:07:57.179 10 INFO neutron.api.wsgi [None req-56824580-6f60-4b3a-a8bf-712bd1643a0f e3c3ef52b9a84b519c4bd8db8b5c75ec 0d1e6166294741259a78c4fec6748a65 - - default default] 10.0.0.50 "DELETE /v2.0/security-groups/0ee5daa9-6723-444d-96f4-fd9776c91fec HTTP/1.1" status: 204 len: 168 time: 0.1463192
2026-05-30 03:07:57.194 10 INFO neutron.api.v2.resource [None req-1db2e7bc-efb3-4197-abb9-84f7f3c4bce3 e3c3ef52b9a84b519c4bd8db8b5c75ec 0d1e6166294741259a78c4fec6748a65 - - default default] show failed (client error): The resource could not be found.
2026-05-30 03:07:57.196 10 INFO neutron.api.wsgi [None req-1db2e7bc-efb3-4197-abb9-84f7f3c4bce3 e3c3ef52b9a84b519c4bd8db8b5c75ec 0d1e6166294741259a78c4fec6748a65 - - default default] 10.0.0.50 "GET /v2.0/security-groups/0ee5daa9-6723-444d-96f4-fd9776c91fec HTTP/1.1" status: 404 len: 347 time: 0.0109975
2026-05-30 03:07:57.517 10 INFO neutron.api.wsgi [None req-503e4405-4cd7-4662-a198-246b39927b47 e3c3ef52b9a84b519c4bd8db8b5c75ec 0d1e6166294741259a78c4fec6748a65 - - default default] 10.0.0.50 "DELETE /v2.0/floatingips/f58a8e67-557b-408e-856f-e9881f4ebfbb HTTP/1.1" status: 204 len: 168 time: 0.3153579
2026-05-30 03:07:57.601 9 INFO neutron.api.wsgi [None req-be22ac74-283d-4e84-8101-728be6284aba 790dafc0e8da420395fdadb00a8fc1c2 f0e3ef85159c413cafd0230230232ae8 - - default default] 10.0.0.50 "PUT /v2.0/routers/50c4aa24-20e4-44a4-99fb-d6ed8a77f724 HTTP/1.1" status: 200 len: 770 time: 0.5833313
2026-05-30 03:07:57.626 9 INFO neutron.api.wsgi [None req-d33db757-f1b0-4e2a-9753-321592dd1982 790dafc0e8da420395fdadb00a8fc1c2 f0e3ef85159c413cafd0230230232ae8 - - default default] 10.0.0.50 "GET /v2.0/ports?device_id=50c4aa24-20e4-44a4-99fb-d6ed8a77f724 HTTP/1.1" status: 200 len: 205 time: 0.0166726
2026-05-30 03:07:57.795 9 INFO neutron.api.wsgi [None req-8cac446f-849a-4b72-b7ff-c0fb7cb26313 790dafc0e8da420395fdadb00a8fc1c2 f0e3ef85159c413cafd0230230232ae8 - - default default] 10.0.0.50 "DELETE /v2.0/routers/50c4aa24-20e4-44a4-99fb-d6ed8a77f724 HTTP/1.1" status: 204 len: 168 time: 0.1637149
2026-05-30 03:07:58.511 10 INFO neutron.api.wsgi [None req-473f7ffc-4e5c-465d-8c7c-cea1be616dbc 5b269b93c6fd4a6f8021a4e0ea1fed9b 67ae0794042149f4a396eb9cd2d12b7e - - default default] 10.0.0.50 "PUT /v2.0/routers/0f059a75-1475-49e7-960c-07970a718a50/remove_router_interface HTTP/1.1" status: 200 len: 503 time: 0.9879997
2026-05-30 03:07:59.012 9 INFO neutron.db.ovn_revision_numbers_db [None req-673881db-bdeb-40f4-865d-150d3f9c18dd 5b269b93c6fd4a6f8021a4e0ea1fed9b 67ae0794042149f4a396eb9cd2d12b7e - - default default] Successfully bumped revision number for resource 7a7c3ca2-3ff3-48c3-b8cb-143408d2a627 (type: security_groups) to 1
2026-05-30 03:07:59.030 9 INFO neutron.db.ovn_revision_numbers_db [None req-673881db-bdeb-40f4-865d-150d3f9c18dd 5b269b93c6fd4a6f8021a4e0ea1fed9b 67ae0794042149f4a396eb9cd2d12b7e - - default default] Successfully bumped revision number for resource 29b62cc4-8a77-4c40-a519-812f4cd97a33 (type: security_group_rules) to 0
2026-05-30 03:07:59.054 9 INFO neutron.db.ovn_revision_numbers_db [None req-673881db-bdeb-40f4-865d-150d3f9c18dd 5b269b93c6fd4a6f8021a4e0ea1fed9b 67ae0794042149f4a396eb9cd2d12b7e - - default default] Successfully bumped revision number for resource 2e3cf4ad-eb85-4768-a77c-ef395d97b42a (type: security_group_rules) to 0
2026-05-30 03:07:59.084 9 INFO neutron.db.ovn_revision_numbers_db [None req-673881db-bdeb-40f4-865d-150d3f9c18dd 5b269b93c6fd4a6f8021a4e0ea1fed9b 67ae0794042149f4a396eb9cd2d12b7e - - default default] Successfully bumped revision number for resource 8bb21fab-8feb-4b9b-923e-0b2fddfb1cae (type: security_group_rules) to 0
2026-05-30 03:07:59.109 9 INFO neutron.db.ovn_revision_numbers_db [None req-673881db-bdeb-40f4-865d-150d3f9c18dd 5b269b93c6fd4a6f8021a4e0ea1fed9b 67ae0794042149f4a396eb9cd2d12b7e - - default default] Successfully bumped revision number for resource f6fce0e0-6950-4eed-b18c-13546e6b2323 (type: security_group_rules) to 0 /var/lib/openstack/lib/python3.12/site-packages/pycadf/identifier.py:71: UserWarning: Invalid uuid: neutron. To ensure interoperability, identifiers should be a valid uuid. warnings.warn(('Invalid uuid: %s. To ensure interoperability, '
2026-05-30 03:07:59.159 10 WARNING neutron_lib.context [None req-a08ac925-d267-46d2-acad-8f88966fabc6 36971fcba5ee44dabde08faeb625cc40 9a232e7b446948d7a0b2105d1de6dd95 - - default default] Method 'is_advsvc' is deprecated since 2023.2 release (neutron-lib 3.8.0) and will be removed once support for the old RBAC API policies will be removed from Neutron. Please use method 'is_service_role' instead.
2026-05-30 03:07:59.177 9 INFO neutron.api.wsgi [None req-673881db-bdeb-40f4-865d-150d3f9c18dd 5b269b93c6fd4a6f8021a4e0ea1fed9b 67ae0794042149f4a396eb9cd2d12b7e - - default default] 10.0.0.50 "GET /v2.0/security-groups?tenant_id=368e2f3cbbdc49b29f693eb60999e09c&name=default HTTP/1.1" status: 200 len: 3120 time: 0.4779572
2026-05-30 03:07:59.279 9 INFO neutron.api.wsgi [None req-6713019f-be17-4c9a-8e6c-e5665ea5e1d9 5b269b93c6fd4a6f8021a4e0ea1fed9b 67ae0794042149f4a396eb9cd2d12b7e - - default default] 10.0.0.50 "DELETE /v2.0/routers/0f059a75-1475-49e7-960c-07970a718a50 HTTP/1.1" status: 204 len: 168 time: 0.7581036
2026-05-30 03:07:59.379 10 INFO neutron.db.ovn_revision_numbers_db [None req-a08ac925-d267-46d2-acad-8f88966fabc6 36971fcba5ee44dabde08faeb625cc40 9a232e7b446948d7a0b2105d1de6dd95 - - default default] Successfully bumped revision number for resource f7e502e6-b221-4bcc-b00d-2ba98060dfe9 (type: security_groups) to 1
2026-05-30 03:07:59.400 10 INFO neutron.db.ovn_revision_numbers_db [None req-a08ac925-d267-46d2-acad-8f88966fabc6 36971fcba5ee44dabde08faeb625cc40 9a232e7b446948d7a0b2105d1de6dd95 - - default default] Successfully bumped revision number for resource 4125bc22-1747-4089-9219-f806cbbf051f (type: security_group_rules) to 0
2026-05-30 03:07:59.423 10 INFO neutron.db.ovn_revision_numbers_db [None req-a08ac925-d267-46d2-acad-8f88966fabc6 36971fcba5ee44dabde08faeb625cc40 9a232e7b446948d7a0b2105d1de6dd95 - - default default] Successfully bumped revision number for resource 65e8dd50-641b-4cf0-8b33-aacea542d776 (type: security_group_rules) to 0
2026-05-30 03:07:59.437 10 INFO neutron.db.ovn_revision_numbers_db [None req-a08ac925-d267-46d2-acad-8f88966fabc6 36971fcba5ee44dabde08faeb625cc40 9a232e7b446948d7a0b2105d1de6dd95 - - default default] Successfully bumped revision number for resource 8e3023ab-bcda-47c5-a643-7ef7d3f33e05 (type: security_group_rules) to 0
2026-05-30 03:07:59.450 10 INFO neutron.db.ovn_revision_numbers_db [None req-a08ac925-d267-46d2-acad-8f88966fabc6 36971fcba5ee44dabde08faeb625cc40 9a232e7b446948d7a0b2105d1de6dd95 - - default default] Successfully bumped revision number for resource e5f2bee3-3b44-4fc6-94e1-a7b64119b8ac (type: security_group_rules) to 0
2026-05-30 03:07:59.494 10 INFO neutron.api.wsgi [None req-f1dee84a-2180-4cef-944d-9883fa05d653 5b269b93c6fd4a6f8021a4e0ea1fed9b 67ae0794042149f4a396eb9cd2d12b7e - - default default] 10.0.0.50 "DELETE /v2.0/security-groups/7a7c3ca2-3ff3-48c3-b8cb-143408d2a627 HTTP/1.1" status: 204 len: 168 time: 0.3023980
2026-05-30 03:07:59.502 9 INFO neutron.api.wsgi [None req-333f8898-61d7-48c9-ac08-2c9d60fe975f 5b269b93c6fd4a6f8021a4e0ea1fed9b 67ae0794042149f4a396eb9cd2d12b7e - - default default] 10.0.0.50 "DELETE /v2.0/subnets/34dcc4bc-3ec6-4eea-8ced-90c557ef9159 HTTP/1.1" status: 204 len: 168 time: 0.2188675
2026-05-30 03:07:59.533 10 INFO neutron.db.segments_db [None req-a08ac925-d267-46d2-acad-8f88966fabc6 36971fcba5ee44dabde08faeb625cc40 9a232e7b446948d7a0b2105d1de6dd95 - - default default] Added segment de8cf1b2-2e44-4424-bfa4-4af9761ad685 of type geneve for network 0872ccfe-26bd-4fc0-aa9e-a5da2e11c6a7
2026-05-30 03:07:59.549 9 INFO neutron.db.ovn_revision_numbers_db [None req-75b5fe84-3b19-4055-a083-0b3d6b60cf42 5b269b93c6fd4a6f8021a4e0ea1fed9b 67ae0794042149f4a396eb9cd2d12b7e - - default default] Successfully bumped revision number for resource 361c0aa4-94ce-4ac1-858b-e51a251636a9 (type: security_groups) to 1
2026-05-30 03:07:59.565 9 INFO neutron.db.ovn_revision_numbers_db [None req-75b5fe84-3b19-4055-a083-0b3d6b60cf42 5b269b93c6fd4a6f8021a4e0ea1fed9b 67ae0794042149f4a396eb9cd2d12b7e - - default default] Successfully bumped revision number for resource 006bdd43-5f84-4ba3-9c6e-a2117d5df144 (type: security_group_rules) to 0
2026-05-30 03:07:59.590 9 INFO neutron.db.ovn_revision_numbers_db [None req-75b5fe84-3b19-4055-a083-0b3d6b60cf42 5b269b93c6fd4a6f8021a4e0ea1fed9b 67ae0794042149f4a396eb9cd2d12b7e - - default default] Successfully bumped revision number for resource 44762c94-0288-4df4-a9ce-3a398e0e4a99 (type: security_group_rules) to 0
2026-05-30 03:07:59.604 9 INFO neutron.db.ovn_revision_numbers_db [None req-75b5fe84-3b19-4055-a083-0b3d6b60cf42 5b269b93c6fd4a6f8021a4e0ea1fed9b 67ae0794042149f4a396eb9cd2d12b7e - - default default] Successfully bumped revision number for resource 5727423d-618d-42cf-b824-908ec7937876 (type: security_group_rules) to 0
2026-05-30 03:07:59.626 9 INFO neutron.db.ovn_revision_numbers_db [None req-75b5fe84-3b19-4055-a083-0b3d6b60cf42 5b269b93c6fd4a6f8021a4e0ea1fed9b 67ae0794042149f4a396eb9cd2d12b7e - - default default] Successfully bumped revision number for resource 5762d1fe-6805-47c4-a482-c326f6dba37c (type: security_group_rules) to 0
2026-05-30 03:07:59.651 10 INFO neutron.db.ovn_revision_numbers_db [None req-a08ac925-d267-46d2-acad-8f88966fabc6 36971fcba5ee44dabde08faeb625cc40 9a232e7b446948d7a0b2105d1de6dd95 - - default default] Successfully bumped revision number for resource 0872ccfe-26bd-4fc0-aa9e-a5da2e11c6a7 (type: networks) to 1
2026-05-30 03:07:59.685 9 INFO neutron.api.wsgi [None req-75b5fe84-3b19-4055-a083-0b3d6b60cf42 5b269b93c6fd4a6f8021a4e0ea1fed9b 67ae0794042149f4a396eb9cd2d12b7e - - default default] 10.0.0.50 "GET /v2.0/security-groups?tenant_id=10cf5093dd5b4427a036420de7a7d528&name=default HTTP/1.1" status: 200 len: 3120 time: 0.3413577
2026-05-30 03:07:59.797 10 INFO neutron.db.ovn_revision_numbers_db [None req-c96d4633-9136-4cec-873d-6d81c97b2d5c 5b269b93c6fd4a6f8021a4e0ea1fed9b 67ae0794042149f4a396eb9cd2d12b7e - - default default] Successfully bumped revision number for resource 3b8be328-bd83-4e35-94b1-6a026d84328f (type: security_groups) to 1
2026-05-30 03:07:59.810 10 INFO neutron.db.ovn_revision_numbers_db [None req-c96d4633-9136-4cec-873d-6d81c97b2d5c 5b269b93c6fd4a6f8021a4e0ea1fed9b 67ae0794042149f4a396eb9cd2d12b7e - - default default] Successfully bumped revision number for resource 38807822-398a-4fcb-9360-651a4c73b66f (type: security_group_rules) to 0
2026-05-30 03:07:59.838 10 INFO neutron.db.ovn_revision_numbers_db [None req-c96d4633-9136-4cec-873d-6d81c97b2d5c 5b269b93c6fd4a6f8021a4e0ea1fed9b 67ae0794042149f4a396eb9cd2d12b7e - - default default] Successfully bumped revision number for resource 39bd9094-af90-41a8-a7fc-748bc9a84ebe (type: security_group_rules) to 0
2026-05-30 03:07:59.839 10 WARNING neutron.scheduler.dhcp_agent_scheduler [None req-a08ac925-d267-46d2-acad-8f88966fabc6 36971fcba5ee44dabde08faeb625cc40 9a232e7b446948d7a0b2105d1de6dd95 - - default default] No more DHCP agents
2026-05-30 03:07:59.840 10 WARNING neutron.api.rpc.agentnotifiers.dhcp_rpc_agent_api [None req-a08ac925-d267-46d2-acad-8f88966fabc6 36971fcba5ee44dabde08faeb625cc40 9a232e7b446948d7a0b2105d1de6dd95 - - default default] Unable to schedule network 0872ccfe-26bd-4fc0-aa9e-a5da2e11c6a7: no agents available; will retry on subsequent port and subnet creation events.
2026-05-30 03:07:59.852 10 INFO neutron.db.ovn_revision_numbers_db [None req-c96d4633-9136-4cec-873d-6d81c97b2d5c 5b269b93c6fd4a6f8021a4e0ea1fed9b 67ae0794042149f4a396eb9cd2d12b7e - - default default] Successfully bumped revision number for resource 3d255d76-3882-4684-9c63-d31f6c630673 (type: security_group_rules) to 0
2026-05-30 03:07:59.869 10 INFO neutron.db.ovn_revision_numbers_db [None req-c96d4633-9136-4cec-873d-6d81c97b2d5c 5b269b93c6fd4a6f8021a4e0ea1fed9b 67ae0794042149f4a396eb9cd2d12b7e - - default default] Successfully bumped revision number for resource ac07c072-046b-41b1-ae6e-433213614ace (type: security_group_rules) to 0
2026-05-30 03:07:59.909 9 INFO neutron.services.segments.plugin [-] Segment 7f834028-0438-4ad2-ad11-ce1e4a85f744 resource provider aggregate not found
2026-05-30 03:07:59.913 9 INFO neutron.services.segments.plugin [-] Segment 7f834028-0438-4ad2-ad11-ce1e4a85f744 resource provider aggregate not found
2026-05-30 03:07:59.914 10 INFO neutron.db.ovn_revision_numbers_db [None req-a08ac925-d267-46d2-acad-8f88966fabc6 36971fcba5ee44dabde08faeb625cc40 9a232e7b446948d7a0b2105d1de6dd95 - - default default] Successfully bumped revision number for resource 64a1802a-28df-47e2-b480-f74815aeb47d (type: ports) to 1
2026-05-30 03:07:59.919 10 INFO neutron.api.wsgi [None req-c96d4633-9136-4cec-873d-6d81c97b2d5c 5b269b93c6fd4a6f8021a4e0ea1fed9b 67ae0794042149f4a396eb9cd2d12b7e - - default default] 10.0.0.50 "GET /v2.0/security-groups?tenant_id=f0e3ef85159c413cafd0230230232ae8&name=default HTTP/1.1" status: 200 len: 3120 time: 0.2527604
2026-05-30 03:07:59.930 9 INFO neutron.services.segments.plugin [-] Segment 7f834028-0438-4ad2-ad11-ce1e4a85f744 resource provider not found; error: Placement Client Error (4xx): {"errors": [{"status": 404, "title": "Not Found", "detail": "The resource could not be found.\n\n No resource provider with uuid 7f834028-0438-4ad2-ad11-ce1e4a85f744 found for delete ", "request_id": "req-66948132-4026-4a00-acf2-c2f6ad206fce"}]}
2026-05-30 03:07:59.934 9 INFO neutron.services.segments.plugin [-] Segment 7f834028-0438-4ad2-ad11-ce1e4a85f744 resource provider not found; error: Placement Client Error (4xx): {"errors": [{"status": 404, "title": "Not Found", "detail": "The resource could not be found.\n\n No resource provider with uuid 7f834028-0438-4ad2-ad11-ce1e4a85f744 found for delete ", "request_id": "req-d99f00b8-e514-4090-b0d1-b20fdd11e329"}]}
2026-05-30 03:07:59.952 10 INFO neutron.api.wsgi [None req-a08ac925-d267-46d2-acad-8f88966fabc6 36971fcba5ee44dabde08faeb625cc40 9a232e7b446948d7a0b2105d1de6dd95 - - default default] 10.0.0.50 "POST /v2.0/networks HTTP/1.1" status: 201 len: 832 time: 0.9662282
2026-05-30 03:07:59.961 10 WARNING neutron_lib.context [None req-722c679d-1fb0-479a-8fec-8f290515717c 36971fcba5ee44dabde08faeb625cc40 9a232e7b446948d7a0b2105d1de6dd95 - - default default] Method 'is_advsvc' is deprecated since 2023.2 release (neutron-lib 3.8.0) and will be removed once support for the old RBAC API policies will be removed from Neutron. Please use method 'is_service_role' instead.
2026-05-30 03:07:59.961 9 INFO neutron.api.wsgi [None req-b6aadff3-1831-4328-8af4-502ea874a3a1 5b269b93c6fd4a6f8021a4e0ea1fed9b 67ae0794042149f4a396eb9cd2d12b7e - - default default] 10.0.0.50 "DELETE /v2.0/networks/1e4bef1b-6122-48e7-a935-b6204a371354 HTTP/1.1" status: 204 len: 168 time: 0.4531226
2026-05-30 03:07:59.988 9 INFO neutron.api.wsgi [None req-5aba9096-dc1a-4bb6-9c3c-2a3760b884df 5b269b93c6fd4a6f8021a4e0ea1fed9b 67ae0794042149f4a396eb9cd2d12b7e - - default default] 10.0.0.50 "DELETE /v2.0/security-groups/361c0aa4-94ce-4ac1-858b-e51a251636a9 HTTP/1.1" status: 204 len: 168 time: 0.2967839
2026-05-30 03:08:00.199 9 INFO neutron.api.wsgi [None req-6c98656b-54c7-4f52-8ea8-322e1d2cb528 5b269b93c6fd4a6f8021a4e0ea1fed9b 67ae0794042149f4a396eb9cd2d12b7e - - default default] 10.0.0.50 "GET /v2.0/security-groups?tenant_id=0d1e6166294741259a78c4fec6748a65&name=default HTTP/1.1" status: 200 len: 3120 time: 0.0411592
2026-05-30 03:08:00.202 9 INFO neutron.api.wsgi [None req-c03c450c-fc76-44ce-99c4-1086531d7605 5b269b93c6fd4a6f8021a4e0ea1fed9b 67ae0794042149f4a396eb9cd2d12b7e - - default default] 10.0.0.50 "DELETE /v2.0/security-groups/3b8be328-bd83-4e35-94b1-6a026d84328f HTTP/1.1" status: 204 len: 168 time: 0.2751551
2026-05-30 03:08:00.215 9 INFO neutron.api.wsgi [-] 10.0.0.122 "GET / HTTP/1.1" status: 200 len: 247 time: 0.0034215
2026-05-30 03:08:00.218 9 INFO neutron.api.wsgi [-] 10.0.0.122 "GET / HTTP/1.1" status: 200 len: 247 time: 0.0018291
2026-05-30 03:08:00.343 10 WARNING neutron.scheduler.dhcp_agent_scheduler [None req-722c679d-1fb0-479a-8fec-8f290515717c 36971fcba5ee44dabde08faeb625cc40 9a232e7b446948d7a0b2105d1de6dd95 - - default default] No more DHCP agents
2026-05-30 03:08:00.344 10 WARNING neutron.api.rpc.agentnotifiers.dhcp_rpc_agent_api [None req-722c679d-1fb0-479a-8fec-8f290515717c 36971fcba5ee44dabde08faeb625cc40 9a232e7b446948d7a0b2105d1de6dd95 - - default default] Unable to schedule network c95f1c1d-e5a6-4c19-9afd-aff0bb985712: no agents available; will retry on subsequent port and subnet creation events.
2026-05-30 03:08:00.472 9 INFO neutron.api.wsgi [None req-584df07b-6198-4081-ae07-c8cdaf4a8e03 5b269b93c6fd4a6f8021a4e0ea1fed9b 67ae0794042149f4a396eb9cd2d12b7e - - default default] 10.0.0.50 "DELETE /v2.0/security-groups/9828135e-aa0e-46c5-b5d9-2b77280c7c72 HTTP/1.1" status: 204 len: 168 time: 0.2692714
2026-05-30 03:08:00.481 10 INFO neutron.db.ovn_revision_numbers_db [None req-722c679d-1fb0-479a-8fec-8f290515717c 36971fcba5ee44dabde08faeb625cc40 9a232e7b446948d7a0b2105d1de6dd95 - - default default] Successfully bumped revision number for resource 4d86ba91-0bc9-454c-bc91-877a624e25ef (type: ports) to 1
2026-05-30 03:08:00.484 9 INFO neutron.db.ovn_revision_numbers_db [None req-3265d8e3-2c19-41e1-975e-23bb3699fcec 5b269b93c6fd4a6f8021a4e0ea1fed9b 67ae0794042149f4a396eb9cd2d12b7e - - default default] Successfully bumped revision number for resource 36163b49-6860-44eb-b364-74003db59486 (type: security_groups) to 1
2026-05-30 03:08:00.510 9 INFO neutron.db.ovn_revision_numbers_db [None req-3265d8e3-2c19-41e1-975e-23bb3699fcec 5b269b93c6fd4a6f8021a4e0ea1fed9b 67ae0794042149f4a396eb9cd2d12b7e - - default default] Successfully bumped revision number for resource 14ef30d1-d1cc-4bd6-91a4-b019ee8b107f (type: security_group_rules) to 0
2026-05-30 03:08:00.536 9 INFO neutron.db.ovn_revision_numbers_db [None req-3265d8e3-2c19-41e1-975e-23bb3699fcec 5b269b93c6fd4a6f8021a4e0ea1fed9b 67ae0794042149f4a396eb9cd2d12b7e - - default default] Successfully bumped revision number for resource 642e3974-74ea-459e-b2c0-40e0406e413d (type: security_group_rules) to 0
2026-05-30 03:08:00.550 9 INFO neutron.db.ovn_revision_numbers_db [None req-3265d8e3-2c19-41e1-975e-23bb3699fcec 5b269b93c6fd4a6f8021a4e0ea1fed9b 67ae0794042149f4a396eb9cd2d12b7e - - default default] Successfully bumped revision number for resource c7a11e1e-1741-4b15-ad2f-a5be91f857e3 (type: security_group_rules) to 0
2026-05-30 03:08:00.565 9 INFO neutron.db.ovn_revision_numbers_db [None req-3265d8e3-2c19-41e1-975e-23bb3699fcec 5b269b93c6fd4a6f8021a4e0ea1fed9b 67ae0794042149f4a396eb9cd2d12b7e - - default default] Successfully bumped revision number for resource c81423c4-ecb4-4fef-80f9-9f00e9cf740b (type: security_group_rules) to 0
2026-05-30 03:08:00.618 9 INFO neutron.api.wsgi [None req-3265d8e3-2c19-41e1-975e-23bb3699fcec 5b269b93c6fd4a6f8021a4e0ea1fed9b 67ae0794042149f4a396eb9cd2d12b7e - - default default] 10.0.0.50 "GET /v2.0/security-groups?tenant_id=6d4f1d93751649a083889998efb81842&name=default HTTP/1.1" status: 200 len: 3120 time: 0.2858558
2026-05-30 03:08:01.209 10 INFO neutron.api.wsgi [None req-55fa4911-e4fd-40b2-be73-75f6d6378c9a 5b269b93c6fd4a6f8021a4e0ea1fed9b 67ae0794042149f4a396eb9cd2d12b7e - - default default] 10.0.0.50 "DELETE /v2.0/security-groups/36163b49-6860-44eb-b364-74003db59486 HTTP/1.1" status: 204 len: 168 time: 0.5839968
2026-05-30 03:08:01.405 10 INFO neutron.plugins.ml2.drivers.ovn.mech_driver.ovsdb.commands [None req-92ae25d8-ea5b-4fc6-9345-5640e090f4dc - - - - - -] Schedule LRP lrp-4d86ba91-0bc9-454c-bc91-877a624e25ef on gateway 585ed40b-f730-46a8-811c-5d58a809d870 with priority 1
2026-05-30 03:08:01.435 10 INFO neutron.plugins.ml2.drivers.ovn.mech_driver.ovsdb.ovsdb_monitor [None req-3ec574f7-deb0-46dc-9b21-284315761cb9 - - - - - -] Router 1435c736-eb61-42a9-81ea-af45194f0d61 is bound to host instance
2026-05-30 03:08:01.436 9 INFO neutron.plugins.ml2.drivers.ovn.mech_driver.mech_driver [None req-1155be13-faf7-4418-85e4-13c4290e34b5 - - - - - -] OVN reports status up for port: 4d86ba91-0bc9-454c-bc91-877a624e25ef
2026-05-30 03:08:01.445 9 INFO neutron.plugins.ml2.plugin [None req-1155be13-faf7-4418-85e4-13c4290e34b5 - - - - - -] Attempt 1 to provision port 4d86ba91-0bc9-454c-bc91-877a624e25ef
2026-05-30 03:08:01.470 10 INFO neutron.db.ovn_revision_numbers_db [None req-722c679d-1fb0-479a-8fec-8f290515717c 36971fcba5ee44dabde08faeb625cc40 9a232e7b446948d7a0b2105d1de6dd95 - - default default] Successfully bumped revision number for resource 4d86ba91-0bc9-454c-bc91-877a624e25ef (type: router_ports) to 1
2026-05-30 03:08:01.550 10 INFO neutron.db.ovn_revision_numbers_db [None req-722c679d-1fb0-479a-8fec-8f290515717c 36971fcba5ee44dabde08faeb625cc40 9a232e7b446948d7a0b2105d1de6dd95 - - default default] Successfully bumped revision number for resource 1435c736-eb61-42a9-81ea-af45194f0d61 (type: routers) to 2
2026-05-30 03:08:01.568 10 INFO neutron.api.wsgi [None req-722c679d-1fb0-479a-8fec-8f290515717c 36971fcba5ee44dabde08faeb625cc40 9a232e7b446948d7a0b2105d1de6dd95 - - default default] 10.0.0.50 "POST /v2.0/routers HTTP/1.1" status: 201 len: 1153 time: 1.6112654
2026-05-30 03:08:01.772 9 INFO neutron.api.wsgi [None req-ce51e271-4de3-47a8-8ac4-82aa21428a9d 1ea22cae533446c9a785167ca1e35fd0 23b2175201d1401c8d591cf06fe9aaeb - - default default] 10.0.0.50 "GET /v2.0/subnets?project_id=9a232e7b446948d7a0b2105d1de6dd95&cidr=10.100.0.0%2F28 HTTP/1.1" status: 200 len: 207 time: 0.1973238
2026-05-30 03:08:01.828 9 INFO neutron.api.wsgi [None req-00046777-adb9-4284-8864-432ad0c0ff81 1ea22cae533446c9a785167ca1e35fd0 23b2175201d1401c8d591cf06fe9aaeb - - default default] 10.0.0.50 "GET /v2.0/networks?router%3Aexternal=True HTTP/1.1" status: 200 len: 947 time: 0.0479238
2026-05-30 03:08:01.853 9 INFO neutron.api.wsgi [None req-aae7a4a1-8eed-43f0-8430-01a9e80f0de1 1ea22cae533446c9a785167ca1e35fd0 23b2175201d1401c8d591cf06fe9aaeb - - default default] 10.0.0.50 "GET /v2.0/subnets?network_id=c95f1c1d-e5a6-4c19-9afd-aff0bb985712&cidr=10.100.0.0%2F28 HTTP/1.1" status: 200 len: 207 time: 0.0191000
2026-05-30 03:08:01.862 9 WARNING neutron_lib.context [None req-04a82f70-8348-459f-9d6a-1f8b3f702469 36971fcba5ee44dabde08faeb625cc40 9a232e7b446948d7a0b2105d1de6dd95 - - default default] Method 'is_advsvc' is deprecated since 2023.2 release (neutron-lib 3.8.0) and will be removed once support for the old RBAC API policies will be removed from Neutron. Please use method 'is_service_role' instead.
2026-05-30 03:08:01.899 10 INFO neutron.db.ovn_revision_numbers_db [None req-1c8dba2d-56aa-4fc1-bd96-281fdc7f7fb2 - - - - - -] Successfully bumped revision number for resource 4d86ba91-0bc9-454c-bc91-877a624e25ef (type: ports) to 1
2026-05-30 03:08:02.051 9 WARNING neutron.scheduler.dhcp_agent_scheduler [None req-04a82f70-8348-459f-9d6a-1f8b3f702469 36971fcba5ee44dabde08faeb625cc40 9a232e7b446948d7a0b2105d1de6dd95 - - default default] No more DHCP agents
2026-05-30 03:08:02.052 9 WARNING neutron.api.rpc.agentnotifiers.dhcp_rpc_agent_api [None req-04a82f70-8348-459f-9d6a-1f8b3f702469 36971fcba5ee44dabde08faeb625cc40 9a232e7b446948d7a0b2105d1de6dd95 - - default default] Unable to schedule network 0872ccfe-26bd-4fc0-aa9e-a5da2e11c6a7: no agents available; will retry on subsequent port and subnet creation events.
2026-05-30 03:08:02.207 10 INFO neutron.db.ovn_revision_numbers_db [None req-1c8dba2d-56aa-4fc1-bd96-281fdc7f7fb2 - - - - - -] Successfully bumped revision number for resource 4d86ba91-0bc9-454c-bc91-877a624e25ef (type: ports) to 4
2026-05-30 03:08:02.526 9 INFO neutron.db.ovn_revision_numbers_db [None req-ebc68b1c-0167-42e0-b547-401f475a39f2 - - - - - -] Successfully bumped revision number for resource 64a1802a-28df-47e2-b480-f74815aeb47d (type: ports) to 2
2026-05-30 03:08:02.548 10 INFO neutron.db.ovn_revision_numbers_db [None req-1c8dba2d-56aa-4fc1-bd96-281fdc7f7fb2 - - - - - -] Successfully bumped revision number for resource 4d86ba91-0bc9-454c-bc91-877a624e25ef (type: ports) to 5
2026-05-30 03:08:02.565 9 INFO neutron.db.ovn_revision_numbers_db [None req-ebc68b1c-0167-42e0-b547-401f475a39f2 - - - - - -] Successfully bumped revision number for resource c625d293-04b9-4d4f-9075-cb6f1e124e9d (type: subnets) to 0
2026-05-30 03:08:02.583 9 INFO neutron.api.wsgi [None req-04a82f70-8348-459f-9d6a-1f8b3f702469 36971fcba5ee44dabde08faeb625cc40 9a232e7b446948d7a0b2105d1de6dd95 - - default default] 10.0.0.50 "POST /v2.0/subnets HTTP/1.1" status: 201 len: 856 time: 0.7241144
2026-05-30 03:08:03.101 9 WARNING neutron.scheduler.dhcp_agent_scheduler [None req-064abb67-c277-4e66-935d-6779f767825c 36971fcba5ee44dabde08faeb625cc40 9a232e7b446948d7a0b2105d1de6dd95 - - default default] No more DHCP agents
2026-05-30 03:08:03.103 9 WARNING neutron.api.rpc.agentnotifiers.dhcp_rpc_agent_api [None req-064abb67-c277-4e66-935d-6779f767825c 36971fcba5ee44dabde08faeb625cc40 9a232e7b446948d7a0b2105d1de6dd95 - - default default] Unable to schedule network 0872ccfe-26bd-4fc0-aa9e-a5da2e11c6a7: no agents available; will retry on subsequent port and subnet creation events.
2026-05-30 03:08:03.225 9 INFO neutron.db.ovn_revision_numbers_db [None req-064abb67-c277-4e66-935d-6779f767825c 36971fcba5ee44dabde08faeb625cc40 9a232e7b446948d7a0b2105d1de6dd95 - - default default] Successfully bumped revision number for resource cd42bd88-3480-4853-9a08-7730e49cdfb9 (type: ports) to 1
2026-05-30 03:08:03.870 10 INFO neutron.plugins.ml2.drivers.ovn.mech_driver.mech_driver [None req-0416b76e-0cfa-47e8-930c-7bbed3e3d25f - - - - - -] OVN reports status up for port: cd42bd88-3480-4853-9a08-7730e49cdfb9
2026-05-30 03:08:03.878 10 INFO neutron.plugins.ml2.plugin [None req-0416b76e-0cfa-47e8-930c-7bbed3e3d25f - - - - - -] Attempt 1 to provision port cd42bd88-3480-4853-9a08-7730e49cdfb9
2026-05-30 03:08:03.897 9 INFO neutron.db.ovn_revision_numbers_db [None req-064abb67-c277-4e66-935d-6779f767825c 36971fcba5ee44dabde08faeb625cc40 9a232e7b446948d7a0b2105d1de6dd95 - - default default] Successfully bumped revision number for resource cd42bd88-3480-4853-9a08-7730e49cdfb9 (type: ports) to 1
2026-05-30 03:08:03.951 9 WARNING neutron.scheduler.dhcp_agent_scheduler [None req-064abb67-c277-4e66-935d-6779f767825c 36971fcba5ee44dabde08faeb625cc40 9a232e7b446948d7a0b2105d1de6dd95 - - default default] No more DHCP agents
2026-05-30 03:08:03.952 9 WARNING neutron.api.rpc.agentnotifiers.dhcp_rpc_agent_api [None req-064abb67-c277-4e66-935d-6779f767825c 36971fcba5ee44dabde08faeb625cc40 9a232e7b446948d7a0b2105d1de6dd95 - - default default] Unable to schedule network 0872ccfe-26bd-4fc0-aa9e-a5da2e11c6a7: no agents available; will retry on subsequent port and subnet creation events.
2026-05-30 03:08:04.228 10 INFO neutron.db.ovn_revision_numbers_db [None req-0416b76e-0cfa-47e8-930c-7bbed3e3d25f - - - - - -] Successfully bumped revision number for resource cd42bd88-3480-4853-9a08-7730e49cdfb9 (type: ports) to 2
2026-05-30 03:08:04.343 9 INFO neutron.db.ovn_revision_numbers_db [None req-064abb67-c277-4e66-935d-6779f767825c 36971fcba5ee44dabde08faeb625cc40 9a232e7b446948d7a0b2105d1de6dd95 - - default default] Successfully bumped revision number for resource cd42bd88-3480-4853-9a08-7730e49cdfb9 (type: router_ports) to 1
2026-05-30 03:08:04.349 9 INFO neutron.api.wsgi [None req-064abb67-c277-4e66-935d-6779f767825c 36971fcba5ee44dabde08faeb625cc40 9a232e7b446948d7a0b2105d1de6dd95 - - default default] 10.0.0.50 "PUT /v2.0/routers/1435c736-eb61-42a9-81ea-af45194f0d61/add_router_interface HTTP/1.1" status: 200 len: 503 time: 1.7555501
2026-05-30 03:08:04.411 9 INFO neutron.api.wsgi [None req-8f2708be-e189-4a77-a8bb-39eb6d43c20f 1ea22cae533446c9a785167ca1e35fd0 23b2175201d1401c8d591cf06fe9aaeb - - default default] 10.0.0.50 "GET /v2.0/networks HTTP/1.1" status: 200 len: 3114 time: 0.0540802
2026-05-30 03:08:04.452 9 INFO neutron.api.wsgi [None req-dda380d9-3fe7-4398-b7dc-7c11799e43f4 1ea22cae533446c9a785167ca1e35fd0 23b2175201d1401c8d591cf06fe9aaeb - - default default] 10.0.0.50 "GET /v2.0/subnets HTTP/1.1" status: 200 len: 2168 time: 0.0329907
2026-05-30 03:08:04.509 9 INFO neutron.api.wsgi [None req-2701a588-4173-4a21-950d-e550592886e4 1ea22cae533446c9a785167ca1e35fd0 23b2175201d1401c8d591cf06fe9aaeb - - default default] 10.0.0.50 "GET /v2.0/routers HTTP/1.1" status: 200 len: 1169 time: 0.0507066
2026-05-30 03:08:04.579 9 WARNING neutron_lib.context [None req-9c29b977-aff8-42ef-a027-48454ca97c6c 36971fcba5ee44dabde08faeb625cc40 9a232e7b446948d7a0b2105d1de6dd95 - - default default] Method 'is_advsvc' is deprecated since 2023.2 release (neutron-lib 3.8.0) and will be removed once support for the old RBAC API policies will be removed from Neutron. Please use method 'is_service_role' instead.
2026-05-30 03:08:04.696 9 INFO neutron.db.ovn_revision_numbers_db [None req-9c29b977-aff8-42ef-a027-48454ca97c6c 36971fcba5ee44dabde08faeb625cc40 9a232e7b446948d7a0b2105d1de6dd95 - - default default] Successfully bumped revision number for resource ab63e49e-9e51-4cec-82da-d67c54ee3cac (type: security_groups) to 1
2026-05-30 03:08:04.709 9 INFO neutron.db.ovn_revision_numbers_db [None req-9c29b977-aff8-42ef-a027-48454ca97c6c 36971fcba5ee44dabde08faeb625cc40 9a232e7b446948d7a0b2105d1de6dd95 - - default default] Successfully bumped revision number for resource 62be6992-7449-40b4-b8e7-21121733a0e2 (type: security_group_rules) to 0
2026-05-30 03:08:04.723 9 INFO neutron.db.ovn_revision_numbers_db [None req-9c29b977-aff8-42ef-a027-48454ca97c6c 36971fcba5ee44dabde08faeb625cc40 9a232e7b446948d7a0b2105d1de6dd95 - - default default] Successfully bumped revision number for resource b425d1ef-1980-43f5-bc95-0e6543add940 (type: security_group_rules) to 0
2026-05-30 03:08:04.757 9 INFO neutron.api.wsgi [None req-9c29b977-aff8-42ef-a027-48454ca97c6c 36971fcba5ee44dabde08faeb625cc40 9a232e7b446948d7a0b2105d1de6dd95 - - default default] 10.0.0.50 "POST /v2.0/security-groups HTTP/1.1" status: 201 len: 1875 time: 0.1846371
2026-05-30 03:08:04.766 9 WARNING neutron_lib.context [None req-ca057356-fa3a-4c23-af50-4abd6fadf752 36971fcba5ee44dabde08faeb625cc40 9a232e7b446948d7a0b2105d1de6dd95 - - default default] Method 'is_advsvc' is deprecated since 2023.2 release (neutron-lib 3.8.0) and will be removed once support for the old RBAC API policies will be removed from Neutron. Please use method 'is_service_role' instead.
2026-05-30 03:08:04.877 9 WARNING neutron_lib.context [None req-5e63a12e-aa5a-40a6-b408-b0be3571f54d 6f070a24353149df948e2e870c9a2e63 038c285bfb9a41e8909c855ade68569d - - default default] Method 'is_advsvc' is deprecated since 2023.2 release (neutron-lib 3.8.0) and will be removed once support for the old RBAC API policies will be removed from Neutron. Please use method 'is_service_role' instead.
2026-05-30 03:08:04.902 9 INFO neutron.db.ovn_revision_numbers_db [None req-ca057356-fa3a-4c23-af50-4abd6fadf752 36971fcba5ee44dabde08faeb625cc40 9a232e7b446948d7a0b2105d1de6dd95 - - default default] Successfully bumped revision number for resource cc594de6-91cc-40a0-bf04-36c1d493830f (type: security_group_rules) to 0
2026-05-30 03:08:04.939 9 INFO neutron.api.wsgi [None req-ca057356-fa3a-4c23-af50-4abd6fadf752 36971fcba5ee44dabde08faeb625cc40 9a232e7b446948d7a0b2105d1de6dd95 - - default default] 10.0.0.50 "POST /v2.0/security-group-rules HTTP/1.1" status: 201 len: 796 time: 0.1769235
2026-05-30 03:08:04.952 10 WARNING neutron_lib.context [None req-11c9b44c-2eb8-41d4-bd62-2645a3e3afa6 36971fcba5ee44dabde08faeb625cc40 9a232e7b446948d7a0b2105d1de6dd95 - - default default] Method 'is_advsvc' is deprecated since 2023.2 release (neutron-lib 3.8.0) and will be removed once support for the old RBAC API policies will be removed from Neutron. Please use method 'is_service_role' instead.
2026-05-30 03:08:05.005 9 INFO neutron.db.ovn_revision_numbers_db [None req-5e63a12e-aa5a-40a6-b408-b0be3571f54d 6f070a24353149df948e2e870c9a2e63 038c285bfb9a41e8909c855ade68569d - - default default] Successfully bumped revision number for resource cfe381c1-7cfb-42a2-95e3-7fbac5932864 (type: security_groups) to 1
2026-05-30 03:08:05.019 9 INFO neutron.db.ovn_revision_numbers_db [None req-5e63a12e-aa5a-40a6-b408-b0be3571f54d 6f070a24353149df948e2e870c9a2e63 038c285bfb9a41e8909c855ade68569d - - default default] Successfully bumped revision number for resource 523852d4-8a4c-480f-950f-cce78782e49c (type: security_group_rules) to 0
2026-05-30 03:08:05.035 9 INFO neutron.db.ovn_revision_numbers_db [None req-5e63a12e-aa5a-40a6-b408-b0be3571f54d 6f070a24353149df948e2e870c9a2e63 038c285bfb9a41e8909c855ade68569d - - default default] Successfully bumped revision number for resource 89f38f6c-2543-4fed-bb7a-26d02eaf450a (type: security_group_rules) to 0
2026-05-30 03:08:05.048 9 INFO neutron.db.ovn_revision_numbers_db [None req-5e63a12e-aa5a-40a6-b408-b0be3571f54d 6f070a24353149df948e2e870c9a2e63 038c285bfb9a41e8909c855ade68569d - - default default] Successfully bumped revision number for resource adf5fa28-764b-462a-b306-09008719b4a6 (type: security_group_rules) to 0
2026-05-30 03:08:05.066 9 INFO neutron.db.ovn_revision_numbers_db [None req-5e63a12e-aa5a-40a6-b408-b0be3571f54d 6f070a24353149df948e2e870c9a2e63 038c285bfb9a41e8909c855ade68569d - - default default] Successfully bumped revision number for resource d2738b2c-978d-4af6-af17-ea3cd2a25b9c (type: security_group_rules) to 0
2026-05-30 03:08:05.105 10 INFO neutron.db.ovn_revision_numbers_db [None req-11c9b44c-2eb8-41d4-bd62-2645a3e3afa6 36971fcba5ee44dabde08faeb625cc40 9a232e7b446948d7a0b2105d1de6dd95 - - default default] Successfully bumped revision number for resource 46f5eef3-6623-4969-9597-b748e788ac1d (type: security_group_rules) to 0
