2026-05-30 03:12:37.782 7 INFO placement.requestlog [req-cfd5544b-d786-49e7-bde0-72e73947c7ef req-371c2d52-f03c-43d1-96c4-363bd3ce8901 8354da18604d4c84bdced1daa692667e d696a7b8475b47d98a1dd2dcf2879aab - - 540244188f344bb38ea18e82208c5849 540244188f344bb38ea18e82208c5849] 10.0.0.102 "GET /allocations/951970b8-8aec-4e7c-a703-110bde52fdf5" status: 200 len: 19 microversion: 1.28 [pid: 7|app: 0|req: 572/1150] 10.0.0.102 () {34 vars in 860 bytes} [Sat May 30 03:12:37 2026] GET /allocations/951970b8-8aec-4e7c-a703-110bde52fdf5 => generated 19 bytes in 17 msecs (HTTP/1.1 200) 8 headers in 295 bytes (1 switches on core 0)
2026-05-30 03:12:37.851 8 INFO placement.requestlog [req-cfd5544b-d786-49e7-bde0-72e73947c7ef req-5265e242-5264-410c-9976-318332e45454 8354da18604d4c84bdced1daa692667e d696a7b8475b47d98a1dd2dcf2879aab - - 540244188f344bb38ea18e82208c5849 540244188f344bb38ea18e82208c5849] 10.0.0.102 "PUT /allocations/951970b8-8aec-4e7c-a703-110bde52fdf5" status: 204 len: 0 microversion: 1.36 [pid: 8|app: 0|req: 579/1151] 10.0.0.102 () {38 vars in 913 bytes} [Sat May 30 03:12:37 2026] PUT /allocations/951970b8-8aec-4e7c-a703-110bde52fdf5 => generated 0 bytes in 62 msecs (HTTP/1.1 204) 5 headers in 199 bytes (1 switches on core 0)
2026-05-30 03:12:39.375 7 INFO placement.requestlog [req-cfd5544b-d786-49e7-bde0-72e73947c7ef req-c26e22c3-b26d-4370-bc37-bd063b2e6d17 8354da18604d4c84bdced1daa692667e d696a7b8475b47d98a1dd2dcf2879aab - - 540244188f344bb38ea18e82208c5849 540244188f344bb38ea18e82208c5849] 199.204.45.72 "GET /allocations/951970b8-8aec-4e7c-a703-110bde52fdf5" status: 200 len: 245 microversion: 1.28 [pid: 7|app: 0|req: 573/1152] 199.204.45.72 () {34 vars in 861 bytes} [Sat May 30 03:12:39 2026] GET /allocations/951970b8-8aec-4e7c-a703-110bde52fdf5 => generated 245 bytes in 16 msecs (HTTP/1.1 200) 8 headers in 296 bytes (1 switches on core 0)
2026-05-30 03:12:40.426 8 INFO placement.requestlog [req-cfd5544b-d786-49e7-bde0-72e73947c7ef req-732edd42-db0e-4377-9a60-82573660033b 8354da18604d4c84bdced1daa692667e d696a7b8475b47d98a1dd2dcf2879aab - - 540244188f344bb38ea18e82208c5849 540244188f344bb38ea18e82208c5849] 199.204.45.72 "GET /resource_providers/271aee8e-e8d0-49f5-a7ee-d0ac1a02747a/allocations" status: 200 len: 340 microversion: 1.0 [pid: 8|app: 0|req: 580/1153] 199.204.45.72 () {32 vars in 855 bytes} [Sat May 30 03:12:40 2026] GET /resource_providers/271aee8e-e8d0-49f5-a7ee-d0ac1a02747a/allocations => generated 340 bytes in 19 msecs (HTTP/1.1 200) 6 headers in 224 bytes (1 switches on core 0)
2026-05-30 03:12:40.445 7 INFO placement.requestlog [req-cfd5544b-d786-49e7-bde0-72e73947c7ef req-fce4127b-e4bb-424d-932a-16900624176b 8354da18604d4c84bdced1daa692667e d696a7b8475b47d98a1dd2dcf2879aab - - 540244188f344bb38ea18e82208c5849 540244188f344bb38ea18e82208c5849] 199.204.45.72 "GET /allocations/43d48948-fde0-45ff-82fc-5a5682e821a6" status: 200 len: 258 microversion: 1.28 [pid: 7|app: 0|req: 574/1154] 199.204.45.72 () {34 vars in 861 bytes} [Sat May 30 03:12:40 2026] GET /allocations/43d48948-fde0-45ff-82fc-5a5682e821a6 => generated 258 bytes in 12 msecs (HTTP/1.1 200) 8 headers in 296 bytes (1 switches on core 0)
2026-05-30 03:12:40.468 8 INFO placement.requestlog [req-cfd5544b-d786-49e7-bde0-72e73947c7ef req-a811bbc4-3915-4c2b-90b9-4cfe0225b240 8354da18604d4c84bdced1daa692667e d696a7b8475b47d98a1dd2dcf2879aab - - 540244188f344bb38ea18e82208c5849 540244188f344bb38ea18e82208c5849] 199.204.45.72 "GET /allocations/951970b8-8aec-4e7c-a703-110bde52fdf5" status: 200 len: 245 microversion: 1.28 [pid: 8|app: 0|req: 581/1155] 199.204.45.72 () {34 vars in 861 bytes} [Sat May 30 03:12:40 2026] GET /allocations/951970b8-8aec-4e7c-a703-110bde52fdf5 => generated 245 bytes in 16 msecs (HTTP/1.1 200) 8 headers in 296 bytes (1 switches on core 0)
2026-05-30 03:12:40.487 7 INFO placement.requestlog [req-cfd5544b-d786-49e7-bde0-72e73947c7ef req-ad11da89-d3c0-4392-9f2d-d801dcd8ad7e 8354da18604d4c84bdced1daa692667e d696a7b8475b47d98a1dd2dcf2879aab - - 540244188f344bb38ea18e82208c5849 540244188f344bb38ea18e82208c5849] 199.204.45.72 "GET /allocations/b44065ee-de26-4113-a289-fec446d86a28" status: 200 len: 258 microversion: 1.28 [pid: 7|app: 0|req: 575/1156] 199.204.45.72 () {34 vars in 861 bytes} [Sat May 30 03:12:40 2026] GET /allocations/b44065ee-de26-4113-a289-fec446d86a28 => generated 258 bytes in 13 msecs (HTTP/1.1 200) 8 headers in 296 bytes (1 switches on core 0)
2026-05-30 03:12:42.648 8 INFO placement.requestlog [req-2ff748a1-91cd-493a-aeca-0cd022d78e95 req-1a33f327-8a43-466e-8ff9-e07c0ff65ba3 8354da18604d4c84bdced1daa692667e d696a7b8475b47d98a1dd2dcf2879aab - - 540244188f344bb38ea18e82208c5849 540244188f344bb38ea18e82208c5849] 199.204.45.72 "GET /resource_providers/271aee8e-e8d0-49f5-a7ee-d0ac1a02747a/allocations" status: 200 len: 340 microversion: 1.0 [pid: 8|app: 0|req: 582/1157] 199.204.45.72 () {32 vars in 855 bytes} [Sat May 30 03:12:42 2026] GET /resource_providers/271aee8e-e8d0-49f5-a7ee-d0ac1a02747a/allocations => generated 340 bytes in 110 msecs (HTTP/1.1 200) 6 headers in 224 bytes (1 switches on core 0)
2026-05-30 03:12:42.686 7 INFO placement.requestlog [req-2ff748a1-91cd-493a-aeca-0cd022d78e95 req-ff4c7196-2723-4eac-9c76-0de63a8629e6 8354da18604d4c84bdced1daa692667e d696a7b8475b47d98a1dd2dcf2879aab - - 540244188f344bb38ea18e82208c5849 540244188f344bb38ea18e82208c5849] 199.204.45.72 "GET /resource_providers?in_tree=271aee8e-e8d0-49f5-a7ee-d0ac1a02747a" status: 200 len: 798 microversion: 1.14 [pid: 7|app: 0|req: 576/1158] 199.204.45.72 () {34 vars in 890 bytes} [Sat May 30 03:12:42 2026] GET /resource_providers?in_tree=271aee8e-e8d0-49f5-a7ee-d0ac1a02747a => generated 798 bytes in 31 msecs (HTTP/1.1 200) 6 headers in 225 bytes (1 switches on core 0)
2026-05-30 03:12:42.712 8 INFO placement.requestlog [req-2ff748a1-91cd-493a-aeca-0cd022d78e95 req-33dfd540-b00d-48f7-949c-b9c4612e2079 8354da18604d4c84bdced1daa692667e d696a7b8475b47d98a1dd2dcf2879aab - - 540244188f344bb38ea18e82208c5849 540244188f344bb38ea18e82208c5849] 199.204.45.72 "GET /resource_providers/271aee8e-e8d0-49f5-a7ee-d0ac1a02747a/inventories" status: 200 len: 401 microversion: 1.0 [pid: 8|app: 0|req: 583/1159] 199.204.45.72 () {32 vars in 855 bytes} [Sat May 30 03:12:42 2026] GET /resource_providers/271aee8e-e8d0-49f5-a7ee-d0ac1a02747a/inventories => generated 401 bytes in 20 msecs (HTTP/1.1 200) 6 headers in 224 bytes (1 switches on core 0)
2026-05-30 03:12:42.731 7 INFO placement.requestlog [req-2ff748a1-91cd-493a-aeca-0cd022d78e95 req-5aec8597-6589-4b94-b09d-e597e8660b0c 8354da18604d4c84bdced1daa692667e d696a7b8475b47d98a1dd2dcf2879aab - - 540244188f344bb38ea18e82208c5849 540244188f344bb38ea18e82208c5849] 199.204.45.72 "GET /resource_providers/271aee8e-e8d0-49f5-a7ee-d0ac1a02747a/aggregates" status: 200 len: 54 microversion: 1.19 [pid: 7|app: 0|req: 577/1160] 199.204.45.72 () {34 vars in 897 bytes} [Sat May 30 03:12:42 2026] GET /resource_providers/271aee8e-e8d0-49f5-a7ee-d0ac1a02747a/aggregates => generated 54 bytes in 11 msecs (HTTP/1.1 200) 8 headers in 295 bytes (1 switches on core 0)
2026-05-30 03:12:42.756 8 INFO placement.requestlog [req-2ff748a1-91cd-493a-aeca-0cd022d78e95 req-bb7a3338-c17d-4923-a416-ccf9f8b6e3f1 8354da18604d4c84bdced1daa692667e d696a7b8475b47d98a1dd2dcf2879aab - - 540244188f344bb38ea18e82208c5849 540244188f344bb38ea18e82208c5849] 199.204.45.72 "GET /resource_providers/271aee8e-e8d0-49f5-a7ee-d0ac1a02747a/traits" status: 200 len: 1920 microversion: 1.6 [pid: 8|app: 0|req: 584/1161] 199.204.45.72 () {34 vars in 888 bytes} [Sat May 30 03:12:42 2026] GET /resource_providers/271aee8e-e8d0-49f5-a7ee-d0ac1a02747a/traits => generated 1920 bytes in 21 msecs (HTTP/1.1 200) 6 headers in 225 bytes (1 switches on core 0)
2026-05-30 03:12:42.786 7 INFO placement.requestlog [req-2ff748a1-91cd-493a-aeca-0cd022d78e95 req-53e35f28-e024-4079-8516-e11d1ea12d52 8354da18604d4c84bdced1daa692667e d696a7b8475b47d98a1dd2dcf2879aab - - 540244188f344bb38ea18e82208c5849 540244188f344bb38ea18e82208c5849] 199.204.45.72 "GET /resource_providers/271aee8e-e8d0-49f5-a7ee-d0ac1a02747a/allocations" status: 200 len: 340 microversion: 1.0 [pid: 7|app: 0|req: 578/1162] 199.204.45.72 () {32 vars in 855 bytes} [Sat May 30 03:12:42 2026] GET /resource_providers/271aee8e-e8d0-49f5-a7ee-d0ac1a02747a/allocations => generated 340 bytes in 22 msecs (HTTP/1.1 200) 6 headers in 224 bytes (1 switches on core 0)
2026-05-30 03:12:42.805 8 INFO placement.requestlog [req-2ff748a1-91cd-493a-aeca-0cd022d78e95 req-b85ebc44-5a6a-433f-9b30-aa96c9bc1c58 8354da18604d4c84bdced1daa692667e d696a7b8475b47d98a1dd2dcf2879aab - - 540244188f344bb38ea18e82208c5849 540244188f344bb38ea18e82208c5849] 199.204.45.72 "GET /allocations/43d48948-fde0-45ff-82fc-5a5682e821a6" status: 200 len: 258 microversion: 1.28 [pid: 8|app: 0|req: 585/1163] 199.204.45.72 () {34 vars in 861 bytes} [Sat May 30 03:12:42 2026] GET /allocations/43d48948-fde0-45ff-82fc-5a5682e821a6 => generated 258 bytes in 12 msecs (HTTP/1.1 200) 8 headers in 296 bytes (1 switches on core 0)
2026-05-30 03:12:42.826 7 INFO placement.requestlog [req-2ff748a1-91cd-493a-aeca-0cd022d78e95 req-26f7a924-3b96-4da6-933c-4b0090040f23 8354da18604d4c84bdced1daa692667e d696a7b8475b47d98a1dd2dcf2879aab - - 540244188f344bb38ea18e82208c5849 540244188f344bb38ea18e82208c5849] 199.204.45.72 "GET /allocations/951970b8-8aec-4e7c-a703-110bde52fdf5" status: 200 len: 245 microversion: 1.28 [pid: 7|app: 0|req: 579/1164] 199.204.45.72 () {34 vars in 861 bytes} [Sat May 30 03:12:42 2026] GET /allocations/951970b8-8aec-4e7c-a703-110bde52fdf5 => generated 245 bytes in 14 msecs (HTTP/1.1 200) 8 headers in 296 bytes (1 switches on core 0)
2026-05-30 03:12:42.835 7 INFO placement.requestlog [None req-1cbc6c60-f5ab-43a5-8e86-7d64d3d53620 - - - - - -] 10.0.0.122 "GET /" status: 200 len: 136 microversion: 1.0
2026-05-30 03:12:42.837 7 INFO placement.requestlog [None req-0da7d437-084c-4d09-9b76-82775bd57a57 - - - - - -] 10.0.0.122 "GET /" status: 200 len: 136 microversion: 1.0
2026-05-30 03:12:42.848 8 INFO placement.requestlog [req-2ff748a1-91cd-493a-aeca-0cd022d78e95 req-822b8c19-dcc8-4fa8-9f2f-d726b02fc8e2 8354da18604d4c84bdced1daa692667e d696a7b8475b47d98a1dd2dcf2879aab - - 540244188f344bb38ea18e82208c5849 540244188f344bb38ea18e82208c5849] 199.204.45.72 "GET /allocations/b44065ee-de26-4113-a289-fec446d86a28" status: 200 len: 258 microversion: 1.28 [pid: 8|app: 0|req: 586/1167] 199.204.45.72 () {34 vars in 861 bytes} [Sat May 30 03:12:42 2026] GET /allocations/b44065ee-de26-4113-a289-fec446d86a28 => generated 258 bytes in 15 msecs (HTTP/1.1 200) 8 headers in 296 bytes (1 switches on core 0)
2026-05-30 03:12:52.835 7 INFO placement.requestlog [None req-a998fe58-f138-4a18-87e5-83050391a28b - - - - - -] 10.0.0.122 "GET /" status: 200 len: 136 microversion: 1.0
2026-05-30 03:12:52.836 8 INFO placement.requestlog [None req-d69898aa-4142-44a5-b0b6-fccef6763369 - - - - - -] 10.0.0.122 "GET /" status: 200 len: 136 microversion: 1.0
2026-05-30 03:13:02.837 7 INFO placement.requestlog [None req-37450cb4-9fdd-4a40-abf9-04a1c0090485 - - - - - -] 10.0.0.122 "GET /" status: 200 len: 136 microversion: 1.0
2026-05-30 03:13:02.839 8 INFO placement.requestlog [None req-dfb64b02-c218-445b-9a29-b1683f87be49 - - - - - -] 10.0.0.122 "GET /" status: 200 len: 136 microversion: 1.0
2026-05-30 03:13:12.835 7 INFO placement.requestlog [None req-d18ffb5b-bc4b-4322-a703-752f48c7f0ca - - - - - -] 10.0.0.122 "GET /" status: 200 len: 136 microversion: 1.0
2026-05-30 03:13:12.836 8 INFO placement.requestlog [None req-93b77dee-c624-4c4f-aaec-1106948ba186 - - - - - -] 10.0.0.122 "GET /" status: 200 len: 136 microversion: 1.0
2026-05-30 03:13:22.836 7 INFO placement.requestlog [None req-dd088b77-4399-4333-bc04-166e4782964d - - - - - -] 10.0.0.122 "GET /" status: 200 len: 136 microversion: 1.0
2026-05-30 03:13:22.841 8 INFO placement.requestlog [None req-f58f15ca-2e08-45cd-b397-58bbb6abceae - - - - - -] 10.0.0.122 "GET /" status: 200 len: 136 microversion: 1.0
2026-05-30 03:13:32.836 7 INFO placement.requestlog [None req-e27e9057-4d28-4bd5-96b8-cac4c2708884 - - - - - -] 10.0.0.122 "GET /" status: 200 len: 136 microversion: 1.0
2026-05-30 03:13:32.836 8 INFO placement.requestlog [None req-1d9e0e65-5e12-4182-940c-10e5d5d9b307 - - - - - -] 10.0.0.122 "GET /" status: 200 len: 136 microversion: 1.0
2026-05-30 03:13:42.835 7 INFO placement.requestlog [None req-46df3c3c-891b-40ba-bd48-c04d141040ea - - - - - -] 10.0.0.122 "GET /" status: 200 len: 136 microversion: 1.0
2026-05-30 03:13:42.836 8 INFO placement.requestlog [None req-016db98b-fa45-46f9-a195-aa707e018b13 - - - - - -] 10.0.0.122 "GET /" status: 200 len: 136 microversion: 1.0
2026-05-30 03:13:43.324 7 INFO placement.requestlog [req-4361bfe1-8d1c-49a0-848c-d7c923a4387b req-093f17c4-b89a-4c1f-bdd2-bcff069e29a0 8354da18604d4c84bdced1daa692667e d696a7b8475b47d98a1dd2dcf2879aab - - 540244188f344bb38ea18e82208c5849 540244188f344bb38ea18e82208c5849] 199.204.45.72 "GET /resource_providers/271aee8e-e8d0-49f5-a7ee-d0ac1a02747a/allocations" status: 200 len: 340 microversion: 1.0 [pid: 7|app: 0|req: 588/1180] 199.204.45.72 () {32 vars in 855 bytes} [Sat May 30 03:13:43 2026] GET /resource_providers/271aee8e-e8d0-49f5-a7ee-d0ac1a02747a/allocations => generated 340 bytes in 18 msecs (HTTP/1.1 200) 6 headers in 224 bytes (1 switches on core 0)
2026-05-30 03:13:43.353 8 INFO placement.requestlog [req-4361bfe1-8d1c-49a0-848c-d7c923a4387b req-72eea774-c8dd-44f4-9758-5be239ed2071 8354da18604d4c84bdced1daa692667e d696a7b8475b47d98a1dd2dcf2879aab - - 540244188f344bb38ea18e82208c5849 540244188f344bb38ea18e82208c5849] 199.204.45.72 "GET /resource_providers/271aee8e-e8d0-49f5-a7ee-d0ac1a02747a/allocations" status: 200 len: 340 microversion: 1.0 [pid: 8|app: 0|req: 593/1181] 199.204.45.72 () {32 vars in 855 bytes} [Sat May 30 03:13:43 2026] GET /resource_providers/271aee8e-e8d0-49f5-a7ee-d0ac1a02747a/allocations => generated 340 bytes in 22 msecs (HTTP/1.1 200) 6 headers in 224 bytes (1 switches on core 0)
2026-05-30 03:13:43.374 7 INFO placement.requestlog [req-4361bfe1-8d1c-49a0-848c-d7c923a4387b req-ef41c8cb-da5e-4e27-ba3d-8d4ac5416bb9 8354da18604d4c84bdced1daa692667e d696a7b8475b47d98a1dd2dcf2879aab - - 540244188f344bb38ea18e82208c5849 540244188f344bb38ea18e82208c5849] 199.204.45.72 "GET /allocations/43d48948-fde0-45ff-82fc-5a5682e821a6" status: 200 len: 258 microversion: 1.28 [pid: 7|app: 0|req: 589/1182] 199.204.45.72 () {34 vars in 861 bytes} [Sat May 30 03:13:43 2026] GET /allocations/43d48948-fde0-45ff-82fc-5a5682e821a6 => generated 258 bytes in 14 msecs (HTTP/1.1 200) 8 headers in 296 bytes (1 switches on core 0)
2026-05-30 03:13:43.399 8 INFO placement.requestlog [req-4361bfe1-8d1c-49a0-848c-d7c923a4387b req-aac4d433-fae8-4785-902c-26e0a6d6c088 8354da18604d4c84bdced1daa692667e d696a7b8475b47d98a1dd2dcf2879aab - - 540244188f344bb38ea18e82208c5849 540244188f344bb38ea18e82208c5849] 199.204.45.72 "GET /allocations/951970b8-8aec-4e7c-a703-110bde52fdf5" status: 200 len: 245 microversion: 1.28 [pid: 8|app: 0|req: 594/1183] 199.204.45.72 () {34 vars in 861 bytes} [Sat May 30 03:13:43 2026] GET /allocations/951970b8-8aec-4e7c-a703-110bde52fdf5 => generated 245 bytes in 18 msecs (HTTP/1.1 200) 8 headers in 296 bytes (1 switches on core 0)
2026-05-30 03:13:43.421 7 INFO placement.requestlog [req-4361bfe1-8d1c-49a0-848c-d7c923a4387b req-548ab760-a4e6-453d-9a80-4fca9c803b06 8354da18604d4c84bdced1daa692667e d696a7b8475b47d98a1dd2dcf2879aab - - 540244188f344bb38ea18e82208c5849 540244188f344bb38ea18e82208c5849] 199.204.45.72 "GET /allocations/b44065ee-de26-4113-a289-fec446d86a28" status: 200 len: 258 microversion: 1.28 [pid: 7|app: 0|req: 590/1184] 199.204.45.72 () {34 vars in 861 bytes} [Sat May 30 03:13:43 2026] GET /allocations/b44065ee-de26-4113-a289-fec446d86a28 => generated 258 bytes in 15 msecs (HTTP/1.1 200) 8 headers in 296 bytes (1 switches on core 0)
2026-05-30 03:13:52.836 7 INFO placement.requestlog [None req-a1d980fc-8de0-44ad-ae4f-050ed70e21aa - - - - - -] 10.0.0.122 "GET /" status: 200 len: 136 microversion: 1.0
2026-05-30 03:13:52.836 8 INFO placement.requestlog [None req-2e077ffd-88ac-4b7e-bdaf-6a158d3026d6 - - - - - -] 10.0.0.122 "GET /" status: 200 len: 136 microversion: 1.0
2026-05-30 03:14:02.836 8 INFO placement.requestlog [None req-ffce20de-bfa2-458b-81e4-d206bb86d12c - - - - - -] 10.0.0.122 "GET /" status: 200 len: 136 microversion: 1.0
2026-05-30 03:14:02.836 7 INFO placement.requestlog [None req-9ea8f803-ee7c-4232-a650-96532f9b8f0c - - - - - -] 10.0.0.122 "GET /" status: 200 len: 136 microversion: 1.0
2026-05-30 03:14:12.836 7 INFO placement.requestlog [None req-847f0d49-eaaf-45c6-8c6e-2decc84afe68 - - - - - -] 10.0.0.122 "GET /" status: 200 len: 136 microversion: 1.0
2026-05-30 03:14:12.836 8 INFO placement.requestlog [None req-691226cb-363f-4366-97cd-57cd5364a0f3 - - - - - -] 10.0.0.122 "GET /" status: 200 len: 136 microversion: 1.0
2026-05-30 03:14:22.836 7 INFO placement.requestlog [None req-12d74af3-5d59-4a25-bc84-0b07e23be602 - - - - - -] 10.0.0.122 "GET /" status: 200 len: 136 microversion: 1.0
2026-05-30 03:14:22.836 8 INFO placement.requestlog [None req-248bf493-e572-4bd6-87b2-37f0fe35af6d - - - - - -] 10.0.0.122 "GET /" status: 200 len: 136 microversion: 1.0
2026-05-30 03:14:32.836 8 INFO placement.requestlog [None req-58a0cc85-18dd-4252-ad48-f45b9b2daa42 - - - - - -] 10.0.0.122 "GET /" status: 200 len: 136 microversion: 1.0
2026-05-30 03:14:32.836 7 INFO placement.requestlog [None req-619c8b10-3745-4d1f-a920-ac5c7655ec12 - - - - - -] 10.0.0.122 "GET /" status: 200 len: 136 microversion: 1.0
2026-05-30 03:14:42.836 8 INFO placement.requestlog [None req-b40cc0fc-1c00-410d-ab7a-1ab7a1544276 - - - - - -] 10.0.0.122 "GET /" status: 200 len: 136 microversion: 1.0
2026-05-30 03:14:42.836 7 INFO placement.requestlog [None req-1d650e02-ffa5-45c3-99a8-2d2a5eb402b7 - - - - - -] 10.0.0.122 "GET /" status: 200 len: 136 microversion: 1.0
2026-05-30 03:14:45.233 7 INFO placement.requestlog [req-73ed1877-d35c-4baf-b6b6-db3060a69374 req-d5cade18-2fed-4ece-a0b4-7bc3fcebeecc 8354da18604d4c84bdced1daa692667e d696a7b8475b47d98a1dd2dcf2879aab - - 540244188f344bb38ea18e82208c5849 540244188f344bb38ea18e82208c5849] 199.204.45.72 "GET /resource_providers/271aee8e-e8d0-49f5-a7ee-d0ac1a02747a/allocations" status: 200 len: 340 microversion: 1.0 [pid: 7|app: 0|req: 597/1197] 199.204.45.72 () {32 vars in 855 bytes} [Sat May 30 03:14:45 2026] GET /resource_providers/271aee8e-e8d0-49f5-a7ee-d0ac1a02747a/allocations => generated 340 bytes in 19 msecs (HTTP/1.1 200) 6 headers in 224 bytes (1 switches on core 0)
2026-05-30 03:14:45.259 8 INFO placement.requestlog [req-73ed1877-d35c-4baf-b6b6-db3060a69374 req-bca419be-590e-4e44-8142-c30ced3f780e 8354da18604d4c84bdced1daa692667e d696a7b8475b47d98a1dd2dcf2879aab - - 540244188f344bb38ea18e82208c5849 540244188f344bb38ea18e82208c5849] 199.204.45.72 "GET /resource_providers/271aee8e-e8d0-49f5-a7ee-d0ac1a02747a/allocations" status: 200 len: 340 microversion: 1.0 [pid: 8|app: 0|req: 601/1198] 199.204.45.72 () {32 vars in 855 bytes} [Sat May 30 03:14:45 2026] GET /resource_providers/271aee8e-e8d0-49f5-a7ee-d0ac1a02747a/allocations => generated 340 bytes in 17 msecs (HTTP/1.1 200) 6 headers in 224 bytes (1 switches on core 0)
2026-05-30 03:14:45.279 7 INFO placement.requestlog [req-73ed1877-d35c-4baf-b6b6-db3060a69374 req-becc4d95-c2b8-44c4-81a9-f2be201787cc 8354da18604d4c84bdced1daa692667e d696a7b8475b47d98a1dd2dcf2879aab - - 540244188f344bb38ea18e82208c5849 540244188f344bb38ea18e82208c5849] 199.204.45.72 "GET /allocations/43d48948-fde0-45ff-82fc-5a5682e821a6" status: 200 len: 258 microversion: 1.28 [pid: 7|app: 0|req: 598/1199] 199.204.45.72 () {34 vars in 861 bytes} [Sat May 30 03:14:45 2026] GET /allocations/43d48948-fde0-45ff-82fc-5a5682e821a6 => generated 258 bytes in 13 msecs (HTTP/1.1 200) 8 headers in 296 bytes (1 switches on core 0)
2026-05-30 03:14:45.298 8 INFO placement.requestlog [req-73ed1877-d35c-4baf-b6b6-db3060a69374 req-5df3c0df-d0f6-4e9a-90d2-d49b42b35766 8354da18604d4c84bdced1daa692667e d696a7b8475b47d98a1dd2dcf2879aab - - 540244188f344bb38ea18e82208c5849 540244188f344bb38ea18e82208c5849] 199.204.45.72 "GET /allocations/951970b8-8aec-4e7c-a703-110bde52fdf5" status: 200 len: 245 microversion: 1.28 [pid: 8|app: 0|req: 602/1200] 199.204.45.72 () {34 vars in 861 bytes} [Sat May 30 03:14:45 2026] GET /allocations/951970b8-8aec-4e7c-a703-110bde52fdf5 => generated 245 bytes in 13 msecs (HTTP/1.1 200) 8 headers in 296 bytes (1 switches on core 0)
2026-05-30 03:14:45.320 7 INFO placement.requestlog [req-73ed1877-d35c-4baf-b6b6-db3060a69374 req-37dc95b6-7f41-4cd3-9599-0b14be09da2c 8354da18604d4c84bdced1daa692667e d696a7b8475b47d98a1dd2dcf2879aab - - 540244188f344bb38ea18e82208c5849 540244188f344bb38ea18e82208c5849] 199.204.45.72 "GET /allocations/b44065ee-de26-4113-a289-fec446d86a28" status: 200 len: 258 microversion: 1.28 [pid: 7|app: 0|req: 599/1201] 199.204.45.72 () {34 vars in 861 bytes} [Sat May 30 03:14:45 2026] GET /allocations/b44065ee-de26-4113-a289-fec446d86a28 => generated 258 bytes in 14 msecs (HTTP/1.1 200) 8 headers in 296 bytes (1 switches on core 0)
2026-05-30 03:14:52.836 7 INFO placement.requestlog [None req-02ed7023-e935-4097-b6e5-134936b9c183 - - - - - -] 10.0.0.122 "GET /" status: 200 len: 136 microversion: 1.0
2026-05-30 03:14:52.836 8 INFO placement.requestlog [None req-cd4a10f4-4d27-41f3-8a96-1ef056b2fd63 - - - - - -] 10.0.0.122 "GET /" status: 200 len: 136 microversion: 1.0
2026-05-30 03:15:02.836 8 INFO placement.requestlog [None req-9da79317-cdcc-4695-b0d4-d6476c4dd5a6 - - - - - -] 10.0.0.122 "GET /" status: 200 len: 136 microversion: 1.0
2026-05-30 03:15:02.837 7 INFO placement.requestlog [None req-d09d1e87-b702-4950-93b6-2c8d515d4daa - - - - - -] 10.0.0.122 "GET /" status: 200 len: 136 microversion: 1.0
2026-05-30 03:15:12.835 8 INFO placement.requestlog [None req-539f72c7-c629-4f1d-88a5-7f32eb62fc44 - - - - - -] 10.0.0.122 "GET /" status: 200 len: 136 microversion: 1.0
2026-05-30 03:15:12.836 7 INFO placement.requestlog [None req-8e9e6fb1-2ff0-4461-860a-1ad0a4d7f8cc - - - - - -] 10.0.0.122 "GET /" status: 200 len: 136 microversion: 1.0
2026-05-30 03:15:22.836 8 INFO placement.requestlog [None req-fe8311d8-1671-4ca7-846f-ee6f2688441c - - - - - -] 10.0.0.122 "GET /" status: 200 len: 136 microversion: 1.0
2026-05-30 03:15:22.837 7 INFO placement.requestlog [None req-0746788b-8f0d-44c6-b6e5-1d47fa550438 - - - - - -] 10.0.0.122 "GET /" status: 200 len: 136 microversion: 1.0
2026-05-30 03:15:32.787 8 INFO placement.requestlog [req-67e992ef-6e7b-4a9a-97c8-fde07b4042df req-ea07688f-7c88-4088-b9c2-6720f238cbab 8354da18604d4c84bdced1daa692667e d696a7b8475b47d98a1dd2dcf2879aab - - 540244188f344bb38ea18e82208c5849 540244188f344bb38ea18e82208c5849] 199.204.45.72 "GET /resource_providers/271aee8e-e8d0-49f5-a7ee-d0ac1a02747a/allocations" status: 200 len: 340 microversion: 1.0 [pid: 8|app: 0|req: 607/1210] 199.204.45.72 () {32 vars in 855 bytes} [Sat May 30 03:15:32 2026] GET /resource_providers/271aee8e-e8d0-49f5-a7ee-d0ac1a02747a/allocations => generated 340 bytes in 19 msecs (HTTP/1.1 200) 6 headers in 224 bytes (1 switches on core 0)
2026-05-30 03:15:32.808 7 INFO placement.requestlog [req-67e992ef-6e7b-4a9a-97c8-fde07b4042df req-1a74764b-412d-44c0-8490-30cd15b71a77 8354da18604d4c84bdced1daa692667e d696a7b8475b47d98a1dd2dcf2879aab - - 540244188f344bb38ea18e82208c5849 540244188f344bb38ea18e82208c5849] 199.204.45.72 "GET /allocations/43d48948-fde0-45ff-82fc-5a5682e821a6" status: 200 len: 258 microversion: 1.28 [pid: 7|app: 0|req: 604/1211] 199.204.45.72 () {34 vars in 861 bytes} [Sat May 30 03:15:32 2026] GET /allocations/43d48948-fde0-45ff-82fc-5a5682e821a6 => generated 258 bytes in 15 msecs (HTTP/1.1 200) 8 headers in 296 bytes (1 switches on core 0)
2026-05-30 03:15:32.827 8 INFO placement.requestlog [req-67e992ef-6e7b-4a9a-97c8-fde07b4042df req-2aee06b8-d979-4cfb-b745-a2f5b9eb2de7 8354da18604d4c84bdced1daa692667e d696a7b8475b47d98a1dd2dcf2879aab - - 540244188f344bb38ea18e82208c5849 540244188f344bb38ea18e82208c5849] 199.204.45.72 "GET /allocations/951970b8-8aec-4e7c-a703-110bde52fdf5" status: 200 len: 245 microversion: 1.28 [pid: 8|app: 0|req: 608/1212] 199.204.45.72 () {34 vars in 861 bytes} [Sat May 30 03:15:32 2026] GET /allocations/951970b8-8aec-4e7c-a703-110bde52fdf5 => generated 245 bytes in 11 msecs (HTTP/1.1 200) 8 headers in 296 bytes (1 switches on core 0)
2026-05-30 03:15:32.835 8 INFO placement.requestlog [None req-be47074d-7a34-4ccd-9eb7-c9a137e543ce - - - - - -] 10.0.0.122 "GET /" status: 200 len: 136 microversion: 1.0
2026-05-30 03:15:32.836 8 INFO placement.requestlog [None req-ea5d88b6-2411-44d4-9c36-94eec83e3565 - - - - - -] 10.0.0.122 "GET /" status: 200 len: 136 microversion: 1.0
2026-05-30 03:15:32.849 7 INFO placement.requestlog [req-67e992ef-6e7b-4a9a-97c8-fde07b4042df req-12b31114-f41c-4898-a196-d5ea41d1d8c3 8354da18604d4c84bdced1daa692667e d696a7b8475b47d98a1dd2dcf2879aab - - 540244188f344bb38ea18e82208c5849 540244188f344bb38ea18e82208c5849] 199.204.45.72 "GET /allocations/b44065ee-de26-4113-a289-fec446d86a28" status: 200 len: 258 microversion: 1.28 [pid: 7|app: 0|req: 605/1215] 199.204.45.72 () {34 vars in 861 bytes} [Sat May 30 03:15:32 2026] GET /allocations/b44065ee-de26-4113-a289-fec446d86a28 => generated 258 bytes in 16 msecs (HTTP/1.1 200) 8 headers in 296 bytes (1 switches on core 0)
2026-05-30 03:15:33.903 8 INFO placement.requestlog [req-67e992ef-6e7b-4a9a-97c8-fde07b4042df req-11730b26-8203-42e2-9767-eeccdbf6463b 8354da18604d4c84bdced1daa692667e d696a7b8475b47d98a1dd2dcf2879aab - - 540244188f344bb38ea18e82208c5849 540244188f344bb38ea18e82208c5849] 199.204.45.72 "DELETE /allocations/951970b8-8aec-4e7c-a703-110bde52fdf5" status: 204 len: 0 microversion: 1.0 [pid: 8|app: 0|req: 611/1216] 199.204.45.72 () {34 vars in 839 bytes} [Sat May 30 03:15:33 2026] DELETE /allocations/951970b8-8aec-4e7c-a703-110bde52fdf5 => generated 0 bytes in 26 msecs (HTTP/1.1 204) 5 headers in 198 bytes (1 switches on core 0)
2026-05-30 03:15:36.187 7 INFO placement.requestlog [req-1d3b7400-aa7c-43c4-925b-a959809a3fc1 req-c5ba1da4-24c6-4390-9f1d-a96f82e7051e 8354da18604d4c84bdced1daa692667e d696a7b8475b47d98a1dd2dcf2879aab - - 540244188f344bb38ea18e82208c5849 540244188f344bb38ea18e82208c5849] 199.204.45.72 "GET /resource_providers/271aee8e-e8d0-49f5-a7ee-d0ac1a02747a/allocations" status: 200 len: 253 microversion: 1.0 [pid: 7|app: 0|req: 606/1217] 199.204.45.72 () {32 vars in 855 bytes} [Sat May 30 03:15:36 2026] GET /resource_providers/271aee8e-e8d0-49f5-a7ee-d0ac1a02747a/allocations => generated 253 bytes in 25 msecs (HTTP/1.1 200) 6 headers in 224 bytes (1 switches on core 0)
2026-05-30 03:15:36.207 8 INFO placement.requestlog [req-1d3b7400-aa7c-43c4-925b-a959809a3fc1 req-c6e7c82f-3871-4eec-8e7d-45c6c759345d 8354da18604d4c84bdced1daa692667e d696a7b8475b47d98a1dd2dcf2879aab - - 540244188f344bb38ea18e82208c5849 540244188f344bb38ea18e82208c5849] 199.204.45.72 "GET /allocations/43d48948-fde0-45ff-82fc-5a5682e821a6" status: 200 len: 258 microversion: 1.28 [pid: 8|app: 0|req: 612/1218] 199.204.45.72 () {34 vars in 861 bytes} [Sat May 30 03:15:36 2026] GET /allocations/43d48948-fde0-45ff-82fc-5a5682e821a6 => generated 258 bytes in 14 msecs (HTTP/1.1 200) 8 headers in 296 bytes (1 switches on core 0)
2026-05-30 03:15:36.225 7 INFO placement.requestlog [req-1d3b7400-aa7c-43c4-925b-a959809a3fc1 req-7f92b613-ad02-4218-9566-b5a81eb25f03 8354da18604d4c84bdced1daa692667e d696a7b8475b47d98a1dd2dcf2879aab - - 540244188f344bb38ea18e82208c5849 540244188f344bb38ea18e82208c5849] 199.204.45.72 "GET /allocations/b44065ee-de26-4113-a289-fec446d86a28" status: 200 len: 258 microversion: 1.28 [pid: 7|app: 0|req: 607/1219] 199.204.45.72 () {34 vars in 861 bytes} [Sat May 30 03:15:36 2026] GET /allocations/b44065ee-de26-4113-a289-fec446d86a28 => generated 258 bytes in 13 msecs (HTTP/1.1 200) 8 headers in 296 bytes (1 switches on core 0)
2026-05-30 03:15:37.283 8 INFO placement.requestlog [req-1d3b7400-aa7c-43c4-925b-a959809a3fc1 req-a3d45491-b688-43e1-8681-a19bff491e0e 8354da18604d4c84bdced1daa692667e d696a7b8475b47d98a1dd2dcf2879aab - - 540244188f344bb38ea18e82208c5849 540244188f344bb38ea18e82208c5849] 199.204.45.72 "DELETE /allocations/b44065ee-de26-4113-a289-fec446d86a28" status: 204 len: 0 microversion: 1.0 [pid: 8|app: 0|req: 613/1220] 199.204.45.72 () {34 vars in 839 bytes} [Sat May 30 03:15:37 2026] DELETE /allocations/b44065ee-de26-4113-a289-fec446d86a28 => generated 0 bytes in 29 msecs (HTTP/1.1 204) 5 headers in 198 bytes (1 switches on core 0)
2026-05-30 03:15:42.836 7 INFO placement.requestlog [None req-bcfcd1e2-00c7-4e38-b43c-321b81d4f172 - - - - - -] 10.0.0.122 "GET /" status: 200 len: 136 microversion: 1.0
2026-05-30 03:15:42.837 8 INFO placement.requestlog [None req-30213388-ac0c-400d-b349-d30fac944330 - - - - - -] 10.0.0.122 "GET /" status: 200 len: 136 microversion: 1.0
2026-05-30 03:15:45.167 7 INFO placement.requestlog [req-d5678d23-a74b-4d96-9f38-30b76d3022fd req-7b0661c5-a7e6-4cc6-8806-54953cf34eb6 8354da18604d4c84bdced1daa692667e d696a7b8475b47d98a1dd2dcf2879aab - - 540244188f344bb38ea18e82208c5849 540244188f344bb38ea18e82208c5849] 199.204.45.72 "GET /resource_providers/271aee8e-e8d0-49f5-a7ee-d0ac1a02747a/allocations" status: 200 len: 153 microversion: 1.0 [pid: 7|app: 0|req: 609/1223] 199.204.45.72 () {32 vars in 855 bytes} [Sat May 30 03:15:45 2026] GET /resource_providers/271aee8e-e8d0-49f5-a7ee-d0ac1a02747a/allocations => generated 153 bytes in 19 msecs (HTTP/1.1 200) 6 headers in 224 bytes (1 switches on core 0)
2026-05-30 03:15:45.192 8 INFO placement.requestlog [req-d5678d23-a74b-4d96-9f38-30b76d3022fd req-178474b5-42a4-4a3a-8b0b-6a7a160ef0fc 8354da18604d4c84bdced1daa692667e d696a7b8475b47d98a1dd2dcf2879aab - - 540244188f344bb38ea18e82208c5849 540244188f344bb38ea18e82208c5849] 199.204.45.72 "GET /resource_providers/271aee8e-e8d0-49f5-a7ee-d0ac1a02747a/allocations" status: 200 len: 153 microversion: 1.0 [pid: 8|app: 0|req: 615/1224] 199.204.45.72 () {32 vars in 855 bytes} [Sat May 30 03:15:45 2026] GET /resource_providers/271aee8e-e8d0-49f5-a7ee-d0ac1a02747a/allocations => generated 153 bytes in 17 msecs (HTTP/1.1 200) 6 headers in 224 bytes (1 switches on core 0)
2026-05-30 03:15:45.214 7 INFO placement.requestlog [req-d5678d23-a74b-4d96-9f38-30b76d3022fd req-c135141c-7941-4289-80c8-99fe85d53d33 8354da18604d4c84bdced1daa692667e d696a7b8475b47d98a1dd2dcf2879aab - - 540244188f344bb38ea18e82208c5849 540244188f344bb38ea18e82208c5849] 199.204.45.72 "GET /allocations/43d48948-fde0-45ff-82fc-5a5682e821a6" status: 200 len: 258 microversion: 1.28 [pid: 7|app: 0|req: 610/1225] 199.204.45.72 () {34 vars in 861 bytes} [Sat May 30 03:15:45 2026] GET /allocations/43d48948-fde0-45ff-82fc-5a5682e821a6 => generated 258 bytes in 16 msecs (HTTP/1.1 200) 8 headers in 296 bytes (1 switches on core 0)
2026-05-30 03:15:47.079 8 INFO placement.requestlog [req-a48ed57d-8b8f-4821-baa4-0642d8dfc55e req-8eb0ab47-7d91-405a-a144-d1511f51b86d 8354da18604d4c84bdced1daa692667e d696a7b8475b47d98a1dd2dcf2879aab - - 540244188f344bb38ea18e82208c5849 540244188f344bb38ea18e82208c5849] 199.204.45.72 "GET /resource_providers/271aee8e-e8d0-49f5-a7ee-d0ac1a02747a/allocations" status: 200 len: 153 microversion: 1.0 [pid: 8|app: 0|req: 616/1226] 199.204.45.72 () {32 vars in 855 bytes} [Sat May 30 03:15:47 2026] GET /resource_providers/271aee8e-e8d0-49f5-a7ee-d0ac1a02747a/allocations => generated 153 bytes in 21 msecs (HTTP/1.1 200) 6 headers in 224 bytes (1 switches on core 0)
2026-05-30 03:15:47.097 7 INFO placement.requestlog [req-a48ed57d-8b8f-4821-baa4-0642d8dfc55e req-b4adc360-297a-4218-9e8b-d96e16dd2dff 8354da18604d4c84bdced1daa692667e d696a7b8475b47d98a1dd2dcf2879aab - - 540244188f344bb38ea18e82208c5849 540244188f344bb38ea18e82208c5849] 199.204.45.72 "GET /allocations/43d48948-fde0-45ff-82fc-5a5682e821a6" status: 200 len: 258 microversion: 1.28 [pid: 7|app: 0|req: 611/1227] 199.204.45.72 () {34 vars in 861 bytes} [Sat May 30 03:15:47 2026] GET /allocations/43d48948-fde0-45ff-82fc-5a5682e821a6 => generated 258 bytes in 12 msecs (HTTP/1.1 200) 8 headers in 296 bytes (1 switches on core 0)
2026-05-30 03:15:48.154 8 INFO placement.requestlog [req-a48ed57d-8b8f-4821-baa4-0642d8dfc55e req-2e1f7ad0-abc8-4512-bac0-9124c4bfbaba 8354da18604d4c84bdced1daa692667e d696a7b8475b47d98a1dd2dcf2879aab - - 540244188f344bb38ea18e82208c5849 540244188f344bb38ea18e82208c5849] 199.204.45.72 "DELETE /allocations/43d48948-fde0-45ff-82fc-5a5682e821a6" status: 204 len: 0 microversion: 1.0 [pid: 8|app: 0|req: 617/1228] 199.204.45.72 () {34 vars in 839 bytes} [Sat May 30 03:15:48 2026] DELETE /allocations/43d48948-fde0-45ff-82fc-5a5682e821a6 => generated 0 bytes in 30 msecs (HTTP/1.1 204) 5 headers in 198 bytes (1 switches on core 0)
2026-05-30 03:15:52.837 7 INFO placement.requestlog [None req-10e4ffa8-474f-4994-b4da-58963c00c529 - - - - - -] 10.0.0.122 "GET /" status: 200 len: 136 microversion: 1.0
2026-05-30 03:15:52.839 8 INFO placement.requestlog [None req-b272a9d1-986f-493e-9299-c10ecc233f7b - - - - - -] 10.0.0.122 "GET /" status: 200 len: 136 microversion: 1.0
2026-05-30 03:15:59.966 7 INFO placement.requestlog [None req-82ee8b00-97d9-4fe1-8076-3863e7b65229 de22f10b7bce4dfdb31f2e95203cc9dc d696a7b8475b47d98a1dd2dcf2879aab - - 540244188f344bb38ea18e82208c5849 540244188f344bb38ea18e82208c5849] 10.0.0.232 "GET /resource_providers/c8c891f4-2d24-4bdc-8b2d-67c700801cf1/aggregates" status: 404 len: 235 microversion: 1.1 [pid: 7|app: 0|req: 613/1231] 10.0.0.232 () {32 vars in 824 bytes} [Sat May 30 03:15:59 2026] GET /resource_providers/c8c891f4-2d24-4bdc-8b2d-67c700801cf1/aggregates => generated 235 bytes in 10 msecs (HTTP/1.1 404) 5 headers in 202 bytes (1 switches on core 0)
2026-05-30 03:15:59.966 8 INFO placement.requestlog [None req-62889da0-4f88-4747-ac3c-0c2ba2530e7e de22f10b7bce4dfdb31f2e95203cc9dc d696a7b8475b47d98a1dd2dcf2879aab - - 540244188f344bb38ea18e82208c5849 540244188f344bb38ea18e82208c5849] 10.0.0.232 "GET /resource_providers/c8c891f4-2d24-4bdc-8b2d-67c700801cf1/aggregates" status: 404 len: 235 microversion: 1.1 [pid: 8|app: 0|req: 619/1232] 10.0.0.232 () {32 vars in 824 bytes} [Sat May 30 03:15:59 2026] GET /resource_providers/c8c891f4-2d24-4bdc-8b2d-67c700801cf1/aggregates => generated 235 bytes in 9 msecs (HTTP/1.1 404) 5 headers in 202 bytes (1 switches on core 0)
2026-05-30 03:15:59.990 7 INFO placement.requestlog [None req-8bffd146-6405-4e54-bd60-441399307125 de22f10b7bce4dfdb31f2e95203cc9dc d696a7b8475b47d98a1dd2dcf2879aab - - 540244188f344bb38ea18e82208c5849 540244188f344bb38ea18e82208c5849] 10.0.0.232 "DELETE /resource_providers/c8c891f4-2d24-4bdc-8b2d-67c700801cf1" status: 404 len: 246 microversion: 1.1
2026-05-30 03:15:59.990 8 INFO placement.requestlog [None req-87026375-38f5-4d4e-b04f-66377d5bc5bc de22f10b7bce4dfdb31f2e95203cc9dc d696a7b8475b47d98a1dd2dcf2879aab - - 540244188f344bb38ea18e82208c5849 540244188f344bb38ea18e82208c5849] 10.0.0.232 "DELETE /resource_providers/c8c891f4-2d24-4bdc-8b2d-67c700801cf1" status: 404 len: 246 microversion: 1.1 [pid: 7|app: 0|req: 614/1233] 10.0.0.232 () {34 vars in 824 bytes} [Sat May 30 03:15:59 2026] DELETE /resource_providers/c8c891f4-2d24-4bdc-8b2d-67c700801cf1 => generated 246 bytes in 13 msecs (HTTP/1.1 404) 6 headers in 231 bytes (1 switches on core 0) [pid: 8|app: 0|req: 620/1234] 10.0.0.232 () {34 vars in 824 bytes} [Sat May 30 03:15:59 2026] DELETE /resource_providers/c8c891f4-2d24-4bdc-8b2d-67c700801cf1 => generated 246 bytes in 14 msecs (HTTP/1.1 404) 6 headers in 231 bytes (1 switches on core 0)
2026-05-30 03:16:00.735 8 INFO placement.requestlog [None req-7bbaaa6a-a196-4831-b0b7-4fc4424af727 de22f10b7bce4dfdb31f2e95203cc9dc d696a7b8475b47d98a1dd2dcf2879aab - - 540244188f344bb38ea18e82208c5849 540244188f344bb38ea18e82208c5849] 10.0.0.232 "GET /resource_providers/656f543a-dbad-43b8-877d-b9ff72d827d3/aggregates" status: 404 len: 235 microversion: 1.1 [pid: 8|app: 0|req: 621/1235] 10.0.0.232 () {32 vars in 824 bytes} [Sat May 30 03:16:00 2026] GET /resource_providers/656f543a-dbad-43b8-877d-b9ff72d827d3/aggregates => generated 235 bytes in 48 msecs (HTTP/1.1 404) 5 headers in 202 bytes (1 switches on core 0)
2026-05-30 03:16:00.749 7 INFO placement.requestlog [None req-ba381448-703e-4229-8dfc-c09657b53c37 de22f10b7bce4dfdb31f2e95203cc9dc d696a7b8475b47d98a1dd2dcf2879aab - - 540244188f344bb38ea18e82208c5849 540244188f344bb38ea18e82208c5849] 10.0.0.232 "GET /resource_providers/656f543a-dbad-43b8-877d-b9ff72d827d3/aggregates" status: 404 len: 235 microversion: 1.1 [pid: 7|app: 0|req: 615/1236] 10.0.0.232 () {32 vars in 824 bytes} [Sat May 30 03:16:00 2026] GET /resource_providers/656f543a-dbad-43b8-877d-b9ff72d827d3/aggregates => generated 235 bytes in 62 msecs (HTTP/1.1 404) 5 headers in 202 bytes (1 switches on core 0)
2026-05-30 03:16:00.751 8 INFO placement.requestlog [None req-734a58fc-92fe-4f62-95e5-63a371009008 de22f10b7bce4dfdb31f2e95203cc9dc d696a7b8475b47d98a1dd2dcf2879aab - - 540244188f344bb38ea18e82208c5849 540244188f344bb38ea18e82208c5849] 10.0.0.232 "DELETE /resource_providers/656f543a-dbad-43b8-877d-b9ff72d827d3" status: 404 len: 246 microversion: 1.1 [pid: 8|app: 0|req: 622/1237] 10.0.0.232 () {34 vars in 824 bytes} [Sat May 30 03:16:00 2026] DELETE /resource_providers/656f543a-dbad-43b8-877d-b9ff72d827d3 => generated 246 bytes in 8 msecs (HTTP/1.1 404) 6 headers in 231 bytes (1 switches on core 0)
2026-05-30 03:16:00.770 7 INFO placement.requestlog [None req-539e2efb-6138-4438-a92c-0195b85aed87 de22f10b7bce4dfdb31f2e95203cc9dc d696a7b8475b47d98a1dd2dcf2879aab - - 540244188f344bb38ea18e82208c5849 540244188f344bb38ea18e82208c5849] 10.0.0.232 "DELETE /resource_providers/656f543a-dbad-43b8-877d-b9ff72d827d3" status: 404 len: 246 microversion: 1.1 [pid: 7|app: 0|req: 616/1238] 10.0.0.232 () {34 vars in 824 bytes} [Sat May 30 03:16:00 2026] DELETE /resource_providers/656f543a-dbad-43b8-877d-b9ff72d827d3 => generated 246 bytes in 12 msecs (HTTP/1.1 404) 6 headers in 231 bytes (1 switches on core 0)
2026-05-30 03:16:02.011 8 INFO placement.requestlog [None req-f94f9742-b7bc-4898-aa7c-85a8dfe2214c de22f10b7bce4dfdb31f2e95203cc9dc d696a7b8475b47d98a1dd2dcf2879aab - - 540244188f344bb38ea18e82208c5849 540244188f344bb38ea18e82208c5849] 10.0.0.232 "GET /resource_providers/24ebdb3f-bec0-48e0-b487-ca4116429897/aggregates" status: 404 len: 235 microversion: 1.1 [pid: 8|app: 0|req: 623/1239] 10.0.0.232 () {32 vars in 824 bytes} [Sat May 30 03:16:01 2026] GET /resource_providers/24ebdb3f-bec0-48e0-b487-ca4116429897/aggregates => generated 235 bytes in 14 msecs (HTTP/1.1 404) 5 headers in 202 bytes (1 switches on core 0)
2026-05-30 03:16:02.013 7 INFO placement.requestlog [None req-6a379505-2624-48ab-955c-081e22fd28d3 de22f10b7bce4dfdb31f2e95203cc9dc d696a7b8475b47d98a1dd2dcf2879aab - - 540244188f344bb38ea18e82208c5849 540244188f344bb38ea18e82208c5849] 10.0.0.232 "GET /resource_providers/24ebdb3f-bec0-48e0-b487-ca4116429897/aggregates" status: 404 len: 235 microversion: 1.1 [pid: 7|app: 0|req: 617/1240] 10.0.0.232 () {32 vars in 824 bytes} [Sat May 30 03:16:02 2026] GET /resource_providers/24ebdb3f-bec0-48e0-b487-ca4116429897/aggregates => generated 235 bytes in 14 msecs (HTTP/1.1 404) 5 headers in 202 bytes (1 switches on core 0)
2026-05-30 03:16:02.034 8 INFO placement.requestlog [None req-aa045297-bd76-428f-aae2-4bc9bb2b39cb de22f10b7bce4dfdb31f2e95203cc9dc d696a7b8475b47d98a1dd2dcf2879aab - - 540244188f344bb38ea18e82208c5849 540244188f344bb38ea18e82208c5849] 10.0.0.232 "DELETE /resource_providers/24ebdb3f-bec0-48e0-b487-ca4116429897" status: 404 len: 246 microversion: 1.1 [pid: 8|app: 0|req: 624/1241] 10.0.0.232 () {34 vars in 824 bytes} [Sat May 30 03:16:02 2026] DELETE /resource_providers/24ebdb3f-bec0-48e0-b487-ca4116429897 => generated 246 bytes in 11 msecs (HTTP/1.1 404) 6 headers in 231 bytes (1 switches on core 0)
2026-05-30 03:16:02.036 7 INFO placement.requestlog [None req-c017ab3a-ccd2-415b-8e1a-b6cf6b150140 de22f10b7bce4dfdb31f2e95203cc9dc d696a7b8475b47d98a1dd2dcf2879aab - - 540244188f344bb38ea18e82208c5849 540244188f344bb38ea18e82208c5849] 10.0.0.232 "DELETE /resource_providers/24ebdb3f-bec0-48e0-b487-ca4116429897" status: 404 len: 246 microversion: 1.1 [pid: 7|app: 0|req: 618/1242] 10.0.0.232 () {34 vars in 824 bytes} [Sat May 30 03:16:02 2026] DELETE /resource_providers/24ebdb3f-bec0-48e0-b487-ca4116429897 => generated 246 bytes in 13 msecs (HTTP/1.1 404) 6 headers in 231 bytes (1 switches on core 0)
2026-05-30 03:16:02.836 8 INFO placement.requestlog [None req-90027b83-251d-4d5a-8048-ec1fbba09b47 - - - - - -] 10.0.0.122 "GET /" status: 200 len: 136 microversion: 1.0
2026-05-30 03:16:02.837 7 INFO placement.requestlog [None req-a5e144fc-3441-41d4-a3a9-ca8cd9fcca21 - - - - - -] 10.0.0.122 "GET /" status: 200 len: 136 microversion: 1.0
2026-05-30 03:16:12.836 8 INFO placement.requestlog [None req-f3c8ec36-0348-4141-955c-d8d78485eaa4 - - - - - -] 10.0.0.122 "GET /" status: 200 len: 136 microversion: 1.0
2026-05-30 03:16:12.836 7 INFO placement.requestlog [None req-2af527a7-9d59-4235-bbb7-84746ac9fec7 - - - - - -] 10.0.0.122 "GET /" status: 200 len: 136 microversion: 1.0
2026-05-30 03:16:22.837 8 INFO placement.requestlog [None req-394a9377-557e-49ae-8112-c49095aac01c - - - - - -] 10.0.0.122 "GET /" status: 200 len: 136 microversion: 1.0
2026-05-30 03:16:22.837 7 INFO placement.requestlog [None req-f9a67b91-b11c-4955-8f82-fa38a4031052 - - - - - -] 10.0.0.122 "GET /" status: 200 len: 136 microversion: 1.0
2026-05-30 03:16:32.836 7 INFO placement.requestlog [None req-a3bfb767-1471-4e44-a53d-3d76f0b422f1 - - - - - -] 10.0.0.122 "GET /" status: 200 len: 136 microversion: 1.0
2026-05-30 03:16:32.836 8 INFO placement.requestlog [None req-2878304d-e56b-44f9-98bf-f5d591d6f7ce - - - - - -] 10.0.0.122 "GET /" status: 200 len: 136 microversion: 1.0
2026-05-30 03:16:33.543 7 INFO placement.requestlog [None req-8fc02a03-8972-454a-9cdd-be52f07fe6a3 de22f10b7bce4dfdb31f2e95203cc9dc d696a7b8475b47d98a1dd2dcf2879aab - - 540244188f344bb38ea18e82208c5849 540244188f344bb38ea18e82208c5849] 10.0.0.232 "GET /resource_providers/f973863f-7c2f-4b13-a4d5-878f0c0e0480/aggregates" status: 404 len: 235 microversion: 1.1 [pid: 7|app: 0|req: 623/1251] 10.0.0.232 () {32 vars in 824 bytes} [Sat May 30 03:16:33 2026] GET /resource_providers/f973863f-7c2f-4b13-a4d5-878f0c0e0480/aggregates => generated 235 bytes in 13 msecs (HTTP/1.1 404) 5 headers in 202 bytes (1 switches on core 0)
2026-05-30 03:16:33.546 8 INFO placement.requestlog [None req-5690ce0f-ccc5-49ac-9c04-5e3a90b83ccf de22f10b7bce4dfdb31f2e95203cc9dc d696a7b8475b47d98a1dd2dcf2879aab - - 540244188f344bb38ea18e82208c5849 540244188f344bb38ea18e82208c5849] 10.0.0.232 "GET /resource_providers/f973863f-7c2f-4b13-a4d5-878f0c0e0480/aggregates" status: 404 len: 235 microversion: 1.1 [pid: 8|app: 0|req: 629/1252] 10.0.0.232 () {32 vars in 824 bytes} [Sat May 30 03:16:33 2026] GET /resource_providers/f973863f-7c2f-4b13-a4d5-878f0c0e0480/aggregates => generated 235 bytes in 16 msecs (HTTP/1.1 404) 5 headers in 202 bytes (1 switches on core 0)
2026-05-30 03:16:33.565 8 INFO placement.requestlog [None req-22b78d7a-8a88-464b-9f0c-aee3d2304344 de22f10b7bce4dfdb31f2e95203cc9dc d696a7b8475b47d98a1dd2dcf2879aab - - 540244188f344bb38ea18e82208c5849 540244188f344bb38ea18e82208c5849] 10.0.0.232 "DELETE /resource_providers/f973863f-7c2f-4b13-a4d5-878f0c0e0480" status: 404 len: 246 microversion: 1.1 [pid: 8|app: 0|req: 630/1253] 10.0.0.232 () {34 vars in 824 bytes} [Sat May 30 03:16:33 2026] DELETE /resource_providers/f973863f-7c2f-4b13-a4d5-878f0c0e0480 => generated 246 bytes in 11 msecs (HTTP/1.1 404) 6 headers in 231 bytes (1 switches on core 0)
2026-05-30 03:16:33.570 7 INFO placement.requestlog [None req-69e7575a-1ce1-477c-8e02-7dea03fd96f9 de22f10b7bce4dfdb31f2e95203cc9dc d696a7b8475b47d98a1dd2dcf2879aab - - 540244188f344bb38ea18e82208c5849 540244188f344bb38ea18e82208c5849] 10.0.0.232 "DELETE /resource_providers/f973863f-7c2f-4b13-a4d5-878f0c0e0480" status: 404 len: 246 microversion: 1.1 [pid: 7|app: 0|req: 624/1254] 10.0.0.232 () {34 vars in 824 bytes} [Sat May 30 03:16:33 2026] DELETE /resource_providers/f973863f-7c2f-4b13-a4d5-878f0c0e0480 => generated 246 bytes in 16 msecs (HTTP/1.1 404) 6 headers in 231 bytes (1 switches on core 0)
2026-05-30 03:16:42.835 8 INFO placement.requestlog [None req-ac74da78-5087-4401-ba93-e5b7442e4ad1 - - - - - -] 10.0.0.122 "GET /" status: 200 len: 136 microversion: 1.0
2026-05-30 03:16:42.835 7 INFO placement.requestlog [None req-f3e30214-ff6c-442d-838b-e4e2630cf637 - - - - - -] 10.0.0.122 "GET /" status: 200 len: 136 microversion: 1.0
2026-05-30 03:16:45.349 8 INFO placement.requestlog [req-145c978f-f305-4be9-a353-5ff6d3c404dc req-04d26cdf-cf1c-4b36-80c3-d19040f7adc6 8354da18604d4c84bdced1daa692667e d696a7b8475b47d98a1dd2dcf2879aab - - 540244188f344bb38ea18e82208c5849 540244188f344bb38ea18e82208c5849] 199.204.45.72 "GET /resource_providers/271aee8e-e8d0-49f5-a7ee-d0ac1a02747a/allocations" status: 200 len: 55 microversion: 1.0 [pid: 8|app: 0|req: 632/1257] 199.204.45.72 () {32 vars in 855 bytes} [Sat May 30 03:16:45 2026] GET /resource_providers/271aee8e-e8d0-49f5-a7ee-d0ac1a02747a/allocations => generated 55 bytes in 11 msecs (HTTP/1.1 200) 6 headers in 223 bytes (1 switches on core 0)
2026-05-30 03:16:45.368 7 INFO placement.requestlog [req-145c978f-f305-4be9-a353-5ff6d3c404dc req-daaa0ade-f930-4614-a63b-6ae9b84f41ed 8354da18604d4c84bdced1daa692667e d696a7b8475b47d98a1dd2dcf2879aab - - 540244188f344bb38ea18e82208c5849 540244188f344bb38ea18e82208c5849] 199.204.45.72 "GET /resource_providers/271aee8e-e8d0-49f5-a7ee-d0ac1a02747a/allocations" status: 200 len: 55 microversion: 1.0 [pid: 7|app: 0|req: 626/1258] 199.204.45.72 () {32 vars in 855 bytes} [Sat May 30 03:16:45 2026] GET /resource_providers/271aee8e-e8d0-49f5-a7ee-d0ac1a02747a/allocations => generated 55 bytes in 14 msecs (HTTP/1.1 200) 6 headers in 223 bytes (1 switches on core 0)
2026-05-30 03:16:49.528 7 INFO placement.requestlog [None req-77c9b952-8634-4c98-baca-9057845c3871 de22f10b7bce4dfdb31f2e95203cc9dc d696a7b8475b47d98a1dd2dcf2879aab - - 540244188f344bb38ea18e82208c5849 540244188f344bb38ea18e82208c5849] 10.0.0.232 "GET /resource_providers/e2926b0e-8cfd-44c8-a8ca-4d9dc14aa25a/aggregates" status: 404 len: 235 microversion: 1.1
2026-05-30 03:16:49.529 8 INFO placement.requestlog [None req-ab945f9f-9acb-4487-84f3-ef24896ed636 de22f10b7bce4dfdb31f2e95203cc9dc d696a7b8475b47d98a1dd2dcf2879aab - - 540244188f344bb38ea18e82208c5849 540244188f344bb38ea18e82208c5849] 10.0.0.232 "GET /resource_providers/e2926b0e-8cfd-44c8-a8ca-4d9dc14aa25a/aggregates" status: 404 len: 235 microversion: 1.1 [pid: 7|app: 0|req: 627/1259] 10.0.0.232 () {32 vars in 824 bytes} [Sat May 30 03:16:49 2026] GET /resource_providers/e2926b0e-8cfd-44c8-a8ca-4d9dc14aa25a/aggregates => generated 235 bytes in 11 msecs (HTTP/1.1 404) 5 headers in 202 bytes (1 switches on core 0) [pid: 8|app: 0|req: 633/1260] 10.0.0.232 () {32 vars in 824 bytes} [Sat May 30 03:16:49 2026] GET /resource_providers/e2926b0e-8cfd-44c8-a8ca-4d9dc14aa25a/aggregates => generated 235 bytes in 11 msecs (HTTP/1.1 404) 5 headers in 202 bytes (1 switches on core 0)
2026-05-30 03:16:49.549 7 INFO placement.requestlog [None req-26a6d8fc-93ec-48d0-8cf8-3b9e00c7c2c5 de22f10b7bce4dfdb31f2e95203cc9dc d696a7b8475b47d98a1dd2dcf2879aab - - 540244188f344bb38ea18e82208c5849 540244188f344bb38ea18e82208c5849] 10.0.0.232 "DELETE /resource_providers/e2926b0e-8cfd-44c8-a8ca-4d9dc14aa25a" status: 404 len: 246 microversion: 1.1 [pid: 7|app: 0|req: 628/1261] 10.0.0.232 () {34 vars in 824 bytes} [Sat May 30 03:16:49 2026] DELETE /resource_providers/e2926b0e-8cfd-44c8-a8ca-4d9dc14aa25a => generated 246 bytes in 10 msecs (HTTP/1.1 404) 6 headers in 231 bytes (1 switches on core 0)
2026-05-30 03:16:49.551 8 INFO placement.requestlog [None req-50a21747-babe-413c-be42-7e724f29d440 de22f10b7bce4dfdb31f2e95203cc9dc d696a7b8475b47d98a1dd2dcf2879aab - - 540244188f344bb38ea18e82208c5849 540244188f344bb38ea18e82208c5849] 10.0.0.232 "DELETE /resource_providers/e2926b0e-8cfd-44c8-a8ca-4d9dc14aa25a" status: 404 len: 246 microversion: 1.1 [pid: 8|app: 0|req: 634/1262] 10.0.0.232 () {34 vars in 824 bytes} [Sat May 30 03:16:49 2026] DELETE /resource_providers/e2926b0e-8cfd-44c8-a8ca-4d9dc14aa25a => generated 246 bytes in 11 msecs (HTTP/1.1 404) 6 headers in 231 bytes (1 switches on core 0)
2026-05-30 03:16:52.836 8 INFO placement.requestlog [None req-91e9576d-2828-48c2-91e9-d37788d717b4 - - - - - -] 10.0.0.122 "GET /" status: 200 len: 136 microversion: 1.0
2026-05-30 03:16:52.837 7 INFO placement.requestlog [None req-32144669-049e-4ffa-bf6a-911c6004b6ea - - - - - -] 10.0.0.122 "GET /" status: 200 len: 136 microversion: 1.0
2026-05-30 03:16:53.291 7 INFO placement.requestlog [None req-8c5e82d1-573a-4ece-b5bb-17072d35e214 de22f10b7bce4dfdb31f2e95203cc9dc d696a7b8475b47d98a1dd2dcf2879aab - - 540244188f344bb38ea18e82208c5849 540244188f344bb38ea18e82208c5849] 10.0.0.232 "GET /resource_providers/82a45a32-0455-4299-9160-970000a681fc/aggregates" status: 404 len: 235 microversion: 1.1 [pid: 7|app: 0|req: 630/1265] 10.0.0.232 () {32 vars in 824 bytes} [Sat May 30 03:16:53 2026] GET /resource_providers/82a45a32-0455-4299-9160-970000a681fc/aggregates => generated 235 bytes in 10 msecs (HTTP/1.1 404) 5 headers in 202 bytes (1 switches on core 0)
