2026-05-12 06:55:39.437 7 INFO cinder.api.openstack.wsgi [req-83f7304d-640b-489d-afbd-84f5b49a3e17 req-02ae916d-df53-4b1b-b400-44f405ff2b59 247b66c3937c45fd979eda5a5b952e25 9db9e1cc101c4a798ad9ee86679eaf63 - - default default] http://10.0.0.150:8776/ returned with HTTP 300
2026-05-12 06:55:49.436 8 INFO cinder.api.openstack.wsgi [req-83f7304d-640b-489d-afbd-84f5b49a3e17 req-dd8dff9c-9363-45af-9b9a-c0792f6953b2 247b66c3937c45fd979eda5a5b952e25 9db9e1cc101c4a798ad9ee86679eaf63 - - default default] GET http://10.0.0.150:8776/
2026-05-12 06:55:49.436 7 INFO cinder.api.openstack.wsgi [req-83f7304d-640b-489d-afbd-84f5b49a3e17 req-02ae916d-df53-4b1b-b400-44f405ff2b59 247b66c3937c45fd979eda5a5b952e25 9db9e1cc101c4a798ad9ee86679eaf63 - - default default] GET http://10.0.0.150:8776/
2026-05-12 06:55:49.437 8 INFO cinder.api.openstack.wsgi [req-83f7304d-640b-489d-afbd-84f5b49a3e17 req-dd8dff9c-9363-45af-9b9a-c0792f6953b2 247b66c3937c45fd979eda5a5b952e25 9db9e1cc101c4a798ad9ee86679eaf63 - - default default] http://10.0.0.150:8776/ returned with HTTP 300
2026-05-12 06:55:49.437 7 INFO cinder.api.openstack.wsgi [req-83f7304d-640b-489d-afbd-84f5b49a3e17 req-02ae916d-df53-4b1b-b400-44f405ff2b59 247b66c3937c45fd979eda5a5b952e25 9db9e1cc101c4a798ad9ee86679eaf63 - - default default] http://10.0.0.150:8776/ returned with HTTP 300
2026-05-12 06:55:59.435 7 INFO cinder.api.openstack.wsgi [req-83f7304d-640b-489d-afbd-84f5b49a3e17 req-02ae916d-df53-4b1b-b400-44f405ff2b59 247b66c3937c45fd979eda5a5b952e25 9db9e1cc101c4a798ad9ee86679eaf63 - - default default] GET http://10.0.0.150:8776/
2026-05-12 06:55:59.436 8 INFO cinder.api.openstack.wsgi [req-83f7304d-640b-489d-afbd-84f5b49a3e17 req-dd8dff9c-9363-45af-9b9a-c0792f6953b2 247b66c3937c45fd979eda5a5b952e25 9db9e1cc101c4a798ad9ee86679eaf63 - - default default] GET http://10.0.0.150:8776/
2026-05-12 06:55:59.437 7 INFO cinder.api.openstack.wsgi [req-83f7304d-640b-489d-afbd-84f5b49a3e17 req-02ae916d-df53-4b1b-b400-44f405ff2b59 247b66c3937c45fd979eda5a5b952e25 9db9e1cc101c4a798ad9ee86679eaf63 - - default default] http://10.0.0.150:8776/ returned with HTTP 300
2026-05-12 06:55:59.437 8 INFO cinder.api.openstack.wsgi [req-83f7304d-640b-489d-afbd-84f5b49a3e17 req-dd8dff9c-9363-45af-9b9a-c0792f6953b2 247b66c3937c45fd979eda5a5b952e25 9db9e1cc101c4a798ad9ee86679eaf63 - - default default] http://10.0.0.150:8776/ returned with HTTP 300
2026-05-12 06:56:09.435 8 INFO cinder.api.openstack.wsgi [req-83f7304d-640b-489d-afbd-84f5b49a3e17 req-dd8dff9c-9363-45af-9b9a-c0792f6953b2 247b66c3937c45fd979eda5a5b952e25 9db9e1cc101c4a798ad9ee86679eaf63 - - default default] GET http://10.0.0.150:8776/
2026-05-12 06:56:09.435 7 INFO cinder.api.openstack.wsgi [req-83f7304d-640b-489d-afbd-84f5b49a3e17 req-02ae916d-df53-4b1b-b400-44f405ff2b59 247b66c3937c45fd979eda5a5b952e25 9db9e1cc101c4a798ad9ee86679eaf63 - - default default] GET http://10.0.0.150:8776/
2026-05-12 06:56:09.437 8 INFO cinder.api.openstack.wsgi [req-83f7304d-640b-489d-afbd-84f5b49a3e17 req-dd8dff9c-9363-45af-9b9a-c0792f6953b2 247b66c3937c45fd979eda5a5b952e25 9db9e1cc101c4a798ad9ee86679eaf63 - - default default] http://10.0.0.150:8776/ returned with HTTP 300
2026-05-12 06:56:09.437 7 INFO cinder.api.openstack.wsgi [req-83f7304d-640b-489d-afbd-84f5b49a3e17 req-02ae916d-df53-4b1b-b400-44f405ff2b59 247b66c3937c45fd979eda5a5b952e25 9db9e1cc101c4a798ad9ee86679eaf63 - - default default] http://10.0.0.150:8776/ returned with HTTP 300 /var/lib/openstack/lib/python3.10/site-packages/pycadf/identifier.py:71: UserWarning: Invalid uuid: cinderv3. To ensure interoperability, identifiers should be a valid uuid. warnings.warn(('Invalid uuid: %s. To ensure interoperability, '
2026-05-12 06:56:10.545 7 INFO cinder.api.openstack.wsgi [None req-f63a656e-7188-4aa0-9e71-68c5b8a64bec 0252c53b868e4485be11e5ff1d0348a9 456937f085974143aa2f8a9355d92955 - - default default] GET http://cinder-api.openstack.svc.cluster.local:8776/v3/456937f085974143aa2f8a9355d92955/scheduler-stats/get_pools?detail=true
2026-05-12 06:56:10.566 7 INFO cinder.api.openstack.wsgi [None req-f63a656e-7188-4aa0-9e71-68c5b8a64bec 0252c53b868e4485be11e5ff1d0348a9 456937f085974143aa2f8a9355d92955 - - default default] http://cinder-api.openstack.svc.cluster.local:8776/v3/456937f085974143aa2f8a9355d92955/scheduler-stats/get_pools?detail=true returned with HTTP 200 [pid: 7|app: 0|req: 373/747] 10.0.0.71 () {28 vars in 694 bytes} [Tue May 12 06:56:10 2026] GET /v3/456937f085974143aa2f8a9355d92955/scheduler-stats/get_pools?detail=true => generated 670 bytes in 232 msecs (HTTP/1.1 200) 7 headers in 285 bytes (1 switches on core 0) /var/lib/openstack/lib/python3.10/site-packages/pycadf/identifier.py:71: UserWarning: Invalid uuid: cinderv3. To ensure interoperability, identifiers should be a valid uuid. warnings.warn(('Invalid uuid: %s. To ensure interoperability, '
2026-05-12 06:56:10.581 8 INFO cinder.api.openstack.wsgi [None req-75f4627a-878f-42f3-bf5c-4b1bcea83420 0252c53b868e4485be11e5ff1d0348a9 456937f085974143aa2f8a9355d92955 - - default default] GET http://cinder-api.openstack.svc.cluster.local:8776/v3/456937f085974143aa2f8a9355d92955/volumes/detail?all_tenants=true /var/lib/openstack/lib/python3.10/site-packages/oslo_context/context.py:100: DeprecationWarning: Policy enforcement is depending on the value of is_admin. This key is deprecated. Please update your policy file to use the standard policy values. warnings.warn('Policy enforcement is depending on the value of '
2026-05-12 06:56:10.601 8 INFO cinder.volume.api [None req-75f4627a-878f-42f3-bf5c-4b1bcea83420 0252c53b868e4485be11e5ff1d0348a9 456937f085974143aa2f8a9355d92955 - - default default] Get all volumes completed successfully.
2026-05-12 06:56:10.604 8 INFO cinder.api.openstack.wsgi [None req-75f4627a-878f-42f3-bf5c-4b1bcea83420 0252c53b868e4485be11e5ff1d0348a9 456937f085974143aa2f8a9355d92955 - - default default] http://cinder-api.openstack.svc.cluster.local:8776/v3/456937f085974143aa2f8a9355d92955/volumes/detail?all_tenants=true returned with HTTP 200 [pid: 8|app: 0|req: 375/748] 10.0.0.71 () {28 vars in 682 bytes} [Tue May 12 06:56:10 2026] GET /v3/456937f085974143aa2f8a9355d92955/volumes/detail?all_tenants=true => generated 15 bytes in 31 msecs (HTTP/1.1 200) 7 headers in 284 bytes (1 switches on core 0)
2026-05-12 06:56:10.618 7 INFO cinder.api.openstack.wsgi [None req-bc0ecd01-c05b-4742-95aa-4b406bee4c50 0252c53b868e4485be11e5ff1d0348a9 456937f085974143aa2f8a9355d92955 - - default default] GET http://cinder-api.openstack.svc.cluster.local:8776/v3/456937f085974143aa2f8a9355d92955/os-services
2026-05-12 06:56:10.627 7 INFO cinder.api.openstack.wsgi [None req-bc0ecd01-c05b-4742-95aa-4b406bee4c50 0252c53b868e4485be11e5ff1d0348a9 456937f085974143aa2f8a9355d92955 - - default default] http://cinder-api.openstack.svc.cluster.local:8776/v3/456937f085974143aa2f8a9355d92955/os-services returned with HTTP 200 [pid: 7|app: 0|req: 374/749] 10.0.0.71 () {28 vars in 643 bytes} [Tue May 12 06:56:10 2026] GET /v3/456937f085974143aa2f8a9355d92955/os-services => generated 646 bytes in 18 msecs (HTTP/1.1 200) 7 headers in 285 bytes (1 switches on core 0)
2026-05-12 06:56:10.639 8 INFO cinder.api.openstack.wsgi [None req-46e93af7-ecab-461e-8c6f-bdefcafca1ef 0252c53b868e4485be11e5ff1d0348a9 456937f085974143aa2f8a9355d92955 - - default default] GET http://cinder-api.openstack.svc.cluster.local:8776/v3/456937f085974143aa2f8a9355d92955/volumes/detail?all_tenants=true
2026-05-12 06:56:10.654 8 INFO cinder.volume.api [None req-46e93af7-ecab-461e-8c6f-bdefcafca1ef 0252c53b868e4485be11e5ff1d0348a9 456937f085974143aa2f8a9355d92955 - - default default] Get all volumes completed successfully.
2026-05-12 06:56:10.656 8 INFO cinder.api.openstack.wsgi [None req-46e93af7-ecab-461e-8c6f-bdefcafca1ef 0252c53b868e4485be11e5ff1d0348a9 456937f085974143aa2f8a9355d92955 - - default default] http://cinder-api.openstack.svc.cluster.local:8776/v3/456937f085974143aa2f8a9355d92955/volumes/detail?all_tenants=true returned with HTTP 200 [pid: 8|app: 0|req: 376/750] 10.0.0.71 () {28 vars in 682 bytes} [Tue May 12 06:56:10 2026] GET /v3/456937f085974143aa2f8a9355d92955/volumes/detail?all_tenants=true => generated 15 bytes in 25 msecs (HTTP/1.1 200) 7 headers in 284 bytes (1 switches on core 0)
2026-05-12 06:56:10.678 7 INFO cinder.api.openstack.wsgi [None req-8b8a1946-2734-493b-ab19-02d136cb7d55 0252c53b868e4485be11e5ff1d0348a9 456937f085974143aa2f8a9355d92955 - - default default] GET http://cinder-api.openstack.svc.cluster.local:8776/v3/456937f085974143aa2f8a9355d92955/snapshots?all_tenants=true
2026-05-12 06:56:10.686 7 INFO cinder.volume.api [None req-8b8a1946-2734-493b-ab19-02d136cb7d55 0252c53b868e4485be11e5ff1d0348a9 456937f085974143aa2f8a9355d92955 - - default default] Get all snapshots completed successfully.
2026-05-12 06:56:10.686 7 INFO cinder.api.openstack.wsgi [None req-8b8a1946-2734-493b-ab19-02d136cb7d55 0252c53b868e4485be11e5ff1d0348a9 456937f085974143aa2f8a9355d92955 - - default default] http://cinder-api.openstack.svc.cluster.local:8776/v3/456937f085974143aa2f8a9355d92955/snapshots?all_tenants=true returned with HTTP 200 [pid: 7|app: 0|req: 375/751] 10.0.0.71 () {28 vars in 672 bytes} [Tue May 12 06:56:10 2026] GET /v3/456937f085974143aa2f8a9355d92955/snapshots?all_tenants=true => generated 17 bytes in 18 msecs (HTTP/1.1 200) 7 headers in 284 bytes (1 switches on core 0)
2026-05-12 06:56:10.795 8 INFO cinder.api.openstack.wsgi [None req-5b98fb9a-9abe-46ff-ab20-0a9f32b491b3 0252c53b868e4485be11e5ff1d0348a9 456937f085974143aa2f8a9355d92955 - - default default] GET http://cinder-api.openstack.svc.cluster.local:8776/v3/456937f085974143aa2f8a9355d92955/os-quota-sets/05ef51340b5341da94ad6dd4d47aa0f0?usage=true
2026-05-12 06:56:10.819 8 INFO cinder.api.openstack.wsgi [None req-5b98fb9a-9abe-46ff-ab20-0a9f32b491b3 0252c53b868e4485be11e5ff1d0348a9 456937f085974143aa2f8a9355d92955 - - default default] http://cinder-api.openstack.svc.cluster.local:8776/v3/456937f085974143aa2f8a9355d92955/os-quota-sets/05ef51340b5341da94ad6dd4d47aa0f0?usage=true returned with HTTP 200 [pid: 8|app: 0|req: 377/752] 10.0.0.71 () {28 vars in 734 bytes} [Tue May 12 06:56:10 2026] GET /v3/456937f085974143aa2f8a9355d92955/os-quota-sets/05ef51340b5341da94ad6dd4d47aa0f0?usage=true => generated 847 bytes in 34 msecs (HTTP/1.1 200) 7 headers in 285 bytes (1 switches on core 0)
2026-05-12 06:56:10.834 7 INFO cinder.api.openstack.wsgi [None req-39b74214-d70e-474a-bee7-ab5e0dec5918 0252c53b868e4485be11e5ff1d0348a9 456937f085974143aa2f8a9355d92955 - - default default] GET http://cinder-api.openstack.svc.cluster.local:8776/v3/456937f085974143aa2f8a9355d92955/os-quota-sets/3428fa85501b486aa3f3208ec5f871b5?usage=true
2026-05-12 06:56:10.855 7 INFO cinder.api.openstack.wsgi [None req-39b74214-d70e-474a-bee7-ab5e0dec5918 0252c53b868e4485be11e5ff1d0348a9 456937f085974143aa2f8a9355d92955 - - default default] http://cinder-api.openstack.svc.cluster.local:8776/v3/456937f085974143aa2f8a9355d92955/os-quota-sets/3428fa85501b486aa3f3208ec5f871b5?usage=true returned with HTTP 200 [pid: 7|app: 0|req: 376/753] 10.0.0.71 () {28 vars in 734 bytes} [Tue May 12 06:56:10 2026] GET /v3/456937f085974143aa2f8a9355d92955/os-quota-sets/3428fa85501b486aa3f3208ec5f871b5?usage=true => generated 847 bytes in 29 msecs (HTTP/1.1 200) 7 headers in 285 bytes (1 switches on core 0)
2026-05-12 06:56:10.866 8 INFO cinder.api.openstack.wsgi [None req-8e487999-37b2-4cca-aa12-62efa48c5b53 0252c53b868e4485be11e5ff1d0348a9 456937f085974143aa2f8a9355d92955 - - default default] GET http://cinder-api.openstack.svc.cluster.local:8776/v3/456937f085974143aa2f8a9355d92955/os-quota-sets/456937f085974143aa2f8a9355d92955?usage=true
2026-05-12 06:56:10.901 8 INFO cinder.api.openstack.wsgi [None req-8e487999-37b2-4cca-aa12-62efa48c5b53 0252c53b868e4485be11e5ff1d0348a9 456937f085974143aa2f8a9355d92955 - - default default] http://cinder-api.openstack.svc.cluster.local:8776/v3/456937f085974143aa2f8a9355d92955/os-quota-sets/456937f085974143aa2f8a9355d92955?usage=true returned with HTTP 200 [pid: 8|app: 0|req: 378/754] 10.0.0.71 () {28 vars in 734 bytes} [Tue May 12 06:56:10 2026] GET /v3/456937f085974143aa2f8a9355d92955/os-quota-sets/456937f085974143aa2f8a9355d92955?usage=true => generated 845 bytes in 42 msecs (HTTP/1.1 200) 7 headers in 285 bytes (1 switches on core 0)
2026-05-12 06:56:10.915 7 INFO cinder.api.openstack.wsgi [None req-506e453c-d134-475d-92b2-8a702e821b99 0252c53b868e4485be11e5ff1d0348a9 456937f085974143aa2f8a9355d92955 - - default default] GET http://cinder-api.openstack.svc.cluster.local:8776/v3/456937f085974143aa2f8a9355d92955/os-quota-sets/6c51f5d0949a497c99193f1a6dd88700?usage=true
2026-05-12 06:56:10.934 7 INFO cinder.api.openstack.wsgi [None req-506e453c-d134-475d-92b2-8a702e821b99 0252c53b868e4485be11e5ff1d0348a9 456937f085974143aa2f8a9355d92955 - - default default] http://cinder-api.openstack.svc.cluster.local:8776/v3/456937f085974143aa2f8a9355d92955/os-quota-sets/6c51f5d0949a497c99193f1a6dd88700?usage=true returned with HTTP 200 [pid: 7|app: 0|req: 377/755] 10.0.0.71 () {28 vars in 734 bytes} [Tue May 12 06:56:10 2026] GET /v3/456937f085974143aa2f8a9355d92955/os-quota-sets/6c51f5d0949a497c99193f1a6dd88700?usage=true => generated 847 bytes in 27 msecs (HTTP/1.1 200) 7 headers in 285 bytes (1 switches on core 0)
2026-05-12 06:56:10.945 8 INFO cinder.api.openstack.wsgi [None req-0df3f5fc-3a1a-4558-b355-0a2518dd5c51 0252c53b868e4485be11e5ff1d0348a9 456937f085974143aa2f8a9355d92955 - - default default] GET http://cinder-api.openstack.svc.cluster.local:8776/v3/456937f085974143aa2f8a9355d92955/os-quota-sets/9b72eb02aa4149c9a21ef7c49c4a14d4?usage=true
2026-05-12 06:56:10.970 8 INFO cinder.api.openstack.wsgi [None req-0df3f5fc-3a1a-4558-b355-0a2518dd5c51 0252c53b868e4485be11e5ff1d0348a9 456937f085974143aa2f8a9355d92955 - - default default] http://cinder-api.openstack.svc.cluster.local:8776/v3/456937f085974143aa2f8a9355d92955/os-quota-sets/9b72eb02aa4149c9a21ef7c49c4a14d4?usage=true returned with HTTP 200 [pid: 8|app: 0|req: 379/756] 10.0.0.71 () {28 vars in 734 bytes} [Tue May 12 06:56:10 2026] GET /v3/456937f085974143aa2f8a9355d92955/os-quota-sets/9b72eb02aa4149c9a21ef7c49c4a14d4?usage=true => generated 847 bytes in 33 msecs (HTTP/1.1 200) 7 headers in 285 bytes (1 switches on core 0)
2026-05-12 06:56:10.985 7 INFO cinder.api.openstack.wsgi [None req-c0945d94-faac-46ea-8aa4-8a28a14eb082 0252c53b868e4485be11e5ff1d0348a9 456937f085974143aa2f8a9355d92955 - - default default] GET http://cinder-api.openstack.svc.cluster.local:8776/v3/456937f085974143aa2f8a9355d92955/os-quota-sets/edecc86351f546ce8c77a8420016fecc?usage=true
2026-05-12 06:56:11.008 7 INFO cinder.api.openstack.wsgi [None req-c0945d94-faac-46ea-8aa4-8a28a14eb082 0252c53b868e4485be11e5ff1d0348a9 456937f085974143aa2f8a9355d92955 - - default default] http://cinder-api.openstack.svc.cluster.local:8776/v3/456937f085974143aa2f8a9355d92955/os-quota-sets/edecc86351f546ce8c77a8420016fecc?usage=true returned with HTTP 200 [pid: 7|app: 0|req: 378/757] 10.0.0.71 () {28 vars in 734 bytes} [Tue May 12 06:56:10 2026] GET /v3/456937f085974143aa2f8a9355d92955/os-quota-sets/edecc86351f546ce8c77a8420016fecc?usage=true => generated 845 bytes in 34 msecs (HTTP/1.1 200) 7 headers in 285 bytes (1 switches on core 0)
2026-05-12 06:56:11.021 8 INFO cinder.api.openstack.wsgi [None req-042a5a81-d3e4-4c52-bb38-cea713f279c5 0252c53b868e4485be11e5ff1d0348a9 456937f085974143aa2f8a9355d92955 - - default default] GET http://cinder-api.openstack.svc.cluster.local:8776/v3/456937f085974143aa2f8a9355d92955/os-quota-sets/f6bbf3ff901c4c11b5949de0c536c4d6?usage=true
2026-05-12 06:56:11.048 8 INFO cinder.api.openstack.wsgi [None req-042a5a81-d3e4-4c52-bb38-cea713f279c5 0252c53b868e4485be11e5ff1d0348a9 456937f085974143aa2f8a9355d92955 - - default default] http://cinder-api.openstack.svc.cluster.local:8776/v3/456937f085974143aa2f8a9355d92955/os-quota-sets/f6bbf3ff901c4c11b5949de0c536c4d6?usage=true returned with HTTP 200 [pid: 8|app: 0|req: 380/758] 10.0.0.71 () {28 vars in 734 bytes} [Tue May 12 06:56:11 2026] GET /v3/456937f085974143aa2f8a9355d92955/os-quota-sets/f6bbf3ff901c4c11b5949de0c536c4d6?usage=true => generated 847 bytes in 35 msecs (HTTP/1.1 200) 7 headers in 285 bytes (1 switches on core 0)
2026-05-12 06:56:19.436 7 INFO cinder.api.openstack.wsgi [None req-c0945d94-faac-46ea-8aa4-8a28a14eb082 0252c53b868e4485be11e5ff1d0348a9 456937f085974143aa2f8a9355d92955 - - default default] GET http://10.0.0.150:8776/
2026-05-12 06:56:19.437 7 INFO cinder.api.openstack.wsgi [None req-c0945d94-faac-46ea-8aa4-8a28a14eb082 0252c53b868e4485be11e5ff1d0348a9 456937f085974143aa2f8a9355d92955 - - default default] http://10.0.0.150:8776/ returned with HTTP 300
2026-05-12 06:56:19.436 8 INFO cinder.api.openstack.wsgi [None req-042a5a81-d3e4-4c52-bb38-cea713f279c5 0252c53b868e4485be11e5ff1d0348a9 456937f085974143aa2f8a9355d92955 - - default default] GET http://10.0.0.150:8776/
2026-05-12 06:56:19.438 8 INFO cinder.api.openstack.wsgi [None req-042a5a81-d3e4-4c52-bb38-cea713f279c5 0252c53b868e4485be11e5ff1d0348a9 456937f085974143aa2f8a9355d92955 - - default default] http://10.0.0.150:8776/ returned with HTTP 300
2026-05-12 06:56:22.890 7 INFO cinder.api.openstack.wsgi [None req-2476dd20-71a4-4f74-bf37-53b069568524 5db3d24c1b27404695ca65572d31a09f ec97ff8cbef84eec8c3f55c0998cf671 - - default default] GET http://cinder-api.openstack.svc.cluster.local:8776/v3/ec97ff8cbef84eec8c3f55c0998cf671/volumes
2026-05-12 06:56:22.920 7 INFO cinder.volume.api [None req-2476dd20-71a4-4f74-bf37-53b069568524 5db3d24c1b27404695ca65572d31a09f ec97ff8cbef84eec8c3f55c0998cf671 - - default default] Get all volumes completed successfully.
2026-05-12 06:56:22.921 7 INFO cinder.api.openstack.wsgi [None req-2476dd20-71a4-4f74-bf37-53b069568524 5db3d24c1b27404695ca65572d31a09f ec97ff8cbef84eec8c3f55c0998cf671 - - default default] http://cinder-api.openstack.svc.cluster.local:8776/v3/ec97ff8cbef84eec8c3f55c0998cf671/volumes returned with HTTP 200 [pid: 7|app: 0|req: 380/761] 10.0.0.6 () {32 vars in 698 bytes} [Tue May 12 06:56:22 2026] GET /v3/ec97ff8cbef84eec8c3f55c0998cf671/volumes => generated 15 bytes in 248 msecs (HTTP/1.1 200) 7 headers in 284 bytes (1 switches on core 0)
2026-05-12 06:56:22.934 8 INFO cinder.api.openstack.wsgi [None req-35892e8a-64f1-4195-a980-620be5525d7c 5db3d24c1b27404695ca65572d31a09f ec97ff8cbef84eec8c3f55c0998cf671 - - default default] POST http://cinder-api.openstack.svc.cluster.local:8776/v3/ec97ff8cbef84eec8c3f55c0998cf671/volumes
2026-05-12 06:56:22.937 8 INFO cinder.api.v3.volumes [None req-35892e8a-64f1-4195-a980-620be5525d7c 5db3d24c1b27404695ca65572d31a09f ec97ff8cbef84eec8c3f55c0998cf671 - - default default] Create volume of 1 GB
2026-05-12 06:56:22.943 8 INFO cinder.volume.api [None req-35892e8a-64f1-4195-a980-620be5525d7c 5db3d24c1b27404695ca65572d31a09f ec97ff8cbef84eec8c3f55c0998cf671 - - default default] Availability Zones retrieved successfully.
2026-05-12 06:56:23.147 8 INFO cinder.volume.api [None req-35892e8a-64f1-4195-a980-620be5525d7c 5db3d24c1b27404695ca65572d31a09f ec97ff8cbef84eec8c3f55c0998cf671 - - default default] Create volume request issued successfully.
2026-05-12 06:56:23.148 8 INFO cinder.api.openstack.wsgi [None req-35892e8a-64f1-4195-a980-620be5525d7c 5db3d24c1b27404695ca65572d31a09f ec97ff8cbef84eec8c3f55c0998cf671 - - default default] http://cinder-api.openstack.svc.cluster.local:8776/v3/ec97ff8cbef84eec8c3f55c0998cf671/volumes returned with HTTP 202 [pid: 8|app: 0|req: 382/762] 10.0.0.6 () {34 vars in 720 bytes} [Tue May 12 06:56:22 2026] POST /v3/ec97ff8cbef84eec8c3f55c0998cf671/volumes => generated 876 bytes in 219 msecs (HTTP/1.1 202) 7 headers in 291 bytes (1 switches on core 0)
2026-05-12 06:56:23.167 7 INFO cinder.api.openstack.wsgi [None req-dd4553c5-8df2-4c20-80c4-e66eb4d3ba3a 5db3d24c1b27404695ca65572d31a09f ec97ff8cbef84eec8c3f55c0998cf671 - - default default] GET http://cinder-api.openstack.svc.cluster.local:8776/v3/ec97ff8cbef84eec8c3f55c0998cf671/volumes/c1e2edb1-218e-4af0-a7c1-ee380f394c71 /var/lib/openstack/lib/python3.10/site-packages/oslo_context/context.py:100: DeprecationWarning: Policy enforcement is depending on the value of is_admin. This key is deprecated. Please update your policy file to use the standard policy values. warnings.warn('Policy enforcement is depending on the value of '
2026-05-12 06:56:23.207 7 INFO cinder.volume.api [None req-dd4553c5-8df2-4c20-80c4-e66eb4d3ba3a 5db3d24c1b27404695ca65572d31a09f ec97ff8cbef84eec8c3f55c0998cf671 - - default default] Volume info retrieved successfully.
2026-05-12 06:56:23.213 7 INFO cinder.api.openstack.wsgi [None req-dd4553c5-8df2-4c20-80c4-e66eb4d3ba3a 5db3d24c1b27404695ca65572d31a09f ec97ff8cbef84eec8c3f55c0998cf671 - - default default] http://cinder-api.openstack.svc.cluster.local:8776/v3/ec97ff8cbef84eec8c3f55c0998cf671/volumes/c1e2edb1-218e-4af0-a7c1-ee380f394c71 returned with HTTP 200 [pid: 7|app: 0|req: 381/763] 10.0.0.6 () {32 vars in 772 bytes} [Tue May 12 06:56:23 2026] GET /v3/ec97ff8cbef84eec8c3f55c0998cf671/volumes/c1e2edb1-218e-4af0-a7c1-ee380f394c71 => generated 944 bytes in 53 msecs (HTTP/1.1 200) 7 headers in 285 bytes (1 switches on core 0) /var/lib/openstack/lib/python3.10/site-packages/pycadf/identifier.py:71: UserWarning: Invalid uuid: cinderv3. To ensure interoperability, identifiers should be a valid uuid. warnings.warn(('Invalid uuid: %s. To ensure interoperability, '
2026-05-12 06:56:24.234 8 INFO cinder.api.openstack.wsgi [None req-01be48a8-abd9-4302-8f23-5e4375102b80 5db3d24c1b27404695ca65572d31a09f ec97ff8cbef84eec8c3f55c0998cf671 - - default default] GET http://cinder-api.openstack.svc.cluster.local:8776/v3/ec97ff8cbef84eec8c3f55c0998cf671/volumes/c1e2edb1-218e-4af0-a7c1-ee380f394c71 /var/lib/openstack/lib/python3.10/site-packages/oslo_context/context.py:100: DeprecationWarning: Policy enforcement is depending on the value of is_admin. This key is deprecated. Please update your policy file to use the standard policy values. warnings.warn('Policy enforcement is depending on the value of '
2026-05-12 06:56:24.249 8 INFO cinder.volume.api [None req-01be48a8-abd9-4302-8f23-5e4375102b80 5db3d24c1b27404695ca65572d31a09f ec97ff8cbef84eec8c3f55c0998cf671 - - default default] Volume info retrieved successfully.
2026-05-12 06:56:24.254 8 INFO cinder.api.openstack.wsgi [None req-01be48a8-abd9-4302-8f23-5e4375102b80 5db3d24c1b27404695ca65572d31a09f ec97ff8cbef84eec8c3f55c0998cf671 - - default default] http://cinder-api.openstack.svc.cluster.local:8776/v3/ec97ff8cbef84eec8c3f55c0998cf671/volumes/c1e2edb1-218e-4af0-a7c1-ee380f394c71 returned with HTTP 200 [pid: 8|app: 0|req: 383/764] 10.0.0.6 () {32 vars in 772 bytes} [Tue May 12 06:56:24 2026] GET /v3/ec97ff8cbef84eec8c3f55c0998cf671/volumes/c1e2edb1-218e-4af0-a7c1-ee380f394c71 => generated 969 bytes in 29 msecs (HTTP/1.1 200) 7 headers in 285 bytes (1 switches on core 0) /var/lib/openstack/lib/python3.10/site-packages/pycadf/identifier.py:71: UserWarning: Invalid uuid: cinderv3. To ensure interoperability, identifiers should be a valid uuid. warnings.warn(('Invalid uuid: %s. To ensure interoperability, '
2026-05-12 06:56:24.282 7 INFO cinder.api.openstack.wsgi [None req-68ab3668-b37d-4ac0-8914-3338072daa19 5db3d24c1b27404695ca65572d31a09f ec97ff8cbef84eec8c3f55c0998cf671 - - default default] GET http://cinder-api.openstack.svc.cluster.local:8776/v3/ec97ff8cbef84eec8c3f55c0998cf671/volumes/c1e2edb1-218e-4af0-a7c1-ee380f394c71 /var/lib/openstack/lib/python3.10/site-packages/oslo_context/context.py:100: DeprecationWarning: Policy enforcement is depending on the value of is_admin. This key is deprecated. Please update your policy file to use the standard policy values. warnings.warn('Policy enforcement is depending on the value of '
2026-05-12 06:56:24.307 7 INFO cinder.volume.api [None req-68ab3668-b37d-4ac0-8914-3338072daa19 5db3d24c1b27404695ca65572d31a09f ec97ff8cbef84eec8c3f55c0998cf671 - - default default] Volume info retrieved successfully.
2026-05-12 06:56:24.320 7 INFO cinder.api.openstack.wsgi [None req-68ab3668-b37d-4ac0-8914-3338072daa19 5db3d24c1b27404695ca65572d31a09f ec97ff8cbef84eec8c3f55c0998cf671 - - default default] http://cinder-api.openstack.svc.cluster.local:8776/v3/ec97ff8cbef84eec8c3f55c0998cf671/volumes/c1e2edb1-218e-4af0-a7c1-ee380f394c71 returned with HTTP 200 [pid: 7|app: 0|req: 382/765] 10.0.0.6 () {32 vars in 772 bytes} [Tue May 12 06:56:24 2026] GET /v3/ec97ff8cbef84eec8c3f55c0998cf671/volumes/c1e2edb1-218e-4af0-a7c1-ee380f394c71 => generated 969 bytes in 47 msecs (HTTP/1.1 200) 7 headers in 285 bytes (1 switches on core 0) /var/lib/openstack/lib/python3.10/site-packages/pycadf/identifier.py:71: UserWarning: Invalid uuid: cinderv3. To ensure interoperability, identifiers should be a valid uuid. warnings.warn(('Invalid uuid: %s. To ensure interoperability, '
2026-05-12 06:56:24.338 8 INFO cinder.api.openstack.wsgi [None req-f166941b-fdca-40db-9845-20d9455a6605 5db3d24c1b27404695ca65572d31a09f ec97ff8cbef84eec8c3f55c0998cf671 - - default default] POST http://cinder-api.openstack.svc.cluster.local:8776/v3/ec97ff8cbef84eec8c3f55c0998cf671/volumes
2026-05-12 06:56:24.341 8 INFO cinder.api.v3.volumes [None req-f166941b-fdca-40db-9845-20d9455a6605 5db3d24c1b27404695ca65572d31a09f ec97ff8cbef84eec8c3f55c0998cf671 - - default default] Create volume of 1 GB
2026-05-12 06:56:24.346 8 INFO cinder.volume.api [None req-f166941b-fdca-40db-9845-20d9455a6605 5db3d24c1b27404695ca65572d31a09f ec97ff8cbef84eec8c3f55c0998cf671 - - default default] Availability Zones retrieved successfully.
2026-05-12 06:56:24.467 8 INFO cinder.volume.api [None req-f166941b-fdca-40db-9845-20d9455a6605 5db3d24c1b27404695ca65572d31a09f ec97ff8cbef84eec8c3f55c0998cf671 - - default default] Create volume request issued successfully.
2026-05-12 06:56:24.468 8 INFO cinder.api.openstack.wsgi [None req-f166941b-fdca-40db-9845-20d9455a6605 5db3d24c1b27404695ca65572d31a09f ec97ff8cbef84eec8c3f55c0998cf671 - - default default] http://cinder-api.openstack.svc.cluster.local:8776/v3/ec97ff8cbef84eec8c3f55c0998cf671/volumes returned with HTTP 202 [pid: 8|app: 0|req: 384/766] 10.0.0.6 () {34 vars in 720 bytes} [Tue May 12 06:56:24 2026] POST /v3/ec97ff8cbef84eec8c3f55c0998cf671/volumes => generated 876 bytes in 137 msecs (HTTP/1.1 202) 7 headers in 291 bytes (1 switches on core 0) /var/lib/openstack/lib/python3.10/site-packages/pycadf/identifier.py:71: UserWarning: Invalid uuid: cinderv3. To ensure interoperability, identifiers should be a valid uuid. warnings.warn(('Invalid uuid: %s. To ensure interoperability, '
2026-05-12 06:56:24.485 7 INFO cinder.api.openstack.wsgi [None req-6cc80e4c-b853-45fc-be58-7a67aecb37e9 5db3d24c1b27404695ca65572d31a09f ec97ff8cbef84eec8c3f55c0998cf671 - - default default] GET http://cinder-api.openstack.svc.cluster.local:8776/v3/ec97ff8cbef84eec8c3f55c0998cf671/volumes/17befdca-3b62-4e3c-9f9f-7cb9264ec789 /var/lib/openstack/lib/python3.10/site-packages/oslo_context/context.py:100: DeprecationWarning: Policy enforcement is depending on the value of is_admin. This key is deprecated. Please update your policy file to use the standard policy values. warnings.warn('Policy enforcement is depending on the value of '
2026-05-12 06:56:24.507 7 INFO cinder.volume.api [None req-6cc80e4c-b853-45fc-be58-7a67aecb37e9 5db3d24c1b27404695ca65572d31a09f ec97ff8cbef84eec8c3f55c0998cf671 - - default default] Volume info retrieved successfully.
2026-05-12 06:56:24.516 7 INFO cinder.api.openstack.wsgi [None req-6cc80e4c-b853-45fc-be58-7a67aecb37e9 5db3d24c1b27404695ca65572d31a09f ec97ff8cbef84eec8c3f55c0998cf671 - - default default] http://cinder-api.openstack.svc.cluster.local:8776/v3/ec97ff8cbef84eec8c3f55c0998cf671/volumes/17befdca-3b62-4e3c-9f9f-7cb9264ec789 returned with HTTP 200 [pid: 7|app: 0|req: 383/767] 10.0.0.6 () {32 vars in 772 bytes} [Tue May 12 06:56:24 2026] GET /v3/ec97ff8cbef84eec8c3f55c0998cf671/volumes/17befdca-3b62-4e3c-9f9f-7cb9264ec789 => generated 944 bytes in 37 msecs (HTTP/1.1 200) 7 headers in 285 bytes (1 switches on core 0) /var/lib/openstack/lib/python3.10/site-packages/pycadf/identifier.py:71: UserWarning: Invalid uuid: cinderv3. To ensure interoperability, identifiers should be a valid uuid. warnings.warn(('Invalid uuid: %s. To ensure interoperability, '
2026-05-12 06:56:25.535 8 INFO cinder.api.openstack.wsgi [None req-5fb974dc-4dfd-4b9c-9753-7e24e5efc785 5db3d24c1b27404695ca65572d31a09f ec97ff8cbef84eec8c3f55c0998cf671 - - default default] GET http://cinder-api.openstack.svc.cluster.local:8776/v3/ec97ff8cbef84eec8c3f55c0998cf671/volumes/17befdca-3b62-4e3c-9f9f-7cb9264ec789 /var/lib/openstack/lib/python3.10/site-packages/oslo_context/context.py:100: DeprecationWarning: Policy enforcement is depending on the value of is_admin. This key is deprecated. Please update your policy file to use the standard policy values. warnings.warn('Policy enforcement is depending on the value of '
2026-05-12 06:56:25.565 8 INFO cinder.volume.api [None req-5fb974dc-4dfd-4b9c-9753-7e24e5efc785 5db3d24c1b27404695ca65572d31a09f ec97ff8cbef84eec8c3f55c0998cf671 - - default default] Volume info retrieved successfully.
2026-05-12 06:56:25.573 8 INFO cinder.api.openstack.wsgi [None req-5fb974dc-4dfd-4b9c-9753-7e24e5efc785 5db3d24c1b27404695ca65572d31a09f ec97ff8cbef84eec8c3f55c0998cf671 - - default default] http://cinder-api.openstack.svc.cluster.local:8776/v3/ec97ff8cbef84eec8c3f55c0998cf671/volumes/17befdca-3b62-4e3c-9f9f-7cb9264ec789 returned with HTTP 200 [pid: 8|app: 0|req: 385/768] 10.0.0.6 () {32 vars in 772 bytes} [Tue May 12 06:56:25 2026] GET /v3/ec97ff8cbef84eec8c3f55c0998cf671/volumes/17befdca-3b62-4e3c-9f9f-7cb9264ec789 => generated 969 bytes in 46 msecs (HTTP/1.1 200) 7 headers in 285 bytes (1 switches on core 0) /var/lib/openstack/lib/python3.10/site-packages/pycadf/identifier.py:71: UserWarning: Invalid uuid: cinderv3. To ensure interoperability, identifiers should be a valid uuid. warnings.warn(('Invalid uuid: %s. To ensure interoperability, '
2026-05-12 06:56:25.594 7 INFO cinder.api.openstack.wsgi [None req-c3e1e608-e04c-463e-a11c-49967cb9937c 5db3d24c1b27404695ca65572d31a09f ec97ff8cbef84eec8c3f55c0998cf671 - - default default] GET http://cinder-api.openstack.svc.cluster.local:8776/v3/ec97ff8cbef84eec8c3f55c0998cf671/volumes/17befdca-3b62-4e3c-9f9f-7cb9264ec789 /var/lib/openstack/lib/python3.10/site-packages/oslo_context/context.py:100: DeprecationWarning: Policy enforcement is depending on the value of is_admin. This key is deprecated. Please update your policy file to use the standard policy values. warnings.warn('Policy enforcement is depending on the value of '
2026-05-12 06:56:25.612 7 INFO cinder.volume.api [None req-c3e1e608-e04c-463e-a11c-49967cb9937c 5db3d24c1b27404695ca65572d31a09f ec97ff8cbef84eec8c3f55c0998cf671 - - default default] Volume info retrieved successfully.
2026-05-12 06:56:25.620 7 INFO cinder.api.openstack.wsgi [None req-c3e1e608-e04c-463e-a11c-49967cb9937c 5db3d24c1b27404695ca65572d31a09f ec97ff8cbef84eec8c3f55c0998cf671 - - default default] http://cinder-api.openstack.svc.cluster.local:8776/v3/ec97ff8cbef84eec8c3f55c0998cf671/volumes/17befdca-3b62-4e3c-9f9f-7cb9264ec789 returned with HTTP 200 [pid: 7|app: 0|req: 384/769] 10.0.0.6 () {32 vars in 772 bytes} [Tue May 12 06:56:25 2026] GET /v3/ec97ff8cbef84eec8c3f55c0998cf671/volumes/17befdca-3b62-4e3c-9f9f-7cb9264ec789 => generated 969 bytes in 32 msecs (HTTP/1.1 200) 7 headers in 285 bytes (1 switches on core 0) /var/lib/openstack/lib/python3.10/site-packages/pycadf/identifier.py:71: UserWarning: Invalid uuid: cinderv3. To ensure interoperability, identifiers should be a valid uuid. warnings.warn(('Invalid uuid: %s. To ensure interoperability, '
2026-05-12 06:56:25.638 8 INFO cinder.api.openstack.wsgi [None req-ce60f7fc-3476-4b34-b9c2-5eef93dbe6cb 5db3d24c1b27404695ca65572d31a09f ec97ff8cbef84eec8c3f55c0998cf671 - - default default] POST http://cinder-api.openstack.svc.cluster.local:8776/v3/ec97ff8cbef84eec8c3f55c0998cf671/volumes
2026-05-12 06:56:25.641 8 INFO cinder.api.v3.volumes [None req-ce60f7fc-3476-4b34-b9c2-5eef93dbe6cb 5db3d24c1b27404695ca65572d31a09f ec97ff8cbef84eec8c3f55c0998cf671 - - default default] Create volume of 1 GB
2026-05-12 06:56:25.653 8 INFO cinder.volume.api [None req-ce60f7fc-3476-4b34-b9c2-5eef93dbe6cb 5db3d24c1b27404695ca65572d31a09f ec97ff8cbef84eec8c3f55c0998cf671 - - default default] Availability Zones retrieved successfully.
2026-05-12 06:56:25.836 8 INFO cinder.volume.api [None req-ce60f7fc-3476-4b34-b9c2-5eef93dbe6cb 5db3d24c1b27404695ca65572d31a09f ec97ff8cbef84eec8c3f55c0998cf671 - - default default] Create volume request issued successfully.
2026-05-12 06:56:25.837 8 INFO cinder.api.openstack.wsgi [None req-ce60f7fc-3476-4b34-b9c2-5eef93dbe6cb 5db3d24c1b27404695ca65572d31a09f ec97ff8cbef84eec8c3f55c0998cf671 - - default default] http://cinder-api.openstack.svc.cluster.local:8776/v3/ec97ff8cbef84eec8c3f55c0998cf671/volumes returned with HTTP 202 [pid: 8|app: 0|req: 386/770] 10.0.0.6 () {34 vars in 720 bytes} [Tue May 12 06:56:25 2026] POST /v3/ec97ff8cbef84eec8c3f55c0998cf671/volumes => generated 875 bytes in 205 msecs (HTTP/1.1 202) 7 headers in 291 bytes (1 switches on core 0) /var/lib/openstack/lib/python3.10/site-packages/pycadf/identifier.py:71: UserWarning: Invalid uuid: cinderv3. To ensure interoperability, identifiers should be a valid uuid. warnings.warn(('Invalid uuid: %s. To ensure interoperability, '
2026-05-12 06:56:25.860 7 INFO cinder.api.openstack.wsgi [None req-615bf713-bd22-4c7e-bf29-37e2671e9b6a 5db3d24c1b27404695ca65572d31a09f ec97ff8cbef84eec8c3f55c0998cf671 - - default default] GET http://cinder-api.openstack.svc.cluster.local:8776/v3/ec97ff8cbef84eec8c3f55c0998cf671/volumes/49eac73d-9674-4d8c-a8c8-933c4e4bae9e /var/lib/openstack/lib/python3.10/site-packages/oslo_context/context.py:100: DeprecationWarning: Policy enforcement is depending on the value of is_admin. This key is deprecated. Please update your policy file to use the standard policy values. warnings.warn('Policy enforcement is depending on the value of '
2026-05-12 06:56:25.877 7 INFO cinder.volume.api [None req-615bf713-bd22-4c7e-bf29-37e2671e9b6a 5db3d24c1b27404695ca65572d31a09f ec97ff8cbef84eec8c3f55c0998cf671 - - default default] Volume info retrieved successfully.
2026-05-12 06:56:25.883 7 INFO cinder.api.openstack.wsgi [None req-615bf713-bd22-4c7e-bf29-37e2671e9b6a 5db3d24c1b27404695ca65572d31a09f ec97ff8cbef84eec8c3f55c0998cf671 - - default default] http://cinder-api.openstack.svc.cluster.local:8776/v3/ec97ff8cbef84eec8c3f55c0998cf671/volumes/49eac73d-9674-4d8c-a8c8-933c4e4bae9e returned with HTTP 200 [pid: 7|app: 0|req: 385/771] 10.0.0.6 () {32 vars in 772 bytes} [Tue May 12 06:56:25 2026] GET /v3/ec97ff8cbef84eec8c3f55c0998cf671/volumes/49eac73d-9674-4d8c-a8c8-933c4e4bae9e => generated 943 bytes in 34 msecs (HTTP/1.1 200) 7 headers in 285 bytes (1 switches on core 0) /var/lib/openstack/lib/python3.10/site-packages/pycadf/identifier.py:71: UserWarning: Invalid uuid: cinderv3. To ensure interoperability, identifiers should be a valid uuid. warnings.warn(('Invalid uuid: %s. To ensure interoperability, '
2026-05-12 06:56:26.902 8 INFO cinder.api.openstack.wsgi [None req-1c8fcdc2-553c-4111-b68e-0cc7df173e1d 5db3d24c1b27404695ca65572d31a09f ec97ff8cbef84eec8c3f55c0998cf671 - - default default] GET http://cinder-api.openstack.svc.cluster.local:8776/v3/ec97ff8cbef84eec8c3f55c0998cf671/volumes/49eac73d-9674-4d8c-a8c8-933c4e4bae9e /var/lib/openstack/lib/python3.10/site-packages/oslo_context/context.py:100: DeprecationWarning: Policy enforcement is depending on the value of is_admin. This key is deprecated. Please update your policy file to use the standard policy values. warnings.warn('Policy enforcement is depending on the value of '
2026-05-12 06:56:26.919 8 INFO cinder.volume.api [None req-1c8fcdc2-553c-4111-b68e-0cc7df173e1d 5db3d24c1b27404695ca65572d31a09f ec97ff8cbef84eec8c3f55c0998cf671 - - default default] Volume info retrieved successfully.
2026-05-12 06:56:26.924 8 INFO cinder.api.openstack.wsgi [None req-1c8fcdc2-553c-4111-b68e-0cc7df173e1d 5db3d24c1b27404695ca65572d31a09f ec97ff8cbef84eec8c3f55c0998cf671 - - default default] http://cinder-api.openstack.svc.cluster.local:8776/v3/ec97ff8cbef84eec8c3f55c0998cf671/volumes/49eac73d-9674-4d8c-a8c8-933c4e4bae9e returned with HTTP 200 [pid: 8|app: 0|req: 387/772] 10.0.0.6 () {32 vars in 772 bytes} [Tue May 12 06:56:26 2026] GET /v3/ec97ff8cbef84eec8c3f55c0998cf671/volumes/49eac73d-9674-4d8c-a8c8-933c4e4bae9e => generated 968 bytes in 28 msecs (HTTP/1.1 200) 7 headers in 285 bytes (1 switches on core 0) /var/lib/openstack/lib/python3.10/site-packages/pycadf/identifier.py:71: UserWarning: Invalid uuid: cinderv3. To ensure interoperability, identifiers should be a valid uuid. warnings.warn(('Invalid uuid: %s. To ensure interoperability, '
2026-05-12 06:56:26.944 7 INFO cinder.api.openstack.wsgi [None req-f51cb37c-ae90-43d8-ade2-b1cc8b42591a 5db3d24c1b27404695ca65572d31a09f ec97ff8cbef84eec8c3f55c0998cf671 - - default default] GET http://cinder-api.openstack.svc.cluster.local:8776/v3/ec97ff8cbef84eec8c3f55c0998cf671/volumes/49eac73d-9674-4d8c-a8c8-933c4e4bae9e /var/lib/openstack/lib/python3.10/site-packages/oslo_context/context.py:100: DeprecationWarning: Policy enforcement is depending on the value of is_admin. This key is deprecated. Please update your policy file to use the standard policy values. warnings.warn('Policy enforcement is depending on the value of '
2026-05-12 06:56:26.959 7 INFO cinder.volume.api [None req-f51cb37c-ae90-43d8-ade2-b1cc8b42591a 5db3d24c1b27404695ca65572d31a09f ec97ff8cbef84eec8c3f55c0998cf671 - - default default] Volume info retrieved successfully.
2026-05-12 06:56:26.963 7 INFO cinder.api.openstack.wsgi [None req-f51cb37c-ae90-43d8-ade2-b1cc8b42591a 5db3d24c1b27404695ca65572d31a09f ec97ff8cbef84eec8c3f55c0998cf671 - - default default] http://cinder-api.openstack.svc.cluster.local:8776/v3/ec97ff8cbef84eec8c3f55c0998cf671/volumes/49eac73d-9674-4d8c-a8c8-933c4e4bae9e returned with HTTP 200 [pid: 7|app: 0|req: 386/773] 10.0.0.6 () {32 vars in 772 bytes} [Tue May 12 06:56:26 2026] GET /v3/ec97ff8cbef84eec8c3f55c0998cf671/volumes/49eac73d-9674-4d8c-a8c8-933c4e4bae9e => generated 968 bytes in 26 msecs (HTTP/1.1 200) 7 headers in 285 bytes (1 switches on core 0) /var/lib/openstack/lib/python3.10/site-packages/pycadf/identifier.py:71: UserWarning: Invalid uuid: cinderv3. To ensure interoperability, identifiers should be a valid uuid. warnings.warn(('Invalid uuid: %s. To ensure interoperability, '
2026-05-12 06:56:26.982 8 INFO cinder.api.openstack.wsgi [None req-817d56db-001d-4bec-b8cb-88450f70055c 5db3d24c1b27404695ca65572d31a09f ec97ff8cbef84eec8c3f55c0998cf671 - - default default] GET http://cinder-api.openstack.svc.cluster.local:8776/v3/ec97ff8cbef84eec8c3f55c0998cf671/volumes
2026-05-12 06:56:27.013 8 INFO cinder.volume.api [None req-817d56db-001d-4bec-b8cb-88450f70055c 5db3d24c1b27404695ca65572d31a09f ec97ff8cbef84eec8c3f55c0998cf671 - - default default] Get all volumes completed successfully.
2026-05-12 06:56:27.014 8 INFO cinder.api.openstack.wsgi [None req-817d56db-001d-4bec-b8cb-88450f70055c 5db3d24c1b27404695ca65572d31a09f ec97ff8cbef84eec8c3f55c0998cf671 - - default default] http://cinder-api.openstack.svc.cluster.local:8776/v3/ec97ff8cbef84eec8c3f55c0998cf671/volumes returned with HTTP 200 [pid: 8|app: 0|req: 388/774] 10.0.0.6 () {32 vars in 698 bytes} [Tue May 12 06:56:26 2026] GET /v3/ec97ff8cbef84eec8c3f55c0998cf671/volumes => generated 1323 bytes in 37 msecs (HTTP/1.1 200) 7 headers in 286 bytes (1 switches on core 0) /var/lib/openstack/lib/python3.10/site-packages/pycadf/identifier.py:71: UserWarning: Invalid uuid: cinderv3. To ensure interoperability, identifiers should be a valid uuid. warnings.warn(('Invalid uuid: %s. To ensure interoperability, '
2026-05-12 06:56:27.029 7 INFO cinder.api.openstack.wsgi [None req-31060f11-4e05-498b-936a-59fc2401eda4 5db3d24c1b27404695ca65572d31a09f ec97ff8cbef84eec8c3f55c0998cf671 - - default default] GET http://cinder-api.openstack.svc.cluster.local:8776/v3/ec97ff8cbef84eec8c3f55c0998cf671/volumes/49eac73d-9674-4d8c-a8c8-933c4e4bae9e /var/lib/openstack/lib/python3.10/site-packages/oslo_context/context.py:100: DeprecationWarning: Policy enforcement is depending on the value of is_admin. This key is deprecated. Please update your policy file to use the standard policy values. warnings.warn('Policy enforcement is depending on the value of '
2026-05-12 06:56:27.050 7 INFO cinder.volume.api [None req-31060f11-4e05-498b-936a-59fc2401eda4 5db3d24c1b27404695ca65572d31a09f ec97ff8cbef84eec8c3f55c0998cf671 - - default default] Volume info retrieved successfully.
2026-05-12 06:56:27.055 7 INFO cinder.api.openstack.wsgi [None req-31060f11-4e05-498b-936a-59fc2401eda4 5db3d24c1b27404695ca65572d31a09f ec97ff8cbef84eec8c3f55c0998cf671 - - default default] http://cinder-api.openstack.svc.cluster.local:8776/v3/ec97ff8cbef84eec8c3f55c0998cf671/volumes/49eac73d-9674-4d8c-a8c8-933c4e4bae9e returned with HTTP 200 [pid: 7|app: 0|req: 387/775] 10.0.0.6 () {32 vars in 772 bytes} [Tue May 12 06:56:27 2026] GET /v3/ec97ff8cbef84eec8c3f55c0998cf671/volumes/49eac73d-9674-4d8c-a8c8-933c4e4bae9e => generated 968 bytes in 32 msecs (HTTP/1.1 200) 7 headers in 285 bytes (1 switches on core 0) /var/lib/openstack/lib/python3.10/site-packages/pycadf/identifier.py:71: UserWarning: Invalid uuid: cinderv3. To ensure interoperability, identifiers should be a valid uuid. warnings.warn(('Invalid uuid: %s. To ensure interoperability, '
2026-05-12 06:56:27.076 8 INFO cinder.api.openstack.wsgi [None req-80085182-ef87-4ff7-9631-cfd70cba899b 5db3d24c1b27404695ca65572d31a09f ec97ff8cbef84eec8c3f55c0998cf671 - - default default] DELETE http://cinder-api.openstack.svc.cluster.local:8776/v3/ec97ff8cbef84eec8c3f55c0998cf671/volumes/49eac73d-9674-4d8c-a8c8-933c4e4bae9e
2026-05-12 06:56:27.076 8 INFO cinder.api.v3.volumes [None req-80085182-ef87-4ff7-9631-cfd70cba899b 5db3d24c1b27404695ca65572d31a09f ec97ff8cbef84eec8c3f55c0998cf671 - - default default] Delete volume with id: 49eac73d-9674-4d8c-a8c8-933c4e4bae9e  /var/lib/openstack/lib/python3.10/site-packages/oslo_context/context.py:100: DeprecationWarning: Policy enforcement is depending on the value of is_admin. This key is deprecated. Please update your policy file to use the standard policy values. warnings.warn('Policy enforcement is depending on the value of '
2026-05-12 06:56:27.087 8 INFO cinder.volume.api [None req-80085182-ef87-4ff7-9631-cfd70cba899b 5db3d24c1b27404695ca65572d31a09f ec97ff8cbef84eec8c3f55c0998cf671 - - default default] Volume info retrieved successfully.
2026-05-12 06:56:27.127 8 INFO cinder.volume.api [None req-80085182-ef87-4ff7-9631-cfd70cba899b 5db3d24c1b27404695ca65572d31a09f ec97ff8cbef84eec8c3f55c0998cf671 - - default default] Delete volume request issued successfully.
2026-05-12 06:56:27.127 8 INFO cinder.api.openstack.wsgi [None req-80085182-ef87-4ff7-9631-cfd70cba899b 5db3d24c1b27404695ca65572d31a09f ec97ff8cbef84eec8c3f55c0998cf671 - - default default] http://cinder-api.openstack.svc.cluster.local:8776/v3/ec97ff8cbef84eec8c3f55c0998cf671/volumes/49eac73d-9674-4d8c-a8c8-933c4e4bae9e returned with HTTP 202 [pid: 8|app: 0|req: 389/776] 10.0.0.6 () {32 vars in 775 bytes} [Tue May 12 06:56:27 2026] DELETE /v3/ec97ff8cbef84eec8c3f55c0998cf671/volumes/49eac73d-9674-4d8c-a8c8-933c4e4bae9e => generated 0 bytes in 58 msecs (HTTP/1.1 202) 6 headers in 233 bytes (1 switches on core 0) /var/lib/openstack/lib/python3.10/site-packages/pycadf/identifier.py:71: UserWarning: Invalid uuid: cinderv3. To ensure interoperability, identifiers should be a valid uuid. warnings.warn(('Invalid uuid: %s. To ensure interoperability, '
2026-05-12 06:56:27.139 7 INFO cinder.api.openstack.wsgi [None req-3eef8fe1-1834-45dd-a997-6df59b8bc781 5db3d24c1b27404695ca65572d31a09f ec97ff8cbef84eec8c3f55c0998cf671 - - default default] GET http://cinder-api.openstack.svc.cluster.local:8776/v3/ec97ff8cbef84eec8c3f55c0998cf671/volumes/49eac73d-9674-4d8c-a8c8-933c4e4bae9e /var/lib/openstack/lib/python3.10/site-packages/oslo_context/context.py:100: DeprecationWarning: Policy enforcement is depending on the value of is_admin. This key is deprecated. Please update your policy file to use the standard policy values. warnings.warn('Policy enforcement is depending on the value of '
2026-05-12 06:56:27.156 7 INFO cinder.volume.api [None req-3eef8fe1-1834-45dd-a997-6df59b8bc781 5db3d24c1b27404695ca65572d31a09f ec97ff8cbef84eec8c3f55c0998cf671 - - default default] Volume info retrieved successfully.
2026-05-12 06:56:27.161 7 INFO cinder.api.openstack.wsgi [None req-3eef8fe1-1834-45dd-a997-6df59b8bc781 5db3d24c1b27404695ca65572d31a09f ec97ff8cbef84eec8c3f55c0998cf671 - - default default] http://cinder-api.openstack.svc.cluster.local:8776/v3/ec97ff8cbef84eec8c3f55c0998cf671/volumes/49eac73d-9674-4d8c-a8c8-933c4e4bae9e returned with HTTP 200 [pid: 7|app: 0|req: 388/777] 10.0.0.6 () {32 vars in 772 bytes} [Tue May 12 06:56:27 2026] GET /v3/ec97ff8cbef84eec8c3f55c0998cf671/volumes/49eac73d-9674-4d8c-a8c8-933c4e4bae9e => generated 967 bytes in 28 msecs (HTTP/1.1 200) 7 headers in 285 bytes (1 switches on core 0) /var/lib/openstack/lib/python3.10/site-packages/pycadf/identifier.py:71: UserWarning: Invalid uuid: cinderv3. To ensure interoperability, identifiers should be a valid uuid. warnings.warn(('Invalid uuid: %s. To ensure interoperability, '
2026-05-12 06:56:28.185 8 INFO cinder.api.openstack.wsgi [None req-241dd547-e799-4a95-b6c0-6712dc540afa 5db3d24c1b27404695ca65572d31a09f ec97ff8cbef84eec8c3f55c0998cf671 - - default default] GET http://cinder-api.openstack.svc.cluster.local:8776/v3/ec97ff8cbef84eec8c3f55c0998cf671/volumes/49eac73d-9674-4d8c-a8c8-933c4e4bae9e
2026-05-12 06:56:28.196 8 INFO cinder.api.openstack.wsgi [None req-241dd547-e799-4a95-b6c0-6712dc540afa 5db3d24c1b27404695ca65572d31a09f ec97ff8cbef84eec8c3f55c0998cf671 - - default default] http://cinder-api.openstack.svc.cluster.local:8776/v3/ec97ff8cbef84eec8c3f55c0998cf671/volumes/49eac73d-9674-4d8c-a8c8-933c4e4bae9e returned with HTTP 404 [pid: 8|app: 0|req: 390/778] 10.0.0.6 () {32 vars in 772 bytes} [Tue May 12 06:56:28 2026] GET /v3/ec97ff8cbef84eec8c3f55c0998cf671/volumes/49eac73d-9674-4d8c-a8c8-933c4e4bae9e => generated 109 bytes in 23 msecs (HTTP/1.1 404) 7 headers in 292 bytes (1 switches on core 0) /var/lib/openstack/lib/python3.10/site-packages/pycadf/identifier.py:71: UserWarning: Invalid uuid: cinderv3. To ensure interoperability, identifiers should be a valid uuid. warnings.warn(('Invalid uuid: %s. To ensure interoperability, '
2026-05-12 06:56:28.212 7 INFO cinder.api.openstack.wsgi [None req-97003f8c-c334-449f-b298-9a90d2d10931 5db3d24c1b27404695ca65572d31a09f ec97ff8cbef84eec8c3f55c0998cf671 - - default default] GET http://cinder-api.openstack.svc.cluster.local:8776/v3/ec97ff8cbef84eec8c3f55c0998cf671/volumes/17befdca-3b62-4e3c-9f9f-7cb9264ec789 /var/lib/openstack/lib/python3.10/site-packages/oslo_context/context.py:100: DeprecationWarning: Policy enforcement is depending on the value of is_admin. This key is deprecated. Please update your policy file to use the standard policy values. warnings.warn('Policy enforcement is depending on the value of '
2026-05-12 06:56:28.230 7 INFO cinder.volume.api [None req-97003f8c-c334-449f-b298-9a90d2d10931 5db3d24c1b27404695ca65572d31a09f ec97ff8cbef84eec8c3f55c0998cf671 - - default default] Volume info retrieved successfully.
2026-05-12 06:56:28.236 7 INFO cinder.api.openstack.wsgi [None req-97003f8c-c334-449f-b298-9a90d2d10931 5db3d24c1b27404695ca65572d31a09f ec97ff8cbef84eec8c3f55c0998cf671 - - default default] http://cinder-api.openstack.svc.cluster.local:8776/v3/ec97ff8cbef84eec8c3f55c0998cf671/volumes/17befdca-3b62-4e3c-9f9f-7cb9264ec789 returned with HTTP 200 [pid: 7|app: 0|req: 389/779] 10.0.0.6 () {32 vars in 772 bytes} [Tue May 12 06:56:28 2026] GET /v3/ec97ff8cbef84eec8c3f55c0998cf671/volumes/17befdca-3b62-4e3c-9f9f-7cb9264ec789 => generated 969 bytes in 33 msecs (HTTP/1.1 200) 7 headers in 285 bytes (1 switches on core 0)
2026-05-12 06:56:28.267 8 INFO cinder.api.openstack.wsgi [None req-cb9c9034-87bb-4fa1-8832-1bac24d5bc2b 5db3d24c1b27404695ca65572d31a09f ec97ff8cbef84eec8c3f55c0998cf671 - - default default] DELETE http://cinder-api.openstack.svc.cluster.local:8776/v3/ec97ff8cbef84eec8c3f55c0998cf671/volumes/17befdca-3b62-4e3c-9f9f-7cb9264ec789
2026-05-12 06:56:28.267 8 INFO cinder.api.v3.volumes [None req-cb9c9034-87bb-4fa1-8832-1bac24d5bc2b 5db3d24c1b27404695ca65572d31a09f ec97ff8cbef84eec8c3f55c0998cf671 - - default default] Delete volume with id: 17befdca-3b62-4e3c-9f9f-7cb9264ec789  /var/lib/openstack/lib/python3.10/site-packages/oslo_context/context.py:100: DeprecationWarning: Policy enforcement is depending on the value of is_admin. This key is deprecated. Please update your policy file to use the standard policy values. warnings.warn('Policy enforcement is depending on the value of '
2026-05-12 06:56:28.281 8 INFO cinder.volume.api [None req-cb9c9034-87bb-4fa1-8832-1bac24d5bc2b 5db3d24c1b27404695ca65572d31a09f ec97ff8cbef84eec8c3f55c0998cf671 - - default default] Volume info retrieved successfully.
2026-05-12 06:56:28.316 8 INFO cinder.volume.api [None req-cb9c9034-87bb-4fa1-8832-1bac24d5bc2b 5db3d24c1b27404695ca65572d31a09f ec97ff8cbef84eec8c3f55c0998cf671 - - default default] Delete volume request issued successfully.
