2026-05-12 06:54:12.014 7 INFO cinder.api.openstack.wsgi [None req-4e950a4f-c3cd-480a-bb21-bd80eff948db 0252c53b868e4485be11e5ff1d0348a9 456937f085974143aa2f8a9355d92955 - - default default] GET http://cinder-api.openstack.svc.cluster.local:8776/v3/456937f085974143aa2f8a9355d92955/snapshots
2026-05-12 06:54:12.030 7 INFO cinder.volume.api [None req-4e950a4f-c3cd-480a-bb21-bd80eff948db 0252c53b868e4485be11e5ff1d0348a9 456937f085974143aa2f8a9355d92955 - - default default] Get all snapshots completed successfully.
2026-05-12 06:54:12.030 7 INFO cinder.api.openstack.wsgi [None req-4e950a4f-c3cd-480a-bb21-bd80eff948db 0252c53b868e4485be11e5ff1d0348a9 456937f085974143aa2f8a9355d92955 - - default default] http://cinder-api.openstack.svc.cluster.local:8776/v3/456937f085974143aa2f8a9355d92955/snapshots returned with HTTP 200 [pid: 7|app: 0|req: 346/693] 10.0.0.6 () {32 vars in 702 bytes} [Tue May 12 06:54:12 2026] GET /v3/456937f085974143aa2f8a9355d92955/snapshots => generated 17 bytes in 24 msecs (HTTP/1.1 200) 7 headers in 284 bytes (1 switches on core 0)
2026-05-12 06:54:12.046 8 INFO cinder.api.openstack.wsgi [None req-adcbbecd-dea3-433e-9384-1f7b507a3cd4 0252c53b868e4485be11e5ff1d0348a9 456937f085974143aa2f8a9355d92955 - - default default] GET http://cinder-api.openstack.svc.cluster.local:8776/v3/456937f085974143aa2f8a9355d92955/volumes
2026-05-12 06:54:12.074 8 INFO cinder.volume.api [None req-adcbbecd-dea3-433e-9384-1f7b507a3cd4 0252c53b868e4485be11e5ff1d0348a9 456937f085974143aa2f8a9355d92955 - - default default] Get all volumes completed successfully.
2026-05-12 06:54:12.074 8 INFO cinder.api.openstack.wsgi [None req-adcbbecd-dea3-433e-9384-1f7b507a3cd4 0252c53b868e4485be11e5ff1d0348a9 456937f085974143aa2f8a9355d92955 - - default default] http://cinder-api.openstack.svc.cluster.local:8776/v3/456937f085974143aa2f8a9355d92955/volumes returned with HTTP 200 [pid: 8|app: 0|req: 348/694] 10.0.0.6 () {32 vars in 698 bytes} [Tue May 12 06:54:12 2026] GET /v3/456937f085974143aa2f8a9355d92955/volumes => generated 15 bytes in 36 msecs (HTTP/1.1 200) 7 headers in 284 bytes (1 switches on core 0)
2026-05-12 06:54:19.435 7 INFO cinder.api.openstack.wsgi [None req-4e950a4f-c3cd-480a-bb21-bd80eff948db 0252c53b868e4485be11e5ff1d0348a9 456937f085974143aa2f8a9355d92955 - - default default] GET http://10.0.0.150:8776/
2026-05-12 06:54:19.435 8 INFO cinder.api.openstack.wsgi [None req-adcbbecd-dea3-433e-9384-1f7b507a3cd4 0252c53b868e4485be11e5ff1d0348a9 456937f085974143aa2f8a9355d92955 - - default default] GET http://10.0.0.150:8776/
2026-05-12 06:54:19.437 8 INFO cinder.api.openstack.wsgi [None req-adcbbecd-dea3-433e-9384-1f7b507a3cd4 0252c53b868e4485be11e5ff1d0348a9 456937f085974143aa2f8a9355d92955 - - default default] http://10.0.0.150:8776/ returned with HTTP 300
2026-05-12 06:54:19.437 7 INFO cinder.api.openstack.wsgi [None req-4e950a4f-c3cd-480a-bb21-bd80eff948db 0252c53b868e4485be11e5ff1d0348a9 456937f085974143aa2f8a9355d92955 - - default default] http://10.0.0.150:8776/ returned with HTTP 300
2026-05-12 06:54:29.435 7 INFO cinder.api.openstack.wsgi [None req-4e950a4f-c3cd-480a-bb21-bd80eff948db 0252c53b868e4485be11e5ff1d0348a9 456937f085974143aa2f8a9355d92955 - - default default] GET http://10.0.0.150:8776/
2026-05-12 06:54:29.436 8 INFO cinder.api.openstack.wsgi [None req-adcbbecd-dea3-433e-9384-1f7b507a3cd4 0252c53b868e4485be11e5ff1d0348a9 456937f085974143aa2f8a9355d92955 - - default default] GET http://10.0.0.150:8776/
2026-05-12 06:54:29.436 8 INFO cinder.api.openstack.wsgi [None req-adcbbecd-dea3-433e-9384-1f7b507a3cd4 0252c53b868e4485be11e5ff1d0348a9 456937f085974143aa2f8a9355d92955 - - default default] http://10.0.0.150:8776/ returned with HTTP 300
2026-05-12 06:54:29.437 7 INFO cinder.api.openstack.wsgi [None req-4e950a4f-c3cd-480a-bb21-bd80eff948db 0252c53b868e4485be11e5ff1d0348a9 456937f085974143aa2f8a9355d92955 - - default default] http://10.0.0.150:8776/ returned with HTTP 300
2026-05-12 06:54:39.435 7 INFO cinder.api.openstack.wsgi [None req-4e950a4f-c3cd-480a-bb21-bd80eff948db 0252c53b868e4485be11e5ff1d0348a9 456937f085974143aa2f8a9355d92955 - - default default] GET http://10.0.0.150:8776/
2026-05-12 06:54:39.435 8 INFO cinder.api.openstack.wsgi [None req-adcbbecd-dea3-433e-9384-1f7b507a3cd4 0252c53b868e4485be11e5ff1d0348a9 456937f085974143aa2f8a9355d92955 - - default default] GET http://10.0.0.150:8776/
2026-05-12 06:54:39.436 7 INFO cinder.api.openstack.wsgi [None req-4e950a4f-c3cd-480a-bb21-bd80eff948db 0252c53b868e4485be11e5ff1d0348a9 456937f085974143aa2f8a9355d92955 - - default default] http://10.0.0.150:8776/ returned with HTTP 300
2026-05-12 06:54:39.437 8 INFO cinder.api.openstack.wsgi [None req-adcbbecd-dea3-433e-9384-1f7b507a3cd4 0252c53b868e4485be11e5ff1d0348a9 456937f085974143aa2f8a9355d92955 - - default default] http://10.0.0.150:8776/ returned with HTTP 300
2026-05-12 06:54:49.437 8 INFO cinder.api.openstack.wsgi [None req-adcbbecd-dea3-433e-9384-1f7b507a3cd4 0252c53b868e4485be11e5ff1d0348a9 456937f085974143aa2f8a9355d92955 - - default default] GET http://10.0.0.150:8776/
2026-05-12 06:54:49.437 7 INFO cinder.api.openstack.wsgi [None req-4e950a4f-c3cd-480a-bb21-bd80eff948db 0252c53b868e4485be11e5ff1d0348a9 456937f085974143aa2f8a9355d92955 - - default default] GET http://10.0.0.150:8776/
2026-05-12 06:54:49.438 8 INFO cinder.api.openstack.wsgi [None req-adcbbecd-dea3-433e-9384-1f7b507a3cd4 0252c53b868e4485be11e5ff1d0348a9 456937f085974143aa2f8a9355d92955 - - default default] http://10.0.0.150:8776/ returned with HTTP 300
2026-05-12 06:54:49.438 7 INFO cinder.api.openstack.wsgi [None req-4e950a4f-c3cd-480a-bb21-bd80eff948db 0252c53b868e4485be11e5ff1d0348a9 456937f085974143aa2f8a9355d92955 - - default default] http://10.0.0.150:8776/ returned with HTTP 300
2026-05-12 06:54:57.696 8 INFO cinder.api.openstack.wsgi [None req-fa923b30-7943-4870-9886-c97c620010cc 247b66c3937c45fd979eda5a5b952e25 9db9e1cc101c4a798ad9ee86679eaf63 - - default default] POST http://cinder-api.openstack.svc.cluster.local:8776/v3/9db9e1cc101c4a798ad9ee86679eaf63/volumes
2026-05-12 06:54:58.459 8 INFO cinder.api.v3.volumes [None req-fa923b30-7943-4870-9886-c97c620010cc 247b66c3937c45fd979eda5a5b952e25 9db9e1cc101c4a798ad9ee86679eaf63 - - default default] Create volume of 1 GB
2026-05-12 06:54:58.489 8 INFO cinder.volume.api [None req-fa923b30-7943-4870-9886-c97c620010cc 247b66c3937c45fd979eda5a5b952e25 9db9e1cc101c4a798ad9ee86679eaf63 - - default default] Availability Zones retrieved successfully. /var/lib/openstack/lib/python3.10/site-packages/taskflow/engines/action_engine/process_executor.py:17: DeprecationWarning: The asyncore module is deprecated and will be removed in Python 3.12. The recommended replacement is asyncio import asyncore
2026-05-12 06:54:58.844 8 INFO cinder.volume.api [None req-fa923b30-7943-4870-9886-c97c620010cc 247b66c3937c45fd979eda5a5b952e25 9db9e1cc101c4a798ad9ee86679eaf63 - - default default] Create volume request issued successfully.
2026-05-12 06:54:58.846 8 INFO cinder.api.openstack.wsgi [None req-fa923b30-7943-4870-9886-c97c620010cc 247b66c3937c45fd979eda5a5b952e25 9db9e1cc101c4a798ad9ee86679eaf63 - - default default] http://cinder-api.openstack.svc.cluster.local:8776/v3/9db9e1cc101c4a798ad9ee86679eaf63/volumes returned with HTTP 202 [pid: 8|app: 0|req: 353/703] 10.0.0.6 () {34 vars in 720 bytes} [Tue May 12 06:54:57 2026] POST /v3/9db9e1cc101c4a798ad9ee86679eaf63/volumes => generated 864 bytes in 1156 msecs (HTTP/1.1 202) 7 headers in 291 bytes (1 switches on core 0)
2026-05-12 06:54:58.872 7 INFO cinder.api.openstack.wsgi [None req-f6ba4a66-4cc7-4b72-9277-e0cbc4a1c1d1 247b66c3937c45fd979eda5a5b952e25 9db9e1cc101c4a798ad9ee86679eaf63 - - default default] GET http://cinder-api.openstack.svc.cluster.local:8776/v3/9db9e1cc101c4a798ad9ee86679eaf63/volumes/086f1877-bf32-4430-bdf8-59f289f7d102 /var/lib/openstack/lib/python3.10/site-packages/oslo_context/context.py:100: DeprecationWarning: Policy enforcement is depending on the value of is_admin. This key is deprecated. Please update your policy file to use the standard policy values. warnings.warn('Policy enforcement is depending on the value of '
2026-05-12 06:54:58.914 7 INFO cinder.volume.api [None req-f6ba4a66-4cc7-4b72-9277-e0cbc4a1c1d1 247b66c3937c45fd979eda5a5b952e25 9db9e1cc101c4a798ad9ee86679eaf63 - - default default] Volume info retrieved successfully.
2026-05-12 06:54:58.923 7 INFO cinder.api.openstack.wsgi [None req-f6ba4a66-4cc7-4b72-9277-e0cbc4a1c1d1 247b66c3937c45fd979eda5a5b952e25 9db9e1cc101c4a798ad9ee86679eaf63 - - default default] http://cinder-api.openstack.svc.cluster.local:8776/v3/9db9e1cc101c4a798ad9ee86679eaf63/volumes/086f1877-bf32-4430-bdf8-59f289f7d102 returned with HTTP 200 [pid: 7|app: 0|req: 351/704] 10.0.0.6 () {32 vars in 772 bytes} [Tue May 12 06:54:58 2026] GET /v3/9db9e1cc101c4a798ad9ee86679eaf63/volumes/086f1877-bf32-4430-bdf8-59f289f7d102 => generated 932 bytes in 57 msecs (HTTP/1.1 200) 7 headers in 285 bytes (1 switches on core 0)
2026-05-12 06:54:59.435 8 INFO cinder.api.openstack.wsgi [None req-fa923b30-7943-4870-9886-c97c620010cc 247b66c3937c45fd979eda5a5b952e25 9db9e1cc101c4a798ad9ee86679eaf63 - - default default] GET http://10.0.0.150:8776/
2026-05-12 06:54:59.436 8 INFO cinder.api.openstack.wsgi [None req-fa923b30-7943-4870-9886-c97c620010cc 247b66c3937c45fd979eda5a5b952e25 9db9e1cc101c4a798ad9ee86679eaf63 - - default default] http://10.0.0.150:8776/ returned with HTTP 300
2026-05-12 06:54:59.437 7 INFO cinder.api.openstack.wsgi [None req-f6ba4a66-4cc7-4b72-9277-e0cbc4a1c1d1 247b66c3937c45fd979eda5a5b952e25 9db9e1cc101c4a798ad9ee86679eaf63 - - default default] GET http://10.0.0.150:8776/
2026-05-12 06:54:59.438 7 INFO cinder.api.openstack.wsgi [None req-f6ba4a66-4cc7-4b72-9277-e0cbc4a1c1d1 247b66c3937c45fd979eda5a5b952e25 9db9e1cc101c4a798ad9ee86679eaf63 - - default default] http://10.0.0.150:8776/ returned with HTTP 300 /var/lib/openstack/lib/python3.10/site-packages/pycadf/identifier.py:71: UserWarning: Invalid uuid: cinderv3. To ensure interoperability, identifiers should be a valid uuid. warnings.warn(('Invalid uuid: %s. To ensure interoperability, '
2026-05-12 06:54:59.952 8 INFO cinder.api.openstack.wsgi [None req-1bd9898e-88e1-4d3b-aa53-3b90f2620036 247b66c3937c45fd979eda5a5b952e25 9db9e1cc101c4a798ad9ee86679eaf63 - - default default] GET http://cinder-api.openstack.svc.cluster.local:8776/v3/9db9e1cc101c4a798ad9ee86679eaf63/volumes/086f1877-bf32-4430-bdf8-59f289f7d102 /var/lib/openstack/lib/python3.10/site-packages/oslo_context/context.py:100: DeprecationWarning: Policy enforcement is depending on the value of is_admin. This key is deprecated. Please update your policy file to use the standard policy values. warnings.warn('Policy enforcement is depending on the value of '
2026-05-12 06:54:59.972 8 INFO cinder.volume.api [None req-1bd9898e-88e1-4d3b-aa53-3b90f2620036 247b66c3937c45fd979eda5a5b952e25 9db9e1cc101c4a798ad9ee86679eaf63 - - default default] Volume info retrieved successfully.
2026-05-12 06:54:59.980 8 INFO cinder.api.openstack.wsgi [None req-1bd9898e-88e1-4d3b-aa53-3b90f2620036 247b66c3937c45fd979eda5a5b952e25 9db9e1cc101c4a798ad9ee86679eaf63 - - default default] http://cinder-api.openstack.svc.cluster.local:8776/v3/9db9e1cc101c4a798ad9ee86679eaf63/volumes/086f1877-bf32-4430-bdf8-59f289f7d102 returned with HTTP 200 [pid: 8|app: 0|req: 355/707] 10.0.0.6 () {32 vars in 772 bytes} [Tue May 12 06:54:59 2026] GET /v3/9db9e1cc101c4a798ad9ee86679eaf63/volumes/086f1877-bf32-4430-bdf8-59f289f7d102 => generated 956 bytes in 38 msecs (HTTP/1.1 200) 7 headers in 285 bytes (1 switches on core 0) /var/lib/openstack/lib/python3.10/site-packages/pycadf/identifier.py:71: UserWarning: Invalid uuid: cinderv3. To ensure interoperability, identifiers should be a valid uuid. warnings.warn(('Invalid uuid: %s. To ensure interoperability, '
2026-05-12 06:55:01.017 7 INFO cinder.api.openstack.wsgi [None req-bd2cd748-e425-42d0-a4e1-f8f0053671b5 247b66c3937c45fd979eda5a5b952e25 9db9e1cc101c4a798ad9ee86679eaf63 - - default default] GET http://cinder-api.openstack.svc.cluster.local:8776/v3/9db9e1cc101c4a798ad9ee86679eaf63/volumes/086f1877-bf32-4430-bdf8-59f289f7d102 /var/lib/openstack/lib/python3.10/site-packages/oslo_context/context.py:100: DeprecationWarning: Policy enforcement is depending on the value of is_admin. This key is deprecated. Please update your policy file to use the standard policy values. warnings.warn('Policy enforcement is depending on the value of '
2026-05-12 06:55:01.031 7 INFO cinder.volume.api [None req-bd2cd748-e425-42d0-a4e1-f8f0053671b5 247b66c3937c45fd979eda5a5b952e25 9db9e1cc101c4a798ad9ee86679eaf63 - - default default] Volume info retrieved successfully.
2026-05-12 06:55:01.036 7 INFO cinder.api.openstack.wsgi [None req-bd2cd748-e425-42d0-a4e1-f8f0053671b5 247b66c3937c45fd979eda5a5b952e25 9db9e1cc101c4a798ad9ee86679eaf63 - - default default] http://cinder-api.openstack.svc.cluster.local:8776/v3/9db9e1cc101c4a798ad9ee86679eaf63/volumes/086f1877-bf32-4430-bdf8-59f289f7d102 returned with HTTP 200 [pid: 7|app: 0|req: 353/708] 10.0.0.6 () {32 vars in 772 bytes} [Tue May 12 06:55:01 2026] GET /v3/9db9e1cc101c4a798ad9ee86679eaf63/volumes/086f1877-bf32-4430-bdf8-59f289f7d102 => generated 956 bytes in 27 msecs (HTTP/1.1 200) 7 headers in 285 bytes (1 switches on core 0) /var/lib/openstack/lib/python3.10/site-packages/pycadf/identifier.py:71: UserWarning: Invalid uuid: cinderv3. To ensure interoperability, identifiers should be a valid uuid. warnings.warn(('Invalid uuid: %s. To ensure interoperability, '
2026-05-12 06:55:02.065 8 INFO cinder.api.openstack.wsgi [None req-e2d95dcf-174a-406c-acb5-0bc6c15077fe 247b66c3937c45fd979eda5a5b952e25 9db9e1cc101c4a798ad9ee86679eaf63 - - default default] GET http://cinder-api.openstack.svc.cluster.local:8776/v3/9db9e1cc101c4a798ad9ee86679eaf63/volumes/086f1877-bf32-4430-bdf8-59f289f7d102 /var/lib/openstack/lib/python3.10/site-packages/oslo_context/context.py:100: DeprecationWarning: Policy enforcement is depending on the value of is_admin. This key is deprecated. Please update your policy file to use the standard policy values. warnings.warn('Policy enforcement is depending on the value of '
2026-05-12 06:55:02.085 8 INFO cinder.volume.api [None req-e2d95dcf-174a-406c-acb5-0bc6c15077fe 247b66c3937c45fd979eda5a5b952e25 9db9e1cc101c4a798ad9ee86679eaf63 - - default default] Volume info retrieved successfully.
2026-05-12 06:55:02.091 8 INFO cinder.api.openstack.wsgi [None req-e2d95dcf-174a-406c-acb5-0bc6c15077fe 247b66c3937c45fd979eda5a5b952e25 9db9e1cc101c4a798ad9ee86679eaf63 - - default default] http://cinder-api.openstack.svc.cluster.local:8776/v3/9db9e1cc101c4a798ad9ee86679eaf63/volumes/086f1877-bf32-4430-bdf8-59f289f7d102 returned with HTTP 200 [pid: 8|app: 0|req: 356/709] 10.0.0.6 () {32 vars in 772 bytes} [Tue May 12 06:55:02 2026] GET /v3/9db9e1cc101c4a798ad9ee86679eaf63/volumes/086f1877-bf32-4430-bdf8-59f289f7d102 => generated 1340 bytes in 32 msecs (HTTP/1.1 200) 7 headers in 286 bytes (1 switches on core 0) /var/lib/openstack/lib/python3.10/site-packages/pycadf/identifier.py:71: UserWarning: Invalid uuid: cinderv3. To ensure interoperability, identifiers should be a valid uuid. warnings.warn(('Invalid uuid: %s. To ensure interoperability, '
2026-05-12 06:55:03.115 7 INFO cinder.api.openstack.wsgi [None req-6a74fbd3-109a-48c0-8193-7280538c4d85 247b66c3937c45fd979eda5a5b952e25 9db9e1cc101c4a798ad9ee86679eaf63 - - default default] GET http://cinder-api.openstack.svc.cluster.local:8776/v3/9db9e1cc101c4a798ad9ee86679eaf63/volumes/086f1877-bf32-4430-bdf8-59f289f7d102 /var/lib/openstack/lib/python3.10/site-packages/oslo_context/context.py:100: DeprecationWarning: Policy enforcement is depending on the value of is_admin. This key is deprecated. Please update your policy file to use the standard policy values. warnings.warn('Policy enforcement is depending on the value of '
2026-05-12 06:55:03.135 7 INFO cinder.volume.api [None req-6a74fbd3-109a-48c0-8193-7280538c4d85 247b66c3937c45fd979eda5a5b952e25 9db9e1cc101c4a798ad9ee86679eaf63 - - default default] Volume info retrieved successfully.
2026-05-12 06:55:03.143 7 INFO cinder.api.openstack.wsgi [None req-6a74fbd3-109a-48c0-8193-7280538c4d85 247b66c3937c45fd979eda5a5b952e25 9db9e1cc101c4a798ad9ee86679eaf63 - - default default] http://cinder-api.openstack.svc.cluster.local:8776/v3/9db9e1cc101c4a798ad9ee86679eaf63/volumes/086f1877-bf32-4430-bdf8-59f289f7d102 returned with HTTP 200 [pid: 7|app: 0|req: 354/710] 10.0.0.6 () {32 vars in 772 bytes} [Tue May 12 06:55:03 2026] GET /v3/9db9e1cc101c4a798ad9ee86679eaf63/volumes/086f1877-bf32-4430-bdf8-59f289f7d102 => generated 1341 bytes in 37 msecs (HTTP/1.1 200) 7 headers in 286 bytes (1 switches on core 0) /var/lib/openstack/lib/python3.10/site-packages/pycadf/identifier.py:71: UserWarning: Invalid uuid: cinderv3. To ensure interoperability, identifiers should be a valid uuid. warnings.warn(('Invalid uuid: %s. To ensure interoperability, '
2026-05-12 06:55:03.246 8 INFO cinder.api.openstack.wsgi [req-b997624f-0cd8-4593-9ac3-207c30aa2910 req-07ecf3a9-1d8e-4b97-aa96-222980cc1ff1 247b66c3937c45fd979eda5a5b952e25 9db9e1cc101c4a798ad9ee86679eaf63 - - default default] GET http://cinder-api.openstack.svc.cluster.local:8776/v3/9db9e1cc101c4a798ad9ee86679eaf63/volumes/086f1877-bf32-4430-bdf8-59f289f7d102 /var/lib/openstack/lib/python3.10/site-packages/oslo_context/context.py:100: DeprecationWarning: Policy enforcement is depending on the value of is_admin. This key is deprecated. Please update your policy file to use the standard policy values. warnings.warn('Policy enforcement is depending on the value of '
2026-05-12 06:55:03.262 8 INFO cinder.volume.api [req-b997624f-0cd8-4593-9ac3-207c30aa2910 req-07ecf3a9-1d8e-4b97-aa96-222980cc1ff1 247b66c3937c45fd979eda5a5b952e25 9db9e1cc101c4a798ad9ee86679eaf63 - - default default] Volume info retrieved successfully.
2026-05-12 06:55:03.271 8 INFO cinder.api.openstack.wsgi [req-b997624f-0cd8-4593-9ac3-207c30aa2910 req-07ecf3a9-1d8e-4b97-aa96-222980cc1ff1 247b66c3937c45fd979eda5a5b952e25 9db9e1cc101c4a798ad9ee86679eaf63 - - default default] http://cinder-api.openstack.svc.cluster.local:8776/v3/9db9e1cc101c4a798ad9ee86679eaf63/volumes/086f1877-bf32-4430-bdf8-59f289f7d102 returned with HTTP 200 [pid: 8|app: 0|req: 357/711] 10.0.0.115 () {34 vars in 1027 bytes} [Tue May 12 06:55:03 2026] GET /v3/9db9e1cc101c4a798ad9ee86679eaf63/volumes/086f1877-bf32-4430-bdf8-59f289f7d102 => generated 1341 bytes in 35 msecs (HTTP/1.1 200) 7 headers in 286 bytes (1 switches on core 0) /var/lib/openstack/lib/python3.10/site-packages/pycadf/identifier.py:71: UserWarning: Invalid uuid: cinderv3. To ensure interoperability, identifiers should be a valid uuid. warnings.warn(('Invalid uuid: %s. To ensure interoperability, '
2026-05-12 06:55:03.792 7 INFO cinder.api.openstack.wsgi [req-b997624f-0cd8-4593-9ac3-207c30aa2910 req-0c9ef9e3-3a43-44fd-86bc-f6290c07f4a0 247b66c3937c45fd979eda5a5b952e25 9db9e1cc101c4a798ad9ee86679eaf63 - - default default] GET http://cinder-api.openstack.svc.cluster.local:8776/v3/9db9e1cc101c4a798ad9ee86679eaf63/volumes/086f1877-bf32-4430-bdf8-59f289f7d102 /var/lib/openstack/lib/python3.10/site-packages/oslo_context/context.py:100: DeprecationWarning: Policy enforcement is depending on the value of is_admin. This key is deprecated. Please update your policy file to use the standard policy values. warnings.warn('Policy enforcement is depending on the value of '
2026-05-12 06:55:03.816 7 INFO cinder.volume.api [req-b997624f-0cd8-4593-9ac3-207c30aa2910 req-0c9ef9e3-3a43-44fd-86bc-f6290c07f4a0 247b66c3937c45fd979eda5a5b952e25 9db9e1cc101c4a798ad9ee86679eaf63 - - default default] Volume info retrieved successfully.
2026-05-12 06:55:03.823 7 INFO cinder.api.openstack.wsgi [req-b997624f-0cd8-4593-9ac3-207c30aa2910 req-0c9ef9e3-3a43-44fd-86bc-f6290c07f4a0 247b66c3937c45fd979eda5a5b952e25 9db9e1cc101c4a798ad9ee86679eaf63 - - default default] http://cinder-api.openstack.svc.cluster.local:8776/v3/9db9e1cc101c4a798ad9ee86679eaf63/volumes/086f1877-bf32-4430-bdf8-59f289f7d102 returned with HTTP 200 [pid: 7|app: 0|req: 355/712] 10.0.0.115 () {34 vars in 1027 bytes} [Tue May 12 06:55:03 2026] GET /v3/9db9e1cc101c4a798ad9ee86679eaf63/volumes/086f1877-bf32-4430-bdf8-59f289f7d102 => generated 1341 bytes in 39 msecs (HTTP/1.1 200) 7 headers in 286 bytes (1 switches on core 0)
2026-05-12 06:55:03.840 8 INFO cinder.api.openstack.wsgi [req-b997624f-0cd8-4593-9ac3-207c30aa2910 req-07ecf3a9-1d8e-4b97-aa96-222980cc1ff1 247b66c3937c45fd979eda5a5b952e25 9db9e1cc101c4a798ad9ee86679eaf63 - - default default] GET http://cinder-api.openstack.svc.cluster.local:8776/
2026-05-12 06:55:03.842 8 INFO cinder.api.openstack.wsgi [req-b997624f-0cd8-4593-9ac3-207c30aa2910 req-07ecf3a9-1d8e-4b97-aa96-222980cc1ff1 247b66c3937c45fd979eda5a5b952e25 9db9e1cc101c4a798ad9ee86679eaf63 - - default default] http://cinder-api.openstack.svc.cluster.local:8776/ returned with HTTP 300 [pid: 8|app: 0|req: 358/713] 10.0.0.115 () {32 vars in 828 bytes} [Tue May 12 06:55:03 2026] GET / => generated 411 bytes in 2 msecs (HTTP/1.1 300) 5 headers in 169 bytes (1 switches on core 0) /var/lib/openstack/lib/python3.10/site-packages/pycadf/identifier.py:71: UserWarning: Invalid uuid: cinderv3. To ensure interoperability, identifiers should be a valid uuid. warnings.warn(('Invalid uuid: %s. To ensure interoperability, '
2026-05-12 06:55:03.854 7 INFO cinder.api.openstack.wsgi [req-b997624f-0cd8-4593-9ac3-207c30aa2910 req-0ac6a177-80fb-4338-94f1-415613960309 247b66c3937c45fd979eda5a5b952e25 9db9e1cc101c4a798ad9ee86679eaf63 - - default default] POST http://cinder-api.openstack.svc.cluster.local:8776/v3/9db9e1cc101c4a798ad9ee86679eaf63/attachments /var/lib/openstack/lib/python3.10/site-packages/oslo_context/context.py:100: DeprecationWarning: Policy enforcement is depending on the value of is_admin. This key is deprecated. Please update your policy file to use the standard policy values. warnings.warn('Policy enforcement is depending on the value of '
2026-05-12 06:55:03.944 7 INFO cinder.api.openstack.wsgi [req-b997624f-0cd8-4593-9ac3-207c30aa2910 req-0ac6a177-80fb-4338-94f1-415613960309 247b66c3937c45fd979eda5a5b952e25 9db9e1cc101c4a798ad9ee86679eaf63 - - default default] http://cinder-api.openstack.svc.cluster.local:8776/v3/9db9e1cc101c4a798ad9ee86679eaf63/attachments returned with HTTP 200 [pid: 7|app: 0|req: 356/714] 10.0.0.115 () {40 vars in 1056 bytes} [Tue May 12 06:55:03 2026] POST /v3/9db9e1cc101c4a798ad9ee86679eaf63/attachments => generated 273 bytes in 99 msecs (HTTP/1.1 200) 7 headers in 286 bytes (1 switches on core 0)
2026-05-12 06:55:05.117 8 INFO cinder.api.openstack.wsgi [req-b997624f-0cd8-4593-9ac3-207c30aa2910 req-07ecf3a9-1d8e-4b97-aa96-222980cc1ff1 247b66c3937c45fd979eda5a5b952e25 9db9e1cc101c4a798ad9ee86679eaf63 - - default default] GET http://cinder-api.openstack.svc.cluster.local:8776/
2026-05-12 06:55:05.118 8 INFO cinder.api.openstack.wsgi [req-b997624f-0cd8-4593-9ac3-207c30aa2910 req-07ecf3a9-1d8e-4b97-aa96-222980cc1ff1 247b66c3937c45fd979eda5a5b952e25 9db9e1cc101c4a798ad9ee86679eaf63 - - default default] http://cinder-api.openstack.svc.cluster.local:8776/ returned with HTTP 300 [pid: 8|app: 0|req: 359/715] 199.204.45.89 () {32 vars in 838 bytes} [Tue May 12 06:55:05 2026] GET / => generated 411 bytes in 3 msecs (HTTP/1.1 300) 5 headers in 169 bytes (1 switches on core 0) /var/lib/openstack/lib/python3.10/site-packages/pycadf/identifier.py:71: UserWarning: Invalid uuid: cinderv3. To ensure interoperability, identifiers should be a valid uuid. warnings.warn(('Invalid uuid: %s. To ensure interoperability, '
2026-05-12 06:55:05.157 7 INFO cinder.api.openstack.wsgi [req-b997624f-0cd8-4593-9ac3-207c30aa2910 req-f4c021c2-61c0-4e0e-ae69-1f821ae9589c 247b66c3937c45fd979eda5a5b952e25 9db9e1cc101c4a798ad9ee86679eaf63 - - default default] GET http://cinder-api.openstack.svc.cluster.local:8776/v3/9db9e1cc101c4a798ad9ee86679eaf63/volumes/086f1877-bf32-4430-bdf8-59f289f7d102 /var/lib/openstack/lib/python3.10/site-packages/oslo_context/context.py:100: DeprecationWarning: Policy enforcement is depending on the value of is_admin. This key is deprecated. Please update your policy file to use the standard policy values. warnings.warn('Policy enforcement is depending on the value of '
2026-05-12 06:55:05.199 7 INFO cinder.volume.api [req-b997624f-0cd8-4593-9ac3-207c30aa2910 req-f4c021c2-61c0-4e0e-ae69-1f821ae9589c 247b66c3937c45fd979eda5a5b952e25 9db9e1cc101c4a798ad9ee86679eaf63 - - default default] Volume info retrieved successfully.
2026-05-12 06:55:05.206 7 INFO cinder.api.openstack.wsgi [req-b997624f-0cd8-4593-9ac3-207c30aa2910 req-f4c021c2-61c0-4e0e-ae69-1f821ae9589c 247b66c3937c45fd979eda5a5b952e25 9db9e1cc101c4a798ad9ee86679eaf63 - - default default] http://cinder-api.openstack.svc.cluster.local:8776/v3/9db9e1cc101c4a798ad9ee86679eaf63/volumes/086f1877-bf32-4430-bdf8-59f289f7d102 returned with HTTP 200 [pid: 7|app: 0|req: 357/716] 199.204.45.89 () {36 vars in 1071 bytes} [Tue May 12 06:55:05 2026] GET /v3/9db9e1cc101c4a798ad9ee86679eaf63/volumes/086f1877-bf32-4430-bdf8-59f289f7d102 => generated 1439 bytes in 55 msecs (HTTP/1.1 200) 7 headers in 287 bytes (1 switches on core 0) /var/lib/openstack/lib/python3.10/site-packages/pycadf/identifier.py:71: UserWarning: Invalid uuid: cinderv3. To ensure interoperability, identifiers should be a valid uuid. warnings.warn(('Invalid uuid: %s. To ensure interoperability, '
2026-05-12 06:55:06.815 8 INFO cinder.api.openstack.wsgi [req-b997624f-0cd8-4593-9ac3-207c30aa2910 req-db564026-7ff6-42ad-9daa-18163e421079 247b66c3937c45fd979eda5a5b952e25 9db9e1cc101c4a798ad9ee86679eaf63 - - default default] PUT http://cinder-api.openstack.svc.cluster.local:8776/v3/9db9e1cc101c4a798ad9ee86679eaf63/attachments/df5c61ea-8fff-479e-bf60-d6a2b45125a5 /var/lib/openstack/lib/python3.10/site-packages/oslo_context/context.py:100: DeprecationWarning: Policy enforcement is depending on the value of is_admin. This key is deprecated. Please update your policy file to use the standard policy values. warnings.warn('Policy enforcement is depending on the value of '
2026-05-12 06:55:07.484 8 INFO cinder.api.openstack.wsgi [req-b997624f-0cd8-4593-9ac3-207c30aa2910 req-db564026-7ff6-42ad-9daa-18163e421079 247b66c3937c45fd979eda5a5b952e25 9db9e1cc101c4a798ad9ee86679eaf63 - - default default] http://cinder-api.openstack.svc.cluster.local:8776/v3/9db9e1cc101c4a798ad9ee86679eaf63/attachments/df5c61ea-8fff-479e-bf60-d6a2b45125a5 returned with HTTP 200 [pid: 8|app: 0|req: 360/717] 199.204.45.89 () {40 vars in 1132 bytes} [Tue May 12 06:55:06 2026] PUT /v3/9db9e1cc101c4a798ad9ee86679eaf63/attachments/df5c61ea-8fff-479e-bf60-d6a2b45125a5 => generated 775 bytes in 683 msecs (HTTP/1.1 200) 7 headers in 286 bytes (1 switches on core 0) /var/lib/openstack/lib/python3.10/site-packages/pycadf/identifier.py:71: UserWarning: Invalid uuid: cinderv3. To ensure interoperability, identifiers should be a valid uuid. warnings.warn(('Invalid uuid: %s. To ensure interoperability, '
2026-05-12 06:55:07.525 7 INFO cinder.api.openstack.wsgi [req-b997624f-0cd8-4593-9ac3-207c30aa2910 req-faf62562-ce53-4a1a-b0dc-7e979f597320 247b66c3937c45fd979eda5a5b952e25 9db9e1cc101c4a798ad9ee86679eaf63 - - default default] POST http://cinder-api.openstack.svc.cluster.local:8776/v3/9db9e1cc101c4a798ad9ee86679eaf63/attachments/df5c61ea-8fff-479e-bf60-d6a2b45125a5/action /var/lib/openstack/lib/python3.10/site-packages/oslo_context/context.py:100: DeprecationWarning: Policy enforcement is depending on the value of is_admin. This key is deprecated. Please update your policy file to use the standard policy values. warnings.warn('Policy enforcement is depending on the value of '
2026-05-12 06:55:07.578 7 INFO cinder.api.openstack.wsgi [req-b997624f-0cd8-4593-9ac3-207c30aa2910 req-faf62562-ce53-4a1a-b0dc-7e979f597320 247b66c3937c45fd979eda5a5b952e25 9db9e1cc101c4a798ad9ee86679eaf63 - - default default] http://cinder-api.openstack.svc.cluster.local:8776/v3/9db9e1cc101c4a798ad9ee86679eaf63/attachments/df5c61ea-8fff-479e-bf60-d6a2b45125a5/action returned with HTTP 204 [pid: 7|app: 0|req: 358/718] 199.204.45.89 () {40 vars in 1146 bytes} [Tue May 12 06:55:07 2026] POST /v3/9db9e1cc101c4a798ad9ee86679eaf63/attachments/df5c61ea-8fff-479e-bf60-d6a2b45125a5/action => generated 0 bytes in 61 msecs (HTTP/1.1 204) 7 headers in 292 bytes (1 switches on core 0)
2026-05-12 06:55:09.435 8 INFO cinder.api.openstack.wsgi [req-b997624f-0cd8-4593-9ac3-207c30aa2910 req-db564026-7ff6-42ad-9daa-18163e421079 247b66c3937c45fd979eda5a5b952e25 9db9e1cc101c4a798ad9ee86679eaf63 - - default default] GET http://10.0.0.150:8776/
2026-05-12 06:55:09.436 8 INFO cinder.api.openstack.wsgi [req-b997624f-0cd8-4593-9ac3-207c30aa2910 req-db564026-7ff6-42ad-9daa-18163e421079 247b66c3937c45fd979eda5a5b952e25 9db9e1cc101c4a798ad9ee86679eaf63 - - default default] http://10.0.0.150:8776/ returned with HTTP 300
2026-05-12 06:55:09.437 7 INFO cinder.api.openstack.wsgi [req-b997624f-0cd8-4593-9ac3-207c30aa2910 req-faf62562-ce53-4a1a-b0dc-7e979f597320 247b66c3937c45fd979eda5a5b952e25 9db9e1cc101c4a798ad9ee86679eaf63 - - default default] GET http://10.0.0.150:8776/
2026-05-12 06:55:09.438 7 INFO cinder.api.openstack.wsgi [req-b997624f-0cd8-4593-9ac3-207c30aa2910 req-faf62562-ce53-4a1a-b0dc-7e979f597320 247b66c3937c45fd979eda5a5b952e25 9db9e1cc101c4a798ad9ee86679eaf63 - - default default] http://10.0.0.150:8776/ returned with HTTP 300 /var/lib/openstack/lib/python3.10/site-packages/pycadf/identifier.py:71: UserWarning: Invalid uuid: cinderv3. To ensure interoperability, identifiers should be a valid uuid. warnings.warn(('Invalid uuid: %s. To ensure interoperability, '
2026-05-12 06:55:09.819 8 INFO cinder.api.openstack.wsgi [req-6d4b5ab1-c061-4011-beb1-15215a9c3530 req-ba5dd22c-c983-4863-b4b1-91ff7ca6619d 8c92c8b591d843bc96f1865e52a60ac7 a42287dfd574422fa77a58e50b59acda - - default default] GET http://cinder-api.openstack.svc.cluster.local:8776/v3/a42287dfd574422fa77a58e50b59acda/attachments?instance_id=3dd1ec19-fb14-4856-89a4-ae709f4ced79
2026-05-12 06:55:09.830 8 INFO cinder.api.openstack.wsgi [req-6d4b5ab1-c061-4011-beb1-15215a9c3530 req-ba5dd22c-c983-4863-b4b1-91ff7ca6619d 8c92c8b591d843bc96f1865e52a60ac7 a42287dfd574422fa77a58e50b59acda - - default default] http://cinder-api.openstack.svc.cluster.local:8776/v3/a42287dfd574422fa77a58e50b59acda/attachments?instance_id=3dd1ec19-fb14-4856-89a4-ae709f4ced79 returned with HTTP 200 [pid: 8|app: 0|req: 362/721] 199.204.45.89 () {36 vars in 1102 bytes} [Tue May 12 06:55:09 2026] GET /v3/a42287dfd574422fa77a58e50b59acda/attachments?instance_id=3dd1ec19-fb14-4856-89a4-ae709f4ced79 => generated 19 bytes in 22 msecs (HTTP/1.1 200) 7 headers in 285 bytes (1 switches on core 0) /var/lib/openstack/lib/python3.10/site-packages/pycadf/identifier.py:71: UserWarning: Invalid uuid: cinderv3. To ensure interoperability, identifiers should be a valid uuid. warnings.warn(('Invalid uuid: %s. To ensure interoperability, '
2026-05-12 06:55:10.578 7 INFO cinder.api.openstack.wsgi [None req-d0d5e228-11ff-4963-b49f-2d721357bcea 0252c53b868e4485be11e5ff1d0348a9 456937f085974143aa2f8a9355d92955 - - default default] GET http://cinder-api.openstack.svc.cluster.local:8776/v3/456937f085974143aa2f8a9355d92955/os-services
2026-05-12 06:55:10.584 7 INFO cinder.api.openstack.wsgi [None req-d0d5e228-11ff-4963-b49f-2d721357bcea 0252c53b868e4485be11e5ff1d0348a9 456937f085974143aa2f8a9355d92955 - - default default] http://cinder-api.openstack.svc.cluster.local:8776/v3/456937f085974143aa2f8a9355d92955/os-services returned with HTTP 200 [pid: 7|app: 0|req: 360/722] 10.0.0.71 () {28 vars in 643 bytes} [Tue May 12 06:55:10 2026] GET /v3/456937f085974143aa2f8a9355d92955/os-services => generated 646 bytes in 183 msecs (HTTP/1.1 200) 7 headers in 285 bytes (1 switches on core 0)
2026-05-12 06:55:10.605 8 INFO cinder.api.openstack.wsgi [None req-f5bea5ce-cf5b-46b2-b417-9ccda099ef55 0252c53b868e4485be11e5ff1d0348a9 456937f085974143aa2f8a9355d92955 - - default default] GET http://cinder-api.openstack.svc.cluster.local:8776/v3/456937f085974143aa2f8a9355d92955/volumes/detail?all_tenants=true /var/lib/openstack/lib/python3.10/site-packages/oslo_context/context.py:100: DeprecationWarning: Policy enforcement is depending on the value of is_admin. This key is deprecated. Please update your policy file to use the standard policy values. warnings.warn('Policy enforcement is depending on the value of '
2026-05-12 06:55:10.617 8 INFO cinder.volume.api [None req-f5bea5ce-cf5b-46b2-b417-9ccda099ef55 0252c53b868e4485be11e5ff1d0348a9 456937f085974143aa2f8a9355d92955 - - default default] Get all volumes completed successfully. /var/lib/openstack/lib/python3.10/site-packages/oslo_context/context.py:100: DeprecationWarning: Policy enforcement is depending on the value of is_admin. This key is deprecated. Please update your policy file to use the standard policy values. warnings.warn('Policy enforcement is depending on the value of '
2026-05-12 06:55:10.622 8 INFO cinder.api.openstack.wsgi [None req-f5bea5ce-cf5b-46b2-b417-9ccda099ef55 0252c53b868e4485be11e5ff1d0348a9 456937f085974143aa2f8a9355d92955 - - default default] http://cinder-api.openstack.svc.cluster.local:8776/v3/456937f085974143aa2f8a9355d92955/volumes/detail?all_tenants=true returned with HTTP 200 [pid: 8|app: 0|req: 363/723] 10.0.0.71 () {28 vars in 682 bytes} [Tue May 12 06:55:10 2026] GET /v3/456937f085974143aa2f8a9355d92955/volumes/detail?all_tenants=true => generated 1807 bytes in 24 msecs (HTTP/1.1 200) 7 headers in 286 bytes (1 switches on core 0)
2026-05-12 06:55:10.699 7 INFO cinder.api.openstack.wsgi [None req-59d923d2-d91d-4eac-b4ac-9bab9531e3a2 0252c53b868e4485be11e5ff1d0348a9 456937f085974143aa2f8a9355d92955 - - default default] GET http://cinder-api.openstack.svc.cluster.local:8776/v3/456937f085974143aa2f8a9355d92955/os-quota-sets/456937f085974143aa2f8a9355d92955?usage=true
2026-05-12 06:55:10.723 7 INFO cinder.api.openstack.wsgi [None req-59d923d2-d91d-4eac-b4ac-9bab9531e3a2 0252c53b868e4485be11e5ff1d0348a9 456937f085974143aa2f8a9355d92955 - - default default] http://cinder-api.openstack.svc.cluster.local:8776/v3/456937f085974143aa2f8a9355d92955/os-quota-sets/456937f085974143aa2f8a9355d92955?usage=true returned with HTTP 200 [pid: 7|app: 0|req: 361/724] 10.0.0.71 () {28 vars in 734 bytes} [Tue May 12 06:55:10 2026] GET /v3/456937f085974143aa2f8a9355d92955/os-quota-sets/456937f085974143aa2f8a9355d92955?usage=true => generated 845 bytes in 38 msecs (HTTP/1.1 200) 7 headers in 285 bytes (1 switches on core 0) /var/lib/openstack/lib/python3.10/site-packages/pycadf/identifier.py:71: UserWarning: Invalid uuid: cinderv3. To ensure interoperability, identifiers should be a valid uuid. warnings.warn(('Invalid uuid: %s. To ensure interoperability, '
2026-05-12 06:55:10.740 8 INFO cinder.api.openstack.wsgi [None req-6605cc1f-3696-4ab3-bfb6-4147b56d7edf 0252c53b868e4485be11e5ff1d0348a9 456937f085974143aa2f8a9355d92955 - - default default] GET http://cinder-api.openstack.svc.cluster.local:8776/v3/456937f085974143aa2f8a9355d92955/os-quota-sets/6c51f5d0949a497c99193f1a6dd88700?usage=true
2026-05-12 06:55:10.763 8 INFO cinder.api.openstack.wsgi [None req-6605cc1f-3696-4ab3-bfb6-4147b56d7edf 0252c53b868e4485be11e5ff1d0348a9 456937f085974143aa2f8a9355d92955 - - default default] http://cinder-api.openstack.svc.cluster.local:8776/v3/456937f085974143aa2f8a9355d92955/os-quota-sets/6c51f5d0949a497c99193f1a6dd88700?usage=true returned with HTTP 200 [pid: 8|app: 0|req: 364/725] 10.0.0.71 () {28 vars in 734 bytes} [Tue May 12 06:55:10 2026] GET /v3/456937f085974143aa2f8a9355d92955/os-quota-sets/6c51f5d0949a497c99193f1a6dd88700?usage=true => generated 847 bytes in 36 msecs (HTTP/1.1 200) 7 headers in 285 bytes (1 switches on core 0)
2026-05-12 06:55:10.775 7 INFO cinder.api.openstack.wsgi [None req-6a0db076-8c39-44ec-b408-bce1fc19c5a3 0252c53b868e4485be11e5ff1d0348a9 456937f085974143aa2f8a9355d92955 - - default default] GET http://cinder-api.openstack.svc.cluster.local:8776/v3/456937f085974143aa2f8a9355d92955/os-quota-sets/9db9e1cc101c4a798ad9ee86679eaf63?usage=true
2026-05-12 06:55:10.799 7 INFO cinder.api.openstack.wsgi [None req-6a0db076-8c39-44ec-b408-bce1fc19c5a3 0252c53b868e4485be11e5ff1d0348a9 456937f085974143aa2f8a9355d92955 - - default default] http://cinder-api.openstack.svc.cluster.local:8776/v3/456937f085974143aa2f8a9355d92955/os-quota-sets/9db9e1cc101c4a798ad9ee86679eaf63?usage=true returned with HTTP 200 [pid: 7|app: 0|req: 362/726] 10.0.0.71 () {28 vars in 734 bytes} [Tue May 12 06:55:10 2026] GET /v3/456937f085974143aa2f8a9355d92955/os-quota-sets/9db9e1cc101c4a798ad9ee86679eaf63?usage=true => generated 847 bytes in 32 msecs (HTTP/1.1 200) 7 headers in 285 bytes (1 switches on core 0)
2026-05-12 06:55:10.813 8 INFO cinder.api.openstack.wsgi [None req-a7e86ab0-7e65-47ca-8702-4b7142d36103 0252c53b868e4485be11e5ff1d0348a9 456937f085974143aa2f8a9355d92955 - - default default] GET http://cinder-api.openstack.svc.cluster.local:8776/v3/456937f085974143aa2f8a9355d92955/os-quota-sets/a42287dfd574422fa77a58e50b59acda?usage=true
2026-05-12 06:55:10.849 8 INFO cinder.api.openstack.wsgi [None req-a7e86ab0-7e65-47ca-8702-4b7142d36103 0252c53b868e4485be11e5ff1d0348a9 456937f085974143aa2f8a9355d92955 - - default default] http://cinder-api.openstack.svc.cluster.local:8776/v3/456937f085974143aa2f8a9355d92955/os-quota-sets/a42287dfd574422fa77a58e50b59acda?usage=true returned with HTTP 200 [pid: 8|app: 0|req: 365/727] 10.0.0.71 () {28 vars in 734 bytes} [Tue May 12 06:55:10 2026] GET /v3/456937f085974143aa2f8a9355d92955/os-quota-sets/a42287dfd574422fa77a58e50b59acda?usage=true => generated 847 bytes in 46 msecs (HTTP/1.1 200) 7 headers in 285 bytes (1 switches on core 0)
2026-05-12 06:55:10.862 7 INFO cinder.api.openstack.wsgi [None req-22b69971-6097-482f-acd6-e97940434b0b 0252c53b868e4485be11e5ff1d0348a9 456937f085974143aa2f8a9355d92955 - - default default] GET http://cinder-api.openstack.svc.cluster.local:8776/v3/456937f085974143aa2f8a9355d92955/os-quota-sets/bccace2e3f834130a57ac16ab570b430?usage=true
2026-05-12 06:55:10.884 7 INFO cinder.api.openstack.wsgi [None req-22b69971-6097-482f-acd6-e97940434b0b 0252c53b868e4485be11e5ff1d0348a9 456937f085974143aa2f8a9355d92955 - - default default] http://cinder-api.openstack.svc.cluster.local:8776/v3/456937f085974143aa2f8a9355d92955/os-quota-sets/bccace2e3f834130a57ac16ab570b430?usage=true returned with HTTP 200 [pid: 7|app: 0|req: 363/728] 10.0.0.71 () {28 vars in 734 bytes} [Tue May 12 06:55:10 2026] GET /v3/456937f085974143aa2f8a9355d92955/os-quota-sets/bccace2e3f834130a57ac16ab570b430?usage=true => generated 847 bytes in 31 msecs (HTTP/1.1 200) 7 headers in 285 bytes (1 switches on core 0)
2026-05-12 06:55:10.901 8 INFO cinder.api.openstack.wsgi [None req-b1ffca6a-54e8-4bc6-8699-f97c00da0490 0252c53b868e4485be11e5ff1d0348a9 456937f085974143aa2f8a9355d92955 - - default default] GET http://cinder-api.openstack.svc.cluster.local:8776/v3/456937f085974143aa2f8a9355d92955/os-quota-sets/edecc86351f546ce8c77a8420016fecc?usage=true
2026-05-12 06:55:10.951 8 INFO cinder.api.openstack.wsgi [None req-b1ffca6a-54e8-4bc6-8699-f97c00da0490 0252c53b868e4485be11e5ff1d0348a9 456937f085974143aa2f8a9355d92955 - - default default] http://cinder-api.openstack.svc.cluster.local:8776/v3/456937f085974143aa2f8a9355d92955/os-quota-sets/edecc86351f546ce8c77a8420016fecc?usage=true returned with HTTP 200 [pid: 8|app: 0|req: 366/729] 10.0.0.71 () {28 vars in 734 bytes} [Tue May 12 06:55:10 2026] GET /v3/456937f085974143aa2f8a9355d92955/os-quota-sets/edecc86351f546ce8c77a8420016fecc?usage=true => generated 845 bytes in 63 msecs (HTTP/1.1 200) 7 headers in 285 bytes (1 switches on core 0)
2026-05-12 06:55:10.963 7 INFO cinder.api.openstack.wsgi [None req-a7a79bfb-b0e7-4fca-acf6-7acf928c42ee 0252c53b868e4485be11e5ff1d0348a9 456937f085974143aa2f8a9355d92955 - - default default] GET http://cinder-api.openstack.svc.cluster.local:8776/v3/456937f085974143aa2f8a9355d92955/snapshots?all_tenants=true
2026-05-12 06:55:10.972 7 INFO cinder.volume.api [None req-a7a79bfb-b0e7-4fca-acf6-7acf928c42ee 0252c53b868e4485be11e5ff1d0348a9 456937f085974143aa2f8a9355d92955 - - default default] Get all snapshots completed successfully.
2026-05-12 06:55:10.973 7 INFO cinder.api.openstack.wsgi [None req-a7a79bfb-b0e7-4fca-acf6-7acf928c42ee 0252c53b868e4485be11e5ff1d0348a9 456937f085974143aa2f8a9355d92955 - - default default] http://cinder-api.openstack.svc.cluster.local:8776/v3/456937f085974143aa2f8a9355d92955/snapshots?all_tenants=true returned with HTTP 200 [pid: 7|app: 0|req: 364/730] 10.0.0.71 () {28 vars in 672 bytes} [Tue May 12 06:55:10 2026] GET /v3/456937f085974143aa2f8a9355d92955/snapshots?all_tenants=true => generated 17 bytes in 18 msecs (HTTP/1.1 200) 7 headers in 284 bytes (1 switches on core 0)
2026-05-12 06:55:10.987 8 INFO cinder.api.openstack.wsgi [None req-ff6fcdad-30d6-4836-8e20-df910a332351 0252c53b868e4485be11e5ff1d0348a9 456937f085974143aa2f8a9355d92955 - - default default] GET http://cinder-api.openstack.svc.cluster.local:8776/v3/456937f085974143aa2f8a9355d92955/volumes/detail?all_tenants=true
2026-05-12 06:55:11.005 8 INFO cinder.volume.api [None req-ff6fcdad-30d6-4836-8e20-df910a332351 0252c53b868e4485be11e5ff1d0348a9 456937f085974143aa2f8a9355d92955 - - default default] Get all volumes completed successfully. /var/lib/openstack/lib/python3.10/site-packages/oslo_context/context.py:100: DeprecationWarning: Policy enforcement is depending on the value of is_admin. This key is deprecated. Please update your policy file to use the standard policy values. warnings.warn('Policy enforcement is depending on the value of '
2026-05-12 06:55:11.018 8 INFO cinder.api.openstack.wsgi [None req-ff6fcdad-30d6-4836-8e20-df910a332351 0252c53b868e4485be11e5ff1d0348a9 456937f085974143aa2f8a9355d92955 - - default default] http://cinder-api.openstack.svc.cluster.local:8776/v3/456937f085974143aa2f8a9355d92955/volumes/detail?all_tenants=true returned with HTTP 200 [pid: 8|app: 0|req: 367/731] 10.0.0.71 () {28 vars in 682 bytes} [Tue May 12 06:55:10 2026] GET /v3/456937f085974143aa2f8a9355d92955/volumes/detail?all_tenants=true => generated 1807 bytes in 39 msecs (HTTP/1.1 200) 7 headers in 286 bytes (1 switches on core 0)
2026-05-12 06:55:11.034 7 INFO cinder.api.openstack.wsgi [None req-aa28f14e-af2a-4edc-b075-e751e0bdb427 0252c53b868e4485be11e5ff1d0348a9 456937f085974143aa2f8a9355d92955 - - default default] GET http://cinder-api.openstack.svc.cluster.local:8776/v3/456937f085974143aa2f8a9355d92955/scheduler-stats/get_pools?detail=true
2026-05-12 06:55:11.058 7 INFO cinder.api.openstack.wsgi [None req-aa28f14e-af2a-4edc-b075-e751e0bdb427 0252c53b868e4485be11e5ff1d0348a9 456937f085974143aa2f8a9355d92955 - - default default] http://cinder-api.openstack.svc.cluster.local:8776/v3/456937f085974143aa2f8a9355d92955/scheduler-stats/get_pools?detail=true returned with HTTP 200 [pid: 7|app: 0|req: 365/732] 10.0.0.71 () {28 vars in 694 bytes} [Tue May 12 06:55:11 2026] GET /v3/456937f085974143aa2f8a9355d92955/scheduler-stats/get_pools?detail=true => generated 670 bytes in 36 msecs (HTTP/1.1 200) 7 headers in 285 bytes (1 switches on core 0) /var/lib/openstack/lib/python3.10/site-packages/pycadf/identifier.py:71: UserWarning: Invalid uuid: cinderv3. To ensure interoperability, identifiers should be a valid uuid. warnings.warn(('Invalid uuid: %s. To ensure interoperability, '
2026-05-12 06:55:16.109 8 INFO cinder.api.openstack.wsgi [req-83f7304d-640b-489d-afbd-84f5b49a3e17 req-dd8dff9c-9363-45af-9b9a-c0792f6953b2 247b66c3937c45fd979eda5a5b952e25 9db9e1cc101c4a798ad9ee86679eaf63 - - default default] DELETE http://cinder-api.openstack.svc.cluster.local:8776/v3/9db9e1cc101c4a798ad9ee86679eaf63/attachments/df5c61ea-8fff-479e-bf60-d6a2b45125a5 /var/lib/openstack/lib/python3.10/site-packages/oslo_context/context.py:100: DeprecationWarning: Policy enforcement is depending on the value of is_admin. This key is deprecated. Please update your policy file to use the standard policy values. warnings.warn('Policy enforcement is depending on the value of '
2026-05-12 06:55:16.203 8 INFO cinder.api.openstack.wsgi [req-83f7304d-640b-489d-afbd-84f5b49a3e17 req-dd8dff9c-9363-45af-9b9a-c0792f6953b2 247b66c3937c45fd979eda5a5b952e25 9db9e1cc101c4a798ad9ee86679eaf63 - - default default] http://cinder-api.openstack.svc.cluster.local:8776/v3/9db9e1cc101c4a798ad9ee86679eaf63/attachments/df5c61ea-8fff-479e-bf60-d6a2b45125a5 returned with HTTP 200 [pid: 8|app: 0|req: 368/733] 199.204.45.89 () {38 vars in 1101 bytes} [Tue May 12 06:55:16 2026] DELETE /v3/9db9e1cc101c4a798ad9ee86679eaf63/attachments/df5c61ea-8fff-479e-bf60-d6a2b45125a5 => generated 19 bytes in 110 msecs (HTTP/1.1 200) 7 headers in 285 bytes (1 switches on core 0)
2026-05-12 06:55:16.232 7 INFO cinder.api.openstack.wsgi [req-83f7304d-640b-489d-afbd-84f5b49a3e17 req-02ae916d-df53-4b1b-b400-44f405ff2b59 247b66c3937c45fd979eda5a5b952e25 9db9e1cc101c4a798ad9ee86679eaf63 - - default default] DELETE http://cinder-api.openstack.svc.cluster.local:8776/v3/9db9e1cc101c4a798ad9ee86679eaf63/volumes/086f1877-bf32-4430-bdf8-59f289f7d102
2026-05-12 06:55:16.233 7 INFO cinder.api.v3.volumes [req-83f7304d-640b-489d-afbd-84f5b49a3e17 req-02ae916d-df53-4b1b-b400-44f405ff2b59 247b66c3937c45fd979eda5a5b952e25 9db9e1cc101c4a798ad9ee86679eaf63 - - default default] Delete volume with id: 086f1877-bf32-4430-bdf8-59f289f7d102  /var/lib/openstack/lib/python3.10/site-packages/oslo_context/context.py:100: DeprecationWarning: Policy enforcement is depending on the value of is_admin. This key is deprecated. Please update your policy file to use the standard policy values. warnings.warn('Policy enforcement is depending on the value of '
2026-05-12 06:55:16.260 7 INFO cinder.volume.api [req-83f7304d-640b-489d-afbd-84f5b49a3e17 req-02ae916d-df53-4b1b-b400-44f405ff2b59 247b66c3937c45fd979eda5a5b952e25 9db9e1cc101c4a798ad9ee86679eaf63 - - default default] Volume info retrieved successfully.
2026-05-12 06:55:16.326 7 INFO cinder.volume.api [req-83f7304d-640b-489d-afbd-84f5b49a3e17 req-02ae916d-df53-4b1b-b400-44f405ff2b59 247b66c3937c45fd979eda5a5b952e25 9db9e1cc101c4a798ad9ee86679eaf63 - - default default] Delete volume request issued successfully.
2026-05-12 06:55:16.328 7 INFO cinder.api.openstack.wsgi [req-83f7304d-640b-489d-afbd-84f5b49a3e17 req-02ae916d-df53-4b1b-b400-44f405ff2b59 247b66c3937c45fd979eda5a5b952e25 9db9e1cc101c4a798ad9ee86679eaf63 - - default default] http://cinder-api.openstack.svc.cluster.local:8776/v3/9db9e1cc101c4a798ad9ee86679eaf63/volumes/086f1877-bf32-4430-bdf8-59f289f7d102 returned with HTTP 202 [pid: 7|app: 0|req: 366/734] 199.204.45.89 () {36 vars in 1052 bytes} [Tue May 12 06:55:16 2026] DELETE /v3/9db9e1cc101c4a798ad9ee86679eaf63/volumes/086f1877-bf32-4430-bdf8-59f289f7d102 => generated 0 bytes in 109 msecs (HTTP/1.1 202) 6 headers in 233 bytes (1 switches on core 0)
2026-05-12 06:55:19.436 8 INFO cinder.api.openstack.wsgi [req-83f7304d-640b-489d-afbd-84f5b49a3e17 req-dd8dff9c-9363-45af-9b9a-c0792f6953b2 247b66c3937c45fd979eda5a5b952e25 9db9e1cc101c4a798ad9ee86679eaf63 - - default default] GET http://10.0.0.150:8776/
2026-05-12 06:55:19.436 7 INFO cinder.api.openstack.wsgi [req-83f7304d-640b-489d-afbd-84f5b49a3e17 req-02ae916d-df53-4b1b-b400-44f405ff2b59 247b66c3937c45fd979eda5a5b952e25 9db9e1cc101c4a798ad9ee86679eaf63 - - default default] GET http://10.0.0.150:8776/
2026-05-12 06:55:19.438 8 INFO cinder.api.openstack.wsgi [req-83f7304d-640b-489d-afbd-84f5b49a3e17 req-dd8dff9c-9363-45af-9b9a-c0792f6953b2 247b66c3937c45fd979eda5a5b952e25 9db9e1cc101c4a798ad9ee86679eaf63 - - default default] http://10.0.0.150:8776/ returned with HTTP 300
2026-05-12 06:55:19.438 7 INFO cinder.api.openstack.wsgi [req-83f7304d-640b-489d-afbd-84f5b49a3e17 req-02ae916d-df53-4b1b-b400-44f405ff2b59 247b66c3937c45fd979eda5a5b952e25 9db9e1cc101c4a798ad9ee86679eaf63 - - default default] http://10.0.0.150:8776/ returned with HTTP 300
2026-05-12 06:55:29.435 7 INFO cinder.api.openstack.wsgi [req-83f7304d-640b-489d-afbd-84f5b49a3e17 req-02ae916d-df53-4b1b-b400-44f405ff2b59 247b66c3937c45fd979eda5a5b952e25 9db9e1cc101c4a798ad9ee86679eaf63 - - default default] GET http://10.0.0.150:8776/
2026-05-12 06:55:29.436 8 INFO cinder.api.openstack.wsgi [req-83f7304d-640b-489d-afbd-84f5b49a3e17 req-dd8dff9c-9363-45af-9b9a-c0792f6953b2 247b66c3937c45fd979eda5a5b952e25 9db9e1cc101c4a798ad9ee86679eaf63 - - default default] GET http://10.0.0.150:8776/
2026-05-12 06:55:29.436 7 INFO cinder.api.openstack.wsgi [req-83f7304d-640b-489d-afbd-84f5b49a3e17 req-02ae916d-df53-4b1b-b400-44f405ff2b59 247b66c3937c45fd979eda5a5b952e25 9db9e1cc101c4a798ad9ee86679eaf63 - - default default] http://10.0.0.150:8776/ returned with HTTP 300
2026-05-12 06:55:29.437 8 INFO cinder.api.openstack.wsgi [req-83f7304d-640b-489d-afbd-84f5b49a3e17 req-dd8dff9c-9363-45af-9b9a-c0792f6953b2 247b66c3937c45fd979eda5a5b952e25 9db9e1cc101c4a798ad9ee86679eaf63 - - default default] http://10.0.0.150:8776/ returned with HTTP 300
2026-05-12 06:55:39.436 8 INFO cinder.api.openstack.wsgi [req-83f7304d-640b-489d-afbd-84f5b49a3e17 req-dd8dff9c-9363-45af-9b9a-c0792f6953b2 247b66c3937c45fd979eda5a5b952e25 9db9e1cc101c4a798ad9ee86679eaf63 - - default default] GET http://10.0.0.150:8776/
2026-05-12 06:55:39.436 7 INFO cinder.api.openstack.wsgi [req-83f7304d-640b-489d-afbd-84f5b49a3e17 req-02ae916d-df53-4b1b-b400-44f405ff2b59 247b66c3937c45fd979eda5a5b952e25 9db9e1cc101c4a798ad9ee86679eaf63 - - default default] GET http://10.0.0.150:8776/
2026-05-12 06:55:39.437 8 INFO cinder.api.openstack.wsgi [req-83f7304d-640b-489d-afbd-84f5b49a3e17 req-dd8dff9c-9363-45af-9b9a-c0792f6953b2 247b66c3937c45fd979eda5a5b952e25 9db9e1cc101c4a798ad9ee86679eaf63 - - default default] http://10.0.0.150:8776/ returned with HTTP 300
