2026-05-05 18:06:49.577 10 WARNING neutron.scheduler.dhcp_agent_scheduler [None req-df595ba7-ed03-47d9-99f6-152a9503ec12 14f45be75ab04523970801c11fa642ed 1a15a9652b5a4d969f1a1969d8bdc773 - - default default] No more DHCP agents
2026-05-05 18:06:49.585 10 WARNING neutron.api.rpc.agentnotifiers.dhcp_rpc_agent_api [None req-df595ba7-ed03-47d9-99f6-152a9503ec12 14f45be75ab04523970801c11fa642ed 1a15a9652b5a4d969f1a1969d8bdc773 - - default default] Unable to schedule network dde78956-5133-4fbc-b96f-0e79182df2ce: no agents available; will retry on subsequent port and subnet creation events.
2026-05-05 18:06:49.700 10 INFO neutron.db.ovn_revision_numbers_db [None req-653d321b-278c-4896-981a-4b2ed22719f8 52121cd5c4344b2e9c190ef1b744a59d eb52c0ce0a194d2b9903e5bee93b0ae7 - - default default] Successfully bumped revision number for resource f0d2dbe3-eb04-4aec-a705-e54e1745f13f (type: networks) to 1
2026-05-05 18:06:49.719 10 INFO neutron.db.ovn_revision_numbers_db [None req-df595ba7-ed03-47d9-99f6-152a9503ec12 14f45be75ab04523970801c11fa642ed 1a15a9652b5a4d969f1a1969d8bdc773 - - default default] Successfully bumped revision number for resource 204b7aad-33e7-4347-b71e-2b469beae612 (type: ports) to 1
2026-05-05 18:06:49.747 10 INFO neutron.wsgi [None req-df595ba7-ed03-47d9-99f6-152a9503ec12 14f45be75ab04523970801c11fa642ed 1a15a9652b5a4d969f1a1969d8bdc773 - - default default] 10.0.0.54 "POST /v2.0/networks HTTP/1.1" status: 201 len: 831 time: 0.8248127
2026-05-05 18:06:49.757 10 WARNING neutron_lib.context [None req-2c403b10-0d82-4b29-a692-62aec3e2ff88 14f45be75ab04523970801c11fa642ed 1a15a9652b5a4d969f1a1969d8bdc773 - - default default] Method 'is_advsvc' is deprecated since 2023.2 release (neutron-lib 3.8.0) and will be removed once support for the old RBAC API policies will be removed from Neutron. Please use method 'is_service_role' instead.
2026-05-05 18:06:49.925 10 WARNING neutron.scheduler.dhcp_agent_scheduler [None req-653d321b-278c-4896-981a-4b2ed22719f8 52121cd5c4344b2e9c190ef1b744a59d eb52c0ce0a194d2b9903e5bee93b0ae7 - - default default] No more DHCP agents
2026-05-05 18:06:49.929 10 WARNING neutron.api.rpc.agentnotifiers.dhcp_rpc_agent_api [None req-653d321b-278c-4896-981a-4b2ed22719f8 52121cd5c4344b2e9c190ef1b744a59d eb52c0ce0a194d2b9903e5bee93b0ae7 - - default default] Unable to schedule network f0d2dbe3-eb04-4aec-a705-e54e1745f13f: no agents available; will retry on subsequent port and subnet creation events.
2026-05-05 18:06:50.067 10 INFO neutron.db.ovn_revision_numbers_db [None req-653d321b-278c-4896-981a-4b2ed22719f8 52121cd5c4344b2e9c190ef1b744a59d eb52c0ce0a194d2b9903e5bee93b0ae7 - - default default] Successfully bumped revision number for resource 542d9740-2df1-4e82-9b44-33236afb4779 (type: ports) to 1
2026-05-05 18:06:50.092 10 INFO neutron.wsgi [None req-653d321b-278c-4896-981a-4b2ed22719f8 52121cd5c4344b2e9c190ef1b744a59d eb52c0ce0a194d2b9903e5bee93b0ae7 - - default default] 10.0.0.54 "POST /v2.0/networks HTTP/1.1" status: 201 len: 843 time: 1.3213480
2026-05-05 18:06:50.102 9 WARNING neutron_lib.context [None req-5661d1dc-4368-42e2-a70a-ab8d5e1360c4 52121cd5c4344b2e9c190ef1b744a59d eb52c0ce0a194d2b9903e5bee93b0ae7 - - default default] Method 'is_advsvc' is deprecated since 2023.2 release (neutron-lib 3.8.0) and will be removed once support for the old RBAC API policies will be removed from Neutron. Please use method 'is_service_role' instead.
2026-05-05 18:06:50.123 10 WARNING neutron.scheduler.dhcp_agent_scheduler [None req-2c403b10-0d82-4b29-a692-62aec3e2ff88 14f45be75ab04523970801c11fa642ed 1a15a9652b5a4d969f1a1969d8bdc773 - - default default] No more DHCP agents
2026-05-05 18:06:50.125 10 WARNING neutron.api.rpc.agentnotifiers.dhcp_rpc_agent_api [None req-2c403b10-0d82-4b29-a692-62aec3e2ff88 14f45be75ab04523970801c11fa642ed 1a15a9652b5a4d969f1a1969d8bdc773 - - default default] Unable to schedule network dde78956-5133-4fbc-b96f-0e79182df2ce: no agents available; will retry on subsequent port and subnet creation events.
2026-05-05 18:06:50.215 10 INFO neutron.db.ovn_revision_numbers_db [None req-2c403b10-0d82-4b29-a692-62aec3e2ff88 14f45be75ab04523970801c11fa642ed 1a15a9652b5a4d969f1a1969d8bdc773 - - default default] Successfully bumped revision number for resource 7832d26d-555b-40ce-bc28-9f6ce7543803 (type: ports) to 1
2026-05-05 18:06:50.246 10 INFO neutron.wsgi [None req-2c403b10-0d82-4b29-a692-62aec3e2ff88 14f45be75ab04523970801c11fa642ed 1a15a9652b5a4d969f1a1969d8bdc773 - - default default] 10.0.0.54 "POST /v2.0/ports HTTP/1.1" status: 201 len: 942 time: 0.4938028 /var/lib/openstack/lib/python3.10/site-packages/pycadf/identifier.py:71: UserWarning: Invalid uuid: neutron. To ensure interoperability, identifiers should be a valid uuid. warnings.warn(('Invalid uuid: %s. To ensure interoperability, '
2026-05-05 18:06:50.257 10 WARNING neutron_lib.context [None req-2eb4bba8-460d-40d9-b652-d736766682df 14f45be75ab04523970801c11fa642ed 1a15a9652b5a4d969f1a1969d8bdc773 - - default default] Method 'is_advsvc' is deprecated since 2023.2 release (neutron-lib 3.8.0) and will be removed once support for the old RBAC API policies will be removed from Neutron. Please use method 'is_service_role' instead.
2026-05-05 18:06:50.351 9 WARNING neutron.scheduler.dhcp_agent_scheduler [None req-5661d1dc-4368-42e2-a70a-ab8d5e1360c4 52121cd5c4344b2e9c190ef1b744a59d eb52c0ce0a194d2b9903e5bee93b0ae7 - - default default] No more DHCP agents
2026-05-05 18:06:50.353 9 WARNING neutron.api.rpc.agentnotifiers.dhcp_rpc_agent_api [None req-5661d1dc-4368-42e2-a70a-ab8d5e1360c4 52121cd5c4344b2e9c190ef1b744a59d eb52c0ce0a194d2b9903e5bee93b0ae7 - - default default] Unable to schedule network f0d2dbe3-eb04-4aec-a705-e54e1745f13f: no agents available; will retry on subsequent port and subnet creation events.
2026-05-05 18:06:50.441 9 INFO neutron.db.ovn_revision_numbers_db [None req-5661d1dc-4368-42e2-a70a-ab8d5e1360c4 52121cd5c4344b2e9c190ef1b744a59d eb52c0ce0a194d2b9903e5bee93b0ae7 - - default default] Successfully bumped revision number for resource 12a55557-20c1-49fa-8b37-69c1c5f4b717 (type: ports) to 1
2026-05-05 18:06:50.457 10 INFO neutron.wsgi [None req-2eb4bba8-460d-40d9-b652-d736766682df 14f45be75ab04523970801c11fa642ed 1a15a9652b5a4d969f1a1969d8bdc773 - - default default] 10.0.0.54 "POST /v2.0/trunks HTTP/1.1" status: 201 len: 608 time: 0.2048848
2026-05-05 18:06:50.467 9 INFO neutron.wsgi [None req-5661d1dc-4368-42e2-a70a-ab8d5e1360c4 52121cd5c4344b2e9c190ef1b744a59d eb52c0ce0a194d2b9903e5bee93b0ae7 - - default default] 10.0.0.54 "POST /v2.0/ports HTTP/1.1" status: 201 len: 974 time: 0.3691308 /var/lib/openstack/lib/python3.10/site-packages/pycadf/identifier.py:71: UserWarning: Invalid uuid: neutron. To ensure interoperability, identifiers should be a valid uuid. warnings.warn(('Invalid uuid: %s. To ensure interoperability, '
2026-05-05 18:06:50.478 9 WARNING neutron_lib.context [None req-96276deb-8328-4c0e-9e56-29d42f0a8131 52121cd5c4344b2e9c190ef1b744a59d eb52c0ce0a194d2b9903e5bee93b0ae7 - - default default] Method 'is_advsvc' is deprecated since 2023.2 release (neutron-lib 3.8.0) and will be removed once support for the old RBAC API policies will be removed from Neutron. Please use method 'is_service_role' instead.
2026-05-05 18:06:50.493 10 INFO neutron.wsgi [None req-3ca954e8-bc88-4d3b-b33e-ddb21fd6f477 14f45be75ab04523970801c11fa642ed 1a15a9652b5a4d969f1a1969d8bdc773 - - default default] 10.0.0.54 "PUT /v2.0/trunks/3d607491-2d33-4be1-a201-545bf1bc2bf9/tags HTTP/1.1" status: 200 len: 210 time: 0.0300777
2026-05-05 18:06:50.526 10 INFO neutron.wsgi [None req-f2c0e2d8-d8ef-4b14-aea1-94c84f0f53c2 14f45be75ab04523970801c11fa642ed 1a15a9652b5a4d969f1a1969d8bdc773 - - default default] 10.0.0.54 "PUT /v2.0/trunks/884eff51-e19a-4aa1-97ba-a7d50f4f7544/tags HTTP/1.1" status: 200 len: 218 time: 0.0270753
2026-05-05 18:06:50.559 9 INFO neutron.db.segments_db [None req-96276deb-8328-4c0e-9e56-29d42f0a8131 52121cd5c4344b2e9c190ef1b744a59d eb52c0ce0a194d2b9903e5bee93b0ae7 - - default default] Added segment b8a1601d-a71f-4eca-8d4a-547ed7eb98ca of type geneve for network 4c09def1-d98c-41df-bed5-b8cfd6dd10ba
2026-05-05 18:06:50.563 10 INFO neutron.wsgi [None req-b1fa634c-af38-405b-90ee-ec4d6f9acab3 14f45be75ab04523970801c11fa642ed 1a15a9652b5a4d969f1a1969d8bdc773 - - default default] 10.0.0.54 "PUT /v2.0/trunks/cef4a608-8ac3-4cb4-a3c3-1ec1d4e67f82/tags HTTP/1.1" status: 200 len: 227 time: 0.0341871
2026-05-05 18:06:50.602 10 INFO neutron.wsgi [None req-c778577a-39b6-41d3-8488-41c08766946e 14f45be75ab04523970801c11fa642ed 1a15a9652b5a4d969f1a1969d8bdc773 - - default default] 10.0.0.54 "PUT /v2.0/trunks/e2bafd82-a5ae-4449-ba4d-d70a92afa367/tags HTTP/1.1" status: 200 len: 212 time: 0.0333929
2026-05-05 18:06:50.632 10 INFO neutron.wsgi [None req-4823fe2e-57bb-493d-90df-84c4c6617ed6 14f45be75ab04523970801c11fa642ed 1a15a9652b5a4d969f1a1969d8bdc773 - - default default] 10.0.0.54 "GET /v2.0/trunks?tags=red HTTP/1.1" status: 200 len: 1447 time: 0.0224855
2026-05-05 18:06:50.659 10 INFO neutron.wsgi [None req-f1fabd9f-19a8-4d13-9a69-801cb5b58729 14f45be75ab04523970801c11fa642ed 1a15a9652b5a4d969f1a1969d8bdc773 - - default default] 10.0.0.54 "GET /v2.0/trunks?tags=red%2Cblue HTTP/1.1" status: 200 len: 1041 time: 0.0230126
2026-05-05 18:06:50.681 9 INFO neutron.db.ovn_revision_numbers_db [None req-96276deb-8328-4c0e-9e56-29d42f0a8131 52121cd5c4344b2e9c190ef1b744a59d eb52c0ce0a194d2b9903e5bee93b0ae7 - - default default] Successfully bumped revision number for resource 4c09def1-d98c-41df-bed5-b8cfd6dd10ba (type: networks) to 1
2026-05-05 18:06:50.684 10 INFO neutron.wsgi [None req-14267823-50d7-4bb6-8f49-3a6307aa701e 14f45be75ab04523970801c11fa642ed 1a15a9652b5a4d969f1a1969d8bdc773 - - default default] 10.0.0.54 "GET /v2.0/trunks?tags-any=blue HTTP/1.1" status: 200 len: 1041 time: 0.0194211
2026-05-05 18:06:50.707 10 INFO neutron.wsgi [None req-92f73297-0d9f-4e86-a731-0880ceece2ee 14f45be75ab04523970801c11fa642ed 1a15a9652b5a4d969f1a1969d8bdc773 - - default default] 10.0.0.54 "GET /v2.0/trunks?tags-any=red%2Cblue HTTP/1.1" status: 200 len: 1447 time: 0.0174549
2026-05-05 18:06:50.732 10 INFO neutron.wsgi [None req-1bfc4556-471e-497d-859f-d140546d22a0 14f45be75ab04523970801c11fa642ed 1a15a9652b5a4d969f1a1969d8bdc773 - - default default] 10.0.0.54 "GET /v2.0/trunks?not-tags=red HTTP/1.1" status: 200 len: 1013 time: 0.0202978
2026-05-05 18:06:50.758 10 INFO neutron.wsgi [None req-50ed4890-261b-41f5-9b73-e9961bd6b396 14f45be75ab04523970801c11fa642ed 1a15a9652b5a4d969f1a1969d8bdc773 - - default default] 10.0.0.54 "GET /v2.0/trunks?not-tags=red%2Cblue HTTP/1.1" status: 200 len: 1419 time: 0.0207722
2026-05-05 18:06:50.786 10 INFO neutron.wsgi [None req-b2de3b67-da3d-41cb-b6d7-59ff36cbbab4 14f45be75ab04523970801c11fa642ed 1a15a9652b5a4d969f1a1969d8bdc773 - - default default] 10.0.0.54 "GET /v2.0/trunks?not-tags-any=blue HTTP/1.1" status: 200 len: 1419 time: 0.0227499
2026-05-05 18:06:50.810 10 INFO neutron.wsgi [None req-32f7e8a8-59d1-46ac-b737-88b823ac5865 14f45be75ab04523970801c11fa642ed 1a15a9652b5a4d969f1a1969d8bdc773 - - default default] 10.0.0.54 "GET /v2.0/trunks?not-tags-any=red%2Cblue HTTP/1.1" status: 200 len: 1013 time: 0.0194848
2026-05-05 18:06:50.837 10 INFO neutron.wsgi [None req-cac47481-d77c-4b84-9f4c-35e1ba9c96c3 14f45be75ab04523970801c11fa642ed 1a15a9652b5a4d969f1a1969d8bdc773 - - default default] 10.0.0.54 "GET /v2.0/trunks/3d607491-2d33-4be1-a201-545bf1bc2bf9 HTTP/1.1" status: 200 len: 608 time: 0.0182559
2026-05-05 18:06:50.854 9 WARNING neutron.scheduler.dhcp_agent_scheduler [None req-96276deb-8328-4c0e-9e56-29d42f0a8131 52121cd5c4344b2e9c190ef1b744a59d eb52c0ce0a194d2b9903e5bee93b0ae7 - - default default] No more DHCP agents
2026-05-05 18:06:50.857 9 WARNING neutron.api.rpc.agentnotifiers.dhcp_rpc_agent_api [None req-96276deb-8328-4c0e-9e56-29d42f0a8131 52121cd5c4344b2e9c190ef1b744a59d eb52c0ce0a194d2b9903e5bee93b0ae7 - - default default] Unable to schedule network 4c09def1-d98c-41df-bed5-b8cfd6dd10ba: no agents available; will retry on subsequent port and subnet creation events.
2026-05-05 18:06:50.933 10 INFO neutron.wsgi [None req-fefd4070-ee24-4228-8aae-fe94bbfc5ee2 14f45be75ab04523970801c11fa642ed 1a15a9652b5a4d969f1a1969d8bdc773 - - default default] 10.0.0.54 "GET /v2.0/ports/e31a7aa8-7dd6-46b0-aa9d-d6c060405a0d HTTP/1.1" status: 200 len: 1020 time: 0.0911086
2026-05-05 18:06:50.937 9 INFO neutron.db.ovn_revision_numbers_db [None req-96276deb-8328-4c0e-9e56-29d42f0a8131 52121cd5c4344b2e9c190ef1b744a59d eb52c0ce0a194d2b9903e5bee93b0ae7 - - default default] Successfully bumped revision number for resource f82f1ca0-64be-4b27-b0d5-c1b99b5c1d3d (type: ports) to 1
2026-05-05 18:06:50.957 9 INFO neutron.wsgi [None req-96276deb-8328-4c0e-9e56-29d42f0a8131 52121cd5c4344b2e9c190ef1b744a59d eb52c0ce0a194d2b9903e5bee93b0ae7 - - default default] 10.0.0.54 "POST /v2.0/networks HTTP/1.1" status: 201 len: 830 time: 0.4844103
2026-05-05 18:06:50.969 10 WARNING neutron_lib.context [None req-7fcb9afe-55b2-433a-a9b1-dce41588f607 52121cd5c4344b2e9c190ef1b744a59d eb52c0ce0a194d2b9903e5bee93b0ae7 - - default default] Method 'is_advsvc' is deprecated since 2023.2 release (neutron-lib 3.8.0) and will be removed once support for the old RBAC API policies will be removed from Neutron. Please use method 'is_service_role' instead.
2026-05-05 18:06:51.036 10 INFO neutron.wsgi [None req-33ed9edd-d439-4d13-8116-f126c71b846d 14f45be75ab04523970801c11fa642ed 1a15a9652b5a4d969f1a1969d8bdc773 - - default default] 10.0.0.54 "DELETE /v2.0/trunks/3d607491-2d33-4be1-a201-545bf1bc2bf9 HTTP/1.1" status: 204 len: 168 time: 0.0975277
2026-05-05 18:06:51.066 10 INFO neutron.wsgi [None req-fa53107b-f8d6-4c4e-8dee-4268ca151df3 14f45be75ab04523970801c11fa642ed 1a15a9652b5a4d969f1a1969d8bdc773 - - default default] 10.0.0.54 "GET /v2.0/trunks/884eff51-e19a-4aa1-97ba-a7d50f4f7544 HTTP/1.1" status: 200 len: 616 time: 0.0255501
2026-05-05 18:06:51.181 10 INFO neutron.wsgi [None req-a44ff9df-88e3-49bc-a800-025008bfa83a 14f45be75ab04523970801c11fa642ed 1a15a9652b5a4d969f1a1969d8bdc773 - - default default] 10.0.0.54 "GET /v2.0/ports/6cb601a5-7571-44ee-9683-3dc6d408110d HTTP/1.1" status: 200 len: 1020 time: 0.1079326
2026-05-05 18:06:51.254 10 WARNING neutron.scheduler.dhcp_agent_scheduler [None req-7fcb9afe-55b2-433a-a9b1-dce41588f607 52121cd5c4344b2e9c190ef1b744a59d eb52c0ce0a194d2b9903e5bee93b0ae7 - - default default] No more DHCP agents
2026-05-05 18:06:51.258 10 WARNING neutron.api.rpc.agentnotifiers.dhcp_rpc_agent_api [None req-7fcb9afe-55b2-433a-a9b1-dce41588f607 52121cd5c4344b2e9c190ef1b744a59d eb52c0ce0a194d2b9903e5bee93b0ae7 - - default default] Unable to schedule network 4c09def1-d98c-41df-bed5-b8cfd6dd10ba: no agents available; will retry on subsequent port and subnet creation events.
2026-05-05 18:06:51.291 10 INFO neutron.wsgi [None req-ffde1c84-b169-4b24-b9b8-48f184c00d91 14f45be75ab04523970801c11fa642ed 1a15a9652b5a4d969f1a1969d8bdc773 - - default default] 10.0.0.54 "DELETE /v2.0/trunks/884eff51-e19a-4aa1-97ba-a7d50f4f7544 HTTP/1.1" status: 204 len: 168 time: 0.1041288
2026-05-05 18:06:51.316 9 INFO neutron.wsgi [None req-156faf18-4a16-4585-a87f-9a444d628218 14f45be75ab04523970801c11fa642ed 1a15a9652b5a4d969f1a1969d8bdc773 - - default default] 10.0.0.54 "GET /v2.0/trunks/cef4a608-8ac3-4cb4-a3c3-1ec1d4e67f82 HTTP/1.1" status: 200 len: 625 time: 0.0211465
2026-05-05 18:06:51.430 9 INFO neutron.wsgi [None req-16e1d599-0282-47be-8618-8904f1d2609b 14f45be75ab04523970801c11fa642ed 1a15a9652b5a4d969f1a1969d8bdc773 - - default default] 10.0.0.54 "GET /v2.0/ports/c8d2c24b-8fae-4668-91d3-4aa94c897a7d HTTP/1.1" status: 200 len: 1020 time: 0.1089625
2026-05-05 18:06:51.526 9 INFO neutron.wsgi [None req-b213ff75-cbe9-44b4-851c-f3015930ff5a 14f45be75ab04523970801c11fa642ed 1a15a9652b5a4d969f1a1969d8bdc773 - - default default] 10.0.0.54 "DELETE /v2.0/trunks/cef4a608-8ac3-4cb4-a3c3-1ec1d4e67f82 HTTP/1.1" status: 204 len: 168 time: 0.0888703
2026-05-05 18:06:51.551 9 INFO neutron.wsgi [None req-3379562c-0e75-4e06-94d4-620caeb47e1f 14f45be75ab04523970801c11fa642ed 1a15a9652b5a4d969f1a1969d8bdc773 - - default default] 10.0.0.54 "GET /v2.0/trunks/e2bafd82-a5ae-4449-ba4d-d70a92afa367 HTTP/1.1" status: 200 len: 610 time: 0.0198896
2026-05-05 18:06:51.653 9 INFO neutron.wsgi [None req-6a11c01d-be19-4a54-9285-7fecf67fb1da 14f45be75ab04523970801c11fa642ed 1a15a9652b5a4d969f1a1969d8bdc773 - - default default] 10.0.0.54 "GET /v2.0/ports/0ffda9bf-a0e8-470d-bd0b-fb238513285a HTTP/1.1" status: 200 len: 1020 time: 0.0975695
2026-05-05 18:06:51.737 10 INFO neutron.db.ovn_revision_numbers_db [None req-7fcb9afe-55b2-433a-a9b1-dce41588f607 52121cd5c4344b2e9c190ef1b744a59d eb52c0ce0a194d2b9903e5bee93b0ae7 - - default default] Successfully bumped revision number for resource f82f1ca0-64be-4b27-b0d5-c1b99b5c1d3d (type: ports) to 2
2026-05-05 18:06:51.763 9 INFO neutron.wsgi [None req-f72093b7-c9e1-4305-83f5-d1cc504e3d29 14f45be75ab04523970801c11fa642ed 1a15a9652b5a4d969f1a1969d8bdc773 - - default default] 10.0.0.54 "DELETE /v2.0/trunks/e2bafd82-a5ae-4449-ba4d-d70a92afa367 HTTP/1.1" status: 204 len: 168 time: 0.1046896
2026-05-05 18:06:51.772 10 INFO neutron.db.ovn_revision_numbers_db [None req-7fcb9afe-55b2-433a-a9b1-dce41588f607 52121cd5c4344b2e9c190ef1b744a59d eb52c0ce0a194d2b9903e5bee93b0ae7 - - default default] Successfully bumped revision number for resource 34ff7c5e-ed47-4932-aaf6-36c99fd317c7 (type: subnets) to 0
2026-05-05 18:06:51.788 10 INFO neutron.wsgi [None req-7fcb9afe-55b2-433a-a9b1-dce41588f607 52121cd5c4344b2e9c190ef1b744a59d eb52c0ce0a194d2b9903e5bee93b0ae7 - - default default] 10.0.0.54 "POST /v2.0/subnets HTTP/1.1" status: 201 len: 801 time: 0.8252895
2026-05-05 18:06:51.788 9 INFO neutron.wsgi [None req-46c67f6e-60d8-4168-a988-7035bfa3805b 14f45be75ab04523970801c11fa642ed 1a15a9652b5a4d969f1a1969d8bdc773 - - default default] 10.0.0.54 "GET /v2.0/trunks/629f8116-896a-4668-aa44-05d90c5e31e6 HTTP/1.1" status: 200 len: 603 time: 0.0201659
2026-05-05 18:06:51.799 9 WARNING neutron_lib.context [None req-2d821893-a105-4bb5-929d-de6fbf35ff71 52121cd5c4344b2e9c190ef1b744a59d eb52c0ce0a194d2b9903e5bee93b0ae7 - - default default] Method 'is_advsvc' is deprecated since 2023.2 release (neutron-lib 3.8.0) and will be removed once support for the old RBAC API policies will be removed from Neutron. Please use method 'is_service_role' instead.
2026-05-05 18:06:51.885 10 INFO neutron.wsgi [None req-3946affa-0341-46de-904d-16260a194459 14f45be75ab04523970801c11fa642ed 1a15a9652b5a4d969f1a1969d8bdc773 - - default default] 10.0.0.54 "GET /v2.0/ports/7832d26d-555b-40ce-bc28-9f6ce7543803 HTTP/1.1" status: 200 len: 1020 time: 0.0905452
2026-05-05 18:06:51.968 10 INFO neutron.wsgi [None req-233aa9d6-b5e6-4b95-9d7f-a2595477971d 14f45be75ab04523970801c11fa642ed 1a15a9652b5a4d969f1a1969d8bdc773 - - default default] 10.0.0.54 "DELETE /v2.0/trunks/629f8116-896a-4668-aa44-05d90c5e31e6 HTTP/1.1" status: 204 len: 168 time: 0.0770769
2026-05-05 18:06:51.999 9 INFO neutron.wsgi [-] 10.0.0.150 "GET / HTTP/1.1" status: 200 len: 245 time: 0.0018563
2026-05-05 18:06:52.000 9 INFO neutron.wsgi [-] 10.0.0.150 "GET / HTTP/1.1" status: 200 len: 245 time: 0.0009480
2026-05-05 18:06:52.183 9 WARNING neutron.scheduler.dhcp_agent_scheduler [None req-2d821893-a105-4bb5-929d-de6fbf35ff71 52121cd5c4344b2e9c190ef1b744a59d eb52c0ce0a194d2b9903e5bee93b0ae7 - - default default] No more DHCP agents
2026-05-05 18:06:52.186 9 WARNING neutron.api.rpc.agentnotifiers.dhcp_rpc_agent_api [None req-2d821893-a105-4bb5-929d-de6fbf35ff71 52121cd5c4344b2e9c190ef1b744a59d eb52c0ce0a194d2b9903e5bee93b0ae7 - - default default] Unable to schedule network 4c09def1-d98c-41df-bed5-b8cfd6dd10ba: no agents available; will retry on subsequent port and subnet creation events.
2026-05-05 18:06:52.270 10 INFO neutron.wsgi [None req-82ff781b-cd4e-41fe-8b64-258f92d7d603 14f45be75ab04523970801c11fa642ed 1a15a9652b5a4d969f1a1969d8bdc773 - - default default] 10.0.0.54 "DELETE /v2.0/ports/e31a7aa8-7dd6-46b0-aa9d-d6c060405a0d HTTP/1.1" status: 204 len: 168 time: 0.2960563
2026-05-05 18:06:52.411 9 INFO neutron.db.ovn_revision_numbers_db [None req-2d821893-a105-4bb5-929d-de6fbf35ff71 52121cd5c4344b2e9c190ef1b744a59d eb52c0ce0a194d2b9903e5bee93b0ae7 - - default default] Successfully bumped revision number for resource 2bb43380-da6d-4940-b680-7031bebe599a (type: ports) to 1
2026-05-05 18:06:52.441 9 INFO neutron.wsgi [None req-2d821893-a105-4bb5-929d-de6fbf35ff71 52121cd5c4344b2e9c190ef1b744a59d eb52c0ce0a194d2b9903e5bee93b0ae7 - - default default] 10.0.0.54 "POST /v2.0/ports HTTP/1.1" status: 201 len: 1153 time: 0.6480024 /var/lib/openstack/lib/python3.10/site-packages/pycadf/identifier.py:71: UserWarning: Invalid uuid: neutron. To ensure interoperability, identifiers should be a valid uuid. warnings.warn(('Invalid uuid: %s. To ensure interoperability, '
2026-05-05 18:06:52.553 10 INFO neutron.wsgi [None req-73ca8311-5f78-4872-82cb-b68fd3f131b6 14f45be75ab04523970801c11fa642ed 1a15a9652b5a4d969f1a1969d8bdc773 - - default default] 10.0.0.54 "DELETE /v2.0/ports/6cb601a5-7571-44ee-9683-3dc6d408110d HTTP/1.1" status: 204 len: 168 time: 0.2769041
2026-05-05 18:06:52.911 9 INFO neutron.wsgi [None req-004911d3-d2f8-4ae2-8872-69b12773c919 14f45be75ab04523970801c11fa642ed 1a15a9652b5a4d969f1a1969d8bdc773 - - default default] 10.0.0.54 "DELETE /v2.0/ports/c8d2c24b-8fae-4668-91d3-4aa94c897a7d HTTP/1.1" status: 204 len: 168 time: 0.3504803
2026-05-05 18:06:52.957 9 INFO neutron.wsgi [None req-9f398c6b-69e5-48c1-b0fe-c6cd9f5040d9 52121cd5c4344b2e9c190ef1b744a59d eb52c0ce0a194d2b9903e5bee93b0ae7 - - default default] 10.0.0.54 "DELETE /v2.0/ports/2bb43380-da6d-4940-b680-7031bebe599a HTTP/1.1" status: 204 len: 168 time: 0.5109773
2026-05-05 18:06:52.979 9 INFO neutron.pecan_wsgi.hooks.translation [None req-f4cf231f-0a9f-4199-bde6-518c09f90185 52121cd5c4344b2e9c190ef1b744a59d eb52c0ce0a194d2b9903e5bee93b0ae7 - - default default] DELETE failed (client error): The resource could not be found.
2026-05-05 18:06:52.982 9 INFO neutron.wsgi [None req-f4cf231f-0a9f-4199-bde6-518c09f90185 52121cd5c4344b2e9c190ef1b744a59d eb52c0ce0a194d2b9903e5bee93b0ae7 - - default default] 10.0.0.54 "DELETE /v2.0/ports/2bb43380-da6d-4940-b680-7031bebe599a HTTP/1.1" status: 404 len: 333 time: 0.0193748
2026-05-05 18:06:53.008 9 INFO neutron.pecan_wsgi.hooks.translation [None req-f061d106-00e9-4879-8fd8-6f926bbbffc0 52121cd5c4344b2e9c190ef1b744a59d eb52c0ce0a194d2b9903e5bee93b0ae7 - - default default] GET failed (client error): The resource could not be found.
2026-05-05 18:06:53.010 9 INFO neutron.wsgi [None req-f061d106-00e9-4879-8fd8-6f926bbbffc0 52121cd5c4344b2e9c190ef1b744a59d eb52c0ce0a194d2b9903e5bee93b0ae7 - - default default] 10.0.0.54 "GET /v2.0/ports/2bb43380-da6d-4940-b680-7031bebe599a HTTP/1.1" status: 404 len: 333 time: 0.0238492
2026-05-05 18:06:53.189 10 INFO neutron.wsgi [None req-680697fd-f4a1-4205-9180-3a92515446a6 14f45be75ab04523970801c11fa642ed 1a15a9652b5a4d969f1a1969d8bdc773 - - default default] 10.0.0.54 "DELETE /v2.0/ports/0ffda9bf-a0e8-470d-bd0b-fb238513285a HTTP/1.1" status: 204 len: 168 time: 0.2717013
2026-05-05 18:06:53.226 9 INFO neutron.wsgi [None req-ec106e72-f119-4bd8-bd2e-f39c72e76878 52121cd5c4344b2e9c190ef1b744a59d eb52c0ce0a194d2b9903e5bee93b0ae7 - - default default] 10.0.0.54 "DELETE /v2.0/subnets/34ff7c5e-ed47-4932-aaf6-36c99fd317c7 HTTP/1.1" status: 204 len: 168 time: 0.2116263
2026-05-05 18:06:53.459 9 INFO neutron.wsgi [None req-4cb78bd8-7675-4800-9b57-821188f5ff7d 14f45be75ab04523970801c11fa642ed 1a15a9652b5a4d969f1a1969d8bdc773 - - default default] 10.0.0.54 "DELETE /v2.0/ports/7832d26d-555b-40ce-bc28-9f6ce7543803 HTTP/1.1" status: 204 len: 168 time: 0.2634950
2026-05-05 18:06:53.594 10 INFO neutron.services.segments.plugin [-] Segment b8a1601d-a71f-4eca-8d4a-547ed7eb98ca resource provider aggregate not found
2026-05-05 18:06:53.599 10 INFO neutron.services.segments.plugin [-] Segment b8a1601d-a71f-4eca-8d4a-547ed7eb98ca resource provider aggregate not found
2026-05-05 18:06:53.612 10 INFO neutron.services.segments.plugin [-] Segment b8a1601d-a71f-4eca-8d4a-547ed7eb98ca resource provider not found; error: Placement Client Error (4xx): {"errors": [{"status": 404, "title": "Not Found", "detail": "The resource could not be found.\n\n No resource provider with uuid b8a1601d-a71f-4eca-8d4a-547ed7eb98ca found for delete ", "request_id": "req-6726a655-00af-47ae-9fec-0b2fbb84ac1a"}]}
2026-05-05 18:06:53.614 10 INFO neutron.services.segments.plugin [-] Segment b8a1601d-a71f-4eca-8d4a-547ed7eb98ca resource provider not found; error: Placement Client Error (4xx): {"errors": [{"status": 404, "title": "Not Found", "detail": "The resource could not be found.\n\n No resource provider with uuid b8a1601d-a71f-4eca-8d4a-547ed7eb98ca found for delete ", "request_id": "req-aaedb9d4-d923-493a-bf58-254b9955f8ef"}]}
2026-05-05 18:06:53.644 10 INFO neutron.wsgi [None req-e7b0fe4e-7251-4904-adcb-4d18fce04632 52121cd5c4344b2e9c190ef1b744a59d eb52c0ce0a194d2b9903e5bee93b0ae7 - - default default] 10.0.0.54 "DELETE /v2.0/networks/4c09def1-d98c-41df-bed5-b8cfd6dd10ba HTTP/1.1" status: 204 len: 168 time: 0.4131045
2026-05-05 18:06:53.659 9 WARNING neutron_lib.context [None req-83aa8aa1-c098-4dad-97cf-3b450a7ec743 52121cd5c4344b2e9c190ef1b744a59d eb52c0ce0a194d2b9903e5bee93b0ae7 - - default default] Method 'is_advsvc' is deprecated since 2023.2 release (neutron-lib 3.8.0) and will be removed once support for the old RBAC API policies will be removed from Neutron. Please use method 'is_service_role' instead.
2026-05-05 18:06:53.739 9 INFO neutron.db.segments_db [None req-83aa8aa1-c098-4dad-97cf-3b450a7ec743 52121cd5c4344b2e9c190ef1b744a59d eb52c0ce0a194d2b9903e5bee93b0ae7 - - default default] Added segment 120a46bc-3bb3-4fa4-a6db-17c47a25756f of type geneve for network 482f97e6-e328-415e-bf1a-d26edc708972
2026-05-05 18:06:53.866 9 INFO neutron.db.ovn_revision_numbers_db [None req-83aa8aa1-c098-4dad-97cf-3b450a7ec743 52121cd5c4344b2e9c190ef1b744a59d eb52c0ce0a194d2b9903e5bee93b0ae7 - - default default] Successfully bumped revision number for resource 482f97e6-e328-415e-bf1a-d26edc708972 (type: networks) to 1
2026-05-05 18:06:53.877 10 INFO neutron.wsgi [None req-f875aa26-f44b-493f-aeee-1e4230515d67 14f45be75ab04523970801c11fa642ed 1a15a9652b5a4d969f1a1969d8bdc773 - - default default] 10.0.0.54 "DELETE /v2.0/networks/636403c1-6d7a-410f-a5c9-f18d60c6101b HTTP/1.1" status: 204 len: 168 time: 0.4137311
2026-05-05 18:06:54.085 9 WARNING neutron.scheduler.dhcp_agent_scheduler [None req-83aa8aa1-c098-4dad-97cf-3b450a7ec743 52121cd5c4344b2e9c190ef1b744a59d eb52c0ce0a194d2b9903e5bee93b0ae7 - - default default] No more DHCP agents
2026-05-05 18:06:54.089 9 WARNING neutron.api.rpc.agentnotifiers.dhcp_rpc_agent_api [None req-83aa8aa1-c098-4dad-97cf-3b450a7ec743 52121cd5c4344b2e9c190ef1b744a59d eb52c0ce0a194d2b9903e5bee93b0ae7 - - default default] Unable to schedule network 482f97e6-e328-415e-bf1a-d26edc708972: no agents available; will retry on subsequent port and subnet creation events.
2026-05-05 18:06:54.189 9 INFO neutron.db.ovn_revision_numbers_db [None req-83aa8aa1-c098-4dad-97cf-3b450a7ec743 52121cd5c4344b2e9c190ef1b744a59d eb52c0ce0a194d2b9903e5bee93b0ae7 - - default default] Successfully bumped revision number for resource 743ce12c-030b-4bfd-90e0-3d79e7d6d09f (type: ports) to 1
2026-05-05 18:06:54.211 9 INFO neutron.wsgi [None req-83aa8aa1-c098-4dad-97cf-3b450a7ec743 52121cd5c4344b2e9c190ef1b744a59d eb52c0ce0a194d2b9903e5bee93b0ae7 - - default default] 10.0.0.54 "POST /v2.0/networks HTTP/1.1" status: 201 len: 831 time: 0.5600116
2026-05-05 18:06:54.223 10 WARNING neutron_lib.context [None req-a6818424-9f2e-4d08-8113-c47c1bb9f81b 52121cd5c4344b2e9c190ef1b744a59d eb52c0ce0a194d2b9903e5bee93b0ae7 - - default default] Method 'is_advsvc' is deprecated since 2023.2 release (neutron-lib 3.8.0) and will be removed once support for the old RBAC API policies will be removed from Neutron. Please use method 'is_service_role' instead.
2026-05-05 18:06:54.328 9 INFO neutron.services.segments.plugin [-] Segment 294ed3f0-c75e-4c9f-a885-9ac02041e11c resource provider aggregate not found
2026-05-05 18:06:54.332 9 INFO neutron.services.segments.plugin [-] Segment 294ed3f0-c75e-4c9f-a885-9ac02041e11c resource provider aggregate not found
2026-05-05 18:06:54.342 9 INFO neutron.services.segments.plugin [-] Segment 294ed3f0-c75e-4c9f-a885-9ac02041e11c resource provider not found; error: Placement Client Error (4xx): {"errors": [{"status": 404, "title": "Not Found", "detail": "The resource could not be found.\n\n No resource provider with uuid 294ed3f0-c75e-4c9f-a885-9ac02041e11c found for delete ", "request_id": "req-b43cf5fe-385a-462f-a199-9ae8a6c4ba7b"}]}
2026-05-05 18:06:54.346 9 INFO neutron.services.segments.plugin [-] Segment 294ed3f0-c75e-4c9f-a885-9ac02041e11c resource provider not found; error: Placement Client Error (4xx): {"errors": [{"status": 404, "title": "Not Found", "detail": "The resource could not be found.\n\n No resource provider with uuid 294ed3f0-c75e-4c9f-a885-9ac02041e11c found for delete ", "request_id": "req-a7e9abc5-8c3a-495f-99da-db6f986871b7"}]}
2026-05-05 18:06:54.366 9 INFO neutron.wsgi [None req-47c40e7e-c421-40a7-b71d-4e28b6853388 14f45be75ab04523970801c11fa642ed 1a15a9652b5a4d969f1a1969d8bdc773 - - default default] 10.0.0.54 "DELETE /v2.0/networks/673cc893-032f-4204-b76c-23d7db96f7f5 HTTP/1.1" status: 204 len: 168 time: 0.4837105
2026-05-05 18:06:54.702 10 WARNING neutron.scheduler.dhcp_agent_scheduler [None req-a6818424-9f2e-4d08-8113-c47c1bb9f81b 52121cd5c4344b2e9c190ef1b744a59d eb52c0ce0a194d2b9903e5bee93b0ae7 - - default default] No more DHCP agents
2026-05-05 18:06:54.704 10 WARNING neutron.api.rpc.agentnotifiers.dhcp_rpc_agent_api [None req-a6818424-9f2e-4d08-8113-c47c1bb9f81b 52121cd5c4344b2e9c190ef1b744a59d eb52c0ce0a194d2b9903e5bee93b0ae7 - - default default] Unable to schedule network 482f97e6-e328-415e-bf1a-d26edc708972: no agents available; will retry on subsequent port and subnet creation events.
2026-05-05 18:06:54.776 9 INFO neutron.wsgi [None req-09050414-c033-4c80-a873-85f466d3168d 14f45be75ab04523970801c11fa642ed 1a15a9652b5a4d969f1a1969d8bdc773 - - default default] 10.0.0.54 "DELETE /v2.0/networks/163aea76-d6c9-4352-8d47-3d6e9cf9bc97 HTTP/1.1" status: 204 len: 168 time: 0.4063208
2026-05-05 18:06:55.213 10 INFO neutron.wsgi [req-3955f4a7-567a-453d-9816-65593d79700c req-381e3a3b-24fb-4ac0-9dc7-710fb6665311 a3e87700221945f8a13cad7485063661 724c96a0522c42668b3b2aee66aaa337 - - 7858ee4fb5f245e588d2235dddbb4443 7858ee4fb5f245e588d2235dddbb4443] 10.0.0.97 "GET /v2.0/ports?device_id=e16c8620-a165-4d7f-a3b8-21c05749a5d1 HTTP/1.1" status: 200 len: 1638 time: 0.0912733
2026-05-05 18:06:55.311 10 INFO neutron.wsgi [req-3955f4a7-567a-453d-9816-65593d79700c req-6dc469f9-f5b4-4ad4-9ba2-ae9f35705ada a3e87700221945f8a13cad7485063661 724c96a0522c42668b3b2aee66aaa337 - - 7858ee4fb5f245e588d2235dddbb4443 7858ee4fb5f245e588d2235dddbb4443] 10.0.0.97 "GET /v2.0/security-groups?id=7578ef1f-481b-4e4c-b0c5-079ed0d4c3fc&fields=id&fields=name HTTP/1.1" status: 200 len: 310 time: 0.0895412
2026-05-05 18:06:55.455 10 INFO neutron.wsgi [None req-572a4cdd-2d66-4590-90bd-cf9e09848bc7 14f45be75ab04523970801c11fa642ed 1a15a9652b5a4d969f1a1969d8bdc773 - - default default] 10.0.0.54 "DELETE /v2.0/networks/b1e19f70-3548-42ed-b07d-8c6858f81aee HTTP/1.1" status: 204 len: 168 time: 0.6717250
2026-05-05 18:06:55.486 10 INFO neutron.db.ovn_revision_numbers_db [None req-a6818424-9f2e-4d08-8113-c47c1bb9f81b 52121cd5c4344b2e9c190ef1b744a59d eb52c0ce0a194d2b9903e5bee93b0ae7 - - default default] Successfully bumped revision number for resource 743ce12c-030b-4bfd-90e0-3d79e7d6d09f (type: ports) to 2
2026-05-05 18:06:55.516 10 INFO neutron.db.ovn_revision_numbers_db [None req-a6818424-9f2e-4d08-8113-c47c1bb9f81b 52121cd5c4344b2e9c190ef1b744a59d eb52c0ce0a194d2b9903e5bee93b0ae7 - - default default] Successfully bumped revision number for resource 777a2a3a-0d68-4bf7-a27f-5352a12ca102 (type: subnets) to 0
2026-05-05 18:06:55.530 10 INFO neutron.wsgi [None req-a6818424-9f2e-4d08-8113-c47c1bb9f81b 52121cd5c4344b2e9c190ef1b744a59d eb52c0ce0a194d2b9903e5bee93b0ae7 - - default default] 10.0.0.54 "POST /v2.0/subnets HTTP/1.1" status: 201 len: 801 time: 1.3128376
2026-05-05 18:06:55.546 10 WARNING neutron_lib.context [None req-ab8867e4-8658-4982-9f11-5d1bd2c0ac6f 52121cd5c4344b2e9c190ef1b744a59d eb52c0ce0a194d2b9903e5bee93b0ae7 - - default default] Method 'is_advsvc' is deprecated since 2023.2 release (neutron-lib 3.8.0) and will be removed once support for the old RBAC API policies will be removed from Neutron. Please use method 'is_service_role' instead.
2026-05-05 18:06:55.638 10 INFO neutron.services.segments.plugin [-] Segment 184c9d59-e6b5-447c-90e2-0735bcdf0233 resource provider aggregate not found
2026-05-05 18:06:55.648 10 INFO neutron.services.segments.plugin [-] Segment 184c9d59-e6b5-447c-90e2-0735bcdf0233 resource provider aggregate not found
2026-05-05 18:06:55.662 10 INFO neutron.services.segments.plugin [-] Segment 184c9d59-e6b5-447c-90e2-0735bcdf0233 resource provider not found; error: Placement Client Error (4xx): {"errors": [{"status": 404, "title": "Not Found", "detail": "The resource could not be found.\n\n No resource provider with uuid 184c9d59-e6b5-447c-90e2-0735bcdf0233 found for delete ", "request_id": "req-90168db7-8bc9-4ecc-88bf-cf3e88f860ec"}]}
2026-05-05 18:06:55.667 10 INFO neutron.services.segments.plugin [-] Segment 184c9d59-e6b5-447c-90e2-0735bcdf0233 resource provider not found; error: Placement Client Error (4xx): {"errors": [{"status": 404, "title": "Not Found", "detail": "The resource could not be found.\n\n No resource provider with uuid 184c9d59-e6b5-447c-90e2-0735bcdf0233 found for delete ", "request_id": "req-a305f0d4-5a24-438f-8055-3a31c6e5fcf9"}]}
2026-05-05 18:06:55.677 10 INFO neutron.services.segments.plugin [-] Segment 1da9144c-1bf3-428f-a294-87e600532821 resource provider aggregate not found
2026-05-05 18:06:55.681 10 INFO neutron.services.segments.plugin [-] Segment 1da9144c-1bf3-428f-a294-87e600532821 resource provider aggregate not found
2026-05-05 18:06:55.686 10 INFO neutron.services.segments.plugin [-] Segment 1da9144c-1bf3-428f-a294-87e600532821 resource provider not found; error: Placement Client Error (4xx): {"errors": [{"status": 404, "title": "Not Found", "detail": "The resource could not be found.\n\n No resource provider with uuid 1da9144c-1bf3-428f-a294-87e600532821 found for delete ", "request_id": "req-6f368e20-cb9d-4914-b0dc-6c1f4822d5b9"}]}
2026-05-05 18:06:55.696 10 INFO neutron.services.segments.plugin [-] Segment 1da9144c-1bf3-428f-a294-87e600532821 resource provider not found; error: Placement Client Error (4xx): {"errors": [{"status": 404, "title": "Not Found", "detail": "The resource could not be found.\n\n No resource provider with uuid 1da9144c-1bf3-428f-a294-87e600532821 found for delete ", "request_id": "req-e6d40218-6575-4f47-9ffd-c2b9aa29f0b5"}]}
2026-05-05 18:06:55.928 10 WARNING neutron.scheduler.dhcp_agent_scheduler [None req-ab8867e4-8658-4982-9f11-5d1bd2c0ac6f 52121cd5c4344b2e9c190ef1b744a59d eb52c0ce0a194d2b9903e5bee93b0ae7 - - default default] No more DHCP agents
2026-05-05 18:06:55.932 10 WARNING neutron.api.rpc.agentnotifiers.dhcp_rpc_agent_api [None req-ab8867e4-8658-4982-9f11-5d1bd2c0ac6f 52121cd5c4344b2e9c190ef1b744a59d eb52c0ce0a194d2b9903e5bee93b0ae7 - - default default] Unable to schedule network 482f97e6-e328-415e-bf1a-d26edc708972: no agents available; will retry on subsequent port and subnet creation events.
2026-05-05 18:06:55.933 9 INFO neutron.wsgi [None req-2116807e-6ea5-4ab8-995d-bff2a2b2a012 14f45be75ab04523970801c11fa642ed 1a15a9652b5a4d969f1a1969d8bdc773 - - default default] 10.0.0.54 "DELETE /v2.0/networks/dde78956-5133-4fbc-b96f-0e79182df2ce HTTP/1.1" status: 204 len: 168 time: 0.4598618
2026-05-05 18:06:56.094 10 INFO neutron.db.ovn_revision_numbers_db [None req-ab8867e4-8658-4982-9f11-5d1bd2c0ac6f 52121cd5c4344b2e9c190ef1b744a59d eb52c0ce0a194d2b9903e5bee93b0ae7 - - default default] Successfully bumped revision number for resource 2c1a0caa-a111-415e-aaf2-d0866dc71b38 (type: ports) to 1
2026-05-05 18:06:56.118 10 INFO neutron.wsgi [None req-ab8867e4-8658-4982-9f11-5d1bd2c0ac6f 52121cd5c4344b2e9c190ef1b744a59d eb52c0ce0a194d2b9903e5bee93b0ae7 - - default default] 10.0.0.54 "POST /v2.0/ports HTTP/1.1" status: 201 len: 1115 time: 0.5764740
2026-05-05 18:06:56.364 9 INFO neutron.services.segments.plugin [-] Segment 83ecfa03-d8ae-4243-8db4-2a2fb121dd24 resource provider aggregate not found
2026-05-05 18:06:56.371 9 INFO neutron.services.segments.plugin [-] Segment 83ecfa03-d8ae-4243-8db4-2a2fb121dd24 resource provider aggregate not found
2026-05-05 18:06:56.387 9 INFO neutron.services.segments.plugin [-] Segment 83ecfa03-d8ae-4243-8db4-2a2fb121dd24 resource provider not found; error: Placement Client Error (4xx): {"errors": [{"status": 404, "title": "Not Found", "detail": "The resource could not be found.\n\n No resource provider with uuid 83ecfa03-d8ae-4243-8db4-2a2fb121dd24 found for delete ", "request_id": "req-c797b960-e23d-4b4c-9c41-2003cada3e22"}]}
2026-05-05 18:06:56.393 9 INFO neutron.services.segments.plugin [-] Segment 83ecfa03-d8ae-4243-8db4-2a2fb121dd24 resource provider not found; error: Placement Client Error (4xx): {"errors": [{"status": 404, "title": "Not Found", "detail": "The resource could not be found.\n\n No resource provider with uuid 83ecfa03-d8ae-4243-8db4-2a2fb121dd24 found for delete ", "request_id": "req-838afbcf-aa27-4e02-a8e1-04a73e8b4b1a"}]}
2026-05-05 18:06:56.405 9 INFO neutron.services.segments.plugin [-] Segment 23492805-bb1d-4923-b1ae-90acb8304d67 resource provider aggregate not found
2026-05-05 18:06:56.411 9 INFO neutron.services.segments.plugin [-] Segment 23492805-bb1d-4923-b1ae-90acb8304d67 resource provider aggregate not found
2026-05-05 18:06:56.428 9 INFO neutron.services.segments.plugin [-] Segment 23492805-bb1d-4923-b1ae-90acb8304d67 resource provider not found; error: Placement Client Error (4xx): {"errors": [{"status": 404, "title": "Not Found", "detail": "The resource could not be found.\n\n No resource provider with uuid 23492805-bb1d-4923-b1ae-90acb8304d67 found for delete ", "request_id": "req-a03df1b9-12b5-462b-86eb-1062a4dcd600"}]}
2026-05-05 18:06:56.434 9 INFO neutron.services.segments.plugin [-] Segment 23492805-bb1d-4923-b1ae-90acb8304d67 resource provider not found; error: Placement Client Error (4xx): {"errors": [{"status": 404, "title": "Not Found", "detail": "The resource could not be found.\n\n No resource provider with uuid 23492805-bb1d-4923-b1ae-90acb8304d67 found for delete ", "request_id": "req-63ff5c58-70f0-4cdd-bc9b-b1cea06a7ade"}]}
2026-05-05 18:06:56.489 10 INFO neutron.wsgi [None req-11f296c3-407f-4b7a-ad6f-ca773c36fa33 52121cd5c4344b2e9c190ef1b744a59d eb52c0ce0a194d2b9903e5bee93b0ae7 - - default default] 10.0.0.54 "DELETE /v2.0/ports/2c1a0caa-a111-415e-aaf2-d0866dc71b38 HTTP/1.1" status: 204 len: 168 time: 0.3663406
2026-05-05 18:06:56.516 10 INFO neutron.pecan_wsgi.hooks.translation [None req-df2abe9a-5d01-4ff8-bf8e-ee6bd5b89188 52121cd5c4344b2e9c190ef1b744a59d eb52c0ce0a194d2b9903e5bee93b0ae7 - - default default] GET failed (client error): The resource could not be found.
2026-05-05 18:06:56.518 10 INFO neutron.wsgi [None req-df2abe9a-5d01-4ff8-bf8e-ee6bd5b89188 52121cd5c4344b2e9c190ef1b744a59d eb52c0ce0a194d2b9903e5bee93b0ae7 - - default default] 10.0.0.54 "GET /v2.0/ports/2c1a0caa-a111-415e-aaf2-d0866dc71b38 HTTP/1.1" status: 404 len: 333 time: 0.0237737
2026-05-05 18:06:56.694 10 INFO neutron.wsgi [None req-51e3ff31-88a7-4a86-baaf-3bcc602cb2b5 52121cd5c4344b2e9c190ef1b744a59d eb52c0ce0a194d2b9903e5bee93b0ae7 - - default default] 10.0.0.54 "DELETE /v2.0/subnets/777a2a3a-0d68-4bf7-a27f-5352a12ca102 HTTP/1.1" status: 204 len: 168 time: 0.1718428
2026-05-05 18:06:57.062 10 INFO neutron.wsgi [None req-89d79ded-42e6-4c1d-af8a-792eabbe5b88 52121cd5c4344b2e9c190ef1b744a59d eb52c0ce0a194d2b9903e5bee93b0ae7 - - default default] 10.0.0.54 "DELETE /v2.0/networks/482f97e6-e328-415e-bf1a-d26edc708972 HTTP/1.1" status: 204 len: 168 time: 0.3615241
2026-05-05 18:06:57.072 10 WARNING neutron_lib.context [None req-483cc875-8322-49eb-947a-3c39ece59e6c 52121cd5c4344b2e9c190ef1b744a59d eb52c0ce0a194d2b9903e5bee93b0ae7 - - default default] Method 'is_advsvc' is deprecated since 2023.2 release (neutron-lib 3.8.0) and will be removed once support for the old RBAC API policies will be removed from Neutron. Please use method 'is_service_role' instead.
2026-05-05 18:06:57.140 9 INFO neutron.db.ovn_revision_numbers_db [None req-f2d45ace-6cd3-4590-8e3e-786c1ee4e8f7 9ca1bdaa54554a71b8685a18f03db938 fff08702b4174297bbbe71aa52d028ce - - default default] Successfully bumped revision number for resource 1aa52235-58e4-4b75-914f-fdbc164528ac (type: security_groups) to 1
2026-05-05 18:06:57.156 9 INFO neutron.db.ovn_revision_numbers_db [None req-f2d45ace-6cd3-4590-8e3e-786c1ee4e8f7 9ca1bdaa54554a71b8685a18f03db938 fff08702b4174297bbbe71aa52d028ce - - default default] Successfully bumped revision number for resource 7779c466-9a77-433e-be6c-bfbfd8be0ace (type: security_group_rules) to 0
2026-05-05 18:06:57.177 9 INFO neutron.db.ovn_revision_numbers_db [None req-f2d45ace-6cd3-4590-8e3e-786c1ee4e8f7 9ca1bdaa54554a71b8685a18f03db938 fff08702b4174297bbbe71aa52d028ce - - default default] Successfully bumped revision number for resource 7fb035d5-6b8e-49cd-be24-f7031d7158c1 (type: security_group_rules) to 0
2026-05-05 18:06:57.197 9 INFO neutron.db.ovn_revision_numbers_db [None req-f2d45ace-6cd3-4590-8e3e-786c1ee4e8f7 9ca1bdaa54554a71b8685a18f03db938 fff08702b4174297bbbe71aa52d028ce - - default default] Successfully bumped revision number for resource c5aeb310-f439-4370-8a40-c329df9b9cf1 (type: security_group_rules) to 0
2026-05-05 18:06:57.210 9 INFO neutron.db.ovn_revision_numbers_db [None req-f2d45ace-6cd3-4590-8e3e-786c1ee4e8f7 9ca1bdaa54554a71b8685a18f03db938 fff08702b4174297bbbe71aa52d028ce - - default default] Successfully bumped revision number for resource de48b9bb-ba0f-4c90-8440-ffd7e55c04ed (type: security_group_rules) to 0
2026-05-05 18:06:57.237 9 INFO neutron.wsgi [None req-f2d45ace-6cd3-4590-8e3e-786c1ee4e8f7 9ca1bdaa54554a71b8685a18f03db938 fff08702b4174297bbbe71aa52d028ce - - default default] 10.0.0.54 "GET /v2.0/security-groups?tenant_id=4d7bf6ed705d4c04a928ad380afe7dc6&name=default HTTP/1.1" status: 200 len: 3120 time: 0.4159613
2026-05-05 18:06:57.321 10 WARNING neutron.scheduler.dhcp_agent_scheduler [None req-483cc875-8322-49eb-947a-3c39ece59e6c 52121cd5c4344b2e9c190ef1b744a59d eb52c0ce0a194d2b9903e5bee93b0ae7 - - default default] No more DHCP agents
2026-05-05 18:06:57.331 10 WARNING neutron.api.rpc.agentnotifiers.dhcp_rpc_agent_api [None req-483cc875-8322-49eb-947a-3c39ece59e6c 52121cd5c4344b2e9c190ef1b744a59d eb52c0ce0a194d2b9903e5bee93b0ae7 - - default default] Unable to schedule network f0d2dbe3-eb04-4aec-a705-e54e1745f13f: no agents available; will retry on subsequent port and subnet creation events.
2026-05-05 18:06:57.437 10 INFO neutron.db.ovn_revision_numbers_db [None req-483cc875-8322-49eb-947a-3c39ece59e6c 52121cd5c4344b2e9c190ef1b744a59d eb52c0ce0a194d2b9903e5bee93b0ae7 - - default default] Successfully bumped revision number for resource 9c0bfaff-a0b2-4139-970a-a1dcb1d1cce4 (type: ports) to 1
2026-05-05 18:06:57.457 10 INFO neutron.wsgi [None req-483cc875-8322-49eb-947a-3c39ece59e6c 52121cd5c4344b2e9c190ef1b744a59d eb52c0ce0a194d2b9903e5bee93b0ae7 - - default default] 10.0.0.54 "POST /v2.0/ports HTTP/1.1" status: 201 len: 973 time: 0.3892829 /var/lib/openstack/lib/python3.10/site-packages/pycadf/identifier.py:71: UserWarning: Invalid uuid: neutron. To ensure interoperability, identifiers should be a valid uuid. warnings.warn(('Invalid uuid: %s. To ensure interoperability, '
2026-05-05 18:06:57.486 9 INFO neutron.wsgi [None req-181f460b-6f05-420e-80a0-3f75b7f6b80c 9ca1bdaa54554a71b8685a18f03db938 fff08702b4174297bbbe71aa52d028ce - - default default] 10.0.0.54 "DELETE /v2.0/security-groups/1aa52235-58e4-4b75-914f-fdbc164528ac HTTP/1.1" status: 204 len: 168 time: 0.2431922
2026-05-05 18:06:57.674 10 INFO neutron.plugins.ml2.drivers.ovn.mech_driver.mech_driver [None req-441a7c56-4fe4-4595-b3d7-1091a20e8025 - - - - - -] OVN reports status down for port: 9c0bfaff-a0b2-4139-970a-a1dcb1d1cce4
2026-05-05 18:06:57.706 9 INFO neutron.db.ovn_revision_numbers_db [None req-054b1862-ce90-4644-bcf0-eae0ce6150e9 9ca1bdaa54554a71b8685a18f03db938 fff08702b4174297bbbe71aa52d028ce - - default default] Successfully bumped revision number for resource e9815549-f0fe-44cc-ae6c-36777e95ec90 (type: security_groups) to 1
2026-05-05 18:06:57.730 10 INFO neutron.services.segments.plugin [-] Segment 120a46bc-3bb3-4fa4-a6db-17c47a25756f resource provider aggregate not found
2026-05-05 18:06:57.730 9 INFO neutron.db.ovn_revision_numbers_db [None req-054b1862-ce90-4644-bcf0-eae0ce6150e9 9ca1bdaa54554a71b8685a18f03db938 fff08702b4174297bbbe71aa52d028ce - - default default] Successfully bumped revision number for resource 23ac250f-17ce-4bed-9bcd-1f137b201b4d (type: security_group_rules) to 0
2026-05-05 18:06:57.738 10 INFO neutron.services.segments.plugin [-] Segment 120a46bc-3bb3-4fa4-a6db-17c47a25756f resource provider aggregate not found
2026-05-05 18:06:57.749 10 INFO neutron.services.segments.plugin [-] Segment 120a46bc-3bb3-4fa4-a6db-17c47a25756f resource provider not found; error: Placement Client Error (4xx): {"errors": [{"status": 404, "title": "Not Found", "detail": "The resource could not be found.\n\n No resource provider with uuid 120a46bc-3bb3-4fa4-a6db-17c47a25756f found for delete ", "request_id": "req-e21cf4b8-2df2-4a8d-8c01-bd8765bac927"}]}
2026-05-05 18:06:57.750 10 INFO neutron.db.ovn_revision_numbers_db [None req-ab0a376c-aff8-4c91-9e51-65729b693f49 52121cd5c4344b2e9c190ef1b744a59d eb52c0ce0a194d2b9903e5bee93b0ae7 - - default default] Successfully bumped revision number for resource 9c0bfaff-a0b2-4139-970a-a1dcb1d1cce4 (type: ports) to 2
2026-05-05 18:06:57.753 9 INFO neutron.db.ovn_revision_numbers_db [None req-054b1862-ce90-4644-bcf0-eae0ce6150e9 9ca1bdaa54554a71b8685a18f03db938 fff08702b4174297bbbe71aa52d028ce - - default default] Successfully bumped revision number for resource 3c230bc4-6747-4e74-beba-29809a6a1724 (type: security_group_rules) to 0
2026-05-05 18:06:57.755 10 INFO neutron.services.segments.plugin [-] Segment 120a46bc-3bb3-4fa4-a6db-17c47a25756f resource provider not found; error: Placement Client Error (4xx): {"errors": [{"status": 404, "title": "Not Found", "detail": "The resource could not be found.\n\n No resource provider with uuid 120a46bc-3bb3-4fa4-a6db-17c47a25756f found for delete ", "request_id": "req-43ffb58a-4f2e-41f8-a962-e1fb9b01de14"}]}
2026-05-05 18:06:57.760 9 INFO neutron.wsgi [None req-50cc6734-3944-49d6-a577-3b4748e103c2 21e337c0b0fc4700ad15ba9158f4f31b 6c4afa1f3eec4ad9bd85994ba98582b9 - - default default] 10.0.0.54 "GET /v2.0/subnets/caec2068-3550-4afd-ae70-d5209e8dd890 HTTP/1.1" status: 200 len: 846 time: 0.0379343
2026-05-05 18:06:57.772 9 INFO neutron.db.ovn_revision_numbers_db [None req-054b1862-ce90-4644-bcf0-eae0ce6150e9 9ca1bdaa54554a71b8685a18f03db938 fff08702b4174297bbbe71aa52d028ce - - default default] Successfully bumped revision number for resource 747b10ad-ea35-4baf-b6ce-f3efee667932 (type: security_group_rules) to 0
2026-05-05 18:06:57.782 10 INFO neutron.wsgi [None req-ab0a376c-aff8-4c91-9e51-65729b693f49 52121cd5c4344b2e9c190ef1b744a59d eb52c0ce0a194d2b9903e5bee93b0ae7 - - default default] 10.0.0.54 "PUT /v2.0/ports/9c0bfaff-a0b2-4139-970a-a1dcb1d1cce4 HTTP/1.1" status: 200 len: 946 time: 0.3197751
2026-05-05 18:06:57.811 9 INFO neutron.db.ovn_revision_numbers_db [None req-054b1862-ce90-4644-bcf0-eae0ce6150e9 9ca1bdaa54554a71b8685a18f03db938 fff08702b4174297bbbe71aa52d028ce - - default default] Successfully bumped revision number for resource a8a0720f-2cd4-426c-a1d7-0defb459590b (type: security_group_rules) to 0
2026-05-05 18:06:57.839 9 INFO neutron.wsgi [None req-054b1862-ce90-4644-bcf0-eae0ce6150e9 9ca1bdaa54554a71b8685a18f03db938 fff08702b4174297bbbe71aa52d028ce - - default default] 10.0.0.54 "GET /v2.0/security-groups?tenant_id=45d42647671547f18aa5e2bece58e605&name=default HTTP/1.1" status: 200 len: 3120 time: 0.2662740 /var/lib/openstack/lib/python3.10/site-packages/pycadf/identifier.py:71: UserWarning: Invalid uuid: neutron. To ensure interoperability, identifiers should be a valid uuid. warnings.warn(('Invalid uuid: %s. To ensure interoperability, '
2026-05-05 18:06:58.079 10 INFO neutron.wsgi [None req-ae3ebf50-797d-47e1-972a-f8d34ae2121a 9ca1bdaa54554a71b8685a18f03db938 fff08702b4174297bbbe71aa52d028ce - - default default] 10.0.0.54 "DELETE /v2.0/security-groups/e9815549-f0fe-44cc-ae6c-36777e95ec90 HTTP/1.1" status: 204 len: 168 time: 0.2329752
2026-05-05 18:06:58.296 9 INFO neutron.wsgi [None req-ac1278f6-aa8a-427c-b3c0-0b059b439308 52121cd5c4344b2e9c190ef1b744a59d eb52c0ce0a194d2b9903e5bee93b0ae7 - - default default] 10.0.0.54 "DELETE /v2.0/ports/9c0bfaff-a0b2-4139-970a-a1dcb1d1cce4 HTTP/1.1" status: 204 len: 168 time: 0.5082836
2026-05-05 18:06:58.300 10 INFO neutron.wsgi [None req-a69850cc-daf0-470e-b9b5-188647ac4848 9ca1bdaa54554a71b8685a18f03db938 fff08702b4174297bbbe71aa52d028ce - - default default] 10.0.0.54 "GET /v2.0/security-groups?tenant_id=1a15a9652b5a4d969f1a1969d8bdc773&name=default HTTP/1.1" status: 200 len: 3120 time: 0.0498674
2026-05-05 18:06:58.386 10 INFO neutron.wsgi [None req-2710f811-fb86-4c71-b0d1-eba8eeda9e40 52121cd5c4344b2e9c190ef1b744a59d eb52c0ce0a194d2b9903e5bee93b0ae7 - - default default] 10.0.0.54 "GET /v2.0/ports HTTP/1.1" status: 200 len: 1729 time: 0.0842257
