2026-05-05 18:03:57.477 9 WARNING neutron.scheduler.dhcp_agent_scheduler [None req-7ee6e591-4591-4432-b5a7-3008a17ea372 b0d7d45aca594612a346a9298f3be236 d578839b46864d9795531d330f16f7bc - - default default] No more DHCP agents
2026-05-05 18:03:57.480 9 WARNING neutron.api.rpc.agentnotifiers.dhcp_rpc_agent_api [None req-7ee6e591-4591-4432-b5a7-3008a17ea372 b0d7d45aca594612a346a9298f3be236 d578839b46864d9795531d330f16f7bc - - default default] Unable to schedule network f12806ba-bd85-43d1-9da7-3409fa96b905: no agents available; will retry on subsequent port and subnet creation events.
2026-05-05 18:03:57.540 9 INFO neutron.db.ovn_revision_numbers_db [None req-7ee6e591-4591-4432-b5a7-3008a17ea372 b0d7d45aca594612a346a9298f3be236 d578839b46864d9795531d330f16f7bc - - default default] Successfully bumped revision number for resource 978eb9ab-7e3d-45d2-9664-dd5fe6e2df6e (type: subnets) to 0
2026-05-05 18:03:57.560 9 INFO neutron.wsgi [None req-7ee6e591-4591-4432-b5a7-3008a17ea372 b0d7d45aca594612a346a9298f3be236 d578839b46864d9795531d330f16f7bc - - default default] 10.0.0.54 "POST /v2.0/subnets HTTP/1.1" status: 201 len: 848 time: 0.4149144
2026-05-05 18:03:57.572 9 WARNING neutron_lib.context [None req-39d055e4-19af-44c7-b114-8d78826a5417 b0d7d45aca594612a346a9298f3be236 d578839b46864d9795531d330f16f7bc - - default default] Method 'is_advsvc' is deprecated since 2023.2 release (neutron-lib 3.8.0) and will be removed once support for the old RBAC API policies will be removed from Neutron. Please use method 'is_service_role' instead.
2026-05-05 18:03:57.637 10 WARNING neutron.scheduler.dhcp_agent_scheduler [None req-407536ed-adde-439a-9783-babea623dbda 1e968e31a66940a5bd1c29fff473b34f 88684dc2694c423c8970f21000ddcfac - - default default] No more DHCP agents
2026-05-05 18:03:57.639 10 WARNING neutron.api.rpc.agentnotifiers.dhcp_rpc_agent_api [None req-407536ed-adde-439a-9783-babea623dbda 1e968e31a66940a5bd1c29fff473b34f 88684dc2694c423c8970f21000ddcfac - - default default] Unable to schedule network 52da5e2f-1e5f-44e2-8ff8-b3634ce2d4c4: no agents available; will retry on subsequent port and subnet creation events.
2026-05-05 18:03:57.656 9 INFO neutron.db.segments_db [None req-39d055e4-19af-44c7-b114-8d78826a5417 b0d7d45aca594612a346a9298f3be236 d578839b46864d9795531d330f16f7bc - - default default] Added segment 41618749-4bd8-44f6-b906-8aafb78edfdf of type geneve for network 4e976a05-37d2-49fa-aa80-67ad69bba1df
2026-05-05 18:03:57.683 10 INFO neutron.db.ovn_revision_numbers_db [None req-407536ed-adde-439a-9783-babea623dbda 1e968e31a66940a5bd1c29fff473b34f 88684dc2694c423c8970f21000ddcfac - - default default] Successfully bumped revision number for resource af72126c-e114-43a4-82ee-bd4df6a2e926 (type: subnets) to 0
2026-05-05 18:03:57.704 10 WARNING neutron.scheduler.dhcp_agent_scheduler [None req-407536ed-adde-439a-9783-babea623dbda 1e968e31a66940a5bd1c29fff473b34f 88684dc2694c423c8970f21000ddcfac - - default default] No more DHCP agents
2026-05-05 18:03:57.706 10 WARNING neutron.api.rpc.agentnotifiers.dhcp_rpc_agent_api [None req-407536ed-adde-439a-9783-babea623dbda 1e968e31a66940a5bd1c29fff473b34f 88684dc2694c423c8970f21000ddcfac - - default default] Unable to schedule network 8c9397db-72e4-4813-b985-edbed99d62ed: no agents available; will retry on subsequent port and subnet creation events.
2026-05-05 18:03:57.736 10 INFO neutron.db.ovn_revision_numbers_db [None req-407536ed-adde-439a-9783-babea623dbda 1e968e31a66940a5bd1c29fff473b34f 88684dc2694c423c8970f21000ddcfac - - default default] Successfully bumped revision number for resource d8c599fe-7888-4c3c-9b25-ae73b791ff51 (type: subnets) to 0
2026-05-05 18:03:57.754 10 INFO neutron.wsgi [None req-407536ed-adde-439a-9783-babea623dbda 1e968e31a66940a5bd1c29fff473b34f 88684dc2694c423c8970f21000ddcfac - - default default] 10.0.0.54 "POST /v2.0/subnets HTTP/1.1" status: 201 len: 1476 time: 0.5987430
2026-05-05 18:03:57.790 9 INFO neutron.db.ovn_revision_numbers_db [None req-39d055e4-19af-44c7-b114-8d78826a5417 b0d7d45aca594612a346a9298f3be236 d578839b46864d9795531d330f16f7bc - - default default] Successfully bumped revision number for resource 4e976a05-37d2-49fa-aa80-67ad69bba1df (type: networks) to 1
2026-05-05 18:03:57.812 10 INFO neutron.wsgi [None req-e2fbcbe7-94b5-49a8-9078-3f231d3a1183 1e968e31a66940a5bd1c29fff473b34f 88684dc2694c423c8970f21000ddcfac - - default default] 10.0.0.54 "GET /v2.0/subnets HTTP/1.1" status: 200 len: 2084 time: 0.0517755
2026-05-05 18:03:58.014 9 WARNING neutron.scheduler.dhcp_agent_scheduler [None req-39d055e4-19af-44c7-b114-8d78826a5417 b0d7d45aca594612a346a9298f3be236 d578839b46864d9795531d330f16f7bc - - default default] No more DHCP agents
2026-05-05 18:03:58.017 9 WARNING neutron.api.rpc.agentnotifiers.dhcp_rpc_agent_api [None req-39d055e4-19af-44c7-b114-8d78826a5417 b0d7d45aca594612a346a9298f3be236 d578839b46864d9795531d330f16f7bc - - default default] Unable to schedule network 4e976a05-37d2-49fa-aa80-67ad69bba1df: no agents available; will retry on subsequent port and subnet creation events.
2026-05-05 18:03:58.084 9 INFO neutron.wsgi [None req-d8f9dfb6-a99d-4bce-9973-8c836db12b27 1e968e31a66940a5bd1c29fff473b34f 88684dc2694c423c8970f21000ddcfac - - default default] 10.0.0.54 "DELETE /v2.0/subnets/af72126c-e114-43a4-82ee-bd4df6a2e926 HTTP/1.1" status: 204 len: 168 time: 0.2573202
2026-05-05 18:03:58.127 9 INFO neutron.db.ovn_revision_numbers_db [None req-39d055e4-19af-44c7-b114-8d78826a5417 b0d7d45aca594612a346a9298f3be236 d578839b46864d9795531d330f16f7bc - - default default] Successfully bumped revision number for resource 92bbae95-6514-43f5-b1fc-323ccbc0f750 (type: ports) to 1
2026-05-05 18:03:58.160 9 INFO neutron.wsgi [None req-39d055e4-19af-44c7-b114-8d78826a5417 b0d7d45aca594612a346a9298f3be236 d578839b46864d9795531d330f16f7bc - - default default] 10.0.0.54 "POST /v2.0/networks HTTP/1.1" status: 201 len: 846 time: 0.5946600
2026-05-05 18:03:58.269 9 INFO neutron.wsgi [None req-5cd91451-2313-410b-8378-a9f0235ba790 1e968e31a66940a5bd1c29fff473b34f 88684dc2694c423c8970f21000ddcfac - - default default] 10.0.0.54 "DELETE /v2.0/subnets/d8c599fe-7888-4c3c-9b25-ae73b791ff51 HTTP/1.1" status: 204 len: 168 time: 0.1792634
2026-05-05 18:03:58.352 9 INFO neutron.wsgi [None req-d85f5c39-d394-4b8b-aa20-ed3b6e701792 1e968e31a66940a5bd1c29fff473b34f 88684dc2694c423c8970f21000ddcfac - - default default] 10.0.0.54 "GET /v2.0/subnets HTTP/1.1" status: 200 len: 820 time: 0.0775063
2026-05-05 18:03:58.374 10 INFO neutron.db.ovn_revision_numbers_db [None req-2be1ba9b-d1cc-4d49-b65c-f3924d12d8cb b0d7d45aca594612a346a9298f3be236 d578839b46864d9795531d330f16f7bc - - default default] Successfully bumped revision number for resource 4e976a05-37d2-49fa-aa80-67ad69bba1df (type: networks) to 2
2026-05-05 18:03:58.379 10 INFO neutron.wsgi [None req-2be1ba9b-d1cc-4d49-b65c-f3924d12d8cb b0d7d45aca594612a346a9298f3be236 d578839b46864d9795531d330f16f7bc - - default default] 10.0.0.54 "PUT /v2.0/networks/4e976a05-37d2-49fa-aa80-67ad69bba1df HTTP/1.1" status: 200 len: 792 time: 0.2130573
2026-05-05 18:03:58.391 9 WARNING neutron_lib.context [None req-b2c91f4b-9ff0-401a-a8a1-81a077b01f04 b0d7d45aca594612a346a9298f3be236 d578839b46864d9795531d330f16f7bc - - default default] Method 'is_advsvc' is deprecated since 2023.2 release (neutron-lib 3.8.0) and will be removed once support for the old RBAC API policies will be removed from Neutron. Please use method 'is_service_role' instead.
2026-05-05 18:03:58.723 9 WARNING neutron.scheduler.dhcp_agent_scheduler [None req-b2c91f4b-9ff0-401a-a8a1-81a077b01f04 b0d7d45aca594612a346a9298f3be236 d578839b46864d9795531d330f16f7bc - - default default] No more DHCP agents
2026-05-05 18:03:58.728 9 WARNING neutron.api.rpc.agentnotifiers.dhcp_rpc_agent_api [None req-b2c91f4b-9ff0-401a-a8a1-81a077b01f04 b0d7d45aca594612a346a9298f3be236 d578839b46864d9795531d330f16f7bc - - default default] Unable to schedule network 4e976a05-37d2-49fa-aa80-67ad69bba1df: no agents available; will retry on subsequent port and subnet creation events.
2026-05-05 18:03:58.767 9 INFO neutron.wsgi [req-b1c48b25-dcdb-465e-bc3d-1fb108ad4ce4 req-c518d9cc-02fc-4b85-8226-0700f93e89ab 0f7f5b81e6364f149abcb3cac7ea9684 0959b759bb1d4b7aa33e3485c39c8e36 - - default default] 10.0.0.199 "GET /v2.0/ports?device_id=714515e5-6b15-48a8-a91f-00b1b6226c4e HTTP/1.1" status: 200 len: 1170 time: 0.1658947
2026-05-05 18:03:58.785 9 INFO neutron.db.ovn_revision_numbers_db [None req-b2c91f4b-9ff0-401a-a8a1-81a077b01f04 b0d7d45aca594612a346a9298f3be236 d578839b46864d9795531d330f16f7bc - - default default] Successfully bumped revision number for resource 873f8f9d-f504-4825-ad50-1aac1cbe392d (type: subnets) to 0
2026-05-05 18:03:58.809 9 INFO neutron.wsgi [None req-b2c91f4b-9ff0-401a-a8a1-81a077b01f04 b0d7d45aca594612a346a9298f3be236 d578839b46864d9795531d330f16f7bc - - default default] 10.0.0.54 "POST /v2.0/subnets HTTP/1.1" status: 201 len: 821 time: 0.4254446
2026-05-05 18:03:58.906 10 INFO neutron.wsgi [req-374117d0-2a99-4adf-ace9-197d881712f2 req-908a1e98-1eda-4dec-bc5a-9a82041b4c6f 0f7f5b81e6364f149abcb3cac7ea9684 0959b759bb1d4b7aa33e3485c39c8e36 - - default default] 10.0.0.199 "GET /v2.0/ports/3ff187dc-03b2-4ae4-8482-ad1c319a511a HTTP/1.1" status: 200 len: 1167 time: 0.0896401
2026-05-05 18:03:58.918 9 INFO neutron.services.segments.plugin [-] Segment 45e4f8ae-e406-4047-87e3-99e233cd2963 resource provider aggregate not found
2026-05-05 18:03:58.924 9 INFO neutron.services.segments.plugin [-] Segment 45e4f8ae-e406-4047-87e3-99e233cd2963 resource provider aggregate not found
2026-05-05 18:03:58.936 9 INFO neutron.services.segments.plugin [-] Segment 45e4f8ae-e406-4047-87e3-99e233cd2963 resource provider not found; error: Placement Client Error (4xx): {"errors": [{"status": 404, "title": "Not Found", "detail": "The resource could not be found.\n\n No resource provider with uuid 45e4f8ae-e406-4047-87e3-99e233cd2963 found for delete ", "request_id": "req-9e7bc2a7-2124-430d-80b5-73f166d3a6ed"}]}
2026-05-05 18:03:58.939 9 INFO neutron.services.segments.plugin [-] Segment 45e4f8ae-e406-4047-87e3-99e233cd2963 resource provider not found; error: Placement Client Error (4xx): {"errors": [{"status": 404, "title": "Not Found", "detail": "The resource could not be found.\n\n No resource provider with uuid 45e4f8ae-e406-4047-87e3-99e233cd2963 found for delete ", "request_id": "req-1d33d513-8dc8-42d8-8458-bd714993c3c5"}]}
2026-05-05 18:03:58.975 9 INFO neutron.wsgi [None req-90f3cfab-0a99-45df-8a3a-1dbb78c80637 1e968e31a66940a5bd1c29fff473b34f 88684dc2694c423c8970f21000ddcfac - - default default] 10.0.0.54 "DELETE /v2.0/networks/8c9397db-72e4-4813-b985-edbed99d62ed HTTP/1.1" status: 204 len: 168 time: 0.6143711
2026-05-05 18:03:59.103 9 INFO neutron.wsgi [req-db5d47a1-77c0-4b07-9ea8-03f83cc0eec3 req-f3cac900-a573-4cb9-97a6-22cd14a3e022 0f7f5b81e6364f149abcb3cac7ea9684 0959b759bb1d4b7aa33e3485c39c8e36 - - default default] 199.204.45.38 "GET /v2.0/subnets?network_id=0dc067a0-05ef-4912-92bd-aa5838509cfa HTTP/1.1" status: 200 len: 858 time: 0.0527458
2026-05-05 18:03:59.178 9 INFO neutron.wsgi [req-db5d47a1-77c0-4b07-9ea8-03f83cc0eec3 req-4ec040de-7bc5-4636-b9d4-8d274b85e11e 0f7f5b81e6364f149abcb3cac7ea9684 0959b759bb1d4b7aa33e3485c39c8e36 - - default default] 199.204.45.38 "GET /v2.0/ports?device_id=714515e5-6b15-48a8-a91f-00b1b6226c4e&device_owner=compute%3Anova&network_id=0dc067a0-05ef-4912-92bd-aa5838509cfa HTTP/1.1" status: 200 len: 1170 time: 0.0683267
2026-05-05 18:03:59.390 10 INFO neutron.db.ovn_revision_numbers_db [None req-31923805-bb4a-4f90-9ff6-95104168e5f4 9ca1bdaa54554a71b8685a18f03db938 fff08702b4174297bbbe71aa52d028ce - - default default] Successfully bumped revision number for resource 13de0bc4-dfe4-4b91-ba33-89644aaf92c4 (type: security_groups) to 1
2026-05-05 18:03:59.419 10 INFO neutron.db.ovn_revision_numbers_db [None req-31923805-bb4a-4f90-9ff6-95104168e5f4 9ca1bdaa54554a71b8685a18f03db938 fff08702b4174297bbbe71aa52d028ce - - default default] Successfully bumped revision number for resource 29860dcd-2709-4056-a4e6-1770404170c8 (type: security_group_rules) to 0
2026-05-05 18:03:59.434 10 INFO neutron.db.ovn_revision_numbers_db [None req-31923805-bb4a-4f90-9ff6-95104168e5f4 9ca1bdaa54554a71b8685a18f03db938 fff08702b4174297bbbe71aa52d028ce - - default default] Successfully bumped revision number for resource 3638adf4-3b4f-4579-a9fd-21e642aa9a97 (type: security_group_rules) to 0
2026-05-05 18:03:59.451 10 INFO neutron.db.ovn_revision_numbers_db [None req-31923805-bb4a-4f90-9ff6-95104168e5f4 9ca1bdaa54554a71b8685a18f03db938 fff08702b4174297bbbe71aa52d028ce - - default default] Successfully bumped revision number for resource 6d86cb0b-ca34-4575-a705-005bdbf82c4d (type: security_group_rules) to 0
2026-05-05 18:03:59.473 10 INFO neutron.db.ovn_revision_numbers_db [None req-31923805-bb4a-4f90-9ff6-95104168e5f4 9ca1bdaa54554a71b8685a18f03db938 fff08702b4174297bbbe71aa52d028ce - - default default] Successfully bumped revision number for resource f8b01012-8a27-42ca-8f3f-aec54f41b700 (type: security_group_rules) to 0
2026-05-05 18:03:59.495 10 INFO neutron.wsgi [None req-31923805-bb4a-4f90-9ff6-95104168e5f4 9ca1bdaa54554a71b8685a18f03db938 fff08702b4174297bbbe71aa52d028ce - - default default] 10.0.0.54 "GET /v2.0/security-groups?tenant_id=6343d71026d34ac3b7d7f4c06d9eca62&name=default HTTP/1.1" status: 200 len: 3120 time: 0.6657465
2026-05-05 18:03:59.621 10 INFO neutron.services.segments.plugin [-] Segment ec30022d-6aac-4169-8849-078088e2a48f resource provider aggregate not found
2026-05-05 18:03:59.626 10 INFO neutron.services.segments.plugin [-] Segment ec30022d-6aac-4169-8849-078088e2a48f resource provider aggregate not found
2026-05-05 18:03:59.643 10 INFO neutron.services.segments.plugin [-] Segment ec30022d-6aac-4169-8849-078088e2a48f resource provider not found; error: Placement Client Error (4xx): {"errors": [{"status": 404, "title": "Not Found", "detail": "The resource could not be found.\n\n No resource provider with uuid ec30022d-6aac-4169-8849-078088e2a48f found for delete ", "request_id": "req-e4265d29-d423-483f-96ae-1ed8b8017d19"}]}
2026-05-05 18:03:59.644 10 INFO neutron.services.segments.plugin [-] Segment ec30022d-6aac-4169-8849-078088e2a48f resource provider not found; error: Placement Client Error (4xx): {"errors": [{"status": 404, "title": "Not Found", "detail": "The resource could not be found.\n\n No resource provider with uuid ec30022d-6aac-4169-8849-078088e2a48f found for delete ", "request_id": "req-71c1180e-9dd9-48e0-904a-448597052e7d"}]}
2026-05-05 18:03:59.667 10 INFO neutron.wsgi [None req-59368166-707e-42b4-903d-a79c2b09b574 1e968e31a66940a5bd1c29fff473b34f 88684dc2694c423c8970f21000ddcfac - - default default] 10.0.0.54 "DELETE /v2.0/networks/52da5e2f-1e5f-44e2-8ff8-b3634ce2d4c4 HTTP/1.1" status: 204 len: 168 time: 0.6831200
2026-05-05 18:03:59.775 10 INFO neutron.wsgi [None req-2b012c37-236f-4029-8b9a-062b17d1a381 9ca1bdaa54554a71b8685a18f03db938 fff08702b4174297bbbe71aa52d028ce - - default default] 10.0.0.54 "DELETE /v2.0/security-groups/13de0bc4-dfe4-4b91-ba33-89644aaf92c4 HTTP/1.1" status: 204 len: 168 time: 0.2690196
2026-05-05 18:03:59.984 10 INFO neutron.db.ovn_revision_numbers_db [None req-ccca3bc8-e941-420d-99d3-527eb72e2b06 9ca1bdaa54554a71b8685a18f03db938 fff08702b4174297bbbe71aa52d028ce - - default default] Successfully bumped revision number for resource 669a6fd3-4503-4e09-9d4a-13f7b5e2e6af (type: security_groups) to 1
2026-05-05 18:03:59.996 10 INFO neutron.db.ovn_revision_numbers_db [None req-ccca3bc8-e941-420d-99d3-527eb72e2b06 9ca1bdaa54554a71b8685a18f03db938 fff08702b4174297bbbe71aa52d028ce - - default default] Successfully bumped revision number for resource 66b6f137-12cc-49d8-b240-db16396b24fc (type: security_group_rules) to 0
2026-05-05 18:04:00.009 10 INFO neutron.db.ovn_revision_numbers_db [None req-ccca3bc8-e941-420d-99d3-527eb72e2b06 9ca1bdaa54554a71b8685a18f03db938 fff08702b4174297bbbe71aa52d028ce - - default default] Successfully bumped revision number for resource bb0cb9f4-09ed-4b6e-bf09-10228c5564e8 (type: security_group_rules) to 0
2026-05-05 18:04:00.021 10 INFO neutron.db.ovn_revision_numbers_db [None req-ccca3bc8-e941-420d-99d3-527eb72e2b06 9ca1bdaa54554a71b8685a18f03db938 fff08702b4174297bbbe71aa52d028ce - - default default] Successfully bumped revision number for resource c7bd1be4-e6da-4b44-9654-5ba746ad0406 (type: security_group_rules) to 0
2026-05-05 18:04:00.036 10 INFO neutron.db.ovn_revision_numbers_db [None req-ccca3bc8-e941-420d-99d3-527eb72e2b06 9ca1bdaa54554a71b8685a18f03db938 fff08702b4174297bbbe71aa52d028ce - - default default] Successfully bumped revision number for resource d9b66630-bd64-482d-9073-f93bee26e5d5 (type: security_group_rules) to 0
2026-05-05 18:04:00.057 10 INFO neutron.wsgi [None req-ccca3bc8-e941-420d-99d3-527eb72e2b06 9ca1bdaa54554a71b8685a18f03db938 fff08702b4174297bbbe71aa52d028ce - - default default] 10.0.0.54 "GET /v2.0/security-groups?tenant_id=6d0e62251eee4b2c879ee041e7228f6a&name=default HTTP/1.1" status: 200 len: 3120 time: 0.1892908
2026-05-05 18:04:00.265 9 INFO neutron.db.ovn_revision_numbers_db [None req-b2ccef58-ccb2-4d60-a84a-c89621410eab b0d7d45aca594612a346a9298f3be236 d578839b46864d9795531d330f16f7bc - - default default] Successfully bumped revision number for resource 92bbae95-6514-43f5-b1fc-323ccbc0f750 (type: ports) to 2
2026-05-05 18:04:00.270 10 INFO neutron.wsgi [None req-794b7a1d-be92-4189-8dbe-9f4e2c7b401e 9ca1bdaa54554a71b8685a18f03db938 fff08702b4174297bbbe71aa52d028ce - - default default] 10.0.0.54 "DELETE /v2.0/security-groups/669a6fd3-4503-4e09-9d4a-13f7b5e2e6af HTTP/1.1" status: 204 len: 168 time: 0.2075384
2026-05-05 18:04:00.272 9 INFO neutron.db.ovn_revision_numbers_db [req-db5d47a1-77c0-4b07-9ea8-03f83cc0eec3 req-78f664f0-f5b5-4401-b5bc-e273c375fd22 0f7f5b81e6364f149abcb3cac7ea9684 0959b759bb1d4b7aa33e3485c39c8e36 - - default default] Successfully bumped revision number for resource 3ff187dc-03b2-4ae4-8482-ad1c319a511a (type: ports) to 5
2026-05-05 18:04:00.299 9 INFO neutron.wsgi [req-db5d47a1-77c0-4b07-9ea8-03f83cc0eec3 req-78f664f0-f5b5-4401-b5bc-e273c375fd22 0f7f5b81e6364f149abcb3cac7ea9684 0959b759bb1d4b7aa33e3485c39c8e36 - - default default] 199.204.45.38 "PUT /v2.0/ports/3ff187dc-03b2-4ae4-8482-ad1c319a511a HTTP/1.1" status: 200 len: 1345 time: 1.1127825 /var/lib/openstack/lib/python3.10/site-packages/pycadf/identifier.py:71: UserWarning: Invalid uuid: neutron. To ensure interoperability, identifiers should be a valid uuid. warnings.warn(('Invalid uuid: %s. To ensure interoperability, '
2026-05-05 18:04:00.348 9 INFO neutron.db.ovn_revision_numbers_db [None req-b2ccef58-ccb2-4d60-a84a-c89621410eab b0d7d45aca594612a346a9298f3be236 d578839b46864d9795531d330f16f7bc - - default default] Successfully bumped revision number for resource 873f8f9d-f504-4825-ad50-1aac1cbe392d (type: subnets) to 1
2026-05-05 18:04:00.351 9 INFO neutron.wsgi [None req-b2ccef58-ccb2-4d60-a84a-c89621410eab b0d7d45aca594612a346a9298f3be236 d578839b46864d9795531d330f16f7bc - - default default] 10.0.0.54 "PUT /v2.0/subnets/873f8f9d-f504-4825-ad50-1aac1cbe392d HTTP/1.1" status: 200 len: 826 time: 1.5342708
2026-05-05 18:04:00.366 9 INFO neutron.notifiers.nova [-] Nova event matching ['req-488fbec5-933f-4977-973b-9ed51db5552e'] response: {'name': 'network-changed', 'server_uuid': '714515e5-6b15-48a8-a91f-00b1b6226c4e', 'tag': '3ff187dc-03b2-4ae4-8482-ad1c319a511a', 'status': 'completed', 'code': 200}
2026-05-05 18:04:00.414 9 INFO neutron.wsgi [req-db5d47a1-77c0-4b07-9ea8-03f83cc0eec3 req-303cb7e3-1a8a-4060-93a5-d33eb0ac68d3 a3e87700221945f8a13cad7485063661 724c96a0522c42668b3b2aee66aaa337 - - 7858ee4fb5f245e588d2235dddbb4443 7858ee4fb5f245e588d2235dddbb4443] 199.204.45.38 "GET /v2.0/ports?tenant_id=0959b759bb1d4b7aa33e3485c39c8e36&device_id=714515e5-6b15-48a8-a91f-00b1b6226c4e HTTP/1.1" status: 200 len: 1586 time: 0.0814717
2026-05-05 18:04:00.510 9 INFO neutron.wsgi [req-db5d47a1-77c0-4b07-9ea8-03f83cc0eec3 req-26f87945-b6b3-4307-b74c-95adf230d522 a3e87700221945f8a13cad7485063661 724c96a0522c42668b3b2aee66aaa337 - - 7858ee4fb5f245e588d2235dddbb4443 7858ee4fb5f245e588d2235dddbb4443] 199.204.45.38 "GET /v2.0/networks?id=0dc067a0-05ef-4912-92bd-aa5838509cfa HTTP/1.1" status: 200 len: 981 time: 0.0880575
2026-05-05 18:04:00.551 9 INFO neutron.wsgi [None req-b134904b-8d43-4c6a-8215-5520f306ad4a 1e968e31a66940a5bd1c29fff473b34f 88684dc2694c423c8970f21000ddcfac - - default default] 10.0.0.54 "DELETE /v2.0/networks/eade2fd5-144e-4369-b439-468845cd2ff7 HTTP/1.1" status: 204 len: 168 time: 0.8781672
2026-05-05 18:04:00.554 9 INFO neutron.wsgi [req-db5d47a1-77c0-4b07-9ea8-03f83cc0eec3 req-53c12880-989e-42e2-9aeb-0498f331dc36 a3e87700221945f8a13cad7485063661 724c96a0522c42668b3b2aee66aaa337 - - 7858ee4fb5f245e588d2235dddbb4443 7858ee4fb5f245e588d2235dddbb4443] 199.204.45.38 "GET /v2.0/floatingips?fixed_ip_address=10.100.0.3&port_id=3ff187dc-03b2-4ae4-8482-ad1c319a511a HTTP/1.1" status: 200 len: 217 time: 0.0385554
2026-05-05 18:04:00.612 9 INFO neutron.wsgi [req-db5d47a1-77c0-4b07-9ea8-03f83cc0eec3 req-3c717e1c-8e75-47b2-b15b-51e2f4b9f928 a3e87700221945f8a13cad7485063661 724c96a0522c42668b3b2aee66aaa337 - - 7858ee4fb5f245e588d2235dddbb4443 7858ee4fb5f245e588d2235dddbb4443] 199.204.45.38 "GET /v2.0/floatingips?fixed_ip_address=10.100.0.5&port_id=3ff187dc-03b2-4ae4-8482-ad1c319a511a HTTP/1.1" status: 200 len: 1059 time: 0.0493414
2026-05-05 18:04:00.649 9 INFO neutron.wsgi [req-db5d47a1-77c0-4b07-9ea8-03f83cc0eec3 req-6fc8e37c-9971-4337-addf-a6177ca51eb0 a3e87700221945f8a13cad7485063661 724c96a0522c42668b3b2aee66aaa337 - - 7858ee4fb5f245e588d2235dddbb4443 7858ee4fb5f245e588d2235dddbb4443] 199.204.45.38 "GET /v2.0/subnets?id=2deebf09-033c-4658-846f-60d5377ced35 HTTP/1.1" status: 200 len: 876 time: 0.0329599
2026-05-05 18:04:00.681 9 INFO neutron.wsgi [req-db5d47a1-77c0-4b07-9ea8-03f83cc0eec3 req-280825a8-7d2f-45db-ac7b-fd7f4545ec23 a3e87700221945f8a13cad7485063661 724c96a0522c42668b3b2aee66aaa337 - - 7858ee4fb5f245e588d2235dddbb4443 7858ee4fb5f245e588d2235dddbb4443] 199.204.45.38 "GET /v2.0/ports?network_id=0dc067a0-05ef-4912-92bd-aa5838509cfa&device_owner=network%3Adhcp HTTP/1.1" status: 200 len: 210 time: 0.0247746
2026-05-05 18:04:00.750 9 INFO neutron.wsgi [req-db5d47a1-77c0-4b07-9ea8-03f83cc0eec3 req-12056ff5-caa0-4e8f-9364-6838d629b18d a3e87700221945f8a13cad7485063661 724c96a0522c42668b3b2aee66aaa337 - - 7858ee4fb5f245e588d2235dddbb4443 7858ee4fb5f245e588d2235dddbb4443] 199.204.45.38 "GET /v2.0/networks/0dc067a0-05ef-4912-92bd-aa5838509cfa?fields=segments HTTP/1.1" status: 200 len: 212 time: 0.0616357
2026-05-05 18:04:00.816 9 INFO neutron.wsgi [req-db5d47a1-77c0-4b07-9ea8-03f83cc0eec3 req-f5d03b7b-459e-49fb-b4f0-0f55cffaf0d6 a3e87700221945f8a13cad7485063661 724c96a0522c42668b3b2aee66aaa337 - - 7858ee4fb5f245e588d2235dddbb4443 7858ee4fb5f245e588d2235dddbb4443] 199.204.45.38 "GET /v2.0/networks/0dc067a0-05ef-4912-92bd-aa5838509cfa?fields=provider%3Aphysical_network&fields=provider%3Anetwork_type HTTP/1.1" status: 200 len: 277 time: 0.0599077
2026-05-05 18:04:00.914 9 INFO neutron.wsgi [req-e2d40daf-cc7b-4da6-945f-575a6e2505a6 req-44c78bea-3567-4ba9-8961-8c39efa3ce38 a3e87700221945f8a13cad7485063661 724c96a0522c42668b3b2aee66aaa337 - - 7858ee4fb5f245e588d2235dddbb4443 7858ee4fb5f245e588d2235dddbb4443] 199.204.45.38 "GET /v2.0/ports?tenant_id=0959b759bb1d4b7aa33e3485c39c8e36&device_id=714515e5-6b15-48a8-a91f-00b1b6226c4e HTTP/1.1" status: 200 len: 1586 time: 0.0544975
2026-05-05 18:04:00.956 9 INFO neutron.services.segments.plugin [-] Segment 9dd5fc03-7d59-4299-9236-b86690041d9a resource provider aggregate not found
2026-05-05 18:04:00.963 9 INFO neutron.services.segments.plugin [-] Segment 9dd5fc03-7d59-4299-9236-b86690041d9a resource provider aggregate not found
2026-05-05 18:04:00.969 9 INFO neutron.services.segments.plugin [-] Segment 9dd5fc03-7d59-4299-9236-b86690041d9a resource provider not found; error: Placement Client Error (4xx): {"errors": [{"status": 404, "title": "Not Found", "detail": "The resource could not be found.\n\n No resource provider with uuid 9dd5fc03-7d59-4299-9236-b86690041d9a found for delete ", "request_id": "req-a09fec48-6039-4054-a079-bddf151a0417"}]}
2026-05-05 18:04:00.976 9 INFO neutron.services.segments.plugin [-] Segment 9dd5fc03-7d59-4299-9236-b86690041d9a resource provider not found; error: Placement Client Error (4xx): {"errors": [{"status": 404, "title": "Not Found", "detail": "The resource could not be found.\n\n No resource provider with uuid 9dd5fc03-7d59-4299-9236-b86690041d9a found for delete ", "request_id": "req-37c95c23-4fb2-45ba-916c-8058e500094e"}]}
2026-05-05 18:04:01.009 9 INFO neutron.wsgi [req-e2d40daf-cc7b-4da6-945f-575a6e2505a6 req-b2527f47-f814-4f47-9278-76927c574856 a3e87700221945f8a13cad7485063661 724c96a0522c42668b3b2aee66aaa337 - - 7858ee4fb5f245e588d2235dddbb4443 7858ee4fb5f245e588d2235dddbb4443] 199.204.45.38 "GET /v2.0/networks?id=0dc067a0-05ef-4912-92bd-aa5838509cfa HTTP/1.1" status: 200 len: 981 time: 0.0874095
2026-05-05 18:04:01.015 10 INFO neutron.wsgi [None req-1fb31b02-3ee9-44d4-bcac-08735a0089e0 b0d7d45aca594612a346a9298f3be236 d578839b46864d9795531d330f16f7bc - - default default] 10.0.0.54 "DELETE /v2.0/networks/4e976a05-37d2-49fa-aa80-67ad69bba1df HTTP/1.1" status: 204 len: 168 time: 0.6572824
2026-05-05 18:04:01.045 10 INFO neutron.wsgi [None req-633e0f81-3397-447d-94ce-14bbcef2cfc1 1e968e31a66940a5bd1c29fff473b34f 88684dc2694c423c8970f21000ddcfac - - default default] 10.0.0.54 "DELETE /v2.0/networks/10f80d22-2b30-46f3-8ca2-6de532660cc5 HTTP/1.1" status: 204 len: 168 time: 0.4898591
2026-05-05 18:04:01.048 9 INFO neutron.wsgi [req-e2d40daf-cc7b-4da6-945f-575a6e2505a6 req-f5d7bb6a-c1a1-4ef5-aa91-254aa38294ae a3e87700221945f8a13cad7485063661 724c96a0522c42668b3b2aee66aaa337 - - 7858ee4fb5f245e588d2235dddbb4443 7858ee4fb5f245e588d2235dddbb4443] 199.204.45.38 "GET /v2.0/floatingips?fixed_ip_address=10.100.0.3&port_id=3ff187dc-03b2-4ae4-8482-ad1c319a511a HTTP/1.1" status: 200 len: 217 time: 0.0323198
2026-05-05 18:04:01.051 9 INFO neutron.pecan_wsgi.hooks.translation [None req-6afb6012-adca-4b94-92cd-fcdf78c9abb4 b0d7d45aca594612a346a9298f3be236 d578839b46864d9795531d330f16f7bc - - default default] DELETE failed (client error): The resource could not be found.
2026-05-05 18:04:01.054 9 INFO neutron.wsgi [None req-6afb6012-adca-4b94-92cd-fcdf78c9abb4 b0d7d45aca594612a346a9298f3be236 d578839b46864d9795531d330f16f7bc - - default default] 10.0.0.54 "DELETE /v2.0/networks/4e976a05-37d2-49fa-aa80-67ad69bba1df HTTP/1.1" status: 404 len: 339 time: 0.0311053
2026-05-05 18:04:01.151 9 INFO neutron.wsgi [req-e2d40daf-cc7b-4da6-945f-575a6e2505a6 req-153989f7-6378-424d-b6c3-1d0a334bb295 a3e87700221945f8a13cad7485063661 724c96a0522c42668b3b2aee66aaa337 - - 7858ee4fb5f245e588d2235dddbb4443 7858ee4fb5f245e588d2235dddbb4443] 199.204.45.38 "GET /v2.0/floatingips?fixed_ip_address=10.100.0.5&port_id=3ff187dc-03b2-4ae4-8482-ad1c319a511a HTTP/1.1" status: 200 len: 1059 time: 0.0961833
2026-05-05 18:04:01.191 9 INFO neutron.wsgi [None req-485d86bb-aefb-440c-b459-b6d040c01ebb b0d7d45aca594612a346a9298f3be236 d578839b46864d9795531d330f16f7bc - - default default] 10.0.0.54 "GET /v2.0/networks?router%3Aexternal=True HTTP/1.1" status: 200 len: 845 time: 0.1300995
2026-05-05 18:04:01.212 9 INFO neutron.wsgi [req-e2d40daf-cc7b-4da6-945f-575a6e2505a6 req-60c7660c-99f1-4de9-bec4-ef848728bf6a a3e87700221945f8a13cad7485063661 724c96a0522c42668b3b2aee66aaa337 - - 7858ee4fb5f245e588d2235dddbb4443 7858ee4fb5f245e588d2235dddbb4443] 199.204.45.38 "GET /v2.0/subnets?id=2deebf09-033c-4658-846f-60d5377ced35 HTTP/1.1" status: 200 len: 876 time: 0.0519264
2026-05-05 18:04:01.221 9 INFO neutron.wsgi [req-a7bf8976-6294-43af-b0f6-7299d55704d1 req-90dc69bd-e54e-4ab1-be16-9ddad5b0282d 0f7f5b81e6364f149abcb3cac7ea9684 0959b759bb1d4b7aa33e3485c39c8e36 - - default default] 10.0.0.199 "GET /v2.0/ports?device_id=714515e5-6b15-48a8-a91f-00b1b6226c4e HTTP/1.1" status: 200 len: 1348 time: 0.0503774
2026-05-05 18:04:01.241 9 INFO neutron.wsgi [req-e2d40daf-cc7b-4da6-945f-575a6e2505a6 req-b48697e9-75a7-4903-980d-7916cb89bab0 a3e87700221945f8a13cad7485063661 724c96a0522c42668b3b2aee66aaa337 - - 7858ee4fb5f245e588d2235dddbb4443 7858ee4fb5f245e588d2235dddbb4443] 199.204.45.38 "GET /v2.0/ports?network_id=0dc067a0-05ef-4912-92bd-aa5838509cfa&device_owner=network%3Adhcp HTTP/1.1" status: 200 len: 210 time: 0.0194271
2026-05-05 18:04:01.244 10 INFO neutron.wsgi [None req-4c56e4e8-8729-459d-8e7c-0a0593038f6f b0d7d45aca594612a346a9298f3be236 d578839b46864d9795531d330f16f7bc - - default default] 10.0.0.54 "GET /v2.0/subnets?network_id=35718ed6-b420-4f12-bc7e-4b692e178205 HTTP/1.1" status: 200 len: 820 time: 0.0473783
2026-05-05 18:04:01.256 10 INFO neutron.wsgi [None req-1f548f77-c465-47bb-99fa-f933e9098ae1 b0d7d45aca594612a346a9298f3be236 d578839b46864d9795531d330f16f7bc - - default default] 10.0.0.54 "GET /v2.0/extensions HTTP/1.1" status: 200 len: 18678 time: 0.0063496
2026-05-05 18:04:01.356 10 INFO neutron.wsgi [None req-fc411c86-fb4a-4fe6-943b-3123a09c76af b0d7d45aca594612a346a9298f3be236 d578839b46864d9795531d330f16f7bc - - default default] 10.0.0.54 "GET /v2.0/networks HTTP/1.1" status: 200 len: 1508 time: 0.0950003
2026-05-05 18:04:01.403 10 INFO neutron.wsgi [None req-b9fb2961-a2f1-4b77-9a6b-1b91c2a5c397 b0d7d45aca594612a346a9298f3be236 d578839b46864d9795531d330f16f7bc - - default default] 10.0.0.54 "GET /v2.0/subnets HTTP/1.1" status: 200 len: 1460 time: 0.0409143
2026-05-05 18:04:01.474 10 INFO neutron.wsgi [None req-4237ce82-bed5-4876-9135-e0bb8c8cd245 b0d7d45aca594612a346a9298f3be236 d578839b46864d9795531d330f16f7bc - - default default] 10.0.0.54 "GET /v2.0/networks/f12806ba-bd85-43d1-9da7-3409fa96b905 HTTP/1.1" status: 200 len: 867 time: 0.0655062
2026-05-05 18:04:01.496 9 INFO neutron.wsgi [req-a7bf8976-6294-43af-b0f6-7299d55704d1 req-1e19e17e-ae84-458b-a731-8e861a13809c 0f7f5b81e6364f149abcb3cac7ea9684 0959b759bb1d4b7aa33e3485c39c8e36 - - default default] 10.0.0.199 "GET /v2.0/security-groups?id=cbf32d73-828d-4fd0-81f2-9508418e94f5&fields=id&fields=name HTTP/1.1" status: 200 len: 312 time: 0.2679491
2026-05-05 18:04:01.514 9 INFO neutron.wsgi [req-e2d40daf-cc7b-4da6-945f-575a6e2505a6 req-9a329582-f5c7-4539-8fef-1539c75d5f3f a3e87700221945f8a13cad7485063661 724c96a0522c42668b3b2aee66aaa337 - - 7858ee4fb5f245e588d2235dddbb4443 7858ee4fb5f245e588d2235dddbb4443] 199.204.45.38 "GET /v2.0/networks/0dc067a0-05ef-4912-92bd-aa5838509cfa?fields=segments HTTP/1.1" status: 200 len: 212 time: 0.2653949
2026-05-05 18:04:01.517 10 INFO neutron.wsgi [None req-0744cf6b-19ee-4615-ba12-b48d2e18a311 b0d7d45aca594612a346a9298f3be236 d578839b46864d9795531d330f16f7bc - - default default] 10.0.0.54 "GET /v2.0/subnets/978eb9ab-7e3d-45d2-9664-dd5fe6e2df6e HTTP/1.1" status: 200 len: 843 time: 0.0353682
2026-05-05 18:04:01.541 10 INFO neutron.pecan_wsgi.hooks.translation [None req-6e686ae0-9bc0-403f-874b-2cc44e0b31a7 b0d7d45aca594612a346a9298f3be236 d578839b46864d9795531d330f16f7bc - - default default] DELETE failed (client error): The resource could not be found.
2026-05-05 18:04:01.544 10 INFO neutron.wsgi [None req-6e686ae0-9bc0-403f-874b-2cc44e0b31a7 b0d7d45aca594612a346a9298f3be236 d578839b46864d9795531d330f16f7bc - - default default] 10.0.0.54 "DELETE /v2.0/subnets/873f8f9d-f504-4825-ad50-1aac1cbe392d HTTP/1.1" status: 404 len: 337 time: 0.0225086
2026-05-05 18:04:01.568 10 INFO neutron.pecan_wsgi.hooks.translation [None req-fcc5d0e1-e9fd-482e-975c-555851e6c94d b0d7d45aca594612a346a9298f3be236 d578839b46864d9795531d330f16f7bc - - default default] DELETE failed (client error): The resource could not be found.
2026-05-05 18:04:01.571 10 INFO neutron.wsgi [None req-fcc5d0e1-e9fd-482e-975c-555851e6c94d b0d7d45aca594612a346a9298f3be236 d578839b46864d9795531d330f16f7bc - - default default] 10.0.0.54 "DELETE /v2.0/networks/4e976a05-37d2-49fa-aa80-67ad69bba1df HTTP/1.1" status: 404 len: 339 time: 0.0204649
2026-05-05 18:04:01.599 9 INFO neutron.wsgi [req-e2d40daf-cc7b-4da6-945f-575a6e2505a6 req-ba763415-f7ea-4fca-bb8e-8ed2864d7824 a3e87700221945f8a13cad7485063661 724c96a0522c42668b3b2aee66aaa337 - - 7858ee4fb5f245e588d2235dddbb4443 7858ee4fb5f245e588d2235dddbb4443] 199.204.45.38 "GET /v2.0/networks/0dc067a0-05ef-4912-92bd-aa5838509cfa?fields=provider%3Aphysical_network&fields=provider%3Anetwork_type HTTP/1.1" status: 200 len: 277 time: 0.0736902
2026-05-05 18:04:01.665 10 INFO neutron.services.segments.plugin [-] Segment 41618749-4bd8-44f6-b906-8aafb78edfdf resource provider aggregate not found
2026-05-05 18:04:01.670 10 INFO neutron.services.segments.plugin [-] Segment 41618749-4bd8-44f6-b906-8aafb78edfdf resource provider aggregate not found
2026-05-05 18:04:01.684 10 INFO neutron.services.segments.plugin [-] Segment 41618749-4bd8-44f6-b906-8aafb78edfdf resource provider not found; error: Placement Client Error (4xx): {"errors": [{"status": 404, "title": "Not Found", "detail": "The resource could not be found.\n\n No resource provider with uuid 41618749-4bd8-44f6-b906-8aafb78edfdf found for delete ", "request_id": "req-6a143258-5f1b-4430-a161-af4705461c57"}]}
2026-05-05 18:04:01.689 10 INFO neutron.services.segments.plugin [-] Segment 41618749-4bd8-44f6-b906-8aafb78edfdf resource provider not found; error: Placement Client Error (4xx): {"errors": [{"status": 404, "title": "Not Found", "detail": "The resource could not be found.\n\n No resource provider with uuid 41618749-4bd8-44f6-b906-8aafb78edfdf found for delete ", "request_id": "req-50ea1041-56c6-4d44-9f78-a76e5e45bfc7"}]}
2026-05-05 18:04:01.694 9 INFO neutron.wsgi [req-8d9fd6f2-9435-4aca-8215-cff7939c0b70 req-273c5c9e-addd-40b9-b86c-6b16d617e3a0 0f7f5b81e6364f149abcb3cac7ea9684 0959b759bb1d4b7aa33e3485c39c8e36 - - default default] 199.204.45.38 "GET /v2.0/ports?device_id=714515e5-6b15-48a8-a91f-00b1b6226c4e&device_owner=compute%3Anova&fixed_ips=ip_address%3D10.100.0.3 HTTP/1.1" status: 200 len: 1348 time: 0.0663893
2026-05-05 18:04:01.696 10 INFO neutron.services.segments.plugin [-] Segment de0dd902-2301-45f9-a4d2-56b56fd1158c resource provider aggregate not found
2026-05-05 18:04:01.703 10 INFO neutron.services.segments.plugin [-] Segment de0dd902-2301-45f9-a4d2-56b56fd1158c resource provider aggregate not found
2026-05-05 18:04:01.707 10 INFO neutron.services.segments.plugin [-] Segment de0dd902-2301-45f9-a4d2-56b56fd1158c resource provider not found; error: Placement Client Error (4xx): {"errors": [{"status": 404, "title": "Not Found", "detail": "The resource could not be found.\n\n No resource provider with uuid de0dd902-2301-45f9-a4d2-56b56fd1158c found for delete ", "request_id": "req-3a22b8e7-6489-4f42-8566-59dd6c81fe57"}]}
2026-05-05 18:04:01.722 10 INFO neutron.services.segments.plugin [-] Segment de0dd902-2301-45f9-a4d2-56b56fd1158c resource provider not found; error: Placement Client Error (4xx): {"errors": [{"status": 404, "title": "Not Found", "detail": "The resource could not be found.\n\n No resource provider with uuid de0dd902-2301-45f9-a4d2-56b56fd1158c found for delete ", "request_id": "req-f8a4edd2-c1ee-4f56-805c-18ebd9c3a55f"}]}
2026-05-05 18:04:01.763 9 INFO neutron.wsgi [None req-f0b86ad7-cd66-4ab4-85ad-e008a62911a4 9ca1bdaa54554a71b8685a18f03db938 fff08702b4174297bbbe71aa52d028ce - - default default] 10.0.0.54 "GET /v2.0/security-groups?tenant_id=88684dc2694c423c8970f21000ddcfac&name=default HTTP/1.1" status: 200 len: 3120 time: 0.2574253
2026-05-05 18:04:01.799 10 INFO neutron.wsgi [None req-91afcd12-39a5-4abf-8024-c237d581aab8 b0d7d45aca594612a346a9298f3be236 d578839b46864d9795531d330f16f7bc - - default default] 10.0.0.54 "DELETE /v2.0/subnets/978eb9ab-7e3d-45d2-9664-dd5fe6e2df6e HTTP/1.1" status: 204 len: 168 time: 0.2221773
2026-05-05 18:04:02.001 10 INFO neutron.wsgi [None req-929b8c73-bc0b-4348-be21-389321ebe73c 9ca1bdaa54554a71b8685a18f03db938 fff08702b4174297bbbe71aa52d028ce - - default default] 10.0.0.54 "DELETE /v2.0/security-groups/1a16af2b-2143-482d-b6fd-4c850c2ddf55 HTTP/1.1" status: 204 len: 168 time: 0.2324958
2026-05-05 18:04:02.346 9 INFO neutron.wsgi [None req-a2fc8700-f4bd-4924-916f-4fbdcce3b9ce b0d7d45aca594612a346a9298f3be236 d578839b46864d9795531d330f16f7bc - - default default] 10.0.0.54 "DELETE /v2.0/networks/f12806ba-bd85-43d1-9da7-3409fa96b905 HTTP/1.1" status: 204 len: 168 time: 0.5418396
2026-05-05 18:04:02.363 9 INFO neutron.db.ovn_revision_numbers_db [req-8d9fd6f2-9435-4aca-8215-cff7939c0b70 req-f61adf21-2516-44f6-90a1-61e8c1d7aa62 0f7f5b81e6364f149abcb3cac7ea9684 0959b759bb1d4b7aa33e3485c39c8e36 - - default default] Successfully bumped revision number for resource 3ff187dc-03b2-4ae4-8482-ad1c319a511a (type: ports) to 6
2026-05-05 18:04:02.376 9 INFO neutron.wsgi [req-8d9fd6f2-9435-4aca-8215-cff7939c0b70 req-f61adf21-2516-44f6-90a1-61e8c1d7aa62 0f7f5b81e6364f149abcb3cac7ea9684 0959b759bb1d4b7aa33e3485c39c8e36 - - default default] 199.204.45.38 "PUT /v2.0/ports/3ff187dc-03b2-4ae4-8482-ad1c319a511a HTTP/1.1" status: 200 len: 1167 time: 0.6775577 /var/lib/openstack/lib/python3.10/site-packages/pycadf/identifier.py:71: UserWarning: Invalid uuid: neutron. To ensure interoperability, identifiers should be a valid uuid. warnings.warn(('Invalid uuid: %s. To ensure interoperability, '
2026-05-05 18:04:02.423 9 INFO neutron.notifiers.nova [-] Nova event matching ['req-17bcd4f9-a804-4667-b63f-234518a8281d'] response: {'name': 'network-changed', 'server_uuid': '714515e5-6b15-48a8-a91f-00b1b6226c4e', 'tag': '3ff187dc-03b2-4ae4-8482-ad1c319a511a', 'status': 'completed', 'code': 200}
2026-05-05 18:04:02.441 9 INFO neutron.wsgi [req-8d9fd6f2-9435-4aca-8215-cff7939c0b70 req-8c01becb-3c29-4399-8ae6-64b2d3e6fed1 a3e87700221945f8a13cad7485063661 724c96a0522c42668b3b2aee66aaa337 - - 7858ee4fb5f245e588d2235dddbb4443 7858ee4fb5f245e588d2235dddbb4443] 199.204.45.38 "GET /v2.0/ports?tenant_id=0959b759bb1d4b7aa33e3485c39c8e36&device_id=714515e5-6b15-48a8-a91f-00b1b6226c4e HTTP/1.1" status: 200 len: 1409 time: 0.0407526
2026-05-05 18:04:02.514 9 INFO neutron.wsgi [req-8d9fd6f2-9435-4aca-8215-cff7939c0b70 req-d954eb4e-643b-4d10-958c-50ba417fe44c a3e87700221945f8a13cad7485063661 724c96a0522c42668b3b2aee66aaa337 - - 7858ee4fb5f245e588d2235dddbb4443 7858ee4fb5f245e588d2235dddbb4443] 199.204.45.38 "GET /v2.0/networks?id=0dc067a0-05ef-4912-92bd-aa5838509cfa HTTP/1.1" status: 200 len: 981 time: 0.0648711
2026-05-05 18:04:02.565 9 INFO neutron.wsgi [req-8d9fd6f2-9435-4aca-8215-cff7939c0b70 req-6a2b0330-d654-4527-b032-a7a4a2f94b6b a3e87700221945f8a13cad7485063661 724c96a0522c42668b3b2aee66aaa337 - - 7858ee4fb5f245e588d2235dddbb4443 7858ee4fb5f245e588d2235dddbb4443] 199.204.45.38 "GET /v2.0/floatingips?fixed_ip_address=10.100.0.5&port_id=3ff187dc-03b2-4ae4-8482-ad1c319a511a HTTP/1.1" status: 200 len: 1059 time: 0.0433555
2026-05-05 18:04:02.601 9 INFO neutron.wsgi [req-8d9fd6f2-9435-4aca-8215-cff7939c0b70 req-9700e640-0168-4477-b395-f161a0eefb1d a3e87700221945f8a13cad7485063661 724c96a0522c42668b3b2aee66aaa337 - - 7858ee4fb5f245e588d2235dddbb4443 7858ee4fb5f245e588d2235dddbb4443] 199.204.45.38 "GET /v2.0/subnets?id=2deebf09-033c-4658-846f-60d5377ced35 HTTP/1.1" status: 200 len: 876 time: 0.0298402
2026-05-05 18:04:02.627 9 INFO neutron.wsgi [req-8d9fd6f2-9435-4aca-8215-cff7939c0b70 req-1d0b304e-2ad0-4c0a-b767-ee9793d00f11 a3e87700221945f8a13cad7485063661 724c96a0522c42668b3b2aee66aaa337 - - 7858ee4fb5f245e588d2235dddbb4443 7858ee4fb5f245e588d2235dddbb4443] 199.204.45.38 "GET /v2.0/ports?network_id=0dc067a0-05ef-4912-92bd-aa5838509cfa&device_owner=network%3Adhcp HTTP/1.1" status: 200 len: 210 time: 0.0199022
2026-05-05 18:04:02.695 9 INFO neutron.wsgi [req-8d9fd6f2-9435-4aca-8215-cff7939c0b70 req-9a389bf7-bbbe-4b91-9809-455ae5fb7aaa a3e87700221945f8a13cad7485063661 724c96a0522c42668b3b2aee66aaa337 - - 7858ee4fb5f245e588d2235dddbb4443 7858ee4fb5f245e588d2235dddbb4443] 199.204.45.38 "GET /v2.0/networks/0dc067a0-05ef-4912-92bd-aa5838509cfa?fields=segments HTTP/1.1" status: 200 len: 212 time: 0.0609324
2026-05-05 18:04:02.750 9 INFO neutron.wsgi [req-8d9fd6f2-9435-4aca-8215-cff7939c0b70 req-f489a6ef-7f9d-446d-929f-e1d3f6c85aa5 a3e87700221945f8a13cad7485063661 724c96a0522c42668b3b2aee66aaa337 - - 7858ee4fb5f245e588d2235dddbb4443 7858ee4fb5f245e588d2235dddbb4443] 199.204.45.38 "GET /v2.0/networks/0dc067a0-05ef-4912-92bd-aa5838509cfa?fields=provider%3Aphysical_network&fields=provider%3Anetwork_type HTTP/1.1" status: 200 len: 277 time: 0.0456381
2026-05-05 18:04:02.843 9 INFO neutron.wsgi [req-693f86a9-c393-4ce9-b12a-fbe968a38fb9 req-a67ab139-084d-4228-aadd-b85ee7476640 a3e87700221945f8a13cad7485063661 724c96a0522c42668b3b2aee66aaa337 - - 7858ee4fb5f245e588d2235dddbb4443 7858ee4fb5f245e588d2235dddbb4443] 199.204.45.38 "GET /v2.0/ports?tenant_id=0959b759bb1d4b7aa33e3485c39c8e36&device_id=714515e5-6b15-48a8-a91f-00b1b6226c4e HTTP/1.1" status: 200 len: 1409 time: 0.0484717
2026-05-05 18:04:02.918 9 INFO neutron.wsgi [req-693f86a9-c393-4ce9-b12a-fbe968a38fb9 req-e02790e6-d265-45e8-bafc-2a0a4b08d9c4 a3e87700221945f8a13cad7485063661 724c96a0522c42668b3b2aee66aaa337 - - 7858ee4fb5f245e588d2235dddbb4443 7858ee4fb5f245e588d2235dddbb4443] 199.204.45.38 "GET /v2.0/networks?id=0dc067a0-05ef-4912-92bd-aa5838509cfa HTTP/1.1" status: 200 len: 981 time: 0.0681479
2026-05-05 18:04:02.965 9 INFO neutron.wsgi [req-693f86a9-c393-4ce9-b12a-fbe968a38fb9 req-98b65f9d-f380-4d83-98c7-dbe87b775a59 a3e87700221945f8a13cad7485063661 724c96a0522c42668b3b2aee66aaa337 - - 7858ee4fb5f245e588d2235dddbb4443 7858ee4fb5f245e588d2235dddbb4443] 199.204.45.38 "GET /v2.0/floatingips?fixed_ip_address=10.100.0.5&port_id=3ff187dc-03b2-4ae4-8482-ad1c319a511a HTTP/1.1" status: 200 len: 1059 time: 0.0408425
2026-05-05 18:04:02.993 9 INFO neutron.services.segments.plugin [-] Segment e7ca282a-095e-43a2-8f05-4610d8ca0ca5 resource provider aggregate not found
2026-05-05 18:04:03.007 9 INFO neutron.services.segments.plugin [-] Segment e7ca282a-095e-43a2-8f05-4610d8ca0ca5 resource provider aggregate not found
2026-05-05 18:04:03.015 9 INFO neutron.services.segments.plugin [-] Segment e7ca282a-095e-43a2-8f05-4610d8ca0ca5 resource provider not found; error: Placement Client Error (4xx): {"errors": [{"status": 404, "title": "Not Found", "detail": "The resource could not be found.\n\n No resource provider with uuid e7ca282a-095e-43a2-8f05-4610d8ca0ca5 found for delete ", "request_id": "req-804f15bc-6b78-4cfe-a9b6-41ba677c84f3"}]}
2026-05-05 18:04:03.024 9 INFO neutron.services.segments.plugin [-] Segment e7ca282a-095e-43a2-8f05-4610d8ca0ca5 resource provider not found; error: Placement Client Error (4xx): {"errors": [{"status": 404, "title": "Not Found", "detail": "The resource could not be found.\n\n No resource provider with uuid e7ca282a-095e-43a2-8f05-4610d8ca0ca5 found for delete ", "request_id": "req-6296d3e2-915a-440a-b804-abc1ba054315"}]}
2026-05-05 18:04:03.036 9 INFO neutron.wsgi [req-693f86a9-c393-4ce9-b12a-fbe968a38fb9 req-e45e6fcc-7ad2-4200-a124-0bd76d98c4e7 a3e87700221945f8a13cad7485063661 724c96a0522c42668b3b2aee66aaa337 - - 7858ee4fb5f245e588d2235dddbb4443 7858ee4fb5f245e588d2235dddbb4443] 199.204.45.38 "GET /v2.0/subnets?id=2deebf09-033c-4658-846f-60d5377ced35 HTTP/1.1" status: 200 len: 876 time: 0.0626600
2026-05-05 18:04:03.059 9 INFO neutron.wsgi [None req-809b0df1-1c9c-4094-85ce-c77c6df76d45 9ca1bdaa54554a71b8685a18f03db938 fff08702b4174297bbbe71aa52d028ce - - default default] 10.0.0.54 "GET /v2.0/security-groups?tenant_id=d578839b46864d9795531d330f16f7bc&name=default HTTP/1.1" status: 200 len: 3120 time: 0.2125995
2026-05-05 18:04:03.068 9 INFO neutron.wsgi [req-693f86a9-c393-4ce9-b12a-fbe968a38fb9 req-2f0b1f54-266d-440d-9a27-2f323a834bf3 a3e87700221945f8a13cad7485063661 724c96a0522c42668b3b2aee66aaa337 - - 7858ee4fb5f245e588d2235dddbb4443 7858ee4fb5f245e588d2235dddbb4443] 199.204.45.38 "GET /v2.0/ports?network_id=0dc067a0-05ef-4912-92bd-aa5838509cfa&device_owner=network%3Adhcp HTTP/1.1" status: 200 len: 210 time: 0.0226393
2026-05-05 18:04:03.130 9 INFO neutron.wsgi [req-693f86a9-c393-4ce9-b12a-fbe968a38fb9 req-7bed7717-8554-4b9f-a9d1-62c84ed25a81 a3e87700221945f8a13cad7485063661 724c96a0522c42668b3b2aee66aaa337 - - 7858ee4fb5f245e588d2235dddbb4443 7858ee4fb5f245e588d2235dddbb4443] 199.204.45.38 "GET /v2.0/networks/0dc067a0-05ef-4912-92bd-aa5838509cfa?fields=segments HTTP/1.1" status: 200 len: 212 time: 0.0568843
2026-05-05 18:04:03.198 9 INFO neutron.wsgi [req-693f86a9-c393-4ce9-b12a-fbe968a38fb9 req-8deb76a1-37c3-4c0d-bd31-3708ef1aad19 a3e87700221945f8a13cad7485063661 724c96a0522c42668b3b2aee66aaa337 - - 7858ee4fb5f245e588d2235dddbb4443 7858ee4fb5f245e588d2235dddbb4443] 199.204.45.38 "GET /v2.0/networks/0dc067a0-05ef-4912-92bd-aa5838509cfa?fields=provider%3Aphysical_network&fields=provider%3Anetwork_type HTTP/1.1" status: 200 len: 277 time: 0.0598092
2026-05-05 18:04:03.326 10 INFO neutron.wsgi [None req-4e7bb366-f187-4255-a71d-96c8edb6fa11 9ca1bdaa54554a71b8685a18f03db938 fff08702b4174297bbbe71aa52d028ce - - default default] 10.0.0.54 "DELETE /v2.0/security-groups/c927f4c8-d2cc-4aa1-a9a6-66f8d32fa12a HTTP/1.1" status: 204 len: 168 time: 0.2608769
2026-05-05 18:04:03.882 10 INFO neutron.wsgi [req-d5fda826-51e0-4410-a1a4-7f187fe3a752 req-fda3160f-2692-48ee-abc5-7a90c6952054 0f7f5b81e6364f149abcb3cac7ea9684 0959b759bb1d4b7aa33e3485c39c8e36 - - default default] 10.0.0.199 "GET /v2.0/ports?device_id=714515e5-6b15-48a8-a91f-00b1b6226c4e HTTP/1.1" status: 200 len: 1170 time: 0.0469508
2026-05-05 18:04:03.903 10 INFO neutron.plugins.ml2.drivers.ovn.mech_driver.mech_driver [None req-441a7c56-4fe4-4595-b3d7-1091a20e8025 - - - - - -] OVN reports status down for port: 3ff187dc-03b2-4ae4-8482-ad1c319a511a
2026-05-05 18:04:03.945 10 INFO neutron.wsgi [req-d5fda826-51e0-4410-a1a4-7f187fe3a752 req-cbe6a80f-67ee-4cde-b00f-666e4fcb02d9 0f7f5b81e6364f149abcb3cac7ea9684 0959b759bb1d4b7aa33e3485c39c8e36 - - default default] 10.0.0.199 "GET /v2.0/security-groups?id=cbf32d73-828d-4fd0-81f2-9508418e94f5&fields=id&fields=name HTTP/1.1" status: 200 len: 312 time: 0.0568521
2026-05-05 18:04:04.059 10 INFO neutron.notifiers.nova [-] Nova event matching ['req-b8470147-b01c-4e5e-ba6d-c697f43df4ce'] response: {'server_uuid': '714515e5-6b15-48a8-a91f-00b1b6226c4e', 'name': 'network-vif-unplugged', 'status': 'completed', 'tag': '3ff187dc-03b2-4ae4-8482-ad1c319a511a', 'code': 200}
2026-05-05 18:04:04.140 9 WARNING neutron_lib.context [None req-c1913b1c-d500-4593-b323-f37f257144d0 e7eca6a67e6c4c47a56576d7fb219aa7 1c073f814aca427f95643876cbe8942a - - default default] Method 'is_advsvc' is deprecated since 2023.2 release (neutron-lib 3.8.0) and will be removed once support for the old RBAC API policies will be removed from Neutron. Please use method 'is_service_role' instead.
2026-05-05 18:04:04.211 10 INFO neutron.db.ovn_revision_numbers_db [None req-441a7c56-4fe4-4595-b3d7-1091a20e8025 - - - - - -] Successfully bumped revision number for resource 3ff187dc-03b2-4ae4-8482-ad1c319a511a (type: ports) to 7
2026-05-05 18:04:04.311 9 INFO neutron.wsgi [req-340070b3-6a5a-419f-874b-f47a2be76a15 req-a181dfea-ddd7-45e2-a8db-f0499f224822 0f7f5b81e6364f149abcb3cac7ea9684 0959b759bb1d4b7aa33e3485c39c8e36 - - default default] 199.204.45.38 "GET /v2.0/ports?device_id=714515e5-6b15-48a8-a91f-00b1b6226c4e HTTP/1.1" status: 200 len: 1168 time: 0.1407018
2026-05-05 18:04:04.367 9 INFO neutron.db.ovn_revision_numbers_db [None req-c1913b1c-d500-4593-b323-f37f257144d0 e7eca6a67e6c4c47a56576d7fb219aa7 1c073f814aca427f95643876cbe8942a - - default default] Successfully bumped revision number for resource 98bf9efc-dd76-49b7-b4d7-f4fd4589dd42 (type: security_groups) to 1
2026-05-05 18:04:04.394 9 INFO neutron.db.ovn_revision_numbers_db [None req-c1913b1c-d500-4593-b323-f37f257144d0 e7eca6a67e6c4c47a56576d7fb219aa7 1c073f814aca427f95643876cbe8942a - - default default] Successfully bumped revision number for resource 2d882643-4293-4b26-8ef2-c7fe0743bf1d (type: security_group_rules) to 0
2026-05-05 18:04:04.415 9 INFO neutron.db.ovn_revision_numbers_db [None req-c1913b1c-d500-4593-b323-f37f257144d0 e7eca6a67e6c4c47a56576d7fb219aa7 1c073f814aca427f95643876cbe8942a - - default default] Successfully bumped revision number for resource 355cc0ba-7ddb-417f-9389-21d4a28a466d (type: security_group_rules) to 0
2026-05-05 18:04:04.433 9 INFO neutron.db.ovn_revision_numbers_db [None req-c1913b1c-d500-4593-b323-f37f257144d0 e7eca6a67e6c4c47a56576d7fb219aa7 1c073f814aca427f95643876cbe8942a - - default default] Successfully bumped revision number for resource 624c2c9c-ef87-4a75-8aeb-2212231d7107 (type: security_group_rules) to 0
2026-05-05 18:04:04.455 9 INFO neutron.db.ovn_revision_numbers_db [None req-c1913b1c-d500-4593-b323-f37f257144d0 e7eca6a67e6c4c47a56576d7fb219aa7 1c073f814aca427f95643876cbe8942a - - default default] Successfully bumped revision number for resource e195243d-8b92-4a5c-9fa9-bc2959739f63 (type: security_group_rules) to 0
2026-05-05 18:04:04.518 9 INFO neutron.db.segments_db [None req-c1913b1c-d500-4593-b323-f37f257144d0 e7eca6a67e6c4c47a56576d7fb219aa7 1c073f814aca427f95643876cbe8942a - - default default] Added segment 24d9a563-ab68-4f1d-9e81-b8be25c4c6ad of type geneve for network 463375ca-1a23-447f-9023-4ca680376ea2
2026-05-05 18:04:04.699 9 INFO neutron.db.ovn_revision_numbers_db [None req-c1913b1c-d500-4593-b323-f37f257144d0 e7eca6a67e6c4c47a56576d7fb219aa7 1c073f814aca427f95643876cbe8942a - - default default] Successfully bumped revision number for resource 463375ca-1a23-447f-9023-4ca680376ea2 (type: networks) to 1
2026-05-05 18:04:04.789 9 INFO neutron.db.l3_db [req-340070b3-6a5a-419f-874b-f47a2be76a15 req-e316f640-cf28-439e-b6b5-93b8c4ba341a 0f7f5b81e6364f149abcb3cac7ea9684 0959b759bb1d4b7aa33e3485c39c8e36 - - default default] Floating IP f5e69152-5f78-4efe-9320-7801872f69f6 disassociated. External IP: 10.96.250.209, port: 3ff187dc-03b2-4ae4-8482-ad1c319a511a.
