2026-05-05 18:05:51.826 10 INFO neutron.wsgi [None req-55514955-747e-4d43-9d9d-2181226cab07 9ca1bdaa54554a71b8685a18f03db938 fff08702b4174297bbbe71aa52d028ce - - default default] 10.0.0.54 "DELETE /v2.0/subnets/26608222-a693-4d75-bb43-ab6b6d236439 HTTP/1.1" status: 204 len: 168 time: 0.2465105
2026-05-05 18:05:51.889 9 INFO neutron.wsgi [req-a138c910-9ed1-4775-b5e4-d42fb0939ddf req-c8684d5f-543a-471e-8a2c-67b1c496634d a3e87700221945f8a13cad7485063661 724c96a0522c42668b3b2aee66aaa337 - - 7858ee4fb5f245e588d2235dddbb4443 7858ee4fb5f245e588d2235dddbb4443] 199.204.45.38 "GET /v2.0/networks/76cb9019-ecbd-4f39-8255-a3a72672f326?fields=segments HTTP/1.1" status: 200 len: 212 time: 0.0748353
2026-05-05 18:05:51.960 9 INFO neutron.wsgi [req-a138c910-9ed1-4775-b5e4-d42fb0939ddf req-e954bab0-5bca-4d7f-93bd-0fa6a427c5e0 a3e87700221945f8a13cad7485063661 724c96a0522c42668b3b2aee66aaa337 - - 7858ee4fb5f245e588d2235dddbb4443 7858ee4fb5f245e588d2235dddbb4443] 199.204.45.38 "GET /v2.0/networks/76cb9019-ecbd-4f39-8255-a3a72672f326?fields=provider%3Aphysical_network&fields=provider%3Anetwork_type HTTP/1.1" status: 200 len: 277 time: 0.0650334
2026-05-05 18:05:52.000 9 INFO neutron.wsgi [-] 10.0.0.150 "GET / HTTP/1.1" status: 200 len: 245 time: 0.0034304
2026-05-05 18:05:52.003 9 INFO neutron.wsgi [-] 10.0.0.150 "GET / HTTP/1.1" status: 200 len: 245 time: 0.0017977
2026-05-05 18:05:52.293 10 INFO neutron.services.segments.plugin [-] Segment d0adb41f-3122-4553-a54c-57557561eb28 resource provider aggregate not found
2026-05-05 18:05:52.300 10 INFO neutron.services.segments.plugin [-] Segment d0adb41f-3122-4553-a54c-57557561eb28 resource provider aggregate not found
2026-05-05 18:05:52.330 10 INFO neutron.services.segments.plugin [-] Segment d0adb41f-3122-4553-a54c-57557561eb28 resource provider not found; error: Placement Client Error (4xx): {"errors": [{"status": 404, "title": "Not Found", "detail": "The resource could not be found.\n\n No resource provider with uuid d0adb41f-3122-4553-a54c-57557561eb28 found for delete ", "request_id": "req-b694b60c-ecc9-423c-ad2d-a5895da68bdc"}]}
2026-05-05 18:05:52.333 10 INFO neutron.services.segments.plugin [-] Segment d0adb41f-3122-4553-a54c-57557561eb28 resource provider not found; error: Placement Client Error (4xx): {"errors": [{"status": 404, "title": "Not Found", "detail": "The resource could not be found.\n\n No resource provider with uuid d0adb41f-3122-4553-a54c-57557561eb28 found for delete ", "request_id": "req-8809aa7d-6583-42cd-944e-255d85af213e"}]}
2026-05-05 18:05:52.338 10 INFO neutron.wsgi [None req-c294284a-2dc2-48a4-bbb8-0b0786e2b015 9ca1bdaa54554a71b8685a18f03db938 fff08702b4174297bbbe71aa52d028ce - - default default] 10.0.0.54 "DELETE /v2.0/networks/51893bd4-3720-44ac-9717-997b7fb06c67 HTTP/1.1" status: 204 len: 168 time: 0.5062168
2026-05-05 18:05:52.745 9 INFO neutron.wsgi [None req-0cb2ca64-170a-4158-97a2-6df3f306b4d0 9ca1bdaa54554a71b8685a18f03db938 fff08702b4174297bbbe71aa52d028ce - - default default] 10.0.0.54 "GET /v2.0/security-groups?tenant_id=6715395e5c1a4bb3918503245ecb89ef&name=default HTTP/1.1" status: 200 len: 3120 time: 0.0651085
2026-05-05 18:05:53.048 9 INFO neutron.wsgi [None req-93cab84d-c0ef-456e-89df-f6c304234181 9ca1bdaa54554a71b8685a18f03db938 fff08702b4174297bbbe71aa52d028ce - - default default] 10.0.0.54 "DELETE /v2.0/security-groups/948cc259-a22b-41c6-ab3b-5e4db099e3cf HTTP/1.1" status: 204 len: 168 time: 0.2911084
2026-05-05 18:05:53.112 10 WARNING neutron_lib.context [None req-1510e8df-46d3-481c-a4fe-dafc369de493 53156b4d62ab4b83a5a5057a44113eac d92a57329bd74852891cf74afc300a25 - - default default] Method 'is_advsvc' is deprecated since 2023.2 release (neutron-lib 3.8.0) and will be removed once support for the old RBAC API policies will be removed from Neutron. Please use method 'is_service_role' instead.
2026-05-05 18:05:53.286 10 INFO neutron.db.ovn_revision_numbers_db [None req-1510e8df-46d3-481c-a4fe-dafc369de493 53156b4d62ab4b83a5a5057a44113eac d92a57329bd74852891cf74afc300a25 - - default default] Successfully bumped revision number for resource 83ac6cfb-a961-4b1a-84ef-5e78b582cd02 (type: security_groups) to 1
2026-05-05 18:05:53.300 10 INFO neutron.db.ovn_revision_numbers_db [None req-1510e8df-46d3-481c-a4fe-dafc369de493 53156b4d62ab4b83a5a5057a44113eac d92a57329bd74852891cf74afc300a25 - - default default] Successfully bumped revision number for resource 027ad4e0-f2e1-4ec4-be31-81fdbd811b45 (type: security_group_rules) to 0
2026-05-05 18:05:53.312 10 INFO neutron.db.ovn_revision_numbers_db [None req-1510e8df-46d3-481c-a4fe-dafc369de493 53156b4d62ab4b83a5a5057a44113eac d92a57329bd74852891cf74afc300a25 - - default default] Successfully bumped revision number for resource 740050fa-1777-4ea2-9721-6f8d0a7590f4 (type: security_group_rules) to 0
2026-05-05 18:05:53.326 10 INFO neutron.db.ovn_revision_numbers_db [None req-1510e8df-46d3-481c-a4fe-dafc369de493 53156b4d62ab4b83a5a5057a44113eac d92a57329bd74852891cf74afc300a25 - - default default] Successfully bumped revision number for resource 8552a014-e0a3-42b9-8541-6897b94ec401 (type: security_group_rules) to 0
2026-05-05 18:05:53.337 10 INFO neutron.db.ovn_revision_numbers_db [None req-1510e8df-46d3-481c-a4fe-dafc369de493 53156b4d62ab4b83a5a5057a44113eac d92a57329bd74852891cf74afc300a25 - - default default] Successfully bumped revision number for resource e9ed462b-a093-4801-aa17-cb4da7eef662 (type: security_group_rules) to 0
2026-05-05 18:05:53.395 10 INFO neutron.db.segments_db [None req-1510e8df-46d3-481c-a4fe-dafc369de493 53156b4d62ab4b83a5a5057a44113eac d92a57329bd74852891cf74afc300a25 - - default default] Added segment 1012ac4e-3e5f-45a8-9a22-90e3cf33f0af of type geneve for network 77eb413e-0bfc-4bf2-940e-1f77f4081eca
2026-05-05 18:05:53.565 10 INFO neutron.db.ovn_revision_numbers_db [None req-1510e8df-46d3-481c-a4fe-dafc369de493 53156b4d62ab4b83a5a5057a44113eac d92a57329bd74852891cf74afc300a25 - - default default] Successfully bumped revision number for resource 77eb413e-0bfc-4bf2-940e-1f77f4081eca (type: networks) to 1
2026-05-05 18:05:53.816 10 WARNING neutron.scheduler.dhcp_agent_scheduler [None req-1510e8df-46d3-481c-a4fe-dafc369de493 53156b4d62ab4b83a5a5057a44113eac d92a57329bd74852891cf74afc300a25 - - default default] No more DHCP agents
2026-05-05 18:05:53.820 10 WARNING neutron.api.rpc.agentnotifiers.dhcp_rpc_agent_api [None req-1510e8df-46d3-481c-a4fe-dafc369de493 53156b4d62ab4b83a5a5057a44113eac d92a57329bd74852891cf74afc300a25 - - default default] Unable to schedule network 77eb413e-0bfc-4bf2-940e-1f77f4081eca: no agents available; will retry on subsequent port and subnet creation events.
2026-05-05 18:05:53.920 10 INFO neutron.db.ovn_revision_numbers_db [None req-1510e8df-46d3-481c-a4fe-dafc369de493 53156b4d62ab4b83a5a5057a44113eac d92a57329bd74852891cf74afc300a25 - - default default] Successfully bumped revision number for resource 53cd6183-d241-4a18-8967-2c7641698281 (type: ports) to 1
2026-05-05 18:05:53.947 10 INFO neutron.wsgi [None req-1510e8df-46d3-481c-a4fe-dafc369de493 53156b4d62ab4b83a5a5057a44113eac d92a57329bd74852891cf74afc300a25 - - default default] 10.0.0.54 "POST /v2.0/networks HTTP/1.1" status: 201 len: 830 time: 1.0644288
2026-05-05 18:05:53.965 10 WARNING neutron_lib.context [None req-6a9a3627-f87d-4792-94d7-98b05c73a476 53156b4d62ab4b83a5a5057a44113eac d92a57329bd74852891cf74afc300a25 - - default default] Method 'is_advsvc' is deprecated since 2023.2 release (neutron-lib 3.8.0) and will be removed once support for the old RBAC API policies will be removed from Neutron. Please use method 'is_service_role' instead.
2026-05-05 18:05:54.252 10 WARNING neutron.scheduler.dhcp_agent_scheduler [None req-6a9a3627-f87d-4792-94d7-98b05c73a476 53156b4d62ab4b83a5a5057a44113eac d92a57329bd74852891cf74afc300a25 - - default default] No more DHCP agents
2026-05-05 18:05:54.253 10 WARNING neutron.api.rpc.agentnotifiers.dhcp_rpc_agent_api [None req-6a9a3627-f87d-4792-94d7-98b05c73a476 53156b4d62ab4b83a5a5057a44113eac d92a57329bd74852891cf74afc300a25 - - default default] Unable to schedule network 77eb413e-0bfc-4bf2-940e-1f77f4081eca: no agents available; will retry on subsequent port and subnet creation events.
2026-05-05 18:05:55.075 10 INFO neutron.db.ovn_revision_numbers_db [None req-6a9a3627-f87d-4792-94d7-98b05c73a476 53156b4d62ab4b83a5a5057a44113eac d92a57329bd74852891cf74afc300a25 - - default default] Successfully bumped revision number for resource 53cd6183-d241-4a18-8967-2c7641698281 (type: ports) to 2
2026-05-05 18:05:55.145 10 INFO neutron.db.ovn_revision_numbers_db [None req-6a9a3627-f87d-4792-94d7-98b05c73a476 53156b4d62ab4b83a5a5057a44113eac d92a57329bd74852891cf74afc300a25 - - default default] Successfully bumped revision number for resource 565642bf-4e7e-4e1a-bcc2-fff89be4a047 (type: subnets) to 0
2026-05-05 18:05:55.162 10 INFO neutron.wsgi [None req-6a9a3627-f87d-4792-94d7-98b05c73a476 53156b4d62ab4b83a5a5057a44113eac d92a57329bd74852891cf74afc300a25 - - default default] 10.0.0.54 "POST /v2.0/subnets HTTP/1.1" status: 201 len: 801 time: 1.2075427
2026-05-05 18:05:55.175 10 WARNING neutron_lib.context [None req-454664ec-21f0-4e5e-91be-52234c7b05fd 53156b4d62ab4b83a5a5057a44113eac d92a57329bd74852891cf74afc300a25 - - default default] Method 'is_advsvc' is deprecated since 2023.2 release (neutron-lib 3.8.0) and will be removed once support for the old RBAC API policies will be removed from Neutron. Please use method 'is_service_role' instead.
2026-05-05 18:05:55.285 10 INFO neutron.db.segments_db [None req-454664ec-21f0-4e5e-91be-52234c7b05fd 53156b4d62ab4b83a5a5057a44113eac d92a57329bd74852891cf74afc300a25 - - default default] Added segment fb89f625-c814-4879-9e66-ae71611e1fca of type geneve for network ea2f1f54-d0ea-4871-91ee-cf78cf15376f
2026-05-05 18:05:55.437 10 INFO neutron.db.ovn_revision_numbers_db [None req-454664ec-21f0-4e5e-91be-52234c7b05fd 53156b4d62ab4b83a5a5057a44113eac d92a57329bd74852891cf74afc300a25 - - default default] Successfully bumped revision number for resource ea2f1f54-d0ea-4871-91ee-cf78cf15376f (type: networks) to 1
2026-05-05 18:05:55.606 10 WARNING neutron.scheduler.dhcp_agent_scheduler [None req-454664ec-21f0-4e5e-91be-52234c7b05fd 53156b4d62ab4b83a5a5057a44113eac d92a57329bd74852891cf74afc300a25 - - default default] No more DHCP agents
2026-05-05 18:05:55.609 10 WARNING neutron.api.rpc.agentnotifiers.dhcp_rpc_agent_api [None req-454664ec-21f0-4e5e-91be-52234c7b05fd 53156b4d62ab4b83a5a5057a44113eac d92a57329bd74852891cf74afc300a25 - - default default] Unable to schedule network ea2f1f54-d0ea-4871-91ee-cf78cf15376f: no agents available; will retry on subsequent port and subnet creation events.
2026-05-05 18:05:55.706 10 INFO neutron.db.ovn_revision_numbers_db [None req-454664ec-21f0-4e5e-91be-52234c7b05fd 53156b4d62ab4b83a5a5057a44113eac d92a57329bd74852891cf74afc300a25 - - default default] Successfully bumped revision number for resource fb3ba83d-6c96-470b-99a4-fe71265d9ea3 (type: ports) to 1
2026-05-05 18:05:55.729 10 INFO neutron.wsgi [None req-454664ec-21f0-4e5e-91be-52234c7b05fd 53156b4d62ab4b83a5a5057a44113eac d92a57329bd74852891cf74afc300a25 - - default default] 10.0.0.54 "POST /v2.0/networks HTTP/1.1" status: 201 len: 831 time: 0.5598845
2026-05-05 18:05:55.740 10 WARNING neutron_lib.context [None req-e63d433d-3a58-4b24-91b3-26847c9682f4 53156b4d62ab4b83a5a5057a44113eac d92a57329bd74852891cf74afc300a25 - - default default] Method 'is_advsvc' is deprecated since 2023.2 release (neutron-lib 3.8.0) and will be removed once support for the old RBAC API policies will be removed from Neutron. Please use method 'is_service_role' instead.
2026-05-05 18:05:55.956 10 WARNING neutron.scheduler.dhcp_agent_scheduler [None req-e63d433d-3a58-4b24-91b3-26847c9682f4 53156b4d62ab4b83a5a5057a44113eac d92a57329bd74852891cf74afc300a25 - - default default] No more DHCP agents
2026-05-05 18:05:55.959 10 WARNING neutron.api.rpc.agentnotifiers.dhcp_rpc_agent_api [None req-e63d433d-3a58-4b24-91b3-26847c9682f4 53156b4d62ab4b83a5a5057a44113eac d92a57329bd74852891cf74afc300a25 - - default default] Unable to schedule network ea2f1f54-d0ea-4871-91ee-cf78cf15376f: no agents available; will retry on subsequent port and subnet creation events.
2026-05-05 18:05:56.444 10 INFO neutron.db.ovn_revision_numbers_db [None req-e63d433d-3a58-4b24-91b3-26847c9682f4 53156b4d62ab4b83a5a5057a44113eac d92a57329bd74852891cf74afc300a25 - - default default] Successfully bumped revision number for resource fb3ba83d-6c96-470b-99a4-fe71265d9ea3 (type: ports) to 2
2026-05-05 18:05:56.477 10 INFO neutron.db.ovn_revision_numbers_db [None req-e63d433d-3a58-4b24-91b3-26847c9682f4 53156b4d62ab4b83a5a5057a44113eac d92a57329bd74852891cf74afc300a25 - - default default] Successfully bumped revision number for resource a67dc536-f807-4024-87dc-a2a963db0fb2 (type: subnets) to 0
2026-05-05 18:05:56.493 10 INFO neutron.wsgi [None req-e63d433d-3a58-4b24-91b3-26847c9682f4 53156b4d62ab4b83a5a5057a44113eac d92a57329bd74852891cf74afc300a25 - - default default] 10.0.0.54 "POST /v2.0/subnets HTTP/1.1" status: 201 len: 804 time: 0.7584925
2026-05-05 18:05:56.501 10 WARNING neutron_lib.context [None req-29d0e108-8e75-4197-ac4d-60fb17a7f868 53156b4d62ab4b83a5a5057a44113eac d92a57329bd74852891cf74afc300a25 - - default default] Method 'is_advsvc' is deprecated since 2023.2 release (neutron-lib 3.8.0) and will be removed once support for the old RBAC API policies will be removed from Neutron. Please use method 'is_service_role' instead.
2026-05-05 18:05:56.587 10 INFO neutron.db.segments_db [None req-29d0e108-8e75-4197-ac4d-60fb17a7f868 53156b4d62ab4b83a5a5057a44113eac d92a57329bd74852891cf74afc300a25 - - default default] Added segment 1dc5a9ae-78e2-47cb-9e3b-1060e37388f5 of type geneve for network 3dbd6f1c-06b2-48f8-8f28-5fa7fa547d65
2026-05-05 18:05:56.733 10 INFO neutron.db.ovn_revision_numbers_db [None req-29d0e108-8e75-4197-ac4d-60fb17a7f868 53156b4d62ab4b83a5a5057a44113eac d92a57329bd74852891cf74afc300a25 - - default default] Successfully bumped revision number for resource 3dbd6f1c-06b2-48f8-8f28-5fa7fa547d65 (type: networks) to 1
2026-05-05 18:05:56.768 9 INFO neutron.db.ovn_revision_numbers_db [None req-42b0c6a2-606f-4cb0-9e72-a6c68bb89fc7 9ca1bdaa54554a71b8685a18f03db938 fff08702b4174297bbbe71aa52d028ce - - default default] Successfully bumped revision number for resource 06aacffe-3a88-4ce3-a158-b0614c68f5be (type: security_groups) to 1
2026-05-05 18:05:56.784 9 INFO neutron.db.ovn_revision_numbers_db [None req-42b0c6a2-606f-4cb0-9e72-a6c68bb89fc7 9ca1bdaa54554a71b8685a18f03db938 fff08702b4174297bbbe71aa52d028ce - - default default] Successfully bumped revision number for resource 38adcce2-9618-438d-b008-779f8f902490 (type: security_group_rules) to 0
2026-05-05 18:05:56.795 9 INFO neutron.db.ovn_revision_numbers_db [None req-42b0c6a2-606f-4cb0-9e72-a6c68bb89fc7 9ca1bdaa54554a71b8685a18f03db938 fff08702b4174297bbbe71aa52d028ce - - default default] Successfully bumped revision number for resource 5144081b-8485-4f0b-b4d1-1ec85d49be7e (type: security_group_rules) to 0
2026-05-05 18:05:56.808 9 INFO neutron.db.ovn_revision_numbers_db [None req-42b0c6a2-606f-4cb0-9e72-a6c68bb89fc7 9ca1bdaa54554a71b8685a18f03db938 fff08702b4174297bbbe71aa52d028ce - - default default] Successfully bumped revision number for resource 6084b520-751b-4695-8dd8-c5959438ac39 (type: security_group_rules) to 0
2026-05-05 18:05:56.820 9 INFO neutron.db.ovn_revision_numbers_db [None req-42b0c6a2-606f-4cb0-9e72-a6c68bb89fc7 9ca1bdaa54554a71b8685a18f03db938 fff08702b4174297bbbe71aa52d028ce - - default default] Successfully bumped revision number for resource c7d47a14-f3ad-46a8-83f5-eb9e7a9a5c6b (type: security_group_rules) to 0
2026-05-05 18:05:56.840 9 INFO neutron.wsgi [None req-42b0c6a2-606f-4cb0-9e72-a6c68bb89fc7 9ca1bdaa54554a71b8685a18f03db938 fff08702b4174297bbbe71aa52d028ce - - default default] 10.0.0.54 "GET /v2.0/security-groups?tenant_id=ce337b9dc17844e59dafe15e111ca872&name=default HTTP/1.1" status: 200 len: 3120 time: 0.3280702
2026-05-05 18:05:56.940 10 WARNING neutron.scheduler.dhcp_agent_scheduler [None req-29d0e108-8e75-4197-ac4d-60fb17a7f868 53156b4d62ab4b83a5a5057a44113eac d92a57329bd74852891cf74afc300a25 - - default default] No more DHCP agents
2026-05-05 18:05:56.944 10 WARNING neutron.api.rpc.agentnotifiers.dhcp_rpc_agent_api [None req-29d0e108-8e75-4197-ac4d-60fb17a7f868 53156b4d62ab4b83a5a5057a44113eac d92a57329bd74852891cf74afc300a25 - - default default] Unable to schedule network 3dbd6f1c-06b2-48f8-8f28-5fa7fa547d65: no agents available; will retry on subsequent port and subnet creation events.
2026-05-05 18:05:57.027 10 INFO neutron.db.ovn_revision_numbers_db [None req-29d0e108-8e75-4197-ac4d-60fb17a7f868 53156b4d62ab4b83a5a5057a44113eac d92a57329bd74852891cf74afc300a25 - - default default] Successfully bumped revision number for resource 643ecb03-5ec1-4ce0-b518-09251efe776e (type: ports) to 1
2026-05-05 18:05:57.050 10 INFO neutron.wsgi [None req-29d0e108-8e75-4197-ac4d-60fb17a7f868 53156b4d62ab4b83a5a5057a44113eac d92a57329bd74852891cf74afc300a25 - - default default] 10.0.0.54 "POST /v2.0/networks HTTP/1.1" status: 201 len: 831 time: 0.5534527
2026-05-05 18:05:57.060 10 WARNING neutron_lib.context [None req-60afcdf1-18b9-468f-9634-c628222032c7 53156b4d62ab4b83a5a5057a44113eac d92a57329bd74852891cf74afc300a25 - - default default] Method 'is_advsvc' is deprecated since 2023.2 release (neutron-lib 3.8.0) and will be removed once support for the old RBAC API policies will be removed from Neutron. Please use method 'is_service_role' instead.
2026-05-05 18:05:57.156 10 INFO neutron.wsgi [None req-f8a3b46c-7959-4948-a822-0c9a2e1ec185 9ca1bdaa54554a71b8685a18f03db938 fff08702b4174297bbbe71aa52d028ce - - default default] 10.0.0.54 "DELETE /v2.0/security-groups/06aacffe-3a88-4ce3-a158-b0614c68f5be HTTP/1.1" status: 204 len: 168 time: 0.3076215
2026-05-05 18:05:57.317 10 WARNING neutron.scheduler.dhcp_agent_scheduler [None req-60afcdf1-18b9-468f-9634-c628222032c7 53156b4d62ab4b83a5a5057a44113eac d92a57329bd74852891cf74afc300a25 - - default default] No more DHCP agents
2026-05-05 18:05:57.320 10 WARNING neutron.api.rpc.agentnotifiers.dhcp_rpc_agent_api [None req-60afcdf1-18b9-468f-9634-c628222032c7 53156b4d62ab4b83a5a5057a44113eac d92a57329bd74852891cf74afc300a25 - - default default] Unable to schedule network 3dbd6f1c-06b2-48f8-8f28-5fa7fa547d65: no agents available; will retry on subsequent port and subnet creation events.
2026-05-05 18:05:57.941 10 INFO neutron.db.ovn_revision_numbers_db [None req-60afcdf1-18b9-468f-9634-c628222032c7 53156b4d62ab4b83a5a5057a44113eac d92a57329bd74852891cf74afc300a25 - - default default] Successfully bumped revision number for resource 643ecb03-5ec1-4ce0-b518-09251efe776e (type: ports) to 2
2026-05-05 18:05:57.985 10 INFO neutron.db.ovn_revision_numbers_db [None req-60afcdf1-18b9-468f-9634-c628222032c7 53156b4d62ab4b83a5a5057a44113eac d92a57329bd74852891cf74afc300a25 - - default default] Successfully bumped revision number for resource b32f88a1-fa9a-4ece-8e38-8f7518db4acf (type: subnets) to 0
2026-05-05 18:05:58.005 10 INFO neutron.wsgi [None req-60afcdf1-18b9-468f-9634-c628222032c7 53156b4d62ab4b83a5a5057a44113eac d92a57329bd74852891cf74afc300a25 - - default default] 10.0.0.54 "POST /v2.0/subnets HTTP/1.1" status: 201 len: 804 time: 0.9491069
2026-05-05 18:05:58.020 10 WARNING neutron_lib.context [None req-981c5a68-6970-43ef-aeb3-97b34c451f56 53156b4d62ab4b83a5a5057a44113eac d92a57329bd74852891cf74afc300a25 - - default default] Method 'is_advsvc' is deprecated since 2023.2 release (neutron-lib 3.8.0) and will be removed once support for the old RBAC API policies will be removed from Neutron. Please use method 'is_service_role' instead.
2026-05-05 18:05:58.117 10 INFO neutron.db.segments_db [None req-981c5a68-6970-43ef-aeb3-97b34c451f56 53156b4d62ab4b83a5a5057a44113eac d92a57329bd74852891cf74afc300a25 - - default default] Added segment 67889b3a-1667-4e26-9f69-d49c16430d2d of type geneve for network 775d07b2-7e08-45ec-98b6-d237ea4c3b82
2026-05-05 18:05:58.265 10 INFO neutron.db.ovn_revision_numbers_db [None req-981c5a68-6970-43ef-aeb3-97b34c451f56 53156b4d62ab4b83a5a5057a44113eac d92a57329bd74852891cf74afc300a25 - - default default] Successfully bumped revision number for resource 775d07b2-7e08-45ec-98b6-d237ea4c3b82 (type: networks) to 1
2026-05-05 18:05:58.467 10 WARNING neutron.scheduler.dhcp_agent_scheduler [None req-981c5a68-6970-43ef-aeb3-97b34c451f56 53156b4d62ab4b83a5a5057a44113eac d92a57329bd74852891cf74afc300a25 - - default default] No more DHCP agents
2026-05-05 18:05:58.470 10 WARNING neutron.api.rpc.agentnotifiers.dhcp_rpc_agent_api [None req-981c5a68-6970-43ef-aeb3-97b34c451f56 53156b4d62ab4b83a5a5057a44113eac d92a57329bd74852891cf74afc300a25 - - default default] Unable to schedule network 775d07b2-7e08-45ec-98b6-d237ea4c3b82: no agents available; will retry on subsequent port and subnet creation events.
2026-05-05 18:05:58.573 10 INFO neutron.db.ovn_revision_numbers_db [None req-981c5a68-6970-43ef-aeb3-97b34c451f56 53156b4d62ab4b83a5a5057a44113eac d92a57329bd74852891cf74afc300a25 - - default default] Successfully bumped revision number for resource 60e0f5f6-0f68-4fce-88f8-14b0c5cfca1f (type: ports) to 1
2026-05-05 18:05:58.601 10 INFO neutron.wsgi [None req-981c5a68-6970-43ef-aeb3-97b34c451f56 53156b4d62ab4b83a5a5057a44113eac d92a57329bd74852891cf74afc300a25 - - default default] 10.0.0.54 "POST /v2.0/networks HTTP/1.1" status: 201 len: 831 time: 0.5894625
2026-05-05 18:05:58.626 10 WARNING neutron_lib.context [None req-57e6ac87-6446-492d-982c-c62b0c6e7a6d 53156b4d62ab4b83a5a5057a44113eac d92a57329bd74852891cf74afc300a25 - - default default] Method 'is_advsvc' is deprecated since 2023.2 release (neutron-lib 3.8.0) and will be removed once support for the old RBAC API policies will be removed from Neutron. Please use method 'is_service_role' instead.
2026-05-05 18:05:58.890 10 WARNING neutron.scheduler.dhcp_agent_scheduler [None req-57e6ac87-6446-492d-982c-c62b0c6e7a6d 53156b4d62ab4b83a5a5057a44113eac d92a57329bd74852891cf74afc300a25 - - default default] No more DHCP agents
2026-05-05 18:05:58.892 10 WARNING neutron.api.rpc.agentnotifiers.dhcp_rpc_agent_api [None req-57e6ac87-6446-492d-982c-c62b0c6e7a6d 53156b4d62ab4b83a5a5057a44113eac d92a57329bd74852891cf74afc300a25 - - default default] Unable to schedule network 775d07b2-7e08-45ec-98b6-d237ea4c3b82: no agents available; will retry on subsequent port and subnet creation events.
2026-05-05 18:05:59.420 10 INFO neutron.db.ovn_revision_numbers_db [None req-57e6ac87-6446-492d-982c-c62b0c6e7a6d 53156b4d62ab4b83a5a5057a44113eac d92a57329bd74852891cf74afc300a25 - - default default] Successfully bumped revision number for resource 60e0f5f6-0f68-4fce-88f8-14b0c5cfca1f (type: ports) to 2
2026-05-05 18:05:59.452 10 INFO neutron.db.ovn_revision_numbers_db [None req-57e6ac87-6446-492d-982c-c62b0c6e7a6d 53156b4d62ab4b83a5a5057a44113eac d92a57329bd74852891cf74afc300a25 - - default default] Successfully bumped revision number for resource ee7131e7-4934-4c38-b33b-de64d57e4235 (type: subnets) to 0
2026-05-05 18:05:59.467 10 INFO neutron.wsgi [None req-57e6ac87-6446-492d-982c-c62b0c6e7a6d 53156b4d62ab4b83a5a5057a44113eac d92a57329bd74852891cf74afc300a25 - - default default] 10.0.0.54 "POST /v2.0/subnets HTTP/1.1" status: 201 len: 804 time: 0.8498521
2026-05-05 18:05:59.478 10 WARNING neutron_lib.context [None req-a6560b3f-6226-42c2-bdbc-b181daeecba4 53156b4d62ab4b83a5a5057a44113eac d92a57329bd74852891cf74afc300a25 - - default default] Method 'is_advsvc' is deprecated since 2023.2 release (neutron-lib 3.8.0) and will be removed once support for the old RBAC API policies will be removed from Neutron. Please use method 'is_service_role' instead.
2026-05-05 18:05:59.562 10 INFO neutron.db.segments_db [None req-a6560b3f-6226-42c2-bdbc-b181daeecba4 53156b4d62ab4b83a5a5057a44113eac d92a57329bd74852891cf74afc300a25 - - default default] Added segment a409fb0c-4aec-4481-a089-a8b86b444c6e of type geneve for network 25046be4-4db3-4f8c-837a-77620f83f183
2026-05-05 18:06:00.047 9 INFO neutron.wsgi [req-6f47c834-7a80-44f5-9abc-445dfca619ae req-50d1a92b-6a85-4ca2-bf0b-fccccee2ab81 a3e87700221945f8a13cad7485063661 724c96a0522c42668b3b2aee66aaa337 - - 7858ee4fb5f245e588d2235dddbb4443 7858ee4fb5f245e588d2235dddbb4443] 10.0.0.97 "GET /v2.0/ports?device_id=d6cba4b2-e3cb-44fa-8e5d-150366120b54 HTTP/1.1" status: 200 len: 1409 time: 0.0587707
2026-05-05 18:06:00.093 10 INFO neutron.db.ovn_revision_numbers_db [None req-a6560b3f-6226-42c2-bdbc-b181daeecba4 53156b4d62ab4b83a5a5057a44113eac d92a57329bd74852891cf74afc300a25 - - default default] Successfully bumped revision number for resource 25046be4-4db3-4f8c-837a-77620f83f183 (type: networks) to 1
2026-05-05 18:06:00.098 9 INFO neutron.wsgi [req-6f47c834-7a80-44f5-9abc-445dfca619ae req-9176b831-c822-4ac4-a951-cce227614bd0 a3e87700221945f8a13cad7485063661 724c96a0522c42668b3b2aee66aaa337 - - 7858ee4fb5f245e588d2235dddbb4443 7858ee4fb5f245e588d2235dddbb4443] 10.0.0.97 "GET /v2.0/security-groups?id=2dc1ee30-45ae-4a97-9532-d6cd2cb8ddec&fields=id&fields=name HTTP/1.1" status: 200 len: 313 time: 0.0442593
2026-05-05 18:06:00.276 10 WARNING neutron.scheduler.dhcp_agent_scheduler [None req-a6560b3f-6226-42c2-bdbc-b181daeecba4 53156b4d62ab4b83a5a5057a44113eac d92a57329bd74852891cf74afc300a25 - - default default] No more DHCP agents
2026-05-05 18:06:00.278 10 WARNING neutron.api.rpc.agentnotifiers.dhcp_rpc_agent_api [None req-a6560b3f-6226-42c2-bdbc-b181daeecba4 53156b4d62ab4b83a5a5057a44113eac d92a57329bd74852891cf74afc300a25 - - default default] Unable to schedule network 25046be4-4db3-4f8c-837a-77620f83f183: no agents available; will retry on subsequent port and subnet creation events.
2026-05-05 18:06:00.385 10 INFO neutron.db.ovn_revision_numbers_db [None req-a6560b3f-6226-42c2-bdbc-b181daeecba4 53156b4d62ab4b83a5a5057a44113eac d92a57329bd74852891cf74afc300a25 - - default default] Successfully bumped revision number for resource c4ed60ab-9400-43d5-bf5a-5b1e22f82e20 (type: ports) to 1
2026-05-05 18:06:00.412 10 INFO neutron.wsgi [None req-a6560b3f-6226-42c2-bdbc-b181daeecba4 53156b4d62ab4b83a5a5057a44113eac d92a57329bd74852891cf74afc300a25 - - default default] 10.0.0.54 "POST /v2.0/networks HTTP/1.1" status: 201 len: 831 time: 0.9387629
2026-05-05 18:06:00.424 10 WARNING neutron_lib.context [None req-54572b44-bc4a-4b4c-8d71-303c5870e067 53156b4d62ab4b83a5a5057a44113eac d92a57329bd74852891cf74afc300a25 - - default default] Method 'is_advsvc' is deprecated since 2023.2 release (neutron-lib 3.8.0) and will be removed once support for the old RBAC API policies will be removed from Neutron. Please use method 'is_service_role' instead.
2026-05-05 18:06:00.518 9 INFO neutron.db.ovn_revision_numbers_db [None req-9c67e4af-a001-4afe-8148-715c75eba88e 9ca1bdaa54554a71b8685a18f03db938 fff08702b4174297bbbe71aa52d028ce - - default default] Successfully bumped revision number for resource 3ac0ba5d-81cf-4ced-a174-28242c961bdc (type: security_groups) to 1
2026-05-05 18:06:00.545 9 INFO neutron.db.ovn_revision_numbers_db [None req-9c67e4af-a001-4afe-8148-715c75eba88e 9ca1bdaa54554a71b8685a18f03db938 fff08702b4174297bbbe71aa52d028ce - - default default] Successfully bumped revision number for resource 034cecba-b0b5-49df-b92c-f6f684a73609 (type: security_group_rules) to 0
2026-05-05 18:06:00.559 9 INFO neutron.db.ovn_revision_numbers_db [None req-9c67e4af-a001-4afe-8148-715c75eba88e 9ca1bdaa54554a71b8685a18f03db938 fff08702b4174297bbbe71aa52d028ce - - default default] Successfully bumped revision number for resource 34645958-811e-4d0c-9afc-fd30bcbd219e (type: security_group_rules) to 0
2026-05-05 18:06:00.575 9 INFO neutron.db.ovn_revision_numbers_db [None req-9c67e4af-a001-4afe-8148-715c75eba88e 9ca1bdaa54554a71b8685a18f03db938 fff08702b4174297bbbe71aa52d028ce - - default default] Successfully bumped revision number for resource 376afb8a-d942-489c-8727-be3f6f2418d2 (type: security_group_rules) to 0
2026-05-05 18:06:00.594 9 INFO neutron.db.ovn_revision_numbers_db [None req-9c67e4af-a001-4afe-8148-715c75eba88e 9ca1bdaa54554a71b8685a18f03db938 fff08702b4174297bbbe71aa52d028ce - - default default] Successfully bumped revision number for resource 384521d8-922b-4d69-8989-a31521dbd75b (type: security_group_rules) to 0
2026-05-05 18:06:00.620 9 INFO neutron.wsgi [None req-9c67e4af-a001-4afe-8148-715c75eba88e 9ca1bdaa54554a71b8685a18f03db938 fff08702b4174297bbbe71aa52d028ce - - default default] 10.0.0.54 "GET /v2.0/security-groups?tenant_id=d80d80ee787c4a93bc1a3395fcf27dce&name=default HTTP/1.1" status: 200 len: 3120 time: 0.4769497
2026-05-05 18:06:00.678 10 WARNING neutron.scheduler.dhcp_agent_scheduler [None req-54572b44-bc4a-4b4c-8d71-303c5870e067 53156b4d62ab4b83a5a5057a44113eac d92a57329bd74852891cf74afc300a25 - - default default] No more DHCP agents
2026-05-05 18:06:00.685 10 WARNING neutron.api.rpc.agentnotifiers.dhcp_rpc_agent_api [None req-54572b44-bc4a-4b4c-8d71-303c5870e067 53156b4d62ab4b83a5a5057a44113eac d92a57329bd74852891cf74afc300a25 - - default default] Unable to schedule network 25046be4-4db3-4f8c-837a-77620f83f183: no agents available; will retry on subsequent port and subnet creation events.
2026-05-05 18:06:00.954 10 INFO neutron.wsgi [None req-ce7f501e-a79e-466f-97f3-8b1a5f59fc99 9ca1bdaa54554a71b8685a18f03db938 fff08702b4174297bbbe71aa52d028ce - - default default] 10.0.0.54 "DELETE /v2.0/security-groups/3ac0ba5d-81cf-4ced-a174-28242c961bdc HTTP/1.1" status: 204 len: 168 time: 0.3275857
2026-05-05 18:06:01.182 9 INFO neutron.db.ovn_revision_numbers_db [None req-20a1073b-0ecf-4294-9eb6-0a144ee6a9ee 9ca1bdaa54554a71b8685a18f03db938 fff08702b4174297bbbe71aa52d028ce - - default default] Successfully bumped revision number for resource 3aedd956-69f8-45bc-a276-a010092a8028 (type: security_groups) to 1
2026-05-05 18:06:01.195 9 INFO neutron.db.ovn_revision_numbers_db [None req-20a1073b-0ecf-4294-9eb6-0a144ee6a9ee 9ca1bdaa54554a71b8685a18f03db938 fff08702b4174297bbbe71aa52d028ce - - default default] Successfully bumped revision number for resource 84eefee7-d28d-49c6-9cc1-c25031456dd7 (type: security_group_rules) to 0
2026-05-05 18:06:01.218 9 INFO neutron.db.ovn_revision_numbers_db [None req-20a1073b-0ecf-4294-9eb6-0a144ee6a9ee 9ca1bdaa54554a71b8685a18f03db938 fff08702b4174297bbbe71aa52d028ce - - default default] Successfully bumped revision number for resource d9115d18-8618-48e3-9043-25f95b587063 (type: security_group_rules) to 0
2026-05-05 18:06:01.233 10 INFO neutron.db.ovn_revision_numbers_db [None req-54572b44-bc4a-4b4c-8d71-303c5870e067 53156b4d62ab4b83a5a5057a44113eac d92a57329bd74852891cf74afc300a25 - - default default] Successfully bumped revision number for resource c4ed60ab-9400-43d5-bf5a-5b1e22f82e20 (type: ports) to 2
2026-05-05 18:06:01.234 9 INFO neutron.db.ovn_revision_numbers_db [None req-20a1073b-0ecf-4294-9eb6-0a144ee6a9ee 9ca1bdaa54554a71b8685a18f03db938 fff08702b4174297bbbe71aa52d028ce - - default default] Successfully bumped revision number for resource d9f37fe9-7593-4613-9f6f-d2c23a87953d (type: security_group_rules) to 0
2026-05-05 18:06:01.249 9 INFO neutron.db.ovn_revision_numbers_db [None req-20a1073b-0ecf-4294-9eb6-0a144ee6a9ee 9ca1bdaa54554a71b8685a18f03db938 fff08702b4174297bbbe71aa52d028ce - - default default] Successfully bumped revision number for resource e9f3ce70-4124-40c6-b39d-213c7c3fb129 (type: security_group_rules) to 0
2026-05-05 18:06:01.268 10 INFO neutron.db.ovn_revision_numbers_db [None req-54572b44-bc4a-4b4c-8d71-303c5870e067 53156b4d62ab4b83a5a5057a44113eac d92a57329bd74852891cf74afc300a25 - - default default] Successfully bumped revision number for resource 87ab0c88-6f5a-4880-a351-7b5caa566def (type: subnets) to 0
2026-05-05 18:06:01.271 9 INFO neutron.wsgi [None req-20a1073b-0ecf-4294-9eb6-0a144ee6a9ee 9ca1bdaa54554a71b8685a18f03db938 fff08702b4174297bbbe71aa52d028ce - - default default] 10.0.0.54 "GET /v2.0/security-groups?tenant_id=e37c87d3e29a41af9a393364ec9cfb8e&name=default HTTP/1.1" status: 200 len: 3120 time: 0.2120612
2026-05-05 18:06:01.285 10 INFO neutron.wsgi [None req-54572b44-bc4a-4b4c-8d71-303c5870e067 53156b4d62ab4b83a5a5057a44113eac d92a57329bd74852891cf74afc300a25 - - default default] 10.0.0.54 "POST /v2.0/subnets HTTP/1.1" status: 201 len: 804 time: 0.8661883
2026-05-05 18:06:01.364 10 INFO neutron.wsgi [None req-d8eaca5b-1b36-4ef9-950b-493627b20a09 53156b4d62ab4b83a5a5057a44113eac d92a57329bd74852891cf74afc300a25 - - default default] 10.0.0.54 "PUT /v2.0/subnets/565642bf-4e7e-4e1a-bcc2-fff89be4a047/tags HTTP/1.1" status: 200 len: 210 time: 0.0748293
2026-05-05 18:06:01.415 10 INFO neutron.wsgi [None req-3e54c0fc-5f81-4714-938e-e11c36423906 53156b4d62ab4b83a5a5057a44113eac d92a57329bd74852891cf74afc300a25 - - default default] 10.0.0.54 "PUT /v2.0/subnets/a67dc536-f807-4024-87dc-a2a963db0fb2/tags HTTP/1.1" status: 200 len: 218 time: 0.0444281
2026-05-05 18:06:01.471 10 INFO neutron.wsgi [None req-9924e59d-174b-4046-b131-c63e827fd078 53156b4d62ab4b83a5a5057a44113eac d92a57329bd74852891cf74afc300a25 - - default default] 10.0.0.54 "PUT /v2.0/subnets/b32f88a1-fa9a-4ece-8e38-8f7518db4acf/tags HTTP/1.1" status: 200 len: 227 time: 0.0512161
2026-05-05 18:06:01.541 9 INFO neutron.wsgi [None req-f469c892-beaf-4233-8ad3-9c06b69df8d9 9ca1bdaa54554a71b8685a18f03db938 fff08702b4174297bbbe71aa52d028ce - - default default] 10.0.0.54 "DELETE /v2.0/security-groups/3aedd956-69f8-45bc-a276-a010092a8028 HTTP/1.1" status: 204 len: 168 time: 0.2624362
2026-05-05 18:06:01.552 9 INFO neutron.wsgi [None req-33712bd2-3248-43ca-a908-c3775efe9a69 53156b4d62ab4b83a5a5057a44113eac d92a57329bd74852891cf74afc300a25 - - default default] 10.0.0.54 "PUT /v2.0/subnets/ee7131e7-4934-4c38-b33b-de64d57e4235/tags HTTP/1.1" status: 200 len: 212 time: 0.0747659
2026-05-05 18:06:01.627 9 INFO neutron.wsgi [None req-b4129391-079e-4a86-ae1f-35c4b97f3ef0 53156b4d62ab4b83a5a5057a44113eac d92a57329bd74852891cf74afc300a25 - - default default] 10.0.0.54 "GET /v2.0/subnets?tags=red HTTP/1.1" status: 200 len: 2027 time: 0.0667758
2026-05-05 18:06:01.690 9 INFO neutron.wsgi [None req-80b91ff9-c709-4313-9ebd-532beee916d0 53156b4d62ab4b83a5a5057a44113eac d92a57329bd74852891cf74afc300a25 - - default default] 10.0.0.54 "GET /v2.0/subnets?tags=red%2Cblue HTTP/1.1" status: 200 len: 1430 time: 0.0554109
2026-05-05 18:06:01.759 9 INFO neutron.wsgi [None req-c476c711-439e-451f-baa6-935bceae4e7b 53156b4d62ab4b83a5a5057a44113eac d92a57329bd74852891cf74afc300a25 - - default default] 10.0.0.54 "GET /v2.0/subnets?tags-any=blue HTTP/1.1" status: 200 len: 1430 time: 0.0641041
2026-05-05 18:06:01.814 9 INFO neutron.wsgi [None req-636528e5-a0e4-4693-8e06-4f5ffc82635c 53156b4d62ab4b83a5a5057a44113eac d92a57329bd74852891cf74afc300a25 - - default default] 10.0.0.54 "GET /v2.0/subnets?tags-any=red%2Cblue HTTP/1.1" status: 200 len: 2027 time: 0.0480847
2026-05-05 18:06:01.878 9 INFO neutron.wsgi [None req-48b154ad-881c-47a5-8f89-47cb56c8e487 53156b4d62ab4b83a5a5057a44113eac d92a57329bd74852891cf74afc300a25 - - default default] 10.0.0.54 "GET /v2.0/subnets?not-tags=red HTTP/1.1" status: 200 len: 2018 time: 0.0585940
2026-05-05 18:06:01.945 9 INFO neutron.wsgi [None req-d242b204-8cf6-40b3-b98d-e80a3d0dbf45 53156b4d62ab4b83a5a5057a44113eac d92a57329bd74852891cf74afc300a25 - - default default] 10.0.0.54 "GET /v2.0/subnets?not-tags=red%2Cblue HTTP/1.1" status: 200 len: 2615 time: 0.0622742
2026-05-05 18:06:02.021 9 INFO neutron.wsgi [None req-9657e72a-682e-468d-9bb4-a1eca4203c87 53156b4d62ab4b83a5a5057a44113eac d92a57329bd74852891cf74afc300a25 - - default default] 10.0.0.54 "GET /v2.0/subnets?not-tags-any=blue HTTP/1.1" status: 200 len: 2615 time: 0.0711887
2026-05-05 18:06:02.062 9 INFO neutron.wsgi [None req-973d09b2-b4c4-4185-9d02-f421ed72174b 53156b4d62ab4b83a5a5057a44113eac d92a57329bd74852891cf74afc300a25 - - default default] 10.0.0.54 "GET /v2.0/subnets?not-tags-any=red%2Cblue HTTP/1.1" status: 200 len: 2018 time: 0.0374372
2026-05-05 18:06:02.281 9 INFO neutron.wsgi [None req-7c9d2d8f-9437-4e3d-b411-3369a1e8bc23 53156b4d62ab4b83a5a5057a44113eac d92a57329bd74852891cf74afc300a25 - - default default] 10.0.0.54 "DELETE /v2.0/subnets/565642bf-4e7e-4e1a-bcc2-fff89be4a047 HTTP/1.1" status: 204 len: 168 time: 0.2120218
2026-05-05 18:06:02.468 10 INFO neutron.plugins.ml2.drivers.ovn.mech_driver.mech_driver [None req-441a7c56-4fe4-4595-b3d7-1091a20e8025 - - - - - -] OVN reports status down for port: b8e310cf-771b-469a-8c2c-e7a7e5df9b21
2026-05-05 18:06:02.533 9 INFO neutron.wsgi [req-edad1375-84d8-4a93-baa0-d1b1d40a87a1 req-7b6a33ca-da59-49dd-8a36-1328ad84b62e df25b35106eb4d6faf1d6df805a2de63 7b9846b1c2c64e70894d0dc0ea4ad743 - - default default] 10.0.0.199 "GET /v2.0/ports?device_id=d6cba4b2-e3cb-44fa-8e5d-150366120b54 HTTP/1.1" status: 200 len: 1170 time: 0.1154003
2026-05-05 18:06:02.583 9 INFO neutron.wsgi [None req-efeebd5f-d70b-45e1-a7f1-be2bab71fa49 53156b4d62ab4b83a5a5057a44113eac d92a57329bd74852891cf74afc300a25 - - default default] 10.0.0.54 "DELETE /v2.0/subnets/a67dc536-f807-4024-87dc-a2a963db0fb2 HTTP/1.1" status: 204 len: 168 time: 0.2973015
2026-05-05 18:06:02.605 9 INFO neutron.wsgi [req-edad1375-84d8-4a93-baa0-d1b1d40a87a1 req-5b43681d-31d1-4fc4-98d9-e23d2321063b df25b35106eb4d6faf1d6df805a2de63 7b9846b1c2c64e70894d0dc0ea4ad743 - - default default] 10.0.0.199 "GET /v2.0/security-groups?id=2dc1ee30-45ae-4a97-9532-d6cd2cb8ddec&fields=id&fields=name HTTP/1.1" status: 200 len: 313 time: 0.0643671
2026-05-05 18:06:02.634 10 INFO neutron.notifiers.nova [-] Nova event matching ['req-f96bcf38-87e9-46da-82a8-dd9dd584931f'] response: {'server_uuid': 'd6cba4b2-e3cb-44fa-8e5d-150366120b54', 'name': 'network-vif-unplugged', 'status': 'completed', 'tag': 'b8e310cf-771b-469a-8c2c-e7a7e5df9b21', 'code': 200}
2026-05-05 18:06:02.774 9 INFO neutron.wsgi [req-d86959ba-522a-4181-866b-71e8a6d97eb1 req-2547ff6c-5434-4270-bac7-62f6608644e9 df25b35106eb4d6faf1d6df805a2de63 7b9846b1c2c64e70894d0dc0ea4ad743 - - default default] 199.204.45.38 "GET /v2.0/ports?device_id=d6cba4b2-e3cb-44fa-8e5d-150366120b54 HTTP/1.1" status: 200 len: 1168 time: 0.0512996
2026-05-05 18:06:02.791 10 INFO neutron.db.ovn_revision_numbers_db [None req-441a7c56-4fe4-4595-b3d7-1091a20e8025 - - - - - -] Successfully bumped revision number for resource b8e310cf-771b-469a-8c2c-e7a7e5df9b21 (type: ports) to 5
2026-05-05 18:06:02.883 9 INFO neutron.wsgi [None req-4d3cf97e-c503-476d-ad13-8f0cf40c66bf 53156b4d62ab4b83a5a5057a44113eac d92a57329bd74852891cf74afc300a25 - - default default] 10.0.0.54 "DELETE /v2.0/subnets/b32f88a1-fa9a-4ece-8e38-8f7518db4acf HTTP/1.1" status: 204 len: 168 time: 0.2906747 /var/lib/openstack/lib/python3.10/site-packages/pycadf/identifier.py:71: UserWarning: Invalid uuid: neutron. To ensure interoperability, identifiers should be a valid uuid. warnings.warn(('Invalid uuid: %s. To ensure interoperability, '
2026-05-05 18:06:03.109 10 INFO neutron.wsgi [None req-8e1b7a41-bf68-43d8-ba2c-a7d94976a19e 53156b4d62ab4b83a5a5057a44113eac d92a57329bd74852891cf74afc300a25 - - default default] 10.0.0.54 "DELETE /v2.0/subnets/ee7131e7-4934-4c38-b33b-de64d57e4235 HTTP/1.1" status: 204 len: 168 time: 0.2176237
2026-05-05 18:06:03.298 9 INFO neutron.db.l3_db [req-d86959ba-522a-4181-866b-71e8a6d97eb1 req-0994b5ce-6232-493e-a763-f7f23cfefe9d df25b35106eb4d6faf1d6df805a2de63 7b9846b1c2c64e70894d0dc0ea4ad743 - - default default] Floating IP f638221a-f1d4-4d32-93ec-67d5340fe412 disassociated. External IP: 10.96.250.208, port: b8e310cf-771b-469a-8c2c-e7a7e5df9b21.
2026-05-05 18:06:03.355 10 INFO neutron.wsgi [None req-f3303aee-fc11-4a1a-980e-da95fdc748c4 53156b4d62ab4b83a5a5057a44113eac d92a57329bd74852891cf74afc300a25 - - default default] 10.0.0.54 "DELETE /v2.0/subnets/87ab0c88-6f5a-4880-a351-7b5caa566def HTTP/1.1" status: 204 len: 168 time: 0.2400262
2026-05-05 18:06:03.437 9 INFO neutron.wsgi [req-d86959ba-522a-4181-866b-71e8a6d97eb1 req-0994b5ce-6232-493e-a763-f7f23cfefe9d df25b35106eb4d6faf1d6df805a2de63 7b9846b1c2c64e70894d0dc0ea4ad743 - - default default] 199.204.45.38 "DELETE /v2.0/ports/b8e310cf-771b-469a-8c2c-e7a7e5df9b21 HTTP/1.1" status: 204 len: 173 time: 0.6539853
2026-05-05 18:06:03.476 9 INFO neutron.notifiers.nova [-] Nova event matching ['req-02eb589d-856e-4f1a-aaa4-885f29d30669'] response: {'server_uuid': 'd6cba4b2-e3cb-44fa-8e5d-150366120b54', 'name': 'network-vif-deleted', 'tag': 'b8e310cf-771b-469a-8c2c-e7a7e5df9b21', 'status': 'completed', 'code': 200}
2026-05-05 18:06:03.720 10 INFO neutron.wsgi [req-dd863c95-e926-4941-ac7d-67bd3d843fca req-e116bc86-9528-4aa6-819c-c8871766bc41 df25b35106eb4d6faf1d6df805a2de63 7b9846b1c2c64e70894d0dc0ea4ad743 - - default default] 10.0.0.199 "GET /v2.0/ports?device_id=d6cba4b2-e3cb-44fa-8e5d-150366120b54 HTTP/1.1" status: 200 len: 210 time: 0.0314913
2026-05-05 18:06:03.809 10 INFO neutron.services.segments.plugin [-] Segment 1012ac4e-3e5f-45a8-9a22-90e3cf33f0af resource provider aggregate not found
2026-05-05 18:06:03.812 10 INFO neutron.services.segments.plugin [-] Segment 1012ac4e-3e5f-45a8-9a22-90e3cf33f0af resource provider aggregate not found
2026-05-05 18:06:03.823 10 INFO neutron.services.segments.plugin [-] Segment 1012ac4e-3e5f-45a8-9a22-90e3cf33f0af resource provider not found; error: Placement Client Error (4xx): {"errors": [{"status": 404, "title": "Not Found", "detail": "The resource could not be found.\n\n No resource provider with uuid 1012ac4e-3e5f-45a8-9a22-90e3cf33f0af found for delete ", "request_id": "req-aa6cb189-4b06-405b-8781-1b4b038442ce"}]}
2026-05-05 18:06:03.842 10 INFO neutron.services.segments.plugin [-] Segment 1012ac4e-3e5f-45a8-9a22-90e3cf33f0af resource provider not found; error: Placement Client Error (4xx): {"errors": [{"status": 404, "title": "Not Found", "detail": "The resource could not be found.\n\n No resource provider with uuid 1012ac4e-3e5f-45a8-9a22-90e3cf33f0af found for delete ", "request_id": "req-12ef2e9f-14d2-4537-9024-270946853632"}]}
2026-05-05 18:06:03.869 10 INFO neutron.wsgi [None req-2865a277-68ec-4082-9b77-c681b90cb973 53156b4d62ab4b83a5a5057a44113eac d92a57329bd74852891cf74afc300a25 - - default default] 10.0.0.54 "DELETE /v2.0/networks/77eb413e-0bfc-4bf2-940e-1f77f4081eca HTTP/1.1" status: 204 len: 168 time: 0.5050294 /var/lib/openstack/lib/python3.10/site-packages/pycadf/identifier.py:71: UserWarning: Invalid uuid: neutron. To ensure interoperability, identifiers should be a valid uuid. warnings.warn(('Invalid uuid: %s. To ensure interoperability, '
2026-05-05 18:06:04.272 9 INFO neutron.services.segments.plugin [-] Segment fb89f625-c814-4879-9e66-ae71611e1fca resource provider aggregate not found
2026-05-05 18:06:04.275 9 INFO neutron.services.segments.plugin [-] Segment fb89f625-c814-4879-9e66-ae71611e1fca resource provider aggregate not found
2026-05-05 18:06:04.290 9 INFO neutron.services.segments.plugin [-] Segment fb89f625-c814-4879-9e66-ae71611e1fca resource provider not found; error: Placement Client Error (4xx): {"errors": [{"status": 404, "title": "Not Found", "detail": "The resource could not be found.\n\n No resource provider with uuid fb89f625-c814-4879-9e66-ae71611e1fca found for delete ", "request_id": "req-4d2f45c7-eeaf-4390-b255-87b1fd825aed"}]}
2026-05-05 18:06:04.291 9 INFO neutron.services.segments.plugin [-] Segment fb89f625-c814-4879-9e66-ae71611e1fca resource provider not found; error: Placement Client Error (4xx): {"errors": [{"status": 404, "title": "Not Found", "detail": "The resource could not be found.\n\n No resource provider with uuid fb89f625-c814-4879-9e66-ae71611e1fca found for delete ", "request_id": "req-73cd1302-cd21-40ff-bd5c-db3da35928a8"}]}
2026-05-05 18:06:04.306 9 INFO neutron.wsgi [None req-6f8b9d9a-0f73-443e-91ff-c1d84e9b4445 53156b4d62ab4b83a5a5057a44113eac d92a57329bd74852891cf74afc300a25 - - default default] 10.0.0.54 "DELETE /v2.0/networks/ea2f1f54-d0ea-4871-91ee-cf78cf15376f HTTP/1.1" status: 204 len: 168 time: 0.4301527
2026-05-05 18:06:04.674 10 INFO neutron.notifiers.nova [-] Nova event matching ['req-7dc67a26-f21d-45e5-8b64-e41a619ed21b'] response: {'server_uuid': 'd6cba4b2-e3cb-44fa-8e5d-150366120b54', 'name': 'network-vif-unplugged', 'status': 'completed', 'tag': 'b8e310cf-771b-469a-8c2c-e7a7e5df9b21', 'code': 200}
2026-05-05 18:06:04.741 10 INFO neutron.wsgi [None req-00e71857-5709-4ec2-815c-3a2b75d6b271 53156b4d62ab4b83a5a5057a44113eac d92a57329bd74852891cf74afc300a25 - - default default] 10.0.0.54 "DELETE /v2.0/networks/3dbd6f1c-06b2-48f8-8f28-5fa7fa547d65 HTTP/1.1" status: 204 len: 168 time: 0.4272587
2026-05-05 18:06:04.997 9 INFO neutron.wsgi [None req-fea3aff5-e04d-4519-8236-86734461e6e2 df25b35106eb4d6faf1d6df805a2de63 7b9846b1c2c64e70894d0dc0ea4ad743 - - default default] 10.0.0.54 "DELETE /v2.0/security-groups/2dc1ee30-45ae-4a97-9532-d6cd2cb8ddec HTTP/1.1" status: 204 len: 168 time: 0.2209382
2026-05-05 18:06:05.490 9 INFO neutron.wsgi [None req-abfcbc1a-1eac-4fdd-9dab-b85419ad2527 53156b4d62ab4b83a5a5057a44113eac d92a57329bd74852891cf74afc300a25 - - default default] 10.0.0.54 "DELETE /v2.0/networks/775d07b2-7e08-45ec-98b6-d237ea4c3b82 HTTP/1.1" status: 204 len: 168 time: 0.7441463
2026-05-05 18:06:05.499 10 INFO neutron.wsgi [None req-5e30f6de-93ac-43d2-a341-2495733b6349 df25b35106eb4d6faf1d6df805a2de63 7b9846b1c2c64e70894d0dc0ea4ad743 - - default default] 10.0.0.54 "DELETE /v2.0/floatingips/f638221a-f1d4-4d32-93ec-67d5340fe412 HTTP/1.1" status: 204 len: 168 time: 0.4706035
2026-05-05 18:06:05.720 9 INFO neutron.wsgi [req-a604714e-37cf-4370-bef9-af76620eee8e req-e9a9dbcf-3c23-4f3c-aea6-6d7a784e3b9c df25b35106eb4d6faf1d6df805a2de63 7b9846b1c2c64e70894d0dc0ea4ad743 - - default default] 10.0.0.199 "GET /v2.0/ports?device_id=74db9b10-b662-4919-b7bc-2b1605c4554c HTTP/1.1" status: 200 len: 1174 time: 0.0534909
2026-05-05 18:06:05.726 10 INFO neutron.plugins.ml2.drivers.ovn.mech_driver.mech_driver [None req-441a7c56-4fe4-4595-b3d7-1091a20e8025 - - - - - -] OVN reports status down for port: 7453727b-0190-4358-be20-5e4f38d13d18
2026-05-05 18:06:05.790 9 INFO neutron.wsgi [req-a604714e-37cf-4370-bef9-af76620eee8e req-e7b83f2c-1e5e-454e-9ce1-57122c682d74 df25b35106eb4d6faf1d6df805a2de63 7b9846b1c2c64e70894d0dc0ea4ad743 - - default default] 10.0.0.199 "GET /v2.0/security-groups?id=bad7ecae-da88-4231-b3b3-79ff91a9b2c2&fields=id&fields=name HTTP/1.1" status: 200 len: 312 time: 0.0633161
2026-05-05 18:06:05.858 10 INFO neutron.services.segments.plugin [-] Segment 1dc5a9ae-78e2-47cb-9e3b-1060e37388f5 resource provider aggregate not found
2026-05-05 18:06:05.875 10 INFO neutron.services.segments.plugin [-] Segment 1dc5a9ae-78e2-47cb-9e3b-1060e37388f5 resource provider aggregate not found
2026-05-05 18:06:05.883 10 INFO neutron.services.segments.plugin [-] Segment 1dc5a9ae-78e2-47cb-9e3b-1060e37388f5 resource provider not found; error: Placement Client Error (4xx): {"errors": [{"status": 404, "title": "Not Found", "detail": "The resource could not be found.\n\n No resource provider with uuid 1dc5a9ae-78e2-47cb-9e3b-1060e37388f5 found for delete ", "request_id": "req-17e838f3-9849-45ea-ac4e-ccfa1474e93b"}]}
2026-05-05 18:06:05.895 10 INFO neutron.services.segments.plugin [-] Segment 1dc5a9ae-78e2-47cb-9e3b-1060e37388f5 resource provider not found; error: Placement Client Error (4xx): {"errors": [{"status": 404, "title": "Not Found", "detail": "The resource could not be found.\n\n No resource provider with uuid 1dc5a9ae-78e2-47cb-9e3b-1060e37388f5 found for delete ", "request_id": "req-c39b3b66-1761-43ce-be48-d4f12a291a8f"}]}
2026-05-05 18:06:05.949 9 INFO neutron.db.ovn_revision_numbers_db [None req-467393c0-2173-49ee-b6d9-c387182d67a5 9ca1bdaa54554a71b8685a18f03db938 fff08702b4174297bbbe71aa52d028ce - - default default] Successfully bumped revision number for resource 1907cd2f-75c1-4ff7-bab9-cd928383d98c (type: security_groups) to 1
2026-05-05 18:06:05.965 9 INFO neutron.db.ovn_revision_numbers_db [None req-467393c0-2173-49ee-b6d9-c387182d67a5 9ca1bdaa54554a71b8685a18f03db938 fff08702b4174297bbbe71aa52d028ce - - default default] Successfully bumped revision number for resource 11aebe79-c5f2-4de2-b42d-3475c0e268ad (type: security_group_rules) to 0
2026-05-05 18:06:05.982 9 INFO neutron.wsgi [None req-a30b4594-3c65-400f-9970-68393a499bf3 53156b4d62ab4b83a5a5057a44113eac d92a57329bd74852891cf74afc300a25 - - default default] 10.0.0.54 "DELETE /v2.0/networks/25046be4-4db3-4f8c-837a-77620f83f183 HTTP/1.1" status: 204 len: 168 time: 0.4845183
2026-05-05 18:06:06.004 9 INFO neutron.db.ovn_revision_numbers_db [None req-467393c0-2173-49ee-b6d9-c387182d67a5 9ca1bdaa54554a71b8685a18f03db938 fff08702b4174297bbbe71aa52d028ce - - default default] Successfully bumped revision number for resource 2c0a51ba-7889-4641-b32f-5304b948b626 (type: security_group_rules) to 0
2026-05-05 18:06:06.021 9 INFO neutron.wsgi [req-d4217948-b114-4d2c-a661-33e59a34a9b7 req-e94bce6b-2023-4f0a-aec4-f08e90921b0a df25b35106eb4d6faf1d6df805a2de63 7b9846b1c2c64e70894d0dc0ea4ad743 - - default default] 199.204.45.38 "GET /v2.0/ports?device_id=74db9b10-b662-4919-b7bc-2b1605c4554c HTTP/1.1" status: 200 len: 1172 time: 0.0448725
2026-05-05 18:06:06.034 9 INFO neutron.db.ovn_revision_numbers_db [None req-467393c0-2173-49ee-b6d9-c387182d67a5 9ca1bdaa54554a71b8685a18f03db938 fff08702b4174297bbbe71aa52d028ce - - default default] Successfully bumped revision number for resource 3f922e14-7a5b-41f6-860e-b05d62cb3fd5 (type: security_group_rules) to 0
2026-05-05 18:06:06.055 9 INFO neutron.db.ovn_revision_numbers_db [None req-467393c0-2173-49ee-b6d9-c387182d67a5 9ca1bdaa54554a71b8685a18f03db938 fff08702b4174297bbbe71aa52d028ce - - default default] Successfully bumped revision number for resource 9fddd582-1edf-48fa-9712-20fd0101ffe8 (type: security_group_rules) to 0
