2026-05-05 18:04:24.566 10 ERROR ovsdbapp.backend.ovs_idl.command
File "/var/lib/openstack/lib/python3.10/site-packages/ovsdbapp/backend/ovs_idl/__init__.py", line 235, in _lookup
2026-05-05 18:04:24.566 10 ERROR ovsdbapp.backend.ovs_idl.command row = idlutils.row_by_value(self, rl.table, rl.column, record)
2026-05-05 18:04:24.566 10 ERROR ovsdbapp.backend.ovs_idl.command
File "/var/lib/openstack/lib/python3.10/site-packages/ovsdbapp/backend/ovs_idl/idlutils.py", line 114, in row_by_value
2026-05-05 18:04:24.566 10 ERROR ovsdbapp.backend.ovs_idl.command raise RowNotFound(table=table, col=column, match=match)
2026-05-05 18:04:24.566 10 ERROR ovsdbapp.backend.ovs_idl.command ovsdbapp.backend.ovs_idl.idlutils.RowNotFound: Cannot find Logical_Router_Port with name=lrp-f5b4fd34-2248-40a2-84b0-760f6afa2f83
2026-05-05 18:04:24.566 10 ERROR ovsdbapp.backend.ovs_idl.command 
2026-05-05 18:04:24.566 10 ERROR neutron_lib.callbacks.manager [None req-82153fdc-42dd-44ad-b1a6-5cd3111dec35 f12f77c6db6340ecb8348773ecbd02ab d951307985034f14a63054be106b932d - - default default] Error during notification for neutron.services.ovn_l3.plugin.OVNL3RouterPlugin._port_update-8727170617044 port, after_update: ovsdbapp.backend.ovs_idl.idlutils.RowNotFound: Cannot find Logical_Router_Port with name=lrp-f5b4fd34-2248-40a2-84b0-760f6afa2f83
2026-05-05 18:04:24.566 10 ERROR neutron_lib.callbacks.manager
Traceback (most recent call last):
2026-05-05 18:04:24.566 10 ERROR neutron_lib.callbacks.manager
File "/var/lib/openstack/lib/python3.10/site-packages/neutron_lib/callbacks/manager.py", line 189, in _notify_loop
2026-05-05 18:04:24.566 10 ERROR neutron_lib.callbacks.manager callback.method(resource, event, trigger, payload=payload)
2026-05-05 18:04:24.566 10 ERROR neutron_lib.callbacks.manager
File "/var/lib/openstack/lib/python3.10/site-packages/neutron/services/ovn_l3/plugin.py", line 391, in _port_update
2026-05-05 18:04:24.566 10 ERROR neutron_lib.callbacks.manager l3plugin._ovn_client.update_router_port(context,
2026-05-05 18:04:24.566 10 ERROR neutron_lib.callbacks.manager
File "/var/lib/openstack/lib/python3.10/site-packages/neutron/plugins/ml2/drivers/ovn/mech_driver/ovsdb/ovn_client.py", line 1878, in update_router_port
2026-05-05 18:04:24.566 10 ERROR neutron_lib.callbacks.manager self._update_lrouter_port(context, port, if_exists=if_exists,
2026-05-05 18:04:24.566 10 ERROR neutron_lib.callbacks.manager
File "/var/lib/openstack/lib/python3.10/site-packages/neutron/plugins/ml2/drivers/ovn/mech_driver/ovsdb/ovn_client.py", line 1855, in _update_lrouter_port
2026-05-05 18:04:24.566 10 ERROR neutron_lib.callbacks.manager external_ids = self._nb_idl.db_get(
2026-05-05 18:04:24.566 10 ERROR neutron_lib.callbacks.manager
File "/var/lib/openstack/lib/python3.10/site-packages/ovsdbapp/backend/ovs_idl/command.py", line 47, in execute
2026-05-05 18:04:24.566 10 ERROR neutron_lib.callbacks.manager self.run_idl(None)
2026-05-05 18:04:24.566 10 ERROR neutron_lib.callbacks.manager
File "/var/lib/openstack/lib/python3.10/site-packages/ovsdbapp/backend/ovs_idl/command.py", line 235, in run_idl
2026-05-05 18:04:24.566 10 ERROR neutron_lib.callbacks.manager record = self.api.lookup(self.table, self.record)
2026-05-05 18:04:24.566 10 ERROR neutron_lib.callbacks.manager
File "/var/lib/openstack/lib/python3.10/site-packages/ovsdbapp/backend/ovs_idl/__init__.py", line 184, in lookup
2026-05-05 18:04:24.566 10 ERROR neutron_lib.callbacks.manager return self._lookup(table, record)
2026-05-05 18:04:24.566 10 ERROR neutron_lib.callbacks.manager
File "/var/lib/openstack/lib/python3.10/site-packages/ovsdbapp/backend/ovs_idl/__init__.py", line 235, in _lookup
2026-05-05 18:04:24.566 10 ERROR neutron_lib.callbacks.manager row = idlutils.row_by_value(self, rl.table, rl.column, record)
2026-05-05 18:04:24.566 10 ERROR neutron_lib.callbacks.manager
File "/var/lib/openstack/lib/python3.10/site-packages/ovsdbapp/backend/ovs_idl/idlutils.py", line 114, in row_by_value
2026-05-05 18:04:24.566 10 ERROR neutron_lib.callbacks.manager raise RowNotFound(table=table, col=column, match=match)
2026-05-05 18:04:24.566 10 ERROR neutron_lib.callbacks.manager ovsdbapp.backend.ovs_idl.idlutils.RowNotFound: Cannot find Logical_Router_Port with name=lrp-f5b4fd34-2248-40a2-84b0-760f6afa2f83
2026-05-05 18:04:24.566 10 ERROR neutron_lib.callbacks.manager 
2026-05-05 18:04:24.682 10 INFO neutron.wsgi [None req-c8104ac4-4dcd-4cc5-9c28-00dde5c9f544 9ca1bdaa54554a71b8685a18f03db938 fff08702b4174297bbbe71aa52d028ce - - default default] 10.0.0.240 "GET /v2.0/routers HTTP/1.1" status: 200 len: 2730 time: 0.1310399
2026-05-05 18:04:24.699 10 INFO neutron.wsgi [None req-58d5b3d1-1192-40dc-ad2e-df954c97cc63 9ca1bdaa54554a71b8685a18f03db938 fff08702b4174297bbbe71aa52d028ce - - default default] 10.0.0.240 "GET /v2.0/agents?binary=ovn-controller HTTP/1.1" status: 200 len: 591 time: 0.0140769
2026-05-05 18:04:24.757 10 INFO neutron.wsgi [None req-3bb96c96-da46-49f9-86f4-305f7408d143 9ca1bdaa54554a71b8685a18f03db938 fff08702b4174297bbbe71aa52d028ce - - default default] 10.0.0.240 "GET /v2.0/subnets HTTP/1.1" status: 200 len: 3929 time: 0.0559425
2026-05-05 18:04:24.781 10 INFO neutron.wsgi [None req-8e75db8a-6a59-4d79-b8a4-1d92c98e6702 9ca1bdaa54554a71b8685a18f03db938 fff08702b4174297bbbe71aa52d028ce - - default default] 10.0.0.240 "GET /v2.0/network-ip-availabilities HTTP/1.1" status: 200 len: 3295 time: 0.0231998
2026-05-05 18:04:24.829 10 INFO neutron.wsgi [None req-af905a34-f62e-45a3-bfc0-b5dd6ab69889 9ca1bdaa54554a71b8685a18f03db938 fff08702b4174297bbbe71aa52d028ce - - default default] 10.0.0.240 "GET /v2.0/floatingips HTTP/1.1" status: 200 len: 730 time: 0.0467629
2026-05-05 18:04:25.105 10 INFO neutron.wsgi [None req-f320d545-94d3-444e-a5ac-2c018e3681c9 9ca1bdaa54554a71b8685a18f03db938 fff08702b4174297bbbe71aa52d028ce - - default default] 10.0.0.240 "GET /v2.0/security-groups HTTP/1.1" status: 200 len: 32058 time: 0.2741957
2026-05-05 18:04:25.133 9 INFO neutron.wsgi [None req-a2bb96d6-f111-42c3-9252-7108ddb552ec 0ff24b8956fe40f1baf23d56ae83dad3 cda37fa8e3024b868ed758c9684dfd4e - - default default] 10.0.0.54 "POST /v2.0/floatingips HTTP/1.1" status: 201 len: 751 time: 0.9983683
2026-05-05 18:04:25.135 10 INFO neutron.wsgi [None req-7a08f694-58fe-45fd-aaf0-9f22040f3269 9ca1bdaa54554a71b8685a18f03db938 fff08702b4174297bbbe71aa52d028ce - - default default] 10.0.0.240 "GET /v2.0/agents HTTP/1.1" status: 200 len: 1390 time: 0.0174809
2026-05-05 18:04:25.152 10 INFO neutron.db.ovn_revision_numbers_db [None req-82153fdc-42dd-44ad-b1a6-5cd3111dec35 f12f77c6db6340ecb8348773ecbd02ab d951307985034f14a63054be106b932d - - default default] Successfully bumped revision number for resource f5b4fd34-2248-40a2-84b0-760f6afa2f83 (type: ports) to 1
2026-05-05 18:04:25.176 10 INFO neutron.wsgi [None req-8bbc65f7-d6e4-44bf-9d89-e8f94a525182 9ca1bdaa54554a71b8685a18f03db938 fff08702b4174297bbbe71aa52d028ce - - default default] 10.0.0.240 "GET /v2.0/subnets HTTP/1.1" status: 200 len: 3929 time: 0.0386126
2026-05-05 18:04:25.195 10 INFO neutron.wsgi [None req-8a8f126d-2d09-4b29-a0ac-5704fa65c574 9ca1bdaa54554a71b8685a18f03db938 fff08702b4174297bbbe71aa52d028ce - - default default] 10.0.0.240 "GET /v2.0/subnetpools HTTP/1.1" status: 200 len: 193 time: 0.0174994
2026-05-05 18:04:25.228 9 INFO neutron.services.segments.plugin [-] Segment f692e3ad-b686-4008-a93b-55a8eabf4329 resource provider aggregate not found
2026-05-05 18:04:25.233 9 INFO neutron.services.segments.plugin [-] Segment f692e3ad-b686-4008-a93b-55a8eabf4329 resource provider aggregate not found
2026-05-05 18:04:25.254 9 INFO neutron.wsgi [None req-d924202f-0c30-4fc4-86cd-9f9ddf3a8af0 e9d5b574e18849d789eb5d064311632c 18783947d0c34ce684217e05a6547fa0 - - default default] 10.0.0.54 "DELETE /v2.0/networks/8bd644b0-a0ee-408f-a63e-435dbdbcb8e6 HTTP/1.1" status: 204 len: 168 time: 0.7641511
2026-05-05 18:04:25.256 9 INFO neutron.services.segments.plugin [-] Segment f692e3ad-b686-4008-a93b-55a8eabf4329 resource provider not found; error: Placement Client Error (4xx): {"errors": [{"status": 404, "title": "Not Found", "detail": "The resource could not be found.\n\n No resource provider with uuid f692e3ad-b686-4008-a93b-55a8eabf4329 found for delete ", "request_id": "req-bed8a29e-e87e-45a5-92af-ffa2668e8f02"}]}
2026-05-05 18:04:25.261 9 INFO neutron.services.segments.plugin [-] Segment f692e3ad-b686-4008-a93b-55a8eabf4329 resource provider not found; error: Placement Client Error (4xx): {"errors": [{"status": 404, "title": "Not Found", "detail": "The resource could not be found.\n\n No resource provider with uuid f692e3ad-b686-4008-a93b-55a8eabf4329 found for delete ", "request_id": "req-939e090e-e0fd-4d30-a255-ee383ca0ae6d"}]}
2026-05-05 18:04:25.269 9 WARNING neutron_lib.context [None req-f9f1ad2e-9029-4b2d-a5d5-36a0e4bacca6 e9d5b574e18849d789eb5d064311632c 18783947d0c34ce684217e05a6547fa0 - - default default] Method 'is_advsvc' is deprecated since 2023.2 release (neutron-lib 3.8.0) and will be removed once support for the old RBAC API policies will be removed from Neutron. Please use method 'is_service_role' instead.
2026-05-05 18:04:25.282 10 WARNING neutron.scheduler.dhcp_agent_scheduler [None req-82153fdc-42dd-44ad-b1a6-5cd3111dec35 f12f77c6db6340ecb8348773ecbd02ab d951307985034f14a63054be106b932d - - default default] No more DHCP agents
2026-05-05 18:04:25.283 10 WARNING neutron.api.rpc.agentnotifiers.dhcp_rpc_agent_api [None req-82153fdc-42dd-44ad-b1a6-5cd3111dec35 f12f77c6db6340ecb8348773ecbd02ab d951307985034f14a63054be106b932d - - default default] Unable to schedule network 8f28a5f7-339b-4062-bb2c-a507828712ed: no agents available; will retry on subsequent port and subnet creation events.
2026-05-05 18:04:25.320 9 WARNING neutron.scheduler.dhcp_agent_scheduler [None req-9ee2779d-b39b-47c3-9081-7c5be50cc6ec 4bf95b16ffd24d64b5ff4972aaa975d8 abb727e369294f28a4ee90c60ce0e610 - - default default] No more DHCP agents
2026-05-05 18:04:25.324 9 WARNING neutron.api.rpc.agentnotifiers.dhcp_rpc_agent_api [None req-9ee2779d-b39b-47c3-9081-7c5be50cc6ec 4bf95b16ffd24d64b5ff4972aaa975d8 abb727e369294f28a4ee90c60ce0e610 - - default default] Unable to schedule network fadfa315-97ed-45f9-999a-9d34756e9927: no agents available; will retry on subsequent port and subnet creation events.
2026-05-05 18:04:25.335 10 INFO neutron.wsgi [None req-3c8f9f0c-2f3b-4871-8965-37e6884e942f 9ca1bdaa54554a71b8685a18f03db938 fff08702b4174297bbbe71aa52d028ce - - default default] 10.0.0.240 "GET /v2.0/networks HTTP/1.1" status: 200 len: 5362 time: 0.1317565
2026-05-05 18:04:25.385 9 INFO neutron.db.segments_db [None req-f9f1ad2e-9029-4b2d-a5d5-36a0e4bacca6 e9d5b574e18849d789eb5d064311632c 18783947d0c34ce684217e05a6547fa0 - - default default] Added segment 2c9c88b2-670d-4c6a-ab6c-bdc955802adc of type geneve for network 2c4351ae-8b8f-4fcd-93eb-21883a881363
2026-05-05 18:04:25.467 10 INFO neutron.db.ovn_revision_numbers_db [None req-82153fdc-42dd-44ad-b1a6-5cd3111dec35 f12f77c6db6340ecb8348773ecbd02ab d951307985034f14a63054be106b932d - - default default] Successfully bumped revision number for resource f5b4fd34-2248-40a2-84b0-760f6afa2f83 (type: router_ports) to 1
2026-05-05 18:04:25.474 10 INFO neutron.wsgi [None req-82153fdc-42dd-44ad-b1a6-5cd3111dec35 f12f77c6db6340ecb8348773ecbd02ab d951307985034f14a63054be106b932d - - default default] 10.0.0.54 "PUT /v2.0/routers/a3b08cfc-8b4c-446a-8c7f-0282f703fb90/add_router_interface HTTP/1.1" status: 200 len: 503 time: 4.4332533
2026-05-05 18:04:25.554 9 INFO neutron.db.ovn_revision_numbers_db [None req-9ee2779d-b39b-47c3-9081-7c5be50cc6ec 4bf95b16ffd24d64b5ff4972aaa975d8 abb727e369294f28a4ee90c60ce0e610 - - default default] Successfully bumped revision number for resource 0408e895-e4f0-4c39-989d-a65025388414 (type: ports) to 1
2026-05-05 18:04:25.574 10 INFO neutron.wsgi [None req-33deba9d-e707-4c39-be71-6c3c445995df f12f77c6db6340ecb8348773ecbd02ab d951307985034f14a63054be106b932d - - default default] 10.0.0.54 "GET /v2.0/ports/f5b4fd34-2248-40a2-84b0-760f6afa2f83 HTTP/1.1" status: 200 len: 1135 time: 0.0954719
2026-05-05 18:04:25.604 9 INFO neutron.db.ovn_revision_numbers_db [None req-f9f1ad2e-9029-4b2d-a5d5-36a0e4bacca6 e9d5b574e18849d789eb5d064311632c 18783947d0c34ce684217e05a6547fa0 - - default default] Successfully bumped revision number for resource 2c4351ae-8b8f-4fcd-93eb-21883a881363 (type: networks) to 1
2026-05-05 18:04:25.617 10 INFO neutron.wsgi [None req-fac8f78f-cc7c-48e0-806f-a098191a08e2 f12f77c6db6340ecb8348773ecbd02ab d951307985034f14a63054be106b932d - - default default] 10.0.0.54 "GET /v2.0/ports/f5b4fd34-2248-40a2-84b0-760f6afa2f83 HTTP/1.1" status: 200 len: 1135 time: 0.0381384
2026-05-05 18:04:26.061 9 WARNING neutron.plugins.ml2.drivers.ovn.mech_driver.ovsdb.ovn_client [None req-42885f72-cdae-4c41-a029-38f5180af0f2 - - - - - -] No hosting information found for port 02ac7ef0-d405-4d17-bc87-ac9878a5cdd0: RuntimeError: No hosting information found for port 02ac7ef0-d405-4d17-bc87-ac9878a5cdd0
2026-05-05 18:04:26.061 9 INFO neutron.plugins.ml2.drivers.ovn.mech_driver.mech_driver [None req-42885f72-cdae-4c41-a029-38f5180af0f2 - - - - - -] OVN reports status up for port: 4ad58bab-cdd2-4f50-96bd-23c335cc5292
2026-05-05 18:04:26.080 9 INFO neutron.plugins.ml2.plugin [None req-42885f72-cdae-4c41-a029-38f5180af0f2 - - - - - -] Attempt 1 to provision port 4ad58bab-cdd2-4f50-96bd-23c335cc5292
2026-05-05 18:04:26.134 9 WARNING neutron.scheduler.dhcp_agent_scheduler [None req-f9f1ad2e-9029-4b2d-a5d5-36a0e4bacca6 e9d5b574e18849d789eb5d064311632c 18783947d0c34ce684217e05a6547fa0 - - default default] No more DHCP agents
2026-05-05 18:04:26.139 9 WARNING neutron.api.rpc.agentnotifiers.dhcp_rpc_agent_api [None req-f9f1ad2e-9029-4b2d-a5d5-36a0e4bacca6 e9d5b574e18849d789eb5d064311632c 18783947d0c34ce684217e05a6547fa0 - - default default] Unable to schedule network 2c4351ae-8b8f-4fcd-93eb-21883a881363: no agents available; will retry on subsequent port and subnet creation events.
2026-05-05 18:04:26.300 9 INFO neutron.db.ovn_revision_numbers_db [None req-f9f1ad2e-9029-4b2d-a5d5-36a0e4bacca6 e9d5b574e18849d789eb5d064311632c 18783947d0c34ce684217e05a6547fa0 - - default default] Successfully bumped revision number for resource 8c7e65b5-2b36-456c-965d-78d4b04a476f (type: ports) to 1
2026-05-05 18:04:26.361 9 INFO neutron.wsgi [None req-f9f1ad2e-9029-4b2d-a5d5-36a0e4bacca6 e9d5b574e18849d789eb5d064311632c 18783947d0c34ce684217e05a6547fa0 - - default default] 10.0.0.54 "POST /v2.0/networks HTTP/1.1" status: 201 len: 832 time: 1.0968516
2026-05-05 18:04:26.377 10 WARNING neutron_lib.context [None req-0ffc279c-2994-4d2c-8c19-678b8057dd6a e9d5b574e18849d789eb5d064311632c 18783947d0c34ce684217e05a6547fa0 - - default default] Method 'is_advsvc' is deprecated since 2023.2 release (neutron-lib 3.8.0) and will be removed once support for the old RBAC API policies will be removed from Neutron. Please use method 'is_service_role' instead.
2026-05-05 18:04:26.584 10 WARNING neutron.scheduler.dhcp_agent_scheduler [None req-0ffc279c-2994-4d2c-8c19-678b8057dd6a e9d5b574e18849d789eb5d064311632c 18783947d0c34ce684217e05a6547fa0 - - default default] No more DHCP agents
2026-05-05 18:04:26.589 10 WARNING neutron.api.rpc.agentnotifiers.dhcp_rpc_agent_api [None req-0ffc279c-2994-4d2c-8c19-678b8057dd6a e9d5b574e18849d789eb5d064311632c 18783947d0c34ce684217e05a6547fa0 - - default default] Unable to schedule network 2c4351ae-8b8f-4fcd-93eb-21883a881363: no agents available; will retry on subsequent port and subnet creation events.
2026-05-05 18:04:26.618 10 INFO neutron.db.ovn_revision_numbers_db [None req-0ffc279c-2994-4d2c-8c19-678b8057dd6a e9d5b574e18849d789eb5d064311632c 18783947d0c34ce684217e05a6547fa0 - - default default] Successfully bumped revision number for resource 989fef9c-34eb-43e5-a835-5914fcb76070 (type: subnets) to 0
2026-05-05 18:04:26.642 9 ERROR ovsdbapp.backend.ovs_idl.command [None req-9ee2779d-b39b-47c3-9081-7c5be50cc6ec 4bf95b16ffd24d64b5ff4972aaa975d8 abb727e369294f28a4ee90c60ce0e610 - - default default] Error executing command (DbGetCommand): ovsdbapp.backend.ovs_idl.idlutils.RowNotFound: Cannot find Logical_Router_Port with name=lrp-0408e895-e4f0-4c39-989d-a65025388414
2026-05-05 18:04:26.642 9 ERROR ovsdbapp.backend.ovs_idl.command
Traceback (most recent call last):
2026-05-05 18:04:26.642 9 ERROR ovsdbapp.backend.ovs_idl.command
File "/var/lib/openstack/lib/python3.10/site-packages/ovsdbapp/backend/ovs_idl/command.py", line 47, in execute
2026-05-05 18:04:26.642 9 ERROR ovsdbapp.backend.ovs_idl.command self.run_idl(None)
2026-05-05 18:04:26.642 9 ERROR ovsdbapp.backend.ovs_idl.command
File "/var/lib/openstack/lib/python3.10/site-packages/ovsdbapp/backend/ovs_idl/command.py", line 235, in run_idl
2026-05-05 18:04:26.642 9 ERROR ovsdbapp.backend.ovs_idl.command record = self.api.lookup(self.table, self.record)
2026-05-05 18:04:26.642 9 ERROR ovsdbapp.backend.ovs_idl.command
File "/var/lib/openstack/lib/python3.10/site-packages/ovsdbapp/backend/ovs_idl/__init__.py", line 184, in lookup
2026-05-05 18:04:26.642 9 ERROR ovsdbapp.backend.ovs_idl.command return self._lookup(table, record)
2026-05-05 18:04:26.642 9 ERROR ovsdbapp.backend.ovs_idl.command
File "/var/lib/openstack/lib/python3.10/site-packages/ovsdbapp/backend/ovs_idl/__init__.py", line 235, in _lookup
2026-05-05 18:04:26.642 9 ERROR ovsdbapp.backend.ovs_idl.command row = idlutils.row_by_value(self, rl.table, rl.column, record)
2026-05-05 18:04:26.642 9 ERROR ovsdbapp.backend.ovs_idl.command
File "/var/lib/openstack/lib/python3.10/site-packages/ovsdbapp/backend/ovs_idl/idlutils.py", line 114, in row_by_value
2026-05-05 18:04:26.642 9 ERROR ovsdbapp.backend.ovs_idl.command raise RowNotFound(table=table, col=column, match=match)
2026-05-05 18:04:26.642 9 ERROR ovsdbapp.backend.ovs_idl.command ovsdbapp.backend.ovs_idl.idlutils.RowNotFound: Cannot find Logical_Router_Port with name=lrp-0408e895-e4f0-4c39-989d-a65025388414
2026-05-05 18:04:26.642 9 ERROR ovsdbapp.backend.ovs_idl.command 
2026-05-05 18:04:26.643 9 ERROR neutron_lib.callbacks.manager [None req-9ee2779d-b39b-47c3-9081-7c5be50cc6ec 4bf95b16ffd24d64b5ff4972aaa975d8 abb727e369294f28a4ee90c60ce0e610 - - default default] Error during notification for neutron.services.ovn_l3.plugin.OVNL3RouterPlugin._port_update-8727170617044 port, after_update: ovsdbapp.backend.ovs_idl.idlutils.RowNotFound: Cannot find Logical_Router_Port with name=lrp-0408e895-e4f0-4c39-989d-a65025388414
2026-05-05 18:04:26.643 9 ERROR neutron_lib.callbacks.manager
Traceback (most recent call last):
2026-05-05 18:04:26.643 9 ERROR neutron_lib.callbacks.manager
File "/var/lib/openstack/lib/python3.10/site-packages/neutron_lib/callbacks/manager.py", line 189, in _notify_loop
2026-05-05 18:04:26.643 9 ERROR neutron_lib.callbacks.manager callback.method(resource, event, trigger, payload=payload)
2026-05-05 18:04:26.643 9 ERROR neutron_lib.callbacks.manager
File "/var/lib/openstack/lib/python3.10/site-packages/neutron/services/ovn_l3/plugin.py", line 391, in _port_update
2026-05-05 18:04:26.643 9 ERROR neutron_lib.callbacks.manager l3plugin._ovn_client.update_router_port(context,
2026-05-05 18:04:26.643 9 ERROR neutron_lib.callbacks.manager
File "/var/lib/openstack/lib/python3.10/site-packages/neutron/plugins/ml2/drivers/ovn/mech_driver/ovsdb/ovn_client.py", line 1878, in update_router_port
2026-05-05 18:04:26.643 9 ERROR neutron_lib.callbacks.manager self._update_lrouter_port(context, port, if_exists=if_exists,
2026-05-05 18:04:26.643 9 ERROR neutron_lib.callbacks.manager
File "/var/lib/openstack/lib/python3.10/site-packages/neutron/plugins/ml2/drivers/ovn/mech_driver/ovsdb/ovn_client.py", line 1855, in _update_lrouter_port
2026-05-05 18:04:26.643 9 ERROR neutron_lib.callbacks.manager external_ids = self._nb_idl.db_get(
2026-05-05 18:04:26.643 9 ERROR neutron_lib.callbacks.manager
File "/var/lib/openstack/lib/python3.10/site-packages/ovsdbapp/backend/ovs_idl/command.py", line 47, in execute
2026-05-05 18:04:26.643 9 ERROR neutron_lib.callbacks.manager self.run_idl(None)
2026-05-05 18:04:26.643 9 ERROR neutron_lib.callbacks.manager
File "/var/lib/openstack/lib/python3.10/site-packages/ovsdbapp/backend/ovs_idl/command.py", line 235, in run_idl
2026-05-05 18:04:26.643 9 ERROR neutron_lib.callbacks.manager record = self.api.lookup(self.table, self.record)
2026-05-05 18:04:26.643 9 ERROR neutron_lib.callbacks.manager
File "/var/lib/openstack/lib/python3.10/site-packages/ovsdbapp/backend/ovs_idl/__init__.py", line 184, in lookup
2026-05-05 18:04:26.643 9 ERROR neutron_lib.callbacks.manager return self._lookup(table, record)
2026-05-05 18:04:26.643 9 ERROR neutron_lib.callbacks.manager
File "/var/lib/openstack/lib/python3.10/site-packages/ovsdbapp/backend/ovs_idl/__init__.py", line 235, in _lookup
2026-05-05 18:04:26.643 9 ERROR neutron_lib.callbacks.manager row = idlutils.row_by_value(self, rl.table, rl.column, record)
2026-05-05 18:04:26.643 9 ERROR neutron_lib.callbacks.manager
File "/var/lib/openstack/lib/python3.10/site-packages/ovsdbapp/backend/ovs_idl/idlutils.py", line 114, in row_by_value
2026-05-05 18:04:26.643 9 ERROR neutron_lib.callbacks.manager raise RowNotFound(table=table, col=column, match=match)
2026-05-05 18:04:26.643 9 ERROR neutron_lib.callbacks.manager ovsdbapp.backend.ovs_idl.idlutils.RowNotFound: Cannot find Logical_Router_Port with name=lrp-0408e895-e4f0-4c39-989d-a65025388414
2026-05-05 18:04:26.643 9 ERROR neutron_lib.callbacks.manager 
2026-05-05 18:04:26.646 10 INFO neutron.wsgi [None req-0ffc279c-2994-4d2c-8c19-678b8057dd6a e9d5b574e18849d789eb5d064311632c 18783947d0c34ce684217e05a6547fa0 - - default default] 10.0.0.54 "POST /v2.0/subnets HTTP/1.1" status: 201 len: 821 time: 0.2764614
2026-05-05 18:04:26.655 10 INFO neutron.wsgi [None req-9be3c632-4363-4c7b-bd2a-993a5177f08c f12f77c6db6340ecb8348773ecbd02ab d951307985034f14a63054be106b932d - - default default] 10.0.0.54 "GET /v2.0/ports/f5b4fd34-2248-40a2-84b0-760f6afa2f83 HTTP/1.1" status: 200 len: 1135 time: 0.0336790
2026-05-05 18:04:26.660 9 WARNING neutron_lib.context [None req-db46a2a8-0c5d-4c9b-b6c5-84e87b5581e5 e9d5b574e18849d789eb5d064311632c 18783947d0c34ce684217e05a6547fa0 - - default default] Method 'is_advsvc' is deprecated since 2023.2 release (neutron-lib 3.8.0) and will be removed once support for the old RBAC API policies will be removed from Neutron. Please use method 'is_service_role' instead.
2026-05-05 18:04:26.798 9 INFO neutron.db.ovn_revision_numbers_db [None req-42885f72-cdae-4c41-a029-38f5180af0f2 - - - - - -] Successfully bumped revision number for resource 4ad58bab-cdd2-4f50-96bd-23c335cc5292 (type: ports) to 2
2026-05-05 18:04:26.867 9 INFO neutron.db.ovn_revision_numbers_db [None req-db46a2a8-0c5d-4c9b-b6c5-84e87b5581e5 e9d5b574e18849d789eb5d064311632c 18783947d0c34ce684217e05a6547fa0 - - default default] Successfully bumped revision number for resource 37fd2284-8715-4ab9-813f-5dbc6051368d (type: routers) to 1
2026-05-05 18:04:26.919 9 INFO neutron.wsgi [None req-db46a2a8-0c5d-4c9b-b6c5-84e87b5581e5 e9d5b574e18849d789eb5d064311632c 18783947d0c34ce684217e05a6547fa0 - - default default] 10.0.0.54 "POST /v2.0/routers HTTP/1.1" status: 201 len: 806 time: 0.2657533
2026-05-05 18:04:27.013 9 INFO neutron.db.ovn_revision_numbers_db [None req-42885f72-cdae-4c41-a029-38f5180af0f2 - - - - - -] Successfully bumped revision number for resource 4ad58bab-cdd2-4f50-96bd-23c335cc5292 (type: router_ports) to 2
2026-05-05 18:04:27.026 9 INFO neutron.db.ovn_revision_numbers_db [None req-9ee2779d-b39b-47c3-9081-7c5be50cc6ec 4bf95b16ffd24d64b5ff4972aaa975d8 abb727e369294f28a4ee90c60ce0e610 - - default default] Successfully bumped revision number for resource 0408e895-e4f0-4c39-989d-a65025388414 (type: ports) to 1
2026-05-05 18:04:27.102 9 WARNING neutron.scheduler.dhcp_agent_scheduler [None req-9ee2779d-b39b-47c3-9081-7c5be50cc6ec 4bf95b16ffd24d64b5ff4972aaa975d8 abb727e369294f28a4ee90c60ce0e610 - - default default] No more DHCP agents
2026-05-05 18:04:27.103 9 WARNING neutron.api.rpc.agentnotifiers.dhcp_rpc_agent_api [None req-9ee2779d-b39b-47c3-9081-7c5be50cc6ec 4bf95b16ffd24d64b5ff4972aaa975d8 abb727e369294f28a4ee90c60ce0e610 - - default default] Unable to schedule network fadfa315-97ed-45f9-999a-9d34756e9927: no agents available; will retry on subsequent port and subnet creation events.
2026-05-05 18:04:27.407 10 WARNING neutron.scheduler.dhcp_agent_scheduler [None req-2cea7cc6-af3c-4c7a-b754-194cfe405ac0 e9d5b574e18849d789eb5d064311632c 18783947d0c34ce684217e05a6547fa0 - - default default] No more DHCP agents
2026-05-05 18:04:27.409 10 WARNING neutron.api.rpc.agentnotifiers.dhcp_rpc_agent_api [None req-2cea7cc6-af3c-4c7a-b754-194cfe405ac0 e9d5b574e18849d789eb5d064311632c 18783947d0c34ce684217e05a6547fa0 - - default default] Unable to schedule network 2c4351ae-8b8f-4fcd-93eb-21883a881363: no agents available; will retry on subsequent port and subnet creation events.
2026-05-05 18:04:27.488 9 INFO neutron.db.ovn_revision_numbers_db [None req-9ee2779d-b39b-47c3-9081-7c5be50cc6ec 4bf95b16ffd24d64b5ff4972aaa975d8 abb727e369294f28a4ee90c60ce0e610 - - default default] Successfully bumped revision number for resource 0408e895-e4f0-4c39-989d-a65025388414 (type: router_ports) to 1
2026-05-05 18:04:27.497 9 INFO neutron.wsgi [None req-9ee2779d-b39b-47c3-9081-7c5be50cc6ec 4bf95b16ffd24d64b5ff4972aaa975d8 abb727e369294f28a4ee90c60ce0e610 - - default default] 10.0.0.54 "PUT /v2.0/routers/3d9747fb-b8a7-47ea-acb3-8005d6e9cb23/add_router_interface HTTP/1.1" status: 200 len: 503 time: 3.2137196
2026-05-05 18:04:27.505 9 WARNING neutron_lib.context [None req-2f420b14-ece0-44e5-8328-1d4ff425dfc2 4bf95b16ffd24d64b5ff4972aaa975d8 abb727e369294f28a4ee90c60ce0e610 - - default default] Method 'is_advsvc' is deprecated since 2023.2 release (neutron-lib 3.8.0) and will be removed once support for the old RBAC API policies will be removed from Neutron. Please use method 'is_service_role' instead.
2026-05-05 18:04:27.526 10 INFO neutron.db.ovn_revision_numbers_db [None req-2cea7cc6-af3c-4c7a-b754-194cfe405ac0 e9d5b574e18849d789eb5d064311632c 18783947d0c34ce684217e05a6547fa0 - - default default] Successfully bumped revision number for resource 8d341d33-a538-4884-a2be-dbd36bd7c2d7 (type: ports) to 1
2026-05-05 18:04:27.772 9 INFO neutron.wsgi [None req-6379bae0-1a0e-4e69-aaf9-54489b1ae799 f12f77c6db6340ecb8348773ecbd02ab d951307985034f14a63054be106b932d - - default default] 10.0.0.54 "GET /v2.0/ports/f5b4fd34-2248-40a2-84b0-760f6afa2f83 HTTP/1.1" status: 200 len: 1135 time: 0.1099508
2026-05-05 18:04:27.894 9 WARNING neutron.scheduler.dhcp_agent_scheduler [None req-2f420b14-ece0-44e5-8328-1d4ff425dfc2 4bf95b16ffd24d64b5ff4972aaa975d8 abb727e369294f28a4ee90c60ce0e610 - - default default] No more DHCP agents
2026-05-05 18:04:27.896 9 WARNING neutron.api.rpc.agentnotifiers.dhcp_rpc_agent_api [None req-2f420b14-ece0-44e5-8328-1d4ff425dfc2 4bf95b16ffd24d64b5ff4972aaa975d8 abb727e369294f28a4ee90c60ce0e610 - - default default] Unable to schedule network fadfa315-97ed-45f9-999a-9d34756e9927: no agents available; will retry on subsequent port and subnet creation events.
2026-05-05 18:04:27.983 10 ERROR ovsdbapp.backend.ovs_idl.command [None req-2cea7cc6-af3c-4c7a-b754-194cfe405ac0 e9d5b574e18849d789eb5d064311632c 18783947d0c34ce684217e05a6547fa0 - - default default] Error executing command (DbGetCommand): ovsdbapp.backend.ovs_idl.idlutils.RowNotFound: Cannot find Logical_Router_Port with name=lrp-8d341d33-a538-4884-a2be-dbd36bd7c2d7
2026-05-05 18:04:27.983 10 ERROR ovsdbapp.backend.ovs_idl.command
Traceback (most recent call last):
2026-05-05 18:04:27.983 10 ERROR ovsdbapp.backend.ovs_idl.command
File "/var/lib/openstack/lib/python3.10/site-packages/ovsdbapp/backend/ovs_idl/command.py", line 47, in execute
2026-05-05 18:04:27.983 10 ERROR ovsdbapp.backend.ovs_idl.command self.run_idl(None)
2026-05-05 18:04:27.983 10 ERROR ovsdbapp.backend.ovs_idl.command
File "/var/lib/openstack/lib/python3.10/site-packages/ovsdbapp/backend/ovs_idl/command.py", line 235, in run_idl
2026-05-05 18:04:27.983 10 ERROR ovsdbapp.backend.ovs_idl.command record = self.api.lookup(self.table, self.record)
2026-05-05 18:04:27.983 10 ERROR ovsdbapp.backend.ovs_idl.command
File "/var/lib/openstack/lib/python3.10/site-packages/ovsdbapp/backend/ovs_idl/__init__.py", line 184, in lookup
2026-05-05 18:04:27.983 10 ERROR ovsdbapp.backend.ovs_idl.command return self._lookup(table, record)
2026-05-05 18:04:27.983 10 ERROR ovsdbapp.backend.ovs_idl.command
File "/var/lib/openstack/lib/python3.10/site-packages/ovsdbapp/backend/ovs_idl/__init__.py", line 235, in _lookup
2026-05-05 18:04:27.983 10 ERROR ovsdbapp.backend.ovs_idl.command row = idlutils.row_by_value(self, rl.table, rl.column, record)
2026-05-05 18:04:27.983 10 ERROR ovsdbapp.backend.ovs_idl.command
File "/var/lib/openstack/lib/python3.10/site-packages/ovsdbapp/backend/ovs_idl/idlutils.py", line 114, in row_by_value
2026-05-05 18:04:27.983 10 ERROR ovsdbapp.backend.ovs_idl.command raise RowNotFound(table=table, col=column, match=match)
2026-05-05 18:04:27.983 10 ERROR ovsdbapp.backend.ovs_idl.command ovsdbapp.backend.ovs_idl.idlutils.RowNotFound: Cannot find Logical_Router_Port with name=lrp-8d341d33-a538-4884-a2be-dbd36bd7c2d7
2026-05-05 18:04:27.983 10 ERROR ovsdbapp.backend.ovs_idl.command 
2026-05-05 18:04:27.984 10 ERROR neutron_lib.callbacks.manager [None req-2cea7cc6-af3c-4c7a-b754-194cfe405ac0 e9d5b574e18849d789eb5d064311632c 18783947d0c34ce684217e05a6547fa0 - - default default] Error during notification for neutron.services.ovn_l3.plugin.OVNL3RouterPlugin._port_update-8727170617044 port, after_update: ovsdbapp.backend.ovs_idl.idlutils.RowNotFound: Cannot find Logical_Router_Port with name=lrp-8d341d33-a538-4884-a2be-dbd36bd7c2d7
2026-05-05 18:04:27.984 10 ERROR neutron_lib.callbacks.manager
Traceback (most recent call last):
2026-05-05 18:04:27.984 10 ERROR neutron_lib.callbacks.manager
File "/var/lib/openstack/lib/python3.10/site-packages/neutron_lib/callbacks/manager.py", line 189, in _notify_loop
2026-05-05 18:04:27.984 10 ERROR neutron_lib.callbacks.manager callback.method(resource, event, trigger, payload=payload)
2026-05-05 18:04:27.984 10 ERROR neutron_lib.callbacks.manager
File "/var/lib/openstack/lib/python3.10/site-packages/neutron/services/ovn_l3/plugin.py", line 391, in _port_update
2026-05-05 18:04:27.984 10 ERROR neutron_lib.callbacks.manager l3plugin._ovn_client.update_router_port(context,
2026-05-05 18:04:27.984 10 ERROR neutron_lib.callbacks.manager
File "/var/lib/openstack/lib/python3.10/site-packages/neutron/plugins/ml2/drivers/ovn/mech_driver/ovsdb/ovn_client.py", line 1878, in update_router_port
2026-05-05 18:04:27.984 10 ERROR neutron_lib.callbacks.manager self._update_lrouter_port(context, port, if_exists=if_exists,
2026-05-05 18:04:27.984 10 ERROR neutron_lib.callbacks.manager
File "/var/lib/openstack/lib/python3.10/site-packages/neutron/plugins/ml2/drivers/ovn/mech_driver/ovsdb/ovn_client.py", line 1855, in _update_lrouter_port
2026-05-05 18:04:27.984 10 ERROR neutron_lib.callbacks.manager external_ids = self._nb_idl.db_get(
2026-05-05 18:04:27.984 10 ERROR neutron_lib.callbacks.manager
File "/var/lib/openstack/lib/python3.10/site-packages/ovsdbapp/backend/ovs_idl/command.py", line 47, in execute
2026-05-05 18:04:27.984 10 ERROR neutron_lib.callbacks.manager self.run_idl(None)
2026-05-05 18:04:27.984 10 ERROR neutron_lib.callbacks.manager
File "/var/lib/openstack/lib/python3.10/site-packages/ovsdbapp/backend/ovs_idl/command.py", line 235, in run_idl
2026-05-05 18:04:27.984 10 ERROR neutron_lib.callbacks.manager record = self.api.lookup(self.table, self.record)
2026-05-05 18:04:27.984 10 ERROR neutron_lib.callbacks.manager
File "/var/lib/openstack/lib/python3.10/site-packages/ovsdbapp/backend/ovs_idl/__init__.py", line 184, in lookup
2026-05-05 18:04:27.984 10 ERROR neutron_lib.callbacks.manager return self._lookup(table, record)
2026-05-05 18:04:27.984 10 ERROR neutron_lib.callbacks.manager
File "/var/lib/openstack/lib/python3.10/site-packages/ovsdbapp/backend/ovs_idl/__init__.py", line 235, in _lookup
2026-05-05 18:04:27.984 10 ERROR neutron_lib.callbacks.manager row = idlutils.row_by_value(self, rl.table, rl.column, record)
2026-05-05 18:04:27.984 10 ERROR neutron_lib.callbacks.manager
File "/var/lib/openstack/lib/python3.10/site-packages/ovsdbapp/backend/ovs_idl/idlutils.py", line 114, in row_by_value
2026-05-05 18:04:27.984 10 ERROR neutron_lib.callbacks.manager raise RowNotFound(table=table, col=column, match=match)
2026-05-05 18:04:27.984 10 ERROR neutron_lib.callbacks.manager ovsdbapp.backend.ovs_idl.idlutils.RowNotFound: Cannot find Logical_Router_Port with name=lrp-8d341d33-a538-4884-a2be-dbd36bd7c2d7
2026-05-05 18:04:27.984 10 ERROR neutron_lib.callbacks.manager 
2026-05-05 18:04:28.054 9 INFO neutron.db.ovn_revision_numbers_db [None req-2f420b14-ece0-44e5-8328-1d4ff425dfc2 4bf95b16ffd24d64b5ff4972aaa975d8 abb727e369294f28a4ee90c60ce0e610 - - default default] Successfully bumped revision number for resource b9e2938a-7b28-4d74-93be-efb23810cf1e (type: ports) to 1
2026-05-05 18:04:28.076 9 INFO neutron.wsgi [None req-2f420b14-ece0-44e5-8328-1d4ff425dfc2 4bf95b16ffd24d64b5ff4972aaa975d8 abb727e369294f28a4ee90c60ce0e610 - - default default] 10.0.0.54 "POST /v2.0/ports HTTP/1.1" status: 201 len: 1157 time: 0.5750139 /var/lib/openstack/lib/python3.10/site-packages/pycadf/identifier.py:71: UserWarning: Invalid uuid: neutron. To ensure interoperability, identifiers should be a valid uuid. warnings.warn(('Invalid uuid: %s. To ensure interoperability, '
2026-05-05 18:04:28.086 9 WARNING neutron_lib.context [None req-ddacc5cd-496e-42b7-b2d4-530aa53e2c2e 4bf95b16ffd24d64b5ff4972aaa975d8 abb727e369294f28a4ee90c60ce0e610 - - default default] Method 'is_advsvc' is deprecated since 2023.2 release (neutron-lib 3.8.0) and will be removed once support for the old RBAC API policies will be removed from Neutron. Please use method 'is_service_role' instead.
2026-05-05 18:04:28.150 10 INFO neutron.db.ovn_revision_numbers_db [None req-2cea7cc6-af3c-4c7a-b754-194cfe405ac0 e9d5b574e18849d789eb5d064311632c 18783947d0c34ce684217e05a6547fa0 - - default default] Successfully bumped revision number for resource 8d341d33-a538-4884-a2be-dbd36bd7c2d7 (type: ports) to 1
2026-05-05 18:04:28.206 10 WARNING neutron.scheduler.dhcp_agent_scheduler [None req-2cea7cc6-af3c-4c7a-b754-194cfe405ac0 e9d5b574e18849d789eb5d064311632c 18783947d0c34ce684217e05a6547fa0 - - default default] No more DHCP agents
2026-05-05 18:04:28.207 10 WARNING neutron.api.rpc.agentnotifiers.dhcp_rpc_agent_api [None req-2cea7cc6-af3c-4c7a-b754-194cfe405ac0 e9d5b574e18849d789eb5d064311632c 18783947d0c34ce684217e05a6547fa0 - - default default] Unable to schedule network 2c4351ae-8b8f-4fcd-93eb-21883a881363: no agents available; will retry on subsequent port and subnet creation events.
2026-05-05 18:04:28.363 10 INFO neutron.db.ovn_revision_numbers_db [None req-2cea7cc6-af3c-4c7a-b754-194cfe405ac0 e9d5b574e18849d789eb5d064311632c 18783947d0c34ce684217e05a6547fa0 - - default default] Successfully bumped revision number for resource 8d341d33-a538-4884-a2be-dbd36bd7c2d7 (type: router_ports) to 1
2026-05-05 18:04:28.369 10 INFO neutron.wsgi [None req-2cea7cc6-af3c-4c7a-b754-194cfe405ac0 e9d5b574e18849d789eb5d064311632c 18783947d0c34ce684217e05a6547fa0 - - default default] 10.0.0.54 "PUT /v2.0/routers/37fd2284-8715-4ab9-813f-5dbc6051368d/add_router_interface HTTP/1.1" status: 200 len: 503 time: 1.4432943
2026-05-05 18:04:28.408 10 INFO neutron.wsgi [None req-5a83cfe9-456c-4eb1-ac37-384e01298d35 e9d5b574e18849d789eb5d064311632c 18783947d0c34ce684217e05a6547fa0 - - default default] 10.0.0.54 "GET /v2.0/ports/8d341d33-a538-4884-a2be-dbd36bd7c2d7 HTTP/1.1" status: 200 len: 1139 time: 0.0346847
2026-05-05 18:04:28.448 10 INFO neutron.wsgi [None req-4a864b85-122e-4e79-8592-7bf57b5598f5 e9d5b574e18849d789eb5d064311632c 18783947d0c34ce684217e05a6547fa0 - - default default] 10.0.0.54 "GET /v2.0/ports/8d341d33-a538-4884-a2be-dbd36bd7c2d7 HTTP/1.1" status: 200 len: 1139 time: 0.0350707
2026-05-05 18:04:28.719 9 WARNING neutron.scheduler.dhcp_agent_scheduler [None req-ddacc5cd-496e-42b7-b2d4-530aa53e2c2e 4bf95b16ffd24d64b5ff4972aaa975d8 abb727e369294f28a4ee90c60ce0e610 - - default default] No more DHCP agents
2026-05-05 18:04:28.720 9 WARNING neutron.api.rpc.agentnotifiers.dhcp_rpc_agent_api [None req-ddacc5cd-496e-42b7-b2d4-530aa53e2c2e 4bf95b16ffd24d64b5ff4972aaa975d8 abb727e369294f28a4ee90c60ce0e610 - - default default] Unable to schedule network fadfa315-97ed-45f9-999a-9d34756e9927: no agents available; will retry on subsequent port and subnet creation events.
2026-05-05 18:04:28.816 10 INFO neutron.wsgi [None req-ddb13127-1015-4113-b4cf-1c2ca9d64dfa f12f77c6db6340ecb8348773ecbd02ab d951307985034f14a63054be106b932d - - default default] 10.0.0.54 "GET /v2.0/ports/f5b4fd34-2248-40a2-84b0-760f6afa2f83 HTTP/1.1" status: 200 len: 1135 time: 0.0365133
2026-05-05 18:04:28.869 9 INFO neutron.db.ovn_revision_numbers_db [None req-ddacc5cd-496e-42b7-b2d4-530aa53e2c2e 4bf95b16ffd24d64b5ff4972aaa975d8 abb727e369294f28a4ee90c60ce0e610 - - default default] Successfully bumped revision number for resource 2141c192-6c14-4fe1-bf9a-6188626beeda (type: ports) to 1
2026-05-05 18:04:28.902 9 INFO neutron.wsgi [None req-ddacc5cd-496e-42b7-b2d4-530aa53e2c2e 4bf95b16ffd24d64b5ff4972aaa975d8 abb727e369294f28a4ee90c60ce0e610 - - default default] 10.0.0.54 "POST /v2.0/ports HTTP/1.1" status: 201 len: 1154 time: 0.8213644 /var/lib/openstack/lib/python3.10/site-packages/pycadf/identifier.py:71: UserWarning: Invalid uuid: neutron. To ensure interoperability, identifiers should be a valid uuid. warnings.warn(('Invalid uuid: %s. To ensure interoperability, '
2026-05-05 18:04:28.917 9 WARNING neutron_lib.context [None req-7ef7ad6b-8c73-4ece-94ac-984cdf387313 4bf95b16ffd24d64b5ff4972aaa975d8 abb727e369294f28a4ee90c60ce0e610 - - default default] Method 'is_advsvc' is deprecated since 2023.2 release (neutron-lib 3.8.0) and will be removed once support for the old RBAC API policies will be removed from Neutron. Please use method 'is_service_role' instead.
2026-05-05 18:04:28.981 10 WARNING neutron.plugins.ml2.drivers.ovn.mech_driver.ovsdb.ovn_client [None req-441a7c56-4fe4-4595-b3d7-1091a20e8025 - - - - - -] No port found with ID 99f3f5d7-2215-4bac-82ef-765e9f5b9915: RuntimeError: No port found with ID 99f3f5d7-2215-4bac-82ef-765e9f5b9915
2026-05-05 18:04:28.981 10 INFO neutron.plugins.ml2.drivers.ovn.mech_driver.mech_driver [None req-441a7c56-4fe4-4595-b3d7-1091a20e8025 - - - - - -] OVN reports status up for port: d2bc726d-36bc-4207-b92d-6fa57e63eeb8
2026-05-05 18:04:28.987 10 INFO neutron.plugins.ml2.plugin [None req-441a7c56-4fe4-4595-b3d7-1091a20e8025 - - - - - -] Attempt 1 to provision port d2bc726d-36bc-4207-b92d-6fa57e63eeb8
2026-05-05 18:04:29.178 9 WARNING neutron.scheduler.dhcp_agent_scheduler [None req-7ef7ad6b-8c73-4ece-94ac-984cdf387313 4bf95b16ffd24d64b5ff4972aaa975d8 abb727e369294f28a4ee90c60ce0e610 - - default default] No more DHCP agents
2026-05-05 18:04:29.180 9 WARNING neutron.api.rpc.agentnotifiers.dhcp_rpc_agent_api [None req-7ef7ad6b-8c73-4ece-94ac-984cdf387313 4bf95b16ffd24d64b5ff4972aaa975d8 abb727e369294f28a4ee90c60ce0e610 - - default default] Unable to schedule network 35718ed6-b420-4f12-bc7e-4b692e178205: no agents available; will retry on subsequent port and subnet creation events.
2026-05-05 18:04:29.492 10 INFO neutron.wsgi [None req-2b756607-3768-4094-b4b7-31f64d48d04f e9d5b574e18849d789eb5d064311632c 18783947d0c34ce684217e05a6547fa0 - - default default] 10.0.0.54 "GET /v2.0/ports/8d341d33-a538-4884-a2be-dbd36bd7c2d7 HTTP/1.1" status: 200 len: 1139 time: 0.0369861
2026-05-05 18:04:29.758 9 INFO neutron.wsgi [req-60885c3e-28fd-4dc6-b97e-0383127acc79 req-b1748fd5-0304-419b-8c63-324a04360018 0ff24b8956fe40f1baf23d56ae83dad3 cda37fa8e3024b868ed758c9684dfd4e - - default default] 10.0.0.199 "GET /v2.0/security-groups?name=tempest-securitygroup--866856020&fields=id&tenant_id=cda37fa8e3024b868ed758c9684dfd4e HTTP/1.1" status: 200 len: 267 time: 0.0485935
2026-05-05 18:04:29.862 10 INFO neutron.wsgi [None req-648b1d65-8f41-4568-87c1-0eecf8f63c15 f12f77c6db6340ecb8348773ecbd02ab d951307985034f14a63054be106b932d - - default default] 10.0.0.54 "GET /v2.0/ports/f5b4fd34-2248-40a2-84b0-760f6afa2f83 HTTP/1.1" status: 200 len: 1135 time: 0.0405526
2026-05-05 18:04:29.881 9 INFO neutron.wsgi [req-60885c3e-28fd-4dc6-b97e-0383127acc79 req-027e0822-e27a-4771-b692-9df99ec3ad35 0ff24b8956fe40f1baf23d56ae83dad3 cda37fa8e3024b868ed758c9684dfd4e - - default default] 10.0.0.199 "GET /v2.0/networks?id=8dc3480a-a0e9-4257-88f4-c6e79bfee75a HTTP/1.1" status: 200 len: 879 time: 0.1142063
2026-05-05 18:04:29.912 9 INFO neutron.wsgi [req-60885c3e-28fd-4dc6-b97e-0383127acc79 req-285f9de8-592e-4e1e-ab3e-d243abd2ce31 0ff24b8956fe40f1baf23d56ae83dad3 cda37fa8e3024b868ed758c9684dfd4e - - default default] 10.0.0.199 "GET /v2.0/quotas/cda37fa8e3024b868ed758c9684dfd4e HTTP/1.1" status: 200 len: 491 time: 0.0110028
2026-05-05 18:04:30.287 9 INFO neutron.wsgi [req-60885c3e-28fd-4dc6-b97e-0383127acc79 req-480a9340-73ee-4e32-a824-e255095c37a6 0ff24b8956fe40f1baf23d56ae83dad3 cda37fa8e3024b868ed758c9684dfd4e - - default default] 10.0.0.199 "GET /v2.0/ports?tenant_id=cda37fa8e3024b868ed758c9684dfd4e&fields=id HTTP/1.1" status: 200 len: 302 time: 0.3683248
2026-05-05 18:04:30.296 9 INFO neutron.db.ovn_revision_numbers_db [None req-7ef7ad6b-8c73-4ece-94ac-984cdf387313 4bf95b16ffd24d64b5ff4972aaa975d8 abb727e369294f28a4ee90c60ce0e610 - - default default] Successfully bumped revision number for resource ae654815-6ccd-4275-959a-ee68c0b58355 (type: floatingips) to -1
2026-05-05 18:04:30.412 9 INFO neutron.wsgi [req-60885c3e-28fd-4dc6-b97e-0383127acc79 req-0760c22c-022c-4c63-aa35-b0e6ecd30d9b a3e87700221945f8a13cad7485063661 724c96a0522c42668b3b2aee66aaa337 - - 7858ee4fb5f245e588d2235dddbb4443 7858ee4fb5f245e588d2235dddbb4443] 10.0.0.199 "GET /v2.0/networks/8dc3480a-a0e9-4257-88f4-c6e79bfee75a?fields=segments HTTP/1.1" status: 200 len: 212 time: 0.1121230
2026-05-05 18:04:30.481 9 INFO neutron.db.ovn_revision_numbers_db [None req-7ef7ad6b-8c73-4ece-94ac-984cdf387313 4bf95b16ffd24d64b5ff4972aaa975d8 abb727e369294f28a4ee90c60ce0e610 - - default default] Successfully bumped revision number for resource ae654815-6ccd-4275-959a-ee68c0b58355 (type: floatingips) to 1
2026-05-05 18:04:30.481 9 INFO neutron.db.l3_db [None req-7ef7ad6b-8c73-4ece-94ac-984cdf387313 4bf95b16ffd24d64b5ff4972aaa975d8 abb727e369294f28a4ee90c60ce0e610 - - default default] Floating IP ae654815-6ccd-4275-959a-ee68c0b58355 associated. External IP: 10.96.250.204, port: 2141c192-6c14-4fe1-bf9a-6188626beeda.
2026-05-05 18:04:30.490 9 INFO neutron.wsgi [req-60885c3e-28fd-4dc6-b97e-0383127acc79 req-1953b0d5-ba4a-42fb-ae5a-0433d4764325 a3e87700221945f8a13cad7485063661 724c96a0522c42668b3b2aee66aaa337 - - 7858ee4fb5f245e588d2235dddbb4443 7858ee4fb5f245e588d2235dddbb4443] 10.0.0.199 "GET /v2.0/networks/8dc3480a-a0e9-4257-88f4-c6e79bfee75a?fields=provider%3Aphysical_network&fields=provider%3Anetwork_type HTTP/1.1" status: 200 len: 277 time: 0.0705214
2026-05-05 18:04:30.542 9 INFO neutron.wsgi [None req-7ef7ad6b-8c73-4ece-94ac-984cdf387313 4bf95b16ffd24d64b5ff4972aaa975d8 abb727e369294f28a4ee90c60ce0e610 - - default default] 10.0.0.54 "POST /v2.0/floatingips HTTP/1.1" status: 201 len: 1041 time: 1.6318693
2026-05-05 18:04:30.601 9 INFO neutron.wsgi [None req-e7bbc807-0799-4d98-bff4-16aa309a7b0f e9d5b574e18849d789eb5d064311632c 18783947d0c34ce684217e05a6547fa0 - - default default] 10.0.0.54 "GET /v2.0/ports/8d341d33-a538-4884-a2be-dbd36bd7c2d7 HTTP/1.1" status: 200 len: 1139 time: 0.1043916
2026-05-05 18:04:30.880 10 INFO neutron.wsgi [req-f3985456-398a-4fd0-b2e8-eab17d5edb5b req-35e2f290-7e99-4c7e-8421-92ebb7beae86 0ff24b8956fe40f1baf23d56ae83dad3 cda37fa8e3024b868ed758c9684dfd4e - - default default] 10.0.0.199 "GET /v2.0/ports?device_id=4039741a-b905-4489-81e5-e9f3004b8987 HTTP/1.1" status: 200 len: 210 time: 0.0297666
2026-05-05 18:04:30.930 9 INFO neutron.wsgi [None req-97979c64-5d98-43bc-a1a4-27ff49576fc0 f12f77c6db6340ecb8348773ecbd02ab d951307985034f14a63054be106b932d - - default default] 10.0.0.54 "GET /v2.0/ports/f5b4fd34-2248-40a2-84b0-760f6afa2f83 HTTP/1.1" status: 200 len: 1135 time: 0.0614612
2026-05-05 18:04:30.974 10 INFO neutron.db.ovn_revision_numbers_db [None req-ad40b8c3-dc96-44ea-abec-1ae4d7826a6f 4bf95b16ffd24d64b5ff4972aaa975d8 abb727e369294f28a4ee90c60ce0e610 - - default default] Successfully bumped revision number for resource ae654815-6ccd-4275-959a-ee68c0b58355 (type: floatingips) to 2
2026-05-05 18:04:31.031 10 INFO neutron.db.l3_db [None req-ad40b8c3-dc96-44ea-abec-1ae4d7826a6f 4bf95b16ffd24d64b5ff4972aaa975d8 abb727e369294f28a4ee90c60ce0e610 - - default default] Floating IP ae654815-6ccd-4275-959a-ee68c0b58355 disassociated. External IP: 10.96.250.204, port: 2141c192-6c14-4fe1-bf9a-6188626beeda.
2026-05-05 18:04:31.062 10 INFO neutron.wsgi [None req-ad40b8c3-dc96-44ea-abec-1ae4d7826a6f 4bf95b16ffd24d64b5ff4972aaa975d8 abb727e369294f28a4ee90c60ce0e610 - - default default] 10.0.0.54 "PUT /v2.0/floatingips/ae654815-6ccd-4275-959a-ee68c0b58355 HTTP/1.1" status: 200 len: 748 time: 0.5148747
2026-05-05 18:04:31.401 10 INFO neutron.wsgi [None req-382d2b77-638c-40b8-89b1-1da47ee6cac7 4bf95b16ffd24d64b5ff4972aaa975d8 abb727e369294f28a4ee90c60ce0e610 - - default default] 10.0.0.54 "DELETE /v2.0/floatingips/ae654815-6ccd-4275-959a-ee68c0b58355 HTTP/1.1" status: 204 len: 168 time: 0.3324604
2026-05-05 18:04:31.414 9 WARNING neutron_lib.context [None req-01c2de90-63f3-43b8-95f4-95a561d06787 4bf95b16ffd24d64b5ff4972aaa975d8 abb727e369294f28a4ee90c60ce0e610 - - default default] Method 'is_advsvc' is deprecated since 2023.2 release (neutron-lib 3.8.0) and will be removed once support for the old RBAC API policies will be removed from Neutron. Please use method 'is_service_role' instead.
2026-05-05 18:04:31.469 9 INFO neutron.wsgi [req-60885c3e-28fd-4dc6-b97e-0383127acc79 req-6b9c24c7-eac5-4844-84af-e56cf307ba8a 0ff24b8956fe40f1baf23d56ae83dad3 cda37fa8e3024b868ed758c9684dfd4e - - default default] 199.204.45.38 "GET /v2.0/networks?id=8dc3480a-a0e9-4257-88f4-c6e79bfee75a HTTP/1.1" status: 200 len: 879 time: 0.0832915
2026-05-05 18:04:31.547 9 INFO neutron.wsgi [req-60885c3e-28fd-4dc6-b97e-0383127acc79 req-ba6a7163-6293-429d-bd1d-b48ee6164866 0ff24b8956fe40f1baf23d56ae83dad3 cda37fa8e3024b868ed758c9684dfd4e - - default default] 199.204.45.38 "GET /v2.0/security-groups?fields=id&fields=name&tenant_id=cda37fa8e3024b868ed758c9684dfd4e HTTP/1.1" status: 200 len: 379 time: 0.0612993
2026-05-05 18:04:31.562 9 WARNING neutron_lib.context [req-60885c3e-28fd-4dc6-b97e-0383127acc79 req-2791ec43-b3c1-4dc8-9b77-b1189d155b9c 0ff24b8956fe40f1baf23d56ae83dad3 cda37fa8e3024b868ed758c9684dfd4e - - default default] Method 'is_advsvc' is deprecated since 2023.2 release (neutron-lib 3.8.0) and will be removed once support for the old RBAC API policies will be removed from Neutron. Please use method 'is_service_role' instead.
2026-05-05 18:04:31.701 10 INFO neutron.wsgi [None req-13d11e1d-d328-488c-aac5-bbd11a56709e e9d5b574e18849d789eb5d064311632c 18783947d0c34ce684217e05a6547fa0 - - default default] 10.0.0.54 "GET /v2.0/ports/8d341d33-a538-4884-a2be-dbd36bd7c2d7 HTTP/1.1" status: 200 len: 1139 time: 0.0936313
2026-05-05 18:04:31.755 9 WARNING neutron.scheduler.dhcp_agent_scheduler [None req-01c2de90-63f3-43b8-95f4-95a561d06787 4bf95b16ffd24d64b5ff4972aaa975d8 abb727e369294f28a4ee90c60ce0e610 - - default default] No more DHCP agents
2026-05-05 18:04:31.759 9 WARNING neutron.api.rpc.agentnotifiers.dhcp_rpc_agent_api [None req-01c2de90-63f3-43b8-95f4-95a561d06787 4bf95b16ffd24d64b5ff4972aaa975d8 abb727e369294f28a4ee90c60ce0e610 - - default default] Unable to schedule network 35718ed6-b420-4f12-bc7e-4b692e178205: no agents available; will retry on subsequent port and subnet creation events. /var/lib/openstack/lib/python3.10/site-packages/pycadf/identifier.py:71: UserWarning: Invalid uuid: neutron. To ensure interoperability, identifiers should be a valid uuid. warnings.warn(('Invalid uuid: %s. To ensure interoperability, '
2026-05-05 18:04:32.015 9 WARNING neutron.scheduler.dhcp_agent_scheduler [req-60885c3e-28fd-4dc6-b97e-0383127acc79 req-2791ec43-b3c1-4dc8-9b77-b1189d155b9c 0ff24b8956fe40f1baf23d56ae83dad3 cda37fa8e3024b868ed758c9684dfd4e - - default default] No more DHCP agents
2026-05-05 18:04:32.037 9 WARNING neutron.api.rpc.agentnotifiers.dhcp_rpc_agent_api [req-60885c3e-28fd-4dc6-b97e-0383127acc79 req-2791ec43-b3c1-4dc8-9b77-b1189d155b9c 0ff24b8956fe40f1baf23d56ae83dad3 cda37fa8e3024b868ed758c9684dfd4e - - default default] Unable to schedule network 8dc3480a-a0e9-4257-88f4-c6e79bfee75a: no agents available; will retry on subsequent port and subnet creation events.
2026-05-05 18:04:32.049 10 INFO neutron.wsgi [None req-24b7c1c4-1d39-47a7-a215-7edd986da0c6 f12f77c6db6340ecb8348773ecbd02ab d951307985034f14a63054be106b932d - - default default] 10.0.0.54 "GET /v2.0/ports/f5b4fd34-2248-40a2-84b0-760f6afa2f83 HTTP/1.1" status: 200 len: 1135 time: 0.1127615
2026-05-05 18:04:32.061 9 INFO neutron.wsgi [req-05bd93de-b7a7-4163-a2fb-5a0acee55e56 req-ec5444e4-b8ef-4de7-9b25-198d5fb3f6fd 0ff24b8956fe40f1baf23d56ae83dad3 cda37fa8e3024b868ed758c9684dfd4e - - default default] 10.0.0.199 "GET /v2.0/ports?device_id=4039741a-b905-4489-81e5-e9f3004b8987 HTTP/1.1" status: 200 len: 1160 time: 0.0802715 /var/lib/openstack/lib/python3.10/site-packages/pycadf/identifier.py:71: UserWarning: Invalid uuid: neutron. To ensure interoperability, identifiers should be a valid uuid. warnings.warn(('Invalid uuid: %s. To ensure interoperability, '
