2026-05-05 18:05:15.214 9 WARNING neutron_lib.context [None req-b4a64594-40d5-48e0-95cc-e4a8b0d71432 b441433136ed476a8c3ac34bc6625b55 dea663a2e60842ae86588e79008c2bc6 - - default default] Method 'is_advsvc' is deprecated since 2023.2 release (neutron-lib 3.8.0) and will be removed once support for the old RBAC API policies will be removed from Neutron. Please use method 'is_service_role' instead.
2026-05-05 18:05:15.255 10 INFO neutron.db.ovn_revision_numbers_db [None req-037854c0-e76b-4712-afb1-0c1f97abeaa9 - - - - - -] Successfully bumped revision number for resource 47f6c717-8119-439f-a1f3-64db599ebd8d (type: ports) to 4
2026-05-05 18:05:15.371 9 INFO neutron.db.segments_db [None req-b4a64594-40d5-48e0-95cc-e4a8b0d71432 b441433136ed476a8c3ac34bc6625b55 dea663a2e60842ae86588e79008c2bc6 - - default default] Added segment aac7a178-1a44-4253-993f-4d743be8f2d9 of type geneve for network bb3869b7-8f66-4187-827c-614a58548724
2026-05-05 18:05:15.466 9 INFO neutron.db.ovn_revision_numbers_db [None req-21023c32-b34f-43d5-847a-03b63c1b5523 df25b35106eb4d6faf1d6df805a2de63 7b9846b1c2c64e70894d0dc0ea4ad743 - - default default] Successfully bumped revision number for resource 05faeca7-55bd-4133-9bfc-42c56f06af4c (type: ports) to 1
2026-05-05 18:05:15.537 10 INFO neutron.db.ovn_revision_numbers_db [None req-037854c0-e76b-4712-afb1-0c1f97abeaa9 - - - - - -] Successfully bumped revision number for resource 47f6c717-8119-439f-a1f3-64db599ebd8d (type: router_ports) to 4
2026-05-05 18:05:15.601 9 INFO neutron.db.ovn_revision_numbers_db [None req-b4a64594-40d5-48e0-95cc-e4a8b0d71432 b441433136ed476a8c3ac34bc6625b55 dea663a2e60842ae86588e79008c2bc6 - - default default] Successfully bumped revision number for resource bb3869b7-8f66-4187-827c-614a58548724 (type: networks) to 1
2026-05-05 18:05:15.616 9 INFO neutron.wsgi [None req-17f4401d-8d4d-40fe-8cbf-952970807b05 9ca1bdaa54554a71b8685a18f03db938 fff08702b4174297bbbe71aa52d028ce - - default default] 10.0.0.54 "DELETE /v2.0/security-groups/68ccd843-3fd7-4874-aa51-bfbfc1e98c25 HTTP/1.1" status: 204 len: 168 time: 0.4625134
2026-05-05 18:05:15.817 9 WARNING neutron.scheduler.dhcp_agent_scheduler [None req-b4a64594-40d5-48e0-95cc-e4a8b0d71432 b441433136ed476a8c3ac34bc6625b55 dea663a2e60842ae86588e79008c2bc6 - - default default] No more DHCP agents
2026-05-05 18:05:15.825 9 WARNING neutron.api.rpc.agentnotifiers.dhcp_rpc_agent_api [None req-b4a64594-40d5-48e0-95cc-e4a8b0d71432 b441433136ed476a8c3ac34bc6625b55 dea663a2e60842ae86588e79008c2bc6 - - default default] Unable to schedule network bb3869b7-8f66-4187-827c-614a58548724: no agents available; will retry on subsequent port and subnet creation events.
2026-05-05 18:05:16.201 9 INFO neutron.db.ovn_revision_numbers_db [None req-b4a64594-40d5-48e0-95cc-e4a8b0d71432 b441433136ed476a8c3ac34bc6625b55 dea663a2e60842ae86588e79008c2bc6 - - default default] Successfully bumped revision number for resource b2992b5b-f6ea-4a35-9ab9-2da2b94879ae (type: ports) to 1
2026-05-05 18:05:16.234 9 INFO neutron.wsgi [None req-b4a64594-40d5-48e0-95cc-e4a8b0d71432 b441433136ed476a8c3ac34bc6625b55 dea663a2e60842ae86588e79008c2bc6 - - default default] 10.0.0.54 "POST /v2.0/networks HTTP/1.1" status: 201 len: 830 time: 1.0248504 /var/lib/openstack/lib/python3.10/site-packages/pycadf/identifier.py:71: UserWarning: Invalid uuid: neutron. To ensure interoperability, identifiers should be a valid uuid. warnings.warn(('Invalid uuid: %s. To ensure interoperability, '
2026-05-05 18:05:16.259 10 WARNING neutron_lib.context [None req-4f8fef95-3cb9-4c4e-b9b2-369027022999 b441433136ed476a8c3ac34bc6625b55 dea663a2e60842ae86588e79008c2bc6 - - default default] Method 'is_advsvc' is deprecated since 2023.2 release (neutron-lib 3.8.0) and will be removed once support for the old RBAC API policies will be removed from Neutron. Please use method 'is_service_role' instead.
2026-05-05 18:05:16.472 9 ERROR ovsdbapp.backend.ovs_idl.command [None req-21023c32-b34f-43d5-847a-03b63c1b5523 df25b35106eb4d6faf1d6df805a2de63 7b9846b1c2c64e70894d0dc0ea4ad743 - - default default] Error executing command (DbGetCommand): ovsdbapp.backend.ovs_idl.idlutils.RowNotFound: Cannot find Logical_Router_Port with name=lrp-05faeca7-55bd-4133-9bfc-42c56f06af4c
2026-05-05 18:05:16.472 9 ERROR ovsdbapp.backend.ovs_idl.command
Traceback (most recent call last):
2026-05-05 18:05:16.472 9 ERROR ovsdbapp.backend.ovs_idl.command
File "/var/lib/openstack/lib/python3.10/site-packages/ovsdbapp/backend/ovs_idl/command.py", line 47, in execute
2026-05-05 18:05:16.472 9 ERROR ovsdbapp.backend.ovs_idl.command self.run_idl(None)
2026-05-05 18:05:16.472 9 ERROR ovsdbapp.backend.ovs_idl.command
File "/var/lib/openstack/lib/python3.10/site-packages/ovsdbapp/backend/ovs_idl/command.py", line 235, in run_idl
2026-05-05 18:05:16.472 9 ERROR ovsdbapp.backend.ovs_idl.command record = self.api.lookup(self.table, self.record)
2026-05-05 18:05:16.472 9 ERROR ovsdbapp.backend.ovs_idl.command
File "/var/lib/openstack/lib/python3.10/site-packages/ovsdbapp/backend/ovs_idl/__init__.py", line 184, in lookup
2026-05-05 18:05:16.472 9 ERROR ovsdbapp.backend.ovs_idl.command return self._lookup(table, record)
2026-05-05 18:05:16.472 9 ERROR ovsdbapp.backend.ovs_idl.command
File "/var/lib/openstack/lib/python3.10/site-packages/ovsdbapp/backend/ovs_idl/__init__.py", line 235, in _lookup
2026-05-05 18:05:16.472 9 ERROR ovsdbapp.backend.ovs_idl.command row = idlutils.row_by_value(self, rl.table, rl.column, record)
2026-05-05 18:05:16.472 9 ERROR ovsdbapp.backend.ovs_idl.command
File "/var/lib/openstack/lib/python3.10/site-packages/ovsdbapp/backend/ovs_idl/idlutils.py", line 114, in row_by_value
2026-05-05 18:05:16.472 9 ERROR ovsdbapp.backend.ovs_idl.command raise RowNotFound(table=table, col=column, match=match)
2026-05-05 18:05:16.472 9 ERROR ovsdbapp.backend.ovs_idl.command ovsdbapp.backend.ovs_idl.idlutils.RowNotFound: Cannot find Logical_Router_Port with name=lrp-05faeca7-55bd-4133-9bfc-42c56f06af4c
2026-05-05 18:05:16.472 9 ERROR ovsdbapp.backend.ovs_idl.command 
2026-05-05 18:05:16.473 9 ERROR neutron_lib.callbacks.manager [None req-21023c32-b34f-43d5-847a-03b63c1b5523 df25b35106eb4d6faf1d6df805a2de63 7b9846b1c2c64e70894d0dc0ea4ad743 - - default default] Error during notification for neutron.services.ovn_l3.plugin.OVNL3RouterPlugin._port_update-8727170617044 port, after_update: ovsdbapp.backend.ovs_idl.idlutils.RowNotFound: Cannot find Logical_Router_Port with name=lrp-05faeca7-55bd-4133-9bfc-42c56f06af4c
2026-05-05 18:05:16.473 9 ERROR neutron_lib.callbacks.manager
Traceback (most recent call last):
2026-05-05 18:05:16.473 9 ERROR neutron_lib.callbacks.manager
File "/var/lib/openstack/lib/python3.10/site-packages/neutron_lib/callbacks/manager.py", line 189, in _notify_loop
2026-05-05 18:05:16.473 9 ERROR neutron_lib.callbacks.manager callback.method(resource, event, trigger, payload=payload)
2026-05-05 18:05:16.473 9 ERROR neutron_lib.callbacks.manager
File "/var/lib/openstack/lib/python3.10/site-packages/neutron/services/ovn_l3/plugin.py", line 391, in _port_update
2026-05-05 18:05:16.473 9 ERROR neutron_lib.callbacks.manager l3plugin._ovn_client.update_router_port(context,
2026-05-05 18:05:16.473 9 ERROR neutron_lib.callbacks.manager
File "/var/lib/openstack/lib/python3.10/site-packages/neutron/plugins/ml2/drivers/ovn/mech_driver/ovsdb/ovn_client.py", line 1878, in update_router_port
2026-05-05 18:05:16.473 9 ERROR neutron_lib.callbacks.manager self._update_lrouter_port(context, port, if_exists=if_exists,
2026-05-05 18:05:16.473 9 ERROR neutron_lib.callbacks.manager
File "/var/lib/openstack/lib/python3.10/site-packages/neutron/plugins/ml2/drivers/ovn/mech_driver/ovsdb/ovn_client.py", line 1855, in _update_lrouter_port
2026-05-05 18:05:16.473 9 ERROR neutron_lib.callbacks.manager external_ids = self._nb_idl.db_get(
2026-05-05 18:05:16.473 9 ERROR neutron_lib.callbacks.manager
File "/var/lib/openstack/lib/python3.10/site-packages/ovsdbapp/backend/ovs_idl/command.py", line 47, in execute
2026-05-05 18:05:16.473 9 ERROR neutron_lib.callbacks.manager self.run_idl(None)
2026-05-05 18:05:16.473 9 ERROR neutron_lib.callbacks.manager
File "/var/lib/openstack/lib/python3.10/site-packages/ovsdbapp/backend/ovs_idl/command.py", line 235, in run_idl
2026-05-05 18:05:16.473 9 ERROR neutron_lib.callbacks.manager record = self.api.lookup(self.table, self.record)
2026-05-05 18:05:16.473 9 ERROR neutron_lib.callbacks.manager
File "/var/lib/openstack/lib/python3.10/site-packages/ovsdbapp/backend/ovs_idl/__init__.py", line 184, in lookup
2026-05-05 18:05:16.473 9 ERROR neutron_lib.callbacks.manager return self._lookup(table, record)
2026-05-05 18:05:16.473 9 ERROR neutron_lib.callbacks.manager
File "/var/lib/openstack/lib/python3.10/site-packages/ovsdbapp/backend/ovs_idl/__init__.py", line 235, in _lookup
2026-05-05 18:05:16.473 9 ERROR neutron_lib.callbacks.manager row = idlutils.row_by_value(self, rl.table, rl.column, record)
2026-05-05 18:05:16.473 9 ERROR neutron_lib.callbacks.manager
File "/var/lib/openstack/lib/python3.10/site-packages/ovsdbapp/backend/ovs_idl/idlutils.py", line 114, in row_by_value
2026-05-05 18:05:16.473 9 ERROR neutron_lib.callbacks.manager raise RowNotFound(table=table, col=column, match=match)
2026-05-05 18:05:16.473 9 ERROR neutron_lib.callbacks.manager ovsdbapp.backend.ovs_idl.idlutils.RowNotFound: Cannot find Logical_Router_Port with name=lrp-05faeca7-55bd-4133-9bfc-42c56f06af4c
2026-05-05 18:05:16.473 9 ERROR neutron_lib.callbacks.manager 
2026-05-05 18:05:16.551 10 WARNING neutron.scheduler.dhcp_agent_scheduler [None req-4f8fef95-3cb9-4c4e-b9b2-369027022999 b441433136ed476a8c3ac34bc6625b55 dea663a2e60842ae86588e79008c2bc6 - - default default] No more DHCP agents
2026-05-05 18:05:16.554 10 WARNING neutron.api.rpc.agentnotifiers.dhcp_rpc_agent_api [None req-4f8fef95-3cb9-4c4e-b9b2-369027022999 b441433136ed476a8c3ac34bc6625b55 dea663a2e60842ae86588e79008c2bc6 - - default default] Unable to schedule network bb3869b7-8f66-4187-827c-614a58548724: no agents available; will retry on subsequent port and subnet creation events.
2026-05-05 18:05:16.661 10 INFO neutron.db.ovn_revision_numbers_db [None req-4f8fef95-3cb9-4c4e-b9b2-369027022999 b441433136ed476a8c3ac34bc6625b55 dea663a2e60842ae86588e79008c2bc6 - - default default] Successfully bumped revision number for resource eda890e9-cc2b-4ed9-b474-1c1263424c87 (type: ports) to 1
2026-05-05 18:05:16.693 10 INFO neutron.wsgi [None req-4f8fef95-3cb9-4c4e-b9b2-369027022999 b441433136ed476a8c3ac34bc6625b55 dea663a2e60842ae86588e79008c2bc6 - - default default] 10.0.0.54 "POST /v2.0/ports HTTP/1.1" status: 201 len: 942 time: 0.4519589
2026-05-05 18:05:16.698 10 INFO neutron.plugins.ml2.drivers.ovn.mech_driver.mech_driver [None req-441a7c56-4fe4-4595-b3d7-1091a20e8025 - - - - - -] OVN reports status up for port: 05faeca7-55bd-4133-9bfc-42c56f06af4c
2026-05-05 18:05:16.706 10 INFO neutron.plugins.ml2.plugin [None req-441a7c56-4fe4-4595-b3d7-1091a20e8025 - - - - - -] Attempt 1 to provision port 05faeca7-55bd-4133-9bfc-42c56f06af4c
2026-05-05 18:05:16.735 9 INFO neutron.db.ovn_revision_numbers_db [None req-21023c32-b34f-43d5-847a-03b63c1b5523 df25b35106eb4d6faf1d6df805a2de63 7b9846b1c2c64e70894d0dc0ea4ad743 - - default default] Successfully bumped revision number for resource 05faeca7-55bd-4133-9bfc-42c56f06af4c (type: ports) to 1
2026-05-05 18:05:16.754 9 INFO neutron.wsgi [None req-fb3f3d95-1058-499a-a5f0-2b1f93247aa5 b441433136ed476a8c3ac34bc6625b55 dea663a2e60842ae86588e79008c2bc6 - - default default] 10.0.0.54 "PUT /v2.0/ports/0bdde8c1-906f-491d-97ce-a4c255604c44/tags HTTP/1.1" status: 200 len: 210 time: 0.0537539 /var/lib/openstack/lib/python3.10/site-packages/pycadf/identifier.py:71: UserWarning: Invalid uuid: neutron. To ensure interoperability, identifiers should be a valid uuid. warnings.warn(('Invalid uuid: %s. To ensure interoperability, '
2026-05-05 18:05:16.816 9 WARNING neutron.scheduler.dhcp_agent_scheduler [None req-21023c32-b34f-43d5-847a-03b63c1b5523 df25b35106eb4d6faf1d6df805a2de63 7b9846b1c2c64e70894d0dc0ea4ad743 - - default default] No more DHCP agents
2026-05-05 18:05:16.818 9 WARNING neutron.api.rpc.agentnotifiers.dhcp_rpc_agent_api [None req-21023c32-b34f-43d5-847a-03b63c1b5523 df25b35106eb4d6faf1d6df805a2de63 7b9846b1c2c64e70894d0dc0ea4ad743 - - default default] Unable to schedule network 76cb9019-ecbd-4f39-8255-a3a72672f326: no agents available; will retry on subsequent port and subnet creation events.
2026-05-05 18:05:16.826 10 INFO neutron.wsgi [None req-8c716a8a-c768-4c8c-83ad-18541c966942 b441433136ed476a8c3ac34bc6625b55 dea663a2e60842ae86588e79008c2bc6 - - default default] 10.0.0.54 "PUT /v2.0/ports/5fb0bfe1-887f-4212-9722-5c87baec17b4/tags HTTP/1.1" status: 200 len: 218 time: 0.0663283
2026-05-05 18:05:16.912 9 INFO neutron.wsgi [None req-725658ff-4352-437a-a3ef-75b1560cec95 b441433136ed476a8c3ac34bc6625b55 dea663a2e60842ae86588e79008c2bc6 - - default default] 10.0.0.54 "PUT /v2.0/ports/3cd9eaf0-f5e0-42a3-945e-792dccdf1b17/tags HTTP/1.1" status: 200 len: 227 time: 0.0740638
2026-05-05 18:05:16.998 9 INFO neutron.wsgi [None req-e6f544aa-8384-48f4-861f-09bd2247327a b441433136ed476a8c3ac34bc6625b55 dea663a2e60842ae86588e79008c2bc6 - - default default] 10.0.0.54 "PUT /v2.0/ports/0d6ec756-7a4e-4d04-9863-cb9fd2481bb9/tags HTTP/1.1" status: 200 len: 212 time: 0.0808923
2026-05-05 18:05:17.246 9 INFO neutron.db.ovn_revision_numbers_db [None req-21023c32-b34f-43d5-847a-03b63c1b5523 df25b35106eb4d6faf1d6df805a2de63 7b9846b1c2c64e70894d0dc0ea4ad743 - - default default] Successfully bumped revision number for resource 05faeca7-55bd-4133-9bfc-42c56f06af4c (type: router_ports) to 1
2026-05-05 18:05:17.253 9 INFO neutron.wsgi [None req-21023c32-b34f-43d5-847a-03b63c1b5523 df25b35106eb4d6faf1d6df805a2de63 7b9846b1c2c64e70894d0dc0ea4ad743 - - default default] 10.0.0.54 "PUT /v2.0/routers/e553f983-60e8-42de-928e-15ef5447d0d4/add_router_interface HTTP/1.1" status: 200 len: 503 time: 2.7691128
2026-05-05 18:05:17.394 9 INFO neutron.wsgi [None req-53601545-4ed2-4f83-85f9-28e967d488d1 4f30f47c2b1e4ab5ba800b3010e3e569 b52fb08fa0e649b5a38a49723c2d06d0 - - default default] 10.0.0.54 "GET /v2.0/networks HTTP/1.1" status: 200 len: 7406 time: 0.1337121
2026-05-05 18:05:17.451 9 INFO neutron.wsgi [None req-a0fa4036-09e9-42ea-82a7-07947c8887f0 4f30f47c2b1e4ab5ba800b3010e3e569 b52fb08fa0e649b5a38a49723c2d06d0 - - default default] 10.0.0.54 "GET /v2.0/subnets HTTP/1.1" status: 200 len: 2754 time: 0.0517910
2026-05-05 18:05:17.556 10 INFO neutron.wsgi [None req-5eb62e70-d5d1-4dea-903d-a3d7a5f906bb b441433136ed476a8c3ac34bc6625b55 dea663a2e60842ae86588e79008c2bc6 - - default default] 10.0.0.54 "GET /v2.0/ports?tags=red HTTP/1.1" status: 200 len: 2448 time: 0.5476975
2026-05-05 18:05:17.605 9 INFO neutron.wsgi [None req-6bc17a28-9332-42f2-aabb-1c0d00daf504 4f30f47c2b1e4ab5ba800b3010e3e569 b52fb08fa0e649b5a38a49723c2d06d0 - - default default] 10.0.0.54 "GET /v2.0/routers HTTP/1.1" status: 200 len: 2136 time: 0.1441810
2026-05-05 18:05:17.606 10 INFO neutron.db.ovn_revision_numbers_db [None req-441a7c56-4fe4-4595-b3d7-1091a20e8025 - - - - - -] Successfully bumped revision number for resource 05faeca7-55bd-4133-9bfc-42c56f06af4c (type: ports) to 2
2026-05-05 18:05:17.671 9 WARNING neutron_lib.context [None req-6bbb979c-c56c-456b-8557-cc4082fa0d27 df25b35106eb4d6faf1d6df805a2de63 7b9846b1c2c64e70894d0dc0ea4ad743 - - default default] Method 'is_advsvc' is deprecated since 2023.2 release (neutron-lib 3.8.0) and will be removed once support for the old RBAC API policies will be removed from Neutron. Please use method 'is_service_role' instead.
2026-05-05 18:05:17.675 10 INFO neutron.wsgi [None req-70129580-12b3-4a01-b9cf-b1fbad0eb8be b441433136ed476a8c3ac34bc6625b55 dea663a2e60842ae86588e79008c2bc6 - - default default] 10.0.0.54 "GET /v2.0/ports?tags=red%2Cblue HTTP/1.1" status: 200 len: 1708 time: 0.1140096
2026-05-05 18:05:17.749 10 INFO neutron.wsgi [None req-708052ee-71f8-445b-9bdb-8c7d072a634b b441433136ed476a8c3ac34bc6625b55 dea663a2e60842ae86588e79008c2bc6 - - default default] 10.0.0.54 "GET /v2.0/ports?tags-any=blue HTTP/1.1" status: 200 len: 1708 time: 0.0692744
2026-05-05 18:05:17.831 10 INFO neutron.db.ovn_revision_numbers_db [None req-441a7c56-4fe4-4595-b3d7-1091a20e8025 - - - - - -] Successfully bumped revision number for resource 05faeca7-55bd-4133-9bfc-42c56f06af4c (type: router_ports) to 2
2026-05-05 18:05:17.852 9 INFO neutron.db.ovn_revision_numbers_db [None req-6bbb979c-c56c-456b-8557-cc4082fa0d27 df25b35106eb4d6faf1d6df805a2de63 7b9846b1c2c64e70894d0dc0ea4ad743 - - default default] Successfully bumped revision number for resource bad7ecae-da88-4231-b3b3-79ff91a9b2c2 (type: security_groups) to 1
2026-05-05 18:05:17.876 9 INFO neutron.db.ovn_revision_numbers_db [None req-6bbb979c-c56c-456b-8557-cc4082fa0d27 df25b35106eb4d6faf1d6df805a2de63 7b9846b1c2c64e70894d0dc0ea4ad743 - - default default] Successfully bumped revision number for resource 35df101f-50d3-4771-9900-c5ef8d999e63 (type: security_group_rules) to 0
2026-05-05 18:05:17.908 9 INFO neutron.db.ovn_revision_numbers_db [None req-6bbb979c-c56c-456b-8557-cc4082fa0d27 df25b35106eb4d6faf1d6df805a2de63 7b9846b1c2c64e70894d0dc0ea4ad743 - - default default] Successfully bumped revision number for resource 4b052488-32e0-4826-bc6c-75d01ffaaae4 (type: security_group_rules) to 0
2026-05-05 18:05:17.941 9 INFO neutron.wsgi [None req-6bbb979c-c56c-456b-8557-cc4082fa0d27 df25b35106eb4d6faf1d6df805a2de63 7b9846b1c2c64e70894d0dc0ea4ad743 - - default default] 10.0.0.54 "POST /v2.0/security-groups HTTP/1.1" status: 201 len: 1873 time: 0.2767026
2026-05-05 18:05:17.952 9 INFO neutron.wsgi [None req-a0f18c85-e1ab-4754-8f78-27630672e7b7 b441433136ed476a8c3ac34bc6625b55 dea663a2e60842ae86588e79008c2bc6 - - default default] 10.0.0.54 "GET /v2.0/ports?tags-any=red%2Cblue HTTP/1.1" status: 200 len: 2448 time: 0.1977401
2026-05-05 18:05:17.954 10 WARNING neutron_lib.context [None req-d699e137-e477-4ee1-b918-2726723487dc df25b35106eb4d6faf1d6df805a2de63 7b9846b1c2c64e70894d0dc0ea4ad743 - - default default] Method 'is_advsvc' is deprecated since 2023.2 release (neutron-lib 3.8.0) and will be removed once support for the old RBAC API policies will be removed from Neutron. Please use method 'is_service_role' instead.
2026-05-05 18:05:18.101 10 INFO neutron.db.ovn_revision_numbers_db [None req-d699e137-e477-4ee1-b918-2726723487dc df25b35106eb4d6faf1d6df805a2de63 7b9846b1c2c64e70894d0dc0ea4ad743 - - default default] Successfully bumped revision number for resource 89a7948d-3de4-4f12-960d-55b102517cab (type: security_group_rules) to 0
2026-05-05 18:05:18.108 9 INFO neutron.wsgi [None req-19e25f95-fc4b-45a5-aba2-43f296a68432 b441433136ed476a8c3ac34bc6625b55 dea663a2e60842ae86588e79008c2bc6 - - default default] 10.0.0.54 "GET /v2.0/ports?not-tags=red HTTP/1.1" status: 200 len: 5463 time: 0.1511843
2026-05-05 18:05:18.135 10 INFO neutron.wsgi [None req-d699e137-e477-4ee1-b918-2726723487dc df25b35106eb4d6faf1d6df805a2de63 7b9846b1c2c64e70894d0dc0ea4ad743 - - default default] 10.0.0.54 "POST /v2.0/security-group-rules HTTP/1.1" status: 201 len: 796 time: 0.1868160
2026-05-05 18:05:18.147 10 WARNING neutron_lib.context [None req-4e957d18-f2b3-4c46-8e16-3d31bb930af5 df25b35106eb4d6faf1d6df805a2de63 7b9846b1c2c64e70894d0dc0ea4ad743 - - default default] Method 'is_advsvc' is deprecated since 2023.2 release (neutron-lib 3.8.0) and will be removed once support for the old RBAC API policies will be removed from Neutron. Please use method 'is_service_role' instead.
2026-05-05 18:05:18.213 9 INFO neutron.wsgi [None req-a6d78898-c12d-4c97-8db6-a088c7f56686 b441433136ed476a8c3ac34bc6625b55 dea663a2e60842ae86588e79008c2bc6 - - default default] 10.0.0.54 "GET /v2.0/ports?not-tags=red%2Cblue HTTP/1.1" status: 200 len: 6203 time: 0.0991755
2026-05-05 18:05:18.228 10 INFO neutron.db.ovn_revision_numbers_db [None req-acc3ffc3-fb3f-4d8b-b09b-c000d71a49cd 9ca1bdaa54554a71b8685a18f03db938 fff08702b4174297bbbe71aa52d028ce - - default default] Successfully bumped revision number for resource f26aecdd-94f2-41a8-89e3-ace6f5c641cc (type: security_groups) to 1
2026-05-05 18:05:18.244 10 INFO neutron.db.ovn_revision_numbers_db [None req-acc3ffc3-fb3f-4d8b-b09b-c000d71a49cd 9ca1bdaa54554a71b8685a18f03db938 fff08702b4174297bbbe71aa52d028ce - - default default] Successfully bumped revision number for resource 9b37cc62-bbe1-44f7-99e8-5cfd07b54856 (type: security_group_rules) to 0
2026-05-05 18:05:18.264 10 INFO neutron.db.ovn_revision_numbers_db [None req-acc3ffc3-fb3f-4d8b-b09b-c000d71a49cd 9ca1bdaa54554a71b8685a18f03db938 fff08702b4174297bbbe71aa52d028ce - - default default] Successfully bumped revision number for resource a5520a53-d884-4e63-9a84-b8d8ed3199a4 (type: security_group_rules) to 0
2026-05-05 18:05:18.279 10 INFO neutron.db.ovn_revision_numbers_db [None req-acc3ffc3-fb3f-4d8b-b09b-c000d71a49cd 9ca1bdaa54554a71b8685a18f03db938 fff08702b4174297bbbe71aa52d028ce - - default default] Successfully bumped revision number for resource b1018de8-a35f-41e8-ba69-91ba8ed5863b (type: security_group_rules) to 0
2026-05-05 18:05:18.283 10 INFO neutron.db.ovn_revision_numbers_db [None req-4e957d18-f2b3-4c46-8e16-3d31bb930af5 df25b35106eb4d6faf1d6df805a2de63 7b9846b1c2c64e70894d0dc0ea4ad743 - - default default] Successfully bumped revision number for resource 08ffee29-894f-489d-8c7a-a07b54abf07f (type: security_group_rules) to 0
2026-05-05 18:05:18.301 10 INFO neutron.db.ovn_revision_numbers_db [None req-acc3ffc3-fb3f-4d8b-b09b-c000d71a49cd 9ca1bdaa54554a71b8685a18f03db938 fff08702b4174297bbbe71aa52d028ce - - default default] Successfully bumped revision number for resource fa41157c-d977-4715-acf5-6e8064b25bfd (type: security_group_rules) to 0
2026-05-05 18:05:18.306 9 INFO neutron.wsgi [None req-b480ece4-69c6-45e1-9aba-296c5ae96f7a b441433136ed476a8c3ac34bc6625b55 dea663a2e60842ae86588e79008c2bc6 - - default default] 10.0.0.54 "GET /v2.0/ports?not-tags-any=blue HTTP/1.1" status: 200 len: 6203 time: 0.0875223
2026-05-05 18:05:18.324 10 INFO neutron.wsgi [None req-4e957d18-f2b3-4c46-8e16-3d31bb930af5 df25b35106eb4d6faf1d6df805a2de63 7b9846b1c2c64e70894d0dc0ea4ad743 - - default default] 10.0.0.54 "POST /v2.0/security-group-rules HTTP/1.1" status: 201 len: 795 time: 0.1830912
2026-05-05 18:05:18.331 10 INFO neutron.wsgi [None req-acc3ffc3-fb3f-4d8b-b09b-c000d71a49cd 9ca1bdaa54554a71b8685a18f03db938 fff08702b4174297bbbe71aa52d028ce - - default default] 10.0.0.54 "GET /v2.0/security-groups?tenant_id=accbe4ddd93f47d3bb172e6864e80583&name=default HTTP/1.1" status: 200 len: 3120 time: 0.4202464
2026-05-05 18:05:18.339 10 WARNING neutron_lib.context [None req-35338c8a-fdbe-4f00-821c-152774b8fb6c df25b35106eb4d6faf1d6df805a2de63 7b9846b1c2c64e70894d0dc0ea4ad743 - - default default] Method 'is_advsvc' is deprecated since 2023.2 release (neutron-lib 3.8.0) and will be removed once support for the old RBAC API policies will be removed from Neutron. Please use method 'is_service_role' instead.
2026-05-05 18:05:18.389 9 INFO neutron.wsgi [None req-927b2722-b050-4f70-9fb4-c140c7bd90cf b441433136ed476a8c3ac34bc6625b55 dea663a2e60842ae86588e79008c2bc6 - - default default] 10.0.0.54 "GET /v2.0/ports?not-tags-any=red%2Cblue HTTP/1.1" status: 200 len: 5463 time: 0.0759175
2026-05-05 18:05:18.481 10 INFO neutron.db.ovn_revision_numbers_db [None req-35338c8a-fdbe-4f00-821c-152774b8fb6c df25b35106eb4d6faf1d6df805a2de63 7b9846b1c2c64e70894d0dc0ea4ad743 - - default default] Successfully bumped revision number for resource 8ffc1489-f113-4dbc-a3d7-1d8309ed7936 (type: security_group_rules) to 0
2026-05-05 18:05:18.508 10 INFO neutron.wsgi [None req-35338c8a-fdbe-4f00-821c-152774b8fb6c df25b35106eb4d6faf1d6df805a2de63 7b9846b1c2c64e70894d0dc0ea4ad743 - - default default] 10.0.0.54 "POST /v2.0/security-group-rules HTTP/1.1" status: 201 len: 801 time: 0.1736238
2026-05-05 18:05:18.521 10 WARNING neutron_lib.context [None req-063ae3b6-da79-48d1-b0b6-173a15ad9ee4 df25b35106eb4d6faf1d6df805a2de63 7b9846b1c2c64e70894d0dc0ea4ad743 - - default default] Method 'is_advsvc' is deprecated since 2023.2 release (neutron-lib 3.8.0) and will be removed once support for the old RBAC API policies will be removed from Neutron. Please use method 'is_service_role' instead.
2026-05-05 18:05:18.655 10 INFO neutron.db.ovn_revision_numbers_db [None req-063ae3b6-da79-48d1-b0b6-173a15ad9ee4 df25b35106eb4d6faf1d6df805a2de63 7b9846b1c2c64e70894d0dc0ea4ad743 - - default default] Successfully bumped revision number for resource bbd6c55e-3655-405d-bfa1-78d2cf34e363 (type: security_group_rules) to 0
2026-05-05 18:05:18.687 10 INFO neutron.wsgi [None req-063ae3b6-da79-48d1-b0b6-173a15ad9ee4 df25b35106eb4d6faf1d6df805a2de63 7b9846b1c2c64e70894d0dc0ea4ad743 - - default default] 10.0.0.54 "POST /v2.0/security-group-rules HTTP/1.1" status: 201 len: 800 time: 0.1743016
2026-05-05 18:05:18.694 10 WARNING neutron_lib.context [None req-142165cf-6c39-4dfe-8cac-7f1527553dd2 df25b35106eb4d6faf1d6df805a2de63 7b9846b1c2c64e70894d0dc0ea4ad743 - - default default] Method 'is_advsvc' is deprecated since 2023.2 release (neutron-lib 3.8.0) and will be removed once support for the old RBAC API policies will be removed from Neutron. Please use method 'is_service_role' instead.
2026-05-05 18:05:18.708 9 INFO neutron.wsgi [None req-77931c01-f1d5-4ae6-919f-fbf697e82ad0 9ca1bdaa54554a71b8685a18f03db938 fff08702b4174297bbbe71aa52d028ce - - default default] 10.0.0.54 "DELETE /v2.0/security-groups/f26aecdd-94f2-41a8-89e3-ace6f5c641cc HTTP/1.1" status: 204 len: 168 time: 0.3690693
2026-05-05 18:05:18.714 9 INFO neutron.wsgi [None req-50a3b03a-7e77-4b39-a291-471420b18be3 b441433136ed476a8c3ac34bc6625b55 dea663a2e60842ae86588e79008c2bc6 - - default default] 10.0.0.54 "DELETE /v2.0/ports/0bdde8c1-906f-491d-97ce-a4c255604c44 HTTP/1.1" status: 204 len: 168 time: 0.3176775
2026-05-05 18:05:18.727 10 INFO neutron.db.securitygroups_db [None req-142165cf-6c39-4dfe-8cac-7f1527553dd2 df25b35106eb4d6faf1d6df805a2de63 7b9846b1c2c64e70894d0dc0ea4ad743 - - default default] Project 7b9846b1c2c64e70894d0dc0ea4ad743 added a security group rule with legacy IPv6 ICMP protocol name icmp, ipv6-icmp should be used instead. It was automatically converted.
2026-05-05 18:05:18.846 10 INFO neutron.db.ovn_revision_numbers_db [None req-142165cf-6c39-4dfe-8cac-7f1527553dd2 df25b35106eb4d6faf1d6df805a2de63 7b9846b1c2c64e70894d0dc0ea4ad743 - - default default] Successfully bumped revision number for resource e5a565ab-8a45-4b31-b7c6-aa360176d160 (type: security_group_rules) to 0
2026-05-05 18:05:18.873 10 INFO neutron.wsgi [None req-142165cf-6c39-4dfe-8cac-7f1527553dd2 df25b35106eb4d6faf1d6df805a2de63 7b9846b1c2c64e70894d0dc0ea4ad743 - - default default] 10.0.0.54 "POST /v2.0/security-group-rules HTTP/1.1" status: 201 len: 806 time: 0.1820946
2026-05-05 18:05:18.887 10 WARNING neutron_lib.context [None req-edc3185f-3ab5-43ed-90ad-0ad1b7a25fc8 df25b35106eb4d6faf1d6df805a2de63 7b9846b1c2c64e70894d0dc0ea4ad743 - - default default] Method 'is_advsvc' is deprecated since 2023.2 release (neutron-lib 3.8.0) and will be removed once support for the old RBAC API policies will be removed from Neutron. Please use method 'is_service_role' instead.
2026-05-05 18:05:18.929 10 INFO neutron.db.securitygroups_db [None req-edc3185f-3ab5-43ed-90ad-0ad1b7a25fc8 df25b35106eb4d6faf1d6df805a2de63 7b9846b1c2c64e70894d0dc0ea4ad743 - - default default] Project 7b9846b1c2c64e70894d0dc0ea4ad743 added a security group rule with legacy IPv6 ICMP protocol name icmp, ipv6-icmp should be used instead. It was automatically converted.
2026-05-05 18:05:19.047 10 INFO neutron.db.ovn_revision_numbers_db [None req-edc3185f-3ab5-43ed-90ad-0ad1b7a25fc8 df25b35106eb4d6faf1d6df805a2de63 7b9846b1c2c64e70894d0dc0ea4ad743 - - default default] Successfully bumped revision number for resource dd6fbdd2-5aed-457c-b4fe-850cc92f00ec (type: security_group_rules) to 0
2026-05-05 18:05:19.072 10 INFO neutron.wsgi [None req-edc3185f-3ab5-43ed-90ad-0ad1b7a25fc8 df25b35106eb4d6faf1d6df805a2de63 7b9846b1c2c64e70894d0dc0ea4ad743 - - default default] 10.0.0.54 "POST /v2.0/security-group-rules HTTP/1.1" status: 201 len: 805 time: 0.1904116
2026-05-05 18:05:19.285 9 INFO neutron.wsgi [None req-b60462d0-3a74-470c-bab9-0766069c305c b441433136ed476a8c3ac34bc6625b55 dea663a2e60842ae86588e79008c2bc6 - - default default] 10.0.0.54 "DELETE /v2.0/ports/5fb0bfe1-887f-4212-9722-5c87baec17b4 HTTP/1.1" status: 204 len: 168 time: 0.5654604
2026-05-05 18:05:19.546 9 INFO neutron.wsgi [None req-d4f4db43-4087-4a57-9e82-38abafc393b4 b441433136ed476a8c3ac34bc6625b55 dea663a2e60842ae86588e79008c2bc6 - - default default] 10.0.0.54 "DELETE /v2.0/ports/3cd9eaf0-f5e0-42a3-945e-792dccdf1b17 HTTP/1.1" status: 204 len: 168 time: 0.2555456
2026-05-05 18:05:19.696 9 INFO neutron.wsgi [None req-66e460de-0ac4-4390-b84c-233961fa5406 df25b35106eb4d6faf1d6df805a2de63 7b9846b1c2c64e70894d0dc0ea4ad743 - - default default] 10.0.0.54 "GET /v2.0/networks HTTP/1.1" status: 200 len: 1493 time: 0.2149692
2026-05-05 18:05:19.841 10 INFO neutron.wsgi [req-76197103-7fec-498e-9932-23190ff42fd2 req-7b9f0b35-2870-4b3a-8c56-63aa85caf7ee df25b35106eb4d6faf1d6df805a2de63 7b9846b1c2c64e70894d0dc0ea4ad743 - - default default] 10.0.0.199 "GET /v2.0/security-groups?name=tempest-secgroup-smoke-898888135&fields=id&tenant_id=7b9846b1c2c64e70894d0dc0ea4ad743 HTTP/1.1" status: 200 len: 267 time: 0.0454266
2026-05-05 18:05:19.890 9 INFO neutron.wsgi [None req-6843928d-7e3f-4b06-963c-a2e3cfe9a6fb b441433136ed476a8c3ac34bc6625b55 dea663a2e60842ae86588e79008c2bc6 - - default default] 10.0.0.54 "DELETE /v2.0/ports/0d6ec756-7a4e-4d04-9863-cb9fd2481bb9 HTTP/1.1" status: 204 len: 168 time: 0.3381605
2026-05-05 18:05:19.940 10 INFO neutron.wsgi [req-76197103-7fec-498e-9932-23190ff42fd2 req-19fd3271-6c4c-4b09-bceb-de7b5018d1a9 df25b35106eb4d6faf1d6df805a2de63 7b9846b1c2c64e70894d0dc0ea4ad743 - - default default] 10.0.0.199 "GET /v2.0/networks?id=76cb9019-ecbd-4f39-8255-a3a72672f326 HTTP/1.1" status: 200 len: 860 time: 0.0874841
2026-05-05 18:05:19.962 10 INFO neutron.wsgi [req-76197103-7fec-498e-9932-23190ff42fd2 req-2b894285-eeb2-409a-acd9-ada244a1c888 df25b35106eb4d6faf1d6df805a2de63 7b9846b1c2c64e70894d0dc0ea4ad743 - - default default] 10.0.0.199 "GET /v2.0/quotas/7b9846b1c2c64e70894d0dc0ea4ad743 HTTP/1.1" status: 200 len: 491 time: 0.0148742
2026-05-05 18:05:20.092 10 INFO neutron.wsgi [req-76197103-7fec-498e-9932-23190ff42fd2 req-916fd9b9-e591-4fc4-97fb-13b058ea07cd df25b35106eb4d6faf1d6df805a2de63 7b9846b1c2c64e70894d0dc0ea4ad743 - - default default] 10.0.0.199 "GET /v2.0/ports?tenant_id=7b9846b1c2c64e70894d0dc0ea4ad743&fields=id HTTP/1.1" status: 200 len: 302 time: 0.1209455
2026-05-05 18:05:20.145 9 INFO neutron.wsgi [None req-5000a13a-1647-4031-b39f-e9971fab3033 b441433136ed476a8c3ac34bc6625b55 dea663a2e60842ae86588e79008c2bc6 - - default default] 10.0.0.54 "DELETE /v2.0/ports/eda890e9-cc2b-4ed9-b474-1c1263424c87 HTTP/1.1" status: 204 len: 168 time: 0.2493634
2026-05-05 18:05:20.177 10 INFO neutron.wsgi [req-76197103-7fec-498e-9932-23190ff42fd2 req-f227ce49-c3e0-46a5-b506-ae6ed25d27b2 a3e87700221945f8a13cad7485063661 724c96a0522c42668b3b2aee66aaa337 - - 7858ee4fb5f245e588d2235dddbb4443 7858ee4fb5f245e588d2235dddbb4443] 10.0.0.199 "GET /v2.0/networks/76cb9019-ecbd-4f39-8255-a3a72672f326?fields=segments HTTP/1.1" status: 200 len: 212 time: 0.0691688
2026-05-05 18:05:20.257 10 INFO neutron.wsgi [req-76197103-7fec-498e-9932-23190ff42fd2 req-28a1f482-8d9c-4998-97fc-bc9974ad2d47 a3e87700221945f8a13cad7485063661 724c96a0522c42668b3b2aee66aaa337 - - 7858ee4fb5f245e588d2235dddbb4443 7858ee4fb5f245e588d2235dddbb4443] 10.0.0.199 "GET /v2.0/networks/76cb9019-ecbd-4f39-8255-a3a72672f326?fields=provider%3Aphysical_network&fields=provider%3Anetwork_type HTTP/1.1" status: 200 len: 277 time: 0.0698383
2026-05-05 18:05:20.417 9 INFO neutron.wsgi [req-acbc5a65-1744-4591-ac78-bc12274738fc req-cea2e47b-95c1-4cb4-9676-a28b11071645 df25b35106eb4d6faf1d6df805a2de63 7b9846b1c2c64e70894d0dc0ea4ad743 - - default default] 10.0.0.199 "GET /v2.0/ports?device_id=74db9b10-b662-4919-b7bc-2b1605c4554c HTTP/1.1" status: 200 len: 210 time: 0.0229700
2026-05-05 18:05:20.549 9 INFO neutron.services.segments.plugin [-] Segment 4f88945d-7f27-469c-ad9d-00c720763385 resource provider aggregate not found
2026-05-05 18:05:20.553 9 INFO neutron.services.segments.plugin [-] Segment 4f88945d-7f27-469c-ad9d-00c720763385 resource provider aggregate not found
2026-05-05 18:05:20.564 9 INFO neutron.services.segments.plugin [-] Segment 4f88945d-7f27-469c-ad9d-00c720763385 resource provider not found; error: Placement Client Error (4xx): {"errors": [{"status": 404, "title": "Not Found", "detail": "The resource could not be found.\n\n No resource provider with uuid 4f88945d-7f27-469c-ad9d-00c720763385 found for delete ", "request_id": "req-1f2b14d4-3040-47a5-815f-e0a08de73e19"}]}
2026-05-05 18:05:20.575 9 INFO neutron.services.segments.plugin [-] Segment 4f88945d-7f27-469c-ad9d-00c720763385 resource provider not found; error: Placement Client Error (4xx): {"errors": [{"status": 404, "title": "Not Found", "detail": "The resource could not be found.\n\n No resource provider with uuid 4f88945d-7f27-469c-ad9d-00c720763385 found for delete ", "request_id": "req-dae2aba6-7c10-4c22-857d-539fa6080aad"}]}
2026-05-05 18:05:20.586 9 INFO neutron.wsgi [None req-cb309244-5de5-4419-9ba9-644f5ea88f7e b441433136ed476a8c3ac34bc6625b55 dea663a2e60842ae86588e79008c2bc6 - - default default] 10.0.0.54 "DELETE /v2.0/networks/dd1c8924-985f-4c43-9bcf-fdff4f35dc21 HTTP/1.1" status: 204 len: 168 time: 0.4366639
2026-05-05 18:05:20.704 10 INFO neutron.db.ovn_revision_numbers_db [None req-b66f09bd-2673-4629-ad01-99027e9e7e42 9ca1bdaa54554a71b8685a18f03db938 fff08702b4174297bbbe71aa52d028ce - - default default] Successfully bumped revision number for resource b36e1f93-ffc5-497b-8993-0041f7ef0f92 (type: security_groups) to 1
2026-05-05 18:05:20.717 10 INFO neutron.db.ovn_revision_numbers_db [None req-b66f09bd-2673-4629-ad01-99027e9e7e42 9ca1bdaa54554a71b8685a18f03db938 fff08702b4174297bbbe71aa52d028ce - - default default] Successfully bumped revision number for resource 381f2d5a-1f63-4b88-a6aa-9e9584f7c512 (type: security_group_rules) to 0
2026-05-05 18:05:20.742 10 INFO neutron.db.ovn_revision_numbers_db [None req-b66f09bd-2673-4629-ad01-99027e9e7e42 9ca1bdaa54554a71b8685a18f03db938 fff08702b4174297bbbe71aa52d028ce - - default default] Successfully bumped revision number for resource 8d99b00e-cd1c-462f-a99a-5226e0f0db0d (type: security_group_rules) to 0
2026-05-05 18:05:20.754 10 INFO neutron.db.ovn_revision_numbers_db [None req-b66f09bd-2673-4629-ad01-99027e9e7e42 9ca1bdaa54554a71b8685a18f03db938 fff08702b4174297bbbe71aa52d028ce - - default default] Successfully bumped revision number for resource c0e820c2-49bc-4d95-bc01-e6d738a225cc (type: security_group_rules) to 0
2026-05-05 18:05:20.768 10 INFO neutron.db.ovn_revision_numbers_db [None req-b66f09bd-2673-4629-ad01-99027e9e7e42 9ca1bdaa54554a71b8685a18f03db938 fff08702b4174297bbbe71aa52d028ce - - default default] Successfully bumped revision number for resource ea3cc04c-0a81-4284-83ab-aa6299581be1 (type: security_group_rules) to 0
2026-05-05 18:05:20.821 10 INFO neutron.db.segments_db [None req-b66f09bd-2673-4629-ad01-99027e9e7e42 9ca1bdaa54554a71b8685a18f03db938 fff08702b4174297bbbe71aa52d028ce - - default default] Added segment 0e73db16-bbdf-4110-8ef4-9db54d4de65f of type geneve for network 65c11895-1a7d-4510-8355-aef8fe5e3800
2026-05-05 18:05:20.975 10 INFO neutron.db.ovn_revision_numbers_db [None req-b66f09bd-2673-4629-ad01-99027e9e7e42 9ca1bdaa54554a71b8685a18f03db938 fff08702b4174297bbbe71aa52d028ce - - default default] Successfully bumped revision number for resource 65c11895-1a7d-4510-8355-aef8fe5e3800 (type: networks) to 1
2026-05-05 18:05:21.020 9 INFO neutron.wsgi [None req-6443fda9-e0f7-4f9d-b4d2-3a433e7b3dde b441433136ed476a8c3ac34bc6625b55 dea663a2e60842ae86588e79008c2bc6 - - default default] 10.0.0.54 "DELETE /v2.0/networks/06479604-e918-4ec1-8fbe-20380ed7439f HTTP/1.1" status: 204 len: 168 time: 0.4273789
2026-05-05 18:05:21.130 9 INFO neutron.wsgi [req-b8b2dd07-2c85-44ff-9a84-411512779d43 req-593f33fd-f54b-49be-85b6-2e5d717a97e2 a3e87700221945f8a13cad7485063661 724c96a0522c42668b3b2aee66aaa337 - - 7858ee4fb5f245e588d2235dddbb4443 7858ee4fb5f245e588d2235dddbb4443] 10.0.0.97 "GET /v2.0/ports?device_id=386d3abf-e31f-45b6-baab-0f0a59443c10 HTTP/1.1" status: 200 len: 1413 time: 0.1739111
2026-05-05 18:05:21.194 9 INFO neutron.wsgi [req-b8b2dd07-2c85-44ff-9a84-411512779d43 req-38a309ef-7702-4bd6-ab91-cdb4abaab531 a3e87700221945f8a13cad7485063661 724c96a0522c42668b3b2aee66aaa337 - - 7858ee4fb5f245e588d2235dddbb4443 7858ee4fb5f245e588d2235dddbb4443] 10.0.0.97 "GET /v2.0/security-groups?id=29727ac1-74a2-49ee-a176-7a3ba988a23e&fields=id&fields=name HTTP/1.1" status: 200 len: 312 time: 0.0540810
2026-05-05 18:05:21.225 10 INFO neutron.wsgi [req-76197103-7fec-498e-9932-23190ff42fd2 req-9b858175-101e-4092-8582-2c44575b5b6f df25b35106eb4d6faf1d6df805a2de63 7b9846b1c2c64e70894d0dc0ea4ad743 - - default default] 199.204.45.38 "GET /v2.0/networks?id=76cb9019-ecbd-4f39-8255-a3a72672f326 HTTP/1.1" status: 200 len: 860 time: 0.1394956
2026-05-05 18:05:21.307 10 WARNING neutron.scheduler.dhcp_agent_scheduler [None req-b66f09bd-2673-4629-ad01-99027e9e7e42 9ca1bdaa54554a71b8685a18f03db938 fff08702b4174297bbbe71aa52d028ce - - default default] No more DHCP agents
2026-05-05 18:05:21.311 10 WARNING neutron.api.rpc.agentnotifiers.dhcp_rpc_agent_api [None req-b66f09bd-2673-4629-ad01-99027e9e7e42 9ca1bdaa54554a71b8685a18f03db938 fff08702b4174297bbbe71aa52d028ce - - default default] Unable to schedule network 65c11895-1a7d-4510-8355-aef8fe5e3800: no agents available; will retry on subsequent port and subnet creation events.
2026-05-05 18:05:21.317 10 INFO neutron.wsgi [req-76197103-7fec-498e-9932-23190ff42fd2 req-0e00f8cb-6258-4cc7-9b64-79989162b760 df25b35106eb4d6faf1d6df805a2de63 7b9846b1c2c64e70894d0dc0ea4ad743 - - default default] 199.204.45.38 "GET /v2.0/security-groups?fields=id&fields=name&tenant_id=7b9846b1c2c64e70894d0dc0ea4ad743 HTTP/1.1" status: 200 len: 379 time: 0.0774837
2026-05-05 18:05:21.352 10 WARNING neutron_lib.context [req-76197103-7fec-498e-9932-23190ff42fd2 req-5b4d68bb-018b-4f07-b8fd-4d7830da19f9 df25b35106eb4d6faf1d6df805a2de63 7b9846b1c2c64e70894d0dc0ea4ad743 - - default default] Method 'is_advsvc' is deprecated since 2023.2 release (neutron-lib 3.8.0) and will be removed once support for the old RBAC API policies will be removed from Neutron. Please use method 'is_service_role' instead.
2026-05-05 18:05:21.508 10 INFO neutron.db.ovn_revision_numbers_db [None req-b66f09bd-2673-4629-ad01-99027e9e7e42 9ca1bdaa54554a71b8685a18f03db938 fff08702b4174297bbbe71aa52d028ce - - default default] Successfully bumped revision number for resource ca464b71-319e-4f71-9cc4-f16e971eb2bf (type: ports) to 1
2026-05-05 18:05:21.516 10 INFO neutron.wsgi [req-5e6c61cb-8310-4190-9edb-c40ed4f3bbb2 req-6f8d28b2-8662-4936-9055-e0a0a7a1a878 df25b35106eb4d6faf1d6df805a2de63 7b9846b1c2c64e70894d0dc0ea4ad743 - - default default] 10.0.0.199 "GET /v2.0/ports?device_id=74db9b10-b662-4919-b7bc-2b1605c4554c HTTP/1.1" status: 200 len: 210 time: 0.0351751
2026-05-05 18:05:21.545 10 INFO neutron.wsgi [None req-b66f09bd-2673-4629-ad01-99027e9e7e42 9ca1bdaa54554a71b8685a18f03db938 fff08702b4174297bbbe71aa52d028ce - - default default] 10.0.0.54 "POST /v2.0/networks HTTP/1.1" status: 201 len: 942 time: 1.1640017
2026-05-05 18:05:21.721 9 WARNING neutron.scheduler.dhcp_agent_scheduler [None req-2f9fa4e7-e386-4a0c-99a2-76e11e237c1b 9ca1bdaa54554a71b8685a18f03db938 fff08702b4174297bbbe71aa52d028ce - - default default] No more DHCP agents
2026-05-05 18:05:21.725 9 WARNING neutron.api.rpc.agentnotifiers.dhcp_rpc_agent_api [None req-2f9fa4e7-e386-4a0c-99a2-76e11e237c1b 9ca1bdaa54554a71b8685a18f03db938 fff08702b4174297bbbe71aa52d028ce - - default default] Unable to schedule network 65c11895-1a7d-4510-8355-aef8fe5e3800: no agents available; will retry on subsequent port and subnet creation events.
2026-05-05 18:05:21.750 10 INFO neutron.services.segments.plugin [-] Segment c23c109a-f8bc-441a-9e13-a6f776ea41ea resource provider aggregate not found
2026-05-05 18:05:21.755 10 INFO neutron.services.segments.plugin [-] Segment c23c109a-f8bc-441a-9e13-a6f776ea41ea resource provider aggregate not found
2026-05-05 18:05:21.769 10 INFO neutron.services.segments.plugin [-] Segment c23c109a-f8bc-441a-9e13-a6f776ea41ea resource provider not found; error: Placement Client Error (4xx): {"errors": [{"status": 404, "title": "Not Found", "detail": "The resource could not be found.\n\n No resource provider with uuid c23c109a-f8bc-441a-9e13-a6f776ea41ea found for delete ", "request_id": "req-ee0b67ca-ac34-4b0f-a8df-b5153d2276a8"}]}
2026-05-05 18:05:21.770 10 INFO neutron.services.segments.plugin [-] Segment c23c109a-f8bc-441a-9e13-a6f776ea41ea resource provider not found; error: Placement Client Error (4xx): {"errors": [{"status": 404, "title": "Not Found", "detail": "The resource could not be found.\n\n No resource provider with uuid c23c109a-f8bc-441a-9e13-a6f776ea41ea found for delete ", "request_id": "req-27129988-2177-47f2-80ba-7e3e175f8cf1"}]}
2026-05-05 18:05:21.807 10 INFO neutron.wsgi [None req-39296614-75b4-4777-86a8-13d61df09a22 b441433136ed476a8c3ac34bc6625b55 dea663a2e60842ae86588e79008c2bc6 - - default default] 10.0.0.54 "DELETE /v2.0/networks/9db2588c-0e38-4d5c-a66e-40058f41738b HTTP/1.1" status: 204 len: 168 time: 0.7801251
2026-05-05 18:05:21.923 10 WARNING neutron.scheduler.dhcp_agent_scheduler [req-76197103-7fec-498e-9932-23190ff42fd2 req-5b4d68bb-018b-4f07-b8fd-4d7830da19f9 df25b35106eb4d6faf1d6df805a2de63 7b9846b1c2c64e70894d0dc0ea4ad743 - - default default] No more DHCP agents
2026-05-05 18:05:21.926 10 WARNING neutron.api.rpc.agentnotifiers.dhcp_rpc_agent_api [req-76197103-7fec-498e-9932-23190ff42fd2 req-5b4d68bb-018b-4f07-b8fd-4d7830da19f9 df25b35106eb4d6faf1d6df805a2de63 7b9846b1c2c64e70894d0dc0ea4ad743 - - default default] Unable to schedule network 76cb9019-ecbd-4f39-8255-a3a72672f326: no agents available; will retry on subsequent port and subnet creation events.
2026-05-05 18:05:22.000 9 INFO neutron.wsgi [-] 10.0.0.150 "GET / HTTP/1.1" status: 200 len: 245 time: 0.0022724
2026-05-05 18:05:22.005 10 INFO neutron.wsgi [-] 10.0.0.150 "GET / HTTP/1.1" status: 200 len: 245 time: 0.0016956
2026-05-05 18:05:22.169 10 INFO neutron.db.ovn_revision_numbers_db [req-76197103-7fec-498e-9932-23190ff42fd2 req-5b4d68bb-018b-4f07-b8fd-4d7830da19f9 df25b35106eb4d6faf1d6df805a2de63 7b9846b1c2c64e70894d0dc0ea4ad743 - - default default] Successfully bumped revision number for resource 7453727b-0190-4358-be20-5e4f38d13d18 (type: ports) to 1
2026-05-05 18:05:22.193 10 INFO neutron.wsgi [req-76197103-7fec-498e-9932-23190ff42fd2 req-5b4d68bb-018b-4f07-b8fd-4d7830da19f9 df25b35106eb4d6faf1d6df805a2de63 7b9846b1c2c64e70894d0dc0ea4ad743 - - default default] 199.204.45.38 "POST /v2.0/ports HTTP/1.1" status: 201 len: 1162 time: 0.8531044 /var/lib/openstack/lib/python3.10/site-packages/pycadf/identifier.py:71: UserWarning: Invalid uuid: neutron. To ensure interoperability, identifiers should be a valid uuid. warnings.warn(('Invalid uuid: %s. To ensure interoperability, '
2026-05-05 18:05:22.290 9 INFO neutron.db.ovn_revision_numbers_db [None req-2f9fa4e7-e386-4a0c-99a2-76e11e237c1b 9ca1bdaa54554a71b8685a18f03db938 fff08702b4174297bbbe71aa52d028ce - - default default] Successfully bumped revision number for resource ca464b71-319e-4f71-9cc4-f16e971eb2bf (type: ports) to 2
2026-05-05 18:05:22.327 9 INFO neutron.db.ovn_revision_numbers_db [None req-2f9fa4e7-e386-4a0c-99a2-76e11e237c1b 9ca1bdaa54554a71b8685a18f03db938 fff08702b4174297bbbe71aa52d028ce - - default default] Successfully bumped revision number for resource a954bdfe-9781-499d-9555-7e2f76cc83e0 (type: subnets) to 0
2026-05-05 18:05:22.372 9 INFO neutron.wsgi [None req-2f9fa4e7-e386-4a0c-99a2-76e11e237c1b 9ca1bdaa54554a71b8685a18f03db938 fff08702b4174297bbbe71aa52d028ce - - default default] 10.0.0.54 "POST /v2.0/subnets HTTP/1.1" status: 201 len: 862 time: 0.8211653
2026-05-05 18:05:22.443 10 INFO neutron.wsgi [None req-ab6be552-29aa-4ff7-b647-46217a1e5ad7 b441433136ed476a8c3ac34bc6625b55 dea663a2e60842ae86588e79008c2bc6 - - default default] 10.0.0.54 "DELETE /v2.0/networks/7a1a3d34-9c10-414f-b5f5-4a6b85f7bcc9 HTTP/1.1" status: 204 len: 168 time: 0.6279185
2026-05-05 18:05:22.590 9 INFO neutron.services.segments.plugin [-] Segment 981c8c8e-f76a-4aa6-8bce-8d670c27655a resource provider aggregate not found
2026-05-05 18:05:22.614 9 INFO neutron.services.segments.plugin [-] Segment 981c8c8e-f76a-4aa6-8bce-8d670c27655a resource provider aggregate not found
2026-05-05 18:05:22.619 9 INFO neutron.services.segments.plugin [-] Segment 981c8c8e-f76a-4aa6-8bce-8d670c27655a resource provider not found; error: Placement Client Error (4xx): {"errors": [{"status": 404, "title": "Not Found", "detail": "The resource could not be found.\n\n No resource provider with uuid 981c8c8e-f76a-4aa6-8bce-8d670c27655a found for delete ", "request_id": "req-aa00c6cd-7481-41b5-8bae-87d1d3cf24be"}]}
2026-05-05 18:05:22.652 9 INFO neutron.services.segments.plugin [-] Segment 981c8c8e-f76a-4aa6-8bce-8d670c27655a resource provider not found; error: Placement Client Error (4xx): {"errors": [{"status": 404, "title": "Not Found", "detail": "The resource could not be found.\n\n No resource provider with uuid 981c8c8e-f76a-4aa6-8bce-8d670c27655a found for delete ", "request_id": "req-fee3a59e-a13b-4673-ac02-97c077e7be87"}]}
2026-05-05 18:05:22.752 9 INFO neutron.wsgi [req-ef8d24c0-1cd2-478d-8ce8-6df812c8d0e0 req-7d623c1c-ba48-485d-8207-1357f6f0f977 df25b35106eb4d6faf1d6df805a2de63 7b9846b1c2c64e70894d0dc0ea4ad743 - - default default] 10.0.0.199 "GET /v2.0/ports?device_id=74db9b10-b662-4919-b7bc-2b1605c4554c HTTP/1.1" status: 200 len: 1172 time: 0.1725590
2026-05-05 18:05:22.826 9 INFO neutron.wsgi [req-ef8d24c0-1cd2-478d-8ce8-6df812c8d0e0 req-1774210e-e018-430e-b058-1f4fd1c6a0c0 df25b35106eb4d6faf1d6df805a2de63 7b9846b1c2c64e70894d0dc0ea4ad743 - - default default] 10.0.0.199 "GET /v2.0/security-groups?id=bad7ecae-da88-4231-b3b3-79ff91a9b2c2&fields=id&fields=name HTTP/1.1" status: 200 len: 312 time: 0.0649230
2026-05-05 18:05:23.064 10 WARNING neutron.plugins.ml2.drivers.ovn.mech_driver.ovsdb.ovn_client [None req-441a7c56-4fe4-4595-b3d7-1091a20e8025 - - - - - -] No hosting information found for port 05faeca7-55bd-4133-9bfc-42c56f06af4c: RuntimeError: No hosting information found for port 05faeca7-55bd-4133-9bfc-42c56f06af4c
2026-05-05 18:05:23.265 9 WARNING neutron.scheduler.dhcp_agent_scheduler [None req-80175261-acea-4d3f-a87d-83bbacb3200e 9ca1bdaa54554a71b8685a18f03db938 fff08702b4174297bbbe71aa52d028ce - - default default] No more DHCP agents
2026-05-05 18:05:23.268 9 WARNING neutron.api.rpc.agentnotifiers.dhcp_rpc_agent_api [None req-80175261-acea-4d3f-a87d-83bbacb3200e 9ca1bdaa54554a71b8685a18f03db938 fff08702b4174297bbbe71aa52d028ce - - default default] Unable to schedule network 35718ed6-b420-4f12-bc7e-4b692e178205: no agents available; will retry on subsequent port and subnet creation events.
2026-05-05 18:05:23.307 10 INFO neutron.db.ovn_revision_numbers_db [req-76197103-7fec-498e-9932-23190ff42fd2 req-c74a5055-d0b1-4533-a86a-c1e9616669a3 a3e87700221945f8a13cad7485063661 724c96a0522c42668b3b2aee66aaa337 - - 7858ee4fb5f245e588d2235dddbb4443 7858ee4fb5f245e588d2235dddbb4443] Successfully bumped revision number for resource 7453727b-0190-4358-be20-5e4f38d13d18 (type: ports) to 2
2026-05-05 18:05:23.436 10 INFO neutron.wsgi [None req-22999c57-29b0-4717-b6bf-227956837ac7 b441433136ed476a8c3ac34bc6625b55 dea663a2e60842ae86588e79008c2bc6 - - default default] 10.0.0.54 "DELETE /v2.0/networks/bb3869b7-8f66-4187-827c-614a58548724 HTTP/1.1" status: 204 len: 168 time: 0.9862089
2026-05-05 18:05:23.440 9 INFO neutron.db.ovn_revision_numbers_db [None req-80175261-acea-4d3f-a87d-83bbacb3200e 9ca1bdaa54554a71b8685a18f03db938 fff08702b4174297bbbe71aa52d028ce - - default default] Successfully bumped revision number for resource cccc8dae-8868-49b1-b456-b8f04c982187 (type: ports) to 1
2026-05-05 18:05:23.572 10 INFO neutron.db.ovn_revision_numbers_db [req-76197103-7fec-498e-9932-23190ff42fd2 req-c74a5055-d0b1-4533-a86a-c1e9616669a3 a3e87700221945f8a13cad7485063661 724c96a0522c42668b3b2aee66aaa337 - - 7858ee4fb5f245e588d2235dddbb4443 7858ee4fb5f245e588d2235dddbb4443] Successfully bumped revision number for resource 7453727b-0190-4358-be20-5e4f38d13d18 (type: ports) to 2
2026-05-05 18:05:23.592 10 INFO neutron.wsgi [req-76197103-7fec-498e-9932-23190ff42fd2 req-c74a5055-d0b1-4533-a86a-c1e9616669a3 a3e87700221945f8a13cad7485063661 724c96a0522c42668b3b2aee66aaa337 - - 7858ee4fb5f245e588d2235dddbb4443 7858ee4fb5f245e588d2235dddbb4443] 199.204.45.38 "PUT /v2.0/ports/7453727b-0190-4358-be20-5e4f38d13d18 HTTP/1.1" status: 200 len: 1380 time: 1.3866026 /var/lib/openstack/lib/python3.10/site-packages/pycadf/identifier.py:71: UserWarning: Invalid uuid: neutron. To ensure interoperability, identifiers should be a valid uuid. warnings.warn(('Invalid uuid: %s. To ensure interoperability, '
2026-05-05 18:05:23.638 10 INFO neutron.notifiers.nova [-] Nova event matching ['req-15a69c23-ef10-4fb9-acc1-5a0a40a77c60'] response: {'name': 'network-changed', 'server_uuid': '74db9b10-b662-4919-b7bc-2b1605c4554c', 'tag': '7453727b-0190-4358-be20-5e4f38d13d18', 'status': 'completed', 'code': 200}
