2026-05-05 18:06:34.792 9 INFO neutron.wsgi [None req-ebd9eda2-c493-4805-a526-5053fc5a5175 9704789cfeed4aeabb679a0bada14ddd 9db018d198fa4a1c821115e36a2e2e9b - - default default] 10.0.0.54 "GET /v2.0/subnetpools?not-tags=red HTTP/1.1" status: 200 len: 1223 time: 0.0556197
2026-05-05 18:06:34.807 10 INFO neutron.notifiers.nova [-] Nova event matching ['req-bb40dbd9-abdc-47f6-b231-c3a5c6807004'] response: {'server_uuid': '0fd2f059-6a4e-4fab-9d4b-5c2c110f1c62', 'name': 'network-vif-plugged', 'status': 'completed', 'tag': 'd3c6fe7a-ab2b-4920-96a2-3bf7878fdacd', 'code': 200}
2026-05-05 18:06:34.844 9 INFO neutron.wsgi [req-dda3c238-f209-4aae-8c53-11f03b6ef994 req-02ada7bb-6b6d-4d72-b3c3-92e24128c57e a3e87700221945f8a13cad7485063661 724c96a0522c42668b3b2aee66aaa337 - - 7858ee4fb5f245e588d2235dddbb4443 7858ee4fb5f245e588d2235dddbb4443] 199.204.45.38 "GET /v2.0/networks/473f351b-fea6-42ec-89fd-2b8d7cc7af02?fields=segments HTTP/1.1" status: 200 len: 212 time: 0.0982344
2026-05-05 18:06:34.845 10 INFO neutron.wsgi [None req-3abe7652-383e-419f-a239-6a7e437c439e 9704789cfeed4aeabb679a0bada14ddd 9db018d198fa4a1c821115e36a2e2e9b - - default default] 10.0.0.54 "GET /v2.0/subnetpools?not-tags=red%2Cblue HTTP/1.1" status: 200 len: 1730 time: 0.0375028
2026-05-05 18:06:34.888 9 INFO neutron.wsgi [None req-8559ce05-4c35-41b6-a66f-e4eb06f78366 9704789cfeed4aeabb679a0bada14ddd 9db018d198fa4a1c821115e36a2e2e9b - - default default] 10.0.0.54 "GET /v2.0/subnetpools?not-tags-any=blue HTTP/1.1" status: 200 len: 1730 time: 0.0383058
2026-05-05 18:06:34.925 9 INFO neutron.wsgi [None req-ae346f50-35ea-4e6a-b940-99dbd33f4309 9704789cfeed4aeabb679a0bada14ddd 9db018d198fa4a1c821115e36a2e2e9b - - default default] 10.0.0.54 "GET /v2.0/subnetpools?not-tags-any=red%2Cblue HTTP/1.1" status: 200 len: 1223 time: 0.0290074
2026-05-05 18:06:34.936 9 INFO neutron.wsgi [req-dda3c238-f209-4aae-8c53-11f03b6ef994 req-caa9eb58-84ee-41cc-a59b-9c2da9776cfc a3e87700221945f8a13cad7485063661 724c96a0522c42668b3b2aee66aaa337 - - 7858ee4fb5f245e588d2235dddbb4443 7858ee4fb5f245e588d2235dddbb4443] 199.204.45.38 "GET /v2.0/networks/473f351b-fea6-42ec-89fd-2b8d7cc7af02?fields=provider%3Aphysical_network&fields=provider%3Anetwork_type HTTP/1.1" status: 200 len: 277 time: 0.0872250
2026-05-05 18:06:35.235 10 INFO neutron.db.ovn_revision_numbers_db [None req-441a7c56-4fe4-4595-b3d7-1091a20e8025 - - - - - -] Successfully bumped revision number for resource d3c6fe7a-ab2b-4920-96a2-3bf7878fdacd (type: ports) to 4
2026-05-05 18:06:35.242 10 INFO neutron.wsgi [None req-42bc63d5-c2a2-4f6d-947a-793dd6de73e9 9704789cfeed4aeabb679a0bada14ddd 9db018d198fa4a1c821115e36a2e2e9b - - default default] 10.0.0.54 "DELETE /v2.0/subnetpools/5f53586a-8d57-414c-b50a-cc7e65c668c4 HTTP/1.1" status: 204 len: 168 time: 0.3070049
2026-05-05 18:06:35.326 9 INFO neutron.wsgi [None req-1994def6-4a30-4583-b699-b0b782e7c296 9704789cfeed4aeabb679a0bada14ddd 9db018d198fa4a1c821115e36a2e2e9b - - default default] 10.0.0.54 "DELETE /v2.0/subnetpools/f57719b8-f133-44fe-979a-c2aae670bfc5 HTTP/1.1" status: 204 len: 168 time: 0.0764906
2026-05-05 18:06:35.438 9 INFO neutron.wsgi [None req-57f32b8a-7326-4167-8662-66d4819e52e8 9704789cfeed4aeabb679a0bada14ddd 9db018d198fa4a1c821115e36a2e2e9b - - default default] 10.0.0.54 "DELETE /v2.0/subnetpools/86711531-f807-4d0c-b552-9d7ed1607210 HTTP/1.1" status: 204 len: 168 time: 0.0941021 /var/lib/openstack/lib/python3.10/site-packages/pycadf/identifier.py:71: UserWarning: Invalid uuid: neutron. To ensure interoperability, identifiers should be a valid uuid. warnings.warn(('Invalid uuid: %s. To ensure interoperability, '
2026-05-05 18:06:35.488 9 INFO neutron.wsgi [None req-4706db44-d386-4225-a178-56b4df8a23d9 9ca1bdaa54554a71b8685a18f03db938 fff08702b4174297bbbe71aa52d028ce - - default default] 10.0.0.54 "GET /v2.0/security-groups?tenant_id=334661c167eb429e8d9cc05ea79f702e&name=default HTTP/1.1" status: 200 len: 3120 time: 0.2075081
2026-05-05 18:06:35.511 10 INFO neutron.wsgi [None req-0825ea55-51fe-406c-8627-2223f75b578e 9704789cfeed4aeabb679a0bada14ddd 9db018d198fa4a1c821115e36a2e2e9b - - default default] 10.0.0.54 "DELETE /v2.0/subnetpools/806269b7-cc0a-4e58-9241-c5418a10c966 HTTP/1.1" status: 204 len: 168 time: 0.0664742
2026-05-05 18:06:35.599 9 INFO neutron.wsgi [None req-a94af5c4-4327-44af-aa27-069f318b2678 9704789cfeed4aeabb679a0bada14ddd 9db018d198fa4a1c821115e36a2e2e9b - - default default] 10.0.0.54 "DELETE /v2.0/subnetpools/5169f2f9-f245-4bc8-aee7-8b67427f828f HTTP/1.1" status: 204 len: 168 time: 0.0828383
2026-05-05 18:06:35.638 10 INFO neutron.services.segments.plugin [-] Segment 345987f1-5a1f-4ff3-87c8-caab17f4e6ce resource provider aggregate not found
2026-05-05 18:06:35.643 10 INFO neutron.services.segments.plugin [-] Segment 345987f1-5a1f-4ff3-87c8-caab17f4e6ce resource provider aggregate not found
2026-05-05 18:06:35.668 10 INFO neutron.services.segments.plugin [-] Segment 345987f1-5a1f-4ff3-87c8-caab17f4e6ce resource provider not found; error: Placement Client Error (4xx): {"errors": [{"status": 404, "title": "Not Found", "detail": "The resource could not be found.\n\n No resource provider with uuid 345987f1-5a1f-4ff3-87c8-caab17f4e6ce found for delete ", "request_id": "req-71f56801-9d7d-461b-87c8-fd966b5a2602"}]}
2026-05-05 18:06:35.676 10 INFO neutron.services.segments.plugin [-] Segment 345987f1-5a1f-4ff3-87c8-caab17f4e6ce resource provider not found; error: Placement Client Error (4xx): {"errors": [{"status": 404, "title": "Not Found", "detail": "The resource could not be found.\n\n No resource provider with uuid 345987f1-5a1f-4ff3-87c8-caab17f4e6ce found for delete ", "request_id": "req-73713949-de57-47bb-9dff-9ab7c737faa3"}]}
2026-05-05 18:06:35.687 10 INFO neutron.services.segments.plugin [-] Segment f03bd30a-9274-4486-acdd-3d19633dacb5 resource provider aggregate not found
2026-05-05 18:06:35.692 10 INFO neutron.services.segments.plugin [-] Segment f03bd30a-9274-4486-acdd-3d19633dacb5 resource provider aggregate not found
2026-05-05 18:06:35.710 10 INFO neutron.services.segments.plugin [-] Segment f03bd30a-9274-4486-acdd-3d19633dacb5 resource provider not found; error: Placement Client Error (4xx): {"errors": [{"status": 404, "title": "Not Found", "detail": "The resource could not be found.\n\n No resource provider with uuid f03bd30a-9274-4486-acdd-3d19633dacb5 found for delete ", "request_id": "req-0be480bf-c841-402a-ad01-d8978fce22db"}]}
2026-05-05 18:06:35.712 10 INFO neutron.services.segments.plugin [-] Segment f03bd30a-9274-4486-acdd-3d19633dacb5 resource provider not found; error: Placement Client Error (4xx): {"errors": [{"status": 404, "title": "Not Found", "detail": "The resource could not be found.\n\n No resource provider with uuid f03bd30a-9274-4486-acdd-3d19633dacb5 found for delete ", "request_id": "req-6c3d3fec-54e2-4d8d-8d5c-cddf59cd5e1b"}]}
2026-05-05 18:06:35.816 10 INFO neutron.wsgi [None req-2974eef0-ffb2-4734-a2e4-054d332c6e85 9ca1bdaa54554a71b8685a18f03db938 fff08702b4174297bbbe71aa52d028ce - - default default] 10.0.0.54 "DELETE /v2.0/security-groups/a162bd1f-b021-4b73-af02-d5b0f88492d7 HTTP/1.1" status: 204 len: 168 time: 0.3230169
2026-05-05 18:06:36.380 9 INFO neutron.wsgi [req-d392457a-5e1a-430c-9a11-cc7e85a617a8 req-3fad71d8-31e7-4f5d-b082-d5d842e3cedb 063a8a3cc3d94922a6fc774641ca8db2 62df73ab3a49468fa692bad4016cccbc - - default default] 10.0.0.199 "GET /v2.0/ports?device_id=0fd2f059-6a4e-4fab-9d4b-5c2c110f1c62 HTTP/1.1" status: 200 len: 1400 time: 0.0990946
2026-05-05 18:06:36.436 9 INFO neutron.wsgi [req-d392457a-5e1a-430c-9a11-cc7e85a617a8 req-92fff8dc-0d4d-4f5b-aaa0-80a58bcb1e5d 063a8a3cc3d94922a6fc774641ca8db2 62df73ab3a49468fa692bad4016cccbc - - default default] 10.0.0.199 "GET /v2.0/security-groups?id=7578ef1f-481b-4e4c-b0c5-079ed0d4c3fc&fields=id&fields=name HTTP/1.1" status: 200 len: 310 time: 0.0435371
2026-05-05 18:06:36.528 9 INFO neutron.wsgi [None req-ccb576ee-f41d-4410-a865-5ed6f91bb2bf 063a8a3cc3d94922a6fc774641ca8db2 62df73ab3a49468fa692bad4016cccbc - - default default] 10.0.0.54 "GET /v2.0/ports?network_id=473f351b-fea6-42ec-89fd-2b8d7cc7af02&mac_address=fa%3A16%3A3e%3A27%3A82%3Ac0 HTTP/1.1" status: 200 len: 1395 time: 0.0631061
2026-05-05 18:06:36.537 9 WARNING neutron_lib.context [None req-f0b19f74-c988-4256-ac8e-c89b5afda060 063a8a3cc3d94922a6fc774641ca8db2 62df73ab3a49468fa692bad4016cccbc - - default default] Method 'is_advsvc' is deprecated since 2023.2 release (neutron-lib 3.8.0) and will be removed once support for the old RBAC API policies will be removed from Neutron. Please use method 'is_service_role' instead.
2026-05-05 18:06:36.610 10 INFO neutron.db.ovn_revision_numbers_db [None req-d252c087-5f0e-4a07-a672-42c4044da8ac 9ca1bdaa54554a71b8685a18f03db938 fff08702b4174297bbbe71aa52d028ce - - default default] Successfully bumped revision number for resource 8dba3e8c-2774-4ffb-b03d-ac504d77e137 (type: security_groups) to 1
2026-05-05 18:06:36.623 10 INFO neutron.db.ovn_revision_numbers_db [None req-d252c087-5f0e-4a07-a672-42c4044da8ac 9ca1bdaa54554a71b8685a18f03db938 fff08702b4174297bbbe71aa52d028ce - - default default] Successfully bumped revision number for resource 21b66bb0-1fcf-4667-83db-beb77a2980da (type: security_group_rules) to 0
2026-05-05 18:06:36.633 10 INFO neutron.db.ovn_revision_numbers_db [None req-d252c087-5f0e-4a07-a672-42c4044da8ac 9ca1bdaa54554a71b8685a18f03db938 fff08702b4174297bbbe71aa52d028ce - - default default] Successfully bumped revision number for resource 36dbb905-b298-48dd-a858-63ae2fc78cbf (type: security_group_rules) to 0
2026-05-05 18:06:36.654 10 INFO neutron.db.ovn_revision_numbers_db [None req-d252c087-5f0e-4a07-a672-42c4044da8ac 9ca1bdaa54554a71b8685a18f03db938 fff08702b4174297bbbe71aa52d028ce - - default default] Successfully bumped revision number for resource 66923784-be36-460b-841f-21d66d48bb01 (type: security_group_rules) to 0
2026-05-05 18:06:36.667 10 INFO neutron.db.ovn_revision_numbers_db [None req-d252c087-5f0e-4a07-a672-42c4044da8ac 9ca1bdaa54554a71b8685a18f03db938 fff08702b4174297bbbe71aa52d028ce - - default default] Successfully bumped revision number for resource 8b3984b6-e147-46a1-84bf-e33d1b667c23 (type: security_group_rules) to 0
2026-05-05 18:06:36.691 10 INFO neutron.wsgi [None req-d252c087-5f0e-4a07-a672-42c4044da8ac 9ca1bdaa54554a71b8685a18f03db938 fff08702b4174297bbbe71aa52d028ce - - default default] 10.0.0.54 "GET /v2.0/security-groups?tenant_id=30838579c0c5499dbfbafbd85c3adfe9&name=default HTTP/1.1" status: 200 len: 3120 time: 0.3106039
2026-05-05 18:06:36.849 9 WARNING neutron.scheduler.dhcp_agent_scheduler [None req-f0b19f74-c988-4256-ac8e-c89b5afda060 063a8a3cc3d94922a6fc774641ca8db2 62df73ab3a49468fa692bad4016cccbc - - default default] No more DHCP agents
2026-05-05 18:06:36.850 10 INFO neutron.notifiers.nova [-] Nova event matching ['req-21b847ff-d073-4837-a79d-1f44cb2cb129'] response: {'server_uuid': '0fd2f059-6a4e-4fab-9d4b-5c2c110f1c62', 'name': 'network-vif-plugged', 'status': 'completed', 'tag': 'd3c6fe7a-ab2b-4920-96a2-3bf7878fdacd', 'code': 200}
2026-05-05 18:06:36.859 9 WARNING neutron.api.rpc.agentnotifiers.dhcp_rpc_agent_api [None req-f0b19f74-c988-4256-ac8e-c89b5afda060 063a8a3cc3d94922a6fc774641ca8db2 62df73ab3a49468fa692bad4016cccbc - - default default] Unable to schedule network 35718ed6-b420-4f12-bc7e-4b692e178205: no agents available; will retry on subsequent port and subnet creation events.
2026-05-05 18:06:37.000 10 INFO neutron.wsgi [-] 10.0.0.150 "GET / HTTP/1.1" status: 200 len: 245 time: 0.0025876
2026-05-05 18:06:37.003 10 INFO neutron.wsgi [-] 10.0.0.150 "GET / HTTP/1.1" status: 200 len: 245 time: 0.0022807
2026-05-05 18:06:37.018 9 INFO neutron.wsgi [None req-db899d29-8e4f-4d37-b19f-7e879d42c4e0 9ca1bdaa54554a71b8685a18f03db938 fff08702b4174297bbbe71aa52d028ce - - default default] 10.0.0.54 "DELETE /v2.0/security-groups/8dba3e8c-2774-4ffb-b03d-ac504d77e137 HTTP/1.1" status: 204 len: 168 time: 0.3182762
2026-05-05 18:06:37.228 10 INFO neutron.db.ovn_revision_numbers_db [None req-55ea8c31-d09f-47b6-b5ad-e07d02f3d214 9ca1bdaa54554a71b8685a18f03db938 fff08702b4174297bbbe71aa52d028ce - - default default] Successfully bumped revision number for resource bfac55f3-c0a8-46e0-a0d7-35ab96be8d69 (type: security_groups) to 1
2026-05-05 18:06:37.243 10 INFO neutron.db.ovn_revision_numbers_db [None req-55ea8c31-d09f-47b6-b5ad-e07d02f3d214 9ca1bdaa54554a71b8685a18f03db938 fff08702b4174297bbbe71aa52d028ce - - default default] Successfully bumped revision number for resource 5fbedb85-ac51-4662-bcee-5aeb48bd2721 (type: security_group_rules) to 0
2026-05-05 18:06:37.258 10 INFO neutron.db.ovn_revision_numbers_db [None req-55ea8c31-d09f-47b6-b5ad-e07d02f3d214 9ca1bdaa54554a71b8685a18f03db938 fff08702b4174297bbbe71aa52d028ce - - default default] Successfully bumped revision number for resource 6baba827-a1ef-4afd-a141-f23ef1552a01 (type: security_group_rules) to 0
2026-05-05 18:06:37.272 10 INFO neutron.db.ovn_revision_numbers_db [None req-55ea8c31-d09f-47b6-b5ad-e07d02f3d214 9ca1bdaa54554a71b8685a18f03db938 fff08702b4174297bbbe71aa52d028ce - - default default] Successfully bumped revision number for resource d0ddca31-ecc5-4f13-b233-cfc0e464af8b (type: security_group_rules) to 0
2026-05-05 18:06:37.284 10 INFO neutron.db.ovn_revision_numbers_db [None req-55ea8c31-d09f-47b6-b5ad-e07d02f3d214 9ca1bdaa54554a71b8685a18f03db938 fff08702b4174297bbbe71aa52d028ce - - default default] Successfully bumped revision number for resource e36079c0-220f-4cb0-8d3c-70c4a599ab9f (type: security_group_rules) to 0
2026-05-05 18:06:37.305 10 INFO neutron.wsgi [None req-55ea8c31-d09f-47b6-b5ad-e07d02f3d214 9ca1bdaa54554a71b8685a18f03db938 fff08702b4174297bbbe71aa52d028ce - - default default] 10.0.0.54 "GET /v2.0/security-groups?tenant_id=17dd1f07564245be99798f02b08ee5ed&name=default HTTP/1.1" status: 200 len: 3120 time: 0.1884301
2026-05-05 18:06:37.737 10 WARNING neutron_lib.context [None req-a42757c9-d1d9-40ba-b9b8-4d95768b3c64 32526f20c00b41c2a3f30d9a81b8923d 5c4132ef48d54b44857baa0d62a83425 - - default default] Method 'is_advsvc' is deprecated since 2023.2 release (neutron-lib 3.8.0) and will be removed once support for the old RBAC API policies will be removed from Neutron. Please use method 'is_service_role' instead.
2026-05-05 18:06:37.865 10 INFO neutron.db.ovn_revision_numbers_db [None req-a42757c9-d1d9-40ba-b9b8-4d95768b3c64 32526f20c00b41c2a3f30d9a81b8923d 5c4132ef48d54b44857baa0d62a83425 - - default default] Successfully bumped revision number for resource de06daa5-aadf-4185-a8ca-d9e4aa44894b (type: security_groups) to 1
2026-05-05 18:06:37.878 10 INFO neutron.db.ovn_revision_numbers_db [None req-a42757c9-d1d9-40ba-b9b8-4d95768b3c64 32526f20c00b41c2a3f30d9a81b8923d 5c4132ef48d54b44857baa0d62a83425 - - default default] Successfully bumped revision number for resource 8a94c0b6-4e54-467c-a861-13d7a64afe27 (type: security_group_rules) to 0
2026-05-05 18:06:37.892 10 INFO neutron.db.ovn_revision_numbers_db [None req-a42757c9-d1d9-40ba-b9b8-4d95768b3c64 32526f20c00b41c2a3f30d9a81b8923d 5c4132ef48d54b44857baa0d62a83425 - - default default] Successfully bumped revision number for resource b5fc68a6-883b-4c5b-b7b4-000929510b85 (type: security_group_rules) to 0
2026-05-05 18:06:37.892 9 INFO neutron.wsgi [None req-0cf4a50a-7b51-4c9b-86ba-cda1e4df2f63 9ca1bdaa54554a71b8685a18f03db938 fff08702b4174297bbbe71aa52d028ce - - default default] 10.0.0.54 "DELETE /v2.0/security-groups/bfac55f3-c0a8-46e0-a0d7-35ab96be8d69 HTTP/1.1" status: 204 len: 168 time: 0.5806446
2026-05-05 18:06:37.906 10 INFO neutron.db.ovn_revision_numbers_db [None req-a42757c9-d1d9-40ba-b9b8-4d95768b3c64 32526f20c00b41c2a3f30d9a81b8923d 5c4132ef48d54b44857baa0d62a83425 - - default default] Successfully bumped revision number for resource c5557377-4661-409a-8e06-0687acd383c2 (type: security_group_rules) to 0
2026-05-05 18:06:37.920 10 INFO neutron.db.ovn_revision_numbers_db [None req-a42757c9-d1d9-40ba-b9b8-4d95768b3c64 32526f20c00b41c2a3f30d9a81b8923d 5c4132ef48d54b44857baa0d62a83425 - - default default] Successfully bumped revision number for resource f2ae8700-ee54-4d24-b97e-f9398088a854 (type: security_group_rules) to 0
2026-05-05 18:06:37.977 10 INFO neutron.db.segments_db [None req-a42757c9-d1d9-40ba-b9b8-4d95768b3c64 32526f20c00b41c2a3f30d9a81b8923d 5c4132ef48d54b44857baa0d62a83425 - - default default] Added segment ab131c03-3a1f-4e68-8e66-d295b93f8dad of type geneve for network a45fbb41-473f-41c9-9c64-16e562c85cd2
2026-05-05 18:06:38.032 9 INFO neutron.db.ovn_revision_numbers_db [None req-f0b19f74-c988-4256-ac8e-c89b5afda060 063a8a3cc3d94922a6fc774641ca8db2 62df73ab3a49468fa692bad4016cccbc - - default default] Successfully bumped revision number for resource 90850f71-31d6-4c99-81ac-a6d68491d2dc (type: floatingips) to -1
2026-05-05 18:06:38.149 10 INFO neutron.db.ovn_revision_numbers_db [None req-a42757c9-d1d9-40ba-b9b8-4d95768b3c64 32526f20c00b41c2a3f30d9a81b8923d 5c4132ef48d54b44857baa0d62a83425 - - default default] Successfully bumped revision number for resource a45fbb41-473f-41c9-9c64-16e562c85cd2 (type: networks) to 1
2026-05-05 18:06:38.166 9 INFO neutron.db.ovn_revision_numbers_db [None req-f0b19f74-c988-4256-ac8e-c89b5afda060 063a8a3cc3d94922a6fc774641ca8db2 62df73ab3a49468fa692bad4016cccbc - - default default] Successfully bumped revision number for resource 90850f71-31d6-4c99-81ac-a6d68491d2dc (type: floatingips) to 1
2026-05-05 18:06:38.167 9 INFO neutron.db.l3_db [None req-f0b19f74-c988-4256-ac8e-c89b5afda060 063a8a3cc3d94922a6fc774641ca8db2 62df73ab3a49468fa692bad4016cccbc - - default default] Floating IP 90850f71-31d6-4c99-81ac-a6d68491d2dc associated. External IP: 10.96.250.219, port: d3c6fe7a-ab2b-4920-96a2-3bf7878fdacd.
2026-05-05 18:06:38.233 9 INFO neutron.wsgi [None req-f0b19f74-c988-4256-ac8e-c89b5afda060 063a8a3cc3d94922a6fc774641ca8db2 62df73ab3a49468fa692bad4016cccbc - - default default] 10.0.0.54 "POST /v2.0/floatingips HTTP/1.1" status: 201 len: 1054 time: 1.7001140
2026-05-05 18:06:38.272 9 INFO neutron.notifiers.nova [-] Nova event matching ['req-c5e1de4c-103b-4a6e-a970-c4ba984adfb8'] response: {'name': 'network-changed', 'server_uuid': '0fd2f059-6a4e-4fab-9d4b-5c2c110f1c62', 'tag': 'd3c6fe7a-ab2b-4920-96a2-3bf7878fdacd', 'status': 'completed', 'code': 200}
2026-05-05 18:06:38.275 10 INFO neutron.db.ovn_revision_numbers_db [None req-d31a281e-e234-4c1f-88c1-e5234fffc175 9ca1bdaa54554a71b8685a18f03db938 fff08702b4174297bbbe71aa52d028ce - - default default] Successfully bumped revision number for resource 0b0c0b45-e59b-481d-a8c8-4ab12aef8dab (type: security_groups) to 1
2026-05-05 18:06:38.293 10 INFO neutron.db.ovn_revision_numbers_db [None req-d31a281e-e234-4c1f-88c1-e5234fffc175 9ca1bdaa54554a71b8685a18f03db938 fff08702b4174297bbbe71aa52d028ce - - default default] Successfully bumped revision number for resource 4a29dfb8-254f-4882-85ea-6361df108733 (type: security_group_rules) to 0 /var/lib/openstack/lib/python3.10/site-packages/pycadf/identifier.py:71: UserWarning: Invalid uuid: neutron. To ensure interoperability, identifiers should be a valid uuid. warnings.warn(('Invalid uuid: %s. To ensure interoperability, '
2026-05-05 18:06:38.331 10 INFO neutron.db.ovn_revision_numbers_db [None req-d31a281e-e234-4c1f-88c1-e5234fffc175 9ca1bdaa54554a71b8685a18f03db938 fff08702b4174297bbbe71aa52d028ce - - default default] Successfully bumped revision number for resource 5f8f4302-74d9-4abf-b7aa-a1d3e92d1393 (type: security_group_rules) to 0
2026-05-05 18:06:38.351 10 INFO neutron.db.ovn_revision_numbers_db [None req-d31a281e-e234-4c1f-88c1-e5234fffc175 9ca1bdaa54554a71b8685a18f03db938 fff08702b4174297bbbe71aa52d028ce - - default default] Successfully bumped revision number for resource 957028eb-8bbe-4c0b-aa51-e0ca1e18c058 (type: security_group_rules) to 0
2026-05-05 18:06:38.358 9 INFO neutron.wsgi [req-f494c00c-6e67-4628-ba94-fc62afb63f01 req-5c6134d4-452d-4751-bdc9-08c4a8047398 a3e87700221945f8a13cad7485063661 724c96a0522c42668b3b2aee66aaa337 - - 7858ee4fb5f245e588d2235dddbb4443 7858ee4fb5f245e588d2235dddbb4443] 199.204.45.38 "GET /v2.0/ports?tenant_id=62df73ab3a49468fa692bad4016cccbc&device_id=0fd2f059-6a4e-4fab-9d4b-5c2c110f1c62 HTTP/1.1" status: 200 len: 1638 time: 0.0683079
2026-05-05 18:06:38.366 9 INFO neutron.wsgi [req-a1d62a20-0d0d-4ca8-8f02-e9c1579dfd8b req-365395e1-c9ba-4b23-a1b1-c71d49e8869d 063a8a3cc3d94922a6fc774641ca8db2 62df73ab3a49468fa692bad4016cccbc - - default default] 10.0.0.199 "GET /v2.0/security-groups?name=tempest-lb_member_SG-408805533&fields=id&tenant_id=62df73ab3a49468fa692bad4016cccbc HTTP/1.1" status: 200 len: 267 time: 0.0623474
2026-05-05 18:06:38.374 10 INFO neutron.db.ovn_revision_numbers_db [None req-d31a281e-e234-4c1f-88c1-e5234fffc175 9ca1bdaa54554a71b8685a18f03db938 fff08702b4174297bbbe71aa52d028ce - - default default] Successfully bumped revision number for resource b4438465-9de7-4d38-af52-4c0ae3d77e99 (type: security_group_rules) to 0
2026-05-05 18:06:38.382 10 WARNING neutron.scheduler.dhcp_agent_scheduler [None req-a42757c9-d1d9-40ba-b9b8-4d95768b3c64 32526f20c00b41c2a3f30d9a81b8923d 5c4132ef48d54b44857baa0d62a83425 - - default default] No more DHCP agents
2026-05-05 18:06:38.390 10 WARNING neutron.api.rpc.agentnotifiers.dhcp_rpc_agent_api [None req-a42757c9-d1d9-40ba-b9b8-4d95768b3c64 32526f20c00b41c2a3f30d9a81b8923d 5c4132ef48d54b44857baa0d62a83425 - - default default] Unable to schedule network a45fbb41-473f-41c9-9c64-16e562c85cd2: no agents available; will retry on subsequent port and subnet creation events.
2026-05-05 18:06:38.406 10 INFO neutron.wsgi [None req-d31a281e-e234-4c1f-88c1-e5234fffc175 9ca1bdaa54554a71b8685a18f03db938 fff08702b4174297bbbe71aa52d028ce - - default default] 10.0.0.54 "GET /v2.0/security-groups?tenant_id=9db018d198fa4a1c821115e36a2e2e9b&name=default HTTP/1.1" status: 200 len: 3120 time: 0.3508105
2026-05-05 18:06:38.449 9 INFO neutron.wsgi [req-f494c00c-6e67-4628-ba94-fc62afb63f01 req-29787b01-527a-443a-9560-c5a3285f343a a3e87700221945f8a13cad7485063661 724c96a0522c42668b3b2aee66aaa337 - - 7858ee4fb5f245e588d2235dddbb4443 7858ee4fb5f245e588d2235dddbb4443] 199.204.45.38 "GET /v2.0/networks?id=473f351b-fea6-42ec-89fd-2b8d7cc7af02 HTTP/1.1" status: 200 len: 1003 time: 0.0822022
2026-05-05 18:06:38.467 9 INFO neutron.wsgi [req-a1d62a20-0d0d-4ca8-8f02-e9c1579dfd8b req-b31b90ce-1178-4fe2-bfc7-b7bee0427271 063a8a3cc3d94922a6fc774641ca8db2 62df73ab3a49468fa692bad4016cccbc - - default default] 10.0.0.199 "GET /v2.0/networks?id=97ea0b73-3d0d-4e77-9cc1-fd48dd4eae83 HTTP/1.1" status: 200 len: 903 time: 0.0937018
2026-05-05 18:06:38.500 10 INFO neutron.db.ovn_revision_numbers_db [None req-a42757c9-d1d9-40ba-b9b8-4d95768b3c64 32526f20c00b41c2a3f30d9a81b8923d 5c4132ef48d54b44857baa0d62a83425 - - default default] Successfully bumped revision number for resource 594b2627-8f89-4ec8-baa1-2c8723a84bd9 (type: ports) to 1
2026-05-05 18:06:38.510 9 INFO neutron.wsgi [req-a1d62a20-0d0d-4ca8-8f02-e9c1579dfd8b req-023ea88a-7100-49aa-8ecd-36ac8b3253d7 063a8a3cc3d94922a6fc774641ca8db2 62df73ab3a49468fa692bad4016cccbc - - default default] 10.0.0.199 "GET /v2.0/quotas/62df73ab3a49468fa692bad4016cccbc HTTP/1.1" status: 200 len: 491 time: 0.0323651
2026-05-05 18:06:38.524 10 INFO neutron.wsgi [None req-a42757c9-d1d9-40ba-b9b8-4d95768b3c64 32526f20c00b41c2a3f30d9a81b8923d 5c4132ef48d54b44857baa0d62a83425 - - default default] 10.0.0.54 "POST /v2.0/networks HTTP/1.1" status: 201 len: 847 time: 0.9410975
2026-05-05 18:06:38.535 10 WARNING neutron_lib.context [None req-8a19dc58-ac4a-4dd1-9279-de21f40e3513 32526f20c00b41c2a3f30d9a81b8923d 5c4132ef48d54b44857baa0d62a83425 - - default default] Method 'is_advsvc' is deprecated since 2023.2 release (neutron-lib 3.8.0) and will be removed once support for the old RBAC API policies will be removed from Neutron. Please use method 'is_service_role' instead.
2026-05-05 18:06:38.554 9 INFO neutron.wsgi [req-f494c00c-6e67-4628-ba94-fc62afb63f01 req-6c235349-d9a4-429d-afee-a97c45d4dac0 a3e87700221945f8a13cad7485063661 724c96a0522c42668b3b2aee66aaa337 - - 7858ee4fb5f245e588d2235dddbb4443 7858ee4fb5f245e588d2235dddbb4443] 199.204.45.38 "GET /v2.0/floatingips?fixed_ip_address=10.2.1.150&port_id=d3c6fe7a-ab2b-4920-96a2-3bf7878fdacd HTTP/1.1" status: 200 len: 1059 time: 0.0922480
2026-05-05 18:06:38.582 9 INFO neutron.wsgi [req-f494c00c-6e67-4628-ba94-fc62afb63f01 req-a65f48c2-0dc5-4c66-bfc5-a79c383e24ab a3e87700221945f8a13cad7485063661 724c96a0522c42668b3b2aee66aaa337 - - 7858ee4fb5f245e588d2235dddbb4443 7858ee4fb5f245e588d2235dddbb4443] 199.204.45.38 "GET /v2.0/floatingips?fixed_ip_address=fd7b%3Af9f7%3Afff%3A4eca%3A%3A3a2&port_id=d3c6fe7a-ab2b-4920-96a2-3bf7878fdacd HTTP/1.1" status: 200 len: 217 time: 0.0240521
2026-05-05 18:06:38.633 9 INFO neutron.wsgi [req-f494c00c-6e67-4628-ba94-fc62afb63f01 req-41a23ea1-dcda-4bce-907b-b2c609fb62f0 a3e87700221945f8a13cad7485063661 724c96a0522c42668b3b2aee66aaa337 - - 7858ee4fb5f245e588d2235dddbb4443 7858ee4fb5f245e588d2235dddbb4443] 199.204.45.38 "GET /v2.0/subnets?id=cf9b6adc-98bc-493e-911e-61e329c9624b&id=b3faccd7-0d95-497f-96df-ca9c418a0154 HTTP/1.1" status: 200 len: 1561 time: 0.0471466
2026-05-05 18:06:38.666 9 INFO neutron.wsgi [req-f494c00c-6e67-4628-ba94-fc62afb63f01 req-3db0fab6-c02b-40e9-b6df-ab1c61680caf a3e87700221945f8a13cad7485063661 724c96a0522c42668b3b2aee66aaa337 - - 7858ee4fb5f245e588d2235dddbb4443 7858ee4fb5f245e588d2235dddbb4443] 199.204.45.38 "GET /v2.0/ports?network_id=473f351b-fea6-42ec-89fd-2b8d7cc7af02&device_owner=network%3Adhcp HTTP/1.1" status: 200 len: 210 time: 0.0261037
2026-05-05 18:06:38.685 10 INFO neutron.wsgi [None req-f319612e-97bf-4fe4-b61f-0d6be7ac31e8 9ca1bdaa54554a71b8685a18f03db938 fff08702b4174297bbbe71aa52d028ce - - default default] 10.0.0.54 "DELETE /v2.0/security-groups/0b0c0b45-e59b-481d-a8c8-4ab12aef8dab HTTP/1.1" status: 204 len: 168 time: 0.2711799
2026-05-05 18:06:38.697 9 INFO neutron.wsgi [req-f494c00c-6e67-4628-ba94-fc62afb63f01 req-b807c8b0-5778-4562-ac6a-36cede597022 a3e87700221945f8a13cad7485063661 724c96a0522c42668b3b2aee66aaa337 - - 7858ee4fb5f245e588d2235dddbb4443 7858ee4fb5f245e588d2235dddbb4443] 199.204.45.38 "GET /v2.0/ports?network_id=473f351b-fea6-42ec-89fd-2b8d7cc7af02&device_owner=network%3Adhcp HTTP/1.1" status: 200 len: 210 time: 0.0233016
2026-05-05 18:06:38.766 9 INFO neutron.wsgi [req-a1d62a20-0d0d-4ca8-8f02-e9c1579dfd8b req-8ef8f228-45db-456c-90e7-513befed34db 063a8a3cc3d94922a6fc774641ca8db2 62df73ab3a49468fa692bad4016cccbc - - default default] 10.0.0.199 "GET /v2.0/ports?tenant_id=62df73ab3a49468fa692bad4016cccbc&fields=id HTTP/1.1" status: 200 len: 532 time: 0.2482264
2026-05-05 18:06:38.768 10 WARNING neutron.scheduler.dhcp_agent_scheduler [None req-8a19dc58-ac4a-4dd1-9279-de21f40e3513 32526f20c00b41c2a3f30d9a81b8923d 5c4132ef48d54b44857baa0d62a83425 - - default default] No more DHCP agents
2026-05-05 18:06:38.771 10 WARNING neutron.api.rpc.agentnotifiers.dhcp_rpc_agent_api [None req-8a19dc58-ac4a-4dd1-9279-de21f40e3513 32526f20c00b41c2a3f30d9a81b8923d 5c4132ef48d54b44857baa0d62a83425 - - default default] Unable to schedule network a45fbb41-473f-41c9-9c64-16e562c85cd2: no agents available; will retry on subsequent port and subnet creation events.
2026-05-05 18:06:38.778 9 INFO neutron.wsgi [req-f494c00c-6e67-4628-ba94-fc62afb63f01 req-8b35e759-f146-4602-bfee-26ea48dad33f a3e87700221945f8a13cad7485063661 724c96a0522c42668b3b2aee66aaa337 - - 7858ee4fb5f245e588d2235dddbb4443 7858ee4fb5f245e588d2235dddbb4443] 199.204.45.38 "GET /v2.0/networks/473f351b-fea6-42ec-89fd-2b8d7cc7af02?fields=segments HTTP/1.1" status: 200 len: 212 time: 0.0762122
2026-05-05 18:06:38.846 10 INFO neutron.db.ovn_revision_numbers_db [None req-8a19dc58-ac4a-4dd1-9279-de21f40e3513 32526f20c00b41c2a3f30d9a81b8923d 5c4132ef48d54b44857baa0d62a83425 - - default default] Successfully bumped revision number for resource 563d8ed0-ea9f-4ba5-9416-9b7cedc88163 (type: ports) to 1
2026-05-05 18:06:38.870 10 INFO neutron.wsgi [None req-8a19dc58-ac4a-4dd1-9279-de21f40e3513 32526f20c00b41c2a3f30d9a81b8923d 5c4132ef48d54b44857baa0d62a83425 - - default default] 10.0.0.54 "POST /v2.0/ports HTTP/1.1" status: 201 len: 977 time: 0.3392477 /var/lib/openstack/lib/python3.10/site-packages/pycadf/identifier.py:71: UserWarning: Invalid uuid: neutron. To ensure interoperability, identifiers should be a valid uuid. warnings.warn(('Invalid uuid: %s. To ensure interoperability, '
2026-05-05 18:06:38.879 9 INFO neutron.wsgi [req-a1d62a20-0d0d-4ca8-8f02-e9c1579dfd8b req-f209da98-cfcb-4dab-9bc2-eacd51ef6bd4 a3e87700221945f8a13cad7485063661 724c96a0522c42668b3b2aee66aaa337 - - 7858ee4fb5f245e588d2235dddbb4443 7858ee4fb5f245e588d2235dddbb4443] 10.0.0.199 "GET /v2.0/networks/97ea0b73-3d0d-4e77-9cc1-fd48dd4eae83?fields=segments HTTP/1.1" status: 200 len: 212 time: 0.0984225
2026-05-05 18:06:38.880 10 WARNING neutron_lib.context [None req-7c2ddeca-24e2-4b7b-9262-fd8d6de75eea 32526f20c00b41c2a3f30d9a81b8923d 5c4132ef48d54b44857baa0d62a83425 - - default default] Method 'is_advsvc' is deprecated since 2023.2 release (neutron-lib 3.8.0) and will be removed once support for the old RBAC API policies will be removed from Neutron. Please use method 'is_service_role' instead.
2026-05-05 18:06:38.884 9 INFO neutron.wsgi [req-f494c00c-6e67-4628-ba94-fc62afb63f01 req-7b0b914a-d27e-4fde-bffb-a6125a19a3df a3e87700221945f8a13cad7485063661 724c96a0522c42668b3b2aee66aaa337 - - 7858ee4fb5f245e588d2235dddbb4443 7858ee4fb5f245e588d2235dddbb4443] 199.204.45.38 "GET /v2.0/networks/473f351b-fea6-42ec-89fd-2b8d7cc7af02?fields=provider%3Aphysical_network&fields=provider%3Anetwork_type HTTP/1.1" status: 200 len: 277 time: 0.0993769
2026-05-05 18:06:38.952 9 INFO neutron.wsgi [req-a1d62a20-0d0d-4ca8-8f02-e9c1579dfd8b req-dd416999-3e0a-458c-a8ed-ab436e098a01 a3e87700221945f8a13cad7485063661 724c96a0522c42668b3b2aee66aaa337 - - 7858ee4fb5f245e588d2235dddbb4443 7858ee4fb5f245e588d2235dddbb4443] 10.0.0.199 "GET /v2.0/networks/97ea0b73-3d0d-4e77-9cc1-fd48dd4eae83?fields=provider%3Aphysical_network&fields=provider%3Anetwork_type HTTP/1.1" status: 200 len: 277 time: 0.0664301
2026-05-05 18:06:38.987 10 INFO neutron.db.segments_db [None req-7c2ddeca-24e2-4b7b-9262-fd8d6de75eea 32526f20c00b41c2a3f30d9a81b8923d 5c4132ef48d54b44857baa0d62a83425 - - default default] Added segment 26ed55e3-51d9-4269-a43e-d52e5e48d209 of type geneve for network a6209bc6-e451-44c8-8411-b72cee0e3984
2026-05-05 18:06:39.108 10 INFO neutron.wsgi [req-7d2a83b2-4099-44e1-ad15-a554c2507cd7 req-50515eef-dac0-4cf1-88d8-6d3ac23da393 063a8a3cc3d94922a6fc774641ca8db2 62df73ab3a49468fa692bad4016cccbc - - default default] 10.0.0.199 "GET /v2.0/ports?device_id=e16c8620-a165-4d7f-a3b8-21c05749a5d1 HTTP/1.1" status: 200 len: 210 time: 0.0271990
2026-05-05 18:06:39.159 10 INFO neutron.db.ovn_revision_numbers_db [None req-7c2ddeca-24e2-4b7b-9262-fd8d6de75eea 32526f20c00b41c2a3f30d9a81b8923d 5c4132ef48d54b44857baa0d62a83425 - - default default] Successfully bumped revision number for resource a6209bc6-e451-44c8-8411-b72cee0e3984 (type: networks) to 1
2026-05-05 18:06:39.343 10 WARNING neutron.scheduler.dhcp_agent_scheduler [None req-7c2ddeca-24e2-4b7b-9262-fd8d6de75eea 32526f20c00b41c2a3f30d9a81b8923d 5c4132ef48d54b44857baa0d62a83425 - - default default] No more DHCP agents
2026-05-05 18:06:39.345 10 WARNING neutron.api.rpc.agentnotifiers.dhcp_rpc_agent_api [None req-7c2ddeca-24e2-4b7b-9262-fd8d6de75eea 32526f20c00b41c2a3f30d9a81b8923d 5c4132ef48d54b44857baa0d62a83425 - - default default] Unable to schedule network a6209bc6-e451-44c8-8411-b72cee0e3984: no agents available; will retry on subsequent port and subnet creation events.
2026-05-05 18:06:39.421 10 INFO neutron.db.ovn_revision_numbers_db [None req-7c2ddeca-24e2-4b7b-9262-fd8d6de75eea 32526f20c00b41c2a3f30d9a81b8923d 5c4132ef48d54b44857baa0d62a83425 - - default default] Successfully bumped revision number for resource 82f1cbf2-6adb-45da-afda-30e3c5e5aeaa (type: ports) to 1
2026-05-05 18:06:39.459 10 INFO neutron.wsgi [None req-7c2ddeca-24e2-4b7b-9262-fd8d6de75eea 32526f20c00b41c2a3f30d9a81b8923d 5c4132ef48d54b44857baa0d62a83425 - - default default] 10.0.0.54 "POST /v2.0/networks HTTP/1.1" status: 201 len: 834 time: 0.5835066
2026-05-05 18:06:39.470 10 WARNING neutron_lib.context [None req-7ed95cf4-949c-4ac2-8620-c5c48c133534 32526f20c00b41c2a3f30d9a81b8923d 5c4132ef48d54b44857baa0d62a83425 - - default default] Method 'is_advsvc' is deprecated since 2023.2 release (neutron-lib 3.8.0) and will be removed once support for the old RBAC API policies will be removed from Neutron. Please use method 'is_service_role' instead.
2026-05-05 18:06:39.716 10 WARNING neutron.scheduler.dhcp_agent_scheduler [None req-7ed95cf4-949c-4ac2-8620-c5c48c133534 32526f20c00b41c2a3f30d9a81b8923d 5c4132ef48d54b44857baa0d62a83425 - - default default] No more DHCP agents
2026-05-05 18:06:39.718 10 WARNING neutron.api.rpc.agentnotifiers.dhcp_rpc_agent_api [None req-7ed95cf4-949c-4ac2-8620-c5c48c133534 32526f20c00b41c2a3f30d9a81b8923d 5c4132ef48d54b44857baa0d62a83425 - - default default] Unable to schedule network a6209bc6-e451-44c8-8411-b72cee0e3984: no agents available; will retry on subsequent port and subnet creation events.
2026-05-05 18:06:39.751 10 INFO neutron.db.ovn_revision_numbers_db [None req-7ed95cf4-949c-4ac2-8620-c5c48c133534 32526f20c00b41c2a3f30d9a81b8923d 5c4132ef48d54b44857baa0d62a83425 - - default default] Successfully bumped revision number for resource bbeab12b-63e1-4eb7-ae61-b32da54cd74e (type: subnets) to 0
2026-05-05 18:06:39.766 10 INFO neutron.wsgi [None req-7ed95cf4-949c-4ac2-8620-c5c48c133534 32526f20c00b41c2a3f30d9a81b8923d 5c4132ef48d54b44857baa0d62a83425 - - default default] 10.0.0.54 "POST /v2.0/subnets HTTP/1.1" status: 201 len: 821 time: 0.3013222
2026-05-05 18:06:39.776 10 WARNING neutron_lib.context [None req-1cb04e2e-30de-4537-b9df-3eece5fc1de9 32526f20c00b41c2a3f30d9a81b8923d 5c4132ef48d54b44857baa0d62a83425 - - default default] Method 'is_advsvc' is deprecated since 2023.2 release (neutron-lib 3.8.0) and will be removed once support for the old RBAC API policies will be removed from Neutron. Please use method 'is_service_role' instead.
2026-05-05 18:06:39.896 9 INFO neutron.wsgi [req-a1d62a20-0d0d-4ca8-8f02-e9c1579dfd8b req-54a311c4-d550-478b-9971-bb5bb4107d62 063a8a3cc3d94922a6fc774641ca8db2 62df73ab3a49468fa692bad4016cccbc - - default default] 199.204.45.38 "GET /v2.0/networks?id=97ea0b73-3d0d-4e77-9cc1-fd48dd4eae83 HTTP/1.1" status: 200 len: 903 time: 0.0883296
2026-05-05 18:06:39.958 9 INFO neutron.wsgi [req-a1d62a20-0d0d-4ca8-8f02-e9c1579dfd8b req-355ba543-0dc3-4256-9a9d-59e8880c4611 063a8a3cc3d94922a6fc774641ca8db2 62df73ab3a49468fa692bad4016cccbc - - default default] 199.204.45.38 "GET /v2.0/security-groups?fields=id&fields=name&tenant_id=62df73ab3a49468fa692bad4016cccbc HTTP/1.1" status: 200 len: 377 time: 0.0560095
2026-05-05 18:06:39.987 9 WARNING neutron_lib.context [req-a1d62a20-0d0d-4ca8-8f02-e9c1579dfd8b req-dcf94d44-a8d4-49bf-ac21-0de40e8c3670 063a8a3cc3d94922a6fc774641ca8db2 62df73ab3a49468fa692bad4016cccbc - - default default] Method 'is_advsvc' is deprecated since 2023.2 release (neutron-lib 3.8.0) and will be removed once support for the old RBAC API policies will be removed from Neutron. Please use method 'is_service_role' instead.
2026-05-05 18:06:40.148 10 WARNING neutron.scheduler.dhcp_agent_scheduler [None req-1cb04e2e-30de-4537-b9df-3eece5fc1de9 32526f20c00b41c2a3f30d9a81b8923d 5c4132ef48d54b44857baa0d62a83425 - - default default] No more DHCP agents
2026-05-05 18:06:40.149 10 WARNING neutron.api.rpc.agentnotifiers.dhcp_rpc_agent_api [None req-1cb04e2e-30de-4537-b9df-3eece5fc1de9 32526f20c00b41c2a3f30d9a81b8923d 5c4132ef48d54b44857baa0d62a83425 - - default default] Unable to schedule network a6209bc6-e451-44c8-8411-b72cee0e3984: no agents available; will retry on subsequent port and subnet creation events.
2026-05-05 18:06:40.240 10 INFO neutron.db.ovn_revision_numbers_db [None req-1cb04e2e-30de-4537-b9df-3eece5fc1de9 32526f20c00b41c2a3f30d9a81b8923d 5c4132ef48d54b44857baa0d62a83425 - - default default] Successfully bumped revision number for resource 68bc7382-9fe9-4170-9259-76867976b5a4 (type: ports) to 1
2026-05-05 18:06:40.260 10 INFO neutron.wsgi [None req-1cb04e2e-30de-4537-b9df-3eece5fc1de9 32526f20c00b41c2a3f30d9a81b8923d 5c4132ef48d54b44857baa0d62a83425 - - default default] 10.0.0.54 "POST /v2.0/ports HTTP/1.1" status: 201 len: 1165 time: 0.4885943 /var/lib/openstack/lib/python3.10/site-packages/pycadf/identifier.py:71: UserWarning: Invalid uuid: neutron. To ensure interoperability, identifiers should be a valid uuid. warnings.warn(('Invalid uuid: %s. To ensure interoperability, '
2026-05-05 18:06:40.349 9 WARNING neutron.scheduler.dhcp_agent_scheduler [req-a1d62a20-0d0d-4ca8-8f02-e9c1579dfd8b req-dcf94d44-a8d4-49bf-ac21-0de40e8c3670 063a8a3cc3d94922a6fc774641ca8db2 62df73ab3a49468fa692bad4016cccbc - - default default] No more DHCP agents
2026-05-05 18:06:40.352 9 WARNING neutron.api.rpc.agentnotifiers.dhcp_rpc_agent_api [req-a1d62a20-0d0d-4ca8-8f02-e9c1579dfd8b req-dcf94d44-a8d4-49bf-ac21-0de40e8c3670 063a8a3cc3d94922a6fc774641ca8db2 62df73ab3a49468fa692bad4016cccbc - - default default] Unable to schedule network 97ea0b73-3d0d-4e77-9cc1-fd48dd4eae83: no agents available; will retry on subsequent port and subnet creation events.
2026-05-05 18:06:40.501 9 INFO neutron.db.ovn_revision_numbers_db [req-a1d62a20-0d0d-4ca8-8f02-e9c1579dfd8b req-dcf94d44-a8d4-49bf-ac21-0de40e8c3670 063a8a3cc3d94922a6fc774641ca8db2 62df73ab3a49468fa692bad4016cccbc - - default default] Successfully bumped revision number for resource 731b19c9-f01d-42ca-b67f-37c5412d5541 (type: ports) to 1
2026-05-05 18:06:40.526 9 INFO neutron.wsgi [req-a1d62a20-0d0d-4ca8-8f02-e9c1579dfd8b req-dcf94d44-a8d4-49bf-ac21-0de40e8c3670 063a8a3cc3d94922a6fc774641ca8db2 62df73ab3a49468fa692bad4016cccbc - - default default] 199.204.45.38 "POST /v2.0/ports HTTP/1.1" status: 201 len: 1388 time: 0.5466743 /var/lib/openstack/lib/python3.10/site-packages/pycadf/identifier.py:71: UserWarning: Invalid uuid: neutron. To ensure interoperability, identifiers should be a valid uuid. warnings.warn(('Invalid uuid: %s. To ensure interoperability, '
2026-05-05 18:06:40.622 10 INFO neutron.wsgi [None req-fc9af179-ca6c-4737-a739-0d40efc6f543 32526f20c00b41c2a3f30d9a81b8923d 5c4132ef48d54b44857baa0d62a83425 - - default default] 10.0.0.54 "DELETE /v2.0/ports/68bc7382-9fe9-4170-9259-76867976b5a4 HTTP/1.1" status: 204 len: 168 time: 0.3549712
2026-05-05 18:06:40.649 10 INFO neutron.pecan_wsgi.hooks.translation [None req-f46bc39c-5836-445d-950a-2dfe35811a12 32526f20c00b41c2a3f30d9a81b8923d 5c4132ef48d54b44857baa0d62a83425 - - default default] DELETE failed (client error): The resource could not be found.
2026-05-05 18:06:40.653 10 INFO neutron.wsgi [None req-f46bc39c-5836-445d-950a-2dfe35811a12 32526f20c00b41c2a3f30d9a81b8923d 5c4132ef48d54b44857baa0d62a83425 - - default default] 10.0.0.54 "DELETE /v2.0/ports/68bc7382-9fe9-4170-9259-76867976b5a4 HTTP/1.1" status: 404 len: 333 time: 0.0242922
2026-05-05 18:06:40.675 10 INFO neutron.pecan_wsgi.hooks.translation [None req-6bd35f69-a294-4754-b995-9de7010446e4 32526f20c00b41c2a3f30d9a81b8923d 5c4132ef48d54b44857baa0d62a83425 - - default default] GET failed (client error): The resource could not be found.
2026-05-05 18:06:40.677 10 INFO neutron.wsgi [None req-6bd35f69-a294-4754-b995-9de7010446e4 32526f20c00b41c2a3f30d9a81b8923d 5c4132ef48d54b44857baa0d62a83425 - - default default] 10.0.0.54 "GET /v2.0/ports/68bc7382-9fe9-4170-9259-76867976b5a4 HTTP/1.1" status: 404 len: 333 time: 0.0187976
2026-05-05 18:06:40.869 10 INFO neutron.wsgi [None req-c8f61882-fcac-4773-8f4d-a2a5774006eb 32526f20c00b41c2a3f30d9a81b8923d 5c4132ef48d54b44857baa0d62a83425 - - default default] 10.0.0.54 "DELETE /v2.0/subnets/bbeab12b-63e1-4eb7-ae61-b32da54cd74e HTTP/1.1" status: 204 len: 168 time: 0.1882665
2026-05-05 18:06:40.952 9 INFO neutron.db.ovn_revision_numbers_db [req-a1d62a20-0d0d-4ca8-8f02-e9c1579dfd8b req-8b29f0b4-8b9b-4196-a724-1cc5900b3628 a3e87700221945f8a13cad7485063661 724c96a0522c42668b3b2aee66aaa337 - - 7858ee4fb5f245e588d2235dddbb4443 7858ee4fb5f245e588d2235dddbb4443] Successfully bumped revision number for resource 731b19c9-f01d-42ca-b67f-37c5412d5541 (type: ports) to 2
2026-05-05 18:06:41.299 10 INFO neutron.services.segments.plugin [-] Segment 26ed55e3-51d9-4269-a43e-d52e5e48d209 resource provider aggregate not found
2026-05-05 18:06:41.303 10 INFO neutron.services.segments.plugin [-] Segment 26ed55e3-51d9-4269-a43e-d52e5e48d209 resource provider aggregate not found
2026-05-05 18:06:41.312 10 INFO neutron.services.segments.plugin [-] Segment 26ed55e3-51d9-4269-a43e-d52e5e48d209 resource provider not found; error: Placement Client Error (4xx): {"errors": [{"status": 404, "title": "Not Found", "detail": "The resource could not be found.\n\n No resource provider with uuid 26ed55e3-51d9-4269-a43e-d52e5e48d209 found for delete ", "request_id": "req-d2fd77ea-cc1e-4a25-91df-6e821fe4d1a4"}]}
2026-05-05 18:06:41.317 10 INFO neutron.services.segments.plugin [-] Segment 26ed55e3-51d9-4269-a43e-d52e5e48d209 resource provider not found; error: Placement Client Error (4xx): {"errors": [{"status": 404, "title": "Not Found", "detail": "The resource could not be found.\n\n No resource provider with uuid 26ed55e3-51d9-4269-a43e-d52e5e48d209 found for delete ", "request_id": "req-a898ade5-c852-4abc-909a-4a3fc327ea51"}]}
2026-05-05 18:06:41.337 9 INFO neutron.db.ovn_revision_numbers_db [req-a1d62a20-0d0d-4ca8-8f02-e9c1579dfd8b req-8b29f0b4-8b9b-4196-a724-1cc5900b3628 a3e87700221945f8a13cad7485063661 724c96a0522c42668b3b2aee66aaa337 - - 7858ee4fb5f245e588d2235dddbb4443 7858ee4fb5f245e588d2235dddbb4443] Successfully bumped revision number for resource 731b19c9-f01d-42ca-b67f-37c5412d5541 (type: ports) to 2
2026-05-05 18:06:41.344 10 INFO neutron.wsgi [None req-44cc35cc-4f07-4bfa-a054-be6c7ff910ff 32526f20c00b41c2a3f30d9a81b8923d 5c4132ef48d54b44857baa0d62a83425 - - default default] 10.0.0.54 "DELETE /v2.0/networks/a6209bc6-e451-44c8-8411-b72cee0e3984 HTTP/1.1" status: 204 len: 168 time: 0.4691961
2026-05-05 18:06:41.356 10 WARNING neutron_lib.context [None req-df91872b-8e9b-44f8-9bc5-6cf4db2d0a9c 32526f20c00b41c2a3f30d9a81b8923d 5c4132ef48d54b44857baa0d62a83425 - - default default] Method 'is_advsvc' is deprecated since 2023.2 release (neutron-lib 3.8.0) and will be removed once support for the old RBAC API policies will be removed from Neutron. Please use method 'is_service_role' instead.
2026-05-05 18:06:41.357 9 INFO neutron.wsgi [req-a1d62a20-0d0d-4ca8-8f02-e9c1579dfd8b req-8b29f0b4-8b9b-4196-a724-1cc5900b3628 a3e87700221945f8a13cad7485063661 724c96a0522c42668b3b2aee66aaa337 - - 7858ee4fb5f245e588d2235dddbb4443 7858ee4fb5f245e588d2235dddbb4443] 199.204.45.38 "PUT /v2.0/ports/731b19c9-f01d-42ca-b67f-37c5412d5541 HTTP/1.1" status: 200 len: 1605 time: 0.8225338 /var/lib/openstack/lib/python3.10/site-packages/pycadf/identifier.py:71: UserWarning: Invalid uuid: neutron. To ensure interoperability, identifiers should be a valid uuid. warnings.warn(('Invalid uuid: %s. To ensure interoperability, '
2026-05-05 18:06:41.412 9 INFO neutron.notifiers.nova [-] Nova event matching ['req-e70c4064-466f-4987-aa78-f0387f1042f4'] response: {'name': 'network-changed', 'server_uuid': 'e16c8620-a165-4d7f-a3b8-21c05749a5d1', 'tag': '731b19c9-f01d-42ca-b67f-37c5412d5541', 'status': 'completed', 'code': 200}
2026-05-05 18:06:41.442 10 INFO neutron.db.segments_db [None req-df91872b-8e9b-44f8-9bc5-6cf4db2d0a9c 32526f20c00b41c2a3f30d9a81b8923d 5c4132ef48d54b44857baa0d62a83425 - - default default] Added segment 161b2b66-690b-4327-8cf0-98470616a75b of type geneve for network 6fb4d6ac-5e20-4985-92c8-69d60d4b7599
2026-05-05 18:06:41.449 9 INFO neutron.wsgi [req-a1d62a20-0d0d-4ca8-8f02-e9c1579dfd8b req-c9dcbe5c-1107-47db-a42e-d96c74779429 a3e87700221945f8a13cad7485063661 724c96a0522c42668b3b2aee66aaa337 - - 7858ee4fb5f245e588d2235dddbb4443 7858ee4fb5f245e588d2235dddbb4443] 199.204.45.38 "GET /v2.0/ports?tenant_id=62df73ab3a49468fa692bad4016cccbc&device_id=e16c8620-a165-4d7f-a3b8-21c05749a5d1 HTTP/1.1" status: 200 len: 1636 time: 0.0494826
2026-05-05 18:06:41.482 9 INFO neutron.wsgi [req-a1d62a20-0d0d-4ca8-8f02-e9c1579dfd8b req-df38273c-41da-426a-9588-0874f17416bc a3e87700221945f8a13cad7485063661 724c96a0522c42668b3b2aee66aaa337 - - 7858ee4fb5f245e588d2235dddbb4443 7858ee4fb5f245e588d2235dddbb4443] 199.204.45.38 "GET /v2.0/floatingips?fixed_ip_address=10.2.2.188&port_id=731b19c9-f01d-42ca-b67f-37c5412d5541 HTTP/1.1" status: 200 len: 217 time: 0.0259440
2026-05-05 18:06:41.510 9 INFO neutron.wsgi [req-a1d62a20-0d0d-4ca8-8f02-e9c1579dfd8b req-70d7922e-4c6a-4a28-9290-f7748ebca5d0 a3e87700221945f8a13cad7485063661 724c96a0522c42668b3b2aee66aaa337 - - 7858ee4fb5f245e588d2235dddbb4443 7858ee4fb5f245e588d2235dddbb4443] 199.204.45.38 "GET /v2.0/floatingips?fixed_ip_address=fd77%3A1457%3A4cf0%3A26a8%3A%3Aee&port_id=731b19c9-f01d-42ca-b67f-37c5412d5541 HTTP/1.1" status: 200 len: 217 time: 0.0231507
2026-05-05 18:06:41.560 9 INFO neutron.wsgi [req-a1d62a20-0d0d-4ca8-8f02-e9c1579dfd8b req-eff527ca-b0bd-41c0-bdcc-9d296756c744 a3e87700221945f8a13cad7485063661 724c96a0522c42668b3b2aee66aaa337 - - 7858ee4fb5f245e588d2235dddbb4443 7858ee4fb5f245e588d2235dddbb4443] 199.204.45.38 "GET /v2.0/subnets?id=537bb768-499f-4c8c-92d8-3e6adefa89c9&id=f898b588-cdad-43f8-afac-b9a3ffb1dcec HTTP/1.1" status: 200 len: 1566 time: 0.0430152
2026-05-05 18:06:41.591 10 INFO neutron.db.ovn_revision_numbers_db [None req-df91872b-8e9b-44f8-9bc5-6cf4db2d0a9c 32526f20c00b41c2a3f30d9a81b8923d 5c4132ef48d54b44857baa0d62a83425 - - default default] Successfully bumped revision number for resource 6fb4d6ac-5e20-4985-92c8-69d60d4b7599 (type: networks) to 1
2026-05-05 18:06:41.592 9 INFO neutron.wsgi [req-a1d62a20-0d0d-4ca8-8f02-e9c1579dfd8b req-d28b35bd-369b-4d36-a616-1444c944b8a9 a3e87700221945f8a13cad7485063661 724c96a0522c42668b3b2aee66aaa337 - - 7858ee4fb5f245e588d2235dddbb4443 7858ee4fb5f245e588d2235dddbb4443] 199.204.45.38 "GET /v2.0/ports?network_id=97ea0b73-3d0d-4e77-9cc1-fd48dd4eae83&device_owner=network%3Adhcp HTTP/1.1" status: 200 len: 210 time: 0.0271673
2026-05-05 18:06:41.619 9 INFO neutron.wsgi [req-a1d62a20-0d0d-4ca8-8f02-e9c1579dfd8b req-f779e201-4833-4647-ab88-d4e1bb3c038f a3e87700221945f8a13cad7485063661 724c96a0522c42668b3b2aee66aaa337 - - 7858ee4fb5f245e588d2235dddbb4443 7858ee4fb5f245e588d2235dddbb4443] 199.204.45.38 "GET /v2.0/ports?network_id=97ea0b73-3d0d-4e77-9cc1-fd48dd4eae83&device_owner=network%3Adhcp HTTP/1.1" status: 200 len: 210 time: 0.0209105
2026-05-05 18:06:41.677 9 INFO neutron.wsgi [req-a1d62a20-0d0d-4ca8-8f02-e9c1579dfd8b req-5f75f9dd-0d1c-4fbb-a119-b5337cb95737 a3e87700221945f8a13cad7485063661 724c96a0522c42668b3b2aee66aaa337 - - 7858ee4fb5f245e588d2235dddbb4443 7858ee4fb5f245e588d2235dddbb4443] 199.204.45.38 "GET /v2.0/networks/97ea0b73-3d0d-4e77-9cc1-fd48dd4eae83?fields=segments HTTP/1.1" status: 200 len: 212 time: 0.0514011
2026-05-05 18:06:41.749 9 INFO neutron.wsgi [req-a1d62a20-0d0d-4ca8-8f02-e9c1579dfd8b req-73237d37-2815-40ef-b9de-9f234bdeaf31 a3e87700221945f8a13cad7485063661 724c96a0522c42668b3b2aee66aaa337 - - 7858ee4fb5f245e588d2235dddbb4443 7858ee4fb5f245e588d2235dddbb4443] 199.204.45.38 "GET /v2.0/networks/97ea0b73-3d0d-4e77-9cc1-fd48dd4eae83?fields=provider%3Aphysical_network&fields=provider%3Anetwork_type HTTP/1.1" status: 200 len: 277 time: 0.0653427
2026-05-05 18:06:41.778 10 WARNING neutron.scheduler.dhcp_agent_scheduler [None req-df91872b-8e9b-44f8-9bc5-6cf4db2d0a9c 32526f20c00b41c2a3f30d9a81b8923d 5c4132ef48d54b44857baa0d62a83425 - - default default] No more DHCP agents
2026-05-05 18:06:41.780 10 WARNING neutron.api.rpc.agentnotifiers.dhcp_rpc_agent_api [None req-df91872b-8e9b-44f8-9bc5-6cf4db2d0a9c 32526f20c00b41c2a3f30d9a81b8923d 5c4132ef48d54b44857baa0d62a83425 - - default default] Unable to schedule network 6fb4d6ac-5e20-4985-92c8-69d60d4b7599: no agents available; will retry on subsequent port and subnet creation events.
2026-05-05 18:06:41.835 9 INFO neutron.wsgi [req-3801b04a-acb4-4469-a97a-9cab9d7c0647 req-61da5746-7a0a-43d8-aa7e-596acc74939e a3e87700221945f8a13cad7485063661 724c96a0522c42668b3b2aee66aaa337 - - 7858ee4fb5f245e588d2235dddbb4443 7858ee4fb5f245e588d2235dddbb4443] 199.204.45.38 "GET /v2.0/ports?tenant_id=62df73ab3a49468fa692bad4016cccbc&device_id=e16c8620-a165-4d7f-a3b8-21c05749a5d1 HTTP/1.1" status: 200 len: 1636 time: 0.0440686
2026-05-05 18:06:41.883 10 INFO neutron.db.ovn_revision_numbers_db [None req-df91872b-8e9b-44f8-9bc5-6cf4db2d0a9c 32526f20c00b41c2a3f30d9a81b8923d 5c4132ef48d54b44857baa0d62a83425 - - default default] Successfully bumped revision number for resource b567c587-c9a0-4ed5-8b73-96ca53faeefe (type: ports) to 1
2026-05-05 18:06:41.910 10 INFO neutron.wsgi [None req-df91872b-8e9b-44f8-9bc5-6cf4db2d0a9c 32526f20c00b41c2a3f30d9a81b8923d 5c4132ef48d54b44857baa0d62a83425 - - default default] 10.0.0.54 "POST /v2.0/networks HTTP/1.1" status: 201 len: 834 time: 0.5582178
2026-05-05 18:06:41.921 10 WARNING neutron_lib.context [None req-69c2ca81-390a-4e8d-a5a9-0bd7c7717da9 32526f20c00b41c2a3f30d9a81b8923d 5c4132ef48d54b44857baa0d62a83425 - - default default] Method 'is_advsvc' is deprecated since 2023.2 release (neutron-lib 3.8.0) and will be removed once support for the old RBAC API policies will be removed from Neutron. Please use method 'is_service_role' instead.
2026-05-05 18:06:41.925 9 INFO neutron.wsgi [req-3801b04a-acb4-4469-a97a-9cab9d7c0647 req-0873228e-234b-4650-8970-1981d5a8534a a3e87700221945f8a13cad7485063661 724c96a0522c42668b3b2aee66aaa337 - - 7858ee4fb5f245e588d2235dddbb4443 7858ee4fb5f245e588d2235dddbb4443] 199.204.45.38 "GET /v2.0/networks?id=97ea0b73-3d0d-4e77-9cc1-fd48dd4eae83 HTTP/1.1" status: 200 len: 1002 time: 0.0808485
