2026-05-05 18:03:31.882 9 INFO neutron.wsgi [req-523f0b8a-6570-4d8b-9025-ee621b66cea7 req-9b50c30c-f41f-4303-8df0-9af2099d2a91 6763f48be08a4de8999d0b57e871beb9 503580c723d94359b1ebca21ccf372c3 - - default default] 10.0.0.199 "GET /v2.0/security-groups?name=tempest-securitygroup--957070279&fields=id&tenant_id=503580c723d94359b1ebca21ccf372c3 HTTP/1.1" status: 200 len: 267 time: 0.1012139
2026-05-05 18:03:32.014 9 INFO neutron.wsgi [req-523f0b8a-6570-4d8b-9025-ee621b66cea7 req-916c2632-3704-4ec5-a318-dd9e317e17fb 6763f48be08a4de8999d0b57e871beb9 503580c723d94359b1ebca21ccf372c3 - - default default] 10.0.0.199 "GET /v2.0/networks?id=bf9b7d86-ee8d-4b59-ac7f-42111aab164c HTTP/1.1" status: 200 len: 874 time: 0.1171184
2026-05-05 18:03:32.051 9 INFO neutron.wsgi [None req-3db7c47e-268d-40a2-b365-eea972d5a565 ae451c4dae7a4477a1d4bcfe9768f88d 0d3b32db12544804bd591ab23292686d - - default default] 10.0.0.54 "DELETE /v2.0/security-groups/f7a2350e-6b18-48d5-b8b2-ae4ec147badc HTTP/1.1" status: 204 len: 168 time: 0.3258936
2026-05-05 18:03:32.054 9 INFO neutron.wsgi [req-523f0b8a-6570-4d8b-9025-ee621b66cea7 req-59d60433-3965-4208-868a-1dfee7a0ce6e 6763f48be08a4de8999d0b57e871beb9 503580c723d94359b1ebca21ccf372c3 - - default default] 10.0.0.199 "GET /v2.0/quotas/503580c723d94359b1ebca21ccf372c3 HTTP/1.1" status: 200 len: 491 time: 0.0327437
2026-05-05 18:03:32.101 9 INFO neutron.api.v2.resource [None req-da57b75a-6a2c-4323-aa19-3bb2d9d92f48 ae451c4dae7a4477a1d4bcfe9768f88d 0d3b32db12544804bd591ab23292686d - - default default] show failed (client error): The resource could not be found.
2026-05-05 18:03:32.102 9 INFO neutron.wsgi [None req-da57b75a-6a2c-4323-aa19-3bb2d9d92f48 ae451c4dae7a4477a1d4bcfe9768f88d 0d3b32db12544804bd591ab23292686d - - default default] 10.0.0.54 "GET /v2.0/security-groups/f7a2350e-6b18-48d5-b8b2-ae4ec147badc HTTP/1.1" status: 404 len: 347 time: 0.0413530
2026-05-05 18:03:32.174 10 INFO neutron.db.ovn_revision_numbers_db [None req-037854c0-e76b-4712-afb1-0c1f97abeaa9 - - - - - -] Successfully bumped revision number for resource d52c58b4-5cc8-4a84-98fe-180520ff2b35 (type: router_ports) to 4
2026-05-05 18:03:32.299 10 INFO neutron.notifiers.nova [-] Nova event matching ['req-34325eda-c9b8-4541-bbbb-195e63279ff7'] response: {'server_uuid': 'e009efe4-a332-405d-a91b-d7ca0196b608', 'name': 'network-vif-deleted', 'tag': 'ae28b1bb-e05e-46bc-91c9-0e1d3106e0a8', 'status': 'completed', 'code': 200}
2026-05-05 18:03:32.530 9 INFO neutron.wsgi [req-523f0b8a-6570-4d8b-9025-ee621b66cea7 req-c074b28e-b42f-4b51-b415-7ab66a2f5e96 6763f48be08a4de8999d0b57e871beb9 503580c723d94359b1ebca21ccf372c3 - - default default] 10.0.0.199 "GET /v2.0/ports?tenant_id=503580c723d94359b1ebca21ccf372c3&fields=id HTTP/1.1" status: 200 len: 302 time: 0.4697733
2026-05-05 18:03:32.557 10 INFO neutron.wsgi [None req-e43ab585-5db3-4742-9852-ea86430d5e74 9ca1bdaa54554a71b8685a18f03db938 fff08702b4174297bbbe71aa52d028ce - - default default] 10.0.0.54 "DELETE /v2.0/routers/f00bab9b-9194-44be-a37b-caeeff4135b5 HTTP/1.1" status: 204 len: 168 time: 1.1231651
2026-05-05 18:03:32.670 9 INFO neutron.wsgi [req-523f0b8a-6570-4d8b-9025-ee621b66cea7 req-499ace5f-7155-46e5-b5af-5001694e2e08 a3e87700221945f8a13cad7485063661 724c96a0522c42668b3b2aee66aaa337 - - 7858ee4fb5f245e588d2235dddbb4443 7858ee4fb5f245e588d2235dddbb4443] 10.0.0.199 "GET /v2.0/networks/bf9b7d86-ee8d-4b59-ac7f-42111aab164c?fields=segments HTTP/1.1" status: 200 len: 212 time: 0.1221724
2026-05-05 18:03:32.779 10 INFO neutron.wsgi [None req-79670a69-d1c1-4cfa-a300-fc0e4d0a3878 9ca1bdaa54554a71b8685a18f03db938 fff08702b4174297bbbe71aa52d028ce - - default default] 10.0.0.54 "DELETE /v2.0/subnets/31fa77f5-a054-4cd5-ac24-6b5de8acb3a1 HTTP/1.1" status: 204 len: 168 time: 0.2157710
2026-05-05 18:03:32.805 9 INFO neutron.db.ovn_revision_numbers_db [None req-42885f72-cdae-4c41-a029-38f5180af0f2 - - - - - -] Successfully bumped revision number for resource e0932d12-c4d8-44e4-a35c-c9b34ebebed6 (type: ports) to 2
2026-05-05 18:03:32.839 9 INFO neutron.wsgi [req-523f0b8a-6570-4d8b-9025-ee621b66cea7 req-8e5b2e9e-4d3c-4955-ae28-3fe0b9642b16 a3e87700221945f8a13cad7485063661 724c96a0522c42668b3b2aee66aaa337 - - 7858ee4fb5f245e588d2235dddbb4443 7858ee4fb5f245e588d2235dddbb4443] 10.0.0.199 "GET /v2.0/networks/bf9b7d86-ee8d-4b59-ac7f-42111aab164c?fields=provider%3Aphysical_network&fields=provider%3Anetwork_type HTTP/1.1" status: 200 len: 277 time: 0.1596076
2026-05-05 18:03:33.023 10 INFO neutron.wsgi [req-4343911e-34f9-4bdc-af66-f195a067acb7 req-601d8185-adaf-462b-9e1f-9b9d06e53da8 6763f48be08a4de8999d0b57e871beb9 503580c723d94359b1ebca21ccf372c3 - - default default] 10.0.0.199 "GET /v2.0/ports?device_id=dc383897-cdb2-44fa-a12b-6494f0026e3f HTTP/1.1" status: 200 len: 210 time: 0.0273123
2026-05-05 18:03:33.053 9 ERROR ovsdbapp.backend.ovs_idl.command [None req-42885f72-cdae-4c41-a029-38f5180af0f2 - - - - - -] Error executing command (DbGetCommand): ovsdbapp.backend.ovs_idl.idlutils.RowNotFound: Cannot find Logical_Router_Port with name=lrp-e0932d12-c4d8-44e4-a35c-c9b34ebebed6
2026-05-05 18:03:33.053 9 ERROR ovsdbapp.backend.ovs_idl.command
Traceback (most recent call last):
2026-05-05 18:03:33.053 9 ERROR ovsdbapp.backend.ovs_idl.command
File "/var/lib/openstack/lib/python3.10/site-packages/ovsdbapp/backend/ovs_idl/command.py", line 47, in execute
2026-05-05 18:03:33.053 9 ERROR ovsdbapp.backend.ovs_idl.command self.run_idl(None)
2026-05-05 18:03:33.053 9 ERROR ovsdbapp.backend.ovs_idl.command
File "/var/lib/openstack/lib/python3.10/site-packages/ovsdbapp/backend/ovs_idl/command.py", line 235, in run_idl
2026-05-05 18:03:33.053 9 ERROR ovsdbapp.backend.ovs_idl.command record = self.api.lookup(self.table, self.record)
2026-05-05 18:03:33.053 9 ERROR ovsdbapp.backend.ovs_idl.command
File "/var/lib/openstack/lib/python3.10/site-packages/ovsdbapp/backend/ovs_idl/__init__.py", line 184, in lookup
2026-05-05 18:03:33.053 9 ERROR ovsdbapp.backend.ovs_idl.command return self._lookup(table, record)
2026-05-05 18:03:33.053 9 ERROR ovsdbapp.backend.ovs_idl.command
File "/var/lib/openstack/lib/python3.10/site-packages/ovsdbapp/backend/ovs_idl/__init__.py", line 235, in _lookup
2026-05-05 18:03:33.053 9 ERROR ovsdbapp.backend.ovs_idl.command row = idlutils.row_by_value(self, rl.table, rl.column, record)
2026-05-05 18:03:33.053 9 ERROR ovsdbapp.backend.ovs_idl.command
File "/var/lib/openstack/lib/python3.10/site-packages/ovsdbapp/backend/ovs_idl/idlutils.py", line 114, in row_by_value
2026-05-05 18:03:33.053 9 ERROR ovsdbapp.backend.ovs_idl.command raise RowNotFound(table=table, col=column, match=match)
2026-05-05 18:03:33.053 9 ERROR ovsdbapp.backend.ovs_idl.command ovsdbapp.backend.ovs_idl.idlutils.RowNotFound: Cannot find Logical_Router_Port with name=lrp-e0932d12-c4d8-44e4-a35c-c9b34ebebed6
2026-05-05 18:03:33.053 9 ERROR ovsdbapp.backend.ovs_idl.command 
2026-05-05 18:03:33.054 9 ERROR neutron_lib.callbacks.manager [None req-42885f72-cdae-4c41-a029-38f5180af0f2 - - - - - -] Error during notification for neutron.services.ovn_l3.plugin.OVNL3RouterPlugin._port_update-8727170617044 port, after_update: ovsdbapp.backend.ovs_idl.idlutils.RowNotFound: Cannot find Logical_Router_Port with name=lrp-e0932d12-c4d8-44e4-a35c-c9b34ebebed6
2026-05-05 18:03:33.054 9 ERROR neutron_lib.callbacks.manager
Traceback (most recent call last):
2026-05-05 18:03:33.054 9 ERROR neutron_lib.callbacks.manager
File "/var/lib/openstack/lib/python3.10/site-packages/neutron_lib/callbacks/manager.py", line 189, in _notify_loop
2026-05-05 18:03:33.054 9 ERROR neutron_lib.callbacks.manager callback.method(resource, event, trigger, payload=payload)
2026-05-05 18:03:33.054 9 ERROR neutron_lib.callbacks.manager
File "/var/lib/openstack/lib/python3.10/site-packages/neutron/services/ovn_l3/plugin.py", line 391, in _port_update
2026-05-05 18:03:33.054 9 ERROR neutron_lib.callbacks.manager l3plugin._ovn_client.update_router_port(context,
2026-05-05 18:03:33.054 9 ERROR neutron_lib.callbacks.manager
File "/var/lib/openstack/lib/python3.10/site-packages/neutron/plugins/ml2/drivers/ovn/mech_driver/ovsdb/ovn_client.py", line 1878, in update_router_port
2026-05-05 18:03:33.054 9 ERROR neutron_lib.callbacks.manager self._update_lrouter_port(context, port, if_exists=if_exists,
2026-05-05 18:03:33.054 9 ERROR neutron_lib.callbacks.manager
File "/var/lib/openstack/lib/python3.10/site-packages/neutron/plugins/ml2/drivers/ovn/mech_driver/ovsdb/ovn_client.py", line 1855, in _update_lrouter_port
2026-05-05 18:03:33.054 9 ERROR neutron_lib.callbacks.manager external_ids = self._nb_idl.db_get(
2026-05-05 18:03:33.054 9 ERROR neutron_lib.callbacks.manager
File "/var/lib/openstack/lib/python3.10/site-packages/ovsdbapp/backend/ovs_idl/command.py", line 47, in execute
2026-05-05 18:03:33.054 9 ERROR neutron_lib.callbacks.manager self.run_idl(None)
2026-05-05 18:03:33.054 9 ERROR neutron_lib.callbacks.manager
File "/var/lib/openstack/lib/python3.10/site-packages/ovsdbapp/backend/ovs_idl/command.py", line 235, in run_idl
2026-05-05 18:03:33.054 9 ERROR neutron_lib.callbacks.manager record = self.api.lookup(self.table, self.record)
2026-05-05 18:03:33.054 9 ERROR neutron_lib.callbacks.manager
File "/var/lib/openstack/lib/python3.10/site-packages/ovsdbapp/backend/ovs_idl/__init__.py", line 184, in lookup
2026-05-05 18:03:33.054 9 ERROR neutron_lib.callbacks.manager return self._lookup(table, record)
2026-05-05 18:03:33.054 9 ERROR neutron_lib.callbacks.manager
File "/var/lib/openstack/lib/python3.10/site-packages/ovsdbapp/backend/ovs_idl/__init__.py", line 235, in _lookup
2026-05-05 18:03:33.054 9 ERROR neutron_lib.callbacks.manager row = idlutils.row_by_value(self, rl.table, rl.column, record)
2026-05-05 18:03:33.054 9 ERROR neutron_lib.callbacks.manager
File "/var/lib/openstack/lib/python3.10/site-packages/ovsdbapp/backend/ovs_idl/idlutils.py", line 114, in row_by_value
2026-05-05 18:03:33.054 9 ERROR neutron_lib.callbacks.manager raise RowNotFound(table=table, col=column, match=match)
2026-05-05 18:03:33.054 9 ERROR neutron_lib.callbacks.manager ovsdbapp.backend.ovs_idl.idlutils.RowNotFound: Cannot find Logical_Router_Port with name=lrp-e0932d12-c4d8-44e4-a35c-c9b34ebebed6
2026-05-05 18:03:33.054 9 ERROR neutron_lib.callbacks.manager 
2026-05-05 18:03:33.149 10 INFO neutron.services.segments.plugin [-] Segment 28dd9ab0-e091-41bb-8d75-12783abdee4e resource provider aggregate not found
2026-05-05 18:03:33.157 10 INFO neutron.services.segments.plugin [-] Segment 28dd9ab0-e091-41bb-8d75-12783abdee4e resource provider aggregate not found
2026-05-05 18:03:33.166 10 INFO neutron.services.segments.plugin [-] Segment 28dd9ab0-e091-41bb-8d75-12783abdee4e resource provider not found; error: Placement Client Error (4xx): {"errors": [{"status": 404, "title": "Not Found", "detail": "The resource could not be found.\n\n No resource provider with uuid 28dd9ab0-e091-41bb-8d75-12783abdee4e found for delete ", "request_id": "req-d48625e3-16e9-4b92-a911-865d59d02966"}]}
2026-05-05 18:03:33.171 10 INFO neutron.services.segments.plugin [-] Segment 28dd9ab0-e091-41bb-8d75-12783abdee4e resource provider not found; error: Placement Client Error (4xx): {"errors": [{"status": 404, "title": "Not Found", "detail": "The resource could not be found.\n\n No resource provider with uuid 28dd9ab0-e091-41bb-8d75-12783abdee4e found for delete ", "request_id": "req-78cbcf97-f5c6-4cf5-9ced-e867bb6e3a41"}]}
2026-05-05 18:03:33.192 10 INFO neutron.wsgi [None req-5e91b39c-45c2-4df9-abb0-b69b8d955cea 9ca1bdaa54554a71b8685a18f03db938 fff08702b4174297bbbe71aa52d028ce - - default default] 10.0.0.54 "DELETE /v2.0/networks/de866eca-8b69-4d66-b851-4279b9ef49d5 HTTP/1.1" status: 204 len: 168 time: 0.4079506
2026-05-05 18:03:33.224 9 INFO neutron.wsgi [None req-1c73dd74-8ad5-4940-9679-a12530cc29af ae451c4dae7a4477a1d4bcfe9768f88d 0d3b32db12544804bd591ab23292686d - - default default] 10.0.0.54 "DELETE /v2.0/floatingips/d2dd584a-eead-46ea-90e4-6aa13585df1d HTTP/1.1" status: 204 len: 168 time: 1.1105564
2026-05-05 18:03:33.374 10 INFO neutron.wsgi [None req-4b196d6f-e2e0-4dce-a19e-bc20e401dfea 9ca1bdaa54554a71b8685a18f03db938 fff08702b4174297bbbe71aa52d028ce - - default default] 10.0.0.54 "GET /v2.0/security-groups?tenant_id=82528cf116764735aa81d4ace9d0515b&name=default HTTP/1.1" status: 200 len: 3116 time: 0.0478456
2026-05-05 18:03:33.437 9 INFO neutron.db.ovn_revision_numbers_db [None req-c8678a30-84b6-485b-a22d-b35747f3ce2e 9ca1bdaa54554a71b8685a18f03db938 fff08702b4174297bbbe71aa52d028ce - - default default] Successfully bumped revision number for resource e0932d12-c4d8-44e4-a35c-c9b34ebebed6 (type: router_ports) to 1
2026-05-05 18:03:33.444 9 INFO neutron.wsgi [None req-c8678a30-84b6-485b-a22d-b35747f3ce2e 9ca1bdaa54554a71b8685a18f03db938 fff08702b4174297bbbe71aa52d028ce - - default default] 10.0.0.54 "PUT /v2.0/routers/e3112bab-019d-402d-bc02-a07299f959ea/add_router_interface HTTP/1.1" status: 200 len: 503 time: 4.8010962
2026-05-05 18:03:33.605 10 INFO neutron.wsgi [None req-17ad55b7-bbcd-4ff7-bd47-a91ca50a275a 9ca1bdaa54554a71b8685a18f03db938 fff08702b4174297bbbe71aa52d028ce - - default default] 10.0.0.54 "DELETE /v2.0/security-groups/0fd1f688-30e2-41c5-a808-3b3550cb700e HTTP/1.1" status: 204 len: 168 time: 0.2258034
2026-05-05 18:03:33.738 10 WARNING neutron.plugins.ml2.drivers.ovn.mech_driver.ovsdb.ovn_client [None req-441a7c56-4fe4-4595-b3d7-1091a20e8025 - - - - - -] No hosting information found for port 3d14dfe8-6d97-4044-bb24-3648184ae4bb: RuntimeError: No hosting information found for port 3d14dfe8-6d97-4044-bb24-3648184ae4bb
2026-05-05 18:03:33.738 10 INFO neutron.plugins.ml2.drivers.ovn.mech_driver.mech_driver [None req-441a7c56-4fe4-4595-b3d7-1091a20e8025 - - - - - -] OVN reports status up for port: d52c58b4-5cc8-4a84-98fe-180520ff2b35
2026-05-05 18:03:33.750 10 INFO neutron.plugins.ml2.plugin [None req-441a7c56-4fe4-4595-b3d7-1091a20e8025 - - - - - -] Attempt 1 to provision port d52c58b4-5cc8-4a84-98fe-180520ff2b35
2026-05-05 18:03:33.840 10 INFO neutron.plugins.ml2.drivers.ovn.mech_driver.mech_driver [None req-441a7c56-4fe4-4595-b3d7-1091a20e8025 - - - - - -] OVN reports status down for port: ae28b1bb-e05e-46bc-91c9-0e1d3106e0a8
2026-05-05 18:03:33.966 9 INFO neutron.wsgi [req-523f0b8a-6570-4d8b-9025-ee621b66cea7 req-378011ee-d3ac-4655-ab4e-e772b1b91bf7 6763f48be08a4de8999d0b57e871beb9 503580c723d94359b1ebca21ccf372c3 - - default default] 199.204.45.38 "GET /v2.0/networks?id=bf9b7d86-ee8d-4b59-ac7f-42111aab164c HTTP/1.1" status: 200 len: 874 time: 0.2929440
2026-05-05 18:03:34.035 9 INFO neutron.wsgi [req-523f0b8a-6570-4d8b-9025-ee621b66cea7 req-73573c7c-de2c-46fc-b767-74f7520de1cf 6763f48be08a4de8999d0b57e871beb9 503580c723d94359b1ebca21ccf372c3 - - default default] 199.204.45.38 "GET /v2.0/security-groups?fields=id&fields=name&tenant_id=503580c723d94359b1ebca21ccf372c3 HTTP/1.1" status: 200 len: 379 time: 0.0602672
2026-05-05 18:03:34.052 9 WARNING neutron_lib.context [req-523f0b8a-6570-4d8b-9025-ee621b66cea7 req-c44750d1-e9f7-4732-ba3a-c18c58758195 6763f48be08a4de8999d0b57e871beb9 503580c723d94359b1ebca21ccf372c3 - - default default] Method 'is_advsvc' is deprecated since 2023.2 release (neutron-lib 3.8.0) and will be removed once support for the old RBAC API policies will be removed from Neutron. Please use method 'is_service_role' instead.
2026-05-05 18:03:34.134 10 INFO neutron.wsgi [req-2c3709a9-6f23-482a-aa77-b7e28f14e428 req-6e4ed6ab-7775-4895-bbe6-e42f3e6655c3 6763f48be08a4de8999d0b57e871beb9 503580c723d94359b1ebca21ccf372c3 - - default default] 10.0.0.199 "GET /v2.0/ports?device_id=dc383897-cdb2-44fa-a12b-6494f0026e3f HTTP/1.1" status: 200 len: 210 time: 0.0246515
2026-05-05 18:03:34.190 9 WARNING neutron_lib.context [None req-0ce5633d-ab3e-4e82-a0a0-2f41c4ef3a99 0f7f5b81e6364f149abcb3cac7ea9684 0959b759bb1d4b7aa33e3485c39c8e36 - - default default] Method 'is_advsvc' is deprecated since 2023.2 release (neutron-lib 3.8.0) and will be removed once support for the old RBAC API policies will be removed from Neutron. Please use method 'is_service_role' instead.
2026-05-05 18:03:34.450 9 INFO neutron.db.ovn_revision_numbers_db [None req-0ce5633d-ab3e-4e82-a0a0-2f41c4ef3a99 0f7f5b81e6364f149abcb3cac7ea9684 0959b759bb1d4b7aa33e3485c39c8e36 - - default default] Successfully bumped revision number for resource cbf32d73-828d-4fd0-81f2-9508418e94f5 (type: security_groups) to 1
2026-05-05 18:03:34.484 9 INFO neutron.db.ovn_revision_numbers_db [None req-0ce5633d-ab3e-4e82-a0a0-2f41c4ef3a99 0f7f5b81e6364f149abcb3cac7ea9684 0959b759bb1d4b7aa33e3485c39c8e36 - - default default] Successfully bumped revision number for resource 303207f3-8049-424c-897a-cc239d67279f (type: security_group_rules) to 0
2026-05-05 18:03:34.518 9 INFO neutron.db.ovn_revision_numbers_db [None req-0ce5633d-ab3e-4e82-a0a0-2f41c4ef3a99 0f7f5b81e6364f149abcb3cac7ea9684 0959b759bb1d4b7aa33e3485c39c8e36 - - default default] Successfully bumped revision number for resource c44859c7-ebf7-4389-9076-e8294514a37e (type: security_group_rules) to 0
2026-05-05 18:03:34.537 9 WARNING neutron.scheduler.dhcp_agent_scheduler [req-523f0b8a-6570-4d8b-9025-ee621b66cea7 req-c44750d1-e9f7-4732-ba3a-c18c58758195 6763f48be08a4de8999d0b57e871beb9 503580c723d94359b1ebca21ccf372c3 - - default default] No more DHCP agents
2026-05-05 18:03:34.547 9 INFO neutron.wsgi [None req-0ce5633d-ab3e-4e82-a0a0-2f41c4ef3a99 0f7f5b81e6364f149abcb3cac7ea9684 0959b759bb1d4b7aa33e3485c39c8e36 - - default default] 10.0.0.54 "POST /v2.0/security-groups HTTP/1.1" status: 201 len: 1860 time: 0.3625405
2026-05-05 18:03:34.548 9 WARNING neutron.api.rpc.agentnotifiers.dhcp_rpc_agent_api [req-523f0b8a-6570-4d8b-9025-ee621b66cea7 req-c44750d1-e9f7-4732-ba3a-c18c58758195 6763f48be08a4de8999d0b57e871beb9 503580c723d94359b1ebca21ccf372c3 - - default default] Unable to schedule network bf9b7d86-ee8d-4b59-ac7f-42111aab164c: no agents available; will retry on subsequent port and subnet creation events.
2026-05-05 18:03:34.560 10 WARNING neutron_lib.context [None req-3184d615-11a3-46d1-9060-49526fd19523 0f7f5b81e6364f149abcb3cac7ea9684 0959b759bb1d4b7aa33e3485c39c8e36 - - default default] Method 'is_advsvc' is deprecated since 2023.2 release (neutron-lib 3.8.0) and will be removed once support for the old RBAC API policies will be removed from Neutron. Please use method 'is_service_role' instead.
2026-05-05 18:03:34.699 10 INFO neutron.db.ovn_revision_numbers_db [None req-3184d615-11a3-46d1-9060-49526fd19523 0f7f5b81e6364f149abcb3cac7ea9684 0959b759bb1d4b7aa33e3485c39c8e36 - - default default] Successfully bumped revision number for resource 9cb9bc3a-d730-43b9-aa8c-f50f2c4c43e1 (type: security_group_rules) to 0
2026-05-05 18:03:34.737 10 INFO neutron.wsgi [None req-3184d615-11a3-46d1-9060-49526fd19523 0f7f5b81e6364f149abcb3cac7ea9684 0959b759bb1d4b7aa33e3485c39c8e36 - - default default] 10.0.0.54 "POST /v2.0/security-group-rules HTTP/1.1" status: 201 len: 796 time: 0.1833417
2026-05-05 18:03:34.747 10 WARNING neutron_lib.context [None req-78422b3c-5f41-44d2-9269-254aed7880c3 0f7f5b81e6364f149abcb3cac7ea9684 0959b759bb1d4b7aa33e3485c39c8e36 - - default default] Method 'is_advsvc' is deprecated since 2023.2 release (neutron-lib 3.8.0) and will be removed once support for the old RBAC API policies will be removed from Neutron. Please use method 'is_service_role' instead.
2026-05-05 18:03:34.758 9 INFO neutron.db.ovn_revision_numbers_db [req-523f0b8a-6570-4d8b-9025-ee621b66cea7 req-c44750d1-e9f7-4732-ba3a-c18c58758195 6763f48be08a4de8999d0b57e871beb9 503580c723d94359b1ebca21ccf372c3 - - default default] Successfully bumped revision number for resource 38f2b7a2-24db-4f1c-9f6c-8e0ce3d4c5c9 (type: ports) to 1
2026-05-05 18:03:34.792 9 INFO neutron.wsgi [req-523f0b8a-6570-4d8b-9025-ee621b66cea7 req-c44750d1-e9f7-4732-ba3a-c18c58758195 6763f48be08a4de8999d0b57e871beb9 503580c723d94359b1ebca21ccf372c3 - - default default] 199.204.45.38 "POST /v2.0/ports HTTP/1.1" status: 201 len: 1158 time: 0.7473433 /var/lib/openstack/lib/python3.10/site-packages/pycadf/identifier.py:71: UserWarning: Invalid uuid: neutron. To ensure interoperability, identifiers should be a valid uuid. warnings.warn(('Invalid uuid: %s. To ensure interoperability, '
2026-05-05 18:03:34.926 10 INFO neutron.db.ovn_revision_numbers_db [None req-78422b3c-5f41-44d2-9269-254aed7880c3 0f7f5b81e6364f149abcb3cac7ea9684 0959b759bb1d4b7aa33e3485c39c8e36 - - default default] Successfully bumped revision number for resource d722f6da-7537-4181-af8e-037fa44d8554 (type: security_group_rules) to 0
2026-05-05 18:03:34.950 10 INFO neutron.wsgi [None req-78422b3c-5f41-44d2-9269-254aed7880c3 0f7f5b81e6364f149abcb3cac7ea9684 0959b759bb1d4b7aa33e3485c39c8e36 - - default default] 10.0.0.54 "POST /v2.0/security-group-rules HTTP/1.1" status: 201 len: 801 time: 0.2084446
2026-05-05 18:03:34.960 10 WARNING neutron_lib.context [None req-c5e5e687-1e39-46fa-88cf-99673326eebc 0f7f5b81e6364f149abcb3cac7ea9684 0959b759bb1d4b7aa33e3485c39c8e36 - - default default] Method 'is_advsvc' is deprecated since 2023.2 release (neutron-lib 3.8.0) and will be removed once support for the old RBAC API policies will be removed from Neutron. Please use method 'is_service_role' instead.
2026-05-05 18:03:35.081 9 INFO neutron.wsgi [None req-fb75beff-107b-47c8-a661-a803692fad13 9ca1bdaa54554a71b8685a18f03db938 fff08702b4174297bbbe71aa52d028ce - - default default] 10.0.0.54 "PUT /v2.0/routers/33e3c2b6-857d-4502-976d-ee7fcf024233/remove_router_interface HTTP/1.1" status: 200 len: 503 time: 1.8519943
2026-05-05 18:03:35.258 9 INFO neutron.db.ovn_revision_numbers_db [req-523f0b8a-6570-4d8b-9025-ee621b66cea7 req-2a56768c-9a34-4df1-b05b-313d228319e7 a3e87700221945f8a13cad7485063661 724c96a0522c42668b3b2aee66aaa337 - - 7858ee4fb5f245e588d2235dddbb4443 7858ee4fb5f245e588d2235dddbb4443] Successfully bumped revision number for resource 38f2b7a2-24db-4f1c-9f6c-8e0ce3d4c5c9 (type: ports) to 2
2026-05-05 18:03:35.317 10 WARNING neutron.scheduler.dhcp_agent_scheduler [None req-c5e5e687-1e39-46fa-88cf-99673326eebc 0f7f5b81e6364f149abcb3cac7ea9684 0959b759bb1d4b7aa33e3485c39c8e36 - - default default] No more DHCP agents
2026-05-05 18:03:35.324 10 WARNING neutron.api.rpc.agentnotifiers.dhcp_rpc_agent_api [None req-c5e5e687-1e39-46fa-88cf-99673326eebc 0f7f5b81e6364f149abcb3cac7ea9684 0959b759bb1d4b7aa33e3485c39c8e36 - - default default] Unable to schedule network 35718ed6-b420-4f12-bc7e-4b692e178205: no agents available; will retry on subsequent port and subnet creation events.
2026-05-05 18:03:35.375 10 INFO neutron.wsgi [req-e0f2c91b-dee5-4a5a-9dee-cd81643747b3 req-240e10ee-23a9-429f-b1d8-323c3337752e 6763f48be08a4de8999d0b57e871beb9 503580c723d94359b1ebca21ccf372c3 - - default default] 10.0.0.199 "GET /v2.0/ports?device_id=dc383897-cdb2-44fa-a12b-6494f0026e3f HTTP/1.1" status: 200 len: 1168 time: 0.1633117
2026-05-05 18:03:35.471 10 INFO neutron.wsgi [req-e0f2c91b-dee5-4a5a-9dee-cd81643747b3 req-eee482d6-ccd9-4d0e-a2d5-0fc059d71367 6763f48be08a4de8999d0b57e871beb9 503580c723d94359b1ebca21ccf372c3 - - default default] 10.0.0.199 "GET /v2.0/security-groups?id=e6ce5073-5824-4a19-955e-102821056461&fields=id&fields=name HTTP/1.1" status: 200 len: 312 time: 0.0894382
2026-05-05 18:03:35.513 9 INFO neutron.db.ovn_revision_numbers_db [req-523f0b8a-6570-4d8b-9025-ee621b66cea7 req-2a56768c-9a34-4df1-b05b-313d228319e7 a3e87700221945f8a13cad7485063661 724c96a0522c42668b3b2aee66aaa337 - - 7858ee4fb5f245e588d2235dddbb4443 7858ee4fb5f245e588d2235dddbb4443] Successfully bumped revision number for resource 38f2b7a2-24db-4f1c-9f6c-8e0ce3d4c5c9 (type: ports) to 2
2026-05-05 18:03:35.533 9 INFO neutron.wsgi [req-523f0b8a-6570-4d8b-9025-ee621b66cea7 req-2a56768c-9a34-4df1-b05b-313d228319e7 a3e87700221945f8a13cad7485063661 724c96a0522c42668b3b2aee66aaa337 - - 7858ee4fb5f245e588d2235dddbb4443 7858ee4fb5f245e588d2235dddbb4443] 199.204.45.38 "PUT /v2.0/ports/38f2b7a2-24db-4f1c-9f6c-8e0ce3d4c5c9 HTTP/1.1" status: 200 len: 1376 time: 0.7336440
2026-05-05 18:03:35.574 9 INFO neutron.notifiers.nova [-] Nova event matching ['req-89b06895-b1e1-472f-b194-2339c8b8656e'] response: {'name': 'network-changed', 'server_uuid': 'dc383897-cdb2-44fa-a12b-6494f0026e3f', 'tag': '38f2b7a2-24db-4f1c-9f6c-8e0ce3d4c5c9', 'status': 'completed', 'code': 200} /var/lib/openstack/lib/python3.10/site-packages/pycadf/identifier.py:71: UserWarning: Invalid uuid: neutron. To ensure interoperability, identifiers should be a valid uuid. warnings.warn(('Invalid uuid: %s. To ensure interoperability, '
2026-05-05 18:03:35.626 9 INFO neutron.wsgi [req-523f0b8a-6570-4d8b-9025-ee621b66cea7 req-9dd2dede-4da5-4e97-9233-98b65ede82fb a3e87700221945f8a13cad7485063661 724c96a0522c42668b3b2aee66aaa337 - - 7858ee4fb5f245e588d2235dddbb4443 7858ee4fb5f245e588d2235dddbb4443] 199.204.45.38 "GET /v2.0/ports?tenant_id=503580c723d94359b1ebca21ccf372c3&device_id=dc383897-cdb2-44fa-a12b-6494f0026e3f HTTP/1.1" status: 200 len: 1407 time: 0.0476685
2026-05-05 18:03:35.657 9 INFO neutron.wsgi [req-523f0b8a-6570-4d8b-9025-ee621b66cea7 req-1236a7f7-f50c-4743-9b74-d674f956f717 a3e87700221945f8a13cad7485063661 724c96a0522c42668b3b2aee66aaa337 - - 7858ee4fb5f245e588d2235dddbb4443 7858ee4fb5f245e588d2235dddbb4443] 199.204.45.38 "GET /v2.0/floatingips?fixed_ip_address=10.100.0.7&port_id=38f2b7a2-24db-4f1c-9f6c-8e0ce3d4c5c9 HTTP/1.1" status: 200 len: 217 time: 0.0236819
2026-05-05 18:03:35.695 9 INFO neutron.wsgi [req-523f0b8a-6570-4d8b-9025-ee621b66cea7 req-4f4c6267-eea9-4889-a22e-b864b410ab79 a3e87700221945f8a13cad7485063661 724c96a0522c42668b3b2aee66aaa337 - - 7858ee4fb5f245e588d2235dddbb4443 7858ee4fb5f245e588d2235dddbb4443] 199.204.45.38 "GET /v2.0/subnets?id=3f74d74e-cef2-40c4-b41c-1e6c0ead9cde HTTP/1.1" status: 200 len: 868 time: 0.0322082
2026-05-05 18:03:35.721 9 INFO neutron.wsgi [req-523f0b8a-6570-4d8b-9025-ee621b66cea7 req-b6123d9e-5054-4a8f-8a34-0b2857274660 a3e87700221945f8a13cad7485063661 724c96a0522c42668b3b2aee66aaa337 - - 7858ee4fb5f245e588d2235dddbb4443 7858ee4fb5f245e588d2235dddbb4443] 199.204.45.38 "GET /v2.0/ports?network_id=bf9b7d86-ee8d-4b59-ac7f-42111aab164c&device_owner=network%3Adhcp HTTP/1.1" status: 200 len: 210 time: 0.0192740
2026-05-05 18:03:35.789 9 INFO neutron.wsgi [req-523f0b8a-6570-4d8b-9025-ee621b66cea7 req-8d146271-452f-433d-80be-cca7e62decc2 a3e87700221945f8a13cad7485063661 724c96a0522c42668b3b2aee66aaa337 - - 7858ee4fb5f245e588d2235dddbb4443 7858ee4fb5f245e588d2235dddbb4443] 199.204.45.38 "GET /v2.0/networks/bf9b7d86-ee8d-4b59-ac7f-42111aab164c?fields=segments HTTP/1.1" status: 200 len: 212 time: 0.0620570
2026-05-05 18:03:35.864 9 INFO neutron.wsgi [req-523f0b8a-6570-4d8b-9025-ee621b66cea7 req-efce74c3-3288-498a-a22a-49541d29e2bf a3e87700221945f8a13cad7485063661 724c96a0522c42668b3b2aee66aaa337 - - 7858ee4fb5f245e588d2235dddbb4443 7858ee4fb5f245e588d2235dddbb4443] 199.204.45.38 "GET /v2.0/networks/bf9b7d86-ee8d-4b59-ac7f-42111aab164c?fields=provider%3Aphysical_network&fields=provider%3Anetwork_type HTTP/1.1" status: 200 len: 277 time: 0.0683315
2026-05-05 18:03:35.959 9 INFO neutron.wsgi [req-4192ccc6-d529-40dd-8231-22cd99d4b230 req-02a392bf-25b9-4a0f-80bc-d90691ee226e a3e87700221945f8a13cad7485063661 724c96a0522c42668b3b2aee66aaa337 - - 7858ee4fb5f245e588d2235dddbb4443 7858ee4fb5f245e588d2235dddbb4443] 199.204.45.38 "GET /v2.0/ports?tenant_id=503580c723d94359b1ebca21ccf372c3&device_id=dc383897-cdb2-44fa-a12b-6494f0026e3f HTTP/1.1" status: 200 len: 1407 time: 0.0389905
2026-05-05 18:03:36.021 10 INFO neutron.wsgi [None req-c5e5e687-1e39-46fa-88cf-99673326eebc 0f7f5b81e6364f149abcb3cac7ea9684 0959b759bb1d4b7aa33e3485c39c8e36 - - default default] 10.0.0.54 "POST /v2.0/floatingips HTTP/1.1" status: 201 len: 751 time: 1.0656090
2026-05-05 18:03:36.088 9 INFO neutron.wsgi [req-4192ccc6-d529-40dd-8231-22cd99d4b230 req-1d523e78-feca-4964-8433-4dac8c781bf8 a3e87700221945f8a13cad7485063661 724c96a0522c42668b3b2aee66aaa337 - - 7858ee4fb5f245e588d2235dddbb4443 7858ee4fb5f245e588d2235dddbb4443] 199.204.45.38 "GET /v2.0/networks?id=bf9b7d86-ee8d-4b59-ac7f-42111aab164c HTTP/1.1" status: 200 len: 971 time: 0.1161242
2026-05-05 18:03:36.122 9 INFO neutron.wsgi [req-4192ccc6-d529-40dd-8231-22cd99d4b230 req-ca9acb4a-41e7-475f-bb97-ce9cefdb2af0 a3e87700221945f8a13cad7485063661 724c96a0522c42668b3b2aee66aaa337 - - 7858ee4fb5f245e588d2235dddbb4443 7858ee4fb5f245e588d2235dddbb4443] 199.204.45.38 "GET /v2.0/floatingips?fixed_ip_address=10.100.0.7&port_id=38f2b7a2-24db-4f1c-9f6c-8e0ce3d4c5c9 HTTP/1.1" status: 200 len: 217 time: 0.0300307
2026-05-05 18:03:36.169 9 INFO neutron.wsgi [req-4192ccc6-d529-40dd-8231-22cd99d4b230 req-1e10d08e-f225-4b5a-b85c-fae4f993488f a3e87700221945f8a13cad7485063661 724c96a0522c42668b3b2aee66aaa337 - - 7858ee4fb5f245e588d2235dddbb4443 7858ee4fb5f245e588d2235dddbb4443] 199.204.45.38 "GET /v2.0/subnets?id=3f74d74e-cef2-40c4-b41c-1e6c0ead9cde HTTP/1.1" status: 200 len: 868 time: 0.0408666
2026-05-05 18:03:36.199 9 INFO neutron.wsgi [req-4192ccc6-d529-40dd-8231-22cd99d4b230 req-3b73277c-1629-49c9-928e-5d06e788a9d3 a3e87700221945f8a13cad7485063661 724c96a0522c42668b3b2aee66aaa337 - - 7858ee4fb5f245e588d2235dddbb4443 7858ee4fb5f245e588d2235dddbb4443] 199.204.45.38 "GET /v2.0/ports?network_id=bf9b7d86-ee8d-4b59-ac7f-42111aab164c&device_owner=network%3Adhcp HTTP/1.1" status: 200 len: 210 time: 0.0232298
2026-05-05 18:03:36.257 9 INFO neutron.wsgi [req-4192ccc6-d529-40dd-8231-22cd99d4b230 req-6e2b7776-fabb-4483-86fc-cded5901b35d a3e87700221945f8a13cad7485063661 724c96a0522c42668b3b2aee66aaa337 - - 7858ee4fb5f245e588d2235dddbb4443 7858ee4fb5f245e588d2235dddbb4443] 199.204.45.38 "GET /v2.0/networks/bf9b7d86-ee8d-4b59-ac7f-42111aab164c?fields=segments HTTP/1.1" status: 200 len: 212 time: 0.0522346
2026-05-05 18:03:36.328 9 INFO neutron.wsgi [req-4192ccc6-d529-40dd-8231-22cd99d4b230 req-cde0b2a7-f48c-4cc9-9e3a-b864a5a31a8a a3e87700221945f8a13cad7485063661 724c96a0522c42668b3b2aee66aaa337 - - 7858ee4fb5f245e588d2235dddbb4443 7858ee4fb5f245e588d2235dddbb4443] 199.204.45.38 "GET /v2.0/networks/bf9b7d86-ee8d-4b59-ac7f-42111aab164c?fields=provider%3Aphysical_network&fields=provider%3Anetwork_type HTTP/1.1" status: 200 len: 277 time: 0.0615342
2026-05-05 18:03:36.408 10 INFO neutron.wsgi [None req-fa34ce30-7da9-4f97-92a9-9ff153536eb0 9ca1bdaa54554a71b8685a18f03db938 fff08702b4174297bbbe71aa52d028ce - - default default] 10.0.0.54 "DELETE /v2.0/routers/33e3c2b6-857d-4502-976d-ee7fcf024233 HTTP/1.1" status: 204 len: 168 time: 1.3214653
2026-05-05 18:03:36.559 10 INFO neutron.wsgi [req-8c694e28-13ba-4bef-9563-622d6e7aaa05 req-a6dd3813-ba84-4c35-b23b-384f2d3f6344 0f7f5b81e6364f149abcb3cac7ea9684 0959b759bb1d4b7aa33e3485c39c8e36 - - default default] 10.0.0.199 "GET /v2.0/security-groups?name=tempest-securitygroup--562452012&fields=id&tenant_id=0959b759bb1d4b7aa33e3485c39c8e36 HTTP/1.1" status: 200 len: 267 time: 0.0623715
2026-05-05 18:03:36.575 9 INFO neutron.wsgi [req-d2265030-8f4e-497f-ae16-ba66232d65e1 req-85b5085b-fb2f-47a9-9218-c1fa96355940 6763f48be08a4de8999d0b57e871beb9 503580c723d94359b1ebca21ccf372c3 - - default default] 10.0.0.199 "GET /v2.0/ports?device_id=dc383897-cdb2-44fa-a12b-6494f0026e3f HTTP/1.1" status: 200 len: 1168 time: 0.0411837
2026-05-05 18:03:36.620 9 INFO neutron.wsgi [req-d2265030-8f4e-497f-ae16-ba66232d65e1 req-13cd283a-407e-40fa-b464-ac0686da8630 6763f48be08a4de8999d0b57e871beb9 503580c723d94359b1ebca21ccf372c3 - - default default] 10.0.0.199 "GET /v2.0/security-groups?id=e6ce5073-5824-4a19-955e-102821056461&fields=id&fields=name HTTP/1.1" status: 200 len: 312 time: 0.0360191
2026-05-05 18:03:36.655 10 INFO neutron.wsgi [req-8c694e28-13ba-4bef-9563-622d6e7aaa05 req-bb4aae3d-998f-447f-bb53-08cc00e871af 0f7f5b81e6364f149abcb3cac7ea9684 0959b759bb1d4b7aa33e3485c39c8e36 - - default default] 10.0.0.199 "GET /v2.0/networks?id=0dc067a0-05ef-4912-92bd-aa5838509cfa HTTP/1.1" status: 200 len: 882 time: 0.0869279
2026-05-05 18:03:36.684 10 INFO neutron.wsgi [req-8c694e28-13ba-4bef-9563-622d6e7aaa05 req-c45e8597-236f-4d6a-aaee-52f480af237d 0f7f5b81e6364f149abcb3cac7ea9684 0959b759bb1d4b7aa33e3485c39c8e36 - - default default] 10.0.0.199 "GET /v2.0/quotas/0959b759bb1d4b7aa33e3485c39c8e36 HTTP/1.1" status: 200 len: 491 time: 0.0197458
2026-05-05 18:03:36.727 10 INFO neutron.wsgi [None req-152d7475-3c46-48ac-9e9f-db86a53ae3d8 9ca1bdaa54554a71b8685a18f03db938 fff08702b4174297bbbe71aa52d028ce - - default default] 10.0.0.54 "DELETE /v2.0/subnets/fd06b6f6-9b1f-4e4b-9163-581ac2f7eb02 HTTP/1.1" status: 204 len: 168 time: 0.3100884
2026-05-05 18:03:36.798 10 INFO neutron.wsgi [req-8c694e28-13ba-4bef-9563-622d6e7aaa05 req-68846325-e7ac-4e73-991b-4ae26a40878d 0f7f5b81e6364f149abcb3cac7ea9684 0959b759bb1d4b7aa33e3485c39c8e36 - - default default] 10.0.0.199 "GET /v2.0/ports?tenant_id=0959b759bb1d4b7aa33e3485c39c8e36&fields=id HTTP/1.1" status: 200 len: 302 time: 0.1070576
2026-05-05 18:03:36.876 10 INFO neutron.wsgi [req-8c694e28-13ba-4bef-9563-622d6e7aaa05 req-732adcbf-839f-4f51-93e1-b2132d0aaadf a3e87700221945f8a13cad7485063661 724c96a0522c42668b3b2aee66aaa337 - - 7858ee4fb5f245e588d2235dddbb4443 7858ee4fb5f245e588d2235dddbb4443] 10.0.0.199 "GET /v2.0/networks/0dc067a0-05ef-4912-92bd-aa5838509cfa?fields=segments HTTP/1.1" status: 200 len: 212 time: 0.0658829
2026-05-05 18:03:36.936 10 INFO neutron.db.ovn_revision_numbers_db [None req-d3a4cefb-cc99-4dfe-9340-2ace642e0fb6 9ca1bdaa54554a71b8685a18f03db938 fff08702b4174297bbbe71aa52d028ce - - default default] Successfully bumped revision number for resource c8b024bd-122b-4a8c-8ed2-56be310460db (type: security_groups) to 1
2026-05-05 18:03:36.955 10 INFO neutron.wsgi [req-8c694e28-13ba-4bef-9563-622d6e7aaa05 req-ff0b7c77-8426-4dad-b4cb-28ab37c8dd6a a3e87700221945f8a13cad7485063661 724c96a0522c42668b3b2aee66aaa337 - - 7858ee4fb5f245e588d2235dddbb4443 7858ee4fb5f245e588d2235dddbb4443] 10.0.0.199 "GET /v2.0/networks/0dc067a0-05ef-4912-92bd-aa5838509cfa?fields=provider%3Aphysical_network&fields=provider%3Anetwork_type HTTP/1.1" status: 200 len: 277 time: 0.0690691
2026-05-05 18:03:36.956 10 INFO neutron.db.ovn_revision_numbers_db [None req-d3a4cefb-cc99-4dfe-9340-2ace642e0fb6 9ca1bdaa54554a71b8685a18f03db938 fff08702b4174297bbbe71aa52d028ce - - default default] Successfully bumped revision number for resource 234759d8-8d0d-49d2-8079-7d77aec9a6a9 (type: security_group_rules) to 0
2026-05-05 18:03:36.976 10 INFO neutron.db.ovn_revision_numbers_db [None req-d3a4cefb-cc99-4dfe-9340-2ace642e0fb6 9ca1bdaa54554a71b8685a18f03db938 fff08702b4174297bbbe71aa52d028ce - - default default] Successfully bumped revision number for resource 4509c61e-3b9c-4631-8cfa-b51178a19f43 (type: security_group_rules) to 0
2026-05-05 18:03:36.990 10 INFO neutron.db.ovn_revision_numbers_db [None req-d3a4cefb-cc99-4dfe-9340-2ace642e0fb6 9ca1bdaa54554a71b8685a18f03db938 fff08702b4174297bbbe71aa52d028ce - - default default] Successfully bumped revision number for resource 6cae1f08-bfbe-4a4a-a129-53868dcc3a49 (type: security_group_rules) to 0
2026-05-05 18:03:36.999 10 INFO neutron.wsgi [-] 10.0.0.150 "GET / HTTP/1.1" status: 200 len: 245 time: 0.0024953
2026-05-05 18:03:37.001 10 INFO neutron.wsgi [-] 10.0.0.150 "GET / HTTP/1.1" status: 200 len: 245 time: 0.0014961
2026-05-05 18:03:37.008 10 INFO neutron.db.ovn_revision_numbers_db [None req-d3a4cefb-cc99-4dfe-9340-2ace642e0fb6 9ca1bdaa54554a71b8685a18f03db938 fff08702b4174297bbbe71aa52d028ce - - default default] Successfully bumped revision number for resource 95ecdf11-0053-4a41-b2c0-0023d267667b (type: security_group_rules) to 0
2026-05-05 18:03:37.029 10 INFO neutron.wsgi [None req-d3a4cefb-cc99-4dfe-9340-2ace642e0fb6 9ca1bdaa54554a71b8685a18f03db938 fff08702b4174297bbbe71aa52d028ce - - default default] 10.0.0.54 "GET /v2.0/security-groups?tenant_id=426015328d0a41a3b6b11b5cbbd4f375&name=default HTTP/1.1" status: 200 len: 3120 time: 0.4580996
2026-05-05 18:03:37.121 9 INFO neutron.services.segments.plugin [-] Segment e16b4dc8-255f-4f69-8614-de39d5206497 resource provider aggregate not found
2026-05-05 18:03:37.129 9 INFO neutron.wsgi [req-c0d542d3-db07-4c35-ac8d-081079ce25dd req-47bc1fdc-a3f9-4cee-bd19-3f593f357486 0f7f5b81e6364f149abcb3cac7ea9684 0959b759bb1d4b7aa33e3485c39c8e36 - - default default] 10.0.0.199 "GET /v2.0/ports?device_id=714515e5-6b15-48a8-a91f-00b1b6226c4e HTTP/1.1" status: 200 len: 210 time: 0.0473154
2026-05-05 18:03:37.139 9 INFO neutron.services.segments.plugin [-] Segment e16b4dc8-255f-4f69-8614-de39d5206497 resource provider aggregate not found
2026-05-05 18:03:37.145 9 INFO neutron.services.segments.plugin [-] Segment e16b4dc8-255f-4f69-8614-de39d5206497 resource provider not found; error: Placement Client Error (4xx): {"errors": [{"status": 404, "title": "Not Found", "detail": "The resource could not be found.\n\n No resource provider with uuid e16b4dc8-255f-4f69-8614-de39d5206497 found for delete ", "request_id": "req-df5aab5d-3862-439e-ad4b-46c2913be618"}]}
2026-05-05 18:03:37.160 9 INFO neutron.services.segments.plugin [-] Segment e16b4dc8-255f-4f69-8614-de39d5206497 resource provider not found; error: Placement Client Error (4xx): {"errors": [{"status": 404, "title": "Not Found", "detail": "The resource could not be found.\n\n No resource provider with uuid e16b4dc8-255f-4f69-8614-de39d5206497 found for delete ", "request_id": "req-dd1aae2f-cdfe-4b21-a981-2aeebbc1b97f"}]}
2026-05-05 18:03:37.381 9 INFO neutron.wsgi [None req-386d3c5e-e155-4e4c-9fcd-12aaa1f1f57a 9ca1bdaa54554a71b8685a18f03db938 fff08702b4174297bbbe71aa52d028ce - - default default] 10.0.0.54 "DELETE /v2.0/networks/0d93a549-ccb5-407e-a0e0-0e7935fb2f19 HTTP/1.1" status: 204 len: 168 time: 0.6482847
2026-05-05 18:03:37.541 9 INFO neutron.wsgi [None req-25acf4c0-119b-4705-9c13-d4aa9e69d88e 9ca1bdaa54554a71b8685a18f03db938 fff08702b4174297bbbe71aa52d028ce - - default default] 10.0.0.54 "GET /v2.0/security-groups?tenant_id=0d3b32db12544804bd591ab23292686d&name=default HTTP/1.1" status: 200 len: 3116 time: 0.0444870
2026-05-05 18:03:37.562 9 INFO neutron.wsgi [None req-f4357836-3d83-4b9d-ac72-01858dc4ea7f 9ca1bdaa54554a71b8685a18f03db938 fff08702b4174297bbbe71aa52d028ce - - default default] 10.0.0.54 "DELETE /v2.0/security-groups/c8b024bd-122b-4a8c-8ed2-56be310460db HTTP/1.1" status: 204 len: 168 time: 0.5265772
2026-05-05 18:03:37.734 10 INFO neutron.wsgi [req-c9c432e5-39c9-4e1e-aa9c-61d568f36b53 req-3538735c-8b73-49f0-bea2-4e3b2311c958 6763f48be08a4de8999d0b57e871beb9 503580c723d94359b1ebca21ccf372c3 - - default default] 10.0.0.199 "GET /v2.0/ports?device_id=dc383897-cdb2-44fa-a12b-6494f0026e3f HTTP/1.1" status: 200 len: 1168 time: 0.0415535
2026-05-05 18:03:37.784 10 INFO neutron.wsgi [req-c9c432e5-39c9-4e1e-aa9c-61d568f36b53 req-e26dceb5-5ca8-4b9a-a0ac-bb38fdff8287 6763f48be08a4de8999d0b57e871beb9 503580c723d94359b1ebca21ccf372c3 - - default default] 10.0.0.199 "GET /v2.0/security-groups?id=e6ce5073-5824-4a19-955e-102821056461&fields=id&fields=name HTTP/1.1" status: 200 len: 312 time: 0.0431762
2026-05-05 18:03:37.788 10 INFO neutron.wsgi [None req-da503653-1602-457f-93ac-f849d68d630a 9ca1bdaa54554a71b8685a18f03db938 fff08702b4174297bbbe71aa52d028ce - - default default] 10.0.0.54 "DELETE /v2.0/security-groups/0608d23f-87c5-4b50-a422-94e8f297e134 HTTP/1.1" status: 204 len: 168 time: 0.2412088
2026-05-05 18:03:37.840 9 INFO neutron.wsgi [req-8c694e28-13ba-4bef-9563-622d6e7aaa05 req-f74b2308-2a97-4290-8b4a-358dbc76a41e 0f7f5b81e6364f149abcb3cac7ea9684 0959b759bb1d4b7aa33e3485c39c8e36 - - default default] 199.204.45.38 "GET /v2.0/networks?id=0dc067a0-05ef-4912-92bd-aa5838509cfa HTTP/1.1" status: 200 len: 882 time: 0.0760031
2026-05-05 18:03:37.902 9 INFO neutron.wsgi [req-8c694e28-13ba-4bef-9563-622d6e7aaa05 req-9294f73c-b800-40b2-8f0d-b0dbd48a5b68 0f7f5b81e6364f149abcb3cac7ea9684 0959b759bb1d4b7aa33e3485c39c8e36 - - default default] 199.204.45.38 "GET /v2.0/security-groups?fields=id&fields=name&tenant_id=0959b759bb1d4b7aa33e3485c39c8e36 HTTP/1.1" status: 200 len: 379 time: 0.0486431
2026-05-05 18:03:37.924 9 WARNING neutron_lib.context [req-8c694e28-13ba-4bef-9563-622d6e7aaa05 req-4082ba00-1ca2-41ff-8c1a-d8a9dd7484ac 0f7f5b81e6364f149abcb3cac7ea9684 0959b759bb1d4b7aa33e3485c39c8e36 - - default default] Method 'is_advsvc' is deprecated since 2023.2 release (neutron-lib 3.8.0) and will be removed once support for the old RBAC API policies will be removed from Neutron. Please use method 'is_service_role' instead.
2026-05-05 18:03:38.253 9 INFO neutron.wsgi [req-4fd49e1e-f309-4407-bf93-251e40f6bb85 req-07fba334-9ec0-4db6-97d5-75fd19836e4d 0f7f5b81e6364f149abcb3cac7ea9684 0959b759bb1d4b7aa33e3485c39c8e36 - - default default] 10.0.0.199 "GET /v2.0/ports?device_id=714515e5-6b15-48a8-a91f-00b1b6226c4e HTTP/1.1" status: 200 len: 210 time: 0.0403783
2026-05-05 18:03:38.293 9 WARNING neutron.scheduler.dhcp_agent_scheduler [req-8c694e28-13ba-4bef-9563-622d6e7aaa05 req-4082ba00-1ca2-41ff-8c1a-d8a9dd7484ac 0f7f5b81e6364f149abcb3cac7ea9684 0959b759bb1d4b7aa33e3485c39c8e36 - - default default] No more DHCP agents
2026-05-05 18:03:38.295 9 WARNING neutron.api.rpc.agentnotifiers.dhcp_rpc_agent_api [req-8c694e28-13ba-4bef-9563-622d6e7aaa05 req-4082ba00-1ca2-41ff-8c1a-d8a9dd7484ac 0f7f5b81e6364f149abcb3cac7ea9684 0959b759bb1d4b7aa33e3485c39c8e36 - - default default] Unable to schedule network 0dc067a0-05ef-4912-92bd-aa5838509cfa: no agents available; will retry on subsequent port and subnet creation events.
2026-05-05 18:03:38.481 9 WARNING neutron.plugins.ml2.drivers.ovn.mech_driver.ovsdb.ovn_client [None req-42885f72-cdae-4c41-a029-38f5180af0f2 - - - - - -] No hosting information found for port e0932d12-c4d8-44e4-a35c-c9b34ebebed6: RuntimeError: No hosting information found for port e0932d12-c4d8-44e4-a35c-c9b34ebebed6
2026-05-05 18:03:38.481 9 INFO neutron.plugins.ml2.drivers.ovn.mech_driver.mech_driver [None req-42885f72-cdae-4c41-a029-38f5180af0f2 - - - - - -] OVN reports status up for port: 38f2b7a2-24db-4f1c-9f6c-8e0ce3d4c5c9
2026-05-05 18:03:38.494 9 INFO neutron.plugins.ml2.plugin [None req-42885f72-cdae-4c41-a029-38f5180af0f2 - - - - - -] Attempt 1 to provision port 38f2b7a2-24db-4f1c-9f6c-8e0ce3d4c5c9
2026-05-05 18:03:38.505 9 INFO neutron.db.ovn_revision_numbers_db [req-8c694e28-13ba-4bef-9563-622d6e7aaa05 req-4082ba00-1ca2-41ff-8c1a-d8a9dd7484ac 0f7f5b81e6364f149abcb3cac7ea9684 0959b759bb1d4b7aa33e3485c39c8e36 - - default default] Successfully bumped revision number for resource 3ff187dc-03b2-4ae4-8482-ad1c319a511a (type: ports) to 1
2026-05-05 18:03:38.529 9 INFO neutron.wsgi [req-8c694e28-13ba-4bef-9563-622d6e7aaa05 req-4082ba00-1ca2-41ff-8c1a-d8a9dd7484ac 0f7f5b81e6364f149abcb3cac7ea9684 0959b759bb1d4b7aa33e3485c39c8e36 - - default default] 199.204.45.38 "POST /v2.0/ports HTTP/1.1" status: 201 len: 1158 time: 0.6128368 /var/lib/openstack/lib/python3.10/site-packages/pycadf/identifier.py:71: UserWarning: Invalid uuid: neutron. To ensure interoperability, identifiers should be a valid uuid. warnings.warn(('Invalid uuid: %s. To ensure interoperability, '
2026-05-05 18:03:38.656 9 INFO neutron.notifiers.nova [-] Nova event matching ['req-1b0fe3cf-f47d-4920-b76e-4349cd859f8b'] response: {'server_uuid': 'dc383897-cdb2-44fa-a12b-6494f0026e3f', 'name': 'network-vif-plugged', 'status': 'completed', 'tag': '38f2b7a2-24db-4f1c-9f6c-8e0ce3d4c5c9', 'code': 200}
2026-05-05 18:03:38.925 9 INFO neutron.db.ovn_revision_numbers_db [None req-42885f72-cdae-4c41-a029-38f5180af0f2 - - - - - -] Successfully bumped revision number for resource 38f2b7a2-24db-4f1c-9f6c-8e0ce3d4c5c9 (type: ports) to 4
2026-05-05 18:03:39.035 9 INFO neutron.wsgi [req-982009a8-5dd9-49a4-a676-147cd7a42bef req-3bcd5686-e086-4747-b12a-bc4a0458f730 6763f48be08a4de8999d0b57e871beb9 503580c723d94359b1ebca21ccf372c3 - - default default] 10.0.0.199 "GET /v2.0/ports?device_id=dc383897-cdb2-44fa-a12b-6494f0026e3f HTTP/1.1" status: 200 len: 1170 time: 0.1719689 /var/lib/openstack/lib/python3.10/site-packages/pycadf/identifier.py:71: UserWarning: Invalid uuid: neutron. To ensure interoperability, identifiers should be a valid uuid. warnings.warn(('Invalid uuid: %s. To ensure interoperability, '
2026-05-05 18:03:39.114 9 INFO neutron.wsgi [req-982009a8-5dd9-49a4-a676-147cd7a42bef req-6bfc390d-771a-43a0-85b2-9f1ef9e1e224 6763f48be08a4de8999d0b57e871beb9 503580c723d94359b1ebca21ccf372c3 - - default default] 10.0.0.199 "GET /v2.0/security-groups?id=e6ce5073-5824-4a19-955e-102821056461&fields=id&fields=name HTTP/1.1" status: 200 len: 312 time: 0.0636981
2026-05-05 18:03:39.166 9 INFO neutron.db.ovn_revision_numbers_db [req-8c694e28-13ba-4bef-9563-622d6e7aaa05 req-008b8c71-c45b-43b2-a079-44e858ea10e6 a3e87700221945f8a13cad7485063661 724c96a0522c42668b3b2aee66aaa337 - - 7858ee4fb5f245e588d2235dddbb4443 7858ee4fb5f245e588d2235dddbb4443] Successfully bumped revision number for resource 3ff187dc-03b2-4ae4-8482-ad1c319a511a (type: ports) to 2
2026-05-05 18:03:39.373 10 INFO neutron.wsgi [req-54c12626-ba9f-45e7-ab6b-0ebec3cd4d33 req-e81a2bcf-bbe0-46c4-a2b8-cc8b5c250712 0f7f5b81e6364f149abcb3cac7ea9684 0959b759bb1d4b7aa33e3485c39c8e36 - - default default] 10.0.0.199 "GET /v2.0/ports?device_id=714515e5-6b15-48a8-a91f-00b1b6226c4e HTTP/1.1" status: 200 len: 1168 time: 0.0469003
2026-05-05 18:03:39.387 9 INFO neutron.db.ovn_revision_numbers_db [req-8c694e28-13ba-4bef-9563-622d6e7aaa05 req-008b8c71-c45b-43b2-a079-44e858ea10e6 a3e87700221945f8a13cad7485063661 724c96a0522c42668b3b2aee66aaa337 - - 7858ee4fb5f245e588d2235dddbb4443 7858ee4fb5f245e588d2235dddbb4443] Successfully bumped revision number for resource 3ff187dc-03b2-4ae4-8482-ad1c319a511a (type: ports) to 2
2026-05-05 18:03:39.409 9 INFO neutron.wsgi [req-8c694e28-13ba-4bef-9563-622d6e7aaa05 req-008b8c71-c45b-43b2-a079-44e858ea10e6 a3e87700221945f8a13cad7485063661 724c96a0522c42668b3b2aee66aaa337 - - 7858ee4fb5f245e588d2235dddbb4443 7858ee4fb5f245e588d2235dddbb4443] 199.204.45.38 "PUT /v2.0/ports/3ff187dc-03b2-4ae4-8482-ad1c319a511a HTTP/1.1" status: 200 len: 1376 time: 0.8711276
2026-05-05 18:03:39.431 10 INFO neutron.wsgi [req-54c12626-ba9f-45e7-ab6b-0ebec3cd4d33 req-ea2233c2-000b-47e3-a9ce-b6966d0b0f64 0f7f5b81e6364f149abcb3cac7ea9684 0959b759bb1d4b7aa33e3485c39c8e36 - - default default] 10.0.0.199 "GET /v2.0/security-groups?id=cbf32d73-828d-4fd0-81f2-9508418e94f5&fields=id&fields=name HTTP/1.1" status: 200 len: 312 time: 0.0491550 /var/lib/openstack/lib/python3.10/site-packages/pycadf/identifier.py:71: UserWarning: Invalid uuid: neutron. To ensure interoperability, identifiers should be a valid uuid. warnings.warn(('Invalid uuid: %s. To ensure interoperability, '
2026-05-05 18:03:39.494 9 INFO neutron.wsgi [req-8c694e28-13ba-4bef-9563-622d6e7aaa05 req-be6a7757-0f7f-4613-93a4-33817cae42dd a3e87700221945f8a13cad7485063661 724c96a0522c42668b3b2aee66aaa337 - - 7858ee4fb5f245e588d2235dddbb4443 7858ee4fb5f245e588d2235dddbb4443] 199.204.45.38 "GET /v2.0/ports?tenant_id=0959b759bb1d4b7aa33e3485c39c8e36&device_id=714515e5-6b15-48a8-a91f-00b1b6226c4e HTTP/1.1" status: 200 len: 1407 time: 0.0467131
2026-05-05 18:03:39.532 9 INFO neutron.wsgi [req-8c694e28-13ba-4bef-9563-622d6e7aaa05 req-184b3546-f3c5-4401-8e28-1ed7167fdd3b a3e87700221945f8a13cad7485063661 724c96a0522c42668b3b2aee66aaa337 - - 7858ee4fb5f245e588d2235dddbb4443 7858ee4fb5f245e588d2235dddbb4443] 199.204.45.38 "GET /v2.0/floatingips?fixed_ip_address=10.100.0.5&port_id=3ff187dc-03b2-4ae4-8482-ad1c319a511a HTTP/1.1" status: 200 len: 217 time: 0.0293348
2026-05-05 18:03:39.571 9 INFO neutron.wsgi [req-8c694e28-13ba-4bef-9563-622d6e7aaa05 req-f0ee5b43-aefb-4341-b919-7cf93a20b914 a3e87700221945f8a13cad7485063661 724c96a0522c42668b3b2aee66aaa337 - - 7858ee4fb5f245e588d2235dddbb4443 7858ee4fb5f245e588d2235dddbb4443] 199.204.45.38 "GET /v2.0/subnets?id=2deebf09-033c-4658-846f-60d5377ced35 HTTP/1.1" status: 200 len: 876 time: 0.0344727
2026-05-05 18:03:39.603 9 INFO neutron.wsgi [req-8c694e28-13ba-4bef-9563-622d6e7aaa05 req-79f66e1c-48ad-4f49-9ff1-b536d4c76ead a3e87700221945f8a13cad7485063661 724c96a0522c42668b3b2aee66aaa337 - - 7858ee4fb5f245e588d2235dddbb4443 7858ee4fb5f245e588d2235dddbb4443] 199.204.45.38 "GET /v2.0/ports?network_id=0dc067a0-05ef-4912-92bd-aa5838509cfa&device_owner=network%3Adhcp HTTP/1.1" status: 200 len: 210 time: 0.0231414
2026-05-05 18:03:39.677 9 INFO neutron.wsgi [req-8c694e28-13ba-4bef-9563-622d6e7aaa05 req-9be3c4c4-1329-47b0-b5c4-cd1ae8fe599e a3e87700221945f8a13cad7485063661 724c96a0522c42668b3b2aee66aaa337 - - 7858ee4fb5f245e588d2235dddbb4443 7858ee4fb5f245e588d2235dddbb4443] 199.204.45.38 "GET /v2.0/networks/0dc067a0-05ef-4912-92bd-aa5838509cfa?fields=segments HTTP/1.1" status: 200 len: 212 time: 0.0678802
2026-05-05 18:03:39.738 9 INFO neutron.wsgi [req-8c694e28-13ba-4bef-9563-622d6e7aaa05 req-a2ee270b-8da4-488c-9d74-435ad2987e7d a3e87700221945f8a13cad7485063661 724c96a0522c42668b3b2aee66aaa337 - - 7858ee4fb5f245e588d2235dddbb4443 7858ee4fb5f245e588d2235dddbb4443] 199.204.45.38 "GET /v2.0/networks/0dc067a0-05ef-4912-92bd-aa5838509cfa?fields=provider%3Aphysical_network&fields=provider%3Anetwork_type HTTP/1.1" status: 200 len: 277 time: 0.0561697
2026-05-05 18:03:39.937 10 INFO neutron.plugins.ml2.drivers.ovn.mech_driver.mech_driver [None req-441a7c56-4fe4-4595-b3d7-1091a20e8025 - - - - - -] OVN reports status up for port: 3ff187dc-03b2-4ae4-8482-ad1c319a511a
2026-05-05 18:03:39.950 10 INFO neutron.plugins.ml2.plugin [None req-441a7c56-4fe4-4595-b3d7-1091a20e8025 - - - - - -] Attempt 1 to provision port 3ff187dc-03b2-4ae4-8482-ad1c319a511a
2026-05-05 18:03:40.138 10 INFO neutron.notifiers.nova [-] Nova event matching ['req-74515c95-2a7b-42ed-85c1-775467e224c2'] response: {'server_uuid': '714515e5-6b15-48a8-a91f-00b1b6226c4e', 'name': 'network-vif-plugged', 'status': 'completed', 'tag': '3ff187dc-03b2-4ae4-8482-ad1c319a511a', 'code': 200}
