2026-05-05 18:05:42.196 9 INFO neutron.wsgi [None req-9bffbd1d-d47d-499b-94b0-7663252b8d33 9ca1bdaa54554a71b8685a18f03db938 fff08702b4174297bbbe71aa52d028ce - - default default] 10.0.0.54 "DELETE /v2.0/networks/65c11895-1a7d-4510-8355-aef8fe5e3800 HTTP/1.1" status: 204 len: 168 time: 0.4147875
2026-05-05 18:05:42.441 9 INFO neutron.wsgi [None req-052e19f1-227c-4b02-9947-e51827af6fad 9ca1bdaa54554a71b8685a18f03db938 fff08702b4174297bbbe71aa52d028ce - - default default] 10.0.0.54 "GET /v2.0/security-groups?tenant_id=93d96e7aba8d40c09ca3e68ab19542bf&name=default HTTP/1.1" status: 200 len: 3120 time: 0.0467763
2026-05-05 18:05:42.517 9 WARNING neutron_lib.context [None req-d57884db-2c90-477a-86c1-808f76a74c9a d34dd20f87b34718b299b3ac21473140 b0d710d888e04ed48108e5e87cc9e022 - - default default] Method 'is_advsvc' is deprecated since 2023.2 release (neutron-lib 3.8.0) and will be removed once support for the old RBAC API policies will be removed from Neutron. Please use method 'is_service_role' instead.
2026-05-05 18:05:42.675 9 INFO neutron.db.ovn_revision_numbers_db [None req-d57884db-2c90-477a-86c1-808f76a74c9a d34dd20f87b34718b299b3ac21473140 b0d710d888e04ed48108e5e87cc9e022 - - default default] Successfully bumped revision number for resource 379a5576-38e9-49fd-acce-4ea6960d8501 (type: security_groups) to 1
2026-05-05 18:05:42.699 9 INFO neutron.db.ovn_revision_numbers_db [None req-d57884db-2c90-477a-86c1-808f76a74c9a d34dd20f87b34718b299b3ac21473140 b0d710d888e04ed48108e5e87cc9e022 - - default default] Successfully bumped revision number for resource 050d83b6-391f-4d1f-acf4-bcdcba27c5cb (type: security_group_rules) to 0
2026-05-05 18:05:42.706 9 INFO neutron.wsgi [None req-be56340e-55ad-44c4-9ccb-d73c9fdbfdf0 9ca1bdaa54554a71b8685a18f03db938 fff08702b4174297bbbe71aa52d028ce - - default default] 10.0.0.54 "DELETE /v2.0/security-groups/b36e1f93-ffc5-497b-8993-0041f7ef0f92 HTTP/1.1" status: 204 len: 168 time: 0.2606583
2026-05-05 18:05:42.716 9 INFO neutron.db.ovn_revision_numbers_db [None req-d57884db-2c90-477a-86c1-808f76a74c9a d34dd20f87b34718b299b3ac21473140 b0d710d888e04ed48108e5e87cc9e022 - - default default] Successfully bumped revision number for resource 906fb2ca-aecd-4439-a37e-dc41cf8a4c32 (type: security_group_rules) to 0
2026-05-05 18:05:42.728 9 INFO neutron.db.ovn_revision_numbers_db [None req-d57884db-2c90-477a-86c1-808f76a74c9a d34dd20f87b34718b299b3ac21473140 b0d710d888e04ed48108e5e87cc9e022 - - default default] Successfully bumped revision number for resource b3da1a61-e2b0-4dab-95e0-a95cce3ac5fe (type: security_group_rules) to 0
2026-05-05 18:05:42.743 9 INFO neutron.db.ovn_revision_numbers_db [None req-d57884db-2c90-477a-86c1-808f76a74c9a d34dd20f87b34718b299b3ac21473140 b0d710d888e04ed48108e5e87cc9e022 - - default default] Successfully bumped revision number for resource c70ce61a-992a-49b2-b0be-42ae54cfc35a (type: security_group_rules) to 0
2026-05-05 18:05:42.853 9 INFO neutron.db.ovn_revision_numbers_db [None req-d57884db-2c90-477a-86c1-808f76a74c9a d34dd20f87b34718b299b3ac21473140 b0d710d888e04ed48108e5e87cc9e022 - - default default] Successfully bumped revision number for resource 774c2089-3677-4372-888e-5f623912e3f1 (type: security_groups) to 1
2026-05-05 18:05:42.868 9 INFO neutron.db.ovn_revision_numbers_db [None req-d57884db-2c90-477a-86c1-808f76a74c9a d34dd20f87b34718b299b3ac21473140 b0d710d888e04ed48108e5e87cc9e022 - - default default] Successfully bumped revision number for resource 15a24f4d-1076-4c33-b014-c7bf72e4d9ab (type: security_group_rules) to 0
2026-05-05 18:05:42.868 10 INFO neutron.wsgi [None req-3703bbcc-987b-4331-af47-2cfe0b1f4111 df25b35106eb4d6faf1d6df805a2de63 7b9846b1c2c64e70894d0dc0ea4ad743 - - default default] 10.0.0.54 "GET /v2.0/networks HTTP/1.1" status: 200 len: 1493 time: 0.4735413
2026-05-05 18:05:42.882 9 INFO neutron.db.ovn_revision_numbers_db [None req-d57884db-2c90-477a-86c1-808f76a74c9a d34dd20f87b34718b299b3ac21473140 b0d710d888e04ed48108e5e87cc9e022 - - default default] Successfully bumped revision number for resource 79e262cd-0db3-4c12-9629-c33d2e714205 (type: security_group_rules) to 0
2026-05-05 18:05:42.901 9 INFO neutron.wsgi [None req-d57884db-2c90-477a-86c1-808f76a74c9a d34dd20f87b34718b299b3ac21473140 b0d710d888e04ed48108e5e87cc9e022 - - default default] 10.0.0.54 "POST /v2.0/security-groups HTTP/1.1" status: 201 len: 1801 time: 0.6493936
2026-05-05 18:05:42.913 10 WARNING neutron_lib.context [None req-52020c17-5bca-4b86-8b4d-3154ba512753 d34dd20f87b34718b299b3ac21473140 b0d710d888e04ed48108e5e87cc9e022 - - default default] Method 'is_advsvc' is deprecated since 2023.2 release (neutron-lib 3.8.0) and will be removed once support for the old RBAC API policies will be removed from Neutron. Please use method 'is_service_role' instead.
2026-05-05 18:05:42.988 9 INFO neutron.wsgi [req-37a44375-e89d-4ff2-b0ae-f3ae5353a6ae req-d2cabc88-9598-41b2-bdec-7f7b79c43d04 df25b35106eb4d6faf1d6df805a2de63 7b9846b1c2c64e70894d0dc0ea4ad743 - - default default] 10.0.0.199 "GET /v2.0/security-groups?name=tempest-secgroup-smoke-1082381449&fields=id&tenant_id=7b9846b1c2c64e70894d0dc0ea4ad743 HTTP/1.1" status: 200 len: 267 time: 0.0490756
2026-05-05 18:05:43.058 9 INFO neutron.wsgi [req-37a44375-e89d-4ff2-b0ae-f3ae5353a6ae req-ad717427-c99b-41ae-b77d-e2bd8976a4fb df25b35106eb4d6faf1d6df805a2de63 7b9846b1c2c64e70894d0dc0ea4ad743 - - default default] 10.0.0.199 "GET /v2.0/networks?id=76cb9019-ecbd-4f39-8255-a3a72672f326 HTTP/1.1" status: 200 len: 860 time: 0.0572681
2026-05-05 18:05:43.077 9 INFO neutron.wsgi [req-37a44375-e89d-4ff2-b0ae-f3ae5353a6ae req-09f252d0-0a1b-45e1-b174-03bcf0d0cef9 df25b35106eb4d6faf1d6df805a2de63 7b9846b1c2c64e70894d0dc0ea4ad743 - - default default] 10.0.0.199 "GET /v2.0/quotas/7b9846b1c2c64e70894d0dc0ea4ad743 HTTP/1.1" status: 200 len: 491 time: 0.0124753
2026-05-05 18:05:43.173 9 INFO neutron.wsgi [req-37a44375-e89d-4ff2-b0ae-f3ae5353a6ae req-991aa0ca-75ab-44c4-9453-c72ef211204a df25b35106eb4d6faf1d6df805a2de63 7b9846b1c2c64e70894d0dc0ea4ad743 - - default default] 10.0.0.199 "GET /v2.0/ports?tenant_id=7b9846b1c2c64e70894d0dc0ea4ad743&fields=id HTTP/1.1" status: 200 len: 348 time: 0.0913565
2026-05-05 18:05:43.265 9 INFO neutron.wsgi [req-37a44375-e89d-4ff2-b0ae-f3ae5353a6ae req-ec3c2d04-fc10-4389-b5c2-2dd738953ffa a3e87700221945f8a13cad7485063661 724c96a0522c42668b3b2aee66aaa337 - - 7858ee4fb5f245e588d2235dddbb4443 7858ee4fb5f245e588d2235dddbb4443] 10.0.0.199 "GET /v2.0/networks/76cb9019-ecbd-4f39-8255-a3a72672f326?fields=segments HTTP/1.1" status: 200 len: 212 time: 0.0776832
2026-05-05 18:05:43.291 10 INFO neutron.db.ovn_revision_numbers_db [None req-52020c17-5bca-4b86-8b4d-3154ba512753 d34dd20f87b34718b299b3ac21473140 b0d710d888e04ed48108e5e87cc9e022 - - default default] Successfully bumped revision number for resource 8b8c5623-f6ff-479f-a12f-34e5cb531237 (type: security_groups) to 1
2026-05-05 18:05:43.304 10 INFO neutron.db.ovn_revision_numbers_db [None req-52020c17-5bca-4b86-8b4d-3154ba512753 d34dd20f87b34718b299b3ac21473140 b0d710d888e04ed48108e5e87cc9e022 - - default default] Successfully bumped revision number for resource 6d4194e2-5701-4239-beb2-47ee75455753 (type: security_group_rules) to 0
2026-05-05 18:05:43.318 10 INFO neutron.db.ovn_revision_numbers_db [None req-52020c17-5bca-4b86-8b4d-3154ba512753 d34dd20f87b34718b299b3ac21473140 b0d710d888e04ed48108e5e87cc9e022 - - default default] Successfully bumped revision number for resource e08146fe-09fc-473c-8472-fa0a2ea14199 (type: security_group_rules) to 0
2026-05-05 18:05:43.335 10 INFO neutron.wsgi [None req-52020c17-5bca-4b86-8b4d-3154ba512753 d34dd20f87b34718b299b3ac21473140 b0d710d888e04ed48108e5e87cc9e022 - - default default] 10.0.0.54 "POST /v2.0/security-groups HTTP/1.1" status: 201 len: 1801 time: 0.4272645
2026-05-05 18:05:43.344 10 WARNING neutron_lib.context [None req-a6a825fd-2a99-4032-8248-12635ce72612 d34dd20f87b34718b299b3ac21473140 b0d710d888e04ed48108e5e87cc9e022 - - default default] Method 'is_advsvc' is deprecated since 2023.2 release (neutron-lib 3.8.0) and will be removed once support for the old RBAC API policies will be removed from Neutron. Please use method 'is_service_role' instead.
2026-05-05 18:05:43.345 9 INFO neutron.wsgi [req-37a44375-e89d-4ff2-b0ae-f3ae5353a6ae req-8112a062-d53d-4063-871a-25756a18233c a3e87700221945f8a13cad7485063661 724c96a0522c42668b3b2aee66aaa337 - - 7858ee4fb5f245e588d2235dddbb4443 7858ee4fb5f245e588d2235dddbb4443] 10.0.0.199 "GET /v2.0/networks/76cb9019-ecbd-4f39-8255-a3a72672f326?fields=provider%3Aphysical_network&fields=provider%3Anetwork_type HTTP/1.1" status: 200 len: 277 time: 0.0706661
2026-05-05 18:05:43.454 10 INFO neutron.db.ovn_revision_numbers_db [None req-a6a825fd-2a99-4032-8248-12635ce72612 d34dd20f87b34718b299b3ac21473140 b0d710d888e04ed48108e5e87cc9e022 - - default default] Successfully bumped revision number for resource 17fac4ce-68e3-4bfa-b837-d955ac61903a (type: security_groups) to 1
2026-05-05 18:05:43.467 10 INFO neutron.db.ovn_revision_numbers_db [None req-a6a825fd-2a99-4032-8248-12635ce72612 d34dd20f87b34718b299b3ac21473140 b0d710d888e04ed48108e5e87cc9e022 - - default default] Successfully bumped revision number for resource 332daced-6b94-4544-8275-f1926b6a90b4 (type: security_group_rules) to 0
2026-05-05 18:05:43.480 10 INFO neutron.db.ovn_revision_numbers_db [None req-a6a825fd-2a99-4032-8248-12635ce72612 d34dd20f87b34718b299b3ac21473140 b0d710d888e04ed48108e5e87cc9e022 - - default default] Successfully bumped revision number for resource ffc59c1a-7493-414d-80a0-e9831e213b6f (type: security_group_rules) to 0
2026-05-05 18:05:43.506 10 INFO neutron.wsgi [None req-a6a825fd-2a99-4032-8248-12635ce72612 d34dd20f87b34718b299b3ac21473140 b0d710d888e04ed48108e5e87cc9e022 - - default default] 10.0.0.54 "POST /v2.0/security-groups HTTP/1.1" status: 201 len: 1801 time: 0.1657124
2026-05-05 18:05:43.516 10 INFO neutron.wsgi [req-025711ee-4dcc-45a4-8249-5ca86b7cc613 req-b925418f-af04-4303-b129-d64ab5cc3807 df25b35106eb4d6faf1d6df805a2de63 7b9846b1c2c64e70894d0dc0ea4ad743 - - default default] 10.0.0.199 "GET /v2.0/ports?device_id=d6cba4b2-e3cb-44fa-8e5d-150366120b54 HTTP/1.1" status: 200 len: 210 time: 0.0286019
2026-05-05 18:05:43.520 9 WARNING neutron_lib.context [None req-5fe8b84f-dd32-44c6-9f98-e340beb10cfd d34dd20f87b34718b299b3ac21473140 b0d710d888e04ed48108e5e87cc9e022 - - default default] Method 'is_advsvc' is deprecated since 2023.2 release (neutron-lib 3.8.0) and will be removed once support for the old RBAC API policies will be removed from Neutron. Please use method 'is_service_role' instead.
2026-05-05 18:05:43.679 9 INFO neutron.db.ovn_revision_numbers_db [None req-5fe8b84f-dd32-44c6-9f98-e340beb10cfd d34dd20f87b34718b299b3ac21473140 b0d710d888e04ed48108e5e87cc9e022 - - default default] Successfully bumped revision number for resource b8e5a7ff-0d21-4a25-87c9-65115276607d (type: security_groups) to 1
2026-05-05 18:05:43.696 9 INFO neutron.db.ovn_revision_numbers_db [None req-5fe8b84f-dd32-44c6-9f98-e340beb10cfd d34dd20f87b34718b299b3ac21473140 b0d710d888e04ed48108e5e87cc9e022 - - default default] Successfully bumped revision number for resource 62c04637-2987-451e-b8ca-af85d1313b01 (type: security_group_rules) to 0
2026-05-05 18:05:43.722 9 INFO neutron.db.ovn_revision_numbers_db [None req-5fe8b84f-dd32-44c6-9f98-e340beb10cfd d34dd20f87b34718b299b3ac21473140 b0d710d888e04ed48108e5e87cc9e022 - - default default] Successfully bumped revision number for resource 8747952c-8715-4f49-9097-b6d3403157ba (type: security_group_rules) to 0
2026-05-05 18:05:43.763 9 INFO neutron.wsgi [None req-5fe8b84f-dd32-44c6-9f98-e340beb10cfd d34dd20f87b34718b299b3ac21473140 b0d710d888e04ed48108e5e87cc9e022 - - default default] 10.0.0.54 "POST /v2.0/security-groups HTTP/1.1" status: 201 len: 1801 time: 0.2516818
2026-05-05 18:05:43.778 10 WARNING neutron_lib.context [None req-737bad64-a47a-4cc9-b860-e561ce44bd40 d34dd20f87b34718b299b3ac21473140 b0d710d888e04ed48108e5e87cc9e022 - - default default] Method 'is_advsvc' is deprecated since 2023.2 release (neutron-lib 3.8.0) and will be removed once support for the old RBAC API policies will be removed from Neutron. Please use method 'is_service_role' instead.
2026-05-05 18:05:43.900 10 INFO neutron.db.ovn_revision_numbers_db [None req-737bad64-a47a-4cc9-b860-e561ce44bd40 d34dd20f87b34718b299b3ac21473140 b0d710d888e04ed48108e5e87cc9e022 - - default default] Successfully bumped revision number for resource 8f792645-b674-4376-943b-a693b9d10aad (type: security_groups) to 1
2026-05-05 18:05:43.924 10 INFO neutron.db.ovn_revision_numbers_db [None req-737bad64-a47a-4cc9-b860-e561ce44bd40 d34dd20f87b34718b299b3ac21473140 b0d710d888e04ed48108e5e87cc9e022 - - default default] Successfully bumped revision number for resource bfd6c4b8-14be-45fd-8bc1-2604b3a3789b (type: security_group_rules) to 0
2026-05-05 18:05:43.939 10 INFO neutron.db.ovn_revision_numbers_db [None req-737bad64-a47a-4cc9-b860-e561ce44bd40 d34dd20f87b34718b299b3ac21473140 b0d710d888e04ed48108e5e87cc9e022 - - default default] Successfully bumped revision number for resource c2c9336c-157b-4275-b86c-c9ac8befaf08 (type: security_group_rules) to 0
2026-05-05 18:05:43.974 10 INFO neutron.wsgi [None req-737bad64-a47a-4cc9-b860-e561ce44bd40 d34dd20f87b34718b299b3ac21473140 b0d710d888e04ed48108e5e87cc9e022 - - default default] 10.0.0.54 "POST /v2.0/security-groups HTTP/1.1" status: 201 len: 1801 time: 0.2042220
2026-05-05 18:05:44.037 10 INFO neutron.wsgi [None req-a0e99cc5-c893-45db-aca0-98e6e7c5bdbd d34dd20f87b34718b299b3ac21473140 b0d710d888e04ed48108e5e87cc9e022 - - default default] 10.0.0.54 "PUT /v2.0/security-groups/774c2089-3677-4372-888e-5f623912e3f1/tags HTTP/1.1" status: 200 len: 210 time: 0.0530696
2026-05-05 18:05:44.081 10 INFO neutron.wsgi [None req-98e68ab8-389e-419f-aec1-96e9ab990688 d34dd20f87b34718b299b3ac21473140 b0d710d888e04ed48108e5e87cc9e022 - - default default] 10.0.0.54 "PUT /v2.0/security-groups/8b8c5623-f6ff-479f-a12f-34e5cb531237/tags HTTP/1.1" status: 200 len: 218 time: 0.0403271
2026-05-05 18:05:44.123 10 INFO neutron.wsgi [None req-dced5e29-ea70-42ce-aba0-242c831f7343 d34dd20f87b34718b299b3ac21473140 b0d710d888e04ed48108e5e87cc9e022 - - default default] 10.0.0.54 "PUT /v2.0/security-groups/17fac4ce-68e3-4bfa-b837-d955ac61903a/tags HTTP/1.1" status: 200 len: 227 time: 0.0368135
2026-05-05 18:05:44.161 10 INFO neutron.wsgi [None req-f8bada56-99bc-463c-86fb-c1f25eb59db2 d34dd20f87b34718b299b3ac21473140 b0d710d888e04ed48108e5e87cc9e022 - - default default] 10.0.0.54 "PUT /v2.0/security-groups/b8e5a7ff-0d21-4a25-87c9-65115276607d/tags HTTP/1.1" status: 200 len: 212 time: 0.0345693
2026-05-05 18:05:44.234 9 INFO neutron.wsgi [None req-88242766-bf1a-406a-a35f-64bf9dd8eeec d34dd20f87b34718b299b3ac21473140 b0d710d888e04ed48108e5e87cc9e022 - - default default] 10.0.0.54 "GET /v2.0/security-groups?tags=red HTTP/1.1" status: 200 len: 4999 time: 0.0694072
2026-05-05 18:05:44.295 10 INFO neutron.wsgi [req-37a44375-e89d-4ff2-b0ae-f3ae5353a6ae req-1b5c716a-f695-47a5-b5ce-e8ad31ce48ac df25b35106eb4d6faf1d6df805a2de63 7b9846b1c2c64e70894d0dc0ea4ad743 - - default default] 199.204.45.38 "GET /v2.0/networks?id=76cb9019-ecbd-4f39-8255-a3a72672f326 HTTP/1.1" status: 200 len: 860 time: 0.0703843
2026-05-05 18:05:44.307 9 INFO neutron.wsgi [None req-cb73e401-0486-4a06-8c29-e206d6877bd7 d34dd20f87b34718b299b3ac21473140 b0d710d888e04ed48108e5e87cc9e022 - - default default] 10.0.0.54 "GET /v2.0/security-groups?tags=red%2Cblue HTTP/1.1" status: 200 len: 3413 time: 0.0692697
2026-05-05 18:05:44.366 10 INFO neutron.wsgi [req-37a44375-e89d-4ff2-b0ae-f3ae5353a6ae req-582cfccb-a165-4bb8-b948-b387171b901b df25b35106eb4d6faf1d6df805a2de63 7b9846b1c2c64e70894d0dc0ea4ad743 - - default default] 199.204.45.38 "GET /v2.0/security-groups?fields=id&fields=name&tenant_id=7b9846b1c2c64e70894d0dc0ea4ad743 HTTP/1.1" status: 200 len: 472 time: 0.0663114
2026-05-05 18:05:44.369 10 INFO neutron.wsgi [None req-1efaa290-2b98-4d60-b561-6a70ce39b7b5 d34dd20f87b34718b299b3ac21473140 b0d710d888e04ed48108e5e87cc9e022 - - default default] 10.0.0.54 "GET /v2.0/security-groups?tags-any=blue HTTP/1.1" status: 200 len: 3413 time: 0.0567458
2026-05-05 18:05:44.383 10 WARNING neutron_lib.context [req-37a44375-e89d-4ff2-b0ae-f3ae5353a6ae req-e3099805-9aa6-4cd9-a3ad-1d18a14bdea5 df25b35106eb4d6faf1d6df805a2de63 7b9846b1c2c64e70894d0dc0ea4ad743 - - default default] Method 'is_advsvc' is deprecated since 2023.2 release (neutron-lib 3.8.0) and will be removed once support for the old RBAC API policies will be removed from Neutron. Please use method 'is_service_role' instead.
2026-05-05 18:05:44.457 10 INFO neutron.wsgi [None req-03a1ae16-a148-4275-a9e0-dd0e44a55609 d34dd20f87b34718b299b3ac21473140 b0d710d888e04ed48108e5e87cc9e022 - - default default] 10.0.0.54 "GET /v2.0/security-groups?tags-any=red%2Cblue HTTP/1.1" status: 200 len: 4999 time: 0.0853553
2026-05-05 18:05:44.514 9 INFO neutron.wsgi [None req-ae299b4d-6299-450b-99fa-2d9689f85ac4 d34dd20f87b34718b299b3ac21473140 b0d710d888e04ed48108e5e87cc9e022 - - default default] 10.0.0.54 "GET /v2.0/security-groups?not-tags=red HTTP/1.1" status: 200 len: 6289 time: 0.0469851
2026-05-05 18:05:44.573 9 INFO neutron.wsgi [None req-49cd6ce6-7036-4886-8737-2eb4248f488d d34dd20f87b34718b299b3ac21473140 b0d710d888e04ed48108e5e87cc9e022 - - default default] 10.0.0.54 "GET /v2.0/security-groups?not-tags=red%2Cblue HTTP/1.1" status: 200 len: 7875 time: 0.0522859
2026-05-05 18:05:44.609 9 INFO neutron.wsgi [req-82ef6ff5-d614-4edf-9287-92da194063c8 req-d28e3883-225c-4734-8062-04d5fb74a3b9 df25b35106eb4d6faf1d6df805a2de63 7b9846b1c2c64e70894d0dc0ea4ad743 - - default default] 10.0.0.199 "GET /v2.0/ports?device_id=d6cba4b2-e3cb-44fa-8e5d-150366120b54 HTTP/1.1" status: 200 len: 210 time: 0.0256603
2026-05-05 18:05:44.639 9 INFO neutron.wsgi [None req-4eec6837-7bb7-4b7c-bcbf-df951df53991 d34dd20f87b34718b299b3ac21473140 b0d710d888e04ed48108e5e87cc9e022 - - default default] 10.0.0.54 "GET /v2.0/security-groups?not-tags-any=blue HTTP/1.1" status: 200 len: 7875 time: 0.0610948
2026-05-05 18:05:44.693 9 INFO neutron.wsgi [None req-a601ad1b-170d-4efd-994c-5408938a664f d34dd20f87b34718b299b3ac21473140 b0d710d888e04ed48108e5e87cc9e022 - - default default] 10.0.0.54 "GET /v2.0/security-groups?not-tags-any=red%2Cblue HTTP/1.1" status: 200 len: 6289 time: 0.0468812
2026-05-05 18:05:44.788 10 WARNING neutron.scheduler.dhcp_agent_scheduler [req-37a44375-e89d-4ff2-b0ae-f3ae5353a6ae req-e3099805-9aa6-4cd9-a3ad-1d18a14bdea5 df25b35106eb4d6faf1d6df805a2de63 7b9846b1c2c64e70894d0dc0ea4ad743 - - default default] No more DHCP agents
2026-05-05 18:05:44.791 10 WARNING neutron.api.rpc.agentnotifiers.dhcp_rpc_agent_api [req-37a44375-e89d-4ff2-b0ae-f3ae5353a6ae req-e3099805-9aa6-4cd9-a3ad-1d18a14bdea5 df25b35106eb4d6faf1d6df805a2de63 7b9846b1c2c64e70894d0dc0ea4ad743 - - default default] Unable to schedule network 76cb9019-ecbd-4f39-8255-a3a72672f326: no agents available; will retry on subsequent port and subnet creation events.
2026-05-05 18:05:44.813 9 INFO neutron.wsgi [None req-a63e3e6b-14f2-4f64-9e9a-51ff95ff79d1 d34dd20f87b34718b299b3ac21473140 b0d710d888e04ed48108e5e87cc9e022 - - default default] 10.0.0.54 "DELETE /v2.0/security-groups/774c2089-3677-4372-888e-5f623912e3f1 HTTP/1.1" status: 204 len: 168 time: 0.1132617
2026-05-05 18:05:44.967 9 INFO neutron.wsgi [None req-380577a7-5ae8-47e2-a52f-9991dc1975d4 d34dd20f87b34718b299b3ac21473140 b0d710d888e04ed48108e5e87cc9e022 - - default default] 10.0.0.54 "DELETE /v2.0/security-groups/8b8c5623-f6ff-479f-a12f-34e5cb531237 HTTP/1.1" status: 204 len: 168 time: 0.1480093
2026-05-05 18:05:44.967 10 INFO neutron.db.ovn_revision_numbers_db [req-37a44375-e89d-4ff2-b0ae-f3ae5353a6ae req-e3099805-9aa6-4cd9-a3ad-1d18a14bdea5 df25b35106eb4d6faf1d6df805a2de63 7b9846b1c2c64e70894d0dc0ea4ad743 - - default default] Successfully bumped revision number for resource b8e310cf-771b-469a-8c2c-e7a7e5df9b21 (type: ports) to 1 /var/lib/openstack/lib/python3.10/site-packages/pycadf/identifier.py:71: UserWarning: Invalid uuid: neutron. To ensure interoperability, identifiers should be a valid uuid. warnings.warn(('Invalid uuid: %s. To ensure interoperability, '
2026-05-05 18:05:45.009 10 INFO neutron.wsgi [req-37a44375-e89d-4ff2-b0ae-f3ae5353a6ae req-e3099805-9aa6-4cd9-a3ad-1d18a14bdea5 df25b35106eb4d6faf1d6df805a2de63 7b9846b1c2c64e70894d0dc0ea4ad743 - - default default] 199.204.45.38 "POST /v2.0/ports HTTP/1.1" status: 201 len: 1158 time: 0.6379459
2026-05-05 18:05:45.160 10 INFO neutron.wsgi [None req-88c71584-9dcf-4d56-8ebc-2cd2539cf507 d34dd20f87b34718b299b3ac21473140 b0d710d888e04ed48108e5e87cc9e022 - - default default] 10.0.0.54 "DELETE /v2.0/security-groups/17fac4ce-68e3-4bfa-b837-d955ac61903a HTTP/1.1" status: 204 len: 168 time: 0.1878304
2026-05-05 18:05:45.307 9 INFO neutron.wsgi [None req-82730a03-31e0-4983-962f-c5c03b1b0653 d34dd20f87b34718b299b3ac21473140 b0d710d888e04ed48108e5e87cc9e022 - - default default] 10.0.0.54 "DELETE /v2.0/security-groups/b8e5a7ff-0d21-4a25-87c9-65115276607d HTTP/1.1" status: 204 len: 168 time: 0.1393883 /var/lib/openstack/lib/python3.10/site-packages/pycadf/identifier.py:71: UserWarning: Invalid uuid: neutron. To ensure interoperability, identifiers should be a valid uuid. warnings.warn(('Invalid uuid: %s. To ensure interoperability, '
2026-05-05 18:05:45.488 9 INFO neutron.wsgi [None req-8555c491-4434-469f-8ca6-bc0de0a69a78 d34dd20f87b34718b299b3ac21473140 b0d710d888e04ed48108e5e87cc9e022 - - default default] 10.0.0.54 "DELETE /v2.0/security-groups/8f792645-b674-4376-943b-a693b9d10aad HTTP/1.1" status: 204 len: 168 time: 0.1747735
2026-05-05 18:05:45.569 10 INFO neutron.wsgi [req-968d9cd1-b441-4696-a37e-01648ea89cef req-726e0e27-99a2-4606-9f29-4197b03d598c fb2afeecc1484fd79e92fd6a01896647 6715395e5c1a4bb3918503245ecb89ef - - default default] 10.0.0.199 "GET /v2.0/ports?device_id=386d3abf-e31f-45b6-baab-0f0a59443c10 HTTP/1.1" status: 200 len: 1174 time: 0.1412504
2026-05-05 18:05:45.627 10 INFO neutron.wsgi [req-968d9cd1-b441-4696-a37e-01648ea89cef req-4d79adfe-c7ba-47a1-8f25-f923f9e00731 fb2afeecc1484fd79e92fd6a01896647 6715395e5c1a4bb3918503245ecb89ef - - default default] 10.0.0.199 "GET /v2.0/security-groups?id=29727ac1-74a2-49ee-a176-7a3ba988a23e&fields=id&fields=name HTTP/1.1" status: 200 len: 312 time: 0.0521493
2026-05-05 18:05:45.628 10 INFO neutron.db.ovn_revision_numbers_db [req-37a44375-e89d-4ff2-b0ae-f3ae5353a6ae req-6a27a6db-a659-4733-9412-db4ea2488055 a3e87700221945f8a13cad7485063661 724c96a0522c42668b3b2aee66aaa337 - - 7858ee4fb5f245e588d2235dddbb4443 7858ee4fb5f245e588d2235dddbb4443] Successfully bumped revision number for resource b8e310cf-771b-469a-8c2c-e7a7e5df9b21 (type: ports) to 2
2026-05-05 18:05:45.732 9 INFO neutron.wsgi [req-2886a471-6ee2-40c4-b876-9190537a1bc0 req-68344012-b5fe-4d0b-9aec-8f93dfc2afd5 df25b35106eb4d6faf1d6df805a2de63 7b9846b1c2c64e70894d0dc0ea4ad743 - - default default] 10.0.0.199 "GET /v2.0/ports?device_id=d6cba4b2-e3cb-44fa-8e5d-150366120b54 HTTP/1.1" status: 200 len: 1168 time: 0.0462573
2026-05-05 18:05:45.795 9 INFO neutron.wsgi [req-2886a471-6ee2-40c4-b876-9190537a1bc0 req-81d0df41-2ad3-46bd-971e-0fe287562664 df25b35106eb4d6faf1d6df805a2de63 7b9846b1c2c64e70894d0dc0ea4ad743 - - default default] 10.0.0.199 "GET /v2.0/security-groups?id=2dc1ee30-45ae-4a97-9532-d6cd2cb8ddec&fields=id&fields=name HTTP/1.1" status: 200 len: 313 time: 0.0551794 /var/lib/openstack/lib/python3.10/site-packages/pycadf/identifier.py:71: UserWarning: Invalid uuid: neutron. To ensure interoperability, identifiers should be a valid uuid. warnings.warn(('Invalid uuid: %s. To ensure interoperability, '
2026-05-05 18:05:45.873 10 INFO neutron.wsgi [req-b6ce531d-30b7-488b-b0ab-4852989ba6f7 req-620fac8e-989a-40f3-b94f-2e8f38ba0bb3 fb2afeecc1484fd79e92fd6a01896647 6715395e5c1a4bb3918503245ecb89ef - - default default] 10.0.0.199 "GET /v2.0/ports?device_id=386d3abf-e31f-45b6-baab-0f0a59443c10 HTTP/1.1" status: 200 len: 1174 time: 0.0473943
2026-05-05 18:05:45.878 10 INFO neutron.plugins.ml2.drivers.ovn.mech_driver.mech_driver [None req-441a7c56-4fe4-4595-b3d7-1091a20e8025 - - - - - -] OVN reports status down for port: 64771fd7-318c-40c2-805c-5380097b1672
2026-05-05 18:05:45.882 10 INFO neutron.db.ovn_revision_numbers_db [req-37a44375-e89d-4ff2-b0ae-f3ae5353a6ae req-6a27a6db-a659-4733-9412-db4ea2488055 a3e87700221945f8a13cad7485063661 724c96a0522c42668b3b2aee66aaa337 - - 7858ee4fb5f245e588d2235dddbb4443 7858ee4fb5f245e588d2235dddbb4443] Successfully bumped revision number for resource b8e310cf-771b-469a-8c2c-e7a7e5df9b21 (type: ports) to 2
2026-05-05 18:05:45.925 10 INFO neutron.wsgi [req-37a44375-e89d-4ff2-b0ae-f3ae5353a6ae req-6a27a6db-a659-4733-9412-db4ea2488055 a3e87700221945f8a13cad7485063661 724c96a0522c42668b3b2aee66aaa337 - - 7858ee4fb5f245e588d2235dddbb4443 7858ee4fb5f245e588d2235dddbb4443] 199.204.45.38 "PUT /v2.0/ports/b8e310cf-771b-469a-8c2c-e7a7e5df9b21 HTTP/1.1" status: 200 len: 1376 time: 0.9042387
2026-05-05 18:05:45.976 10 INFO neutron.notifiers.nova [-] Nova event matching ['req-3435d078-a36d-4358-acac-cc94e9465bce'] response: {'name': 'network-changed', 'server_uuid': 'd6cba4b2-e3cb-44fa-8e5d-150366120b54', 'tag': 'b8e310cf-771b-469a-8c2c-e7a7e5df9b21', 'status': 'completed', 'code': 200}
2026-05-05 18:05:45.981 10 INFO neutron.wsgi [req-b6ce531d-30b7-488b-b0ab-4852989ba6f7 req-1f24c416-426e-4e7a-9108-85476001501b fb2afeecc1484fd79e92fd6a01896647 6715395e5c1a4bb3918503245ecb89ef - - default default] 10.0.0.199 "GET /v2.0/security-groups?id=29727ac1-74a2-49ee-a176-7a3ba988a23e&fields=id&fields=name HTTP/1.1" status: 200 len: 312 time: 0.1009319
2026-05-05 18:05:46.046 10 INFO neutron.wsgi [req-37a44375-e89d-4ff2-b0ae-f3ae5353a6ae req-526c3acd-86da-4291-821c-8868ed63e573 a3e87700221945f8a13cad7485063661 724c96a0522c42668b3b2aee66aaa337 - - 7858ee4fb5f245e588d2235dddbb4443 7858ee4fb5f245e588d2235dddbb4443] 199.204.45.38 "GET /v2.0/ports?tenant_id=7b9846b1c2c64e70894d0dc0ea4ad743&device_id=d6cba4b2-e3cb-44fa-8e5d-150366120b54 HTTP/1.1" status: 200 len: 1407 time: 0.0695555
2026-05-05 18:05:46.083 10 INFO neutron.wsgi [req-37a44375-e89d-4ff2-b0ae-f3ae5353a6ae req-369a6d88-0ebb-4bce-8ed1-59c7a31148b2 a3e87700221945f8a13cad7485063661 724c96a0522c42668b3b2aee66aaa337 - - 7858ee4fb5f245e588d2235dddbb4443 7858ee4fb5f245e588d2235dddbb4443] 199.204.45.38 "GET /v2.0/floatingips?fixed_ip_address=10.100.0.9&port_id=b8e310cf-771b-469a-8c2c-e7a7e5df9b21 HTTP/1.1" status: 200 len: 217 time: 0.0300457
2026-05-05 18:05:46.130 10 INFO neutron.wsgi [req-37a44375-e89d-4ff2-b0ae-f3ae5353a6ae req-ff952513-359a-45a8-954c-a4fd66a6de8b a3e87700221945f8a13cad7485063661 724c96a0522c42668b3b2aee66aaa337 - - 7858ee4fb5f245e588d2235dddbb4443 7858ee4fb5f245e588d2235dddbb4443] 199.204.45.38 "GET /v2.0/subnets?id=765605a1-5482-4785-a92a-33200c63465f HTTP/1.1" status: 200 len: 853 time: 0.0402846
2026-05-05 18:05:46.176 10 INFO neutron.wsgi [req-37a44375-e89d-4ff2-b0ae-f3ae5353a6ae req-39f60654-89f8-4ed3-b81a-c072587a29c4 a3e87700221945f8a13cad7485063661 724c96a0522c42668b3b2aee66aaa337 - - 7858ee4fb5f245e588d2235dddbb4443 7858ee4fb5f245e588d2235dddbb4443] 199.204.45.38 "GET /v2.0/ports?network_id=76cb9019-ecbd-4f39-8255-a3a72672f326&device_owner=network%3Adhcp HTTP/1.1" status: 200 len: 210 time: 0.0314925
2026-05-05 18:05:46.259 10 INFO neutron.wsgi [req-37a44375-e89d-4ff2-b0ae-f3ae5353a6ae req-0f5e873d-19bc-4599-9da4-aa9e781fc71a a3e87700221945f8a13cad7485063661 724c96a0522c42668b3b2aee66aaa337 - - 7858ee4fb5f245e588d2235dddbb4443 7858ee4fb5f245e588d2235dddbb4443] 199.204.45.38 "GET /v2.0/networks/76cb9019-ecbd-4f39-8255-a3a72672f326?fields=segments HTTP/1.1" status: 200 len: 212 time: 0.0785565
2026-05-05 18:05:46.276 9 INFO neutron.wsgi [req-5ef5c628-8d2f-49b6-b192-1eca19e8063c req-7ea53823-5bcc-4f0b-8243-7f7d843cf8b3 fb2afeecc1484fd79e92fd6a01896647 6715395e5c1a4bb3918503245ecb89ef - - default default] 199.204.45.38 "GET /v2.0/ports?device_id=386d3abf-e31f-45b6-baab-0f0a59443c10 HTTP/1.1" status: 200 len: 1172 time: 0.1097732
2026-05-05 18:05:46.359 10 INFO neutron.wsgi [req-37a44375-e89d-4ff2-b0ae-f3ae5353a6ae req-6189057c-52c7-48be-b0b9-3142bc8a2cc2 a3e87700221945f8a13cad7485063661 724c96a0522c42668b3b2aee66aaa337 - - 7858ee4fb5f245e588d2235dddbb4443 7858ee4fb5f245e588d2235dddbb4443] 199.204.45.38 "GET /v2.0/networks/76cb9019-ecbd-4f39-8255-a3a72672f326?fields=provider%3Aphysical_network&fields=provider%3Anetwork_type HTTP/1.1" status: 200 len: 277 time: 0.0931351
2026-05-05 18:05:46.375 10 INFO neutron.db.ovn_revision_numbers_db [None req-441a7c56-4fe4-4595-b3d7-1091a20e8025 - - - - - -] Successfully bumped revision number for resource 64771fd7-318c-40c2-805c-5380097b1672 (type: ports) to 7
2026-05-05 18:05:46.457 10 INFO neutron.wsgi [req-17997fc8-f89f-4c94-8c45-b01e83541040 req-51501069-30af-4c07-93a0-fed2361bb469 a3e87700221945f8a13cad7485063661 724c96a0522c42668b3b2aee66aaa337 - - 7858ee4fb5f245e588d2235dddbb4443 7858ee4fb5f245e588d2235dddbb4443] 199.204.45.38 "GET /v2.0/ports?tenant_id=7b9846b1c2c64e70894d0dc0ea4ad743&device_id=d6cba4b2-e3cb-44fa-8e5d-150366120b54 HTTP/1.1" status: 200 len: 1407 time: 0.0549929 /var/lib/openstack/lib/python3.10/site-packages/pycadf/identifier.py:71: UserWarning: Invalid uuid: neutron. To ensure interoperability, identifiers should be a valid uuid. warnings.warn(('Invalid uuid: %s. To ensure interoperability, '
2026-05-05 18:05:46.564 10 INFO neutron.wsgi [req-17997fc8-f89f-4c94-8c45-b01e83541040 req-6719c230-d1eb-4b6b-b77a-1f8e0573bb1a a3e87700221945f8a13cad7485063661 724c96a0522c42668b3b2aee66aaa337 - - 7858ee4fb5f245e588d2235dddbb4443 7858ee4fb5f245e588d2235dddbb4443] 199.204.45.38 "GET /v2.0/networks?id=76cb9019-ecbd-4f39-8255-a3a72672f326 HTTP/1.1" status: 200 len: 958 time: 0.0983207
2026-05-05 18:05:46.600 10 INFO neutron.plugins.ml2.drivers.ovn.mech_driver.mech_driver [None req-441a7c56-4fe4-4595-b3d7-1091a20e8025 - - - - - -] OVN reports status up for port: b8e310cf-771b-469a-8c2c-e7a7e5df9b21
2026-05-05 18:05:46.605 10 INFO neutron.wsgi [req-17997fc8-f89f-4c94-8c45-b01e83541040 req-fef3aba3-62b2-4370-bd43-dc7b712d50c0 a3e87700221945f8a13cad7485063661 724c96a0522c42668b3b2aee66aaa337 - - 7858ee4fb5f245e588d2235dddbb4443 7858ee4fb5f245e588d2235dddbb4443] 199.204.45.38 "GET /v2.0/floatingips?fixed_ip_address=10.100.0.9&port_id=b8e310cf-771b-469a-8c2c-e7a7e5df9b21 HTTP/1.1" status: 200 len: 217 time: 0.0351367
2026-05-05 18:05:46.624 10 INFO neutron.plugins.ml2.plugin [None req-441a7c56-4fe4-4595-b3d7-1091a20e8025 - - - - - -] Attempt 1 to provision port b8e310cf-771b-469a-8c2c-e7a7e5df9b21
2026-05-05 18:05:46.662 10 INFO neutron.wsgi [req-17997fc8-f89f-4c94-8c45-b01e83541040 req-cb7c1875-1d8d-42a9-999a-558ef83e8578 a3e87700221945f8a13cad7485063661 724c96a0522c42668b3b2aee66aaa337 - - 7858ee4fb5f245e588d2235dddbb4443 7858ee4fb5f245e588d2235dddbb4443] 199.204.45.38 "GET /v2.0/subnets?id=765605a1-5482-4785-a92a-33200c63465f HTTP/1.1" status: 200 len: 853 time: 0.0487881
2026-05-05 18:05:46.698 10 INFO neutron.wsgi [req-17997fc8-f89f-4c94-8c45-b01e83541040 req-80d57751-1040-4a37-ae0c-4ba657e89f06 a3e87700221945f8a13cad7485063661 724c96a0522c42668b3b2aee66aaa337 - - 7858ee4fb5f245e588d2235dddbb4443 7858ee4fb5f245e588d2235dddbb4443] 199.204.45.38 "GET /v2.0/ports?network_id=76cb9019-ecbd-4f39-8255-a3a72672f326&device_owner=network%3Adhcp HTTP/1.1" status: 200 len: 210 time: 0.0258315
2026-05-05 18:05:46.780 10 INFO neutron.wsgi [req-17997fc8-f89f-4c94-8c45-b01e83541040 req-182d9dbd-f9e4-4e1a-b303-51bc9e91ea84 a3e87700221945f8a13cad7485063661 724c96a0522c42668b3b2aee66aaa337 - - 7858ee4fb5f245e588d2235dddbb4443 7858ee4fb5f245e588d2235dddbb4443] 199.204.45.38 "GET /v2.0/networks/76cb9019-ecbd-4f39-8255-a3a72672f326?fields=segments HTTP/1.1" status: 200 len: 212 time: 0.0714779
2026-05-05 18:05:46.859 10 INFO neutron.wsgi [req-17997fc8-f89f-4c94-8c45-b01e83541040 req-63722e24-4593-4658-b463-914b3e276951 a3e87700221945f8a13cad7485063661 724c96a0522c42668b3b2aee66aaa337 - - 7858ee4fb5f245e588d2235dddbb4443 7858ee4fb5f245e588d2235dddbb4443] 199.204.45.38 "GET /v2.0/networks/76cb9019-ecbd-4f39-8255-a3a72672f326?fields=provider%3Aphysical_network&fields=provider%3Anetwork_type HTTP/1.1" status: 200 len: 277 time: 0.0704532
2026-05-05 18:05:46.977 10 INFO neutron.db.ovn_revision_numbers_db [None req-441a7c56-4fe4-4595-b3d7-1091a20e8025 - - - - - -] Successfully bumped revision number for resource b8e310cf-771b-469a-8c2c-e7a7e5df9b21 (type: ports) to 4
2026-05-05 18:05:46.988 9 INFO neutron.wsgi [req-2866e58d-46a2-463d-a640-955cfa030a1d req-d4347cc1-aea4-4000-8ac5-a5856dacfb68 df25b35106eb4d6faf1d6df805a2de63 7b9846b1c2c64e70894d0dc0ea4ad743 - - default default] 10.0.0.199 "GET /v2.0/ports?device_id=d6cba4b2-e3cb-44fa-8e5d-150366120b54 HTTP/1.1" status: 200 len: 1170 time: 0.0714426
2026-05-05 18:05:46.997 9 INFO neutron.wsgi [None req-a4211d4d-b586-4969-8eab-8ef488646e6d 9ca1bdaa54554a71b8685a18f03db938 fff08702b4174297bbbe71aa52d028ce - - default default] 10.0.0.54 "GET /v2.0/security-groups?tenant_id=b0d710d888e04ed48108e5e87cc9e022&name=default HTTP/1.1" status: 200 len: 3120 time: 0.5253417
2026-05-05 18:05:47.068 9 INFO neutron.wsgi [req-2866e58d-46a2-463d-a640-955cfa030a1d req-5a83a79e-5510-4652-9f16-08539ae3c1ca df25b35106eb4d6faf1d6df805a2de63 7b9846b1c2c64e70894d0dc0ea4ad743 - - default default] 10.0.0.199 "GET /v2.0/security-groups?id=2dc1ee30-45ae-4a97-9532-d6cd2cb8ddec&fields=id&fields=name HTTP/1.1" status: 200 len: 313 time: 0.0707641
2026-05-05 18:05:47.075 9 INFO neutron.db.l3_db [req-5ef5c628-8d2f-49b6-b192-1eca19e8063c req-cb2837b2-564a-4a3f-9509-bbce461ca7f0 fb2afeecc1484fd79e92fd6a01896647 6715395e5c1a4bb3918503245ecb89ef - - default default] Floating IP b3dc1c51-7641-483b-b6b8-74140b853dd2 disassociated. External IP: 10.96.250.205, port: 64771fd7-318c-40c2-805c-5380097b1672. /var/lib/openstack/lib/python3.10/site-packages/pycadf/identifier.py:71: UserWarning: Invalid uuid: neutron. To ensure interoperability, identifiers should be a valid uuid. warnings.warn(('Invalid uuid: %s. To ensure interoperability, '
2026-05-05 18:05:47.146 10 INFO neutron.wsgi [req-548c29d7-e2ce-4ce9-90f5-4a1323afaea1 req-cce10bc1-416b-4f4f-b2a0-9123bf21de44 fb2afeecc1484fd79e92fd6a01896647 6715395e5c1a4bb3918503245ecb89ef - - default default] 10.0.0.199 "GET /v2.0/ports?device_id=386d3abf-e31f-45b6-baab-0f0a59443c10 HTTP/1.1" status: 200 len: 1172 time: 0.0599301
2026-05-05 18:05:47.206 10 INFO neutron.wsgi [req-548c29d7-e2ce-4ce9-90f5-4a1323afaea1 req-7842e249-bd15-4259-b1bd-f9229f165188 fb2afeecc1484fd79e92fd6a01896647 6715395e5c1a4bb3918503245ecb89ef - - default default] 10.0.0.199 "GET /v2.0/security-groups?id=29727ac1-74a2-49ee-a176-7a3ba988a23e&fields=id&fields=name HTTP/1.1" status: 200 len: 312 time: 0.0521073
2026-05-05 18:05:47.226 9 INFO neutron.wsgi [req-5ef5c628-8d2f-49b6-b192-1eca19e8063c req-cb2837b2-564a-4a3f-9509-bbce461ca7f0 fb2afeecc1484fd79e92fd6a01896647 6715395e5c1a4bb3918503245ecb89ef - - default default] 199.204.45.38 "DELETE /v2.0/ports/64771fd7-318c-40c2-805c-5380097b1672 HTTP/1.1" status: 204 len: 173 time: 0.9440105
2026-05-05 18:05:47.257 9 INFO neutron.notifiers.nova [-] Nova event matching ['req-42632f3e-f430-4a41-b8ad-ac4ea53b2e34'] response: {'server_uuid': '386d3abf-e31f-45b6-baab-0f0a59443c10', 'name': 'network-vif-deleted', 'tag': '64771fd7-318c-40c2-805c-5380097b1672', 'status': 'completed', 'code': 200}
2026-05-05 18:05:47.319 10 INFO neutron.wsgi [None req-0bd222ba-d7f4-42a4-b007-ace2ddc8fde7 9ca1bdaa54554a71b8685a18f03db938 fff08702b4174297bbbe71aa52d028ce - - default default] 10.0.0.54 "DELETE /v2.0/security-groups/379a5576-38e9-49fd-acce-4ea6960d8501 HTTP/1.1" status: 204 len: 168 time: 0.3133090
2026-05-05 18:05:47.558 9 INFO neutron.db.ovn_revision_numbers_db [None req-fcd6f1ca-5efa-4a9d-a2af-28bbb75a798c 9ca1bdaa54554a71b8685a18f03db938 fff08702b4174297bbbe71aa52d028ce - - default default] Successfully bumped revision number for resource 8454c2c3-93b2-4f43-9546-ec142dbfa159 (type: security_groups) to 1
2026-05-05 18:05:47.576 9 INFO neutron.db.ovn_revision_numbers_db [None req-fcd6f1ca-5efa-4a9d-a2af-28bbb75a798c 9ca1bdaa54554a71b8685a18f03db938 fff08702b4174297bbbe71aa52d028ce - - default default] Successfully bumped revision number for resource 075d9350-982f-42af-8e40-b28394ca02a0 (type: security_group_rules) to 0
2026-05-05 18:05:47.590 9 INFO neutron.db.ovn_revision_numbers_db [None req-fcd6f1ca-5efa-4a9d-a2af-28bbb75a798c 9ca1bdaa54554a71b8685a18f03db938 fff08702b4174297bbbe71aa52d028ce - - default default] Successfully bumped revision number for resource 884c5aef-88b0-4942-a299-4534e43d5302 (type: security_group_rules) to 0
2026-05-05 18:05:47.604 9 INFO neutron.db.ovn_revision_numbers_db [None req-fcd6f1ca-5efa-4a9d-a2af-28bbb75a798c 9ca1bdaa54554a71b8685a18f03db938 fff08702b4174297bbbe71aa52d028ce - - default default] Successfully bumped revision number for resource ddbd4e06-a801-406a-993d-4ef254433c46 (type: security_group_rules) to 0
2026-05-05 18:05:47.617 9 INFO neutron.db.ovn_revision_numbers_db [None req-fcd6f1ca-5efa-4a9d-a2af-28bbb75a798c 9ca1bdaa54554a71b8685a18f03db938 fff08702b4174297bbbe71aa52d028ce - - default default] Successfully bumped revision number for resource ed2c1bf0-d858-4e02-9459-65e184e785e4 (type: security_group_rules) to 0
2026-05-05 18:05:47.646 9 INFO neutron.wsgi [None req-fcd6f1ca-5efa-4a9d-a2af-28bbb75a798c 9ca1bdaa54554a71b8685a18f03db938 fff08702b4174297bbbe71aa52d028ce - - default default] 10.0.0.54 "GET /v2.0/security-groups?tenant_id=3cfd43fb98b24600be409e4ef41ca1a3&name=default HTTP/1.1" status: 200 len: 3120 time: 0.2242167
2026-05-05 18:05:47.901 10 INFO neutron.wsgi [None req-36075080-1833-40de-b069-1288f590ca2d 9ca1bdaa54554a71b8685a18f03db938 fff08702b4174297bbbe71aa52d028ce - - default default] 10.0.0.54 "DELETE /v2.0/security-groups/8454c2c3-93b2-4f43-9546-ec142dbfa159 HTTP/1.1" status: 204 len: 168 time: 0.2486553
2026-05-05 18:05:48.028 10 INFO neutron.notifiers.nova [-] Nova event matching ['req-c0450a5c-c05a-4ffb-b63c-8ce741b8c5cf'] response: {'server_uuid': '386d3abf-e31f-45b6-baab-0f0a59443c10', 'name': 'network-vif-unplugged', 'status': 'completed', 'tag': '64771fd7-318c-40c2-805c-5380097b1672', 'code': 200}
2026-05-05 18:05:48.029 10 INFO neutron.notifiers.nova [-] Nova event matching ['req-c0450a5c-c05a-4ffb-b63c-8ce741b8c5cf'] response: {'server_uuid': '386d3abf-e31f-45b6-baab-0f0a59443c10', 'name': 'network-vif-unplugged', 'status': 'completed', 'tag': '64771fd7-318c-40c2-805c-5380097b1672', 'code': 200}
2026-05-05 18:05:48.029 10 INFO neutron.notifiers.nova [-] Nova event matching ['req-c0450a5c-c05a-4ffb-b63c-8ce741b8c5cf'] response: {'server_uuid': 'd6cba4b2-e3cb-44fa-8e5d-150366120b54', 'name': 'network-vif-plugged', 'status': 'completed', 'tag': 'b8e310cf-771b-469a-8c2c-e7a7e5df9b21', 'code': 200}
2026-05-05 18:05:48.029 10 INFO neutron.notifiers.nova [-] Nova event matching ['req-c0450a5c-c05a-4ffb-b63c-8ce741b8c5cf'] response: {'server_uuid': 'd6cba4b2-e3cb-44fa-8e5d-150366120b54', 'name': 'network-vif-plugged', 'status': 'completed', 'tag': 'b8e310cf-771b-469a-8c2c-e7a7e5df9b21', 'code': 200}
2026-05-05 18:05:48.195 10 INFO neutron.db.ovn_revision_numbers_db [None req-f3773442-27b3-4825-8ab6-8f8417b8f3ca 9ca1bdaa54554a71b8685a18f03db938 fff08702b4174297bbbe71aa52d028ce - - default default] Successfully bumped revision number for resource a264788b-30e4-489e-a738-b8a5a3897e10 (type: security_groups) to 1
2026-05-05 18:05:48.211 10 INFO neutron.db.ovn_revision_numbers_db [None req-f3773442-27b3-4825-8ab6-8f8417b8f3ca 9ca1bdaa54554a71b8685a18f03db938 fff08702b4174297bbbe71aa52d028ce - - default default] Successfully bumped revision number for resource 8c7c3e5b-e2c0-460b-92dd-cd15a42f1416 (type: security_group_rules) to 0
2026-05-05 18:05:48.225 10 INFO neutron.db.ovn_revision_numbers_db [None req-f3773442-27b3-4825-8ab6-8f8417b8f3ca 9ca1bdaa54554a71b8685a18f03db938 fff08702b4174297bbbe71aa52d028ce - - default default] Successfully bumped revision number for resource b597dbb5-bc17-47c4-b9fe-e1e287dbcfae (type: security_group_rules) to 0
2026-05-05 18:05:48.239 10 INFO neutron.db.ovn_revision_numbers_db [None req-f3773442-27b3-4825-8ab6-8f8417b8f3ca 9ca1bdaa54554a71b8685a18f03db938 fff08702b4174297bbbe71aa52d028ce - - default default] Successfully bumped revision number for resource ce7a77b1-83fc-4c2d-b093-d7cac5afece7 (type: security_group_rules) to 0
2026-05-05 18:05:48.253 10 INFO neutron.db.ovn_revision_numbers_db [None req-f3773442-27b3-4825-8ab6-8f8417b8f3ca 9ca1bdaa54554a71b8685a18f03db938 fff08702b4174297bbbe71aa52d028ce - - default default] Successfully bumped revision number for resource f37e8362-0cef-48bf-ac6a-48bfbd112ec4 (type: security_group_rules) to 0
2026-05-05 18:05:48.260 9 INFO neutron.wsgi [req-6196b37d-42de-46f3-a21c-ac77b3a9abef req-710e1acb-ad32-43d7-b817-210b90fee31f df25b35106eb4d6faf1d6df805a2de63 7b9846b1c2c64e70894d0dc0ea4ad743 - - default default] 10.0.0.199 "GET /v2.0/ports?device_id=d6cba4b2-e3cb-44fa-8e5d-150366120b54 HTTP/1.1" status: 200 len: 1170 time: 0.1177547
2026-05-05 18:05:48.278 10 INFO neutron.wsgi [None req-f3773442-27b3-4825-8ab6-8f8417b8f3ca 9ca1bdaa54554a71b8685a18f03db938 fff08702b4174297bbbe71aa52d028ce - - default default] 10.0.0.54 "GET /v2.0/security-groups?tenant_id=96859fe2972749059a2333c8ef0c7344&name=default HTTP/1.1" status: 200 len: 3120 time: 0.2118955
2026-05-05 18:05:48.326 9 INFO neutron.wsgi [req-6196b37d-42de-46f3-a21c-ac77b3a9abef req-8c6bec64-b369-4698-b3c9-8d43f20b4758 df25b35106eb4d6faf1d6df805a2de63 7b9846b1c2c64e70894d0dc0ea4ad743 - - default default] 10.0.0.199 "GET /v2.0/security-groups?id=2dc1ee30-45ae-4a97-9532-d6cd2cb8ddec&fields=id&fields=name HTTP/1.1" status: 200 len: 313 time: 0.0554860
2026-05-05 18:05:48.438 10 INFO neutron.wsgi [None req-651db8f0-60a3-4fae-b8ed-0bc4fde60d03 fb2afeecc1484fd79e92fd6a01896647 6715395e5c1a4bb3918503245ecb89ef - - default default] 10.0.0.54 "DELETE /v2.0/security-groups/29727ac1-74a2-49ee-a176-7a3ba988a23e HTTP/1.1" status: 204 len: 168 time: 0.1282885
2026-05-05 18:05:48.457 9 INFO neutron.api.v2.resource [None req-38c11aac-b9f1-4f57-98a1-c16931be3ad1 fb2afeecc1484fd79e92fd6a01896647 6715395e5c1a4bb3918503245ecb89ef - - default default] show failed (client error): The resource could not be found.
2026-05-05 18:05:48.458 9 INFO neutron.wsgi [None req-38c11aac-b9f1-4f57-98a1-c16931be3ad1 fb2afeecc1484fd79e92fd6a01896647 6715395e5c1a4bb3918503245ecb89ef - - default default] 10.0.0.54 "GET /v2.0/security-groups/29727ac1-74a2-49ee-a176-7a3ba988a23e HTTP/1.1" status: 404 len: 347 time: 0.0148687
2026-05-05 18:05:48.533 9 INFO neutron.wsgi [None req-2280d79e-f9cb-48a5-9a0b-eac3e2b61b70 9ca1bdaa54554a71b8685a18f03db938 fff08702b4174297bbbe71aa52d028ce - - default default] 10.0.0.54 "DELETE /v2.0/security-groups/a264788b-30e4-489e-a738-b8a5a3897e10 HTTP/1.1" status: 204 len: 168 time: 0.2490654
2026-05-05 18:05:48.841 10 INFO neutron.wsgi [None req-e048a4a2-6622-442f-a21c-165abfb38d97 fb2afeecc1484fd79e92fd6a01896647 6715395e5c1a4bb3918503245ecb89ef - - default default] 10.0.0.54 "DELETE /v2.0/floatingips/b3dc1c51-7641-483b-b6b8-74140b853dd2 HTTP/1.1" status: 204 len: 168 time: 0.3768985
2026-05-05 18:05:50.003 10 INFO neutron.wsgi [req-ad735404-469e-4d0b-a4e1-e1b2d6a2f923 req-e1915bbe-f49f-4a0e-8201-804b6d3972c7 df25b35106eb4d6faf1d6df805a2de63 7b9846b1c2c64e70894d0dc0ea4ad743 - - default default] 10.0.0.199 "GET /v2.0/ports?device_id=d6cba4b2-e3cb-44fa-8e5d-150366120b54 HTTP/1.1" status: 200 len: 1170 time: 0.6079879
2026-05-05 18:05:50.092 10 INFO neutron.wsgi [req-ad735404-469e-4d0b-a4e1-e1b2d6a2f923 req-d4199fc5-a6a6-45a2-80c3-c21e6ca4468d df25b35106eb4d6faf1d6df805a2de63 7b9846b1c2c64e70894d0dc0ea4ad743 - - default default] 10.0.0.199 "GET /v2.0/security-groups?id=2dc1ee30-45ae-4a97-9532-d6cd2cb8ddec&fields=id&fields=name HTTP/1.1" status: 200 len: 313 time: 0.0814903
2026-05-05 18:05:50.191 9 INFO neutron.wsgi [req-3e145c2b-4f65-4fed-a653-253912cd3016 req-62e09c1c-d14a-49d8-b215-271990594d15 df25b35106eb4d6faf1d6df805a2de63 7b9846b1c2c64e70894d0dc0ea4ad743 - - default default] 10.0.0.199 "GET /v2.0/ports?device_id=d6cba4b2-e3cb-44fa-8e5d-150366120b54 HTTP/1.1" status: 200 len: 1170 time: 0.0367637
2026-05-05 18:05:50.247 9 INFO neutron.wsgi [req-3e145c2b-4f65-4fed-a653-253912cd3016 req-ac91c955-a8d6-4638-bafb-99d91b563add df25b35106eb4d6faf1d6df805a2de63 7b9846b1c2c64e70894d0dc0ea4ad743 - - default default] 10.0.0.199 "GET /v2.0/security-groups?id=2dc1ee30-45ae-4a97-9532-d6cd2cb8ddec&fields=id&fields=name HTTP/1.1" status: 200 len: 313 time: 0.0485368
2026-05-05 18:05:50.305 9 INFO neutron.wsgi [None req-19173e49-7410-4b68-b63b-aae93d33e9d0 4f30f47c2b1e4ab5ba800b3010e3e569 b52fb08fa0e649b5a38a49723c2d06d0 - - default default] 10.0.0.54 "GET /v2.0/ports?device_id=d6cba4b2-e3cb-44fa-8e5d-150366120b54 HTTP/1.1" status: 200 len: 1404 time: 0.0334022
2026-05-05 18:05:50.668 10 INFO neutron.wsgi [None req-5eb9c66f-9b34-4c4f-b438-9bb17d2f7e14 9ca1bdaa54554a71b8685a18f03db938 fff08702b4174297bbbe71aa52d028ce - - default default] 10.0.0.54 "PUT /v2.0/routers/52c36f57-5dfc-4609-b9a2-9ebf6e768029/remove_router_interface HTTP/1.1" status: 200 len: 503 time: 1.8228431 /var/lib/openstack/lib/python3.10/site-packages/pycadf/identifier.py:71: UserWarning: Invalid uuid: neutron. To ensure interoperability, identifiers should be a valid uuid. warnings.warn(('Invalid uuid: %s. To ensure interoperability, '
2026-05-05 18:05:51.018 9 INFO neutron.db.ovn_revision_numbers_db [None req-4e5504a5-3f4a-4fdf-86b3-ee259ef9f5b2 df25b35106eb4d6faf1d6df805a2de63 7b9846b1c2c64e70894d0dc0ea4ad743 - - default default] Successfully bumped revision number for resource f638221a-f1d4-4d32-93ec-67d5340fe412 (type: floatingips) to 4
2026-05-05 18:05:51.397 9 INFO neutron.db.ovn_revision_numbers_db [None req-4e5504a5-3f4a-4fdf-86b3-ee259ef9f5b2 df25b35106eb4d6faf1d6df805a2de63 7b9846b1c2c64e70894d0dc0ea4ad743 - - default default] Successfully bumped revision number for resource f638221a-f1d4-4d32-93ec-67d5340fe412 (type: floatingips) to 5
2026-05-05 18:05:51.398 9 INFO neutron.db.l3_db [None req-4e5504a5-3f4a-4fdf-86b3-ee259ef9f5b2 df25b35106eb4d6faf1d6df805a2de63 7b9846b1c2c64e70894d0dc0ea4ad743 - - default default] Floating IP f638221a-f1d4-4d32-93ec-67d5340fe412 associated. External IP: 10.96.250.208, port: b8e310cf-771b-469a-8c2c-e7a7e5df9b21.
2026-05-05 18:05:51.445 9 INFO neutron.wsgi [None req-4e5504a5-3f4a-4fdf-86b3-ee259ef9f5b2 df25b35106eb4d6faf1d6df805a2de63 7b9846b1c2c64e70894d0dc0ea4ad743 - - default default] 10.0.0.54 "PUT /v2.0/floatingips/f638221a-f1d4-4d32-93ec-67d5340fe412 HTTP/1.1" status: 200 len: 1049 time: 1.1353397
2026-05-05 18:05:51.504 9 INFO neutron.notifiers.nova [-] Nova event matching ['req-65d65189-6abf-40df-b632-74d2158f7dbf'] response: {'name': 'network-changed', 'server_uuid': 'd6cba4b2-e3cb-44fa-8e5d-150366120b54', 'tag': 'b8e310cf-771b-469a-8c2c-e7a7e5df9b21', 'status': 'completed', 'code': 200} /var/lib/openstack/lib/python3.10/site-packages/pycadf/identifier.py:71: UserWarning: Invalid uuid: neutron. To ensure interoperability, identifiers should be a valid uuid. warnings.warn(('Invalid uuid: %s. To ensure interoperability, '
2026-05-05 18:05:51.549 10 INFO neutron.wsgi [None req-bd1e9119-e780-4d07-bc39-1e66e857f966 df25b35106eb4d6faf1d6df805a2de63 7b9846b1c2c64e70894d0dc0ea4ad743 - - default default] 10.0.0.54 "GET /v2.0/floatingips/f638221a-f1d4-4d32-93ec-67d5340fe412 HTTP/1.1" status: 200 len: 1051 time: 0.0977647
2026-05-05 18:05:51.574 10 INFO neutron.wsgi [None req-7576b2d9-e676-4604-acfb-9dfae80a713a 9ca1bdaa54554a71b8685a18f03db938 fff08702b4174297bbbe71aa52d028ce - - default default] 10.0.0.54 "DELETE /v2.0/routers/52c36f57-5dfc-4609-b9a2-9ebf6e768029 HTTP/1.1" status: 204 len: 168 time: 0.9020863
2026-05-05 18:05:51.577 9 INFO neutron.wsgi [req-a138c910-9ed1-4775-b5e4-d42fb0939ddf req-4c16ca80-6c85-4cc2-969e-f83902522477 a3e87700221945f8a13cad7485063661 724c96a0522c42668b3b2aee66aaa337 - - 7858ee4fb5f245e588d2235dddbb4443 7858ee4fb5f245e588d2235dddbb4443] 199.204.45.38 "GET /v2.0/ports?tenant_id=7b9846b1c2c64e70894d0dc0ea4ad743&device_id=d6cba4b2-e3cb-44fa-8e5d-150366120b54 HTTP/1.1" status: 200 len: 1409 time: 0.0560226
2026-05-05 18:05:51.656 9 INFO neutron.wsgi [req-a138c910-9ed1-4775-b5e4-d42fb0939ddf req-d4754268-b2aa-43aa-bd05-16a42092006a a3e87700221945f8a13cad7485063661 724c96a0522c42668b3b2aee66aaa337 - - 7858ee4fb5f245e588d2235dddbb4443 7858ee4fb5f245e588d2235dddbb4443] 199.204.45.38 "GET /v2.0/networks?id=76cb9019-ecbd-4f39-8255-a3a72672f326 HTTP/1.1" status: 200 len: 958 time: 0.0730679
2026-05-05 18:05:51.727 9 INFO neutron.wsgi [req-a138c910-9ed1-4775-b5e4-d42fb0939ddf req-acd38790-e18f-4f5e-b5f7-609dea04a526 a3e87700221945f8a13cad7485063661 724c96a0522c42668b3b2aee66aaa337 - - 7858ee4fb5f245e588d2235dddbb4443 7858ee4fb5f245e588d2235dddbb4443] 199.204.45.38 "GET /v2.0/floatingips?fixed_ip_address=10.100.0.9&port_id=b8e310cf-771b-469a-8c2c-e7a7e5df9b21 HTTP/1.1" status: 200 len: 1059 time: 0.0619950
2026-05-05 18:05:51.775 9 INFO neutron.wsgi [req-a138c910-9ed1-4775-b5e4-d42fb0939ddf req-1622436b-65de-4136-b226-7c2b82e37778 a3e87700221945f8a13cad7485063661 724c96a0522c42668b3b2aee66aaa337 - - 7858ee4fb5f245e588d2235dddbb4443 7858ee4fb5f245e588d2235dddbb4443] 199.204.45.38 "GET /v2.0/subnets?id=765605a1-5482-4785-a92a-33200c63465f HTTP/1.1" status: 200 len: 853 time: 0.0397680
2026-05-05 18:05:51.806 9 INFO neutron.wsgi [req-a138c910-9ed1-4775-b5e4-d42fb0939ddf req-28005eda-eab3-4783-ba7d-1f2333da2307 a3e87700221945f8a13cad7485063661 724c96a0522c42668b3b2aee66aaa337 - - 7858ee4fb5f245e588d2235dddbb4443 7858ee4fb5f245e588d2235dddbb4443] 199.204.45.38 "GET /v2.0/ports?network_id=76cb9019-ecbd-4f39-8255-a3a72672f326&device_owner=network%3Adhcp HTTP/1.1" status: 200 len: 210 time: 0.0242321
