2026-05-05 18:03:23.440 9 INFO neutron.db.ovn_revision_numbers_db [None req-c27362a4-d37d-426f-98e0-b47cf3b532ad 9ca1bdaa54554a71b8685a18f03db938 fff08702b4174297bbbe71aa52d028ce - - default default] Successfully bumped revision number for resource 486f5cf3-9027-45ae-9560-a0728a7c0fc9 (type: ports) to 1
2026-05-05 18:03:23.459 9 INFO neutron.wsgi [None req-c27362a4-d37d-426f-98e0-b47cf3b532ad 9ca1bdaa54554a71b8685a18f03db938 fff08702b4174297bbbe71aa52d028ce - - default default] 10.0.0.54 "POST /v2.0/networks HTTP/1.1" status: 201 len: 953 time: 0.9085944
2026-05-05 18:03:23.580 10 WARNING neutron.plugins.ml2.drivers.ovn.mech_driver.ovsdb.ovn_client [None req-441a7c56-4fe4-4595-b3d7-1091a20e8025 - - - - - -] No hosting information found for port e70804a2-a667-465a-8734-51182a9b3fa4: RuntimeError: No hosting information found for port e70804a2-a667-465a-8734-51182a9b3fa4
2026-05-05 18:03:23.581 10 INFO neutron.plugins.ml2.drivers.ovn.mech_driver.mech_driver [None req-441a7c56-4fe4-4595-b3d7-1091a20e8025 - - - - - -] OVN reports status up for port: 4f1b1ddd-57ab-42be-8563-27c698db58cf
2026-05-05 18:03:23.597 10 INFO neutron.plugins.ml2.plugin [None req-441a7c56-4fe4-4595-b3d7-1091a20e8025 - - - - - -] Attempt 1 to provision port 4f1b1ddd-57ab-42be-8563-27c698db58cf
2026-05-05 18:03:23.715 10 WARNING neutron.scheduler.dhcp_agent_scheduler [None req-10cf8c87-d774-484a-87c7-da9c93dde789 9ca1bdaa54554a71b8685a18f03db938 fff08702b4174297bbbe71aa52d028ce - - default default] No more DHCP agents
2026-05-05 18:03:23.722 10 WARNING neutron.api.rpc.agentnotifiers.dhcp_rpc_agent_api [None req-10cf8c87-d774-484a-87c7-da9c93dde789 9ca1bdaa54554a71b8685a18f03db938 fff08702b4174297bbbe71aa52d028ce - - default default] Unable to schedule network 0dc067a0-05ef-4912-92bd-aa5838509cfa: no agents available; will retry on subsequent port and subnet creation events.
2026-05-05 18:03:23.851 10 INFO neutron.notifiers.nova [-] Nova event matching ['req-f10d3f9d-b925-445c-aadc-a357e278fce7'] response: {'server_uuid': '66b21f94-a16b-41e8-b2d5-855e314d0380', 'name': 'network-vif-plugged', 'status': 'completed', 'tag': '4f1b1ddd-57ab-42be-8563-27c698db58cf', 'code': 200}
2026-05-05 18:03:24.318 10 INFO neutron.plugins.ml2.drivers.ovn.mech_driver.ovsdb.commands [None req-6eab7f88-e91c-4c99-a939-50ea207fc7b1 - - - - - -] Schedule LRP lrp-375a3afc-c813-434e-8d48-d69d5f3bbee6 on gateway 10ef7c0a-284c-4dfa-ae9c-4ccfd5e9da00 with priority 1
2026-05-05 18:03:24.329 9 INFO neutron.plugins.ml2.drivers.ovn.mech_driver.mech_driver [None req-42885f72-cdae-4c41-a029-38f5180af0f2 - - - - - -] OVN reports status up for port: 375a3afc-c813-434e-8d48-d69d5f3bbee6
2026-05-05 18:03:24.329 10 INFO neutron.wsgi [req-6c4bd422-9c74-4ba2-b7b3-e236759add04 req-913cc340-6e55-4da9-9ce0-9af4b0f5bbee ae451c4dae7a4477a1d4bcfe9768f88d 0d3b32db12544804bd591ab23292686d - - default default] 10.0.0.199 "GET /v2.0/ports?device_id=e009efe4-a332-405d-a91b-d7ca0196b608 HTTP/1.1" status: 200 len: 1168 time: 0.2254975
2026-05-05 18:03:24.351 9 INFO neutron.plugins.ml2.plugin [None req-42885f72-cdae-4c41-a029-38f5180af0f2 - - - - - -] Attempt 1 to provision port 375a3afc-c813-434e-8d48-d69d5f3bbee6
2026-05-05 18:03:24.373 10 INFO neutron.plugins.ml2.drivers.ovn.mech_driver.ovsdb.ovsdb_monitor [None req-037854c0-e76b-4712-afb1-0c1f97abeaa9 - - - - - -] Router 490ecc56-618d-40d4-9564-54e1a1cb8515 is bound to host instance
2026-05-05 18:03:24.436 10 INFO neutron.db.ovn_revision_numbers_db [None req-441a7c56-4fe4-4595-b3d7-1091a20e8025 - - - - - -] Successfully bumped revision number for resource 4f1b1ddd-57ab-42be-8563-27c698db58cf (type: ports) to 4
2026-05-05 18:03:24.505 10 INFO neutron.wsgi [req-6c4bd422-9c74-4ba2-b7b3-e236759add04 req-d498c616-2b6b-45f6-9c8c-56fc03db7d2d ae451c4dae7a4477a1d4bcfe9768f88d 0d3b32db12544804bd591ab23292686d - - default default] 10.0.0.199 "GET /v2.0/security-groups?id=f7a2350e-6b18-48d5-b8b2-ae4ec147badc&fields=id&fields=name HTTP/1.1" status: 200 len: 312 time: 0.1643724
2026-05-05 18:03:24.521 10 INFO neutron.db.ovn_revision_numbers_db [None req-38408350-ff09-456b-ab7a-cee4a9b1a5ec 9ca1bdaa54554a71b8685a18f03db938 fff08702b4174297bbbe71aa52d028ce - - default default] Successfully bumped revision number for resource 375a3afc-c813-434e-8d48-d69d5f3bbee6 (type: router_ports) to 1
2026-05-05 18:03:24.564 9 INFO neutron.wsgi [req-1a85e119-1bdb-4661-b9ba-bb45808f6f7b req-cbdf1137-9726-4d30-9095-d6ad48c82132 a78ccc63aea0445da28fcdfbad886356 82528cf116764735aa81d4ace9d0515b - - default default] 10.0.0.199 "GET /v2.0/ports?device_id=66b21f94-a16b-41e8-b2d5-855e314d0380 HTTP/1.1" status: 200 len: 1174 time: 0.0518043
2026-05-05 18:03:24.564 10 INFO neutron.wsgi [None req-fe8f0319-96f5-408a-895d-46b3aa033228 9ca1bdaa54554a71b8685a18f03db938 fff08702b4174297bbbe71aa52d028ce - - default default] 10.0.0.240 "GET /v2.0/subnets HTTP/1.1" status: 200 len: 4067 time: 0.2532489
2026-05-05 18:03:24.593 10 INFO neutron.plugins.ml2.drivers.ovn.mech_driver.mech_driver [None req-441a7c56-4fe4-4595-b3d7-1091a20e8025 - - - - - -] OVN reports status up for port: ae28b1bb-e05e-46bc-91c9-0e1d3106e0a8
2026-05-05 18:03:24.596 10 INFO neutron.wsgi [None req-c3d2d131-3a4c-4378-9016-7025ca6b39ab 9ca1bdaa54554a71b8685a18f03db938 fff08702b4174297bbbe71aa52d028ce - - default default] 10.0.0.240 "GET /v2.0/subnetpools HTTP/1.1" status: 200 len: 193 time: 0.0244067
2026-05-05 18:03:24.608 9 INFO neutron.wsgi [req-1a85e119-1bdb-4661-b9ba-bb45808f6f7b req-8210a679-aa42-40c6-b90c-d2c658fcdcce a78ccc63aea0445da28fcdfbad886356 82528cf116764735aa81d4ace9d0515b - - default default] 10.0.0.199 "GET /v2.0/security-groups?id=0fd1f688-30e2-41c5-a808-3b3550cb700e&fields=id&fields=name HTTP/1.1" status: 200 len: 286 time: 0.0380211
2026-05-05 18:03:24.648 10 INFO neutron.plugins.ml2.plugin [None req-441a7c56-4fe4-4595-b3d7-1091a20e8025 - - - - - -] Attempt 1 to provision port ae28b1bb-e05e-46bc-91c9-0e1d3106e0a8
2026-05-05 18:03:24.753 10 INFO neutron.db.ovn_revision_numbers_db [None req-38408350-ff09-456b-ab7a-cee4a9b1a5ec 9ca1bdaa54554a71b8685a18f03db938 fff08702b4174297bbbe71aa52d028ce - - default default] Successfully bumped revision number for resource 490ecc56-618d-40d4-9564-54e1a1cb8515 (type: routers) to 2
2026-05-05 18:03:24.775 10 INFO neutron.wsgi [None req-cc00f647-759c-4238-a9cb-97fa962f1f2b 9ca1bdaa54554a71b8685a18f03db938 fff08702b4174297bbbe71aa52d028ce - - default default] 10.0.0.240 "GET /v2.0/security-groups HTTP/1.1" status: 200 len: 32051 time: 0.1671109 /var/lib/openstack/lib/python3.10/site-packages/pycadf/identifier.py:71: UserWarning: Invalid uuid: neutron. To ensure interoperability, identifiers should be a valid uuid. warnings.warn(('Invalid uuid: %s. To ensure interoperability, '
2026-05-05 18:03:24.834 10 INFO neutron.wsgi [None req-38408350-ff09-456b-ab7a-cee4a9b1a5ec 9ca1bdaa54554a71b8685a18f03db938 fff08702b4174297bbbe71aa52d028ce - - default default] 10.0.0.54 "POST /v2.0/routers HTTP/1.1" status: 201 len: 1167 time: 2.3794196
2026-05-05 18:03:24.876 10 INFO neutron.wsgi [None req-db613686-0865-4f91-a7bb-1fe314ba56e7 9ca1bdaa54554a71b8685a18f03db938 fff08702b4174297bbbe71aa52d028ce - - default default] 10.0.0.240 "GET /v2.0/subnets HTTP/1.1" status: 200 len: 4067 time: 0.0834734
2026-05-05 18:03:24.996 10 INFO neutron.wsgi [None req-613d35d6-72a3-4515-b4eb-9209c0d3643c 9ca1bdaa54554a71b8685a18f03db938 fff08702b4174297bbbe71aa52d028ce - - default default] 10.0.0.240 "GET /v2.0/ports HTTP/1.1" status: 200 len: 18295 time: 0.1152542
2026-05-05 18:03:25.076 10 INFO neutron.wsgi [None req-01b99193-766f-4f2a-aff8-c1102efed1d1 9ca1bdaa54554a71b8685a18f03db938 fff08702b4174297bbbe71aa52d028ce - - default default] 10.0.0.240 "GET /v2.0/agents HTTP/1.1" status: 200 len: 1390 time: 0.0689857
2026-05-05 18:03:25.139 10 INFO neutron.wsgi [None req-23f92bcd-4346-4755-a62e-51eb510ceae0 9ca1bdaa54554a71b8685a18f03db938 fff08702b4174297bbbe71aa52d028ce - - default default] 10.0.0.240 "GET /v2.0/floatingips HTTP/1.1" status: 200 len: 730 time: 0.0587244
2026-05-05 18:03:25.467 9 WARNING neutron.scheduler.dhcp_agent_scheduler [None req-76386330-cfda-4fac-b348-69ed3396db05 9ca1bdaa54554a71b8685a18f03db938 fff08702b4174297bbbe71aa52d028ce - - default default] No more DHCP agents
2026-05-05 18:03:25.469 9 WARNING neutron.api.rpc.agentnotifiers.dhcp_rpc_agent_api [None req-76386330-cfda-4fac-b348-69ed3396db05 9ca1bdaa54554a71b8685a18f03db938 fff08702b4174297bbbe71aa52d028ce - - default default] Unable to schedule network bf9b7d86-ee8d-4b59-ac7f-42111aab164c: no agents available; will retry on subsequent port and subnet creation events.
2026-05-05 18:03:25.619 9 INFO neutron.wsgi [req-1faf7e4d-ea16-4ffb-9248-28ed227fd861 req-55e8a67e-9184-4133-8d2a-89c61958a537 ae451c4dae7a4477a1d4bcfe9768f88d 0d3b32db12544804bd591ab23292686d - - default default] 10.0.0.199 "GET /v2.0/ports?device_id=e009efe4-a332-405d-a91b-d7ca0196b608 HTTP/1.1" status: 200 len: 1170 time: 0.0389333
2026-05-05 18:03:25.652 10 INFO neutron.wsgi [req-d6d8401d-708c-44bb-a422-3ffb17faa5c5 req-f0c45896-4aa9-48c2-b500-f99b6f03c49e a78ccc63aea0445da28fcdfbad886356 82528cf116764735aa81d4ace9d0515b - - default default] 10.0.0.199 "GET /v2.0/ports?device_id=66b21f94-a16b-41e8-b2d5-855e314d0380 HTTP/1.1" status: 200 len: 1174 time: 0.6465218
2026-05-05 18:03:25.668 9 INFO neutron.db.ovn_revision_numbers_db [None req-76386330-cfda-4fac-b348-69ed3396db05 9ca1bdaa54554a71b8685a18f03db938 fff08702b4174297bbbe71aa52d028ce - - default default] Successfully bumped revision number for resource 3d14dfe8-6d97-4044-bb24-3648184ae4bb (type: ports) to 1
2026-05-05 18:03:25.674 9 INFO neutron.wsgi [req-1faf7e4d-ea16-4ffb-9248-28ed227fd861 req-3a23f244-0025-4399-8038-37bc383fce6f ae451c4dae7a4477a1d4bcfe9768f88d 0d3b32db12544804bd591ab23292686d - - default default] 10.0.0.199 "GET /v2.0/security-groups?id=f7a2350e-6b18-48d5-b8b2-ae4ec147badc&fields=id&fields=name HTTP/1.1" status: 200 len: 312 time: 0.0482209
2026-05-05 18:03:25.745 10 INFO neutron.wsgi [None req-a44b2f9c-4d60-46b1-b5fb-8e4d1ede98e6 9ca1bdaa54554a71b8685a18f03db938 fff08702b4174297bbbe71aa52d028ce - - default default] 10.0.0.240 "GET /v2.0/routers HTTP/1.1" status: 200 len: 3079 time: 0.6008148
2026-05-05 18:03:25.785 10 INFO neutron.wsgi [None req-b6c45d89-94e4-4216-80f3-2696c4126048 9ca1bdaa54554a71b8685a18f03db938 fff08702b4174297bbbe71aa52d028ce - - default default] 10.0.0.240 "GET /v2.0/agents?binary=ovn-controller HTTP/1.1" status: 200 len: 591 time: 0.0327744
2026-05-05 18:03:25.836 10 INFO neutron.wsgi [req-59d7932a-1925-4504-b5dc-34e45497611a req-cfb3b934-598e-41f3-a698-0b012bc6bbfa a78ccc63aea0445da28fcdfbad886356 82528cf116764735aa81d4ace9d0515b - - default default] 199.204.45.38 "GET /v2.0/ports?device_id=66b21f94-a16b-41e8-b2d5-855e314d0380 HTTP/1.1" status: 200 len: 1174 time: 0.3521793
2026-05-05 18:03:25.836 10 INFO neutron.db.ovn_revision_numbers_db [None req-10cf8c87-d774-484a-87c7-da9c93dde789 9ca1bdaa54554a71b8685a18f03db938 fff08702b4174297bbbe71aa52d028ce - - default default] Successfully bumped revision number for resource 486f5cf3-9027-45ae-9560-a0728a7c0fc9 (type: ports) to 2
2026-05-05 18:03:25.839 10 INFO neutron.wsgi [req-d6d8401d-708c-44bb-a422-3ffb17faa5c5 req-d218ee32-2d4d-46e4-ac15-4296ce5cc778 a78ccc63aea0445da28fcdfbad886356 82528cf116764735aa81d4ace9d0515b - - default default] 10.0.0.199 "GET /v2.0/security-groups?id=0fd1f688-30e2-41c5-a808-3b3550cb700e&fields=id&fields=name HTTP/1.1" status: 200 len: 286 time: 0.1744697
2026-05-05 18:03:25.954 10 INFO neutron.notifiers.nova [-] Nova event matching ['req-cf7615ea-f8e0-4672-83bb-0aac28b11980'] response: {'server_uuid': '66b21f94-a16b-41e8-b2d5-855e314d0380', 'name': 'network-vif-plugged', 'status': 'completed', 'tag': '4f1b1ddd-57ab-42be-8563-27c698db58cf', 'code': 200}
2026-05-05 18:03:25.954 10 INFO neutron.notifiers.nova [-] Nova event matching ['req-cf7615ea-f8e0-4672-83bb-0aac28b11980'] response: {'server_uuid': 'e009efe4-a332-405d-a91b-d7ca0196b608', 'name': 'network-vif-plugged', 'status': 'completed', 'tag': 'ae28b1bb-e05e-46bc-91c9-0e1d3106e0a8', 'code': 200}
2026-05-05 18:03:26.014 10 INFO neutron.db.ovn_revision_numbers_db [None req-10cf8c87-d774-484a-87c7-da9c93dde789 9ca1bdaa54554a71b8685a18f03db938 fff08702b4174297bbbe71aa52d028ce - - default default] Successfully bumped revision number for resource 2deebf09-033c-4658-846f-60d5377ced35 (type: subnets) to 0
2026-05-05 18:03:26.033 10 INFO neutron.wsgi [None req-bbb07e78-6b5f-4c8f-9497-442dc11e2b42 9ca1bdaa54554a71b8685a18f03db938 fff08702b4174297bbbe71aa52d028ce - - default default] 10.0.0.240 "GET /v2.0/networks HTTP/1.1" status: 200 len: 5394 time: 0.2286265
2026-05-05 18:03:26.083 10 INFO neutron.wsgi [None req-10cf8c87-d774-484a-87c7-da9c93dde789 9ca1bdaa54554a71b8685a18f03db938 fff08702b4174297bbbe71aa52d028ce - - default default] 10.0.0.54 "POST /v2.0/subnets HTTP/1.1" status: 201 len: 873 time: 2.6146359
2026-05-05 18:03:26.096 10 INFO neutron.wsgi [None req-380f870d-0ef2-4be0-a6a9-605547843d44 9ca1bdaa54554a71b8685a18f03db938 fff08702b4174297bbbe71aa52d028ce - - default default] 10.0.0.240 "GET /v2.0/network-ip-availabilities HTTP/1.1" status: 200 len: 3196 time: 0.0545118
2026-05-05 18:03:26.138 10 INFO neutron.db.ovn_revision_numbers_db [None req-441a7c56-4fe4-4595-b3d7-1091a20e8025 - - - - - -] Successfully bumped revision number for resource ae28b1bb-e05e-46bc-91c9-0e1d3106e0a8 (type: ports) to 4
2026-05-05 18:03:26.255 10 INFO neutron.plugins.ml2.drivers.ovn.mech_driver.mech_driver [None req-441a7c56-4fe4-4595-b3d7-1091a20e8025 - - - - - -] OVN reports status down for port: 4f1b1ddd-57ab-42be-8563-27c698db58cf
2026-05-05 18:03:26.291 9 ERROR ovsdbapp.backend.ovs_idl.command [None req-76386330-cfda-4fac-b348-69ed3396db05 9ca1bdaa54554a71b8685a18f03db938 fff08702b4174297bbbe71aa52d028ce - - default default] Error executing command (DbGetCommand): ovsdbapp.backend.ovs_idl.idlutils.RowNotFound: Cannot find Logical_Router_Port with name=lrp-3d14dfe8-6d97-4044-bb24-3648184ae4bb
2026-05-05 18:03:26.291 9 ERROR ovsdbapp.backend.ovs_idl.command
Traceback (most recent call last):
2026-05-05 18:03:26.291 9 ERROR ovsdbapp.backend.ovs_idl.command
File "/var/lib/openstack/lib/python3.10/site-packages/ovsdbapp/backend/ovs_idl/command.py", line 47, in execute
2026-05-05 18:03:26.291 9 ERROR ovsdbapp.backend.ovs_idl.command self.run_idl(None)
2026-05-05 18:03:26.291 9 ERROR ovsdbapp.backend.ovs_idl.command
File "/var/lib/openstack/lib/python3.10/site-packages/ovsdbapp/backend/ovs_idl/command.py", line 235, in run_idl
2026-05-05 18:03:26.291 9 ERROR ovsdbapp.backend.ovs_idl.command record = self.api.lookup(self.table, self.record)
2026-05-05 18:03:26.291 9 ERROR ovsdbapp.backend.ovs_idl.command
File "/var/lib/openstack/lib/python3.10/site-packages/ovsdbapp/backend/ovs_idl/__init__.py", line 184, in lookup
2026-05-05 18:03:26.291 9 ERROR ovsdbapp.backend.ovs_idl.command return self._lookup(table, record)
2026-05-05 18:03:26.291 9 ERROR ovsdbapp.backend.ovs_idl.command
File "/var/lib/openstack/lib/python3.10/site-packages/ovsdbapp/backend/ovs_idl/__init__.py", line 235, in _lookup
2026-05-05 18:03:26.291 9 ERROR ovsdbapp.backend.ovs_idl.command row = idlutils.row_by_value(self, rl.table, rl.column, record)
2026-05-05 18:03:26.291 9 ERROR ovsdbapp.backend.ovs_idl.command
File "/var/lib/openstack/lib/python3.10/site-packages/ovsdbapp/backend/ovs_idl/idlutils.py", line 114, in row_by_value
2026-05-05 18:03:26.291 9 ERROR ovsdbapp.backend.ovs_idl.command raise RowNotFound(table=table, col=column, match=match)
2026-05-05 18:03:26.291 9 ERROR ovsdbapp.backend.ovs_idl.command ovsdbapp.backend.ovs_idl.idlutils.RowNotFound: Cannot find Logical_Router_Port with name=lrp-3d14dfe8-6d97-4044-bb24-3648184ae4bb
2026-05-05 18:03:26.291 9 ERROR ovsdbapp.backend.ovs_idl.command 
2026-05-05 18:03:26.292 9 ERROR neutron_lib.callbacks.manager [None req-76386330-cfda-4fac-b348-69ed3396db05 9ca1bdaa54554a71b8685a18f03db938 fff08702b4174297bbbe71aa52d028ce - - default default] Error during notification for neutron.services.ovn_l3.plugin.OVNL3RouterPlugin._port_update-8727170617044 port, after_update: ovsdbapp.backend.ovs_idl.idlutils.RowNotFound: Cannot find Logical_Router_Port with name=lrp-3d14dfe8-6d97-4044-bb24-3648184ae4bb
2026-05-05 18:03:26.292 9 ERROR neutron_lib.callbacks.manager
Traceback (most recent call last):
2026-05-05 18:03:26.292 9 ERROR neutron_lib.callbacks.manager
File "/var/lib/openstack/lib/python3.10/site-packages/neutron_lib/callbacks/manager.py", line 189, in _notify_loop
2026-05-05 18:03:26.292 9 ERROR neutron_lib.callbacks.manager callback.method(resource, event, trigger, payload=payload)
2026-05-05 18:03:26.292 9 ERROR neutron_lib.callbacks.manager
File "/var/lib/openstack/lib/python3.10/site-packages/neutron/services/ovn_l3/plugin.py", line 391, in _port_update
2026-05-05 18:03:26.292 9 ERROR neutron_lib.callbacks.manager l3plugin._ovn_client.update_router_port(context,
2026-05-05 18:03:26.292 9 ERROR neutron_lib.callbacks.manager
File "/var/lib/openstack/lib/python3.10/site-packages/neutron/plugins/ml2/drivers/ovn/mech_driver/ovsdb/ovn_client.py", line 1878, in update_router_port
2026-05-05 18:03:26.292 9 ERROR neutron_lib.callbacks.manager self._update_lrouter_port(context, port, if_exists=if_exists,
2026-05-05 18:03:26.292 9 ERROR neutron_lib.callbacks.manager
File "/var/lib/openstack/lib/python3.10/site-packages/neutron/plugins/ml2/drivers/ovn/mech_driver/ovsdb/ovn_client.py", line 1855, in _update_lrouter_port
2026-05-05 18:03:26.292 9 ERROR neutron_lib.callbacks.manager external_ids = self._nb_idl.db_get(
2026-05-05 18:03:26.292 9 ERROR neutron_lib.callbacks.manager
File "/var/lib/openstack/lib/python3.10/site-packages/ovsdbapp/backend/ovs_idl/command.py", line 47, in execute
2026-05-05 18:03:26.292 9 ERROR neutron_lib.callbacks.manager self.run_idl(None)
2026-05-05 18:03:26.292 9 ERROR neutron_lib.callbacks.manager
File "/var/lib/openstack/lib/python3.10/site-packages/ovsdbapp/backend/ovs_idl/command.py", line 235, in run_idl
2026-05-05 18:03:26.292 9 ERROR neutron_lib.callbacks.manager record = self.api.lookup(self.table, self.record)
2026-05-05 18:03:26.292 9 ERROR neutron_lib.callbacks.manager
File "/var/lib/openstack/lib/python3.10/site-packages/ovsdbapp/backend/ovs_idl/__init__.py", line 184, in lookup
2026-05-05 18:03:26.292 9 ERROR neutron_lib.callbacks.manager return self._lookup(table, record)
2026-05-05 18:03:26.292 9 ERROR neutron_lib.callbacks.manager
File "/var/lib/openstack/lib/python3.10/site-packages/ovsdbapp/backend/ovs_idl/__init__.py", line 235, in _lookup
2026-05-05 18:03:26.292 9 ERROR neutron_lib.callbacks.manager row = idlutils.row_by_value(self, rl.table, rl.column, record)
2026-05-05 18:03:26.292 9 ERROR neutron_lib.callbacks.manager
File "/var/lib/openstack/lib/python3.10/site-packages/ovsdbapp/backend/ovs_idl/idlutils.py", line 114, in row_by_value
2026-05-05 18:03:26.292 9 ERROR neutron_lib.callbacks.manager raise RowNotFound(table=table, col=column, match=match)
2026-05-05 18:03:26.292 9 ERROR neutron_lib.callbacks.manager ovsdbapp.backend.ovs_idl.idlutils.RowNotFound: Cannot find Logical_Router_Port with name=lrp-3d14dfe8-6d97-4044-bb24-3648184ae4bb
2026-05-05 18:03:26.292 9 ERROR neutron_lib.callbacks.manager 
2026-05-05 18:03:26.657 9 INFO neutron.db.ovn_revision_numbers_db [None req-76386330-cfda-4fac-b348-69ed3396db05 9ca1bdaa54554a71b8685a18f03db938 fff08702b4174297bbbe71aa52d028ce - - default default] Successfully bumped revision number for resource 3d14dfe8-6d97-4044-bb24-3648184ae4bb (type: ports) to 1
2026-05-05 18:03:26.693 10 INFO neutron.plugins.ml2.drivers.ovn.mech_driver.mech_driver [None req-441a7c56-4fe4-4595-b3d7-1091a20e8025 - - - - - -] OVN reports status up for port: 3d14dfe8-6d97-4044-bb24-3648184ae4bb
2026-05-05 18:03:26.709 10 INFO neutron.plugins.ml2.plugin [None req-441a7c56-4fe4-4595-b3d7-1091a20e8025 - - - - - -] Attempt 1 to provision port 3d14dfe8-6d97-4044-bb24-3648184ae4bb
2026-05-05 18:03:26.742 10 INFO neutron.wsgi [req-59d7932a-1925-4504-b5dc-34e45497611a req-ec8285c5-b773-4828-a86f-9bb163d9bc2f a78ccc63aea0445da28fcdfbad886356 82528cf116764735aa81d4ace9d0515b - - default default] 199.204.45.38 "DELETE /v2.0/ports/4f1b1ddd-57ab-42be-8563-27c698db58cf HTTP/1.1" status: 204 len: 173 time: 0.9015260 /var/lib/openstack/lib/python3.10/site-packages/pycadf/identifier.py:71: UserWarning: Invalid uuid: neutron. To ensure interoperability, identifiers should be a valid uuid. warnings.warn(('Invalid uuid: %s. To ensure interoperability, '
2026-05-05 18:03:26.781 9 WARNING neutron.scheduler.dhcp_agent_scheduler [None req-76386330-cfda-4fac-b348-69ed3396db05 9ca1bdaa54554a71b8685a18f03db938 fff08702b4174297bbbe71aa52d028ce - - default default] No more DHCP agents
2026-05-05 18:03:26.784 9 WARNING neutron.api.rpc.agentnotifiers.dhcp_rpc_agent_api [None req-76386330-cfda-4fac-b348-69ed3396db05 9ca1bdaa54554a71b8685a18f03db938 fff08702b4174297bbbe71aa52d028ce - - default default] Unable to schedule network bf9b7d86-ee8d-4b59-ac7f-42111aab164c: no agents available; will retry on subsequent port and subnet creation events.
2026-05-05 18:03:26.785 9 WARNING neutron.scheduler.dhcp_agent_scheduler [None req-3c539e52-d220-4b5f-b92b-58a3327e0f3c 9ca1bdaa54554a71b8685a18f03db938 fff08702b4174297bbbe71aa52d028ce - - default default] No more DHCP agents
2026-05-05 18:03:26.787 9 WARNING neutron.api.rpc.agentnotifiers.dhcp_rpc_agent_api [None req-3c539e52-d220-4b5f-b92b-58a3327e0f3c 9ca1bdaa54554a71b8685a18f03db938 fff08702b4174297bbbe71aa52d028ce - - default default] Unable to schedule network 35718ed6-b420-4f12-bc7e-4b692e178205: no agents available; will retry on subsequent port and subnet creation events.
2026-05-05 18:03:26.795 10 INFO neutron.wsgi [req-a42bc4be-f5a2-4958-b739-10bb87f8afb6 req-de0db360-a2e1-42e8-914c-7ab7acdf5ea5 ae451c4dae7a4477a1d4bcfe9768f88d 0d3b32db12544804bd591ab23292686d - - default default] 10.0.0.199 "GET /v2.0/ports?device_id=e009efe4-a332-405d-a91b-d7ca0196b608 HTTP/1.1" status: 200 len: 1170 time: 0.0517654
2026-05-05 18:03:26.883 10 INFO neutron.wsgi [req-a42bc4be-f5a2-4958-b739-10bb87f8afb6 req-56e61c6b-a27b-4140-b0e9-a2113746e544 ae451c4dae7a4477a1d4bcfe9768f88d 0d3b32db12544804bd591ab23292686d - - default default] 10.0.0.199 "GET /v2.0/security-groups?id=f7a2350e-6b18-48d5-b8b2-ae4ec147badc&fields=id&fields=name HTTP/1.1" status: 200 len: 312 time: 0.0750525
2026-05-05 18:03:26.942 10 INFO neutron.db.ovn_revision_numbers_db [None req-037854c0-e76b-4712-afb1-0c1f97abeaa9 - - - - - -] Successfully bumped revision number for resource 375a3afc-c813-434e-8d48-d69d5f3bbee6 (type: ports) to 1
2026-05-05 18:03:27.024 10 INFO neutron.wsgi [req-9f3dafb6-7100-4ea5-a8ee-b73d70bd22e6 req-677f8f77-f07c-48ff-8715-3eedf7eb9ee4 ae451c4dae7a4477a1d4bcfe9768f88d 0d3b32db12544804bd591ab23292686d - - default default] 10.0.0.199 "GET /v2.0/ports?device_id=e009efe4-a332-405d-a91b-d7ca0196b608 HTTP/1.1" status: 200 len: 1170 time: 0.0647247
2026-05-05 18:03:27.105 9 INFO neutron.wsgi [req-0f2fbdea-e67f-442c-8229-595200f267a4 req-f39ccfa3-52bf-41c6-90e5-1ea8561b44d4 a78ccc63aea0445da28fcdfbad886356 82528cf116764735aa81d4ace9d0515b - - default default] 10.0.0.199 "GET /v2.0/ports?device_id=66b21f94-a16b-41e8-b2d5-855e314d0380 HTTP/1.1" status: 200 len: 210 time: 0.0363007
2026-05-05 18:03:27.223 9 INFO neutron.db.ovn_revision_numbers_db [None req-3c539e52-d220-4b5f-b92b-58a3327e0f3c 9ca1bdaa54554a71b8685a18f03db938 fff08702b4174297bbbe71aa52d028ce - - default default] Successfully bumped revision number for resource d52c58b4-5cc8-4a84-98fe-180520ff2b35 (type: ports) to 1
2026-05-05 18:03:27.946 10 INFO neutron.db.ovn_revision_numbers_db [None req-441a7c56-4fe4-4595-b3d7-1091a20e8025 - - - - - -] Successfully bumped revision number for resource 3d14dfe8-6d97-4044-bb24-3648184ae4bb (type: ports) to 2
2026-05-05 18:03:28.006 10 INFO neutron.notifiers.nova [-] Nova event matching ['req-cd3d931d-e7e1-4f32-ae87-fb9fbded67a8'] response: {'server_uuid': 'e009efe4-a332-405d-a91b-d7ca0196b608', 'name': 'network-vif-plugged', 'status': 'completed', 'tag': 'ae28b1bb-e05e-46bc-91c9-0e1d3106e0a8', 'code': 200}
2026-05-05 18:03:28.006 10 INFO neutron.notifiers.nova [-] Nova event matching ['req-cd3d931d-e7e1-4f32-ae87-fb9fbded67a8'] response: {'server_uuid': '66b21f94-a16b-41e8-b2d5-855e314d0380', 'name': 'network-vif-unplugged', 'status': 'completed', 'tag': '4f1b1ddd-57ab-42be-8563-27c698db58cf', 'code': 200}
2026-05-05 18:03:28.006 10 INFO neutron.notifiers.nova [-] Nova event matching ['req-cd3d931d-e7e1-4f32-ae87-fb9fbded67a8'] response: {'server_uuid': '66b21f94-a16b-41e8-b2d5-855e314d0380', 'name': 'network-vif-deleted', 'tag': '4f1b1ddd-57ab-42be-8563-27c698db58cf', 'status': 'completed', 'code': 200}
2026-05-05 18:03:28.058 10 INFO neutron.db.ovn_revision_numbers_db [None req-037854c0-e76b-4712-afb1-0c1f97abeaa9 - - - - - -] Successfully bumped revision number for resource 375a3afc-c813-434e-8d48-d69d5f3bbee6 (type: router_ports) to 3
2026-05-05 18:03:28.150 9 INFO neutron.plugins.ml2.drivers.ovn.mech_driver.ovsdb.commands [None req-b06e5e81-ec37-4fc8-beab-3521b51b1425 - - - - - -] Schedule LRP lrp-d52c58b4-5cc8-4a84-98fe-180520ff2b35 on gateway 10ef7c0a-284c-4dfa-ae9c-4ccfd5e9da00 with priority 1
2026-05-05 18:03:28.189 9 INFO neutron.db.ovn_revision_numbers_db [None req-76386330-cfda-4fac-b348-69ed3396db05 9ca1bdaa54554a71b8685a18f03db938 fff08702b4174297bbbe71aa52d028ce - - default default] Successfully bumped revision number for resource 3d14dfe8-6d97-4044-bb24-3648184ae4bb (type: router_ports) to 1
2026-05-05 18:03:28.215 9 INFO neutron.wsgi [None req-76386330-cfda-4fac-b348-69ed3396db05 9ca1bdaa54554a71b8685a18f03db938 fff08702b4174297bbbe71aa52d028ce - - default default] 10.0.0.54 "PUT /v2.0/routers/490ecc56-618d-40d4-9564-54e1a1cb8515/add_router_interface HTTP/1.1" status: 200 len: 503 time: 3.3746996
2026-05-05 18:03:28.217 10 INFO neutron.db.ovn_revision_numbers_db [None req-441a7c56-4fe4-4595-b3d7-1091a20e8025 - - - - - -] Successfully bumped revision number for resource 3d14dfe8-6d97-4044-bb24-3648184ae4bb (type: router_ports) to 2
2026-05-05 18:03:28.293 9 INFO neutron.db.ovn_revision_numbers_db [None req-3c539e52-d220-4b5f-b92b-58a3327e0f3c 9ca1bdaa54554a71b8685a18f03db938 fff08702b4174297bbbe71aa52d028ce - - default default] Successfully bumped revision number for resource d52c58b4-5cc8-4a84-98fe-180520ff2b35 (type: router_ports) to 1
2026-05-05 18:03:28.345 10 INFO neutron.db.ovn_revision_numbers_db [None req-2df7238e-093a-453a-83f3-f87d928d113e ae451c4dae7a4477a1d4bcfe9768f88d 0d3b32db12544804bd591ab23292686d - - default default] Successfully bumped revision number for resource d2dd584a-eead-46ea-90e4-6aa13585df1d (type: floatingips) to 1
2026-05-05 18:03:28.612 9 INFO neutron.db.ovn_revision_numbers_db [None req-3c539e52-d220-4b5f-b92b-58a3327e0f3c 9ca1bdaa54554a71b8685a18f03db938 fff08702b4174297bbbe71aa52d028ce - - default default] Successfully bumped revision number for resource e3112bab-019d-402d-bc02-a07299f959ea (type: routers) to 2
2026-05-05 18:03:28.627 10 INFO neutron.db.ovn_revision_numbers_db [None req-037854c0-e76b-4712-afb1-0c1f97abeaa9 - - - - - -] Successfully bumped revision number for resource 375a3afc-c813-434e-8d48-d69d5f3bbee6 (type: ports) to 2
2026-05-05 18:03:28.637 9 INFO neutron.wsgi [None req-3c539e52-d220-4b5f-b92b-58a3327e0f3c 9ca1bdaa54554a71b8685a18f03db938 fff08702b4174297bbbe71aa52d028ce - - default default] 10.0.0.54 "POST /v2.0/routers HTTP/1.1" status: 201 len: 1175 time: 2.5486431 /var/lib/openstack/lib/python3.10/site-packages/pycadf/identifier.py:71: UserWarning: Invalid uuid: neutron. To ensure interoperability, identifiers should be a valid uuid. warnings.warn(('Invalid uuid: %s. To ensure interoperability, '
2026-05-05 18:03:28.678 10 INFO neutron.db.ovn_revision_numbers_db [None req-2df7238e-093a-453a-83f3-f87d928d113e ae451c4dae7a4477a1d4bcfe9768f88d 0d3b32db12544804bd591ab23292686d - - default default] Successfully bumped revision number for resource d2dd584a-eead-46ea-90e4-6aa13585df1d (type: floatingips) to 2
2026-05-05 18:03:28.678 10 INFO neutron.db.l3_db [None req-2df7238e-093a-453a-83f3-f87d928d113e ae451c4dae7a4477a1d4bcfe9768f88d 0d3b32db12544804bd591ab23292686d - - default default] Floating IP d2dd584a-eead-46ea-90e4-6aa13585df1d associated. External IP: 10.96.250.201, port: ae28b1bb-e05e-46bc-91c9-0e1d3106e0a8.
2026-05-05 18:03:28.722 10 INFO neutron.wsgi [None req-2df7238e-093a-453a-83f3-f87d928d113e ae451c4dae7a4477a1d4bcfe9768f88d 0d3b32db12544804bd591ab23292686d - - default default] 10.0.0.54 "PUT /v2.0/floatingips/d2dd584a-eead-46ea-90e4-6aa13585df1d HTTP/1.1" status: 200 len: 1049 time: 1.6815815
2026-05-05 18:03:28.803 10 WARNING neutron_lib.context [None req-eb8e7c74-67d6-4693-be6e-eddd9a8c6f34 6763f48be08a4de8999d0b57e871beb9 503580c723d94359b1ebca21ccf372c3 - - default default] Method 'is_advsvc' is deprecated since 2023.2 release (neutron-lib 3.8.0) and will be removed once support for the old RBAC API policies will be removed from Neutron. Please use method 'is_service_role' instead.
2026-05-05 18:03:28.910 9 INFO neutron.wsgi [req-9c7d40dc-5e23-40dc-90af-de4eec9acdca req-6af9c4c5-5c7d-4095-80f4-73b79011b4bb ae451c4dae7a4477a1d4bcfe9768f88d 0d3b32db12544804bd591ab23292686d - - default default] 10.0.0.199 "GET /v2.0/ports?device_id=e009efe4-a332-405d-a91b-d7ca0196b608 HTTP/1.1" status: 200 len: 1170 time: 0.1409111
2026-05-05 18:03:28.958 10 INFO neutron.db.ovn_revision_numbers_db [None req-eb8e7c74-67d6-4693-be6e-eddd9a8c6f34 6763f48be08a4de8999d0b57e871beb9 503580c723d94359b1ebca21ccf372c3 - - default default] Successfully bumped revision number for resource e6ce5073-5824-4a19-955e-102821056461 (type: security_groups) to 1
2026-05-05 18:03:28.972 10 INFO neutron.db.ovn_revision_numbers_db [None req-eb8e7c74-67d6-4693-be6e-eddd9a8c6f34 6763f48be08a4de8999d0b57e871beb9 503580c723d94359b1ebca21ccf372c3 - - default default] Successfully bumped revision number for resource 6c9296dc-33f7-4b49-8f7c-bdd71667ddff (type: security_group_rules) to 0
2026-05-05 18:03:28.991 9 INFO neutron.wsgi [req-9c7d40dc-5e23-40dc-90af-de4eec9acdca req-3a24d6f5-6bd0-4977-b738-5d81e8a7a93f ae451c4dae7a4477a1d4bcfe9768f88d 0d3b32db12544804bd591ab23292686d - - default default] 10.0.0.199 "GET /v2.0/security-groups?id=f7a2350e-6b18-48d5-b8b2-ae4ec147badc&fields=id&fields=name HTTP/1.1" status: 200 len: 312 time: 0.0738344
2026-05-05 18:03:28.992 10 INFO neutron.db.ovn_revision_numbers_db [None req-eb8e7c74-67d6-4693-be6e-eddd9a8c6f34 6763f48be08a4de8999d0b57e871beb9 503580c723d94359b1ebca21ccf372c3 - - default default] Successfully bumped revision number for resource ffd8cae9-3d69-46d5-ab1a-dbf6160244e1 (type: security_group_rules) to 0
2026-05-05 18:03:29.015 10 INFO neutron.wsgi [None req-eb8e7c74-67d6-4693-be6e-eddd9a8c6f34 6763f48be08a4de8999d0b57e871beb9 503580c723d94359b1ebca21ccf372c3 - - default default] 10.0.0.54 "POST /v2.0/security-groups HTTP/1.1" status: 201 len: 1859 time: 0.2176609
2026-05-05 18:03:29.027 10 WARNING neutron_lib.context [None req-d9f94fb6-95f6-4af8-bdd6-e89e09b86ac9 6763f48be08a4de8999d0b57e871beb9 503580c723d94359b1ebca21ccf372c3 - - default default] Method 'is_advsvc' is deprecated since 2023.2 release (neutron-lib 3.8.0) and will be removed once support for the old RBAC API policies will be removed from Neutron. Please use method 'is_service_role' instead.
2026-05-05 18:03:29.038 10 INFO neutron.db.ovn_revision_numbers_db [None req-037854c0-e76b-4712-afb1-0c1f97abeaa9 - - - - - -] Successfully bumped revision number for resource 375a3afc-c813-434e-8d48-d69d5f3bbee6 (type: ports) to 4
2026-05-05 18:03:29.236 10 INFO neutron.db.ovn_revision_numbers_db [None req-d9f94fb6-95f6-4af8-bdd6-e89e09b86ac9 6763f48be08a4de8999d0b57e871beb9 503580c723d94359b1ebca21ccf372c3 - - default default] Successfully bumped revision number for resource 10281eca-c131-43af-93ae-7cf3ff40b853 (type: security_group_rules) to 0
2026-05-05 18:03:29.281 10 INFO neutron.wsgi [None req-d9f94fb6-95f6-4af8-bdd6-e89e09b86ac9 6763f48be08a4de8999d0b57e871beb9 503580c723d94359b1ebca21ccf372c3 - - default default] 10.0.0.54 "POST /v2.0/security-group-rules HTTP/1.1" status: 201 len: 796 time: 0.2591019
2026-05-05 18:03:29.291 10 WARNING neutron_lib.context [None req-4a1e5166-ac3c-4ecc-ba4c-5b1e6147b317 6763f48be08a4de8999d0b57e871beb9 503580c723d94359b1ebca21ccf372c3 - - default default] Method 'is_advsvc' is deprecated since 2023.2 release (neutron-lib 3.8.0) and will be removed once support for the old RBAC API policies will be removed from Neutron. Please use method 'is_service_role' instead.
2026-05-05 18:03:29.398 10 INFO neutron.db.ovn_revision_numbers_db [None req-037854c0-e76b-4712-afb1-0c1f97abeaa9 - - - - - -] Successfully bumped revision number for resource 375a3afc-c813-434e-8d48-d69d5f3bbee6 (type: router_ports) to 4
2026-05-05 18:03:29.421 9 WARNING neutron.scheduler.dhcp_agent_scheduler [None req-c8678a30-84b6-485b-a22d-b35747f3ce2e 9ca1bdaa54554a71b8685a18f03db938 fff08702b4174297bbbe71aa52d028ce - - default default] No more DHCP agents
2026-05-05 18:03:29.429 9 WARNING neutron.api.rpc.agentnotifiers.dhcp_rpc_agent_api [None req-c8678a30-84b6-485b-a22d-b35747f3ce2e 9ca1bdaa54554a71b8685a18f03db938 fff08702b4174297bbbe71aa52d028ce - - default default] Unable to schedule network 0dc067a0-05ef-4912-92bd-aa5838509cfa: no agents available; will retry on subsequent port and subnet creation events.
2026-05-05 18:03:29.458 10 INFO neutron.wsgi [req-07d1b39f-3ca6-4e3a-a1a9-e87a30cc5d67 req-a33ffb42-852c-4fea-a87d-9e3700ecf12a ae451c4dae7a4477a1d4bcfe9768f88d 0d3b32db12544804bd591ab23292686d - - default default] 10.0.0.199 "GET /v2.0/ports?device_id=e009efe4-a332-405d-a91b-d7ca0196b608 HTTP/1.1" status: 200 len: 1170 time: 0.1595101
2026-05-05 18:03:29.462 10 INFO neutron.plugins.ml2.drivers.ovn.mech_driver.ovsdb.ovsdb_monitor [None req-037854c0-e76b-4712-afb1-0c1f97abeaa9 - - - - - -] Router e3112bab-019d-402d-bc02-a07299f959ea is bound to host instance
2026-05-05 18:03:29.535 10 INFO neutron.wsgi [req-07d1b39f-3ca6-4e3a-a1a9-e87a30cc5d67 req-c7c80dc2-6aaf-4cf4-990e-13793ab9fea3 ae451c4dae7a4477a1d4bcfe9768f88d 0d3b32db12544804bd591ab23292686d - - default default] 10.0.0.199 "GET /v2.0/security-groups?id=f7a2350e-6b18-48d5-b8b2-ae4ec147badc&fields=id&fields=name HTTP/1.1" status: 200 len: 312 time: 0.0687590
2026-05-05 18:03:29.543 10 INFO neutron.db.ovn_revision_numbers_db [None req-4a1e5166-ac3c-4ecc-ba4c-5b1e6147b317 6763f48be08a4de8999d0b57e871beb9 503580c723d94359b1ebca21ccf372c3 - - default default] Successfully bumped revision number for resource 24f035e3-64e7-4e6c-b298-30dd5591cf44 (type: security_group_rules) to 0
2026-05-05 18:03:29.570 10 INFO neutron.wsgi [None req-4a1e5166-ac3c-4ecc-ba4c-5b1e6147b317 6763f48be08a4de8999d0b57e871beb9 503580c723d94359b1ebca21ccf372c3 - - default default] 10.0.0.54 "POST /v2.0/security-group-rules HTTP/1.1" status: 201 len: 801 time: 0.2841263
2026-05-05 18:03:29.584 9 WARNING neutron_lib.context [None req-242d1529-0977-4713-9f0a-5e520ebeff46 6763f48be08a4de8999d0b57e871beb9 503580c723d94359b1ebca21ccf372c3 - - default default] Method 'is_advsvc' is deprecated since 2023.2 release (neutron-lib 3.8.0) and will be removed once support for the old RBAC API policies will be removed from Neutron. Please use method 'is_service_role' instead.
2026-05-05 18:03:29.685 10 INFO neutron.wsgi [req-446efbe0-3a01-427b-a867-d1c805bfc289 req-4b733366-cef1-4685-a232-9f1fd004e090 ae451c4dae7a4477a1d4bcfe9768f88d 0d3b32db12544804bd591ab23292686d - - default default] 199.204.45.38 "GET /v2.0/ports?device_id=e009efe4-a332-405d-a91b-d7ca0196b608 HTTP/1.1" status: 200 len: 1170 time: 0.0475960
2026-05-05 18:03:29.706 9 INFO neutron.db.ovn_revision_numbers_db [None req-c8678a30-84b6-485b-a22d-b35747f3ce2e 9ca1bdaa54554a71b8685a18f03db938 fff08702b4174297bbbe71aa52d028ce - - default default] Successfully bumped revision number for resource e0932d12-c4d8-44e4-a35c-c9b34ebebed6 (type: ports) to 1
2026-05-05 18:03:30.130 9 INFO neutron.wsgi [req-094c295c-fe9d-403f-aa09-ff12db98a4e1 req-5ab0aec9-cc52-448c-9b22-b009621d4ed6 a3e87700221945f8a13cad7485063661 724c96a0522c42668b3b2aee66aaa337 - - 7858ee4fb5f245e588d2235dddbb4443 7858ee4fb5f245e588d2235dddbb4443] 199.204.45.38 "GET /v2.0/ports?tenant_id=0d3b32db12544804bd591ab23292686d&device_id=e009efe4-a332-405d-a91b-d7ca0196b608 HTTP/1.1" status: 200 len: 1409 time: 0.0648808
2026-05-05 18:03:30.263 10 INFO neutron.notifiers.nova [-] Nova event matching ['req-6b5a64f0-ecfe-4f76-bfd3-217d12417680'] response: {'name': 'network-changed', 'server_uuid': 'e009efe4-a332-405d-a91b-d7ca0196b608', 'tag': 'ae28b1bb-e05e-46bc-91c9-0e1d3106e0a8', 'status': 'completed', 'code': 200}
2026-05-05 18:03:30.277 9 INFO neutron.wsgi [req-094c295c-fe9d-403f-aa09-ff12db98a4e1 req-2b66df8d-1943-43b4-98ee-9a4b2c50e3b8 a3e87700221945f8a13cad7485063661 724c96a0522c42668b3b2aee66aaa337 - - 7858ee4fb5f245e588d2235dddbb4443 7858ee4fb5f245e588d2235dddbb4443] 199.204.45.38 "GET /v2.0/networks?id=0d93a549-ccb5-407e-a0e0-0e7935fb2f19 HTTP/1.1" status: 200 len: 968 time: 0.1355116
2026-05-05 18:03:30.357 9 WARNING neutron.scheduler.dhcp_agent_scheduler [None req-242d1529-0977-4713-9f0a-5e520ebeff46 6763f48be08a4de8999d0b57e871beb9 503580c723d94359b1ebca21ccf372c3 - - default default] No more DHCP agents
2026-05-05 18:03:30.409 9 WARNING neutron.api.rpc.agentnotifiers.dhcp_rpc_agent_api [None req-242d1529-0977-4713-9f0a-5e520ebeff46 6763f48be08a4de8999d0b57e871beb9 503580c723d94359b1ebca21ccf372c3 - - default default] Unable to schedule network 35718ed6-b420-4f12-bc7e-4b692e178205: no agents available; will retry on subsequent port and subnet creation events.
2026-05-05 18:03:30.445 10 INFO neutron.db.l3_db [req-446efbe0-3a01-427b-a867-d1c805bfc289 req-17b2b731-08c5-4127-841c-a42745bf9049 ae451c4dae7a4477a1d4bcfe9768f88d 0d3b32db12544804bd591ab23292686d - - default default] Floating IP d2dd584a-eead-46ea-90e4-6aa13585df1d disassociated. External IP: 10.96.250.201, port: ae28b1bb-e05e-46bc-91c9-0e1d3106e0a8.
2026-05-05 18:03:30.460 9 INFO neutron.wsgi [req-094c295c-fe9d-403f-aa09-ff12db98a4e1 req-81df02f6-70e4-46a7-9bb8-0f65ad69ef93 a3e87700221945f8a13cad7485063661 724c96a0522c42668b3b2aee66aaa337 - - 7858ee4fb5f245e588d2235dddbb4443 7858ee4fb5f245e588d2235dddbb4443] 199.204.45.38 "GET /v2.0/floatingips?fixed_ip_address=10.100.0.5&port_id=ae28b1bb-e05e-46bc-91c9-0e1d3106e0a8 HTTP/1.1" status: 200 len: 1059 time: 0.1679389 /var/lib/openstack/lib/python3.10/site-packages/pycadf/identifier.py:71: UserWarning: Invalid uuid: neutron. To ensure interoperability, identifiers should be a valid uuid. warnings.warn(('Invalid uuid: %s. To ensure interoperability, '
2026-05-05 18:03:30.559 9 INFO neutron.wsgi [req-094c295c-fe9d-403f-aa09-ff12db98a4e1 req-e2128313-c2b5-4886-ab69-25427f033789 a3e87700221945f8a13cad7485063661 724c96a0522c42668b3b2aee66aaa337 - - 7858ee4fb5f245e588d2235dddbb4443 7858ee4fb5f245e588d2235dddbb4443] 199.204.45.38 "GET /v2.0/subnets?id=fd06b6f6-9b1f-4e4b-9163-581ac2f7eb02 HTTP/1.1" status: 200 len: 863 time: 0.0904105
2026-05-05 18:03:30.621 9 INFO neutron.wsgi [req-094c295c-fe9d-403f-aa09-ff12db98a4e1 req-2ceb2c7e-c4cc-4f5b-8220-774353870331 a3e87700221945f8a13cad7485063661 724c96a0522c42668b3b2aee66aaa337 - - 7858ee4fb5f245e588d2235dddbb4443 7858ee4fb5f245e588d2235dddbb4443] 199.204.45.38 "GET /v2.0/ports?network_id=0d93a549-ccb5-407e-a0e0-0e7935fb2f19&device_owner=network%3Adhcp HTTP/1.1" status: 200 len: 210 time: 0.0520315
2026-05-05 18:03:30.626 10 INFO neutron.wsgi [req-446efbe0-3a01-427b-a867-d1c805bfc289 req-17b2b731-08c5-4127-841c-a42745bf9049 ae451c4dae7a4477a1d4bcfe9768f88d 0d3b32db12544804bd591ab23292686d - - default default] 199.204.45.38 "DELETE /v2.0/ports/ae28b1bb-e05e-46bc-91c9-0e1d3106e0a8 HTTP/1.1" status: 204 len: 173 time: 0.9319038
2026-05-05 18:03:30.627 10 INFO neutron.wsgi [req-5e01683e-9cde-418c-8075-ea395f34cdb8 req-43db98da-375a-4381-9eb9-a41e5ee3c51f ae451c4dae7a4477a1d4bcfe9768f88d 0d3b32db12544804bd591ab23292686d - - default default] 10.0.0.199 "GET /v2.0/ports?device_id=e009efe4-a332-405d-a91b-d7ca0196b608 HTTP/1.1" status: 200 len: 210 time: 0.0239491
2026-05-05 18:03:30.631 10 INFO neutron.db.ovn_revision_numbers_db [None req-037854c0-e76b-4712-afb1-0c1f97abeaa9 - - - - - -] Successfully bumped revision number for resource d52c58b4-5cc8-4a84-98fe-180520ff2b35 (type: ports) to 1
2026-05-05 18:03:30.765 9 INFO neutron.wsgi [req-094c295c-fe9d-403f-aa09-ff12db98a4e1 req-918feaa1-7e43-4115-a919-a05068ec9112 a3e87700221945f8a13cad7485063661 724c96a0522c42668b3b2aee66aaa337 - - 7858ee4fb5f245e588d2235dddbb4443 7858ee4fb5f245e588d2235dddbb4443] 199.204.45.38 "GET /v2.0/networks/0d93a549-ccb5-407e-a0e0-0e7935fb2f19?fields=segments HTTP/1.1" status: 200 len: 212 time: 0.1378350
2026-05-05 18:03:30.995 10 INFO neutron.db.ovn_revision_numbers_db [None req-037854c0-e76b-4712-afb1-0c1f97abeaa9 - - - - - -] Successfully bumped revision number for resource d52c58b4-5cc8-4a84-98fe-180520ff2b35 (type: router_ports) to 3
2026-05-05 18:03:31.138 9 INFO neutron.wsgi [req-094c295c-fe9d-403f-aa09-ff12db98a4e1 req-afeec21c-eedd-462a-9118-e3cf225bcf7e a3e87700221945f8a13cad7485063661 724c96a0522c42668b3b2aee66aaa337 - - 7858ee4fb5f245e588d2235dddbb4443 7858ee4fb5f245e588d2235dddbb4443] 199.204.45.38 "GET /v2.0/networks/0d93a549-ccb5-407e-a0e0-0e7935fb2f19?fields=provider%3Aphysical_network&fields=provider%3Anetwork_type HTTP/1.1" status: 200 len: 277 time: 0.3592570
2026-05-05 18:03:31.219 10 INFO neutron.db.ovn_revision_numbers_db [None req-037854c0-e76b-4712-afb1-0c1f97abeaa9 - - - - - -] Successfully bumped revision number for resource d52c58b4-5cc8-4a84-98fe-180520ff2b35 (type: ports) to 2
2026-05-05 18:03:31.336 9 ERROR ovsdbapp.backend.ovs_idl.command [None req-c8678a30-84b6-485b-a22d-b35747f3ce2e 9ca1bdaa54554a71b8685a18f03db938 fff08702b4174297bbbe71aa52d028ce - - default default] Error executing command (DbGetCommand): ovsdbapp.backend.ovs_idl.idlutils.RowNotFound: Cannot find Logical_Router_Port with name=lrp-e0932d12-c4d8-44e4-a35c-c9b34ebebed6
2026-05-05 18:03:31.336 9 ERROR ovsdbapp.backend.ovs_idl.command
Traceback (most recent call last):
2026-05-05 18:03:31.336 9 ERROR ovsdbapp.backend.ovs_idl.command
File "/var/lib/openstack/lib/python3.10/site-packages/ovsdbapp/backend/ovs_idl/command.py", line 47, in execute
2026-05-05 18:03:31.336 9 ERROR ovsdbapp.backend.ovs_idl.command self.run_idl(None)
2026-05-05 18:03:31.336 9 ERROR ovsdbapp.backend.ovs_idl.command
File "/var/lib/openstack/lib/python3.10/site-packages/ovsdbapp/backend/ovs_idl/command.py", line 235, in run_idl
2026-05-05 18:03:31.336 9 ERROR ovsdbapp.backend.ovs_idl.command record = self.api.lookup(self.table, self.record)
2026-05-05 18:03:31.336 9 ERROR ovsdbapp.backend.ovs_idl.command
File "/var/lib/openstack/lib/python3.10/site-packages/ovsdbapp/backend/ovs_idl/__init__.py", line 184, in lookup
2026-05-05 18:03:31.336 9 ERROR ovsdbapp.backend.ovs_idl.command return self._lookup(table, record)
2026-05-05 18:03:31.336 9 ERROR ovsdbapp.backend.ovs_idl.command
File "/var/lib/openstack/lib/python3.10/site-packages/ovsdbapp/backend/ovs_idl/__init__.py", line 235, in _lookup
2026-05-05 18:03:31.336 9 ERROR ovsdbapp.backend.ovs_idl.command row = idlutils.row_by_value(self, rl.table, rl.column, record)
2026-05-05 18:03:31.336 9 ERROR ovsdbapp.backend.ovs_idl.command
File "/var/lib/openstack/lib/python3.10/site-packages/ovsdbapp/backend/ovs_idl/idlutils.py", line 114, in row_by_value
2026-05-05 18:03:31.336 9 ERROR ovsdbapp.backend.ovs_idl.command raise RowNotFound(table=table, col=column, match=match)
2026-05-05 18:03:31.336 9 ERROR ovsdbapp.backend.ovs_idl.command ovsdbapp.backend.ovs_idl.idlutils.RowNotFound: Cannot find Logical_Router_Port with name=lrp-e0932d12-c4d8-44e4-a35c-c9b34ebebed6
2026-05-05 18:03:31.336 9 ERROR ovsdbapp.backend.ovs_idl.command 
2026-05-05 18:03:31.337 9 ERROR neutron_lib.callbacks.manager [None req-c8678a30-84b6-485b-a22d-b35747f3ce2e 9ca1bdaa54554a71b8685a18f03db938 fff08702b4174297bbbe71aa52d028ce - - default default] Error during notification for neutron.services.ovn_l3.plugin.OVNL3RouterPlugin._port_update-8727170617044 port, after_update: ovsdbapp.backend.ovs_idl.idlutils.RowNotFound: Cannot find Logical_Router_Port with name=lrp-e0932d12-c4d8-44e4-a35c-c9b34ebebed6
2026-05-05 18:03:31.337 9 ERROR neutron_lib.callbacks.manager
Traceback (most recent call last):
2026-05-05 18:03:31.337 9 ERROR neutron_lib.callbacks.manager
File "/var/lib/openstack/lib/python3.10/site-packages/neutron_lib/callbacks/manager.py", line 189, in _notify_loop
2026-05-05 18:03:31.337 9 ERROR neutron_lib.callbacks.manager callback.method(resource, event, trigger, payload=payload)
2026-05-05 18:03:31.337 9 ERROR neutron_lib.callbacks.manager
File "/var/lib/openstack/lib/python3.10/site-packages/neutron/services/ovn_l3/plugin.py", line 391, in _port_update
2026-05-05 18:03:31.337 9 ERROR neutron_lib.callbacks.manager l3plugin._ovn_client.update_router_port(context,
2026-05-05 18:03:31.337 9 ERROR neutron_lib.callbacks.manager
File "/var/lib/openstack/lib/python3.10/site-packages/neutron/plugins/ml2/drivers/ovn/mech_driver/ovsdb/ovn_client.py", line 1878, in update_router_port
2026-05-05 18:03:31.337 9 ERROR neutron_lib.callbacks.manager self._update_lrouter_port(context, port, if_exists=if_exists,
2026-05-05 18:03:31.337 9 ERROR neutron_lib.callbacks.manager
File "/var/lib/openstack/lib/python3.10/site-packages/neutron/plugins/ml2/drivers/ovn/mech_driver/ovsdb/ovn_client.py", line 1855, in _update_lrouter_port
2026-05-05 18:03:31.337 9 ERROR neutron_lib.callbacks.manager external_ids = self._nb_idl.db_get(
2026-05-05 18:03:31.337 9 ERROR neutron_lib.callbacks.manager
File "/var/lib/openstack/lib/python3.10/site-packages/ovsdbapp/backend/ovs_idl/command.py", line 47, in execute
2026-05-05 18:03:31.337 9 ERROR neutron_lib.callbacks.manager self.run_idl(None)
2026-05-05 18:03:31.337 9 ERROR neutron_lib.callbacks.manager
File "/var/lib/openstack/lib/python3.10/site-packages/ovsdbapp/backend/ovs_idl/command.py", line 235, in run_idl
2026-05-05 18:03:31.337 9 ERROR neutron_lib.callbacks.manager record = self.api.lookup(self.table, self.record)
2026-05-05 18:03:31.337 9 ERROR neutron_lib.callbacks.manager
File "/var/lib/openstack/lib/python3.10/site-packages/ovsdbapp/backend/ovs_idl/__init__.py", line 184, in lookup
2026-05-05 18:03:31.337 9 ERROR neutron_lib.callbacks.manager return self._lookup(table, record)
2026-05-05 18:03:31.337 9 ERROR neutron_lib.callbacks.manager
File "/var/lib/openstack/lib/python3.10/site-packages/ovsdbapp/backend/ovs_idl/__init__.py", line 235, in _lookup
2026-05-05 18:03:31.337 9 ERROR neutron_lib.callbacks.manager row = idlutils.row_by_value(self, rl.table, rl.column, record)
2026-05-05 18:03:31.337 9 ERROR neutron_lib.callbacks.manager
File "/var/lib/openstack/lib/python3.10/site-packages/ovsdbapp/backend/ovs_idl/idlutils.py", line 114, in row_by_value
2026-05-05 18:03:31.337 9 ERROR neutron_lib.callbacks.manager raise RowNotFound(table=table, col=column, match=match)
2026-05-05 18:03:31.337 9 ERROR neutron_lib.callbacks.manager ovsdbapp.backend.ovs_idl.idlutils.RowNotFound: Cannot find Logical_Router_Port with name=lrp-e0932d12-c4d8-44e4-a35c-c9b34ebebed6
2026-05-05 18:03:31.337 9 ERROR neutron_lib.callbacks.manager 
2026-05-05 18:03:31.391 9 INFO neutron.wsgi [None req-242d1529-0977-4713-9f0a-5e520ebeff46 6763f48be08a4de8999d0b57e871beb9 503580c723d94359b1ebca21ccf372c3 - - default default] 10.0.0.54 "POST /v2.0/floatingips HTTP/1.1" status: 201 len: 751 time: 1.8165851
2026-05-05 18:03:31.429 9 INFO neutron.wsgi [None req-6f76ee7e-157a-4dfe-8d80-f33ae902dfe9 9ca1bdaa54554a71b8685a18f03db938 fff08702b4174297bbbe71aa52d028ce - - default default] 10.0.0.54 "PUT /v2.0/routers/f00bab9b-9194-44be-a37b-caeeff4135b5/remove_router_interface HTTP/1.1" status: 200 len: 503 time: 3.2661221
2026-05-05 18:03:31.578 9 INFO neutron.plugins.ml2.drivers.ovn.mech_driver.mech_driver [None req-42885f72-cdae-4c41-a029-38f5180af0f2 - - - - - -] OVN reports status up for port: e0932d12-c4d8-44e4-a35c-c9b34ebebed6
2026-05-05 18:03:31.599 9 INFO neutron.plugins.ml2.plugin [None req-42885f72-cdae-4c41-a029-38f5180af0f2 - - - - - -] Attempt 1 to provision port e0932d12-c4d8-44e4-a35c-c9b34ebebed6
2026-05-05 18:03:31.616 9 INFO neutron.db.ovn_revision_numbers_db [None req-c8678a30-84b6-485b-a22d-b35747f3ce2e 9ca1bdaa54554a71b8685a18f03db938 fff08702b4174297bbbe71aa52d028ce - - default default] Successfully bumped revision number for resource e0932d12-c4d8-44e4-a35c-c9b34ebebed6 (type: ports) to 1
2026-05-05 18:03:31.632 10 INFO neutron.db.ovn_revision_numbers_db [None req-037854c0-e76b-4712-afb1-0c1f97abeaa9 - - - - - -] Successfully bumped revision number for resource d52c58b4-5cc8-4a84-98fe-180520ff2b35 (type: ports) to 4
2026-05-05 18:03:31.689 9 WARNING neutron.scheduler.dhcp_agent_scheduler [None req-c8678a30-84b6-485b-a22d-b35747f3ce2e 9ca1bdaa54554a71b8685a18f03db938 fff08702b4174297bbbe71aa52d028ce - - default default] No more DHCP agents
2026-05-05 18:03:31.690 9 WARNING neutron.api.rpc.agentnotifiers.dhcp_rpc_agent_api [None req-c8678a30-84b6-485b-a22d-b35747f3ce2e 9ca1bdaa54554a71b8685a18f03db938 fff08702b4174297bbbe71aa52d028ce - - default default] Unable to schedule network 0dc067a0-05ef-4912-92bd-aa5838509cfa: no agents available; will retry on subsequent port and subnet creation events. /var/lib/openstack/lib/python3.10/site-packages/pycadf/identifier.py:71: UserWarning: Invalid uuid: neutron. To ensure interoperability, identifiers should be a valid uuid. warnings.warn(('Invalid uuid: %s. To ensure interoperability, '
