2026-08-22 11:52:53.199 8 INFO neutron.db.ovn_revision_numbers_db [None req-ac0e4b3d-284a-4230-8819-3d75e3c60924 - - - - - -] Successfully bumped revision number for resource 485f4fe5-ae0f-4fb8-b128-5660e1eb49cb (type: router_ports) to 2
2026-08-22 11:52:53.479 8 WARNING neutron.scheduler.dhcp_agent_scheduler [None req-bdb4add1-c129-4c1c-8ae1-e233175ff17e dc083c46c2104eeba97939cfda50cbed 3c3d5c8599904d2983129bf8cf923433 - - default default] No more DHCP agents
2026-08-22 11:52:53.480 8 WARNING neutron.api.rpc.agentnotifiers.dhcp_rpc_agent_api [None req-bdb4add1-c129-4c1c-8ae1-e233175ff17e dc083c46c2104eeba97939cfda50cbed 3c3d5c8599904d2983129bf8cf923433 - - default default] Unable to schedule network e8371427-bf8d-421e-8d71-066a7e12aee4: no agents available; will retry on subsequent port and subnet creation events.
2026-08-22 11:52:53.553 8 INFO neutron.plugins.ml2.drivers.ovn.mech_driver.mech_driver [None req-ac0e4b3d-284a-4230-8819-3d75e3c60924 - - - - - -] OVN reports status down for port: ba3f49e2-ea67-4711-9d82-c823df00ff16
2026-08-22 11:52:53.628 8 INFO neutron.db.ovn_revision_numbers_db [None req-bdb4add1-c129-4c1c-8ae1-e233175ff17e dc083c46c2104eeba97939cfda50cbed 3c3d5c8599904d2983129bf8cf923433 - - default default] Successfully bumped revision number for resource ba3f49e2-ea67-4711-9d82-c823df00ff16 (type: ports) to 1 [pid: 7|app: 0|req: 856/1721] 10.0.0.239 () {34 vars in 990 bytes} [Sat Aug 22 11:52:54 2026] GET /v2.0/ports?device_id=ffab6f04-8859-49e8-86cd-dabb83b24622 => generated 969 bytes in 75 msecs (HTTP/1.1 200) 4 headers in 157 bytes (1 switches on core 0) [pid: 7|app: 0|req: 857/1722] 10.0.0.239 () {34 vars in 1040 bytes} [Sat Aug 22 11:52:54 2026] GET /v2.0/security-groups?id=7f49b522-1a16-498d-9acc-baf5e5715106&fields=id&fields=name => generated 113 bytes in 24 msecs (HTTP/1.1 200) 4 headers in 157 bytes (1 switches on core 0)
2026-08-22 11:52:54.281 8 INFO neutron.plugins.ml2.drivers.ovn.mech_driver.mech_driver [None req-ac0e4b3d-284a-4230-8819-3d75e3c60924 - - - - - -] OVN reports status up for port: ba3f49e2-ea67-4711-9d82-c823df00ff16
2026-08-22 11:52:54.337 8 INFO neutron.plugins.ml2.plugin [None req-ac0e4b3d-284a-4230-8819-3d75e3c60924 - - - - - -] Attempt 1 to provision port ba3f49e2-ea67-4711-9d82-c823df00ff16
2026-08-22 11:52:54.349 7 INFO neutron.plugins.ml2.drivers.ovn.mech_driver.mech_driver [None req-c6aa07b3-510c-4554-ad7e-fbc0c869d613 - - - - - -] OVN reports status up for port: 4ce8823b-a6f5-45e5-bbff-45583c590584
2026-08-22 11:52:54.369 7 INFO neutron.plugins.ml2.plugin [None req-c6aa07b3-510c-4554-ad7e-fbc0c869d613 - - - - - -] Attempt 1 to provision port 4ce8823b-a6f5-45e5-bbff-45583c590584
2026-08-22 11:52:54.456 8 WARNING neutron.scheduler.dhcp_agent_scheduler [None req-bdb4add1-c129-4c1c-8ae1-e233175ff17e dc083c46c2104eeba97939cfda50cbed 3c3d5c8599904d2983129bf8cf923433 - - default default] No more DHCP agents
2026-08-22 11:52:54.461 8 WARNING neutron.api.rpc.agentnotifiers.dhcp_rpc_agent_api [None req-bdb4add1-c129-4c1c-8ae1-e233175ff17e dc083c46c2104eeba97939cfda50cbed 3c3d5c8599904d2983129bf8cf923433 - - default default] Unable to schedule network e8371427-bf8d-421e-8d71-066a7e12aee4: no agents available; will retry on subsequent port and subnet creation events.
2026-08-22 11:52:54.489 7 INFO neutron.notifiers.nova [-] Nova event matching ['req-fbcb88ce-a234-4b7c-8580-179887bee2c9'] response: {'server_uuid': 'ffab6f04-8859-49e8-86cd-dabb83b24622', 'name': 'network-vif-plugged', 'status': 'completed', 'tag': '4ce8823b-a6f5-45e5-bbff-45583c590584', 'code': 200}
2026-08-22 11:52:54.633 7 INFO neutron.db.ovn_revision_numbers_db [None req-c6aa07b3-510c-4554-ad7e-fbc0c869d613 - - - - - -] Successfully bumped revision number for resource 4ce8823b-a6f5-45e5-bbff-45583c590584 (type: ports) to 5 /var/lib/openstack/lib/python3.12/site-packages/pycadf/identifier.py:70: UserWarning: Invalid uuid: neutron. To ensure interoperability, identifiers should be a valid uuid. warnings.warn(('Invalid uuid: %s. To ensure interoperability, '
2026-08-22 11:52:54.868 7 INFO neutron.db.ovn_revision_numbers_db [None req-735f8940-5df3-4b29-9878-ddc33a99b0e7 9f15984cf0104f75a5fc987723458f26 78f92206acfc4f95b386af00fe54646a - - default default] Successfully bumped revision number for resource 1ffed3f8-d2ef-4495-ac6f-ab0b33ebd462 (type: security_groups) to 1
2026-08-22 11:52:54.879 7 INFO neutron.db.ovn_revision_numbers_db [None req-735f8940-5df3-4b29-9878-ddc33a99b0e7 9f15984cf0104f75a5fc987723458f26 78f92206acfc4f95b386af00fe54646a - - default default] Successfully bumped revision number for resource 21cac6af-3995-4892-9532-4d065c00794c (type: security_group_rules) to 0
2026-08-22 11:52:54.889 7 INFO neutron.db.ovn_revision_numbers_db [None req-735f8940-5df3-4b29-9878-ddc33a99b0e7 9f15984cf0104f75a5fc987723458f26 78f92206acfc4f95b386af00fe54646a - - default default] Successfully bumped revision number for resource 48c1c527-d8a3-448b-b060-8aa9f84fbfbf (type: security_group_rules) to 0
2026-08-22 11:52:54.902 7 INFO neutron.db.ovn_revision_numbers_db [None req-735f8940-5df3-4b29-9878-ddc33a99b0e7 9f15984cf0104f75a5fc987723458f26 78f92206acfc4f95b386af00fe54646a - - default default] Successfully bumped revision number for resource c70f7359-9c26-4ef2-80cc-b64eb971e0cc (type: security_group_rules) to 0
2026-08-22 11:52:54.913 7 INFO neutron.db.ovn_revision_numbers_db [None req-735f8940-5df3-4b29-9878-ddc33a99b0e7 9f15984cf0104f75a5fc987723458f26 78f92206acfc4f95b386af00fe54646a - - default default] Successfully bumped revision number for resource dd77dbde-a344-463e-89c0-f57cb82cfda1 (type: security_group_rules) to 0
2026-08-22 11:52:54.947 8 INFO neutron.db.ovn_revision_numbers_db [None req-bdb4add1-c129-4c1c-8ae1-e233175ff17e dc083c46c2104eeba97939cfda50cbed 3c3d5c8599904d2983129bf8cf923433 - - default default] Successfully bumped revision number for resource ba3f49e2-ea67-4711-9d82-c823df00ff16 (type: router_ports) to 1 [pid: 8|app: 0|req: 866/1723] 10.0.0.212 () {34 vars in 783 bytes} [Sat Aug 22 11:52:52 2026] PUT /v2.0/routers/bf7c92c8-74b4-4de5-872f-a280afbff777/add_router_interface => generated 309 bytes in 2144 msecs (HTTP/1.1 200) 4 headers in 157 bytes (1 switches on core 0)
2026-08-22 11:52:54.983 7 INFO neutron.db.segments_db [None req-735f8940-5df3-4b29-9878-ddc33a99b0e7 9f15984cf0104f75a5fc987723458f26 78f92206acfc4f95b386af00fe54646a - - default default] Added segment 3432626c-c3f9-4563-8e8d-65e4fbe59ae8 of type geneve for network e808c111-9ec0-41e2-a912-29a38fc8c3d8
2026-08-22 11:52:55.073 7 INFO neutron.db.ovn_revision_numbers_db [None req-735f8940-5df3-4b29-9878-ddc33a99b0e7 9f15984cf0104f75a5fc987723458f26 78f92206acfc4f95b386af00fe54646a - - default default] Successfully bumped revision number for resource e808c111-9ec0-41e2-a912-29a38fc8c3d8 (type: networks) to 1 [pid: 8|app: 0|req: 867/1724] 10.0.0.212 () {32 vars in 717 bytes} [Sat Aug 22 11:52:54 2026] GET /v2.0/ports/ba3f49e2-ea67-4711-9d82-c823df00ff16 => generated 955 bytes in 166 msecs (HTTP/1.1 200) 4 headers in 157 bytes (1 switches on core 0)
2026-08-22 11:52:55.145 8 INFO neutron.db.ovn_revision_numbers_db [None req-ac0e4b3d-284a-4230-8819-3d75e3c60924 - - - - - -] Successfully bumped revision number for resource ba3f49e2-ea67-4711-9d82-c823df00ff16 (type: ports) to 2
2026-08-22 11:52:55.237 7 WARNING neutron.scheduler.dhcp_agent_scheduler [None req-735f8940-5df3-4b29-9878-ddc33a99b0e7 9f15984cf0104f75a5fc987723458f26 78f92206acfc4f95b386af00fe54646a - - default default] No more DHCP agents
2026-08-22 11:52:55.238 7 WARNING neutron.api.rpc.agentnotifiers.dhcp_rpc_agent_api [None req-735f8940-5df3-4b29-9878-ddc33a99b0e7 9f15984cf0104f75a5fc987723458f26 78f92206acfc4f95b386af00fe54646a - - default default] Unable to schedule network e808c111-9ec0-41e2-a912-29a38fc8c3d8: no agents available; will retry on subsequent port and subnet creation events.
2026-08-22 11:52:55.258 8 INFO neutron.db.ovn_revision_numbers_db [None req-27f4dde4-2b9b-4d0b-881e-b765564db39b - - - - - -] Successfully bumped revision number for resource ba3f49e2-ea67-4711-9d82-c823df00ff16 (type: router_ports) to 2
2026-08-22 11:52:55.333 8 INFO neutron.plugins.ml2.drivers.ovn.mech_driver.mech_driver [None req-27f4dde4-2b9b-4d0b-881e-b765564db39b - - - - - -] OVN reports status down for port: 7e08f87f-d6bf-444d-ae86-b7cedc1d0bd6
2026-08-22 11:52:55.335 7 INFO neutron.db.ovn_revision_numbers_db [None req-735f8940-5df3-4b29-9878-ddc33a99b0e7 9f15984cf0104f75a5fc987723458f26 78f92206acfc4f95b386af00fe54646a - - default default] Successfully bumped revision number for resource 7e08f87f-d6bf-444d-ae86-b7cedc1d0bd6 (type: ports) to 1 [pid: 7|app: 0|req: 858/1725] 10.0.0.212 () {34 vars in 670 bytes} [Sat Aug 22 11:52:54 2026] POST /v2.0/networks => generated 670 bytes in 929 msecs (HTTP/1.1 201) 4 headers in 162 bytes (1 switches on core 0) [pid: 7|app: 0|req: 859/1726] 10.0.0.212 () {32 vars in 717 bytes} [Sat Aug 22 11:52:55 2026] GET /v2.0/ports/ba3f49e2-ea67-4711-9d82-c823df00ff16 => generated 955 bytes in 46 msecs (HTTP/1.1 200) 4 headers in 157 bytes (1 switches on core 0) [pid: 7|app: 0|req: 860/1727] 10.0.0.239 () {34 vars in 990 bytes} [Sat Aug 22 11:52:55 2026] GET /v2.0/ports?device_id=ffab6f04-8859-49e8-86cd-dabb83b24622 => generated 971 bytes in 40 msecs (HTTP/1.1 200) 4 headers in 157 bytes (1 switches on core 0)
2026-08-22 11:52:55.507 8 INFO neutron.db.ovn_revision_numbers_db [None req-7b135cf8-693b-4afc-ac24-357aaa42ab83 62a6ac5e46cf44199f0dc4c7dfd9bcd5 ab2962e85fd643ada8ba381a3b7eabb2 - - default default] Successfully bumped revision number for resource e2303ae7-fe75-48b8-b258-be60250e5ad7 (type: security_groups) to 1
2026-08-22 11:52:55.516 8 INFO neutron.db.ovn_revision_numbers_db [None req-7b135cf8-693b-4afc-ac24-357aaa42ab83 62a6ac5e46cf44199f0dc4c7dfd9bcd5 ab2962e85fd643ada8ba381a3b7eabb2 - - default default] Successfully bumped revision number for resource 28655254-1d2d-436b-8ffb-c9700a0048ec (type: security_group_rules) to 0
2026-08-22 11:52:55.531 8 INFO neutron.db.ovn_revision_numbers_db [None req-7b135cf8-693b-4afc-ac24-357aaa42ab83 62a6ac5e46cf44199f0dc4c7dfd9bcd5 ab2962e85fd643ada8ba381a3b7eabb2 - - default default] Successfully bumped revision number for resource 9470a912-4301-45cd-b302-a17732b53ad0 (type: security_group_rules) to 0
2026-08-22 11:52:55.545 8 INFO neutron.db.ovn_revision_numbers_db [None req-7b135cf8-693b-4afc-ac24-357aaa42ab83 62a6ac5e46cf44199f0dc4c7dfd9bcd5 ab2962e85fd643ada8ba381a3b7eabb2 - - default default] Successfully bumped revision number for resource b378c693-0752-40e2-bb6a-cc2822a65a29 (type: security_group_rules) to 0
2026-08-22 11:52:55.564 8 INFO neutron.db.ovn_revision_numbers_db [None req-7b135cf8-693b-4afc-ac24-357aaa42ab83 62a6ac5e46cf44199f0dc4c7dfd9bcd5 ab2962e85fd643ada8ba381a3b7eabb2 - - default default] Successfully bumped revision number for resource cc6a292a-803f-4f68-98b6-0ebae1142fa5 (type: security_group_rules) to 0 [pid: 8|app: 0|req: 868/1728] 10.0.0.212 () {32 vars in 774 bytes} [Sat Aug 22 11:52:55 2026] GET /v2.0/security-groups?tenant_id=d1291761a6ad4824a331eda207459bac&name=default => generated 2925 bytes in 467 msecs (HTTP/1.1 200) 4 headers in 158 bytes (1 switches on core 0)
2026-08-22 11:52:55.663 7 WARNING neutron.scheduler.dhcp_agent_scheduler [None req-cfe582ea-9acd-4ba2-a60b-f47069516f18 9f15984cf0104f75a5fc987723458f26 78f92206acfc4f95b386af00fe54646a - - default default] No more DHCP agents
2026-08-22 11:52:55.664 7 WARNING neutron.api.rpc.agentnotifiers.dhcp_rpc_agent_api [None req-cfe582ea-9acd-4ba2-a60b-f47069516f18 9f15984cf0104f75a5fc987723458f26 78f92206acfc4f95b386af00fe54646a - - default default] Unable to schedule network e808c111-9ec0-41e2-a912-29a38fc8c3d8: no agents available; will retry on subsequent port and subnet creation events.
2026-08-22 11:52:55.902 8 INFO neutron_taas.services.taas.taas_plugin [None req-7bc23066-7d96-4aad-a805-c094541ebc6f dc083c46c2104eeba97939cfda50cbed 3c3d5c8599904d2983129bf8cf923433 - - default default] TaaS: Handle Delete Port: ba3f49e2-ea67-4711-9d82-c823df00ff16
2026-08-22 11:52:55.905 8 INFO neutron_taas.services.taas.tap_mirror_plugin [None req-7bc23066-7d96-4aad-a805-c094541ebc6f dc083c46c2104eeba97939cfda50cbed 3c3d5c8599904d2983129bf8cf923433 - - default default] Tap Mirror: Handle Delete Port: ba3f49e2-ea67-4711-9d82-c823df00ff16
2026-08-22 11:52:56.139 7 INFO neutron.db.ovn_revision_numbers_db [None req-dda61bb2-1c8e-49ee-9788-01e4b47e75cc - - - - - -] Successfully bumped revision number for resource 7e08f87f-d6bf-444d-ae86-b7cedc1d0bd6 (type: ports) to 2
2026-08-22 11:52:56.180 7 INFO neutron.db.ovn_revision_numbers_db [None req-dda61bb2-1c8e-49ee-9788-01e4b47e75cc - - - - - -] Successfully bumped revision number for resource 528ac356-f257-42b9-964f-7dbdacd84a6f (type: subnets) to 0 [pid: 7|app: 0|req: 861/1729] 10.0.0.212 () {34 vars in 669 bytes} [Sat Aug 22 11:52:55 2026] POST /v2.0/subnets => generated 626 bytes in 751 msecs (HTTP/1.1 201) 4 headers in 162 bytes (1 switches on core 0) [pid: 7|app: 0|req: 862/1730] 10.0.0.239 () {34 vars in 1040 bytes} [Sat Aug 22 11:52:56 2026] GET /v2.0/security-groups?id=7f49b522-1a16-498d-9acc-baf5e5715106&fields=id&fields=name => generated 113 bytes in 34 msecs (HTTP/1.1 200) 4 headers in 157 bytes (1 switches on core 0) [pid: 8|app: 0|req: 869/1731] 10.0.0.212 () {34 vars in 789 bytes} [Sat Aug 22 11:52:55 2026] PUT /v2.0/routers/bf7c92c8-74b4-4de5-872f-a280afbff777/remove_router_interface => generated 309 bytes in 678 msecs (HTTP/1.1 200) 4 headers in 157 bytes (1 switches on core 0) /var/lib/openstack/lib/python3.12/site-packages/pycadf/identifier.py:70: UserWarning: Invalid uuid: neutron. To ensure interoperability, identifiers should be a valid uuid. warnings.warn(('Invalid uuid: %s. To ensure interoperability, '
2026-08-22 11:52:56.411 8 INFO neutron.db.segments_db [None req-208b4214-4247-486f-813b-7b62255210b5 9f15984cf0104f75a5fc987723458f26 78f92206acfc4f95b386af00fe54646a - - default default] Added segment c7020f01-94e2-4687-b9aa-018fff65afe9 of type geneve for network 11a439fd-d17a-40c5-8171-efcaaddc34e0 [pid: 7|app: 0|req: 863/1732] 10.0.0.212 () {32 vars in 740 bytes} [Sat Aug 22 11:52:56 2026] DELETE /v2.0/security-groups/e2303ae7-fe75-48b8-b258-be60250e5ad7 => generated 0 bytes in 267 msecs (HTTP/1.1 204) 2 headers in 112 bytes (1 switches on core 0)
2026-08-22 11:52:56.519 8 INFO neutron.db.ovn_revision_numbers_db [None req-208b4214-4247-486f-813b-7b62255210b5 9f15984cf0104f75a5fc987723458f26 78f92206acfc4f95b386af00fe54646a - - default default] Successfully bumped revision number for resource 11a439fd-d17a-40c5-8171-efcaaddc34e0 (type: networks) to 1
2026-08-22 11:52:56.561 7 INFO neutron.notifiers.nova [-] Nova event matching ['req-ecc78ca2-36a7-4d80-ace4-6ccd133026fd'] response: {'server_uuid': 'ffab6f04-8859-49e8-86cd-dabb83b24622', 'name': 'network-vif-plugged', 'status': 'completed', 'tag': '4ce8823b-a6f5-45e5-bbff-45583c590584', 'code': 200} [pid: 7|app: 0|req: 864/1733] 10.0.0.212 () {32 vars in 717 bytes} [Sat Aug 22 11:52:56 2026] GET /v2.0/ports/485f4fe5-ae0f-4fb8-b128-5660e1eb49cb => generated 947 bytes in 84 msecs (HTTP/1.1 200) 4 headers in 157 bytes (1 switches on core 0)
2026-08-22 11:52:56.720 8 WARNING neutron.scheduler.dhcp_agent_scheduler [None req-208b4214-4247-486f-813b-7b62255210b5 9f15984cf0104f75a5fc987723458f26 78f92206acfc4f95b386af00fe54646a - - default default] No more DHCP agents
2026-08-22 11:52:56.721 8 WARNING neutron.api.rpc.agentnotifiers.dhcp_rpc_agent_api [None req-208b4214-4247-486f-813b-7b62255210b5 9f15984cf0104f75a5fc987723458f26 78f92206acfc4f95b386af00fe54646a - - default default] Unable to schedule network 11a439fd-d17a-40c5-8171-efcaaddc34e0: no agents available; will retry on subsequent port and subnet creation events.
2026-08-22 11:52:56.780 7 INFO neutron.plugins.ml2.drivers.ovn.mech_driver.mech_driver [None req-2d4f9f6a-43ac-40ea-a8fa-6b326249a599 - - - - - -] OVN reports status down for port: 3419e9e3-4c7c-4920-b057-884da4823533
2026-08-22 11:52:56.794 8 INFO neutron.db.ovn_revision_numbers_db [None req-208b4214-4247-486f-813b-7b62255210b5 9f15984cf0104f75a5fc987723458f26 78f92206acfc4f95b386af00fe54646a - - default default] Successfully bumped revision number for resource 3419e9e3-4c7c-4920-b057-884da4823533 (type: ports) to 1 [pid: 8|app: 0|req: 870/1734] 10.0.0.212 () {34 vars in 670 bytes} [Sat Aug 22 11:52:56 2026] POST /v2.0/networks => generated 670 bytes in 528 msecs (HTTP/1.1 201) 4 headers in 162 bytes (1 switches on core 0)
2026-08-22 11:52:56.956 8 INFO neutron.db.ovn_revision_numbers_db [None req-89f1c530-e7a9-4bff-8b44-daf8e1e6b40b 62a6ac5e46cf44199f0dc4c7dfd9bcd5 ab2962e85fd643ada8ba381a3b7eabb2 - - default default] Successfully bumped revision number for resource 6f57aebe-84bc-4ecb-a900-2fdd34175763 (type: security_groups) to 1
2026-08-22 11:52:56.966 8 INFO neutron.db.ovn_revision_numbers_db [None req-89f1c530-e7a9-4bff-8b44-daf8e1e6b40b 62a6ac5e46cf44199f0dc4c7dfd9bcd5 ab2962e85fd643ada8ba381a3b7eabb2 - - default default] Successfully bumped revision number for resource 108bc5f8-a77d-4b2f-ac87-fbe45369031b (type: security_group_rules) to 0
2026-08-22 11:52:56.978 8 INFO neutron.db.ovn_revision_numbers_db [None req-89f1c530-e7a9-4bff-8b44-daf8e1e6b40b 62a6ac5e46cf44199f0dc4c7dfd9bcd5 ab2962e85fd643ada8ba381a3b7eabb2 - - default default] Successfully bumped revision number for resource 67928303-7071-41d6-91bb-3a0a32d4e680 (type: security_group_rules) to 0
2026-08-22 11:52:56.986 7 INFO neutron_taas.services.taas.taas_plugin [None req-c112f29e-0364-47a7-ad18-77bb9816baf8 dc083c46c2104eeba97939cfda50cbed 3c3d5c8599904d2983129bf8cf923433 - - default default] TaaS: Handle Delete Port: 485f4fe5-ae0f-4fb8-b128-5660e1eb49cb
2026-08-22 11:52:56.989 7 INFO neutron_taas.services.taas.tap_mirror_plugin [None req-c112f29e-0364-47a7-ad18-77bb9816baf8 dc083c46c2104eeba97939cfda50cbed 3c3d5c8599904d2983129bf8cf923433 - - default default] Tap Mirror: Handle Delete Port: 485f4fe5-ae0f-4fb8-b128-5660e1eb49cb
2026-08-22 11:52:56.989 8 INFO neutron.db.ovn_revision_numbers_db [None req-89f1c530-e7a9-4bff-8b44-daf8e1e6b40b 62a6ac5e46cf44199f0dc4c7dfd9bcd5 ab2962e85fd643ada8ba381a3b7eabb2 - - default default] Successfully bumped revision number for resource 81606757-1b40-4f66-9ccd-8aaf0abb6f0b (type: security_group_rules) to 0
2026-08-22 11:52:57.001 8 INFO neutron.db.ovn_revision_numbers_db [None req-89f1c530-e7a9-4bff-8b44-daf8e1e6b40b 62a6ac5e46cf44199f0dc4c7dfd9bcd5 ab2962e85fd643ada8ba381a3b7eabb2 - - default default] Successfully bumped revision number for resource bb6e4268-3ea7-44ea-87cc-7d9e3a0a6377 (type: security_group_rules) to 0 [pid: 8|app: 0|req: 871/1735] 10.0.0.212 () {32 vars in 774 bytes} [Sat Aug 22 11:52:56 2026] GET /v2.0/security-groups?tenant_id=b5a188786b634fb2abc4fb84900a49c8&name=default => generated 2925 bytes in 214 msecs (HTTP/1.1 200) 4 headers in 158 bytes (1 switches on core 0)
2026-08-22 11:52:57.206 8 WARNING neutron.scheduler.dhcp_agent_scheduler [None req-93245454-6995-451d-8e18-55698fafda16 9f15984cf0104f75a5fc987723458f26 78f92206acfc4f95b386af00fe54646a - - default default] No more DHCP agents
2026-08-22 11:52:57.207 8 WARNING neutron.api.rpc.agentnotifiers.dhcp_rpc_agent_api [None req-93245454-6995-451d-8e18-55698fafda16 9f15984cf0104f75a5fc987723458f26 78f92206acfc4f95b386af00fe54646a - - default default] Unable to schedule network 11a439fd-d17a-40c5-8171-efcaaddc34e0: no agents available; will retry on subsequent port and subnet creation events. [pid: 7|app: 0|req: 865/1736] 10.0.0.212 () {34 vars in 789 bytes} [Sat Aug 22 11:52:56 2026] PUT /v2.0/routers/bf7c92c8-74b4-4de5-872f-a280afbff777/remove_router_interface => generated 309 bytes in 715 msecs (HTTP/1.1 200) 4 headers in 157 bytes (1 switches on core 0) /var/lib/openstack/lib/python3.12/site-packages/pycadf/identifier.py:70: UserWarning: Invalid uuid: neutron. To ensure interoperability, identifiers should be a valid uuid. warnings.warn(('Invalid uuid: %s. To ensure interoperability, '
2026-08-22 11:52:57.615 8 INFO neutron.db.ovn_revision_numbers_db [None req-7f41319c-b017-4de1-96ef-a05dd828eb60 - - - - - -] Successfully bumped revision number for resource 3419e9e3-4c7c-4920-b057-884da4823533 (type: ports) to 2 [pid: 7|app: 0|req: 866/1737] 10.0.0.212 () {32 vars in 740 bytes} [Sat Aug 22 11:52:57 2026] DELETE /v2.0/security-groups/6f57aebe-84bc-4ecb-a900-2fdd34175763 => generated 0 bytes in 304 msecs (HTTP/1.1 204) 2 headers in 112 bytes (1 switches on core 0) [pid: 7|app: 0|req: 867/1738] 10.0.0.239 () {34 vars in 990 bytes} [Sat Aug 22 11:52:57 2026] GET /v2.0/ports?device_id=ffab6f04-8859-49e8-86cd-dabb83b24622 => generated 971 bytes in 42 msecs (HTTP/1.1 200) 4 headers in 157 bytes (1 switches on core 0) [pid: 7|app: 0|req: 868/1739] 10.0.0.212 () {32 vars in 736 bytes} [Sat Aug 22 11:52:57 2026] GET /v2.0/ports?device_id=bf7c92c8-74b4-4de5-872f-a280afbff777 => generated 12 bytes in 15 msecs (HTTP/1.1 200) 4 headers in 156 bytes (1 switches on core 0)
2026-08-22 11:52:57.681 8 INFO neutron.db.ovn_revision_numbers_db [None req-7f41319c-b017-4de1-96ef-a05dd828eb60 - - - - - -] Successfully bumped revision number for resource 369b74d3-1e1b-48a3-9b56-53ab2eabf410 (type: subnets) to 0 [pid: 8|app: 0|req: 872/1740] 10.0.0.212 () {34 vars in 669 bytes} [Sat Aug 22 11:52:57 2026] POST /v2.0/subnets => generated 629 bytes in 662 msecs (HTTP/1.1 201) 4 headers in 162 bytes (1 switches on core 0) [pid: 7|app: 0|req: 869/1741] 10.0.0.239 () {34 vars in 1040 bytes} [Sat Aug 22 11:52:57 2026] GET /v2.0/security-groups?id=7f49b522-1a16-498d-9acc-baf5e5715106&fields=id&fields=name => generated 113 bytes in 28 msecs (HTTP/1.1 200) 4 headers in 157 bytes (1 switches on core 0)
2026-08-22 11:52:57.797 7 INFO neutron.db.segments_db [None req-9fbfad88-919e-4d51-beb0-89b578629b19 9f15984cf0104f75a5fc987723458f26 78f92206acfc4f95b386af00fe54646a - - default default] Added segment f08a0729-47d6-4a3b-a11b-cac733a268f3 of type geneve for network d081ce5f-708d-4fbd-aaeb-ec26060b1dd8
2026-08-22 11:52:57.896 7 INFO neutron.db.ovn_revision_numbers_db [None req-9fbfad88-919e-4d51-beb0-89b578629b19 9f15984cf0104f75a5fc987723458f26 78f92206acfc4f95b386af00fe54646a - - default default] Successfully bumped revision number for resource d081ce5f-708d-4fbd-aaeb-ec26060b1dd8 (type: networks) to 1 [pid: 8|app: 0|req: 873/1742] 10.0.0.212 () {32 vars in 724 bytes} [Sat Aug 22 11:52:57 2026] DELETE /v2.0/routers/bf7c92c8-74b4-4de5-872f-a280afbff777 => generated 0 bytes in 237 msecs (HTTP/1.1 204) 2 headers in 112 bytes (1 switches on core 0) [pid: 8|app: 0|req: 874/1743] 10.0.0.239 () {34 vars in 990 bytes} [Sat Aug 22 11:52:57 2026] GET /v2.0/ports?device_id=ffab6f04-8859-49e8-86cd-dabb83b24622 => generated 971 bytes in 79 msecs (HTTP/1.1 200) 4 headers in 157 bytes (1 switches on core 0)
2026-08-22 11:52:58.051 7 WARNING neutron.scheduler.dhcp_agent_scheduler [None req-9fbfad88-919e-4d51-beb0-89b578629b19 9f15984cf0104f75a5fc987723458f26 78f92206acfc4f95b386af00fe54646a - - default default] No more DHCP agents
2026-08-22 11:52:58.052 7 WARNING neutron.api.rpc.agentnotifiers.dhcp_rpc_agent_api [None req-9fbfad88-919e-4d51-beb0-89b578629b19 9f15984cf0104f75a5fc987723458f26 78f92206acfc4f95b386af00fe54646a - - default default] Unable to schedule network d081ce5f-708d-4fbd-aaeb-ec26060b1dd8: no agents available; will retry on subsequent port and subnet creation events.
2026-08-22 11:52:58.108 8 INFO neutron.plugins.ml2.drivers.ovn.mech_driver.mech_driver [None req-27f4dde4-2b9b-4d0b-881e-b765564db39b - - - - - -] OVN reports status down for port: bbffcf08-78cb-4480-8b83-87882078b980
2026-08-22 11:52:58.135 7 INFO neutron.db.ovn_revision_numbers_db [None req-9fbfad88-919e-4d51-beb0-89b578629b19 9f15984cf0104f75a5fc987723458f26 78f92206acfc4f95b386af00fe54646a - - default default] Successfully bumped revision number for resource bbffcf08-78cb-4480-8b83-87882078b980 (type: ports) to 1 [pid: 7|app: 0|req: 870/1744] 10.0.0.212 () {34 vars in 670 bytes} [Sat Aug 22 11:52:57 2026] POST /v2.0/networks => generated 670 bytes in 454 msecs (HTTP/1.1 201) 4 headers in 162 bytes (1 switches on core 0) [pid: 8|app: 0|req: 875/1745] 10.0.0.212 () {32 vars in 724 bytes} [Sat Aug 22 11:52:58 2026] DELETE /v2.0/subnets/b1c309d3-13cc-44f6-ae67-4a8511d5d196 => generated 0 bytes in 156 msecs (HTTP/1.1 204) 3 headers in 131 bytes (1 switches on core 0) [pid: 7|app: 0|req: 871/1746] 10.0.0.239 () {34 vars in 1040 bytes} [Sat Aug 22 11:52:58 2026] GET /v2.0/security-groups?id=7f49b522-1a16-498d-9acc-baf5e5715106&fields=id&fields=name => generated 113 bytes in 37 msecs (HTTP/1.1 200) 4 headers in 157 bytes (1 switches on core 0) [pid: 7|app: 0|req: 872/1747] 10.0.0.212 () {32 vars in 724 bytes} [Sat Aug 22 11:52:58 2026] DELETE /v2.0/subnets/37f19ff7-9913-4c06-8be4-b5b809cc4b56 => generated 0 bytes in 105 msecs (HTTP/1.1 204) 3 headers in 131 bytes (1 switches on core 0) [pid: 7|app: 0|req: 873/1748] 10.0.0.212 () {32 vars in 736 bytes} [Sat Aug 22 11:52:58 2026] GET /v2.0/ports?device_id=ffab6f04-8859-49e8-86cd-dabb83b24622 => generated 1209 bytes in 30 msecs (HTTP/1.1 200) 4 headers in 158 bytes (1 switches on core 0)
2026-08-22 11:52:58.373 8 WARNING neutron.scheduler.dhcp_agent_scheduler [None req-72dd31aa-1aee-45f9-be9a-5b46892b1418 9f15984cf0104f75a5fc987723458f26 78f92206acfc4f95b386af00fe54646a - - default default] No more DHCP agents
2026-08-22 11:52:58.375 8 WARNING neutron.api.rpc.agentnotifiers.dhcp_rpc_agent_api [None req-72dd31aa-1aee-45f9-be9a-5b46892b1418 9f15984cf0104f75a5fc987723458f26 78f92206acfc4f95b386af00fe54646a - - default default] Unable to schedule network d081ce5f-708d-4fbd-aaeb-ec26060b1dd8: no agents available; will retry on subsequent port and subnet creation events.
2026-08-22 11:52:58.450 7 INFO neutron_taas.services.taas.taas_plugin [None req-c233b666-0b0f-405f-a836-ef3552731b93 dc083c46c2104eeba97939cfda50cbed 3c3d5c8599904d2983129bf8cf923433 - - default default] TaaS: Handle Delete Port: 9670881b-43a3-4f9b-bc4e-14749ab12c06
2026-08-22 11:52:58.453 7 INFO neutron_taas.services.taas.tap_mirror_plugin [None req-c233b666-0b0f-405f-a836-ef3552731b93 dc083c46c2104eeba97939cfda50cbed 3c3d5c8599904d2983129bf8cf923433 - - default default] Tap Mirror: Handle Delete Port: 9670881b-43a3-4f9b-bc4e-14749ab12c06
2026-08-22 11:52:58.675 7 INFO neutron.services.segments.plugin [-] Segment f3deb7bb-e390-40e9-be2b-81a2a3e1ef37 resource provider aggregate not found
2026-08-22 11:52:58.680 7 INFO neutron.services.segments.plugin [-] Segment f3deb7bb-e390-40e9-be2b-81a2a3e1ef37 resource provider aggregate not found
2026-08-22 11:52:58.700 7 INFO neutron.services.segments.plugin [-] Client error retrieving segment f3deb7bb-e390-40e9-be2b-81a2a3e1ef37 resource provider; error: Placement Client Error (4xx): {"errors": [{"status": 404, "title": "Not Found", "detail": "The resource could not be found.\n\n No resource provider with uuid f3deb7bb-e390-40e9-be2b-81a2a3e1ef37 found for delete ", "request_id": "req-57a9f89a-bdbb-4077-b21d-91e50a89f89a"}]}
2026-08-22 11:52:58.701 7 INFO neutron.services.segments.plugin [-] Client error retrieving segment f3deb7bb-e390-40e9-be2b-81a2a3e1ef37 resource provider; error: Placement Client Error (4xx): {"errors": [{"status": 404, "title": "Not Found", "detail": "The resource could not be found.\n\n No resource provider with uuid f3deb7bb-e390-40e9-be2b-81a2a3e1ef37 found for delete ", "request_id": "req-13a0a87f-357e-49e8-8aa4-9796f7639b2d"}]} [pid: 7|app: 0|req: 874/1749] 10.0.0.212 () {32 vars in 726 bytes} [Sat Aug 22 11:52:58 2026] DELETE /v2.0/networks/e8371427-bf8d-421e-8d71-066a7e12aee4 => generated 0 bytes in 396 msecs (HTTP/1.1 204) 3 headers in 131 bytes (1 switches on core 0)
2026-08-22 11:52:58.879 8 INFO neutron.db.ovn_revision_numbers_db [None req-a5878f66-6aef-493a-949e-0e84d9eca09e - - - - - -] Successfully bumped revision number for resource bbffcf08-78cb-4480-8b83-87882078b980 (type: ports) to 2
2026-08-22 11:52:58.916 8 INFO neutron.db.ovn_revision_numbers_db [None req-a5878f66-6aef-493a-949e-0e84d9eca09e - - - - - -] Successfully bumped revision number for resource d3265343-0ee9-4c08-b7b6-cb3e8bdcc931 (type: subnets) to 0 [pid: 8|app: 0|req: 876/1750] 10.0.0.212 () {34 vars in 669 bytes} [Sat Aug 22 11:52:58 2026] POST /v2.0/subnets => generated 629 bytes in 762 msecs (HTTP/1.1 201) 4 headers in 162 bytes (1 switches on core 0)
2026-08-22 11:52:58.962 7 WARNING neutron.scheduler.dhcp_agent_scheduler [None req-ff29d6a0-01f5-4edc-be27-dd03433e3889 0288837680a246c38c653b491a2887a6 c74d8234e9914f9c8212b0b69016bb48 - - default default] No more DHCP agents
2026-08-22 11:52:58.963 7 WARNING neutron.api.rpc.agentnotifiers.dhcp_rpc_agent_api [None req-ff29d6a0-01f5-4edc-be27-dd03433e3889 0288837680a246c38c653b491a2887a6 c74d8234e9914f9c8212b0b69016bb48 - - default default] Unable to schedule network 4bd3d620-9bba-42ab-9b8a-8d8d4c09cdc8: no agents available; will retry on subsequent port and subnet creation events.
2026-08-22 11:52:59.053 8 INFO neutron_taas.services.taas.taas_plugin [None req-ccbc3121-890d-4563-851f-ae9818a205ad dc083c46c2104eeba97939cfda50cbed 3c3d5c8599904d2983129bf8cf923433 - - default default] TaaS: Handle Delete Port: 6cafbbfb-c2a6-4f03-9ad4-606e83d583a5
2026-08-22 11:52:59.055 8 INFO neutron_taas.services.taas.tap_mirror_plugin [None req-ccbc3121-890d-4563-851f-ae9818a205ad dc083c46c2104eeba97939cfda50cbed 3c3d5c8599904d2983129bf8cf923433 - - default default] Tap Mirror: Handle Delete Port: 6cafbbfb-c2a6-4f03-9ad4-606e83d583a5
2026-08-22 11:52:59.247 8 INFO neutron.services.segments.plugin [-] Segment 21de1cc7-9481-4ac1-8abf-45812b6dbbba resource provider aggregate not found
2026-08-22 11:52:59.251 8 INFO neutron.services.segments.plugin [-] Segment 21de1cc7-9481-4ac1-8abf-45812b6dbbba resource provider aggregate not found
2026-08-22 11:52:59.262 8 INFO neutron.services.segments.plugin [-] Client error retrieving segment 21de1cc7-9481-4ac1-8abf-45812b6dbbba resource provider; error: Placement Client Error (4xx): {"errors": [{"status": 404, "title": "Not Found", "detail": "The resource could not be found.\n\n No resource provider with uuid 21de1cc7-9481-4ac1-8abf-45812b6dbbba found for delete ", "request_id": "req-1db21e4b-edaf-4927-a38c-89542808b1ef"}]}
2026-08-22 11:52:59.279 8 INFO neutron.services.segments.plugin [-] Client error retrieving segment 21de1cc7-9481-4ac1-8abf-45812b6dbbba resource provider; error: Placement Client Error (4xx): {"errors": [{"status": 404, "title": "Not Found", "detail": "The resource could not be found.\n\n No resource provider with uuid 21de1cc7-9481-4ac1-8abf-45812b6dbbba found for delete ", "request_id": "req-233941c7-4c3b-4d18-9aa6-699d280157c2"}]} [pid: 8|app: 0|req: 877/1751] 10.0.0.212 () {32 vars in 726 bytes} [Sat Aug 22 11:52:58 2026] DELETE /v2.0/networks/fb20419f-028f-42bd-94fb-ee05e648bfce => generated 0 bytes in 377 msecs (HTTP/1.1 204) 3 headers in 131 bytes (1 switches on core 0)
2026-08-22 11:52:59.400 8 INFO neutron.db.segments_db [None req-15dd8e29-dd0d-4755-9eab-b073e17b471f 9f15984cf0104f75a5fc987723458f26 78f92206acfc4f95b386af00fe54646a - - default default] Added segment cd3b991c-b23e-41b1-8c49-34006af4e647 of type geneve for network d89dcf4f-1861-4877-bf8b-93d8c5ea82e1
2026-08-22 11:52:59.508 8 INFO neutron.db.ovn_revision_numbers_db [None req-15dd8e29-dd0d-4755-9eab-b073e17b471f 9f15984cf0104f75a5fc987723458f26 78f92206acfc4f95b386af00fe54646a - - default default] Successfully bumped revision number for resource d89dcf4f-1861-4877-bf8b-93d8c5ea82e1 (type: networks) to 1
2026-08-22 11:52:59.697 8 WARNING neutron.scheduler.dhcp_agent_scheduler [None req-15dd8e29-dd0d-4755-9eab-b073e17b471f 9f15984cf0104f75a5fc987723458f26 78f92206acfc4f95b386af00fe54646a - - default default] No more DHCP agents
2026-08-22 11:52:59.698 8 WARNING neutron.api.rpc.agentnotifiers.dhcp_rpc_agent_api [None req-15dd8e29-dd0d-4755-9eab-b073e17b471f 9f15984cf0104f75a5fc987723458f26 78f92206acfc4f95b386af00fe54646a - - default default] Unable to schedule network d89dcf4f-1861-4877-bf8b-93d8c5ea82e1: no agents available; will retry on subsequent port and subnet creation events.
2026-08-22 11:52:59.752 8 INFO neutron.plugins.ml2.drivers.ovn.mech_driver.mech_driver [None req-27f4dde4-2b9b-4d0b-881e-b765564db39b - - - - - -] OVN reports status down for port: af2dbb22-d3ae-4e66-8698-5bad354bfdba
2026-08-22 11:52:59.813 8 INFO neutron.db.ovn_revision_numbers_db [None req-15dd8e29-dd0d-4755-9eab-b073e17b471f 9f15984cf0104f75a5fc987723458f26 78f92206acfc4f95b386af00fe54646a - - default default] Successfully bumped revision number for resource af2dbb22-d3ae-4e66-8698-5bad354bfdba (type: ports) to 1
2026-08-22 11:52:59.862 7 INFO neutron.db.ovn_revision_numbers_db [None req-ff29d6a0-01f5-4edc-be27-dd03433e3889 0288837680a246c38c653b491a2887a6 c74d8234e9914f9c8212b0b69016bb48 - - default default] Successfully bumped revision number for resource 60f2b3d1-0e35-426c-a445-385b3f6a92a5 (type: floatingips) to 1
2026-08-22 11:52:59.862 7 INFO neutron.db.l3_db [None req-ff29d6a0-01f5-4edc-be27-dd03433e3889 0288837680a246c38c653b491a2887a6 c74d8234e9914f9c8212b0b69016bb48 - - default default] Floating IP 60f2b3d1-0e35-426c-a445-385b3f6a92a5 associated. External IP: 10.96.250.209, port: 4ce8823b-a6f5-45e5-bbff-45583c590584. [pid: 8|app: 0|req: 878/1752] 10.0.0.212 () {34 vars in 670 bytes} [Sat Aug 22 11:52:59 2026] POST /v2.0/networks => generated 669 bytes in 550 msecs (HTTP/1.1 201) 4 headers in 162 bytes (1 switches on core 0) [pid: 7|app: 0|req: 875/1753] 10.0.0.212 () {34 vars in 677 bytes} [Sat Aug 22 11:52:58 2026] POST /v2.0/floatingips => generated 855 bytes in 1179 msecs (HTTP/1.1 201) 4 headers in 162 bytes (1 switches on core 0) /var/lib/openstack/lib/python3.12/site-packages/pycadf/identifier.py:70: UserWarning: Invalid uuid: neutron. To ensure interoperability, identifiers should be a valid uuid. warnings.warn(('Invalid uuid: %s. To ensure interoperability, '
2026-08-22 11:52:59.946 7 INFO neutron.notifiers.nova [-] Nova event matching ['req-9f93aad7-09ae-49b8-9fc5-1ff0b9ee6450'] response: {'name': 'network-changed', 'server_uuid': 'ffab6f04-8859-49e8-86cd-dabb83b24622', 'tag': '4ce8823b-a6f5-45e5-bbff-45583c590584', 'status': 'completed', 'code': 200}
2026-08-22 11:52:59.950 8 INFO neutron.db.segments_db [None req-6d41631f-e868-4d46-be1e-e9b83c87d4e6 dc083c46c2104eeba97939cfda50cbed 3c3d5c8599904d2983129bf8cf923433 - - default default] Added segment 268ddaee-94b6-402f-a0d0-bad87aa057eb of type geneve for network b37a0ab5-a183-4164-bf04-4dc34f52da58
2026-08-22 11:53:00.058 8 INFO neutron.db.ovn_revision_numbers_db [None req-6d41631f-e868-4d46-be1e-e9b83c87d4e6 dc083c46c2104eeba97939cfda50cbed 3c3d5c8599904d2983129bf8cf923433 - - default default] Successfully bumped revision number for resource b37a0ab5-a183-4164-bf04-4dc34f52da58 (type: networks) to 1
2026-08-22 11:53:00.107 7 WARNING neutron.scheduler.dhcp_agent_scheduler [None req-36bfd570-7ef3-433a-8ee6-6bda5f68ef76 9f15984cf0104f75a5fc987723458f26 78f92206acfc4f95b386af00fe54646a - - default default] No more DHCP agents
2026-08-22 11:53:00.108 7 WARNING neutron.api.rpc.agentnotifiers.dhcp_rpc_agent_api [None req-36bfd570-7ef3-433a-8ee6-6bda5f68ef76 9f15984cf0104f75a5fc987723458f26 78f92206acfc4f95b386af00fe54646a - - default default] Unable to schedule network d89dcf4f-1861-4877-bf8b-93d8c5ea82e1: no agents available; will retry on subsequent port and subnet creation events.
2026-08-22 11:53:00.238 8 WARNING neutron.scheduler.dhcp_agent_scheduler [None req-6d41631f-e868-4d46-be1e-e9b83c87d4e6 dc083c46c2104eeba97939cfda50cbed 3c3d5c8599904d2983129bf8cf923433 - - default default] No more DHCP agents
2026-08-22 11:53:00.239 8 WARNING neutron.api.rpc.agentnotifiers.dhcp_rpc_agent_api [None req-6d41631f-e868-4d46-be1e-e9b83c87d4e6 dc083c46c2104eeba97939cfda50cbed 3c3d5c8599904d2983129bf8cf923433 - - default default] Unable to schedule network b37a0ab5-a183-4164-bf04-4dc34f52da58: no agents available; will retry on subsequent port and subnet creation events.
2026-08-22 11:53:00.303 8 INFO neutron.db.ovn_revision_numbers_db [None req-6d41631f-e868-4d46-be1e-e9b83c87d4e6 dc083c46c2104eeba97939cfda50cbed 3c3d5c8599904d2983129bf8cf923433 - - default default] Successfully bumped revision number for resource c0a5a898-5727-4407-a7fb-1fb5c628ef54 (type: ports) to 1 [pid: 8|app: 0|req: 879/1754] 10.0.0.212 () {34 vars in 670 bytes} [Sat Aug 22 11:52:59 2026] POST /v2.0/networks => generated 672 bytes in 458 msecs (HTTP/1.1 201) 4 headers in 162 bytes (1 switches on core 0)
2026-08-22 11:53:00.327 7 INFO neutron.plugins.ml2.drivers.ovn.mech_driver.mech_driver [None req-2d4f9f6a-43ac-40ea-a8fa-6b326249a599 - - - - - -] OVN reports status down for port: c0a5a898-5727-4407-a7fb-1fb5c628ef54 [pid: 8|app: 0|req: 880/1755] 10.0.0.212 () {32 vars in 729 bytes} [Sat Aug 22 11:53:00 2026] GET /v2.0/floatingips/60f2b3d1-0e35-426c-a445-385b3f6a92a5 => generated 857 bytes in 40 msecs (HTTP/1.1 200) 4 headers in 157 bytes (1 switches on core 0)
2026-08-22 11:53:00.521 8 WARNING neutron.scheduler.dhcp_agent_scheduler [None req-92d261d4-335a-4716-a931-3b3332dba787 dc083c46c2104eeba97939cfda50cbed 3c3d5c8599904d2983129bf8cf923433 - - default default] No more DHCP agents
2026-08-22 11:53:00.522 8 WARNING neutron.api.rpc.agentnotifiers.dhcp_rpc_agent_api [None req-92d261d4-335a-4716-a931-3b3332dba787 dc083c46c2104eeba97939cfda50cbed 3c3d5c8599904d2983129bf8cf923433 - - default default] Unable to schedule network b37a0ab5-a183-4164-bf04-4dc34f52da58: no agents available; will retry on subsequent port and subnet creation events.
2026-08-22 11:53:00.557 8 INFO neutron.db.ovn_revision_numbers_db [None req-92d261d4-335a-4716-a931-3b3332dba787 dc083c46c2104eeba97939cfda50cbed 3c3d5c8599904d2983129bf8cf923433 - - default default] Successfully bumped revision number for resource f6bf2c92-2641-4a2c-84bb-302a3d60b38c (type: subnets) to 0 [pid: 8|app: 0|req: 881/1756] 10.0.0.212 () {34 vars in 669 bytes} [Sat Aug 22 11:53:00 2026] POST /v2.0/subnets => generated 646 bytes in 212 msecs (HTTP/1.1 201) 4 headers in 162 bytes (1 switches on core 0) [pid: 8|app: 0|req: 882/1757] 199.19.213.150 () {34 vars in 1080 bytes} [Sat Aug 22 11:53:00 2026] GET /v2.0/ports?tenant_id=c74d8234e9914f9c8212b0b69016bb48&device_id=ffab6f04-8859-49e8-86cd-dabb83b24622 => generated 1209 bytes in 38 msecs (HTTP/1.1 200) 4 headers in 158 bytes (1 switches on core 0)
2026-08-22 11:53:00.693 7 INFO neutron.db.ovn_revision_numbers_db [None req-c8374d74-1202-40c8-bd83-1af801afdd64 - - - - - -] Successfully bumped revision number for resource af2dbb22-d3ae-4e66-8698-5bad354bfdba (type: ports) to 2
2026-08-22 11:53:00.731 7 INFO neutron.db.ovn_revision_numbers_db [None req-c8374d74-1202-40c8-bd83-1af801afdd64 - - - - - -] Successfully bumped revision number for resource 04f738ae-c858-4d19-9190-c9c98a6508e0 (type: subnets) to 0 [pid: 7|app: 0|req: 876/1758] 10.0.0.212 () {34 vars in 669 bytes} [Sat Aug 22 11:52:59 2026] POST /v2.0/subnets => generated 629 bytes in 837 msecs (HTTP/1.1 201) 4 headers in 162 bytes (1 switches on core 0)
2026-08-22 11:53:00.750 8 INFO neutron.db.ovn_revision_numbers_db [None req-425e0902-ec88-4db1-95ff-65271db33b55 dc083c46c2104eeba97939cfda50cbed 3c3d5c8599904d2983129bf8cf923433 - - default default] Successfully bumped revision number for resource 60372897-d866-40f5-80f8-9a0094d494eb (type: routers) to 1 [pid: 8|app: 0|req: 883/1759] 10.0.0.212 () {34 vars in 669 bytes} [Sat Aug 22 11:53:00 2026] POST /v2.0/routers => generated 605 bytes in 155 msecs (HTTP/1.1 201) 4 headers in 162 bytes (1 switches on core 0) [pid: 7|app: 0|req: 877/1760] 199.19.213.150 () {34 vars in 986 bytes} [Sat Aug 22 11:53:00 2026] GET /v2.0/networks?id=00c41fce-c8f5-412f-9233-f0dd4b740c87 => generated 796 bytes in 39 msecs (HTTP/1.1 200) 4 headers in 157 bytes (1 switches on core 0)
2026-08-22 11:53:00.858 8 INFO neutron.db.segments_db [None req-16917bc6-825e-4371-9ea5-7a8ed379a9b4 9f15984cf0104f75a5fc987723458f26 78f92206acfc4f95b386af00fe54646a - - default default] Added segment 78e69374-6941-4ac2-95ff-63c5e7776d0e of type geneve for network 38a14542-da05-4675-9678-b5bcf50b6cc4
2026-08-22 11:53:00.967 8 INFO neutron.db.ovn_revision_numbers_db [None req-16917bc6-825e-4371-9ea5-7a8ed379a9b4 9f15984cf0104f75a5fc987723458f26 78f92206acfc4f95b386af00fe54646a - - default default] Successfully bumped revision number for resource 38a14542-da05-4675-9678-b5bcf50b6cc4 (type: networks) to 1
2026-08-22 11:53:01.063 7 WARNING neutron.scheduler.dhcp_agent_scheduler [None req-65310a5a-10e3-47a5-a1a2-b1d798d84eef dc083c46c2104eeba97939cfda50cbed 3c3d5c8599904d2983129bf8cf923433 - - default default] No more DHCP agents
2026-08-22 11:53:01.064 7 WARNING neutron.api.rpc.agentnotifiers.dhcp_rpc_agent_api [None req-65310a5a-10e3-47a5-a1a2-b1d798d84eef dc083c46c2104eeba97939cfda50cbed 3c3d5c8599904d2983129bf8cf923433 - - default default] Unable to schedule network b37a0ab5-a183-4164-bf04-4dc34f52da58: no agents available; will retry on subsequent port and subnet creation events.
2026-08-22 11:53:01.142 8 INFO neutron.plugins.ml2.drivers.ovn.mech_driver.mech_driver [None req-27f4dde4-2b9b-4d0b-881e-b765564db39b - - - - - -] OVN reports status down for port: d950cbbb-3f96-41a7-b027-2c5f62442ca4
2026-08-22 11:53:01.157 7 INFO neutron.db.ovn_revision_numbers_db [None req-65310a5a-10e3-47a5-a1a2-b1d798d84eef dc083c46c2104eeba97939cfda50cbed 3c3d5c8599904d2983129bf8cf923433 - - default default] Successfully bumped revision number for resource d950cbbb-3f96-41a7-b027-2c5f62442ca4 (type: ports) to 1
2026-08-22 11:53:01.164 8 WARNING neutron.scheduler.dhcp_agent_scheduler [None req-16917bc6-825e-4371-9ea5-7a8ed379a9b4 9f15984cf0104f75a5fc987723458f26 78f92206acfc4f95b386af00fe54646a - - default default] No more DHCP agents
2026-08-22 11:53:01.166 8 WARNING neutron.api.rpc.agentnotifiers.dhcp_rpc_agent_api [None req-16917bc6-825e-4371-9ea5-7a8ed379a9b4 9f15984cf0104f75a5fc987723458f26 78f92206acfc4f95b386af00fe54646a - - default default] Unable to schedule network 38a14542-da05-4675-9678-b5bcf50b6cc4: no agents available; will retry on subsequent port and subnet creation events. [pid: 7|app: 0|req: 878/1761] 10.0.0.212 () {34 vars in 665 bytes} [Sat Aug 22 11:53:00 2026] POST /v2.0/ports => generated 964 bytes in 435 msecs (HTTP/1.1 201) 4 headers in 162 bytes (1 switches on core 0) /var/lib/openstack/lib/python3.12/site-packages/pycadf/identifier.py:70: UserWarning: Invalid uuid: neutron. To ensure interoperability, identifiers should be a valid uuid. warnings.warn(('Invalid uuid: %s. To ensure interoperability, ' [pid: 7|app: 0|req: 879/1762] 199.19.213.150 () {34 vars in 1058 bytes} [Sat Aug 22 11:53:01 2026] GET /v2.0/floatingips?fixed_ip_address=10.100.0.8&port_id=4ce8823b-a6f5-45e5-bbff-45583c590584 => generated 860 bytes in 63 msecs (HTTP/1.1 200) 4 headers in 157 bytes (1 switches on core 0)
2026-08-22 11:53:01.286 8 INFO neutron.plugins.ml2.drivers.ovn.mech_driver.mech_driver [None req-27f4dde4-2b9b-4d0b-881e-b765564db39b - - - - - -] OVN reports status down for port: 5352e4a5-cc26-4524-a23f-c830a5180772
2026-08-22 11:53:01.310 8 INFO neutron.db.ovn_revision_numbers_db [None req-16917bc6-825e-4371-9ea5-7a8ed379a9b4 9f15984cf0104f75a5fc987723458f26 78f92206acfc4f95b386af00fe54646a - - default default] Successfully bumped revision number for resource 5352e4a5-cc26-4524-a23f-c830a5180772 (type: ports) to 1 [pid: 8|app: 0|req: 884/1763] 10.0.0.212 () {34 vars in 670 bytes} [Sat Aug 22 11:53:00 2026] POST /v2.0/networks => generated 669 bytes in 574 msecs (HTTP/1.1 201) 4 headers in 162 bytes (1 switches on core 0) [pid: 8|app: 0|req: 885/1764] 199.19.213.150 () {34 vars in 984 bytes} [Sat Aug 22 11:53:01 2026] GET /v2.0/subnets?id=0ca1be0f-df00-4b7e-b8bd-6ce34e4e1d18 => generated 678 bytes in 50 msecs (HTTP/1.1 200) 4 headers in 157 bytes (1 switches on core 0)
2026-08-22 11:53:01.597 8 WARNING neutron.scheduler.dhcp_agent_scheduler [None req-19508c92-289d-40e0-af72-6e7004452232 9f15984cf0104f75a5fc987723458f26 78f92206acfc4f95b386af00fe54646a - - default default] No more DHCP agents
2026-08-22 11:53:01.599 8 WARNING neutron.api.rpc.agentnotifiers.dhcp_rpc_agent_api [None req-19508c92-289d-40e0-af72-6e7004452232 9f15984cf0104f75a5fc987723458f26 78f92206acfc4f95b386af00fe54646a - - default default] Unable to schedule network 38a14542-da05-4675-9678-b5bcf50b6cc4: no agents available; will retry on subsequent port and subnet creation events.
2026-08-22 11:53:01.805 7 INFO neutron.db.ovn_revision_numbers_db [None req-a33e54a8-5bec-4ddc-9952-e18a123d33d3 dc083c46c2104eeba97939cfda50cbed 3c3d5c8599904d2983129bf8cf923433 - - default default] Successfully bumped revision number for resource d950cbbb-3f96-41a7-b027-2c5f62442ca4 (type: ports) to 2
2026-08-22 11:53:01.824 8 INFO neutron.plugins.ml2.drivers.ovn.mech_driver.mech_driver [None req-27f4dde4-2b9b-4d0b-881e-b765564db39b - - - - - -] OVN reports status up for port: d950cbbb-3f96-41a7-b027-2c5f62442ca4
2026-08-22 11:53:01.848 8 INFO neutron.plugins.ml2.plugin [None req-27f4dde4-2b9b-4d0b-881e-b765564db39b - - - - - -] Attempt 1 to provision port d950cbbb-3f96-41a7-b027-2c5f62442ca4
2026-08-22 11:53:02.299 8 INFO neutron.db.ovn_revision_numbers_db [None req-70cfec15-b032-44fd-b066-6692e8b6f714 - - - - - -] Successfully bumped revision number for resource 5352e4a5-cc26-4524-a23f-c830a5180772 (type: ports) to 2
2026-08-22 11:53:02.376 8 INFO neutron.db.ovn_revision_numbers_db [None req-70cfec15-b032-44fd-b066-6692e8b6f714 - - - - - -] Successfully bumped revision number for resource faa7c9d5-5569-4dd7-9fa6-51d525160477 (type: subnets) to 0
2026-08-22 11:53:02.391 8 INFO neutron.db.ovn_revision_numbers_db [None req-27f4dde4-2b9b-4d0b-881e-b765564db39b - - - - - -] Successfully bumped revision number for resource d950cbbb-3f96-41a7-b027-2c5f62442ca4 (type: ports) to 3 [pid: 8|app: 0|req: 886/1765] 10.0.0.212 () {34 vars in 669 bytes} [Sat Aug 22 11:53:01 2026] POST /v2.0/subnets => generated 629 bytes in 1005 msecs (HTTP/1.1 201) 4 headers in 162 bytes (1 switches on core 0) [pid: 8|app: 0|req: 887/1766] 199.19.213.150 () {34 vars in 1052 bytes} [Sat Aug 22 11:53:02 2026] GET /v2.0/ports?network_id=00c41fce-c8f5-412f-9233-f0dd4b740c87&device_owner=network%3Adhcp => generated 12 bytes in 31 msecs (HTTP/1.1 200) 4 headers in 156 bytes (1 switches on core 0) [pid: 8|app: 0|req: 888/1767] 10.0.0.212 () {34 vars in 751 bytes} [Sat Aug 22 11:53:02 2026] PUT /v2.0/subnets/528ac356-f257-42b9-964f-7dbdacd84a6f/tags => generated 17 bytes in 72 msecs (HTTP/1.1 200) 4 headers in 156 bytes (1 switches on core 0) /var/lib/openstack/lib/python3.12/site-packages/pycadf/identifier.py:70: UserWarning: Invalid uuid: neutron. To ensure interoperability, identifiers should be a valid uuid. warnings.warn(('Invalid uuid: %s. To ensure interoperability, ' [pid: 8|app: 0|req: 889/1768] 199.19.213.150 () {34 vars in 1012 bytes} [Sat Aug 22 11:53:02 2026] GET /v2.0/networks/00c41fce-c8f5-412f-9233-f0dd4b740c87?fields=segments => generated 14 bytes in 45 msecs (HTTP/1.1 200) 4 headers in 156 bytes (1 switches on core 0) [pid: 8|app: 0|req: 890/1769] 10.0.0.212 () {34 vars in 751 bytes} [Sat Aug 22 11:53:02 2026] PUT /v2.0/subnets/369b74d3-1e1b-48a3-9b56-53ab2eabf410/tags => generated 25 bytes in 57 msecs (HTTP/1.1 200) 4 headers in 156 bytes (1 switches on core 0) [pid: 8|app: 0|req: 891/1770] 199.19.213.150 () {34 vars in 1112 bytes} [Sat Aug 22 11:53:02 2026] GET /v2.0/networks/00c41fce-c8f5-412f-9233-f0dd4b740c87?fields=provider%3Aphysical_network&fields=provider%3Anetwork_type => generated 79 bytes in 51 msecs (HTTP/1.1 200) 4 headers in 156 bytes (1 switches on core 0) [pid: 8|app: 0|req: 892/1771] 10.0.0.212 () {34 vars in 751 bytes} [Sat Aug 22 11:53:02 2026] PUT /v2.0/subnets/d3265343-0ee9-4c08-b7b6-cb3e8bdcc931/tags => generated 34 bytes in 47 msecs (HTTP/1.1 200) 4 headers in 156 bytes (1 switches on core 0) [pid: 8|app: 0|req: 893/1772] 10.0.0.212 () {34 vars in 751 bytes} [Sat Aug 22 11:53:02 2026] PUT /v2.0/subnets/04f738ae-c858-4d19-9190-c9c98a6508e0/tags => generated 19 bytes in 54 msecs (HTTP/1.1 200) 4 headers in 156 bytes (1 switches on core 0)
2026-08-22 11:53:03.027 7 WARNING neutron.scheduler.dhcp_agent_scheduler [None req-a33e54a8-5bec-4ddc-9952-e18a123d33d3 dc083c46c2104eeba97939cfda50cbed 3c3d5c8599904d2983129bf8cf923433 - - default default] No more DHCP agents
2026-08-22 11:53:03.031 7 WARNING neutron.api.rpc.agentnotifiers.dhcp_rpc_agent_api [None req-a33e54a8-5bec-4ddc-9952-e18a123d33d3 dc083c46c2104eeba97939cfda50cbed 3c3d5c8599904d2983129bf8cf923433 - - default default] Unable to schedule network b37a0ab5-a183-4164-bf04-4dc34f52da58: no agents available; will retry on subsequent port and subnet creation events.
2026-08-22 11:53:03.046 8 INFO neutron.db.ovn_revision_numbers_db [None req-c78eb41e-a6e1-4a9f-a735-5c0963db80a1 62a6ac5e46cf44199f0dc4c7dfd9bcd5 ab2962e85fd643ada8ba381a3b7eabb2 - - default default] Successfully bumped revision number for resource d90a24b5-535f-444b-908a-e6204b1e734d (type: security_groups) to 1
2026-08-22 11:53:03.058 8 INFO neutron.db.ovn_revision_numbers_db [None req-c78eb41e-a6e1-4a9f-a735-5c0963db80a1 62a6ac5e46cf44199f0dc4c7dfd9bcd5 ab2962e85fd643ada8ba381a3b7eabb2 - - default default] Successfully bumped revision number for resource 5fc91e8d-67bb-442c-8492-9157ea5ddd98 (type: security_group_rules) to 0
2026-08-22 11:53:03.071 8 INFO neutron.db.ovn_revision_numbers_db [None req-c78eb41e-a6e1-4a9f-a735-5c0963db80a1 62a6ac5e46cf44199f0dc4c7dfd9bcd5 ab2962e85fd643ada8ba381a3b7eabb2 - - default default] Successfully bumped revision number for resource 6aa375c9-0298-426d-93a2-dcec3f507e7c (type: security_group_rules) to 0
