2026-08-22 11:16:04.690 7 INFO neutron.api.extensions [None req-8b7147db-14d7-4b0e-8980-f2f36c2f3aa3 - - - - - -] Loaded extension: external-gateway-multihoming
2026-08-22 11:16:04.691 7 INFO neutron.api.extensions [None req-8b7147db-14d7-4b0e-8980-f2f36c2f3aa3 - - - - - -] Loaded extension: l3-flavors
2026-08-22 11:16:04.692 7 INFO neutron.api.extensions [None req-8b7147db-14d7-4b0e-8980-f2f36c2f3aa3 - - - - - -] Extension l3-ndp-proxy not supported by any of loaded plugins
2026-08-22 11:16:04.692 7 INFO neutron.api.extensions [None req-8b7147db-14d7-4b0e-8980-f2f36c2f3aa3 - - - - - -] Extension l3-port-ip-change-not-allowed not supported by any of loaded plugins
2026-08-22 11:16:04.694 7 INFO neutron.api.extensions [None req-8b7147db-14d7-4b0e-8980-f2f36c2f3aa3 - - - - - -] Extension l3_agent_scheduler not supported by any of loaded plugins
2026-08-22 11:16:04.695 8 INFO neutron.quota.resource_registry [None req-fc509e1c-bfc8-462c-99e7-a0adcb24b0bf - - - - - -] Creating instance of CountableResource for resource:rbac_policy
2026-08-22 11:16:04.695 7 INFO neutron.api.extensions [None req-8b7147db-14d7-4b0e-8980-f2f36c2f3aa3 - - - - - -] Extension local_ip not supported by any of loaded plugins
2026-08-22 11:16:04.696 8 INFO neutron.quota.resource_registry [None req-fc509e1c-bfc8-462c-99e7-a0adcb24b0bf - - - - - -] Creating instance of TrackedResource for resource:security_group
2026-08-22 11:16:04.696 8 INFO neutron.quota.resource_registry [None req-fc509e1c-bfc8-462c-99e7-a0adcb24b0bf - - - - - -] Creating instance of TrackedResource for resource:security_group_rule
2026-08-22 11:16:04.697 7 INFO neutron.api.extensions [None req-8b7147db-14d7-4b0e-8980-f2f36c2f3aa3 - - - - - -] Loaded extension: logging
2026-08-22 11:16:04.697 8 INFO neutron.quota.resource_registry [None req-fc509e1c-bfc8-462c-99e7-a0adcb24b0bf - - - - - -] Creating instance of TrackedResource for resource:subnetpool
2026-08-22 11:16:04.697 8 WARNING neutron.quota.resource_registry [None req-fc509e1c-bfc8-462c-99e7-a0adcb24b0bf - - - - - -] subnetpool is already registered
2026-08-22 11:16:04.698 7 INFO neutron.api.extensions [None req-8b7147db-14d7-4b0e-8980-f2f36c2f3aa3 - - - - - -] Extension metering not supported by any of loaded plugins
2026-08-22 11:16:04.698 8 INFO neutron.quota.resource_registry [None req-fc509e1c-bfc8-462c-99e7-a0adcb24b0bf - - - - - -] Creating instance of CountableResource for resource:trunk
2026-08-22 11:16:04.698 8 INFO neutron.quota.resource_registry [None req-fc509e1c-bfc8-462c-99e7-a0adcb24b0bf - - - - - -] Creating instance of CountableResource for resource:ikepolicy
2026-08-22 11:16:04.698 7 INFO neutron.api.extensions [None req-8b7147db-14d7-4b0e-8980-f2f36c2f3aa3 - - - - - -] Extension metering_source_and_destination_fields not supported by any of loaded plugins
2026-08-22 11:16:04.698 8 INFO neutron.quota.resource_registry [None req-fc509e1c-bfc8-462c-99e7-a0adcb24b0bf - - - - - -] Creating instance of CountableResource for resource:ipsecpolicy
2026-08-22 11:16:04.699 7 INFO neutron.api.extensions [None req-8b7147db-14d7-4b0e-8980-f2f36c2f3aa3 - - - - - -] Loaded extension: multi-provider
2026-08-22 11:16:04.699 8 INFO neutron.quota.resource_registry [None req-fc509e1c-bfc8-462c-99e7-a0adcb24b0bf - - - - - -] Creating instance of CountableResource for resource:endpoint_group
2026-08-22 11:16:04.699 7 INFO neutron.api.extensions [None req-8b7147db-14d7-4b0e-8980-f2f36c2f3aa3 - - - - - -] Loaded extension: net-mtu
2026-08-22 11:16:04.699 8 INFO neutron.quota.resource_registry [None req-fc509e1c-bfc8-462c-99e7-a0adcb24b0bf - - - - - -] Creating instance of CountableResource for resource:vpnservice
2026-08-22 11:16:04.700 7 INFO neutron.api.extensions [None req-8b7147db-14d7-4b0e-8980-f2f36c2f3aa3 - - - - - -] Loaded extension: net-mtu-writable
2026-08-22 11:16:04.700 8 INFO neutron.quota.resource_registry [None req-fc509e1c-bfc8-462c-99e7-a0adcb24b0bf - - - - - -] Creating instance of CountableResource for resource:ipsec_site_connection
2026-08-22 11:16:04.700 8 INFO neutron.quota.resource_registry [None req-fc509e1c-bfc8-462c-99e7-a0adcb24b0bf - - - - - -] Creating instance of CountableResource for resource:ipsecpolicy
2026-08-22 11:16:04.700 7 INFO neutron.api.extensions [None req-8b7147db-14d7-4b0e-8980-f2f36c2f3aa3 - - - - - -] Loaded extension: network_availability_zone
2026-08-22 11:16:04.700 8 WARNING neutron.quota.resource_registry [None req-fc509e1c-bfc8-462c-99e7-a0adcb24b0bf - - - - - -] ipsecpolicy is already registered
2026-08-22 11:16:04.701 8 INFO neutron.quota.resource_registry [None req-fc509e1c-bfc8-462c-99e7-a0adcb24b0bf - - - - - -] Creating instance of CountableResource for resource:ikepolicy
2026-08-22 11:16:04.701 7 INFO neutron.api.extensions [None req-8b7147db-14d7-4b0e-8980-f2f36c2f3aa3 - - - - - -] Extension network_ha not supported by any of loaded plugins
2026-08-22 11:16:04.701 8 WARNING neutron.quota.resource_registry [None req-fc509e1c-bfc8-462c-99e7-a0adcb24b0bf - - - - - -] ikepolicy is already registered
2026-08-22 11:16:04.702 7 INFO neutron.api.extensions [None req-8b7147db-14d7-4b0e-8980-f2f36c2f3aa3 - - - - - -] Loaded extension: network-ip-availability
2026-08-22 11:16:04.703 7 INFO neutron.api.extensions [None req-8b7147db-14d7-4b0e-8980-f2f36c2f3aa3 - - - - - -] Extension network-segment-range not supported by any of loaded plugins
2026-08-22 11:16:04.703 7 INFO neutron.api.extensions [None req-8b7147db-14d7-4b0e-8980-f2f36c2f3aa3 - - - - - -] Loaded extension: pagination
2026-08-22 11:16:04.703 7 INFO neutron.api.extensions [None req-8b7147db-14d7-4b0e-8980-f2f36c2f3aa3 - - - - - -] Loaded extension: port-device-profile
2026-08-22 11:16:04.704 7 INFO neutron.api.extensions [None req-8b7147db-14d7-4b0e-8980-f2f36c2f3aa3 - - - - - -] Extension port-hardware-offload-type not supported by any of loaded plugins
2026-08-22 11:16:04.704 7 INFO neutron.api.extensions [None req-8b7147db-14d7-4b0e-8980-f2f36c2f3aa3 - - - - - -] Extension port-hint-ovs-tx-steering not supported by any of loaded plugins
2026-08-22 11:16:04.705 7 INFO neutron.api.extensions [None req-8b7147db-14d7-4b0e-8980-f2f36c2f3aa3 - - - - - -] Extension port-hints not supported by any of loaded plugins
2026-08-22 11:16:04.705 8 INFO neutron.quota.resource_registry [None req-fc509e1c-bfc8-462c-99e7-a0adcb24b0bf - - - - - -] Creating instance of TrackedResource for resource:router
2026-08-22 11:16:04.705 7 INFO neutron.api.extensions [None req-8b7147db-14d7-4b0e-8980-f2f36c2f3aa3 - - - - - -] Extension port-mac-override not supported by any of loaded plugins
2026-08-22 11:16:04.705 8 WARNING neutron.quota.resource_registry [None req-fc509e1c-bfc8-462c-99e7-a0adcb24b0bf - - - - - -] router is already registered
2026-08-22 11:16:04.706 8 INFO neutron.quota.resource_registry [None req-fc509e1c-bfc8-462c-99e7-a0adcb24b0bf - - - - - -] Creating instance of TrackedResource for resource:floatingip
2026-08-22 11:16:04.706 7 INFO neutron.api.extensions [None req-8b7147db-14d7-4b0e-8980-f2f36c2f3aa3 - - - - - -] Loaded extension: port-mac-address-regenerate
2026-08-22 11:16:04.706 8 WARNING neutron.quota.resource_registry [None req-fc509e1c-bfc8-462c-99e7-a0adcb24b0bf - - - - - -] floatingip is already registered
2026-08-22 11:16:04.706 7 INFO neutron.api.extensions [None req-8b7147db-14d7-4b0e-8980-f2f36c2f3aa3 - - - - - -] Loaded extension: port-numa-affinity-policy
2026-08-22 11:16:04.707 7 INFO neutron.api.extensions [None req-8b7147db-14d7-4b0e-8980-f2f36c2f3aa3 - - - - - -] Loaded extension: port-numa-affinity-policy-socket
2026-08-22 11:16:04.707 7 INFO neutron.api.extensions [None req-8b7147db-14d7-4b0e-8980-f2f36c2f3aa3 - - - - - -] Loaded extension: port-resource-request
2026-08-22 11:16:04.708 7 INFO neutron.api.extensions [None req-8b7147db-14d7-4b0e-8980-f2f36c2f3aa3 - - - - - -] Loaded extension: port-resource-request-groups
2026-08-22 11:16:04.708 7 INFO neutron.api.extensions [None req-8b7147db-14d7-4b0e-8980-f2f36c2f3aa3 - - - - - -] Extension port-trusted-vif not supported by any of loaded plugins
2026-08-22 11:16:04.709 7 INFO neutron.api.extensions [None req-8b7147db-14d7-4b0e-8980-f2f36c2f3aa3 - - - - - -] Loaded extension: binding
2026-08-22 11:16:04.710 7 INFO neutron.api.extensions [None req-8b7147db-14d7-4b0e-8980-f2f36c2f3aa3 - - - - - -] Loaded extension: binding-extended
2026-08-22 11:16:04.710 8 INFO neutron.quota.resource_registry [None req-fc509e1c-bfc8-462c-99e7-a0adcb24b0bf - - - - - -] Creating instance of CountableResource for resource:rbac_policy
2026-08-22 11:16:04.710 8 WARNING neutron.quota.resource_registry [None req-fc509e1c-bfc8-462c-99e7-a0adcb24b0bf - - - - - -] rbac_policy is already registered
2026-08-22 11:16:04.710 7 INFO neutron.api.extensions [None req-8b7147db-14d7-4b0e-8980-f2f36c2f3aa3 - - - - - -] Loaded extension: port-security
2026-08-22 11:16:04.710 7 INFO neutron.api.extensions [None req-8b7147db-14d7-4b0e-8980-f2f36c2f3aa3 - - - - - -] Loaded extension: project-id
2026-08-22 11:16:04.711 8 INFO neutron.quota.resource_registry [None req-fc509e1c-bfc8-462c-99e7-a0adcb24b0bf - - - - - -] Creating instance of TrackedResource for resource:security_group
2026-08-22 11:16:04.711 7 INFO neutron.api.extensions [None req-8b7147db-14d7-4b0e-8980-f2f36c2f3aa3 - - - - - -] Loaded extension: provider
2026-08-22 11:16:04.712 8 WARNING neutron.quota.resource_registry [None req-fc509e1c-bfc8-462c-99e7-a0adcb24b0bf - - - - - -] security_group is already registered
2026-08-22 11:16:04.712 8 INFO neutron.quota.resource_registry [None req-fc509e1c-bfc8-462c-99e7-a0adcb24b0bf - - - - - -] Creating instance of TrackedResource for resource:security_group_rule
2026-08-22 11:16:04.712 8 WARNING neutron.quota.resource_registry [None req-fc509e1c-bfc8-462c-99e7-a0adcb24b0bf - - - - - -] security_group_rule is already registered
2026-08-22 11:16:04.712 7 INFO neutron.api.extensions [None req-8b7147db-14d7-4b0e-8980-f2f36c2f3aa3 - - - - - -] Loaded extension: qinq
2026-08-22 11:16:04.714 8 INFO neutron.quota.resource_registry [None req-fc509e1c-bfc8-462c-99e7-a0adcb24b0bf - - - - - -] Creating instance of TrackedResource for resource:subnetpool
2026-08-22 11:16:04.714 8 WARNING neutron.quota.resource_registry [None req-fc509e1c-bfc8-462c-99e7-a0adcb24b0bf - - - - - -] subnetpool is already registered
2026-08-22 11:16:04.714 8 INFO neutron.quota.resource_registry [None req-fc509e1c-bfc8-462c-99e7-a0adcb24b0bf - - - - - -] Creating instance of CountableResource for resource:trunk
2026-08-22 11:16:04.714 8 WARNING neutron.quota.resource_registry [None req-fc509e1c-bfc8-462c-99e7-a0adcb24b0bf - - - - - -] trunk is already registered
2026-08-22 11:16:04.714 7 INFO neutron.api.extensions [None req-8b7147db-14d7-4b0e-8980-f2f36c2f3aa3 - - - - - -] Loaded extension: qos
2026-08-22 11:16:04.715 8 INFO neutron.quota.resource_registry [None req-fc509e1c-bfc8-462c-99e7-a0adcb24b0bf - - - - - -] Creating instance of CountableResource for resource:ikepolicy
2026-08-22 11:16:04.715 8 WARNING neutron.quota.resource_registry [None req-fc509e1c-bfc8-462c-99e7-a0adcb24b0bf - - - - - -] ikepolicy is already registered
2026-08-22 11:16:04.715 7 INFO neutron.api.extensions [None req-8b7147db-14d7-4b0e-8980-f2f36c2f3aa3 - - - - - -] Loaded extension: qos-bw-limit-direction
2026-08-22 11:16:04.715 8 INFO neutron.quota.resource_registry [None req-fc509e1c-bfc8-462c-99e7-a0adcb24b0bf - - - - - -] Creating instance of CountableResource for resource:ipsecpolicy
2026-08-22 11:16:04.715 8 WARNING neutron.quota.resource_registry [None req-fc509e1c-bfc8-462c-99e7-a0adcb24b0bf - - - - - -] ipsecpolicy is already registered
2026-08-22 11:16:04.716 7 INFO neutron.api.extensions [None req-8b7147db-14d7-4b0e-8980-f2f36c2f3aa3 - - - - - -] Loaded extension: qos-bw-minimum-ingress
2026-08-22 11:16:04.716 8 INFO neutron.quota.resource_registry [None req-fc509e1c-bfc8-462c-99e7-a0adcb24b0bf - - - - - -] Creating instance of CountableResource for resource:endpoint_group
2026-08-22 11:16:04.716 8 WARNING neutron.quota.resource_registry [None req-fc509e1c-bfc8-462c-99e7-a0adcb24b0bf - - - - - -] endpoint_group is already registered
2026-08-22 11:16:04.716 7 INFO neutron.api.extensions [None req-8b7147db-14d7-4b0e-8980-f2f36c2f3aa3 - - - - - -] Loaded extension: qos-default
2026-08-22 11:16:04.716 8 INFO neutron.quota.resource_registry [None req-fc509e1c-bfc8-462c-99e7-a0adcb24b0bf - - - - - -] Creating instance of CountableResource for resource:vpnservice
2026-08-22 11:16:04.716 8 WARNING neutron.quota.resource_registry [None req-fc509e1c-bfc8-462c-99e7-a0adcb24b0bf - - - - - -] vpnservice is already registered
2026-08-22 11:16:04.717 7 INFO neutron.api.extensions [None req-8b7147db-14d7-4b0e-8980-f2f36c2f3aa3 - - - - - -] Loaded extension: qos-fip
2026-08-22 11:16:04.717 8 INFO neutron.quota.resource_registry [None req-fc509e1c-bfc8-462c-99e7-a0adcb24b0bf - - - - - -] Creating instance of CountableResource for resource:ipsec_site_connection
2026-08-22 11:16:04.717 8 WARNING neutron.quota.resource_registry [None req-fc509e1c-bfc8-462c-99e7-a0adcb24b0bf - - - - - -] ipsec_site_connection is already registered
2026-08-22 11:16:04.717 7 INFO neutron.api.extensions [None req-8b7147db-14d7-4b0e-8980-f2f36c2f3aa3 - - - - - -] Extension qos-fip-network-policy not supported by any of loaded plugins
2026-08-22 11:16:04.717 8 INFO neutron.quota.resource_registry [None req-fc509e1c-bfc8-462c-99e7-a0adcb24b0bf - - - - - -] Creating instance of CountableResource for resource:ipsecpolicy
2026-08-22 11:16:04.718 8 WARNING neutron.quota.resource_registry [None req-fc509e1c-bfc8-462c-99e7-a0adcb24b0bf - - - - - -] ipsecpolicy is already registered
2026-08-22 11:16:04.718 7 INFO neutron.api.extensions [None req-8b7147db-14d7-4b0e-8980-f2f36c2f3aa3 - - - - - -] Loaded extension: qos-gateway-ip
2026-08-22 11:16:04.718 8 INFO neutron.quota.resource_registry [None req-fc509e1c-bfc8-462c-99e7-a0adcb24b0bf - - - - - -] Creating instance of CountableResource for resource:ikepolicy
2026-08-22 11:16:04.718 8 WARNING neutron.quota.resource_registry [None req-fc509e1c-bfc8-462c-99e7-a0adcb24b0bf - - - - - -] ikepolicy is already registered
2026-08-22 11:16:04.718 7 INFO neutron.api.extensions [None req-8b7147db-14d7-4b0e-8980-f2f36c2f3aa3 - - - - - -] Loaded extension: qos-port-network-policy
2026-08-22 11:16:04.719 7 INFO neutron.api.extensions [None req-8b7147db-14d7-4b0e-8980-f2f36c2f3aa3 - - - - - -] Loaded extension: qos-pps-minimum
2026-08-22 11:16:04.719 7 INFO neutron.api.extensions [None req-8b7147db-14d7-4b0e-8980-f2f36c2f3aa3 - - - - - -] Loaded extension: qos-pps-minimum-rule-alias
2026-08-22 11:16:04.720 7 INFO neutron.api.extensions [None req-8b7147db-14d7-4b0e-8980-f2f36c2f3aa3 - - - - - -] Loaded extension: qos-pps
2026-08-22 11:16:04.721 7 INFO neutron.api.extensions [None req-8b7147db-14d7-4b0e-8980-f2f36c2f3aa3 - - - - - -] Loaded extension: qos-rule-type-details
2026-08-22 11:16:04.721 7 INFO neutron.api.extensions [None req-8b7147db-14d7-4b0e-8980-f2f36c2f3aa3 - - - - - -] Loaded extension: qos-rule-type-filter
2026-08-22 11:16:04.722 7 INFO neutron.api.extensions [None req-8b7147db-14d7-4b0e-8980-f2f36c2f3aa3 - - - - - -] Loaded extension: qos-rules-alias
2026-08-22 11:16:04.722 7 INFO neutron.api.extensions [None req-8b7147db-14d7-4b0e-8980-f2f36c2f3aa3 - - - - - -] Loaded extension: quota-check-limit
2026-08-22 11:16:04.723 7 INFO neutron.api.extensions [None req-8b7147db-14d7-4b0e-8980-f2f36c2f3aa3 - - - - - -] Loaded extension: quota-check-limit-default
2026-08-22 11:16:04.725 7 INFO neutron.api.extensions [None req-8b7147db-14d7-4b0e-8980-f2f36c2f3aa3 - - - - - -] Loaded extension: quotas
2026-08-22 11:16:04.726 7 INFO neutron.api.extensions [None req-8b7147db-14d7-4b0e-8980-f2f36c2f3aa3 - - - - - -] Loaded extension: quota_details
2026-08-22 11:16:04.727 7 INFO neutron.api.extensions [None req-8b7147db-14d7-4b0e-8980-f2f36c2f3aa3 - - - - - -] Loaded extension: rbac-policies
2026-08-22 11:16:04.728 7 INFO neutron.api.extensions [None req-8b7147db-14d7-4b0e-8980-f2f36c2f3aa3 - - - - - -] Extension rbac-address-group not supported by any of loaded plugins
2026-08-22 11:16:04.728 7 INFO neutron.api.extensions [None req-8b7147db-14d7-4b0e-8980-f2f36c2f3aa3 - - - - - -] Loaded extension: rbac-address-scope
2026-08-22 11:16:04.729 7 INFO neutron.api.extensions [None req-8b7147db-14d7-4b0e-8980-f2f36c2f3aa3 - - - - - -] Loaded extension: rbac-security-groups
2026-08-22 11:16:04.729 7 INFO neutron.api.extensions [None req-8b7147db-14d7-4b0e-8980-f2f36c2f3aa3 - - - - - -] Extension rbac-subnetpool not supported by any of loaded plugins
2026-08-22 11:16:04.730 7 INFO neutron.api.extensions [None req-8b7147db-14d7-4b0e-8980-f2f36c2f3aa3 - - - - - -] Loaded extension: revision-if-match
2026-08-22 11:16:04.731 7 INFO neutron.api.extensions [None req-8b7147db-14d7-4b0e-8980-f2f36c2f3aa3 - - - - - -] Loaded extension: standard-attr-revisions
2026-08-22 11:16:04.731 7 INFO neutron.api.extensions [None req-8b7147db-14d7-4b0e-8980-f2f36c2f3aa3 - - - - - -] Loaded extension: router_availability_zone
2026-08-22 11:16:04.732 7 INFO neutron.api.extensions [None req-8b7147db-14d7-4b0e-8980-f2f36c2f3aa3 - - - - - -] Extension router-service-type not supported by any of loaded plugins
2026-08-22 11:16:04.733 7 INFO neutron.api.extensions [None req-8b7147db-14d7-4b0e-8980-f2f36c2f3aa3 - - - - - -] Loaded extension: security-groups-default-rules
2026-08-22 11:16:04.734 7 INFO neutron.api.extensions [None req-8b7147db-14d7-4b0e-8980-f2f36c2f3aa3 - - - - - -] Loaded extension: security-groups-normalized-cidr
2026-08-22 11:16:04.734 7 INFO neutron.api.extensions [None req-8b7147db-14d7-4b0e-8980-f2f36c2f3aa3 - - - - - -] Extension port-security-groups-filtering not supported by any of loaded plugins
2026-08-22 11:16:04.735 7 INFO neutron.api.extensions [None req-8b7147db-14d7-4b0e-8980-f2f36c2f3aa3 - - - - - -] Loaded extension: security-groups-remote-address-group
2026-08-22 11:16:04.735 7 INFO neutron.api.extensions [None req-8b7147db-14d7-4b0e-8980-f2f36c2f3aa3 - - - - - -] Loaded extension: security-groups-rules-belongs-to-default-sg
2026-08-22 11:16:04.736 7 INFO neutron.api.extensions [None req-8b7147db-14d7-4b0e-8980-f2f36c2f3aa3 - - - - - -] Loaded extension: security-groups-shared-filtering
2026-08-22 11:16:04.740 7 INFO neutron.api.extensions [None req-8b7147db-14d7-4b0e-8980-f2f36c2f3aa3 - - - - - -] Loaded extension: security-group
2026-08-22 11:16:04.741 7 INFO neutron.api.extensions [None req-8b7147db-14d7-4b0e-8980-f2f36c2f3aa3 - - - - - -] Loaded extension: segment
2026-08-22 11:16:04.742 7 INFO neutron.api.extensions [None req-8b7147db-14d7-4b0e-8980-f2f36c2f3aa3 - - - - - -] Loaded extension: segments-peer-subnet-host-routes
2026-08-22 11:16:04.743 7 INFO neutron.api.extensions [None req-8b7147db-14d7-4b0e-8980-f2f36c2f3aa3 - - - - - -] Loaded extension: service-type
2026-08-22 11:16:04.743 7 INFO neutron.api.extensions [None req-8b7147db-14d7-4b0e-8980-f2f36c2f3aa3 - - - - - -] Loaded extension: sorting
2026-08-22 11:16:04.743 7 INFO neutron.api.extensions [None req-8b7147db-14d7-4b0e-8980-f2f36c2f3aa3 - - - - - -] Loaded extension: standard-attr-segment
2026-08-22 11:16:04.744 7 INFO neutron.api.extensions [None req-8b7147db-14d7-4b0e-8980-f2f36c2f3aa3 - - - - - -] Loaded extension: standard-attr-description
2026-08-22 11:16:04.745 7 INFO neutron.api.extensions [None req-8b7147db-14d7-4b0e-8980-f2f36c2f3aa3 - - - - - -] Loaded extension: stateful-security-group
2026-08-22 11:16:04.745 7 WARNING neutron.api.extensions [None req-8b7147db-14d7-4b0e-8980-f2f36c2f3aa3 - - - - - -] Did not find expected name "Stdattrs_common" in /var/lib/openstack/lib/python3.12/site-packages/neutron/extensions/stdattrs_common.py
2026-08-22 11:16:04.746 7 INFO neutron.api.extensions [None req-8b7147db-14d7-4b0e-8980-f2f36c2f3aa3 - - - - - -] Loaded extension: subnet-dns-publish-fixed-ip
2026-08-22 11:16:04.746 7 INFO neutron.api.extensions [None req-8b7147db-14d7-4b0e-8980-f2f36c2f3aa3 - - - - - -] Loaded extension: subnet-external-network
2026-08-22 11:16:04.747 7 INFO neutron.api.extensions [None req-8b7147db-14d7-4b0e-8980-f2f36c2f3aa3 - - - - - -] Extension subnet_onboard not supported by any of loaded plugins
2026-08-22 11:16:04.747 7 INFO neutron.api.extensions [None req-8b7147db-14d7-4b0e-8980-f2f36c2f3aa3 - - - - - -] Loaded extension: subnet-segmentid-writable
2026-08-22 11:16:04.748 7 INFO neutron.api.extensions [None req-8b7147db-14d7-4b0e-8980-f2f36c2f3aa3 - - - - - -] Loaded extension: subnet-service-types
2026-08-22 11:16:04.748 7 INFO neutron.api.extensions [None req-8b7147db-14d7-4b0e-8980-f2f36c2f3aa3 - - - - - -] Loaded extension: subnet_allocation
2026-08-22 11:16:04.749 7 INFO neutron.api.extensions [None req-8b7147db-14d7-4b0e-8980-f2f36c2f3aa3 - - - - - -] Loaded extension: subnetpool-prefix-ops
2026-08-22 11:16:04.750 7 INFO neutron.api.extensions [None req-8b7147db-14d7-4b0e-8980-f2f36c2f3aa3 - - - - - -] Loaded extension: tag-creation
2026-08-22 11:16:04.750 7 INFO neutron.api.extensions [None req-8b7147db-14d7-4b0e-8980-f2f36c2f3aa3 - - - - - -] Extension tag-ports-during-bulk-creation not supported by any of loaded plugins
2026-08-22 11:16:04.754 7 INFO neutron.api.extensions [None req-8b7147db-14d7-4b0e-8980-f2f36c2f3aa3 - - - - - -] Loaded extension: standard-attr-tag
2026-08-22 11:16:04.754 8 WARNING keystonemiddleware._common.config [None req-fc509e1c-bfc8-462c-99e7-a0adcb24b0bf - - - - - -] The option "audit_map_file" is not known to keystonemiddleware
2026-08-22 11:16:04.755 7 INFO neutron.api.extensions [None req-8b7147db-14d7-4b0e-8980-f2f36c2f3aa3 - - - - - -] Loaded extension: standard-attr-timestamp
2026-08-22 11:16:04.755 7 INFO neutron.api.extensions [None req-8b7147db-14d7-4b0e-8980-f2f36c2f3aa3 - - - - - -] Loaded extension: trunk
2026-08-22 11:16:04.756 7 INFO neutron.api.extensions [None req-8b7147db-14d7-4b0e-8980-f2f36c2f3aa3 - - - - - -] Loaded extension: trunk-details
2026-08-22 11:16:04.756 7 INFO neutron.api.extensions [None req-8b7147db-14d7-4b0e-8980-f2f36c2f3aa3 - - - - - -] Extension uplink-status-propagation not supported by any of loaded plugins
2026-08-22 11:16:04.757 7 INFO neutron.api.extensions [None req-8b7147db-14d7-4b0e-8980-f2f36c2f3aa3 - - - - - -] Extension uplink-status-propagation-updatable not supported by any of loaded plugins
2026-08-22 11:16:04.758 7 INFO neutron.api.extensions [None req-8b7147db-14d7-4b0e-8980-f2f36c2f3aa3 - - - - - -] Loaded extension: vlan-transparent
2026-08-22 11:16:04.758 7 INFO neutron.api.extensions [None req-8b7147db-14d7-4b0e-8980-f2f36c2f3aa3 - - - - - -] Loaded extension: vpn-aes-ctr
2026-08-22 11:16:04.760 7 INFO neutron.api.extensions [None req-8b7147db-14d7-4b0e-8980-f2f36c2f3aa3 - - - - - -] Loaded extension: vpn-agent-scheduler
2026-08-22 11:16:04.761 7 INFO neutron.api.extensions [None req-8b7147db-14d7-4b0e-8980-f2f36c2f3aa3 - - - - - -] Loaded extension: vpn-endpoint-groups
2026-08-22 11:16:04.761 8 WARNING oslo_config.cfg [None req-fc509e1c-bfc8-462c-99e7-a0adcb24b0bf - - - - - -] Deprecated: Option "auth_uri" from group "keystone_authtoken" is deprecated. Use option "www_authenticate_uri" from group "keystone_authtoken".
2026-08-22 11:16:04.762 7 INFO neutron.api.extensions [None req-8b7147db-14d7-4b0e-8980-f2f36c2f3aa3 - - - - - -] Loaded extension: vpn-flavors
2026-08-22 11:16:04.763 7 INFO neutron.api.extensions [None req-8b7147db-14d7-4b0e-8980-f2f36c2f3aa3 - - - - - -] Loaded extension: vpnaas
2026-08-22 11:16:04.765 7 INFO neutron.api.extensions [None req-8b7147db-14d7-4b0e-8980-f2f36c2f3aa3 - - - - - -] Loaded extension: taas
2026-08-22 11:16:04.766 7 INFO neutron.api.extensions [None req-8b7147db-14d7-4b0e-8980-f2f36c2f3aa3 - - - - - -] Loaded extension: tap-mirror
2026-08-22 11:16:04.766 7 INFO neutron.api.extensions [None req-8b7147db-14d7-4b0e-8980-f2f36c2f3aa3 - - - - - -] Loaded extension: taas-vlan-filter
2026-08-22 11:16:04.769 7 INFO neutron.quota.resource_registry [None req-8b7147db-14d7-4b0e-8980-f2f36c2f3aa3 - - - - - -] Creating instance of TrackedResource for resource:network
2026-08-22 11:16:04.769 7 INFO neutron.quota.resource_registry [None req-8b7147db-14d7-4b0e-8980-f2f36c2f3aa3 - - - - - -] Creating instance of TrackedResource for resource:subnet
2026-08-22 11:16:04.769 7 INFO neutron.quota.resource_registry [None req-8b7147db-14d7-4b0e-8980-f2f36c2f3aa3 - - - - - -] Creating instance of TrackedResource for resource:subnetpool
2026-08-22 11:16:04.769 7 INFO neutron.quota.resource_registry [None req-8b7147db-14d7-4b0e-8980-f2f36c2f3aa3 - - - - - -] Creating instance of TrackedResource for resource:port
2026-08-22 11:16:04.773 7 INFO neutron.quota.resource_registry [None req-8b7147db-14d7-4b0e-8980-f2f36c2f3aa3 - - - - - -] Creating instance of TrackedResource for resource:router
2026-08-22 11:16:04.773 7 INFO neutron.quota.resource_registry [None req-8b7147db-14d7-4b0e-8980-f2f36c2f3aa3 - - - - - -] Creating instance of TrackedResource for resource:floatingip
2026-08-22 11:16:04.778 7 INFO neutron.quota.resource_registry [None req-8b7147db-14d7-4b0e-8980-f2f36c2f3aa3 - - - - - -] Creating instance of CountableResource for resource:rbac_policy
2026-08-22 11:16:04.779 7 INFO neutron.quota.resource_registry [None req-8b7147db-14d7-4b0e-8980-f2f36c2f3aa3 - - - - - -] Creating instance of TrackedResource for resource:security_group
2026-08-22 11:16:04.779 7 INFO neutron.quota.resource_registry [None req-8b7147db-14d7-4b0e-8980-f2f36c2f3aa3 - - - - - -] Creating instance of TrackedResource for resource:security_group_rule
2026-08-22 11:16:04.780 7 INFO neutron.quota.resource_registry [None req-8b7147db-14d7-4b0e-8980-f2f36c2f3aa3 - - - - - -] Creating instance of TrackedResource for resource:subnetpool
2026-08-22 11:16:04.781 7 WARNING neutron.quota.resource_registry [None req-8b7147db-14d7-4b0e-8980-f2f36c2f3aa3 - - - - - -] subnetpool is already registered
2026-08-22 11:16:04.781 7 INFO neutron.quota.resource_registry [None req-8b7147db-14d7-4b0e-8980-f2f36c2f3aa3 - - - - - -] Creating instance of CountableResource for resource:trunk
2026-08-22 11:16:04.781 7 INFO neutron.quota.resource_registry [None req-8b7147db-14d7-4b0e-8980-f2f36c2f3aa3 - - - - - -] Creating instance of CountableResource for resource:ikepolicy
2026-08-22 11:16:04.782 7 INFO neutron.quota.resource_registry [None req-8b7147db-14d7-4b0e-8980-f2f36c2f3aa3 - - - - - -] Creating instance of CountableResource for resource:ipsecpolicy
2026-08-22 11:16:04.782 7 INFO neutron.quota.resource_registry [None req-8b7147db-14d7-4b0e-8980-f2f36c2f3aa3 - - - - - -] Creating instance of CountableResource for resource:endpoint_group
2026-08-22 11:16:04.783 7 INFO neutron.quota.resource_registry [None req-8b7147db-14d7-4b0e-8980-f2f36c2f3aa3 - - - - - -] Creating instance of CountableResource for resource:vpnservice
2026-08-22 11:16:04.783 7 INFO neutron.quota.resource_registry [None req-8b7147db-14d7-4b0e-8980-f2f36c2f3aa3 - - - - - -] Creating instance of CountableResource for resource:ipsec_site_connection
2026-08-22 11:16:04.784 7 INFO neutron.quota.resource_registry [None req-8b7147db-14d7-4b0e-8980-f2f36c2f3aa3 - - - - - -] Creating instance of CountableResource for resource:ipsecpolicy
2026-08-22 11:16:04.784 7 WARNING neutron.quota.resource_registry [None req-8b7147db-14d7-4b0e-8980-f2f36c2f3aa3 - - - - - -] ipsecpolicy is already registered
2026-08-22 11:16:04.784 7 INFO neutron.quota.resource_registry [None req-8b7147db-14d7-4b0e-8980-f2f36c2f3aa3 - - - - - -] Creating instance of CountableResource for resource:ikepolicy
2026-08-22 11:16:04.784 8 WARNING neutron.plugins.ml2.drivers.ovn.mech_driver.mech_driver [None req-fc509e1c-bfc8-462c-99e7-a0adcb24b0bf - - - - - -] uWSGI must provide a start time using the configuration parameter "start-time %t" in the configuration file
2026-08-22 11:16:04.784 7 WARNING neutron.quota.resource_registry [None req-8b7147db-14d7-4b0e-8980-f2f36c2f3aa3 - - - - - -] ikepolicy is already registered
2026-08-22 11:16:04.789 7 INFO neutron.quota.resource_registry [None req-8b7147db-14d7-4b0e-8980-f2f36c2f3aa3 - - - - - -] Creating instance of TrackedResource for resource:router
2026-08-22 11:16:04.789 7 WARNING neutron.quota.resource_registry [None req-8b7147db-14d7-4b0e-8980-f2f36c2f3aa3 - - - - - -] router is already registered
2026-08-22 11:16:04.789 7 INFO neutron.quota.resource_registry [None req-8b7147db-14d7-4b0e-8980-f2f36c2f3aa3 - - - - - -] Creating instance of TrackedResource for resource:floatingip
2026-08-22 11:16:04.790 7 WARNING neutron.quota.resource_registry [None req-8b7147db-14d7-4b0e-8980-f2f36c2f3aa3 - - - - - -] floatingip is already registered
2026-08-22 11:16:04.794 7 INFO neutron.quota.resource_registry [None req-8b7147db-14d7-4b0e-8980-f2f36c2f3aa3 - - - - - -] Creating instance of CountableResource for resource:rbac_policy
2026-08-22 11:16:04.794 7 WARNING neutron.quota.resource_registry [None req-8b7147db-14d7-4b0e-8980-f2f36c2f3aa3 - - - - - -] rbac_policy is already registered
2026-08-22 11:16:04.795 7 INFO neutron.quota.resource_registry [None req-8b7147db-14d7-4b0e-8980-f2f36c2f3aa3 - - - - - -] Creating instance of TrackedResource for resource:security_group
2026-08-22 11:16:04.795 7 WARNING neutron.quota.resource_registry [None req-8b7147db-14d7-4b0e-8980-f2f36c2f3aa3 - - - - - -] security_group is already registered
2026-08-22 11:16:04.795 7 INFO neutron.quota.resource_registry [None req-8b7147db-14d7-4b0e-8980-f2f36c2f3aa3 - - - - - -] Creating instance of TrackedResource for resource:security_group_rule
2026-08-22 11:16:04.795 7 WARNING neutron.quota.resource_registry [None req-8b7147db-14d7-4b0e-8980-f2f36c2f3aa3 - - - - - -] security_group_rule is already registered
2026-08-22 11:16:04.797 7 INFO neutron.quota.resource_registry [None req-8b7147db-14d7-4b0e-8980-f2f36c2f3aa3 - - - - - -] Creating instance of TrackedResource for resource:subnetpool
2026-08-22 11:16:04.797 7 WARNING neutron.quota.resource_registry [None req-8b7147db-14d7-4b0e-8980-f2f36c2f3aa3 - - - - - -] subnetpool is already registered
2026-08-22 11:16:04.798 7 INFO neutron.quota.resource_registry [None req-8b7147db-14d7-4b0e-8980-f2f36c2f3aa3 - - - - - -] Creating instance of CountableResource for resource:trunk
2026-08-22 11:16:04.798 7 WARNING neutron.quota.resource_registry [None req-8b7147db-14d7-4b0e-8980-f2f36c2f3aa3 - - - - - -] trunk is already registered
2026-08-22 11:16:04.798 7 INFO neutron.quota.resource_registry [None req-8b7147db-14d7-4b0e-8980-f2f36c2f3aa3 - - - - - -] Creating instance of CountableResource for resource:ikepolicy
2026-08-22 11:16:04.798 7 WARNING neutron.quota.resource_registry [None req-8b7147db-14d7-4b0e-8980-f2f36c2f3aa3 - - - - - -] ikepolicy is already registered
2026-08-22 11:16:04.799 7 INFO neutron.quota.resource_registry [None req-8b7147db-14d7-4b0e-8980-f2f36c2f3aa3 - - - - - -] Creating instance of CountableResource for resource:ipsecpolicy
2026-08-22 11:16:04.799 8 INFO neutron.db.ovn_hash_ring_db [None req-fc509e1c-bfc8-462c-99e7-a0adcb24b0bf - - - - - -] Nodes from host "neutron-server-7967bffb45-xp5zz" and group "mechanism_driver" removed from the Hash Ring created at
2026-08-22 11:16:04+00:00
2026-08-22 11:16:04.799 7 WARNING neutron.quota.resource_registry [None req-8b7147db-14d7-4b0e-8980-f2f36c2f3aa3 - - - - - -] ipsecpolicy is already registered
2026-08-22 11:16:04.799 7 INFO neutron.quota.resource_registry [None req-8b7147db-14d7-4b0e-8980-f2f36c2f3aa3 - - - - - -] Creating instance of CountableResource for resource:endpoint_group
2026-08-22 11:16:04.799 7 WARNING neutron.quota.resource_registry [None req-8b7147db-14d7-4b0e-8980-f2f36c2f3aa3 - - - - - -] endpoint_group is already registered
2026-08-22 11:16:04.800 7 INFO neutron.quota.resource_registry [None req-8b7147db-14d7-4b0e-8980-f2f36c2f3aa3 - - - - - -] Creating instance of CountableResource for resource:vpnservice
2026-08-22 11:16:04.800 7 WARNING neutron.quota.resource_registry [None req-8b7147db-14d7-4b0e-8980-f2f36c2f3aa3 - - - - - -] vpnservice is already registered
2026-08-22 11:16:04.800 7 INFO neutron.quota.resource_registry [None req-8b7147db-14d7-4b0e-8980-f2f36c2f3aa3 - - - - - -] Creating instance of CountableResource for resource:ipsec_site_connection
2026-08-22 11:16:04.801 7 WARNING neutron.quota.resource_registry [None req-8b7147db-14d7-4b0e-8980-f2f36c2f3aa3 - - - - - -] ipsec_site_connection is already registered
2026-08-22 11:16:04.801 7 INFO neutron.quota.resource_registry [None req-8b7147db-14d7-4b0e-8980-f2f36c2f3aa3 - - - - - -] Creating instance of CountableResource for resource:ipsecpolicy
2026-08-22 11:16:04.801 7 WARNING neutron.quota.resource_registry [None req-8b7147db-14d7-4b0e-8980-f2f36c2f3aa3 - - - - - -] ipsecpolicy is already registered
2026-08-22 11:16:04.802 7 INFO neutron.quota.resource_registry [None req-8b7147db-14d7-4b0e-8980-f2f36c2f3aa3 - - - - - -] Creating instance of CountableResource for resource:ikepolicy
2026-08-22 11:16:04.802 7 WARNING neutron.quota.resource_registry [None req-8b7147db-14d7-4b0e-8980-f2f36c2f3aa3 - - - - - -] ikepolicy is already registered
2026-08-22 11:16:04.802 8 INFO neutron.db.ovn_hash_ring_db [None req-fc509e1c-bfc8-462c-99e7-a0adcb24b0bf - - - - - -] Node 94a1629966df501a8c2aaa293d28cc69 from host "neutron-server-7967bffb45-xp5zz" and group "mechanism_driver" added to the Hash Ring
2026-08-22 11:16:04.810 8 INFO neutron.plugins.ml2.drivers.ovn.mech_driver.mech_driver [None req-fc509e1c-bfc8-462c-99e7-a0adcb24b0bf - - - - - -] Hash Ring probing thread for node 94a1629966df501a8c2aaa293d28cc69 has started
2026-08-22 11:16:04.810 8 INFO neutron.plugins.ml2.drivers.ovn.mech_driver.ovsdb.impl_idl_ovn [None req-fc509e1c-bfc8-462c-99e7-a0adcb24b0bf - - - - - -] Getting OvsdbNbOvnIdl for WorkerService with retry
2026-08-22 11:16:04.838 7 WARNING keystonemiddleware._common.config [None req-8b7147db-14d7-4b0e-8980-f2f36c2f3aa3 - - - - - -] The option "audit_map_file" is not known to keystonemiddleware
2026-08-22 11:16:04.841 8 INFO ovsdbapp.backend.ovs_idl.vlog [None req-fc509e1c-bfc8-462c-99e7-a0adcb24b0bf - - - - - -] tcp:10.106.95.161:6641: connecting...
2026-08-22 11:16:04.842 8 INFO ovsdbapp.backend.ovs_idl.vlog [None req-fc509e1c-bfc8-462c-99e7-a0adcb24b0bf - - - - - -] tcp:10.106.95.161:6641: connected
2026-08-22 11:16:04.845 7 WARNING oslo_config.cfg [None req-8b7147db-14d7-4b0e-8980-f2f36c2f3aa3 - - - - - -] Deprecated: Option "auth_uri" from group "keystone_authtoken" is deprecated. Use option "www_authenticate_uri" from group "keystone_authtoken".
2026-08-22 11:16:04.866 7 WARNING neutron.plugins.ml2.drivers.ovn.mech_driver.mech_driver [None req-8b7147db-14d7-4b0e-8980-f2f36c2f3aa3 - - - - - -] uWSGI must provide a start time using the configuration parameter "start-time %t" in the configuration file
2026-08-22 11:16:04.881 7 INFO neutron.db.ovn_hash_ring_db [None req-8b7147db-14d7-4b0e-8980-f2f36c2f3aa3 - - - - - -] Nodes from host "neutron-server-7967bffb45-xp5zz" and group "mechanism_driver" removed from the Hash Ring created at
2026-08-22 11:16:04+00:00
2026-08-22 11:16:04.884 7 INFO neutron.db.ovn_hash_ring_db [None req-8b7147db-14d7-4b0e-8980-f2f36c2f3aa3 - - - - - -] Node f210fc9b8de1509f9a607db121cbba56 from host "neutron-server-7967bffb45-xp5zz" and group "mechanism_driver" added to the Hash Ring
2026-08-22 11:16:04.891 7 INFO neutron.plugins.ml2.drivers.ovn.mech_driver.mech_driver [None req-8b7147db-14d7-4b0e-8980-f2f36c2f3aa3 - - - - - -] Hash Ring probing thread for node f210fc9b8de1509f9a607db121cbba56 has started
2026-08-22 11:16:04.891 7 INFO neutron.plugins.ml2.drivers.ovn.mech_driver.ovsdb.impl_idl_ovn [None req-8b7147db-14d7-4b0e-8980-f2f36c2f3aa3 - - - - - -] Getting OvsdbNbOvnIdl for WorkerService with retry
2026-08-22 11:16:04.895 8 INFO neutron.plugins.ml2.drivers.ovn.mech_driver.ovsdb.impl_idl_ovn [None req-fc509e1c-bfc8-462c-99e7-a0adcb24b0bf - - - - - -] Getting OvsdbSbOvnIdl for WorkerService with retry
2026-08-22 11:16:04.921 8 INFO ovsdbapp.backend.ovs_idl.vlog [None req-fc509e1c-bfc8-462c-99e7-a0adcb24b0bf - - - - - -] tcp:10.106.114.219:6642: connecting...
2026-08-22 11:16:04.922 8 INFO ovsdbapp.backend.ovs_idl.vlog [None req-fc509e1c-bfc8-462c-99e7-a0adcb24b0bf - - - - - -] tcp:10.106.114.219:6642: connected
2026-08-22 11:16:04.922 7 INFO ovsdbapp.backend.ovs_idl.vlog [None req-8b7147db-14d7-4b0e-8980-f2f36c2f3aa3 - - - - - -] tcp:10.106.95.161:6641: connecting...
2026-08-22 11:16:04.922 7 INFO ovsdbapp.backend.ovs_idl.vlog [None req-8b7147db-14d7-4b0e-8980-f2f36c2f3aa3 - - - - - -] tcp:10.106.95.161:6641: connected
2026-08-22 11:16:04.956 8 INFO neutron.plugins.ml2.drivers.ovn.mech_driver.mech_driver [None req-fc509e1c-bfc8-462c-99e7-a0adcb24b0bf - - - - - -] WorkerService process has finished the post initialization
2026-08-22 11:16:04.963 7 INFO neutron.plugins.ml2.drivers.ovn.mech_driver.ovsdb.impl_idl_ovn [None req-8b7147db-14d7-4b0e-8980-f2f36c2f3aa3 - - - - - -] Getting OvsdbSbOvnIdl for WorkerService with retry
2026-08-22 11:16:04.981 8 INFO ovsdbapp.backend.ovs_idl.vlog [None req-fc509e1c-bfc8-462c-99e7-a0adcb24b0bf - - - - - -] tcp:10.106.95.161:6641: connecting...
2026-08-22 11:16:04.981 8 INFO ovsdbapp.backend.ovs_idl.vlog [None req-fc509e1c-bfc8-462c-99e7-a0adcb24b0bf - - - - - -] tcp:10.106.95.161:6641: connected
2026-08-22 11:16:04.985 7 INFO ovsdbapp.backend.ovs_idl.vlog [None req-8b7147db-14d7-4b0e-8980-f2f36c2f3aa3 - - - - - -] tcp:10.106.114.219:6642: connecting...
2026-08-22 11:16:04.985 7 INFO ovsdbapp.backend.ovs_idl.vlog [None req-8b7147db-14d7-4b0e-8980-f2f36c2f3aa3 - - - - - -] tcp:10.106.114.219:6642: connected
2026-08-22 11:16:05.015 7 INFO neutron.plugins.ml2.drivers.ovn.mech_driver.mech_driver [None req-8b7147db-14d7-4b0e-8980-f2f36c2f3aa3 - - - - - -] WorkerService process has finished the post initialization
2026-08-22 11:16:05.016 7 INFO neutron.plugins.ml2.drivers.ovn.mech_driver.ovsdb.extensions.qos [-] Starting OVNClientQosExtension
2026-08-22 11:16:05.016 7 INFO neutron.plugins.ml2.drivers.ovn.mech_driver.ovsdb.extensions.placement [-] Starting OVNClientPlacementExtension
2026-08-22 11:16:05.037 7 INFO ovsdbapp.backend.ovs_idl.vlog [None req-8b7147db-14d7-4b0e-8980-f2f36c2f3aa3 - - - - - -] tcp:10.106.95.161:6641: connecting...
2026-08-22 11:16:05.037 7 INFO ovsdbapp.backend.ovs_idl.vlog [None req-8b7147db-14d7-4b0e-8980-f2f36c2f3aa3 - - - - - -] tcp:10.106.95.161:6641: connected
2026-08-22 11:16:05.187 8 INFO ovsdbapp.backend.ovs_idl.vlog [None req-fc509e1c-bfc8-462c-99e7-a0adcb24b0bf - - - - - -] tcp:10.106.95.161:6641: connecting...
2026-08-22 11:16:05.188 8 INFO ovsdbapp.backend.ovs_idl.vlog [None req-fc509e1c-bfc8-462c-99e7-a0adcb24b0bf - - - - - -] tcp:10.106.95.161:6641: connected WSGI app 0 (mountpoint='') ready in 10 seconds on interpreter 0x7f4bfc2c7668 pid: 8 (default app)
2026-08-22 11:16:05.237 7 INFO ovsdbapp.backend.ovs_idl.vlog [None req-8b7147db-14d7-4b0e-8980-f2f36c2f3aa3 - - - - - -] tcp:10.106.95.161:6641: connecting...
2026-08-22 11:16:05.237 7 INFO ovsdbapp.backend.ovs_idl.vlog [None req-8b7147db-14d7-4b0e-8980-f2f36c2f3aa3 - - - - - -] tcp:10.106.95.161:6641: connected WSGI app 0 (mountpoint='') ready in 10 seconds on interpreter 0x7f4bfc2c7668 pid: 7 (default app) /var/lib/openstack/lib/python3.12/site-packages/pycadf/identifier.py:70: UserWarning: Invalid uuid: unknown. To ensure interoperability, identifiers should be a valid uuid. warnings.warn(('Invalid uuid: %s. To ensure interoperability, '
2026-08-22 11:16:07.242 7 INFO neutron.pecan_wsgi.hooks.translation [None req-6075a159-1a15-4e12-82f7-555a101dad22 62a6ac5e46cf44199f0dc4c7dfd9bcd5 ab2962e85fd643ada8ba381a3b7eabb2 - - default default] GET failed (client error): The resource could not be found. [pid: 7|app: 0|req: 1/4] 199.19.213.150 () {44 vars in 927 bytes} [Sat Aug 22 11:16:06 2026] GET /v2.0/networks/public => generated 108 bytes in 636 msecs (HTTP/1.1 404) 4 headers in 164 bytes (1 switches on core 0) /var/lib/openstack/lib/python3.12/site-packages/pycadf/identifier.py:70: UserWarning: Invalid uuid: unknown. To ensure interoperability, identifiers should be a valid uuid. warnings.warn(('Invalid uuid: %s. To ensure interoperability, ' [pid: 8|app: 0|req: 4/5] 199.19.213.150 () {44 vars in 949 bytes} [Sat Aug 22 11:16:07 2026] GET /v2.0/networks?name=public => generated 15 bytes in 207 msecs (HTTP/1.1 200) 4 headers in 156 bytes (1 switches on core 0)
2026-08-22 11:16:07.849 7 INFO neutron.db.ovn_revision_numbers_db [None req-92caf413-592d-47fa-a351-99241d47a03f 62a6ac5e46cf44199f0dc4c7dfd9bcd5 ab2962e85fd643ada8ba381a3b7eabb2 - - default default] Successfully bumped revision number for resource 92c606e9-bca4-4530-84a3-225f521db391 (type: security_groups) to 1
2026-08-22 11:16:07.863 7 INFO neutron.db.ovn_revision_numbers_db [None req-92caf413-592d-47fa-a351-99241d47a03f 62a6ac5e46cf44199f0dc4c7dfd9bcd5 ab2962e85fd643ada8ba381a3b7eabb2 - - default default] Successfully bumped revision number for resource 820a74b4-5eec-45e8-ab04-3ac0d6fed8b9 (type: security_group_rules) to 0
2026-08-22 11:16:07.872 7 INFO neutron.db.ovn_revision_numbers_db [None req-92caf413-592d-47fa-a351-99241d47a03f 62a6ac5e46cf44199f0dc4c7dfd9bcd5 ab2962e85fd643ada8ba381a3b7eabb2 - - default default] Successfully bumped revision number for resource b9913f83-526b-4096-b68a-d00540ed7de0 (type: security_group_rules) to 0
2026-08-22 11:16:07.883 7 INFO neutron.db.ovn_revision_numbers_db [None req-92caf413-592d-47fa-a351-99241d47a03f 62a6ac5e46cf44199f0dc4c7dfd9bcd5 ab2962e85fd643ada8ba381a3b7eabb2 - - default default] Successfully bumped revision number for resource d6403239-ad45-4ef1-93bf-1f8168ec4a79 (type: security_group_rules) to 0
2026-08-22 11:16:07.893 7 INFO neutron.db.ovn_revision_numbers_db [None req-92caf413-592d-47fa-a351-99241d47a03f 62a6ac5e46cf44199f0dc4c7dfd9bcd5 ab2962e85fd643ada8ba381a3b7eabb2 - - default default] Successfully bumped revision number for resource ed21ede3-e339-4c4e-ab0e-624ef5fb3b9a (type: security_group_rules) to 0
2026-08-22 11:16:07.962 7 WARNING neutron.services.revisions.revision_plugin [None req-92caf413-592d-47fa-a351-99241d47a03f 62a6ac5e46cf44199f0dc4c7dfd9bcd5 ab2962e85fd643ada8ba381a3b7eabb2 - - default default] Could not find related network for resource to bump revision.
2026-08-22 11:16:07.983 7 INFO neutron.db.segments_db [None req-92caf413-592d-47fa-a351-99241d47a03f 62a6ac5e46cf44199f0dc4c7dfd9bcd5 ab2962e85fd643ada8ba381a3b7eabb2 - - default default] Added segment ec230239-870e-4008-9b44-7f7e75dabf80 of type flat for network 4bd3d620-9bba-42ab-9b8a-8d8d4c09cdc8
2026-08-22 11:16:08.107 8 INFO neutron.plugins.ml2.drivers.ovn.mech_driver.mech_driver [-] OVN reports status down for port: provnet-ec230239-870e-4008-9b44-7f7e75dabf80
2026-08-22 11:16:08.128 7 INFO neutron.db.ovn_revision_numbers_db [None req-92caf413-592d-47fa-a351-99241d47a03f 62a6ac5e46cf44199f0dc4c7dfd9bcd5 ab2962e85fd643ada8ba381a3b7eabb2 - - default default] Successfully bumped revision number for resource 4bd3d620-9bba-42ab-9b8a-8d8d4c09cdc8 (type: networks) to 1
2026-08-22 11:16:08.577 7 WARNING neutron.scheduler.dhcp_agent_scheduler [None req-92caf413-592d-47fa-a351-99241d47a03f 62a6ac5e46cf44199f0dc4c7dfd9bcd5 ab2962e85fd643ada8ba381a3b7eabb2 - - default default] No more DHCP agents
2026-08-22 11:16:08.578 7 WARNING neutron.api.rpc.agentnotifiers.dhcp_rpc_agent_api [None req-92caf413-592d-47fa-a351-99241d47a03f 62a6ac5e46cf44199f0dc4c7dfd9bcd5 ab2962e85fd643ada8ba381a3b7eabb2 - - default default] Unable to schedule network 4bd3d620-9bba-42ab-9b8a-8d8d4c09cdc8: no agents available; will retry on subsequent port and subnet creation events.
2026-08-22 11:16:08.640 8 INFO neutron.plugins.ml2.drivers.ovn.mech_driver.mech_driver [None req-8bcee89d-7cd9-4e14-8b1a-d559baca7bf2 - - - - - -] OVN reports status down for port: ac75b4f0-2e3f-4b7b-80ca-ba9c8138e874
2026-08-22 11:16:08.679 7 INFO neutron.db.ovn_revision_numbers_db [None req-92caf413-592d-47fa-a351-99241d47a03f 62a6ac5e46cf44199f0dc4c7dfd9bcd5 ab2962e85fd643ada8ba381a3b7eabb2 - - default default] Successfully bumped revision number for resource ac75b4f0-2e3f-4b7b-80ca-ba9c8138e874 (type: ports) to 1 [pid: 7|app: 0|req: 2/6] 199.19.213.150 () {48 vars in 967 bytes} [Sat Aug 22 11:16:07 2026] POST /v2.0/networks => generated 744 bytes in 1241 msecs (HTTP/1.1 201) 4 headers in 162 bytes (1 switches on core 0)
2026-08-22 11:16:08.731 8 INFO neutron.plugins.ml2.drivers.ovn.mech_driver.ovsdb.extensions.qos [None req-8bcee89d-7cd9-4e14-8b1a-d559baca7bf2 - - - - - -] Starting OVNClientQosExtension
2026-08-22 11:16:08.732 8 INFO neutron.plugins.ml2.drivers.ovn.mech_driver.ovsdb.extensions.placement [None req-8bcee89d-7cd9-4e14-8b1a-d559baca7bf2 - - - - - -] Starting OVNClientPlacementExtension
2026-08-22 11:16:10.220 8 INFO neutron.pecan_wsgi.hooks.translation [None req-292f74a9-7016-40f8-9f68-6c14692e5f1e 62a6ac5e46cf44199f0dc4c7dfd9bcd5 ab2962e85fd643ada8ba381a3b7eabb2 - - default default] GET failed (client error): The resource could not be found. [pid: 8|app: 0|req: 5/7] 199.19.213.150 () {44 vars in 927 bytes} [Sat Aug 22 11:16:09 2026] GET /v2.0/networks/public => generated 108 bytes in 406 msecs (HTTP/1.1 404) 4 headers in 164 bytes (1 switches on core 0) [pid: 7|app: 0|req: 3/8] 199.19.213.150 () {44 vars in 949 bytes} [Sat Aug 22 11:16:10 2026] GET /v2.0/networks?name=public => generated 753 bytes in 34 msecs (HTTP/1.1 200) 4 headers in 157 bytes (1 switches on core 0)
2026-08-22 11:16:10.299 8 INFO neutron.pecan_wsgi.hooks.translation [None req-13af9c02-53b7-42ca-864f-8bef2b16c97d 62a6ac5e46cf44199f0dc4c7dfd9bcd5 ab2962e85fd643ada8ba381a3b7eabb2 - - default default] GET failed (client error): The resource could not be found. [pid: 8|app: 0|req: 6/9] 199.19.213.150 () {44 vars in 1034 bytes} [Sat Aug 22 11:16:10 2026] GET /v2.0/subnets/public-subnet?network_id=4bd3d620-9bba-42ab-9b8a-8d8d4c09cdc8 => generated 113 bytes in 28 msecs (HTTP/1.1 404) 4 headers in 164 bytes (1 switches on core 0) [pid: 7|app: 0|req: 4/10] 199.19.213.150 () {44 vars in 1057 bytes} [Sat Aug 22 11:16:10 2026] GET /v2.0/subnets?name=public-subnet&network_id=4bd3d620-9bba-42ab-9b8a-8d8d4c09cdc8 => generated 14 bytes in 22 msecs (HTTP/1.1 200) 4 headers in 156 bytes (1 switches on core 0)
2026-08-22 11:16:10.787 8 WARNING neutron.scheduler.dhcp_agent_scheduler [None req-cbc8e1ae-6894-4880-b57f-606e6ffb8c57 62a6ac5e46cf44199f0dc4c7dfd9bcd5 ab2962e85fd643ada8ba381a3b7eabb2 - - default default] No more DHCP agents
2026-08-22 11:16:10.788 8 WARNING neutron.api.rpc.agentnotifiers.dhcp_rpc_agent_api [None req-cbc8e1ae-6894-4880-b57f-606e6ffb8c57 62a6ac5e46cf44199f0dc4c7dfd9bcd5 ab2962e85fd643ada8ba381a3b7eabb2 - - default default] Unable to schedule network 4bd3d620-9bba-42ab-9b8a-8d8d4c09cdc8: no agents available; will retry on subsequent port and subnet creation events.
2026-08-22 11:16:11.534 8 INFO neutron.db.ovn_revision_numbers_db [None req-378cbcdf-f0c3-4a4c-8507-2e220429b3e0 - - - - - -] Successfully bumped revision number for resource ac75b4f0-2e3f-4b7b-80ca-ba9c8138e874 (type: ports) to 2
2026-08-22 11:16:11.585 8 INFO neutron.db.ovn_revision_numbers_db [None req-378cbcdf-f0c3-4a4c-8507-2e220429b3e0 - - - - - -] Successfully bumped revision number for resource f6442973-47f7-426e-9181-ad85394160f2 (type: subnets) to 0 [pid: 8|app: 0|req: 7/11] 199.19.213.150 () {48 vars in 965 bytes} [Sat Aug 22 11:16:10 2026] POST /v2.0/subnets => generated 664 bytes in 1281 msecs (HTTP/1.1 201) 4 headers in 162 bytes (1 switches on core 0)
2026-08-22 11:21:10.456 8 INFO neutron.pecan_wsgi.hooks.translation [None req-cab6e46b-e901-4e29-98dc-8ce17a4e5035 62a6ac5e46cf44199f0dc4c7dfd9bcd5 ab2962e85fd643ada8ba381a3b7eabb2 - - default default] GET failed (client error): The resource could not be found. [pid: 8|app: 0|req: 26/49] 199.19.213.150 () {44 vars in 937 bytes} [Sat Aug 22 11:21:10 2026] GET /v2.0/networks/lb-mgmt-net => generated 113 bytes in 118 msecs (HTTP/1.1 404) 4 headers in 164 bytes (1 switches on core 0) [pid: 7|app: 0|req: 24/50] 199.19.213.150 () {44 vars in 959 bytes} [Sat Aug 22 11:21:10 2026] GET /v2.0/networks?name=lb-mgmt-net => generated 15 bytes in 14 msecs (HTTP/1.1 200) 4 headers in 156 bytes (1 switches on core 0)
2026-08-22 11:21:10.570 8 INFO neutron.db.segments_db [None req-0c071be3-404a-45f1-b848-bdf2c5c33507 62a6ac5e46cf44199f0dc4c7dfd9bcd5 ab2962e85fd643ada8ba381a3b7eabb2 - - default default] Added segment dd133d0c-ad6b-44c5-b351-23e029733301 of type geneve for network 3ba4d991-2c07-44ab-a356-ffa47694f4de
2026-08-22 11:21:10.737 8 INFO neutron.db.ovn_revision_numbers_db [None req-0c071be3-404a-45f1-b848-bdf2c5c33507 62a6ac5e46cf44199f0dc4c7dfd9bcd5 ab2962e85fd643ada8ba381a3b7eabb2 - - default default] Successfully bumped revision number for resource 3ba4d991-2c07-44ab-a356-ffa47694f4de (type: networks) to 1
2026-08-22 11:21:10.903 8 WARNING neutron.scheduler.dhcp_agent_scheduler [None req-0c071be3-404a-45f1-b848-bdf2c5c33507 62a6ac5e46cf44199f0dc4c7dfd9bcd5 ab2962e85fd643ada8ba381a3b7eabb2 - - default default] No more DHCP agents
2026-08-22 11:21:10.904 8 WARNING neutron.api.rpc.agentnotifiers.dhcp_rpc_agent_api [None req-0c071be3-404a-45f1-b848-bdf2c5c33507 62a6ac5e46cf44199f0dc4c7dfd9bcd5 ab2962e85fd643ada8ba381a3b7eabb2 - - default default] Unable to schedule network 3ba4d991-2c07-44ab-a356-ffa47694f4de: no agents available; will retry on subsequent port and subnet creation events.
2026-08-22 11:21:10.956 7 INFO neutron.plugins.ml2.drivers.ovn.mech_driver.mech_driver [-] OVN reports status down for port: 85912999-c09a-4473-a133-6096819a17aa
