2026-08-22 11:51:33.745 8 INFO neutron.db.ovn_revision_numbers_db [None req-fa640b17-6097-4f6b-9021-cc15d7886484 62a6ac5e46cf44199f0dc4c7dfd9bcd5 ab2962e85fd643ada8ba381a3b7eabb2 - - default default] Successfully bumped revision number for resource 0d58f878-b959-41e1-98cd-8f05df7e7147 (type: security_group_rules) to 0
2026-08-22 11:51:33.757 8 INFO neutron.db.ovn_revision_numbers_db [None req-fa640b17-6097-4f6b-9021-cc15d7886484 62a6ac5e46cf44199f0dc4c7dfd9bcd5 ab2962e85fd643ada8ba381a3b7eabb2 - - default default] Successfully bumped revision number for resource 54d51d46-7c2a-4de7-baa1-7ae9a3eceff2 (type: security_group_rules) to 0
2026-08-22 11:51:33.773 8 INFO neutron.db.ovn_revision_numbers_db [None req-fa640b17-6097-4f6b-9021-cc15d7886484 62a6ac5e46cf44199f0dc4c7dfd9bcd5 ab2962e85fd643ada8ba381a3b7eabb2 - - default default] Successfully bumped revision number for resource 6181240c-f43c-4ae5-af08-f709fc6efff7 (type: security_group_rules) to 0
2026-08-22 11:51:33.785 8 INFO neutron.db.ovn_revision_numbers_db [None req-fa640b17-6097-4f6b-9021-cc15d7886484 62a6ac5e46cf44199f0dc4c7dfd9bcd5 ab2962e85fd643ada8ba381a3b7eabb2 - - default default] Successfully bumped revision number for resource af07fad5-70d0-4006-844c-0e3563489d73 (type: security_group_rules) to 0 [pid: 8|app: 0|req: 558/1088] 10.0.0.212 () {32 vars in 774 bytes} [Sat Aug 22 11:51:33 2026] GET /v2.0/security-groups?tenant_id=8fab0f18c8b84ed1b3da9ac3a897812e&name=default => generated 2925 bytes in 219 msecs (HTTP/1.1 200) 4 headers in 158 bytes (1 switches on core 0) [pid: 8|app: 0|req: 559/1089] 10.0.0.239 () {34 vars in 990 bytes} [Sat Aug 22 11:51:33 2026] GET /v2.0/ports?device_id=56a03606-dd18-455b-83cc-0e4bd7776aa6 => generated 969 bytes in 30 msecs (HTTP/1.1 200) 4 headers in 157 bytes (1 switches on core 0)
2026-08-22 11:51:33.966 7 INFO neutron.db.ovn_revision_numbers_db [None req-19432c65-73bf-463f-855a-f9e8aff13a68 - - - - - -] Successfully bumped revision number for resource c9b16a4d-7d5f-4e41-9df4-61e4c511b35d (type: ports) to 2
2026-08-22 11:51:33.987 8 INFO neutron.db.ovn_revision_numbers_db [None req-670bd0fb-0a6b-41a9-876f-cd3a94dd0f66 62a6ac5e46cf44199f0dc4c7dfd9bcd5 ab2962e85fd643ada8ba381a3b7eabb2 - - default default] Successfully bumped revision number for resource 7aca6098-b1c7-4860-8bd9-f9a564b49264 (type: security_groups) to 1
2026-08-22 11:51:33.998 8 INFO neutron.db.ovn_revision_numbers_db [None req-670bd0fb-0a6b-41a9-876f-cd3a94dd0f66 62a6ac5e46cf44199f0dc4c7dfd9bcd5 ab2962e85fd643ada8ba381a3b7eabb2 - - default default] Successfully bumped revision number for resource 4bd80db0-b6e6-473c-87e4-7917630221a6 (type: security_group_rules) to 0
2026-08-22 11:51:34.007 7 INFO neutron.db.ovn_revision_numbers_db [None req-19432c65-73bf-463f-855a-f9e8aff13a68 - - - - - -] Successfully bumped revision number for resource 4aaa5e75-a1af-48bc-aa54-7e211e3f23e3 (type: subnets) to 0
2026-08-22 11:51:34.010 8 INFO neutron.db.ovn_revision_numbers_db [None req-670bd0fb-0a6b-41a9-876f-cd3a94dd0f66 62a6ac5e46cf44199f0dc4c7dfd9bcd5 ab2962e85fd643ada8ba381a3b7eabb2 - - default default] Successfully bumped revision number for resource 53407148-300e-4048-8c4c-d7a8c1104c06 (type: security_group_rules) to 0
2026-08-22 11:51:34.021 8 INFO neutron.db.ovn_revision_numbers_db [None req-670bd0fb-0a6b-41a9-876f-cd3a94dd0f66 62a6ac5e46cf44199f0dc4c7dfd9bcd5 ab2962e85fd643ada8ba381a3b7eabb2 - - default default] Successfully bumped revision number for resource 616de337-4a44-4953-bb71-62f040e20308 (type: security_group_rules) to 0 [pid: 7|app: 0|req: 531/1090] 10.0.0.212 () {34 vars in 669 bytes} [Sat Aug 22 11:51:33 2026] POST /v2.0/subnets => generated 691 bytes in 681 msecs (HTTP/1.1 201) 4 headers in 162 bytes (1 switches on core 0)
2026-08-22 11:51:34.033 8 INFO neutron.db.ovn_revision_numbers_db [None req-670bd0fb-0a6b-41a9-876f-cd3a94dd0f66 62a6ac5e46cf44199f0dc4c7dfd9bcd5 ab2962e85fd643ada8ba381a3b7eabb2 - - default default] Successfully bumped revision number for resource d4cc0362-5ea1-457d-8b16-0b146d8714a4 (type: security_group_rules) to 0 [pid: 8|app: 0|req: 560/1091] 10.0.0.212 () {32 vars in 774 bytes} [Sat Aug 22 11:51:33 2026] GET /v2.0/security-groups?tenant_id=18cfa7e66aa5467dbde68c02c6875250&name=default => generated 2925 bytes in 215 msecs (HTTP/1.1 200) 4 headers in 158 bytes (1 switches on core 0) [pid: 8|app: 0|req: 561/1092] 10.0.0.239 () {34 vars in 1040 bytes} [Sat Aug 22 11:51:34 2026] GET /v2.0/security-groups?id=c2171e84-fd0f-4085-a0b2-75b4c04dc326&fields=id&fields=name => generated 113 bytes in 31 msecs (HTTP/1.1 200) 4 headers in 157 bytes (1 switches on core 0) [pid: 7|app: 0|req: 532/1093] 10.0.0.212 () {32 vars in 740 bytes} [Sat Aug 22 11:51:34 2026] DELETE /v2.0/security-groups/cb00ef5d-c618-4cf4-ae63-c02eab300850 => generated 0 bytes in 229 msecs (HTTP/1.1 204) 2 headers in 112 bytes (1 switches on core 0) [pid: 7|app: 0|req: 533/1094] 10.0.0.212 () {32 vars in 740 bytes} [Sat Aug 22 11:51:34 2026] DELETE /v2.0/security-groups/7aca6098-b1c7-4860-8bd9-f9a564b49264 => generated 0 bytes in 232 msecs (HTTP/1.1 204) 2 headers in 112 bytes (1 switches on core 0)
2026-08-22 11:51:34.498 8 WARNING neutron.scheduler.dhcp_agent_scheduler [None req-b205f319-9b6e-4d82-b058-43bb16fe6e90 62a6ac5e46cf44199f0dc4c7dfd9bcd5 ab2962e85fd643ada8ba381a3b7eabb2 - - default default] No more DHCP agents
2026-08-22 11:51:34.499 8 WARNING neutron.api.rpc.agentnotifiers.dhcp_rpc_agent_api [None req-b205f319-9b6e-4d82-b058-43bb16fe6e90 62a6ac5e46cf44199f0dc4c7dfd9bcd5 ab2962e85fd643ada8ba381a3b7eabb2 - - default default] Unable to schedule network 4bd3d620-9bba-42ab-9b8a-8d8d4c09cdc8: no agents available; will retry on subsequent port and subnet creation events.
2026-08-22 11:51:34.638 8 INFO neutron.plugins.ml2.drivers.ovn.mech_driver.mech_driver [None req-cba06529-7f6e-4c22-9130-16a097da4582 - - - - - -] OVN reports status down for port: 0fe24f20-ca9c-48a9-ab67-c425652e470e
2026-08-22 11:51:34.654 7 INFO neutron.plugins.ml2.drivers.ovn.mech_driver.mech_driver [None req-f77507d2-686f-4d26-a456-88c3d1ab52ee - - - - - -] OVN reports status up for port: 40feb13b-b9e1-4e3b-98bf-4c71def82ec6
2026-08-22 11:51:34.668 7 INFO neutron.plugins.ml2.plugin [None req-f77507d2-686f-4d26-a456-88c3d1ab52ee - - - - - -] Attempt 1 to provision port 40feb13b-b9e1-4e3b-98bf-4c71def82ec6
2026-08-22 11:51:34.718 8 INFO neutron.db.ovn_revision_numbers_db [None req-b205f319-9b6e-4d82-b058-43bb16fe6e90 62a6ac5e46cf44199f0dc4c7dfd9bcd5 ab2962e85fd643ada8ba381a3b7eabb2 - - default default] Successfully bumped revision number for resource 0fe24f20-ca9c-48a9-ab67-c425652e470e (type: ports) to 1
2026-08-22 11:51:34.819 7 INFO neutron.notifiers.nova [-] Nova event matching ['req-1a25bf46-e348-45ca-a689-14ee5ff5b34b'] response: {'server_uuid': '56a03606-dd18-455b-83cc-0e4bd7776aa6', 'name': 'network-vif-plugged', 'status': 'completed', 'tag': '40feb13b-b9e1-4e3b-98bf-4c71def82ec6', 'code': 200}
2026-08-22 11:51:34.913 7 INFO neutron.db.ovn_revision_numbers_db [None req-f77507d2-686f-4d26-a456-88c3d1ab52ee - - - - - -] Successfully bumped revision number for resource 40feb13b-b9e1-4e3b-98bf-4c71def82ec6 (type: ports) to 5 /var/lib/openstack/lib/python3.12/site-packages/pycadf/identifier.py:70: UserWarning: Invalid uuid: neutron. To ensure interoperability, identifiers should be a valid uuid. warnings.warn(('Invalid uuid: %s. To ensure interoperability, ' [pid: 7|app: 0|req: 534/1095] 10.0.0.239 () {34 vars in 990 bytes} [Sat Aug 22 11:51:35 2026] GET /v2.0/ports?device_id=56a03606-dd18-455b-83cc-0e4bd7776aa6 => generated 971 bytes in 43 msecs (HTTP/1.1 200) 4 headers in 157 bytes (1 switches on core 0) [pid: 7|app: 0|req: 535/1096] 10.0.0.239 () {34 vars in 1040 bytes} [Sat Aug 22 11:51:35 2026] GET /v2.0/security-groups?id=c2171e84-fd0f-4085-a0b2-75b4c04dc326&fields=id&fields=name => generated 113 bytes in 58 msecs (HTTP/1.1 200) 4 headers in 157 bytes (1 switches on core 0)
2026-08-22 11:51:35.382 8 INFO neutron.plugins.ml2.drivers.ovn.mech_driver.ovsdb.commands [None req-9d7685c7-b3a2-462c-9e07-dc03bf55f942 - - - - - -] Schedule LRP lrp-0fe24f20-ca9c-48a9-ab67-c425652e470e on gateway 8e012415-25fc-4589-ab2c-86eff37c109b with priority 1
2026-08-22 11:51:35.413 7 INFO neutron.plugins.ml2.drivers.ovn.mech_driver.ovsdb.ovsdb_monitor [None req-d754ae09-f9d0-4f72-8908-0564aa31c5ad - - - - - -] Router 21f0507a-0281-48fa-9d12-dda3af934729 is bound to host instance
2026-08-22 11:51:35.431 8 INFO neutron.plugins.ml2.drivers.ovn.mech_driver.mech_driver [None req-cba06529-7f6e-4c22-9130-16a097da4582 - - - - - -] OVN reports status up for port: 0fe24f20-ca9c-48a9-ab67-c425652e470e
2026-08-22 11:51:35.464 8 INFO neutron.plugins.ml2.plugin [None req-cba06529-7f6e-4c22-9130-16a097da4582 - - - - - -] Attempt 1 to provision port 0fe24f20-ca9c-48a9-ab67-c425652e470e
2026-08-22 11:51:35.485 8 INFO neutron.db.ovn_revision_numbers_db [None req-b205f319-9b6e-4d82-b058-43bb16fe6e90 62a6ac5e46cf44199f0dc4c7dfd9bcd5 ab2962e85fd643ada8ba381a3b7eabb2 - - default default] Successfully bumped revision number for resource 0fe24f20-ca9c-48a9-ab67-c425652e470e (type: router_ports) to 1
2026-08-22 11:51:35.617 8 INFO neutron.db.ovn_revision_numbers_db [None req-b205f319-9b6e-4d82-b058-43bb16fe6e90 62a6ac5e46cf44199f0dc4c7dfd9bcd5 ab2962e85fd643ada8ba381a3b7eabb2 - - default default] Successfully bumped revision number for resource 21f0507a-0281-48fa-9d12-dda3af934729 (type: routers) to 2 [pid: 8|app: 0|req: 562/1097] 10.0.0.212 () {34 vars in 669 bytes} [Sat Aug 22 11:51:34 2026] POST /v2.0/routers => generated 969 bytes in 1535 msecs (HTTP/1.1 201) 4 headers in 162 bytes (1 switches on core 0)
2026-08-22 11:51:36.440 8 INFO neutron.db.ovn_revision_numbers_db [None req-81e627bd-87d5-4f40-862e-8a2e41448647 aad75933d0744ed3a2df4ad729123df1 3aaaf84bb34a42b7b562c3cd0b4ba4cd - - default default] Successfully bumped revision number for resource 6d69e0ae-ee32-4298-a41e-2d46418ea3b0 (type: security_groups) to 1
2026-08-22 11:51:36.455 8 INFO neutron.db.ovn_revision_numbers_db [None req-81e627bd-87d5-4f40-862e-8a2e41448647 aad75933d0744ed3a2df4ad729123df1 3aaaf84bb34a42b7b562c3cd0b4ba4cd - - default default] Successfully bumped revision number for resource 0ebdadb7-a3a3-4533-83f9-31c676b08fcf (type: security_group_rules) to 0
2026-08-22 11:51:36.467 8 INFO neutron.db.ovn_revision_numbers_db [None req-81e627bd-87d5-4f40-862e-8a2e41448647 aad75933d0744ed3a2df4ad729123df1 3aaaf84bb34a42b7b562c3cd0b4ba4cd - - default default] Successfully bumped revision number for resource 1fe2ed35-bae7-4d2c-8c9a-4b8bff57ba60 (type: security_group_rules) to 0
2026-08-22 11:51:36.481 8 INFO neutron.db.ovn_revision_numbers_db [None req-81e627bd-87d5-4f40-862e-8a2e41448647 aad75933d0744ed3a2df4ad729123df1 3aaaf84bb34a42b7b562c3cd0b4ba4cd - - default default] Successfully bumped revision number for resource 38c4511f-77f6-47ca-80db-35aec59414d1 (type: security_group_rules) to 0
2026-08-22 11:51:36.494 8 INFO neutron.db.ovn_revision_numbers_db [None req-81e627bd-87d5-4f40-862e-8a2e41448647 aad75933d0744ed3a2df4ad729123df1 3aaaf84bb34a42b7b562c3cd0b4ba4cd - - default default] Successfully bumped revision number for resource 913af9c6-f728-456d-a5a0-3e49c76c5e64 (type: security_group_rules) to 0
2026-08-22 11:51:36.609 8 INFO neutron.db.segments_db [None req-81e627bd-87d5-4f40-862e-8a2e41448647 aad75933d0744ed3a2df4ad729123df1 3aaaf84bb34a42b7b562c3cd0b4ba4cd - - default default] Added segment 405d7ad5-3ee4-4898-ad7f-e0182f908706 of type geneve for network ab8c7fdb-f693-4e33-8101-c6e909460fd1
2026-08-22 11:51:36.748 8 INFO neutron.db.ovn_revision_numbers_db [None req-81e627bd-87d5-4f40-862e-8a2e41448647 aad75933d0744ed3a2df4ad729123df1 3aaaf84bb34a42b7b562c3cd0b4ba4cd - - default default] Successfully bumped revision number for resource ab8c7fdb-f693-4e33-8101-c6e909460fd1 (type: networks) to 1
2026-08-22 11:51:36.879 7 INFO neutron.notifiers.nova [-] Nova event matching ['req-eaab2964-085e-488d-a4c2-9c4c37a372f5'] response: {'server_uuid': '56a03606-dd18-455b-83cc-0e4bd7776aa6', 'name': 'network-vif-plugged', 'status': 'completed', 'tag': '40feb13b-b9e1-4e3b-98bf-4c71def82ec6', 'code': 200}
2026-08-22 11:51:36.898 7 WARNING neutron.scheduler.dhcp_agent_scheduler [None req-c242bb57-6407-4ab1-841a-6dec0735c46c 62a6ac5e46cf44199f0dc4c7dfd9bcd5 ab2962e85fd643ada8ba381a3b7eabb2 - - default default] No more DHCP agents
2026-08-22 11:51:36.906 7 WARNING neutron.api.rpc.agentnotifiers.dhcp_rpc_agent_api [None req-c242bb57-6407-4ab1-841a-6dec0735c46c 62a6ac5e46cf44199f0dc4c7dfd9bcd5 ab2962e85fd643ada8ba381a3b7eabb2 - - default default] Unable to schedule network 0a77d0bb-79a7-4c6f-bcb4-a3791a10ff7d: no agents available; will retry on subsequent port and subnet creation events.
2026-08-22 11:51:36.978 8 WARNING neutron.scheduler.dhcp_agent_scheduler [None req-81e627bd-87d5-4f40-862e-8a2e41448647 aad75933d0744ed3a2df4ad729123df1 3aaaf84bb34a42b7b562c3cd0b4ba4cd - - default default] No more DHCP agents
2026-08-22 11:51:36.979 8 WARNING neutron.api.rpc.agentnotifiers.dhcp_rpc_agent_api [None req-81e627bd-87d5-4f40-862e-8a2e41448647 aad75933d0744ed3a2df4ad729123df1 3aaaf84bb34a42b7b562c3cd0b4ba4cd - - default default] Unable to schedule network ab8c7fdb-f693-4e33-8101-c6e909460fd1: no agents available; will retry on subsequent port and subnet creation events.
2026-08-22 11:51:37.114 8 INFO neutron.db.ovn_revision_numbers_db [None req-81e627bd-87d5-4f40-862e-8a2e41448647 aad75933d0744ed3a2df4ad729123df1 3aaaf84bb34a42b7b562c3cd0b4ba4cd - - default default] Successfully bumped revision number for resource 1724d028-e902-4cc0-850a-46584b819176 (type: ports) to 1 [pid: 8|app: 0|req: 563/1098] 10.0.0.212 () {34 vars in 670 bytes} [Sat Aug 22 11:51:36 2026] POST /v2.0/networks => generated 687 bytes in 1065 msecs (HTTP/1.1 201) 4 headers in 162 bytes (1 switches on core 0)
2026-08-22 11:51:37.176 7 INFO neutron.db.ovn_revision_numbers_db [None req-c242bb57-6407-4ab1-841a-6dec0735c46c 62a6ac5e46cf44199f0dc4c7dfd9bcd5 ab2962e85fd643ada8ba381a3b7eabb2 - - default default] Successfully bumped revision number for resource 37764583-e550-4038-8ee0-ce70f80a5b14 (type: ports) to 1
2026-08-22 11:51:37.243 7 INFO neutron.db.ovn_revision_numbers_db [None req-af1cc946-36ca-4e2d-b9f4-87909fea892e - - - - - -] Successfully bumped revision number for resource 0fe24f20-ca9c-48a9-ab67-c425652e470e (type: ports) to 4 [pid: 8|app: 0|req: 566/1101] 10.0.0.239 () {34 vars in 990 bytes} [Sat Aug 22 11:51:37 2026] GET /v2.0/ports?device_id=56a03606-dd18-455b-83cc-0e4bd7776aa6 => generated 971 bytes in 95 msecs (HTTP/1.1 200) 4 headers in 157 bytes (1 switches on core 0)
2026-08-22 11:51:37.493 8 WARNING neutron.scheduler.dhcp_agent_scheduler [None req-6e74b481-8c5e-43d8-b9c0-b81ba1c71124 aad75933d0744ed3a2df4ad729123df1 3aaaf84bb34a42b7b562c3cd0b4ba4cd - - default default] No more DHCP agents
2026-08-22 11:51:37.495 8 WARNING neutron.api.rpc.agentnotifiers.dhcp_rpc_agent_api [None req-6e74b481-8c5e-43d8-b9c0-b81ba1c71124 aad75933d0744ed3a2df4ad729123df1 3aaaf84bb34a42b7b562c3cd0b4ba4cd - - default default] Unable to schedule network ab8c7fdb-f693-4e33-8101-c6e909460fd1: no agents available; will retry on subsequent port and subnet creation events.
2026-08-22 11:51:37.516 8 INFO neutron.db.ovn_revision_numbers_db [None req-6e74b481-8c5e-43d8-b9c0-b81ba1c71124 aad75933d0744ed3a2df4ad729123df1 3aaaf84bb34a42b7b562c3cd0b4ba4cd - - default default] Successfully bumped revision number for resource 9a48ef44-7a2a-4ac8-a345-3f97fec742a2 (type: subnets) to 0 [pid: 8|app: 0|req: 567/1102] 10.0.0.212 () {34 vars in 669 bytes} [Sat Aug 22 11:51:37 2026] POST /v2.0/subnets => generated 627 bytes in 268 msecs (HTTP/1.1 201) 4 headers in 162 bytes (1 switches on core 0) [pid: 8|app: 0|req: 568/1103] 10.0.0.239 () {34 vars in 1040 bytes} [Sat Aug 22 11:51:37 2026] GET /v2.0/security-groups?id=c2171e84-fd0f-4085-a0b2-75b4c04dc326&fields=id&fields=name => generated 113 bytes in 40 msecs (HTTP/1.1 200) 4 headers in 157 bytes (1 switches on core 0)
2026-08-22 11:51:37.853 7 INFO neutron.db.ovn_revision_numbers_db [None req-af1cc946-36ca-4e2d-b9f4-87909fea892e - - - - - -] Successfully bumped revision number for resource 0fe24f20-ca9c-48a9-ab67-c425652e470e (type: ports) to 5
2026-08-22 11:51:38.154 8 WARNING neutron.scheduler.dhcp_agent_scheduler [None req-2bcea0d3-8044-4b28-923b-9ac32c05d552 aad75933d0744ed3a2df4ad729123df1 3aaaf84bb34a42b7b562c3cd0b4ba4cd - - default default] No more DHCP agents
2026-08-22 11:51:38.157 8 WARNING neutron.api.rpc.agentnotifiers.dhcp_rpc_agent_api [None req-2bcea0d3-8044-4b28-923b-9ac32c05d552 aad75933d0744ed3a2df4ad729123df1 3aaaf84bb34a42b7b562c3cd0b4ba4cd - - default default] Unable to schedule network 4bd3d620-9bba-42ab-9b8a-8d8d4c09cdc8: no agents available; will retry on subsequent port and subnet creation events.
2026-08-22 11:51:38.255 7 WARNING neutron.scheduler.dhcp_agent_scheduler [None req-c242bb57-6407-4ab1-841a-6dec0735c46c 62a6ac5e46cf44199f0dc4c7dfd9bcd5 ab2962e85fd643ada8ba381a3b7eabb2 - - default default] No more DHCP agents
2026-08-22 11:51:38.257 7 WARNING neutron.api.rpc.agentnotifiers.dhcp_rpc_agent_api [None req-c242bb57-6407-4ab1-841a-6dec0735c46c 62a6ac5e46cf44199f0dc4c7dfd9bcd5 ab2962e85fd643ada8ba381a3b7eabb2 - - default default] Unable to schedule network 0a77d0bb-79a7-4c6f-bcb4-a3791a10ff7d: no agents available; will retry on subsequent port and subnet creation events.
2026-08-22 11:51:38.318 8 INFO neutron.plugins.ml2.drivers.ovn.mech_driver.mech_driver [None req-cba06529-7f6e-4c22-9130-16a097da4582 - - - - - -] OVN reports status down for port: 1724d028-e902-4cc0-850a-46584b819176
2026-08-22 11:51:38.367 8 INFO neutron.db.ovn_revision_numbers_db [None req-2bcea0d3-8044-4b28-923b-9ac32c05d552 aad75933d0744ed3a2df4ad729123df1 3aaaf84bb34a42b7b562c3cd0b4ba4cd - - default default] Successfully bumped revision number for resource 9683c0bd-0c5c-4fb3-bd9e-e650ecc2c1e2 (type: ports) to 1
2026-08-22 11:51:38.444 8 INFO neutron.plugins.ml2.drivers.ovn.mech_driver.mech_driver [None req-cba06529-7f6e-4c22-9130-16a097da4582 - - - - - -] OVN reports status down for port: 37764583-e550-4038-8ee0-ce70f80a5b14
2026-08-22 11:51:38.558 8 INFO neutron.plugins.ml2.drivers.ovn.mech_driver.mech_driver [None req-cba06529-7f6e-4c22-9130-16a097da4582 - - - - - -] OVN reports status up for port: 37764583-e550-4038-8ee0-ce70f80a5b14
2026-08-22 11:51:38.579 8 INFO neutron.plugins.ml2.plugin [None req-cba06529-7f6e-4c22-9130-16a097da4582 - - - - - -] Attempt 1 to provision port 37764583-e550-4038-8ee0-ce70f80a5b14
2026-08-22 11:51:38.775 7 INFO neutron.db.ovn_revision_numbers_db [None req-c242bb57-6407-4ab1-841a-6dec0735c46c 62a6ac5e46cf44199f0dc4c7dfd9bcd5 ab2962e85fd643ada8ba381a3b7eabb2 - - default default] Successfully bumped revision number for resource 37764583-e550-4038-8ee0-ce70f80a5b14 (type: router_ports) to 1 [pid: 7|app: 0|req: 536/1104] 10.0.0.212 () {34 vars in 783 bytes} [Sat Aug 22 11:51:35 2026] PUT /v2.0/routers/21f0507a-0281-48fa-9d12-dda3af934729/add_router_interface => generated 309 bytes in 3136 msecs (HTTP/1.1 200) 4 headers in 157 bytes (1 switches on core 0) [pid: 7|app: 0|req: 537/1105] 10.0.0.239 () {34 vars in 990 bytes} [Sat Aug 22 11:51:38 2026] GET /v2.0/ports?device_id=56a03606-dd18-455b-83cc-0e4bd7776aa6 => generated 971 bytes in 86 msecs (HTTP/1.1 200) 4 headers in 157 bytes (1 switches on core 0)
2026-08-22 11:51:39.186 7 INFO neutron.db.ovn_revision_numbers_db [None req-58af1480-6a82-4521-8421-caed0183e332 62a6ac5e46cf44199f0dc4c7dfd9bcd5 ab2962e85fd643ada8ba381a3b7eabb2 - - default default] Successfully bumped revision number for resource b715fed1-a14c-40a7-9a0e-a5ce2eb0f7de (type: security_groups) to 1
2026-08-22 11:51:39.197 7 INFO neutron.db.ovn_revision_numbers_db [None req-58af1480-6a82-4521-8421-caed0183e332 62a6ac5e46cf44199f0dc4c7dfd9bcd5 ab2962e85fd643ada8ba381a3b7eabb2 - - default default] Successfully bumped revision number for resource 641cbaa4-79c5-4112-b632-22f3343db3d4 (type: security_group_rules) to 0
2026-08-22 11:51:39.209 7 INFO neutron.db.ovn_revision_numbers_db [None req-58af1480-6a82-4521-8421-caed0183e332 62a6ac5e46cf44199f0dc4c7dfd9bcd5 ab2962e85fd643ada8ba381a3b7eabb2 - - default default] Successfully bumped revision number for resource a9e703b7-b173-4ef4-878e-c5daf6a72406 (type: security_group_rules) to 0
2026-08-22 11:51:39.221 7 INFO neutron.db.ovn_revision_numbers_db [None req-58af1480-6a82-4521-8421-caed0183e332 62a6ac5e46cf44199f0dc4c7dfd9bcd5 ab2962e85fd643ada8ba381a3b7eabb2 - - default default] Successfully bumped revision number for resource b6230873-e353-4891-b53d-3c754f303266 (type: security_group_rules) to 0
2026-08-22 11:51:39.232 7 INFO neutron.db.ovn_revision_numbers_db [None req-58af1480-6a82-4521-8421-caed0183e332 62a6ac5e46cf44199f0dc4c7dfd9bcd5 ab2962e85fd643ada8ba381a3b7eabb2 - - default default] Successfully bumped revision number for resource c139c306-18dc-4683-8f5a-997b1057ea1c (type: security_group_rules) to 0 [pid: 7|app: 0|req: 538/1106] 10.0.0.212 () {32 vars in 774 bytes} [Sat Aug 22 11:51:38 2026] GET /v2.0/security-groups?tenant_id=48a15b7081ab421285ff77b4fbfd2dc3&name=default => generated 2925 bytes in 399 msecs (HTTP/1.1 200) 4 headers in 158 bytes (1 switches on core 0)
2026-08-22 11:51:39.818 7 INFO neutron.db.ovn_revision_numbers_db [None req-14fe1292-c99e-4731-8605-e9012e84d435 6f047a56f6ed4f53aaeb8d1de6b23dc9 474907c9e6af408a9dbc3700db62e0cb - - default default] Successfully bumped revision number for resource f626ff60-6aa0-48eb-af64-75cfbe642d93 (type: floatingips) to 1
2026-08-22 11:51:39.855 8 INFO neutron.db.ovn_revision_numbers_db [None req-cba06529-7f6e-4c22-9130-16a097da4582 - - - - - -] Successfully bumped revision number for resource 37764583-e550-4038-8ee0-ce70f80a5b14 (type: ports) to 2
2026-08-22 11:51:39.932 7 INFO neutron.db.ovn_revision_numbers_db [None req-14fe1292-c99e-4731-8605-e9012e84d435 6f047a56f6ed4f53aaeb8d1de6b23dc9 474907c9e6af408a9dbc3700db62e0cb - - default default] Successfully bumped revision number for resource f626ff60-6aa0-48eb-af64-75cfbe642d93 (type: floatingips) to 2
2026-08-22 11:51:39.932 7 INFO neutron.db.l3_db [None req-14fe1292-c99e-4731-8605-e9012e84d435 6f047a56f6ed4f53aaeb8d1de6b23dc9 474907c9e6af408a9dbc3700db62e0cb - - default default] Floating IP f626ff60-6aa0-48eb-af64-75cfbe642d93 associated. External IP: 10.96.250.206, port: 40feb13b-b9e1-4e3b-98bf-4c71def82ec6. [pid: 7|app: 0|req: 539/1107] 10.0.0.212 () {34 vars in 749 bytes} [Sat Aug 22 11:51:39 2026] PUT /v2.0/floatingips/f626ff60-6aa0-48eb-af64-75cfbe642d93 => generated 855 bytes in 690 msecs (HTTP/1.1 200) 4 headers in 157 bytes (1 switches on core 0) /var/lib/openstack/lib/python3.12/site-packages/pycadf/identifier.py:70: UserWarning: Invalid uuid: neutron. To ensure interoperability, identifiers should be a valid uuid. warnings.warn(('Invalid uuid: %s. To ensure interoperability, '
2026-08-22 11:51:39.990 7 INFO neutron.notifiers.nova [-] Nova event matching ['req-e3376d8a-9038-475d-8032-6beb580d61ec'] response: {'name': 'network-changed', 'server_uuid': '56a03606-dd18-455b-83cc-0e4bd7776aa6', 'tag': '40feb13b-b9e1-4e3b-98bf-4c71def82ec6', 'status': 'completed', 'code': 200}
2026-08-22 11:51:40.000 8 INFO neutron.plugins.ml2.drivers.ovn.mech_driver.mech_driver [None req-dc2b03b9-9115-4c06-8652-6d6735eff7ac - - - - - -] OVN reports status down for port: 9683c0bd-0c5c-4fb3-bd9e-e650ecc2c1e2
2026-08-22 11:51:40.131 8 INFO neutron.plugins.ml2.drivers.ovn.mech_driver.ovsdb.commands [None req-9d7685c7-b3a2-462c-9e07-dc03bf55f942 - - - - - -] Schedule LRP lrp-9683c0bd-0c5c-4fb3-bd9e-e650ecc2c1e2 on gateway 8e012415-25fc-4589-ab2c-86eff37c109b with priority 1 [pid: 7|app: 0|req: 540/1108] 10.0.0.212 () {32 vars in 740 bytes} [Sat Aug 22 11:51:39 2026] DELETE /v2.0/security-groups/b715fed1-a14c-40a7-9a0e-a5ce2eb0f7de => generated 0 bytes in 235 msecs (HTTP/1.1 204) 2 headers in 112 bytes (1 switches on core 0)
2026-08-22 11:51:40.270 8 INFO neutron.db.ovn_revision_numbers_db [None req-2bcea0d3-8044-4b28-923b-9ac32c05d552 aad75933d0744ed3a2df4ad729123df1 3aaaf84bb34a42b7b562c3cd0b4ba4cd - - default default] Successfully bumped revision number for resource 9683c0bd-0c5c-4fb3-bd9e-e650ecc2c1e2 (type: router_ports) to 1
2026-08-22 11:51:40.308 8 INFO neutron.db.ovn_revision_numbers_db [None req-dc2b03b9-9115-4c06-8652-6d6735eff7ac - - - - - -] Successfully bumped revision number for resource 37764583-e550-4038-8ee0-ce70f80a5b14 (type: router_ports) to 2
2026-08-22 11:51:40.334 7 INFO neutron.db.ovn_revision_numbers_db [None req-ba9253cf-4870-44d9-b036-77588b39f500 7e6825cf50f74556be56103939cb5e38 a5e9c6bc5f9f4cdf9e498b0a5537cc86 - - default default] Successfully bumped revision number for resource a0308a09-0551-46ec-bd41-8eef249c5ecc (type: security_groups) to 1
2026-08-22 11:51:40.345 7 INFO neutron.db.ovn_revision_numbers_db [None req-ba9253cf-4870-44d9-b036-77588b39f500 7e6825cf50f74556be56103939cb5e38 a5e9c6bc5f9f4cdf9e498b0a5537cc86 - - default default] Successfully bumped revision number for resource d9fa817c-4d05-449b-a37a-869fb4695fa5 (type: security_group_rules) to 0
2026-08-22 11:51:40.357 7 INFO neutron.db.ovn_revision_numbers_db [None req-ba9253cf-4870-44d9-b036-77588b39f500 7e6825cf50f74556be56103939cb5e38 a5e9c6bc5f9f4cdf9e498b0a5537cc86 - - default default] Successfully bumped revision number for resource fea4dfac-ccda-4f52-8a81-03ce721514e4 (type: security_group_rules) to 0
2026-08-22 11:51:40.369 8 INFO neutron.db.ovn_revision_numbers_db [None req-2bcea0d3-8044-4b28-923b-9ac32c05d552 aad75933d0744ed3a2df4ad729123df1 3aaaf84bb34a42b7b562c3cd0b4ba4cd - - default default] Successfully bumped revision number for resource 206de286-ce34-4019-9068-db1069f4467a (type: routers) to 2
2026-08-22 11:51:40.381 8 INFO neutron.plugins.ml2.drivers.ovn.mech_driver.mech_driver [None req-dc2b03b9-9115-4c06-8652-6d6735eff7ac - - - - - -] OVN reports status up for port: 9683c0bd-0c5c-4fb3-bd9e-e650ecc2c1e2 [pid: 7|app: 0|req: 541/1109] 10.0.0.212 () {34 vars in 685 bytes} [Sat Aug 22 11:51:40 2026] POST /v2.0/security-groups => generated 1660 bytes in 194 msecs (HTTP/1.1 201) 4 headers in 163 bytes (1 switches on core 0) [pid: 8|app: 0|req: 569/1110] 10.0.0.212 () {34 vars in 669 bytes} [Sat Aug 22 11:51:37 2026] POST /v2.0/routers => generated 954 bytes in 2821 msecs (HTTP/1.1 201) 4 headers in 162 bytes (1 switches on core 0)
2026-08-22 11:51:40.399 8 INFO neutron.plugins.ml2.plugin [None req-dc2b03b9-9115-4c06-8652-6d6735eff7ac - - - - - -] Attempt 1 to provision port 9683c0bd-0c5c-4fb3-bd9e-e650ecc2c1e2 [pid: 7|app: 0|req: 542/1111] 10.0.0.239 () {34 vars in 990 bytes} [Sat Aug 22 11:51:40 2026] GET /v2.0/ports?device_id=56a03606-dd18-455b-83cc-0e4bd7776aa6 => generated 971 bytes in 33 msecs (HTTP/1.1 200) 4 headers in 157 bytes (1 switches on core 0)
2026-08-22 11:51:40.562 7 INFO neutron.db.ovn_revision_numbers_db [None req-ee72ca26-4e86-4a4e-b70a-6e91babf10ed 7e6825cf50f74556be56103939cb5e38 a5e9c6bc5f9f4cdf9e498b0a5537cc86 - - default default] Successfully bumped revision number for resource d5584d3d-7e1b-4027-9024-2c9b2de428ce (type: security_group_rules) to 0
2026-08-22 11:51:40.589 8 INFO neutron.db.ovn_revision_numbers_db [None req-2831032a-e4de-40cf-b6f7-d027b494a5c5 62a6ac5e46cf44199f0dc4c7dfd9bcd5 ab2962e85fd643ada8ba381a3b7eabb2 - - default default] Successfully bumped revision number for resource 2fd31ab3-ef18-4670-8867-d582d77c5ebe (type: security_groups) to 1 [pid: 7|app: 0|req: 543/1112] 10.0.0.212 () {34 vars in 695 bytes} [Sat Aug 22 11:51:40 2026] POST /v2.0/security-group-rules => generated 597 bytes in 183 msecs (HTTP/1.1 201) 4 headers in 162 bytes (1 switches on core 0)
2026-08-22 11:51:40.614 8 INFO neutron.db.ovn_revision_numbers_db [None req-2831032a-e4de-40cf-b6f7-d027b494a5c5 62a6ac5e46cf44199f0dc4c7dfd9bcd5 ab2962e85fd643ada8ba381a3b7eabb2 - - default default] Successfully bumped revision number for resource 3b25ea37-bd93-4b7e-98ee-05762061d197 (type: security_group_rules) to 0
2026-08-22 11:51:40.633 8 INFO neutron.db.ovn_revision_numbers_db [None req-2831032a-e4de-40cf-b6f7-d027b494a5c5 62a6ac5e46cf44199f0dc4c7dfd9bcd5 ab2962e85fd643ada8ba381a3b7eabb2 - - default default] Successfully bumped revision number for resource 5b8075f8-541b-44d2-ba1b-ee44a91b6232 (type: security_group_rules) to 0
2026-08-22 11:51:40.650 8 INFO neutron.db.ovn_revision_numbers_db [None req-2831032a-e4de-40cf-b6f7-d027b494a5c5 62a6ac5e46cf44199f0dc4c7dfd9bcd5 ab2962e85fd643ada8ba381a3b7eabb2 - - default default] Successfully bumped revision number for resource b62e5d73-a128-485c-b4cb-71ce6927730b (type: security_group_rules) to 0
2026-08-22 11:51:40.662 8 INFO neutron.db.ovn_revision_numbers_db [None req-2831032a-e4de-40cf-b6f7-d027b494a5c5 62a6ac5e46cf44199f0dc4c7dfd9bcd5 ab2962e85fd643ada8ba381a3b7eabb2 - - default default] Successfully bumped revision number for resource f41fad38-2794-481e-be1a-06ff8437ee07 (type: security_group_rules) to 0 [pid: 8|app: 0|req: 570/1113] 10.0.0.212 () {32 vars in 774 bytes} [Sat Aug 22 11:51:40 2026] GET /v2.0/security-groups?tenant_id=5a89fcc5cd954c29b70e8382116f1367&name=default => generated 2925 bytes in 303 msecs (HTTP/1.1 200) 4 headers in 158 bytes (1 switches on core 0) [pid: 8|app: 0|req: 571/1114] 10.0.0.239 () {34 vars in 1040 bytes} [Sat Aug 22 11:51:40 2026] GET /v2.0/security-groups?id=c2171e84-fd0f-4085-a0b2-75b4c04dc326&fields=id&fields=name => generated 113 bytes in 29 msecs (HTTP/1.1 200) 4 headers in 157 bytes (1 switches on core 0) [pid: 8|app: 0|req: 572/1115] 199.19.213.150 () {34 vars in 1080 bytes} [Sat Aug 22 11:51:40 2026] GET /v2.0/ports?tenant_id=474907c9e6af408a9dbc3700db62e0cb&device_id=56a03606-dd18-455b-83cc-0e4bd7776aa6 => generated 1209 bytes in 37 msecs (HTTP/1.1 200) 4 headers in 158 bytes (1 switches on core 0)
2026-08-22 11:51:40.905 8 INFO neutron.db.ovn_revision_numbers_db [None req-93dc9bf6-9152-40d7-aeb0-64f88990b4ee 7e6825cf50f74556be56103939cb5e38 a5e9c6bc5f9f4cdf9e498b0a5537cc86 - - default default] Successfully bumped revision number for resource 2b5699c0-86ef-4b88-908e-85984ed5f5ff (type: security_group_rules) to 0 [pid: 8|app: 0|req: 573/1116] 10.0.0.212 () {34 vars in 695 bytes} [Sat Aug 22 11:51:40 2026] POST /v2.0/security-group-rules => generated 602 bytes in 176 msecs (HTTP/1.1 201) 4 headers in 162 bytes (1 switches on core 0) [pid: 8|app: 0|req: 574/1117] 10.0.0.212 () {32 vars in 740 bytes} [Sat Aug 22 11:51:40 2026] DELETE /v2.0/security-groups/2fd31ab3-ef18-4670-8867-d582d77c5ebe => generated 0 bytes in 214 msecs (HTTP/1.1 204) 2 headers in 112 bytes (1 switches on core 0) [pid: 8|app: 0|req: 575/1118] 199.19.213.150 () {34 vars in 986 bytes} [Sat Aug 22 11:51:41 2026] GET /v2.0/networks?id=4fc6caf5-7650-4348-9fbb-ae2fe27b43d9 => generated 807 bytes in 40 msecs (HTTP/1.1 200) 4 headers in 157 bytes (1 switches on core 0) [pid: 8|app: 0|req: 576/1119] 10.0.0.239 () {34 vars in 990 bytes} [Sat Aug 22 11:51:41 2026] GET /v2.0/ports?device_id=56a03606-dd18-455b-83cc-0e4bd7776aa6 => generated 971 bytes in 33 msecs (HTTP/1.1 200) 4 headers in 157 bytes (1 switches on core 0)
2026-08-22 11:51:41.250 7 WARNING neutron.scheduler.dhcp_agent_scheduler [None req-388dcb9a-8190-44da-8548-0fd9dd3f7382 aad75933d0744ed3a2df4ad729123df1 3aaaf84bb34a42b7b562c3cd0b4ba4cd - - default default] No more DHCP agents
2026-08-22 11:51:41.251 7 WARNING neutron.api.rpc.agentnotifiers.dhcp_rpc_agent_api [None req-388dcb9a-8190-44da-8548-0fd9dd3f7382 aad75933d0744ed3a2df4ad729123df1 3aaaf84bb34a42b7b562c3cd0b4ba4cd - - default default] Unable to schedule network ab8c7fdb-f693-4e33-8101-c6e909460fd1: no agents available; will retry on subsequent port and subnet creation events.
2026-08-22 11:51:41.353 7 INFO neutron.plugins.ml2.drivers.ovn.mech_driver.mech_driver [None req-870053ec-6c4b-4c0b-b77b-13611e5fa039 - - - - - -] OVN reports status down for port: daf656dc-0e49-4b6e-8443-85d5f615306a
2026-08-22 11:51:41.424 7 INFO neutron.db.ovn_revision_numbers_db [None req-388dcb9a-8190-44da-8548-0fd9dd3f7382 aad75933d0744ed3a2df4ad729123df1 3aaaf84bb34a42b7b562c3cd0b4ba4cd - - default default] Successfully bumped revision number for resource daf656dc-0e49-4b6e-8443-85d5f615306a (type: ports) to 1
2026-08-22 11:51:41.475 8 WARNING neutron.scheduler.dhcp_agent_scheduler [None req-662e2c02-895d-4fbb-82e6-3a4b179d4b95 7e6825cf50f74556be56103939cb5e38 a5e9c6bc5f9f4cdf9e498b0a5537cc86 - - default default] No more DHCP agents
2026-08-22 11:51:41.477 8 WARNING neutron.api.rpc.agentnotifiers.dhcp_rpc_agent_api [None req-662e2c02-895d-4fbb-82e6-3a4b179d4b95 7e6825cf50f74556be56103939cb5e38 a5e9c6bc5f9f4cdf9e498b0a5537cc86 - - default default] Unable to schedule network 4bd3d620-9bba-42ab-9b8a-8d8d4c09cdc8: no agents available; will retry on subsequent port and subnet creation events. [pid: 8|app: 0|req: 577/1120] 10.0.0.212 () {34 vars in 676 bytes} [Sat Aug 22 11:51:41 2026] POST /v2.0/floatingips => generated 552 bytes in 606 msecs (HTTP/1.1 201) 4 headers in 162 bytes (1 switches on core 0) [pid: 8|app: 0|req: 578/1121] 199.19.213.150 () {34 vars in 1058 bytes} [Sat Aug 22 11:51:41 2026] GET /v2.0/floatingips?fixed_ip_address=10.100.0.8&port_id=40feb13b-b9e1-4e3b-98bf-4c71def82ec6 => generated 860 bytes in 38 msecs (HTTP/1.1 200) 4 headers in 157 bytes (1 switches on core 0) [pid: 8|app: 0|req: 579/1122] 10.0.0.239 () {34 vars in 1040 bytes} [Sat Aug 22 11:51:41 2026] GET /v2.0/security-groups?id=c2171e84-fd0f-4085-a0b2-75b4c04dc326&fields=id&fields=name => generated 113 bytes in 25 msecs (HTTP/1.1 200) 4 headers in 157 bytes (1 switches on core 0) [pid: 8|app: 0|req: 580/1123] 199.19.213.150 () {34 vars in 984 bytes} [Sat Aug 22 11:51:41 2026] GET /v2.0/subnets?id=d48d103e-3549-40bd-8438-26ac9461a66c => generated 688 bytes in 26 msecs (HTTP/1.1 200) 4 headers in 157 bytes (1 switches on core 0) [pid: 8|app: 0|req: 581/1124] 199.19.213.150 () {34 vars in 1052 bytes} [Sat Aug 22 11:51:41 2026] GET /v2.0/ports?network_id=4fc6caf5-7650-4348-9fbb-ae2fe27b43d9&device_owner=network%3Adhcp => generated 12 bytes in 15 msecs (HTTP/1.1 200) 4 headers in 156 bytes (1 switches on core 0) [pid: 8|app: 0|req: 582/1125] 199.19.213.150 () {34 vars in 1012 bytes} [Sat Aug 22 11:51:41 2026] GET /v2.0/networks/4fc6caf5-7650-4348-9fbb-ae2fe27b43d9?fields=segments => generated 14 bytes in 30 msecs (HTTP/1.1 200) 4 headers in 156 bytes (1 switches on core 0)
2026-08-22 11:51:42.021 7 INFO neutron.plugins.ml2.drivers.ovn.mech_driver.mech_driver [None req-870053ec-6c4b-4c0b-b77b-13611e5fa039 - - - - - -] OVN reports status down for port: 40feb13b-b9e1-4e3b-98bf-4c71def82ec6 [pid: 8|app: 0|req: 583/1126] 199.19.213.150 () {34 vars in 1112 bytes} [Sat Aug 22 11:51:41 2026] GET /v2.0/networks/4fc6caf5-7650-4348-9fbb-ae2fe27b43d9?fields=provider%3Aphysical_network&fields=provider%3Anetwork_type => generated 79 bytes in 50 msecs (HTTP/1.1 200) 4 headers in 156 bytes (1 switches on core 0)
2026-08-22 11:51:42.241 7 INFO neutron.notifiers.nova [-] Nova event matching ['req-71cb3670-2483-465b-aec2-f74b783a281f'] response: {'server_uuid': '56a03606-dd18-455b-83cc-0e4bd7776aa6', 'name': 'network-vif-unplugged', 'status': 'completed', 'tag': '40feb13b-b9e1-4e3b-98bf-4c71def82ec6', 'code': 200} [pid: 8|app: 0|req: 584/1127] 10.0.0.239 () {34 vars in 1100 bytes} [Sat Aug 22 11:51:42 2026] GET /v2.0/security-groups?name=tempest-securitygroup--1690737921&fields=id&tenant_id=a5e9c6bc5f9f4cdf9e498b0a5537cc86 => generated 69 bytes in 33 msecs (HTTP/1.1 200) 4 headers in 156 bytes (1 switches on core 0)
2026-08-22 11:51:42.352 7 WARNING neutron.scheduler.dhcp_agent_scheduler [None req-388dcb9a-8190-44da-8548-0fd9dd3f7382 aad75933d0744ed3a2df4ad729123df1 3aaaf84bb34a42b7b562c3cd0b4ba4cd - - default default] No more DHCP agents [pid: 8|app: 0|req: 585/1128] 10.0.0.239 () {34 vars in 982 bytes} [Sat Aug 22 11:51:42 2026] GET /v2.0/networks?id=0a77d0bb-79a7-4c6f-bcb4-a3791a10ff7d => generated 714 bytes in 48 msecs (HTTP/1.1 200) 4 headers in 157 bytes (1 switches on core 0)
2026-08-22 11:51:42.355 7 WARNING neutron.api.rpc.agentnotifiers.dhcp_rpc_agent_api [None req-388dcb9a-8190-44da-8548-0fd9dd3f7382 aad75933d0744ed3a2df4ad729123df1 3aaaf84bb34a42b7b562c3cd0b4ba4cd - - default default] Unable to schedule network ab8c7fdb-f693-4e33-8101-c6e909460fd1: no agents available; will retry on subsequent port and subnet creation events. [pid: 8|app: 0|req: 586/1129] 10.0.0.239 () {34 vars in 965 bytes} [Sat Aug 22 11:51:42 2026] GET /v2.0/quotas/a5e9c6bc5f9f4cdf9e498b0a5537cc86 => generated 292 bytes in 18 msecs (HTTP/1.1 200) 4 headers in 157 bytes (1 switches on core 0) [pid: 8|app: 0|req: 587/1130] 10.0.0.239 () {34 vars in 1002 bytes} [Sat Aug 22 11:51:42 2026] GET /v2.0/ports?tenant_id=a5e9c6bc5f9f4cdf9e498b0a5537cc86&fields=id => generated 103 bytes in 78 msecs (HTTP/1.1 200) 4 headers in 157 bytes (1 switches on core 0)
2026-08-22 11:51:42.495 7 INFO neutron.db.ovn_revision_numbers_db [None req-870053ec-6c4b-4c0b-b77b-13611e5fa039 - - - - - -] Successfully bumped revision number for resource 40feb13b-b9e1-4e3b-98bf-4c71def82ec6 (type: ports) to 6 [pid: 8|app: 0|req: 588/1131] 10.0.0.239 () {34 vars in 1008 bytes} [Sat Aug 22 11:51:42 2026] GET /v2.0/networks/0a77d0bb-79a7-4c6f-bcb4-a3791a10ff7d?fields=segments => generated 14 bytes in 49 msecs (HTTP/1.1 200) 4 headers in 156 bytes (1 switches on core 0) [pid: 8|app: 0|req: 589/1132] 10.0.0.239 () {34 vars in 1108 bytes} [Sat Aug 22 11:51:42 2026] GET /v2.0/networks/0a77d0bb-79a7-4c6f-bcb4-a3791a10ff7d?fields=provider%3Aphysical_network&fields=provider%3Anetwork_type => generated 79 bytes in 52 msecs (HTTP/1.1 200) 4 headers in 156 bytes (1 switches on core 0)
2026-08-22 11:51:42.638 7 INFO neutron.plugins.ml2.drivers.ovn.mech_driver.mech_driver [None req-2d05d64f-5530-45b6-8376-5bd91bea71ee - - - - - -] OVN reports status up for port: daf656dc-0e49-4b6e-8443-85d5f615306a
2026-08-22 11:51:42.674 7 INFO neutron.plugins.ml2.plugin [None req-2d05d64f-5530-45b6-8376-5bd91bea71ee - - - - - -] Attempt 1 to provision port daf656dc-0e49-4b6e-8443-85d5f615306a [pid: 8|app: 0|req: 590/1133] 10.0.0.239 () {34 vars in 990 bytes} [Sat Aug 22 11:51:42 2026] GET /v2.0/ports?device_id=ba1ddc75-c4ed-4bca-b47d-191f843c7000 => generated 12 bytes in 19 msecs (HTTP/1.1 200) 4 headers in 156 bytes (1 switches on core 0) [pid: 8|app: 0|req: 591/1134] 10.0.0.239 () {34 vars in 990 bytes} [Sat Aug 22 11:51:42 2026] GET /v2.0/ports?device_id=56a03606-dd18-455b-83cc-0e4bd7776aa6 => generated 969 bytes in 75 msecs (HTTP/1.1 200) 4 headers in 157 bytes (1 switches on core 0) [pid: 8|app: 0|req: 592/1135] 10.0.0.239 () {34 vars in 1040 bytes} [Sat Aug 22 11:51:43 2026] GET /v2.0/security-groups?id=c2171e84-fd0f-4085-a0b2-75b4c04dc326&fields=id&fields=name => generated 113 bytes in 30 msecs (HTTP/1.1 200) 4 headers in 157 bytes (1 switches on core 0)
2026-08-22 11:51:43.127 7 INFO neutron.db.ovn_revision_numbers_db [None req-388dcb9a-8190-44da-8548-0fd9dd3f7382 aad75933d0744ed3a2df4ad729123df1 3aaaf84bb34a42b7b562c3cd0b4ba4cd - - default default] Successfully bumped revision number for resource daf656dc-0e49-4b6e-8443-85d5f615306a (type: router_ports) to 1 [pid: 7|app: 0|req: 544/1136] 10.0.0.212 () {34 vars in 783 bytes} [Sat Aug 22 11:51:40 2026] PUT /v2.0/routers/206de286-ce34-4019-9068-db1069f4467a/add_router_interface => generated 309 bytes in 2530 msecs (HTTP/1.1 200) 4 headers in 157 bytes (1 switches on core 0) /var/lib/openstack/lib/python3.12/site-packages/pycadf/identifier.py:70: UserWarning: Invalid uuid: neutron. To ensure interoperability, identifiers should be a valid uuid. warnings.warn(('Invalid uuid: %s. To ensure interoperability, ' [pid: 7|app: 0|req: 545/1137] 199.19.213.150 () {34 vars in 994 bytes} [Sat Aug 22 11:51:43 2026] GET /v2.0/ports?device_id=56a03606-dd18-455b-83cc-0e4bd7776aa6 => generated 969 bytes in 72 msecs (HTTP/1.1 200) 4 headers in 157 bytes (1 switches on core 0)
2026-08-22 11:51:43.407 8 WARNING neutron.scheduler.dhcp_agent_scheduler [None req-1a3c6af7-fd35-49fa-a309-f1cce96364d5 aad75933d0744ed3a2df4ad729123df1 3aaaf84bb34a42b7b562c3cd0b4ba4cd - - default default] No more DHCP agents
2026-08-22 11:51:43.409 8 WARNING neutron.api.rpc.agentnotifiers.dhcp_rpc_agent_api [None req-1a3c6af7-fd35-49fa-a309-f1cce96364d5 aad75933d0744ed3a2df4ad729123df1 3aaaf84bb34a42b7b562c3cd0b4ba4cd - - default default] Unable to schedule network ab8c7fdb-f693-4e33-8101-c6e909460fd1: no agents available; will retry on subsequent port and subnet creation events.
2026-08-22 11:51:43.464 7 INFO neutron.db.ovn_revision_numbers_db [None req-2d05d64f-5530-45b6-8376-5bd91bea71ee - - - - - -] Successfully bumped revision number for resource daf656dc-0e49-4b6e-8443-85d5f615306a (type: ports) to 2
2026-08-22 11:51:43.544 8 INFO neutron.db.ovn_revision_numbers_db [None req-1a3c6af7-fd35-49fa-a309-f1cce96364d5 aad75933d0744ed3a2df4ad729123df1 3aaaf84bb34a42b7b562c3cd0b4ba4cd - - default default] Successfully bumped revision number for resource ac4043a5-126a-48f8-9bc3-552f56a0c1a6 (type: ports) to 1
2026-08-22 11:51:43.591 7 INFO neutron_taas.services.taas.taas_plugin [req-bb27405d-620e-4af2-9b1c-b97595505bb7 req-4e8a1eab-6580-49e3-996a-5082058d1601 6f047a56f6ed4f53aaeb8d1de6b23dc9 474907c9e6af408a9dbc3700db62e0cb - - default default] TaaS: Handle Delete Port: 40feb13b-b9e1-4e3b-98bf-4c71def82ec6
2026-08-22 11:51:43.599 7 INFO neutron_taas.services.taas.tap_mirror_plugin [req-bb27405d-620e-4af2-9b1c-b97595505bb7 req-4e8a1eab-6580-49e3-996a-5082058d1601 6f047a56f6ed4f53aaeb8d1de6b23dc9 474907c9e6af408a9dbc3700db62e0cb - - default default] Tap Mirror: Handle Delete Port: 40feb13b-b9e1-4e3b-98bf-4c71def82ec6 [pid: 8|app: 0|req: 593/1138] 10.0.0.212 () {34 vars in 665 bytes} [Sat Aug 22 11:51:43 2026] POST /v2.0/ports => generated 959 bytes in 464 msecs (HTTP/1.1 201) 4 headers in 162 bytes (1 switches on core 0) /var/lib/openstack/lib/python3.12/site-packages/pycadf/identifier.py:70: UserWarning: Invalid uuid: neutron. To ensure interoperability, identifiers should be a valid uuid. warnings.warn(('Invalid uuid: %s. To ensure interoperability, '
2026-08-22 11:51:43.822 7 INFO neutron.db.ovn_revision_numbers_db [None req-b7ec58d8-a1eb-4bb4-a97c-c102e1774576 - - - - - -] Successfully bumped revision number for resource daf656dc-0e49-4b6e-8443-85d5f615306a (type: router_ports) to 2
2026-08-22 11:51:43.919 8 INFO neutron.db.ovn_revision_numbers_db [None req-bd38828b-d112-4cb0-9ece-dc49a682df57 62a6ac5e46cf44199f0dc4c7dfd9bcd5 ab2962e85fd643ada8ba381a3b7eabb2 - - default default] Successfully bumped revision number for resource c4e2f7e9-a5ee-4d8e-8f1e-7f98b761622d (type: security_groups) to 1
2026-08-22 11:51:43.933 8 INFO neutron.db.ovn_revision_numbers_db [None req-bd38828b-d112-4cb0-9ece-dc49a682df57 62a6ac5e46cf44199f0dc4c7dfd9bcd5 ab2962e85fd643ada8ba381a3b7eabb2 - - default default] Successfully bumped revision number for resource 0557b477-dcc6-44c0-9ed6-32108268e253 (type: security_group_rules) to 0
2026-08-22 11:51:43.949 8 INFO neutron.db.ovn_revision_numbers_db [None req-bd38828b-d112-4cb0-9ece-dc49a682df57 62a6ac5e46cf44199f0dc4c7dfd9bcd5 ab2962e85fd643ada8ba381a3b7eabb2 - - default default] Successfully bumped revision number for resource 3b3e4450-d556-43f2-8eb5-cd4884d7e7e1 (type: security_group_rules) to 0
2026-08-22 11:51:43.958 7 INFO neutron.plugins.ml2.drivers.ovn.mech_driver.mech_driver [None req-b7ec58d8-a1eb-4bb4-a97c-c102e1774576 - - - - - -] OVN reports status down for port: ac4043a5-126a-48f8-9bc3-552f56a0c1a6
2026-08-22 11:51:43.963 7 INFO neutron.db.l3_db [req-bb27405d-620e-4af2-9b1c-b97595505bb7 req-4e8a1eab-6580-49e3-996a-5082058d1601 6f047a56f6ed4f53aaeb8d1de6b23dc9 474907c9e6af408a9dbc3700db62e0cb - - default default] Floating IP f626ff60-6aa0-48eb-af64-75cfbe642d93 disassociated. External IP: 10.96.250.206, port: 40feb13b-b9e1-4e3b-98bf-4c71def82ec6.
2026-08-22 11:51:43.966 8 INFO neutron.db.ovn_revision_numbers_db [None req-bd38828b-d112-4cb0-9ece-dc49a682df57 62a6ac5e46cf44199f0dc4c7dfd9bcd5 ab2962e85fd643ada8ba381a3b7eabb2 - - default default] Successfully bumped revision number for resource 7333a291-2adf-410d-b4f9-e280f7d83c99 (type: security_group_rules) to 0
2026-08-22 11:51:43.976 8 INFO neutron.db.ovn_revision_numbers_db [None req-bd38828b-d112-4cb0-9ece-dc49a682df57 62a6ac5e46cf44199f0dc4c7dfd9bcd5 ab2962e85fd643ada8ba381a3b7eabb2 - - default default] Successfully bumped revision number for resource b1db9508-b823-48b3-9cd3-31a78736efe2 (type: security_group_rules) to 0 [pid: 8|app: 0|req: 594/1139] 10.0.0.212 () {32 vars in 774 bytes} [Sat Aug 22 11:51:43 2026] GET /v2.0/security-groups?tenant_id=cfd6401770e34a01a20cba0e4e61ea5f&name=default => generated 2925 bytes in 412 msecs (HTTP/1.1 200) 4 headers in 158 bytes (1 switches on core 0) [pid: 7|app: 0|req: 546/1140] 199.19.213.150 () {36 vars in 997 bytes} [Sat Aug 22 11:51:43 2026] DELETE /v2.0/ports/40feb13b-b9e1-4e3b-98bf-4c71def82ec6 => generated 0 bytes in 902 msecs (HTTP/1.1 204) 3 headers in 131 bytes (1 switches on core 0) /var/lib/openstack/lib/python3.12/site-packages/pycadf/identifier.py:70: UserWarning: Invalid uuid: neutron. To ensure interoperability, identifiers should be a valid uuid. warnings.warn(('Invalid uuid: %s. To ensure interoperability, ' [pid: 7|app: 0|req: 547/1141] 10.0.0.239 () {34 vars in 990 bytes} [Sat Aug 22 11:51:44 2026] GET /v2.0/ports?device_id=ba1ddc75-c4ed-4bca-b47d-191f843c7000 => generated 12 bytes in 16 msecs (HTTP/1.1 200) 4 headers in 156 bytes (1 switches on core 0)
2026-08-22 11:51:44.285 7 INFO neutron.notifiers.nova [-] Nova event matching ['req-1a0be6f6-5bb5-4efd-96cd-06c405c47957'] response: {'server_uuid': '56a03606-dd18-455b-83cc-0e4bd7776aa6', 'name': 'network-vif-unplugged', 'status': 'completed', 'tag': '40feb13b-b9e1-4e3b-98bf-4c71def82ec6', 'code': 200}
2026-08-22 11:51:44.286 7 INFO neutron.notifiers.nova [-] Nova event matching ['req-1a0be6f6-5bb5-4efd-96cd-06c405c47957'] response: {'server_uuid': '56a03606-dd18-455b-83cc-0e4bd7776aa6', 'name': 'network-vif-deleted', 'tag': '40feb13b-b9e1-4e3b-98bf-4c71def82ec6', 'status': 'completed', 'code': 200}
2026-08-22 11:51:44.297 8 WARNING neutron.scheduler.dhcp_agent_scheduler [None req-81edac40-011b-46ae-9a20-ba322f1070ec aad75933d0744ed3a2df4ad729123df1 3aaaf84bb34a42b7b562c3cd0b4ba4cd - - default default] No more DHCP agents
2026-08-22 11:51:44.300 8 WARNING neutron.api.rpc.agentnotifiers.dhcp_rpc_agent_api [None req-81edac40-011b-46ae-9a20-ba322f1070ec aad75933d0744ed3a2df4ad729123df1 3aaaf84bb34a42b7b562c3cd0b4ba4cd - - default default] Unable to schedule network ab8c7fdb-f693-4e33-8101-c6e909460fd1: no agents available; will retry on subsequent port and subnet creation events. [pid: 7|app: 0|req: 548/1142] 10.0.0.212 () {32 vars in 740 bytes} [Sat Aug 22 11:51:44 2026] DELETE /v2.0/security-groups/c4e2f7e9-a5ee-4d8e-8f1e-7f98b761622d => generated 0 bytes in 242 msecs (HTTP/1.1 204) 2 headers in 112 bytes (1 switches on core 0)
2026-08-22 11:51:44.433 7 INFO neutron.plugins.ml2.drivers.ovn.mech_driver.mech_driver [None req-b7ec58d8-a1eb-4bb4-a97c-c102e1774576 - - - - - -] OVN reports status down for port: 0c6821ad-6642-4210-997c-18fde1e3fc65 [pid: 7|app: 0|req: 549/1143] 10.0.0.239 () {34 vars in 990 bytes} [Sat Aug 22 11:51:44 2026] GET /v2.0/ports?device_id=56a03606-dd18-455b-83cc-0e4bd7776aa6 => generated 12 bytes in 28 msecs (HTTP/1.1 200) 4 headers in 156 bytes (1 switches on core 0)
2026-08-22 11:51:44.458 8 INFO neutron.db.ovn_revision_numbers_db [None req-81edac40-011b-46ae-9a20-ba322f1070ec aad75933d0744ed3a2df4ad729123df1 3aaaf84bb34a42b7b562c3cd0b4ba4cd - - default default] Successfully bumped revision number for resource 0c6821ad-6642-4210-997c-18fde1e3fc65 (type: ports) to 1 [pid: 8|app: 0|req: 595/1144] 10.0.0.212 () {34 vars in 665 bytes} [Sat Aug 22 11:51:44 2026] POST /v2.0/ports => generated 958 bytes in 467 msecs (HTTP/1.1 201) 4 headers in 162 bytes (1 switches on core 0)
2026-08-22 11:51:44.743 7 WARNING neutron.scheduler.dhcp_agent_scheduler [None req-f9b21edb-fade-44ed-8a7c-7b0d6d34de89 aad75933d0744ed3a2df4ad729123df1 3aaaf84bb34a42b7b562c3cd0b4ba4cd - - default default] No more DHCP agents
2026-08-22 11:51:44.744 7 WARNING neutron.api.rpc.agentnotifiers.dhcp_rpc_agent_api [None req-f9b21edb-fade-44ed-8a7c-7b0d6d34de89 aad75933d0744ed3a2df4ad729123df1 3aaaf84bb34a42b7b562c3cd0b4ba4cd - - default default] Unable to schedule network 4bd3d620-9bba-42ab-9b8a-8d8d4c09cdc8: no agents available; will retry on subsequent port and subnet creation events.
2026-08-22 11:51:45.069 8 WARNING neutron.plugins.ml2.drivers.ovn.mech_driver.ovsdb.ovn_client [None req-dc2b03b9-9115-4c06-8652-6d6735eff7ac - - - - - -] No hosting information found for port 9683c0bd-0c5c-4fb3-bd9e-e650ecc2c1e2: RuntimeError: No hosting information found for port 9683c0bd-0c5c-4fb3-bd9e-e650ecc2c1e2 /var/lib/openstack/lib/python3.12/site-packages/pycadf/identifier.py:70: UserWarning: Invalid uuid: neutron. To ensure interoperability, identifiers should be a valid uuid. warnings.warn(('Invalid uuid: %s. To ensure interoperability, ' [pid: 8|app: 0|req: 596/1145] 10.0.0.239 () {34 vars in 990 bytes} [Sat Aug 22 11:51:45 2026] GET /v2.0/ports?device_id=ba1ddc75-c4ed-4bca-b47d-191f843c7000 => generated 12 bytes in 23 msecs (HTTP/1.1 200) 4 headers in 156 bytes (1 switches on core 0) /var/lib/openstack/lib/python3.12/site-packages/pycadf/identifier.py:70: UserWarning: Invalid uuid: neutron. To ensure interoperability, identifiers should be a valid uuid. warnings.warn(('Invalid uuid: %s. To ensure interoperability, '
