Feb 19 01:33:13.922387 np0000156440 devstack@m-api.service[87274]: DEBUG manila.api.openstack.wsgi [None req-c3acad1b-6104-4f9d-a373-0b971add6f12 tempest-ReplicationAdminTest-815328312 tempest-ReplicationAdminTest-815328312-project-admin] Action: 'action', calling method: Controller.__getattribute__..version_select, body: {"force_delete": null} {{(pid=87274) _process_stack /opt/stack/manila/manila/api/openstack/wsgi.py:796}}
Feb 19 01:33:13.941972 np0000156440 devstack@m-api.service[87274]: INFO manila.share.api [None req-c3acad1b-6104-4f9d-a373-0b971add6f12 tempest-ReplicationAdminTest-815328312 tempest-ReplicationAdminTest-815328312-project-admin] Deleting replica be8dc046-f23d-4327-9836-026a393e585b.
Feb 19 01:33:13.957231 np0000156440 devstack@m-api.service[87274]: INFO manila.api.openstack.wsgi [None req-c3acad1b-6104-4f9d-a373-0b971add6f12 tempest-ReplicationAdminTest-815328312 tempest-ReplicationAdminTest-815328312-project-admin] https://199.204.45.95/share/v2/2d6889719de748718df0b5d4bbbf8618/share-replicas/be8dc046-f23d-4327-9836-026a393e585b/action returned with HTTP 202
Feb 19 01:33:13.959777 np0000156440 devstack@m-api.service[87274]: [pid: 87274|app: 0|req: 58/108] 199.204.45.95 () {72 vars in 1625 bytes} [Thu Feb 19 01:33:13 2026] POST /share/v2/2d6889719de748718df0b5d4bbbf8618/share-replicas/be8dc046-f23d-4327-9836-026a393e585b/action => generated 0 bytes in 40 msecs (HTTP/1.1 202) 8 headers in 352 bytes (1 switches on core 0)
Feb 19 01:33:13.976285 np0000156440 devstack@m-api.service[87274]: INFO manila.api.openstack.wsgi [None req-49a799a2-44b8-4bde-a081-7975a194eacf tempest-ReplicationAdminTest-815328312 tempest-ReplicationAdminTest-815328312-project-admin] GET https://199.204.45.95/share/v2/2d6889719de748718df0b5d4bbbf8618/share-replicas/be8dc046-f23d-4327-9836-026a393e585b
Feb 19 01:33:13.976285 np0000156440 devstack@m-api.service[87274]: DEBUG manila.api.openstack.wsgi [None req-49a799a2-44b8-4bde-a081-7975a194eacf tempest-ReplicationAdminTest-815328312 tempest-ReplicationAdminTest-815328312-project-admin] Empty body provided in request {{(pid=87274) get_body /opt/stack/manila/manila/api/openstack/wsgi.py:652}}
Feb 19 01:33:13.976285 np0000156440 devstack@m-api.service[87274]: DEBUG manila.api.openstack.wsgi [None req-49a799a2-44b8-4bde-a081-7975a194eacf tempest-ReplicationAdminTest-815328312 tempest-ReplicationAdminTest-815328312-project-admin] Calling method 'Controller.__getattribute__..version_select' {{(pid=87274) _process_stack /opt/stack/manila/manila/api/openstack/wsgi.py:798}}
Feb 19 01:33:13.994514 np0000156440 devstack@m-api.service[87273]: INFO manila.api.openstack.wsgi [None req-8b806fda-999d-4657-bbc3-c1def407ddc1 tempest-AdminActionsTest-718694498 tempest-AdminActionsTest-718694498-project-admin] https://199.204.45.95/share/v2/8fcf0a1ddc4f402a89d35801a689f933/shares/c5961b29-72f6-4b2d-acbc-c208eb1e65d4 returned with HTTP 202
Feb 19 01:33:13.995625 np0000156440 devstack@m-api.service[87273]: [pid: 87273|app: 0|req: 51/109] 199.204.45.95 () {68 vars in 1514 bytes} [Thu Feb 19 01:33:13 2026] DELETE /share/v2/8fcf0a1ddc4f402a89d35801a689f933/shares/c5961b29-72f6-4b2d-acbc-c208eb1e65d4 => generated 0 bytes in 114 msecs (HTTP/1.1 202) 7 headers in 309 bytes (1 switches on core 0)
Feb 19 01:33:14.008049 np0000156440 devstack@m-api.service[87274]: INFO manila.api.openstack.wsgi [None req-49a799a2-44b8-4bde-a081-7975a194eacf tempest-ReplicationAdminTest-815328312 tempest-ReplicationAdminTest-815328312-project-admin] https://199.204.45.95/share/v2/2d6889719de748718df0b5d4bbbf8618/share-replicas/be8dc046-f23d-4327-9836-026a393e585b returned with HTTP 200
Feb 19 01:33:14.008049 np0000156440 devstack@m-api.service[87274]: [pid: 87274|app: 0|req: 59/110] 199.204.45.95 () {68 vars in 1535 bytes} [Thu Feb 19 01:33:13 2026] GET /share/v2/2d6889719de748718df0b5d4bbbf8618/share-replicas/be8dc046-f23d-4327-9836-026a393e585b => generated 412 bytes in 40 msecs (HTTP/1.1 200) 7 headers in 297 bytes (1 switches on core 0)
Feb 19 01:33:14.012798 np0000156440 devstack@m-api.service[87273]: INFO manila.api.openstack.wsgi [None req-3d7447f7-6ad5-402d-a31a-0cbce3c9a696 tempest-AdminActionsTest-718694498 tempest-AdminActionsTest-718694498-project-admin] GET https://199.204.45.95/share/v2/8fcf0a1ddc4f402a89d35801a689f933/shares/c5961b29-72f6-4b2d-acbc-c208eb1e65d4
Feb 19 01:33:14.012798 np0000156440 devstack@m-api.service[87273]: DEBUG manila.api.openstack.wsgi [None req-3d7447f7-6ad5-402d-a31a-0cbce3c9a696 tempest-AdminActionsTest-718694498 tempest-AdminActionsTest-718694498-project-admin] Empty body provided in request {{(pid=87273) get_body /opt/stack/manila/manila/api/openstack/wsgi.py:652}}
Feb 19 01:33:14.012798 np0000156440 devstack@m-api.service[87273]: DEBUG manila.api.openstack.wsgi [None req-3d7447f7-6ad5-402d-a31a-0cbce3c9a696 tempest-AdminActionsTest-718694498 tempest-AdminActionsTest-718694498-project-admin] Calling method 'ShareMixin.show' {{(pid=87273) _process_stack /opt/stack/manila/manila/api/openstack/wsgi.py:798}}
Feb 19 01:33:14.041592 np0000156440 devstack@m-api.service[87273]: INFO manila.api.openstack.wsgi [None req-3d7447f7-6ad5-402d-a31a-0cbce3c9a696 tempest-AdminActionsTest-718694498 tempest-AdminActionsTest-718694498-project-admin] https://199.204.45.95/share/v2/8fcf0a1ddc4f402a89d35801a689f933/shares/c5961b29-72f6-4b2d-acbc-c208eb1e65d4 returned with HTTP 200
Feb 19 01:33:14.046816 np0000156440 devstack@m-api.service[87273]: [pid: 87273|app: 0|req: 52/111] 199.204.45.95 () {68 vars in 1511 bytes} [Thu Feb 19 01:33:14 2026] GET /share/v2/8fcf0a1ddc4f402a89d35801a689f933/shares/c5961b29-72f6-4b2d-acbc-c208eb1e65d4 => generated 1417 bytes in 41 msecs (HTTP/1.1 200) 7 headers in 298 bytes (1 switches on core 0)
Feb 19 01:33:14.049444 np0000156440 devstack@m-api.service[87274]: INFO manila.api.openstack.wsgi [None req-803095f1-6e32-43ef-bdc5-e3278667c31b tempest-MigrationWithShareShrinkingNFSTest-2099616960 tempest-MigrationWithShareShrinkingNFSTest-2099616960-project-admin] GET https://199.204.45.95/share/v2/58ae3e4bb8ec4823a45b7032295eabd8/shares/80caa390-eb41-44a2-8014-d8358fcbb95b
Feb 19 01:33:14.049751 np0000156440 devstack@m-api.service[87274]: DEBUG manila.api.openstack.wsgi [None req-803095f1-6e32-43ef-bdc5-e3278667c31b tempest-MigrationWithShareShrinkingNFSTest-2099616960 tempest-MigrationWithShareShrinkingNFSTest-2099616960-project-admin] Empty body provided in request {{(pid=87274) get_body /opt/stack/manila/manila/api/openstack/wsgi.py:652}}
Feb 19 01:33:14.050221 np0000156440 devstack@m-api.service[87274]: DEBUG manila.api.openstack.wsgi [None req-803095f1-6e32-43ef-bdc5-e3278667c31b tempest-MigrationWithShareShrinkingNFSTest-2099616960 tempest-MigrationWithShareShrinkingNFSTest-2099616960-project-admin] Calling method 'ShareMixin.show' {{(pid=87274) _process_stack /opt/stack/manila/manila/api/openstack/wsgi.py:798}}
Feb 19 01:33:14.078506 np0000156440 devstack@m-api.service[87274]: INFO manila.api.openstack.wsgi [None req-803095f1-6e32-43ef-bdc5-e3278667c31b tempest-MigrationWithShareShrinkingNFSTest-2099616960 tempest-MigrationWithShareShrinkingNFSTest-2099616960-project-admin] https://199.204.45.95/share/v2/58ae3e4bb8ec4823a45b7032295eabd8/shares/80caa390-eb41-44a2-8014-d8358fcbb95b returned with HTTP 200
Feb 19 01:33:14.080040 np0000156440 devstack@m-api.service[87274]: [pid: 87274|app: 0|req: 60/112] 199.204.45.95 () {68 vars in 1511 bytes} [Thu Feb 19 01:33:14 2026] GET /share/v2/58ae3e4bb8ec4823a45b7032295eabd8/shares/80caa390-eb41-44a2-8014-d8358fcbb95b => generated 1452 bytes in 36 msecs (HTTP/1.1 200) 7 headers in 298 bytes (1 switches on core 0)
Feb 19 01:33:14.092288 np0000156440 devstack@m-api.service[87273]: INFO manila.api.openstack.wsgi [None req-b0f8738b-f3c3-439c-9601-237f0ac145cb tempest-MigrationWithShareShrinkingNFSTest-2099616960 tempest-MigrationWithShareShrinkingNFSTest-2099616960-project-admin] POST https://199.204.45.95/share/v2/58ae3e4bb8ec4823a45b7032295eabd8/shares/80caa390-eb41-44a2-8014-d8358fcbb95b/action
Feb 19 01:33:14.093755 np0000156440 devstack@m-api.service[87273]: DEBUG manila.api.openstack.wsgi [None req-b0f8738b-f3c3-439c-9601-237f0ac145cb tempest-MigrationWithShareShrinkingNFSTest-2099616960 tempest-MigrationWithShareShrinkingNFSTest-2099616960-project-admin] Action body: b'{"allow_access": {"access_type": "ip", "access_to": "51.51.51.51", "access_level": "ro"}}' {{(pid=87273) get_method /opt/stack/manila/manila/api/openstack/wsgi.py:912}}
Feb 19 01:33:14.093912 np0000156440 devstack@m-api.service[87273]: DEBUG manila.api.openstack.wsgi [None req-b0f8738b-f3c3-439c-9601-237f0ac145cb tempest-MigrationWithShareShrinkingNFSTest-2099616960 tempest-MigrationWithShareShrinkingNFSTest-2099616960-project-admin] Action: 'action', calling method: ShareController.allow_access, body: {"allow_access": {"access_type": "ip", "access_to": "51.51.51.51", "access_level": "ro"}} {{(pid=87273) _process_stack /opt/stack/manila/manila/api/openstack/wsgi.py:796}}
Feb 19 01:33:14.146113 np0000156440 devstack@m-api.service[87273]: DEBUG oslo_concurrency.lockutils [None req-b0f8738b-f3c3-439c-9601-237f0ac145cb tempest-MigrationWithShareShrinkingNFSTest-2099616960 tempest-MigrationWithShareShrinkingNFSTest-2099616960-project-admin] Acquiring lock "locked_access_rules_operation_by_share_instance_255b8e56-8fdb-46e5-9cc0-5dc06b906a1c" by "manila.share.access.locked_access_rules_operation..wrapped..locked_operation" {{(pid=87273) inner /opt/stack/data/venv/lib/python3.12/site-packages/oslo_concurrency/lockutils.py:506}}
Feb 19 01:33:14.146113 np0000156440 devstack@m-api.service[87273]: DEBUG oslo_concurrency.lockutils [None req-b0f8738b-f3c3-439c-9601-237f0ac145cb tempest-MigrationWithShareShrinkingNFSTest-2099616960 tempest-MigrationWithShareShrinkingNFSTest-2099616960-project-admin] Lock "locked_access_rules_operation_by_share_instance_255b8e56-8fdb-46e5-9cc0-5dc06b906a1c" acquired by "manila.share.access.locked_access_rules_operation..wrapped..locked_operation" :: waited 0.000s {{(pid=87273) inner /opt/stack/data/venv/lib/python3.12/site-packages/oslo_concurrency/lockutils.py:519}}
Feb 19 01:33:14.200988 np0000156440 devstack@m-api.service[87273]: DEBUG oslo_concurrency.lockutils [None req-b0f8738b-f3c3-439c-9601-237f0ac145cb tempest-MigrationWithShareShrinkingNFSTest-2099616960 tempest-MigrationWithShareShrinkingNFSTest-2099616960-project-admin] Lock "locked_access_rules_operation_by_share_instance_255b8e56-8fdb-46e5-9cc0-5dc06b906a1c" "released" by "manila.share.access.locked_access_rules_operation..wrapped..locked_operation" :: held 0.054s {{(pid=87273) inner /opt/stack/data/venv/lib/python3.12/site-packages/oslo_concurrency/lockutils.py:538}}
Feb 19 01:33:14.204226 np0000156440 devstack@m-api.service[87273]: INFO manila.api.openstack.wsgi [None req-b0f8738b-f3c3-439c-9601-237f0ac145cb tempest-MigrationWithShareShrinkingNFSTest-2099616960 tempest-MigrationWithShareShrinkingNFSTest-2099616960-project-admin] https://199.204.45.95/share/v2/58ae3e4bb8ec4823a45b7032295eabd8/shares/80caa390-eb41-44a2-8014-d8358fcbb95b/action returned with HTTP 200
Feb 19 01:33:14.205499 np0000156440 devstack@m-api.service[87273]: [pid: 87273|app: 0|req: 53/113] 199.204.45.95 () {70 vars in 1553 bytes} [Thu Feb 19 01:33:14 2026] POST /share/v2/58ae3e4bb8ec4823a45b7032295eabd8/shares/80caa390-eb41-44a2-8014-d8358fcbb95b/action => generated 309 bytes in 115 msecs (HTTP/1.1 200) 7 headers in 297 bytes (1 switches on core 0)
Feb 19 01:33:14.224761 np0000156440 devstack@m-api.service[87274]: INFO manila.api.openstack.wsgi [None req-d30345a3-3e8d-423f-9d34-13872f7d340a tempest-MigrationWithShareShrinkingNFSTest-2099616960 tempest-MigrationWithShareShrinkingNFSTest-2099616960-project-admin] GET https://199.204.45.95/share/v2/58ae3e4bb8ec4823a45b7032295eabd8/shares/80caa390-eb41-44a2-8014-d8358fcbb95b
Feb 19 01:33:14.224761 np0000156440 devstack@m-api.service[87274]: DEBUG manila.api.openstack.wsgi [None req-d30345a3-3e8d-423f-9d34-13872f7d340a tempest-MigrationWithShareShrinkingNFSTest-2099616960 tempest-MigrationWithShareShrinkingNFSTest-2099616960-project-admin] Empty body provided in request {{(pid=87274) get_body /opt/stack/manila/manila/api/openstack/wsgi.py:652}}
Feb 19 01:33:14.224761 np0000156440 devstack@m-api.service[87274]: DEBUG manila.api.openstack.wsgi [None req-d30345a3-3e8d-423f-9d34-13872f7d340a tempest-MigrationWithShareShrinkingNFSTest-2099616960 tempest-MigrationWithShareShrinkingNFSTest-2099616960-project-admin] Calling method 'ShareMixin.show' {{(pid=87274) _process_stack /opt/stack/manila/manila/api/openstack/wsgi.py:798}}
Feb 19 01:33:14.247057 np0000156440 devstack@m-api.service[87274]: INFO manila.api.openstack.wsgi [None req-d30345a3-3e8d-423f-9d34-13872f7d340a tempest-MigrationWithShareShrinkingNFSTest-2099616960 tempest-MigrationWithShareShrinkingNFSTest-2099616960-project-admin] https://199.204.45.95/share/v2/58ae3e4bb8ec4823a45b7032295eabd8/shares/80caa390-eb41-44a2-8014-d8358fcbb95b returned with HTTP 200
Feb 19 01:33:14.247773 np0000156440 devstack@m-api.service[87274]: [pid: 87274|app: 0|req: 61/114] 199.204.45.95 () {68 vars in 1511 bytes} [Thu Feb 19 01:33:14 2026] GET /share/v2/58ae3e4bb8ec4823a45b7032295eabd8/shares/80caa390-eb41-44a2-8014-d8358fcbb95b => generated 1453 bytes in 33 msecs (HTTP/1.1 200) 7 headers in 298 bytes (1 switches on core 0)
Feb 19 01:33:14.316824 np0000156440 devstack@m-api.service[87273]: INFO manila.api.openstack.wsgi [None req-148bf94b-e87e-4107-8df1-7c606c387954 tempest-MigrationWithShareExtendingNFSTest-378156851 tempest-MigrationWithShareExtendingNFSTest-378156851-project-admin] GET https://199.204.45.95/share/v2/a8b8bc609b844563900b9ae566aee906/shares/a519b6ff-6d8b-4649-b0bc-55773a8ebc13
Feb 19 01:33:14.316824 np0000156440 devstack@m-api.service[87273]: DEBUG manila.api.openstack.wsgi [None req-148bf94b-e87e-4107-8df1-7c606c387954 tempest-MigrationWithShareExtendingNFSTest-378156851 tempest-MigrationWithShareExtendingNFSTest-378156851-project-admin] Empty body provided in request {{(pid=87273) get_body /opt/stack/manila/manila/api/openstack/wsgi.py:652}}
Feb 19 01:33:14.316824 np0000156440 devstack@m-api.service[87273]: DEBUG manila.api.openstack.wsgi [None req-148bf94b-e87e-4107-8df1-7c606c387954 tempest-MigrationWithShareExtendingNFSTest-378156851 tempest-MigrationWithShareExtendingNFSTest-378156851-project-admin] Calling method 'ShareMixin.show' {{(pid=87273) _process_stack /opt/stack/manila/manila/api/openstack/wsgi.py:798}}
Feb 19 01:33:14.347094 np0000156440 devstack@m-api.service[87273]: INFO manila.api.openstack.wsgi [None req-148bf94b-e87e-4107-8df1-7c606c387954 tempest-MigrationWithShareExtendingNFSTest-378156851 tempest-MigrationWithShareExtendingNFSTest-378156851-project-admin] https://199.204.45.95/share/v2/a8b8bc609b844563900b9ae566aee906/shares/a519b6ff-6d8b-4649-b0bc-55773a8ebc13 returned with HTTP 200
Feb 19 01:33:14.347961 np0000156440 devstack@m-api.service[87273]: [pid: 87273|app: 0|req: 54/115] 199.204.45.95 () {68 vars in 1511 bytes} [Thu Feb 19 01:33:14 2026] GET /share/v2/a8b8bc609b844563900b9ae566aee906/shares/a519b6ff-6d8b-4649-b0bc-55773a8ebc13 => generated 1454 bytes in 41 msecs (HTTP/1.1 200) 7 headers in 298 bytes (1 switches on core 0)
Feb 19 01:33:14.360788 np0000156440 devstack@m-api.service[87274]: INFO manila.api.openstack.wsgi [None req-4d30d0fc-346d-406c-b7db-8ecb79fc80dd tempest-MigrationWithShareExtendingNFSTest-378156851 tempest-MigrationWithShareExtendingNFSTest-378156851-project-admin] GET https://199.204.45.95/share/v2/a8b8bc609b844563900b9ae566aee906/shares/a519b6ff-6d8b-4649-b0bc-55773a8ebc13
Feb 19 01:33:14.361749 np0000156440 devstack@m-api.service[87274]: DEBUG manila.api.openstack.wsgi [None req-4d30d0fc-346d-406c-b7db-8ecb79fc80dd tempest-MigrationWithShareExtendingNFSTest-378156851 tempest-MigrationWithShareExtendingNFSTest-378156851-project-admin] Empty body provided in request {{(pid=87274) get_body /opt/stack/manila/manila/api/openstack/wsgi.py:652}}
Feb 19 01:33:14.361942 np0000156440 devstack@m-api.service[87274]: DEBUG manila.api.openstack.wsgi [None req-4d30d0fc-346d-406c-b7db-8ecb79fc80dd tempest-MigrationWithShareExtendingNFSTest-378156851 tempest-MigrationWithShareExtendingNFSTest-378156851-project-admin] Calling method 'ShareMixin.show' {{(pid=87274) _process_stack /opt/stack/manila/manila/api/openstack/wsgi.py:798}}
Feb 19 01:33:14.389151 np0000156440 devstack@m-api.service[87274]: INFO manila.api.openstack.wsgi [None req-4d30d0fc-346d-406c-b7db-8ecb79fc80dd tempest-MigrationWithShareExtendingNFSTest-378156851 tempest-MigrationWithShareExtendingNFSTest-378156851-project-admin] https://199.204.45.95/share/v2/a8b8bc609b844563900b9ae566aee906/shares/a519b6ff-6d8b-4649-b0bc-55773a8ebc13 returned with HTTP 200
Feb 19 01:33:14.391545 np0000156440 devstack@m-api.service[87274]: [pid: 87274|app: 0|req: 62/116] 199.204.45.95 () {68 vars in 1511 bytes} [Thu Feb 19 01:33:14 2026] GET /share/v2/a8b8bc609b844563900b9ae566aee906/shares/a519b6ff-6d8b-4649-b0bc-55773a8ebc13 => generated 1454 bytes in 37 msecs (HTTP/1.1 200) 7 headers in 298 bytes (1 switches on core 0)
Feb 19 01:33:14.406241 np0000156440 devstack@m-api.service[87273]: INFO manila.api.openstack.wsgi [None req-cb273c80-1542-4f30-b1ff-fa3c40082173 tempest-MigrationWithShareExtendingNFSTest-378156851 tempest-MigrationWithShareExtendingNFSTest-378156851-project-admin] POST https://199.204.45.95/share/v2/a8b8bc609b844563900b9ae566aee906/shares/a519b6ff-6d8b-4649-b0bc-55773a8ebc13/action
Feb 19 01:33:14.406579 np0000156440 devstack@m-api.service[87273]: DEBUG manila.api.openstack.wsgi [None req-cb273c80-1542-4f30-b1ff-fa3c40082173 tempest-MigrationWithShareExtendingNFSTest-378156851 tempest-MigrationWithShareExtendingNFSTest-378156851-project-admin] Action body: b'{"migration_start": {"host": "np0000156440@london#betta", "force_host_assisted_migration": true, "new_share_network_id": null, "new_share_type_id": "24c8d845-2c27-43c8-a82c-25bd92d176a0", "writable": false, "preserve_metadata": false, "preserve_snapshots": false, "nondisruptive": false}}' {{(pid=87273) get_method /opt/stack/manila/manila/api/openstack/wsgi.py:912}}
Feb 19 01:33:14.406707 np0000156440 devstack@m-api.service[87273]: DEBUG manila.api.openstack.wsgi [None req-cb273c80-1542-4f30-b1ff-fa3c40082173 tempest-MigrationWithShareExtendingNFSTest-378156851 tempest-MigrationWithShareExtendingNFSTest-378156851-project-admin] Action: 'action', calling method: Controller.__getattribute__..version_select, body: {"migration_start": {"host": "np0000156440@london#betta", "force_host_assisted_migration": true, "new_share_network_id": null, "new_share_type_id": "24c8d845-2c27-43c8-a82c-25bd92d176a0", "writable": false, "preserve_metadata": false, "preserve_snapshots": false, "nondisruptive": false}} {{(pid=87273) _process_stack /opt/stack/manila/manila/api/openstack/wsgi.py:796}}
Feb 19 01:33:14.495252 np0000156440 devstack@m-api.service[87273]: DEBUG manila.quota [None req-cb273c80-1542-4f30-b1ff-fa3c40082173 tempest-MigrationWithShareExtendingNFSTest-378156851 tempest-MigrationWithShareExtendingNFSTest-378156851-project-admin] Created reservations ['5f66e28d-34f9-4d3f-84ae-77b487c3f916', '4a30358d-e857-468b-85f7-7060303bd142', '43230ac9-b150-47c3-9da1-eeb836d6da19', 'b6ba1752-c3e3-45b9-9c9d-1a762afb3707'] {{(pid=87273) reserve /opt/stack/manila/manila/quota.py:1038}}
Feb 19 01:33:14.508038 np0000156440 devstack@m-api.service[87273]: DEBUG manila.quota [None req-cb273c80-1542-4f30-b1ff-fa3c40082173 tempest-MigrationWithShareExtendingNFSTest-378156851 tempest-MigrationWithShareExtendingNFSTest-378156851-project-admin] Committed reservations ['5f66e28d-34f9-4d3f-84ae-77b487c3f916', '4a30358d-e857-468b-85f7-7060303bd142', '43230ac9-b150-47c3-9da1-eeb836d6da19', 'b6ba1752-c3e3-45b9-9c9d-1a762afb3707'] {{(pid=87273) commit /opt/stack/manila/manila/quota.py:1066}}
Feb 19 01:33:14.580688 np0000156440 devstack@m-api.service[87273]: INFO manila.api.openstack.wsgi [None req-cb273c80-1542-4f30-b1ff-fa3c40082173 tempest-MigrationWithShareExtendingNFSTest-378156851 tempest-MigrationWithShareExtendingNFSTest-378156851-project-admin] https://199.204.45.95/share/v2/a8b8bc609b844563900b9ae566aee906/shares/a519b6ff-6d8b-4649-b0bc-55773a8ebc13/action returned with HTTP 202
Feb 19 01:33:14.581543 np0000156440 devstack@m-api.service[87273]: [pid: 87273|app: 0|req: 55/117] 199.204.45.95 () {72 vars in 1602 bytes} [Thu Feb 19 01:33:14 2026] POST /share/v2/a8b8bc609b844563900b9ae566aee906/shares/a519b6ff-6d8b-4649-b0bc-55773a8ebc13/action => generated 0 bytes in 180 msecs (HTTP/1.1 202) 8 headers in 352 bytes (1 switches on core 0)
Feb 19 01:33:14.584767 np0000156440 devstack@m-api.service[87274]: INFO manila.api.openstack.wsgi [None req-780c90bb-bf31-4d30-b06e-35c87296893a tempest-ReplicationTest-1139877351 tempest-ReplicationTest-1139877351-project-member] GET https://199.204.45.95/share/v2/11f21e6ec9d549188851c80abb91a73a/share-access-rules?share_id=7514f92e-4551-4a92-bcc3-dbc2f55e7b26
Feb 19 01:33:14.584767 np0000156440 devstack@m-api.service[87274]: DEBUG manila.api.openstack.wsgi [None req-780c90bb-bf31-4d30-b06e-35c87296893a tempest-ReplicationTest-1139877351 tempest-ReplicationTest-1139877351-project-member] Empty body provided in request {{(pid=87274) get_body /opt/stack/manila/manila/api/openstack/wsgi.py:652}}
Feb 19 01:33:14.585085 np0000156440 devstack@m-api.service[87274]: DEBUG manila.api.openstack.wsgi [None req-780c90bb-bf31-4d30-b06e-35c87296893a tempest-ReplicationTest-1139877351 tempest-ReplicationTest-1139877351-project-member] Calling method 'Controller.__getattribute__..version_select' {{(pid=87274) _process_stack /opt/stack/manila/manila/api/openstack/wsgi.py:798}}
Feb 19 01:33:14.598107 np0000156440 devstack@m-api.service[87273]: INFO manila.api.openstack.wsgi [None req-a5fd1e2c-d44b-4df5-9c65-1cecee62e5e9 tempest-MigrationWithShareExtendingNFSTest-378156851 tempest-MigrationWithShareExtendingNFSTest-378156851-project-admin] GET https://199.204.45.95/share/v2/a8b8bc609b844563900b9ae566aee906/shares/a519b6ff-6d8b-4649-b0bc-55773a8ebc13
Feb 19 01:33:14.598296 np0000156440 devstack@m-api.service[87273]: DEBUG manila.api.openstack.wsgi [None req-a5fd1e2c-d44b-4df5-9c65-1cecee62e5e9 tempest-MigrationWithShareExtendingNFSTest-378156851 tempest-MigrationWithShareExtendingNFSTest-378156851-project-admin] Empty body provided in request {{(pid=87273) get_body /opt/stack/manila/manila/api/openstack/wsgi.py:652}}
Feb 19 01:33:14.598455 np0000156440 devstack@m-api.service[87273]: DEBUG manila.api.openstack.wsgi [None req-a5fd1e2c-d44b-4df5-9c65-1cecee62e5e9 tempest-MigrationWithShareExtendingNFSTest-378156851 tempest-MigrationWithShareExtendingNFSTest-378156851-project-admin] Calling method 'ShareMixin.show' {{(pid=87273) _process_stack /opt/stack/manila/manila/api/openstack/wsgi.py:798}}
Feb 19 01:33:14.611765 np0000156440 devstack@m-api.service[87274]: DEBUG manila.lock.api [None req-780c90bb-bf31-4d30-b06e-35c87296893a tempest-ReplicationTest-1139877351 tempest-ReplicationTest-1139877351-project-member] Searching for locks by: {'resource_id': 'd28199c1-01a8-4ebc-a4cf-eb2c70482252', 'resource_action': 'show', 'resource_type': 'access_rule', 'all_projects': True} {{(pid=87274) get_all /opt/stack/manila/manila/lock/api.py:112}}
Feb 19 01:33:14.615550 np0000156440 devstack@m-api.service[87274]: INFO manila.api.openstack.wsgi [None req-780c90bb-bf31-4d30-b06e-35c87296893a tempest-ReplicationTest-1139877351 tempest-ReplicationTest-1139877351-project-member] https://199.204.45.95/share/v2/11f21e6ec9d549188851c80abb91a73a/share-access-rules?share_id=7514f92e-4551-4a92-bcc3-dbc2f55e7b26 returned with HTTP 200
Feb 19 01:33:14.616281 np0000156440 devstack@m-api.service[87274]: [pid: 87274|app: 0|req: 63/118] 199.204.45.95 () {68 vars in 1527 bytes} [Thu Feb 19 01:33:14 2026] GET /share/v2/11f21e6ec9d549188851c80abb91a73a/share-access-rules?share_id=7514f92e-4551-4a92-bcc3-dbc2f55e7b26 => generated 281 bytes in 38 msecs (HTTP/1.1 200) 7 headers in 297 bytes (1 switches on core 0)
Feb 19 01:33:14.635407 np0000156440 devstack@m-api.service[87274]: INFO manila.api.openstack.wsgi [None req-f8b71a35-998f-45e3-a63a-7885c9384746 tempest-ReplicationTest-1139877351 tempest-ReplicationTest-1139877351-project-member] POST https://199.204.45.95/share/v2/11f21e6ec9d549188851c80abb91a73a/share-replicas
Feb 19 01:33:14.636104 np0000156440 devstack@m-api.service[87274]: DEBUG manila.api.openstack.wsgi [None req-f8b71a35-998f-45e3-a63a-7885c9384746 tempest-ReplicationTest-1139877351 tempest-ReplicationTest-1139877351-project-member] Action: 'create', calling method: Controller.__getattribute__..version_select, body: {"share_replica": {"share_id": "7514f92e-4551-4a92-bcc3-dbc2f55e7b26", "availability_zone": "manila-zone-1"}} {{(pid=87274) _process_stack /opt/stack/manila/manila/api/openstack/wsgi.py:796}}
Feb 19 01:33:14.637773 np0000156440 devstack@m-api.service[87273]: INFO manila.api.openstack.wsgi [None req-a5fd1e2c-d44b-4df5-9c65-1cecee62e5e9 tempest-MigrationWithShareExtendingNFSTest-378156851 tempest-MigrationWithShareExtendingNFSTest-378156851-project-admin] https://199.204.45.95/share/v2/a8b8bc609b844563900b9ae566aee906/shares/a519b6ff-6d8b-4649-b0bc-55773a8ebc13 returned with HTTP 200
Feb 19 01:33:14.637773 np0000156440 devstack@m-api.service[87273]: [pid: 87273|app: 0|req: 56/119] 199.204.45.95 () {68 vars in 1511 bytes} [Thu Feb 19 01:33:14 2026] GET /share/v2/a8b8bc609b844563900b9ae566aee906/shares/a519b6ff-6d8b-4649-b0bc-55773a8ebc13 => generated 1470 bytes in 41 msecs (HTTP/1.1 200) 7 headers in 298 bytes (1 switches on core 0)
Feb 19 01:33:14.733056 np0000156440 devstack@m-api.service[87274]: DEBUG manila.quota [None req-f8b71a35-998f-45e3-a63a-7885c9384746 tempest-ReplicationTest-1139877351 tempest-ReplicationTest-1139877351-project-member] Created reservations ['1e4d894c-3b68-4968-ae10-5330deed8d84', 'dee33848-fcad-47a6-89ff-501246f07412', '65936297-dec7-4896-98c6-f207b1ac935a', 'e01c9762-c903-41b7-b256-2cc8afa5d58e'] {{(pid=87274) reserve /opt/stack/manila/manila/quota.py:1038}}
Feb 19 01:33:14.786286 np0000156440 devstack@m-api.service[87274]: DEBUG manila.quota [None req-f8b71a35-998f-45e3-a63a-7885c9384746 tempest-ReplicationTest-1139877351 tempest-ReplicationTest-1139877351-project-member] Committed reservations ['1e4d894c-3b68-4968-ae10-5330deed8d84', 'dee33848-fcad-47a6-89ff-501246f07412', '65936297-dec7-4896-98c6-f207b1ac935a', 'e01c9762-c903-41b7-b256-2cc8afa5d58e'] {{(pid=87274) commit /opt/stack/manila/manila/quota.py:1066}}
Feb 19 01:33:14.834480 np0000156440 devstack@m-api.service[87274]: INFO manila.api.openstack.wsgi [None req-f8b71a35-998f-45e3-a63a-7885c9384746 tempest-ReplicationTest-1139877351 tempest-ReplicationTest-1139877351-project-member] https://199.204.45.95/share/v2/11f21e6ec9d549188851c80abb91a73a/share-replicas returned with HTTP 202
Feb 19 01:33:14.836410 np0000156440 devstack@m-api.service[87274]: [pid: 87274|app: 0|req: 64/120] 199.204.45.95 () {70 vars in 1446 bytes} [Thu Feb 19 01:33:14 2026] POST /share/v2/11f21e6ec9d549188851c80abb91a73a/share-replicas => generated 290 bytes in 209 msecs (HTTP/1.1 202) 7 headers in 303 bytes (1 switches on core 0)
Feb 19 01:33:14.851784 np0000156440 devstack@m-api.service[87273]: INFO manila.api.openstack.wsgi [None req-2b57836a-7acd-4659-adc1-03602eb48588 tempest-ReplicationTest-1139877351 tempest-ReplicationTest-1139877351-project-member] GET https://199.204.45.95/share/v2/11f21e6ec9d549188851c80abb91a73a/share-replicas/8875b44a-4c71-4221-afd0-8ae8e382bf9d
Feb 19 01:33:14.853273 np0000156440 devstack@m-api.service[87273]: DEBUG manila.api.openstack.wsgi [None req-2b57836a-7acd-4659-adc1-03602eb48588 tempest-ReplicationTest-1139877351 tempest-ReplicationTest-1139877351-project-member] Empty body provided in request {{(pid=87273) get_body /opt/stack/manila/manila/api/openstack/wsgi.py:652}}
Feb 19 01:33:14.853581 np0000156440 devstack@m-api.service[87273]: DEBUG manila.api.openstack.wsgi [None req-2b57836a-7acd-4659-adc1-03602eb48588 tempest-ReplicationTest-1139877351 tempest-ReplicationTest-1139877351-project-member] Calling method 'Controller.__getattribute__..version_select' {{(pid=87273) _process_stack /opt/stack/manila/manila/api/openstack/wsgi.py:798}}
Feb 19 01:33:14.911807 np0000156440 devstack@m-api.service[87273]: INFO manila.api.openstack.wsgi [None req-2b57836a-7acd-4659-adc1-03602eb48588 tempest-ReplicationTest-1139877351 tempest-ReplicationTest-1139877351-project-member] https://199.204.45.95/share/v2/11f21e6ec9d549188851c80abb91a73a/share-replicas/8875b44a-4c71-4221-afd0-8ae8e382bf9d returned with HTTP 200
Feb 19 01:33:14.912235 np0000156440 devstack@m-api.service[87273]: [pid: 87273|app: 0|req: 57/121] 199.204.45.95 () {68 vars in 1535 bytes} [Thu Feb 19 01:33:14 2026] GET /share/v2/11f21e6ec9d549188851c80abb91a73a/share-replicas/8875b44a-4c71-4221-afd0-8ae8e382bf9d => generated 323 bytes in 65 msecs (HTTP/1.1 200) 7 headers in 297 bytes (1 switches on core 0)
Feb 19 01:33:16.109166 np0000156440 devstack@m-api.service[87274]: INFO manila.api.openstack.wsgi [None req-590cbee9-63ff-4069-a946-63baa87e8256 tempest-MigrationCancelNFSTest-1049786879 tempest-MigrationCancelNFSTest-1049786879-project-admin] GET https://199.204.45.95/share/v2/495cb0a0314143cab2884677765127bc/shares/11a1def7-9c42-410f-9779-613fe896b890
Feb 19 01:33:16.110756 np0000156440 devstack@m-api.service[87274]: DEBUG manila.api.openstack.wsgi [None req-590cbee9-63ff-4069-a946-63baa87e8256 tempest-MigrationCancelNFSTest-1049786879 tempest-MigrationCancelNFSTest-1049786879-project-admin] Empty body provided in request {{(pid=87274) get_body /opt/stack/manila/manila/api/openstack/wsgi.py:652}}
Feb 19 01:33:16.110756 np0000156440 devstack@m-api.service[87274]: DEBUG manila.api.openstack.wsgi [None req-590cbee9-63ff-4069-a946-63baa87e8256 tempest-MigrationCancelNFSTest-1049786879 tempest-MigrationCancelNFSTest-1049786879-project-admin] Calling method 'ShareMixin.show' {{(pid=87274) _process_stack /opt/stack/manila/manila/api/openstack/wsgi.py:798}}
Feb 19 01:33:16.129690 np0000156440 devstack@m-api.service[87274]: INFO manila.api.openstack.wsgi [None req-590cbee9-63ff-4069-a946-63baa87e8256 tempest-MigrationCancelNFSTest-1049786879 tempest-MigrationCancelNFSTest-1049786879-project-admin] https://199.204.45.95/share/v2/495cb0a0314143cab2884677765127bc/shares/11a1def7-9c42-410f-9779-613fe896b890 returned with HTTP 200
Feb 19 01:33:16.130155 np0000156440 devstack@m-api.service[87274]: [pid: 87274|app: 0|req: 65/122] 199.204.45.95 () {68 vars in 1511 bytes} [Thu Feb 19 01:33:16 2026] GET /share/v2/495cb0a0314143cab2884677765127bc/shares/11a1def7-9c42-410f-9779-613fe896b890 => generated 1453 bytes in 24 msecs (HTTP/1.1 200) 7 headers in 298 bytes (2 switches on core 0)
Feb 19 01:33:16.139542 np0000156440 devstack@m-api.service[87273]: INFO manila.api.openstack.wsgi [None req-1def3e59-d0d2-4abc-8e2c-09646be95593 tempest-MigrationCancelNFSTest-1049786879 tempest-MigrationCancelNFSTest-1049786879-project-admin] GET https://199.204.45.95/share/v2/495cb0a0314143cab2884677765127bc/shares/11a1def7-9c42-410f-9779-613fe896b890
Feb 19 01:33:16.140080 np0000156440 devstack@m-api.service[87273]: DEBUG manila.api.openstack.wsgi [None req-1def3e59-d0d2-4abc-8e2c-09646be95593 tempest-MigrationCancelNFSTest-1049786879 tempest-MigrationCancelNFSTest-1049786879-project-admin] Empty body provided in request {{(pid=87273) get_body /opt/stack/manila/manila/api/openstack/wsgi.py:652}}
Feb 19 01:33:16.140080 np0000156440 devstack@m-api.service[87273]: DEBUG manila.api.openstack.wsgi [None req-1def3e59-d0d2-4abc-8e2c-09646be95593 tempest-MigrationCancelNFSTest-1049786879 tempest-MigrationCancelNFSTest-1049786879-project-admin] Calling method 'ShareMixin.show' {{(pid=87273) _process_stack /opt/stack/manila/manila/api/openstack/wsgi.py:798}}
Feb 19 01:33:16.164589 np0000156440 devstack@m-api.service[87273]: INFO manila.api.openstack.wsgi [None req-1def3e59-d0d2-4abc-8e2c-09646be95593 tempest-MigrationCancelNFSTest-1049786879 tempest-MigrationCancelNFSTest-1049786879-project-admin] https://199.204.45.95/share/v2/495cb0a0314143cab2884677765127bc/shares/11a1def7-9c42-410f-9779-613fe896b890 returned with HTTP 200
Feb 19 01:33:16.165116 np0000156440 devstack@m-api.service[87273]: [pid: 87273|app: 0|req: 58/123] 199.204.45.95 () {68 vars in 1511 bytes} [Thu Feb 19 01:33:16 2026] GET /share/v2/495cb0a0314143cab2884677765127bc/shares/11a1def7-9c42-410f-9779-613fe896b890 => generated 1453 bytes in 27 msecs (HTTP/1.1 200) 7 headers in 298 bytes (1 switches on core 0)
Feb 19 01:33:16.176926 np0000156440 devstack@m-api.service[87274]: INFO manila.api.openstack.wsgi [None req-e8e83c9c-80da-42cd-8dbb-28f6c48a7126 tempest-MigrationCancelNFSTest-1049786879 tempest-MigrationCancelNFSTest-1049786879-project-admin] POST https://199.204.45.95/share/v2/495cb0a0314143cab2884677765127bc/shares/11a1def7-9c42-410f-9779-613fe896b890/action
Feb 19 01:33:16.176926 np0000156440 devstack@m-api.service[87274]: DEBUG manila.api.openstack.wsgi [None req-e8e83c9c-80da-42cd-8dbb-28f6c48a7126 tempest-MigrationCancelNFSTest-1049786879 tempest-MigrationCancelNFSTest-1049786879-project-admin] Action body: b'{"migration_start": {"host": "np0000156440@london#alpha", "force_host_assisted_migration": true, "new_share_network_id": null, "new_share_type_id": null, "writable": false, "preserve_metadata": false, "preserve_snapshots": false, "nondisruptive": false}}' {{(pid=87274) get_method /opt/stack/manila/manila/api/openstack/wsgi.py:912}}
Feb 19 01:33:16.177305 np0000156440 devstack@m-api.service[87274]: DEBUG manila.api.openstack.wsgi [None req-e8e83c9c-80da-42cd-8dbb-28f6c48a7126 tempest-MigrationCancelNFSTest-1049786879 tempest-MigrationCancelNFSTest-1049786879-project-admin] Action: 'action', calling method: Controller.__getattribute__..version_select, body: {"migration_start": {"host": "np0000156440@london#alpha", "force_host_assisted_migration": true, "new_share_network_id": null, "new_share_type_id": null, "writable": false, "preserve_metadata": false, "preserve_snapshots": false, "nondisruptive": false}} {{(pid=87274) _process_stack /opt/stack/manila/manila/api/openstack/wsgi.py:796}}
Feb 19 01:33:16.204015 np0000156440 devstack@m-api.service[87273]: INFO manila.api.openstack.wsgi [None req-7b6b8316-d1ce-4317-b023-12355416be25 tempest-ShareIpRulesForNFSTest-1459420935 tempest-ShareIpRulesForNFSTest-1459420935-project-member] GET https://199.204.45.95/share/v2/0961fc30068949c5872e2535babd2696/share-access-rules?share_id=c2f5c315-eb7c-4139-beee-f5c7e8b0fc6b
Feb 19 01:33:16.204015 np0000156440 devstack@m-api.service[87273]: DEBUG manila.api.openstack.wsgi [None req-7b6b8316-d1ce-4317-b023-12355416be25 tempest-ShareIpRulesForNFSTest-1459420935 tempest-ShareIpRulesForNFSTest-1459420935-project-member] Empty body provided in request {{(pid=87273) get_body /opt/stack/manila/manila/api/openstack/wsgi.py:652}}
Feb 19 01:33:16.204015 np0000156440 devstack@m-api.service[87273]: DEBUG manila.api.openstack.wsgi [None req-7b6b8316-d1ce-4317-b023-12355416be25 tempest-ShareIpRulesForNFSTest-1459420935 tempest-ShareIpRulesForNFSTest-1459420935-project-member] Calling method 'Controller.__getattribute__..version_select' {{(pid=87273) _process_stack /opt/stack/manila/manila/api/openstack/wsgi.py:798}}
Feb 19 01:33:16.221043 np0000156440 devstack@m-api.service[87273]: INFO manila.api.openstack.wsgi [None req-7b6b8316-d1ce-4317-b023-12355416be25 tempest-ShareIpRulesForNFSTest-1459420935 tempest-ShareIpRulesForNFSTest-1459420935-project-member] https://199.204.45.95/share/v2/0961fc30068949c5872e2535babd2696/share-access-rules?share_id=c2f5c315-eb7c-4139-beee-f5c7e8b0fc6b returned with HTTP 200
Feb 19 01:33:16.221514 np0000156440 devstack@m-api.service[87273]: [pid: 87273|app: 0|req: 59/124] 199.204.45.95 () {68 vars in 1527 bytes} [Thu Feb 19 01:33:16 2026] GET /share/v2/0961fc30068949c5872e2535babd2696/share-access-rules?share_id=c2f5c315-eb7c-4139-beee-f5c7e8b0fc6b => generated 19 bytes in 28 msecs (HTTP/1.1 200) 7 headers in 296 bytes (1 switches on core 0)
Feb 19 01:33:16.242328 np0000156440 devstack@m-api.service[87273]: INFO manila.api.openstack.wsgi [None req-ed49ffb4-a427-4bc1-8d9a-33a4042b3bc7 tempest-ShareIpRulesForNFSTest-1459420935 tempest-ShareIpRulesForNFSTest-1459420935-project-member] POST https://199.204.45.95/share/v2/0961fc30068949c5872e2535babd2696/shares/c2f5c315-eb7c-4139-beee-f5c7e8b0fc6b/action
Feb 19 01:33:16.242693 np0000156440 devstack@m-api.service[87273]: DEBUG manila.api.openstack.wsgi [None req-ed49ffb4-a427-4bc1-8d9a-33a4042b3bc7 tempest-ShareIpRulesForNFSTest-1459420935 tempest-ShareIpRulesForNFSTest-1459420935-project-member] Action body: b'{"allow_access": {"access_type": "ip", "access_to": "203.0.113.0/24", "access_level": "rw"}}' {{(pid=87273) get_method /opt/stack/manila/manila/api/openstack/wsgi.py:912}}
Feb 19 01:33:16.243751 np0000156440 devstack@m-api.service[87273]: DEBUG manila.api.openstack.wsgi [None req-ed49ffb4-a427-4bc1-8d9a-33a4042b3bc7 tempest-ShareIpRulesForNFSTest-1459420935 tempest-ShareIpRulesForNFSTest-1459420935-project-member] Action: 'action', calling method: ShareController.allow_access, body: {"allow_access": {"access_type": "ip", "access_to": "203.0.113.0/24", "access_level": "rw"}} {{(pid=87273) _process_stack /opt/stack/manila/manila/api/openstack/wsgi.py:796}}
Feb 19 01:33:16.296858 np0000156440 devstack@m-api.service[87273]: DEBUG oslo_concurrency.lockutils [None req-ed49ffb4-a427-4bc1-8d9a-33a4042b3bc7 tempest-ShareIpRulesForNFSTest-1459420935 tempest-ShareIpRulesForNFSTest-1459420935-project-member] Acquiring lock "locked_access_rules_operation_by_share_instance_9bfa131a-f2d2-4a23-9e86-4f12dfe075aa" by "manila.share.access.locked_access_rules_operation..wrapped..locked_operation" {{(pid=87273) inner /opt/stack/data/venv/lib/python3.12/site-packages/oslo_concurrency/lockutils.py:506}}
Feb 19 01:33:16.299072 np0000156440 devstack@m-api.service[87273]: DEBUG oslo_concurrency.lockutils [None req-ed49ffb4-a427-4bc1-8d9a-33a4042b3bc7 tempest-ShareIpRulesForNFSTest-1459420935 tempest-ShareIpRulesForNFSTest-1459420935-project-member] Lock "locked_access_rules_operation_by_share_instance_9bfa131a-f2d2-4a23-9e86-4f12dfe075aa" acquired by "manila.share.access.locked_access_rules_operation..wrapped..locked_operation" :: waited 0.003s {{(pid=87273) inner /opt/stack/data/venv/lib/python3.12/site-packages/oslo_concurrency/lockutils.py:519}}
Feb 19 01:33:16.304160 np0000156440 devstack@m-api.service[87274]: INFO manila.api.openstack.wsgi [None req-e8e83c9c-80da-42cd-8dbb-28f6c48a7126 tempest-MigrationCancelNFSTest-1049786879 tempest-MigrationCancelNFSTest-1049786879-project-admin] https://199.204.45.95/share/v2/495cb0a0314143cab2884677765127bc/shares/11a1def7-9c42-410f-9779-613fe896b890/action returned with HTTP 202
Feb 19 01:33:16.305551 np0000156440 devstack@m-api.service[87274]: [pid: 87274|app: 0|req: 66/125] 199.204.45.95 () {72 vars in 1602 bytes} [Thu Feb 19 01:33:16 2026] POST /share/v2/495cb0a0314143cab2884677765127bc/shares/11a1def7-9c42-410f-9779-613fe896b890/action => generated 0 bytes in 133 msecs (HTTP/1.1 202) 8 headers in 352 bytes (1 switches on core 0)
Feb 19 01:33:16.323747 np0000156440 devstack@m-api.service[87274]: INFO manila.api.openstack.wsgi [None req-27275f77-5f13-468f-971d-4a45368aa1eb tempest-MigrationCancelNFSTest-1049786879 tempest-MigrationCancelNFSTest-1049786879-project-admin] GET https://199.204.45.95/share/v2/495cb0a0314143cab2884677765127bc/shares/11a1def7-9c42-410f-9779-613fe896b890
Feb 19 01:33:16.325609 np0000156440 devstack@m-api.service[87274]: DEBUG manila.api.openstack.wsgi [None req-27275f77-5f13-468f-971d-4a45368aa1eb tempest-MigrationCancelNFSTest-1049786879 tempest-MigrationCancelNFSTest-1049786879-project-admin] Empty body provided in request {{(pid=87274) get_body /opt/stack/manila/manila/api/openstack/wsgi.py:652}}
Feb 19 01:33:16.325609 np0000156440 devstack@m-api.service[87274]: DEBUG manila.api.openstack.wsgi [None req-27275f77-5f13-468f-971d-4a45368aa1eb tempest-MigrationCancelNFSTest-1049786879 tempest-MigrationCancelNFSTest-1049786879-project-admin] Calling method 'ShareMixin.show' {{(pid=87274) _process_stack /opt/stack/manila/manila/api/openstack/wsgi.py:798}}
Feb 19 01:33:16.357482 np0000156440 devstack@m-api.service[87274]: INFO manila.api.openstack.wsgi [None req-27275f77-5f13-468f-971d-4a45368aa1eb tempest-MigrationCancelNFSTest-1049786879 tempest-MigrationCancelNFSTest-1049786879-project-admin] https://199.204.45.95/share/v2/495cb0a0314143cab2884677765127bc/shares/11a1def7-9c42-410f-9779-613fe896b890 returned with HTTP 200
Feb 19 01:33:16.359181 np0000156440 devstack@m-api.service[87274]: [pid: 87274|app: 0|req: 67/126] 199.204.45.95 () {68 vars in 1511 bytes} [Thu Feb 19 01:33:16 2026] GET /share/v2/495cb0a0314143cab2884677765127bc/shares/11a1def7-9c42-410f-9779-613fe896b890 => generated 1469 bytes in 37 msecs (HTTP/1.1 200) 7 headers in 298 bytes (1 switches on core 0)
Feb 19 01:33:16.392334 np0000156440 devstack@m-api.service[87273]: DEBUG oslo_concurrency.lockutils [None req-ed49ffb4-a427-4bc1-8d9a-33a4042b3bc7 tempest-ShareIpRulesForNFSTest-1459420935 tempest-ShareIpRulesForNFSTest-1459420935-project-member] Lock "locked_access_rules_operation_by_share_instance_9bfa131a-f2d2-4a23-9e86-4f12dfe075aa" "released" by "manila.share.access.locked_access_rules_operation..wrapped..locked_operation" :: held 0.093s {{(pid=87273) inner /opt/stack/data/venv/lib/python3.12/site-packages/oslo_concurrency/lockutils.py:538}}
Feb 19 01:33:16.399793 np0000156440 devstack@m-api.service[87273]: INFO manila.api.openstack.wsgi [None req-ed49ffb4-a427-4bc1-8d9a-33a4042b3bc7 tempest-ShareIpRulesForNFSTest-1459420935 tempest-ShareIpRulesForNFSTest-1459420935-project-member] https://199.204.45.95/share/v2/0961fc30068949c5872e2535babd2696/shares/c2f5c315-eb7c-4139-beee-f5c7e8b0fc6b/action returned with HTTP 200
Feb 19 01:33:16.400927 np0000156440 devstack@m-api.service[87273]: [pid: 87273|app: 0|req: 60/127] 199.204.45.95 () {70 vars in 1553 bytes} [Thu Feb 19 01:33:16 2026] POST /share/v2/0961fc30068949c5872e2535babd2696/shares/c2f5c315-eb7c-4139-beee-f5c7e8b0fc6b/action => generated 296 bytes in 162 msecs (HTTP/1.1 200) 7 headers in 297 bytes (1 switches on core 0)
Feb 19 01:33:16.429846 np0000156440 devstack@m-api.service[87274]: INFO manila.api.openstack.wsgi [None req-7e6c32f2-de72-48de-bcf6-7454eca575e2 tempest-ShareIpRulesForNFSTest-1459420935 tempest-ShareIpRulesForNFSTest-1459420935-project-member] POST https://199.204.45.95/share/v2/0961fc30068949c5872e2535babd2696/shares/c2f5c315-eb7c-4139-beee-f5c7e8b0fc6b/action
Feb 19 01:33:16.433903 np0000156440 devstack@m-api.service[87274]: DEBUG manila.api.openstack.wsgi [None req-7e6c32f2-de72-48de-bcf6-7454eca575e2 tempest-ShareIpRulesForNFSTest-1459420935 tempest-ShareIpRulesForNFSTest-1459420935-project-member] Action body: b'{"access_list": null}' {{(pid=87274) get_method /opt/stack/manila/manila/api/openstack/wsgi.py:912}}
Feb 19 01:33:16.433903 np0000156440 devstack@m-api.service[87274]: DEBUG manila.api.openstack.wsgi [None req-7e6c32f2-de72-48de-bcf6-7454eca575e2 tempest-ShareIpRulesForNFSTest-1459420935 tempest-ShareIpRulesForNFSTest-1459420935-project-member] Action: 'action', calling method: ShareController.access_list, body: {"access_list": null} {{(pid=87274) _process_stack /opt/stack/manila/manila/api/openstack/wsgi.py:796}}
Feb 19 01:33:16.513418 np0000156440 devstack@m-api.service[87274]: INFO manila.api.openstack.wsgi [None req-7e6c32f2-de72-48de-bcf6-7454eca575e2 tempest-ShareIpRulesForNFSTest-1459420935 tempest-ShareIpRulesForNFSTest-1459420935-project-member] https://199.204.45.95/share/v2/0961fc30068949c5872e2535babd2696/shares/c2f5c315-eb7c-4139-beee-f5c7e8b0fc6b/action returned with HTTP 200
Feb 19 01:33:16.515871 np0000156440 devstack@m-api.service[87274]: [pid: 87274|app: 0|req: 68/128] 199.204.45.95 () {70 vars in 1553 bytes} [Thu Feb 19 01:33:16 2026] POST /share/v2/0961fc30068949c5872e2535babd2696/shares/c2f5c315-eb7c-4139-beee-f5c7e8b0fc6b/action => generated 251 bytes in 92 msecs (HTTP/1.1 200) 7 headers in 297 bytes (1 switches on core 0)
Feb 19 01:33:17.021427 np0000156440 devstack@m-api.service[87273]: INFO manila.api.openstack.wsgi [None req-b7577d4f-ce0c-4c58-ab32-d7a068f60898 tempest-ReplicationAdminTest-815328312 tempest-ReplicationAdminTest-815328312-project-admin] GET https://199.204.45.95/share/v2/2d6889719de748718df0b5d4bbbf8618/share-replicas/be8dc046-f23d-4327-9836-026a393e585b
Feb 19 01:33:17.023411 np0000156440 devstack@m-api.service[87273]: DEBUG manila.api.openstack.wsgi [None req-b7577d4f-ce0c-4c58-ab32-d7a068f60898 tempest-ReplicationAdminTest-815328312 tempest-ReplicationAdminTest-815328312-project-admin] Empty body provided in request {{(pid=87273) get_body /opt/stack/manila/manila/api/openstack/wsgi.py:652}}
Feb 19 01:33:17.023411 np0000156440 devstack@m-api.service[87273]: DEBUG manila.api.openstack.wsgi [None req-b7577d4f-ce0c-4c58-ab32-d7a068f60898 tempest-ReplicationAdminTest-815328312 tempest-ReplicationAdminTest-815328312-project-admin] Calling method 'Controller.__getattribute__..version_select' {{(pid=87273) _process_stack /opt/stack/manila/manila/api/openstack/wsgi.py:798}}
Feb 19 01:33:17.067276 np0000156440 devstack@m-api.service[87274]: INFO manila.api.openstack.wsgi [None req-6812eae4-cb4f-438b-8389-5431b427f34a tempest-AdminActionsTest-718694498 tempest-AdminActionsTest-718694498-project-admin] GET https://199.204.45.95/share/v2/8fcf0a1ddc4f402a89d35801a689f933/shares/c5961b29-72f6-4b2d-acbc-c208eb1e65d4
Feb 19 01:33:17.067750 np0000156440 devstack@m-api.service[87274]: DEBUG manila.api.openstack.wsgi [None req-6812eae4-cb4f-438b-8389-5431b427f34a tempest-AdminActionsTest-718694498 tempest-AdminActionsTest-718694498-project-admin] Empty body provided in request {{(pid=87274) get_body /opt/stack/manila/manila/api/openstack/wsgi.py:652}}
Feb 19 01:33:17.069865 np0000156440 devstack@m-api.service[87274]: DEBUG manila.api.openstack.wsgi [None req-6812eae4-cb4f-438b-8389-5431b427f34a tempest-AdminActionsTest-718694498 tempest-AdminActionsTest-718694498-project-admin] Calling method 'ShareMixin.show' {{(pid=87274) _process_stack /opt/stack/manila/manila/api/openstack/wsgi.py:798}}
Feb 19 01:33:17.078155 np0000156440 devstack@m-api.service[87274]: INFO manila.api.openstack.wsgi [None req-6812eae4-cb4f-438b-8389-5431b427f34a tempest-AdminActionsTest-718694498 tempest-AdminActionsTest-718694498-project-admin] HTTP exception thrown: The resource could not be found.
Feb 19 01:33:17.078155 np0000156440 devstack@m-api.service[87274]: INFO manila.api.openstack.wsgi [None req-6812eae4-cb4f-438b-8389-5431b427f34a tempest-AdminActionsTest-718694498 tempest-AdminActionsTest-718694498-project-admin] https://199.204.45.95/share/v2/8fcf0a1ddc4f402a89d35801a689f933/shares/c5961b29-72f6-4b2d-acbc-c208eb1e65d4 returned with HTTP 404
Feb 19 01:33:17.078155 np0000156440 devstack@m-api.service[87274]: [pid: 87274|app: 0|req: 69/129] 199.204.45.95 () {68 vars in 1511 bytes} [Thu Feb 19 01:33:17 2026] GET /share/v2/8fcf0a1ddc4f402a89d35801a689f933/shares/c5961b29-72f6-4b2d-acbc-c208eb1e65d4 => generated 78 bytes in 13 msecs (HTTP/1.1 404) 7 headers in 303 bytes (1 switches on core 0)
Feb 19 01:33:17.078760 np0000156440 devstack@m-api.service[87273]: INFO manila.api.openstack.wsgi [None req-b7577d4f-ce0c-4c58-ab32-d7a068f60898 tempest-ReplicationAdminTest-815328312 tempest-ReplicationAdminTest-815328312-project-admin] https://199.204.45.95/share/v2/2d6889719de748718df0b5d4bbbf8618/share-replicas/be8dc046-f23d-4327-9836-026a393e585b returned with HTTP 200
Feb 19 01:33:17.079858 np0000156440 devstack@m-api.service[87273]: [pid: 87273|app: 0|req: 61/130] 199.204.45.95 () {68 vars in 1535 bytes} [Thu Feb 19 01:33:17 2026] GET /share/v2/2d6889719de748718df0b5d4bbbf8618/share-replicas/be8dc046-f23d-4327-9836-026a393e585b => generated 412 bytes in 62 msecs (HTTP/1.1 200) 7 headers in 297 bytes (1 switches on core 0)
Feb 19 01:33:17.094746 np0000156440 devstack@m-api.service[87274]: INFO manila.api.openstack.wsgi [None req-6f191963-91a4-4c05-bee8-cd50c78f5cc4 tempest-AdminActionsTest-718694498 tempest-AdminActionsTest-718694498-project-admin] POST https://199.204.45.95/share/v2/8fcf0a1ddc4f402a89d35801a689f933/shares
Feb 19 01:33:17.094746 np0000156440 devstack@m-api.service[87274]: DEBUG manila.api.openstack.wsgi [None req-6f191963-91a4-4c05-bee8-cd50c78f5cc4 tempest-AdminActionsTest-718694498 tempest-AdminActionsTest-718694498-project-admin] Action: 'create', calling method: Controller.__getattribute__..version_select, body: {"share": {"share_proto": "nfs", "description": "Tempest's share", "snapshot_id": null, "name": "tempest-tempest-created-share-998453156", "size": 1, "metadata": {}, "is_public": false, "share_type": "14ee63ed-47eb-4939-ad3a-d4277c223157"}} {{(pid=87274) _process_stack /opt/stack/manila/manila/api/openstack/wsgi.py:796}}
Feb 19 01:33:17.095154 np0000156440 devstack@m-api.service[87274]: INFO manila.api.v2.shares [None req-6f191963-91a4-4c05-bee8-cd50c78f5cc4 tempest-AdminActionsTest-718694498 tempest-AdminActionsTest-718694498-project-admin] Create NFS share of 1 GB
Feb 19 01:33:17.169084 np0000156440 devstack@m-api.service[87274]: DEBUG manila.quota [None req-6f191963-91a4-4c05-bee8-cd50c78f5cc4 tempest-AdminActionsTest-718694498 tempest-AdminActionsTest-718694498-project-admin] Created reservations ['e205e31b-7cc7-4189-a938-c27480ae339c', '5e3e1937-4cda-4c49-965f-12caba6492d2', '97db3302-5fe1-4224-b15f-b5002c1d0be0', '98d52890-7812-437f-a8b0-9b3939d3f76c'] {{(pid=87274) reserve /opt/stack/manila/manila/quota.py:1038}}
