Feb 17 02:20:59.826330 np0000155914 neutron-periodic-workers[105073]: DEBUG cotyledon.oslo_config_glue [-] ml2.tunnelled_network_rp_name = rp_tunnelled {{(pid=105073) log_opt_values /opt/stack/data/venv/lib/python3.12/site-packages/oslo_config/cfg.py:2824}}
Feb 17 02:20:59.826330 np0000155914 neutron-periodic-workers[105073]: DEBUG cotyledon.oslo_config_glue [-] ml2.type_drivers = ['local', 'flat', 'vlan', 'geneve'] {{(pid=105073) log_opt_values /opt/stack/data/venv/lib/python3.12/site-packages/oslo_config/cfg.py:2824}}
Feb 17 02:20:59.826416 np0000155914 neutron-periodic-workers[105073]: DEBUG cotyledon.oslo_config_glue [-] ml2_type_flat.flat_networks = ['public'] {{(pid=105073) log_opt_values /opt/stack/data/venv/lib/python3.12/site-packages/oslo_config/cfg.py:2824}}
Feb 17 02:20:59.826474 np0000155914 neutron-periodic-workers[105073]: DEBUG cotyledon.oslo_config_glue [-] ml2_type_geneve.max_header_size = 38 {{(pid=105073) log_opt_values /opt/stack/data/venv/lib/python3.12/site-packages/oslo_config/cfg.py:2824}}
Feb 17 02:20:59.826474 np0000155914 neutron-periodic-workers[105073]: DEBUG cotyledon.oslo_config_glue [-] ml2_type_geneve.vni_ranges = ['1:65536'] {{(pid=105073) log_opt_values /opt/stack/data/venv/lib/python3.12/site-packages/oslo_config/cfg.py:2824}}
Feb 17 02:20:59.826556 np0000155914 neutron-periodic-workers[105073]: DEBUG cotyledon.oslo_config_glue [-] ml2_type_vlan.network_vlan_ranges = ['public'] {{(pid=105073) log_opt_values /opt/stack/data/venv/lib/python3.12/site-packages/oslo_config/cfg.py:2824}}
Feb 17 02:20:59.826600 np0000155914 neutron-periodic-workers[105073]: DEBUG cotyledon.oslo_config_glue [-] network_log.burst_limit = 25 {{(pid=105073) log_opt_values /opt/stack/data/venv/lib/python3.12/site-packages/oslo_config/cfg.py:2824}}
Feb 17 02:20:59.826647 np0000155914 neutron-periodic-workers[105073]: DEBUG cotyledon.oslo_config_glue [-] network_log.local_output_log_base = None {{(pid=105073) log_opt_values /opt/stack/data/venv/lib/python3.12/site-packages/oslo_config/cfg.py:2824}}
Feb 17 02:20:59.826691 np0000155914 neutron-periodic-workers[105073]: DEBUG cotyledon.oslo_config_glue [-] network_log.rate_limit = 100 {{(pid=105073) log_opt_values /opt/stack/data/venv/lib/python3.12/site-packages/oslo_config/cfg.py:2824}}
Feb 17 02:20:59.826747 np0000155914 neutron-periodic-workers[105073]: DEBUG cotyledon.oslo_config_glue [-] database.asyncio_connection = **** {{(pid=105073) log_opt_values /opt/stack/data/venv/lib/python3.12/site-packages/oslo_config/cfg.py:2824}}
Feb 17 02:20:59.826794 np0000155914 neutron-periodic-workers[105073]: DEBUG cotyledon.oslo_config_glue [-] database.asyncio_slave_connection = **** {{(pid=105073) log_opt_values /opt/stack/data/venv/lib/python3.12/site-packages/oslo_config/cfg.py:2824}}
Feb 17 02:20:59.826843 np0000155914 neutron-periodic-workers[105073]: DEBUG cotyledon.oslo_config_glue [-] database.backend = sqlalchemy {{(pid=105073) log_opt_values /opt/stack/data/venv/lib/python3.12/site-packages/oslo_config/cfg.py:2824}}
Feb 17 02:20:59.826941 np0000155914 neutron-periodic-workers[105073]: DEBUG cotyledon.oslo_config_glue [-] database.connection = **** {{(pid=105073) log_opt_values /opt/stack/data/venv/lib/python3.12/site-packages/oslo_config/cfg.py:2824}}
Feb 17 02:20:59.826941 np0000155914 neutron-periodic-workers[105073]: DEBUG cotyledon.oslo_config_glue [-] database.connection_debug = 0 {{(pid=105073) log_opt_values /opt/stack/data/venv/lib/python3.12/site-packages/oslo_config/cfg.py:2824}}
Feb 17 02:20:59.827047 np0000155914 neutron-periodic-workers[105073]: DEBUG cotyledon.oslo_config_glue [-] database.connection_parameters = {{(pid=105073) log_opt_values /opt/stack/data/venv/lib/python3.12/site-packages/oslo_config/cfg.py:2824}}
Feb 17 02:20:59.827047 np0000155914 neutron-periodic-workers[105073]: DEBUG cotyledon.oslo_config_glue [-] database.connection_recycle_time = 3600 {{(pid=105073) log_opt_values /opt/stack/data/venv/lib/python3.12/site-packages/oslo_config/cfg.py:2824}}
Feb 17 02:20:59.827135 np0000155914 neutron-periodic-workers[105073]: DEBUG cotyledon.oslo_config_glue [-] database.connection_trace = False {{(pid=105073) log_opt_values /opt/stack/data/venv/lib/python3.12/site-packages/oslo_config/cfg.py:2824}}
Feb 17 02:20:59.827135 np0000155914 neutron-periodic-workers[105073]: DEBUG cotyledon.oslo_config_glue [-] database.db_inc_retry_interval = True {{(pid=105073) log_opt_values /opt/stack/data/venv/lib/python3.12/site-packages/oslo_config/cfg.py:2824}}
Feb 17 02:20:59.827218 np0000155914 neutron-periodic-workers[105073]: DEBUG cotyledon.oslo_config_glue [-] database.db_max_retries = 20 {{(pid=105073) log_opt_values /opt/stack/data/venv/lib/python3.12/site-packages/oslo_config/cfg.py:2824}}
Feb 17 02:20:59.827218 np0000155914 neutron-periodic-workers[105073]: DEBUG cotyledon.oslo_config_glue [-] database.db_max_retry_interval = 10 {{(pid=105073) log_opt_values /opt/stack/data/venv/lib/python3.12/site-packages/oslo_config/cfg.py:2824}}
Feb 17 02:20:59.827218 np0000155914 neutron-periodic-workers[105073]: DEBUG cotyledon.oslo_config_glue [-] database.db_retry_interval = 1 {{(pid=105073) log_opt_values /opt/stack/data/venv/lib/python3.12/site-packages/oslo_config/cfg.py:2824}}
Feb 17 02:20:59.827328 np0000155914 neutron-periodic-workers[105073]: DEBUG cotyledon.oslo_config_glue [-] database.max_overflow = 50 {{(pid=105073) log_opt_values /opt/stack/data/venv/lib/python3.12/site-packages/oslo_config/cfg.py:2824}}
Feb 17 02:20:59.827328 np0000155914 neutron-periodic-workers[105073]: DEBUG cotyledon.oslo_config_glue [-] database.max_pool_size = 5 {{(pid=105073) log_opt_values /opt/stack/data/venv/lib/python3.12/site-packages/oslo_config/cfg.py:2824}}
Feb 17 02:20:59.827328 np0000155914 neutron-periodic-workers[105073]: DEBUG cotyledon.oslo_config_glue [-] database.max_retries = 10 {{(pid=105073) log_opt_values /opt/stack/data/venv/lib/python3.12/site-packages/oslo_config/cfg.py:2824}}
Feb 17 02:20:59.827440 np0000155914 neutron-periodic-workers[105073]: DEBUG cotyledon.oslo_config_glue [-] database.mysql_sql_mode = TRADITIONAL {{(pid=105073) log_opt_values /opt/stack/data/venv/lib/python3.12/site-packages/oslo_config/cfg.py:2824}}
Feb 17 02:20:59.827440 np0000155914 neutron-periodic-workers[105073]: DEBUG cotyledon.oslo_config_glue [-] database.mysql_wsrep_sync_wait = None {{(pid=105073) log_opt_values /opt/stack/data/venv/lib/python3.12/site-packages/oslo_config/cfg.py:2824}}
Feb 17 02:20:59.827440 np0000155914 neutron-periodic-workers[105073]: DEBUG cotyledon.oslo_config_glue [-] database.pool_timeout = None {{(pid=105073) log_opt_values /opt/stack/data/venv/lib/python3.12/site-packages/oslo_config/cfg.py:2824}}
Feb 17 02:20:59.827550 np0000155914 neutron-periodic-workers[105073]: DEBUG cotyledon.oslo_config_glue [-] database.retry_interval = 10 {{(pid=105073) log_opt_values /opt/stack/data/venv/lib/python3.12/site-packages/oslo_config/cfg.py:2824}}
Feb 17 02:20:59.827550 np0000155914 neutron-periodic-workers[105073]: DEBUG cotyledon.oslo_config_glue [-] database.slave_connection = **** {{(pid=105073) log_opt_values /opt/stack/data/venv/lib/python3.12/site-packages/oslo_config/cfg.py:2824}}
Feb 17 02:20:59.827630 np0000155914 neutron-periodic-workers[105073]: DEBUG cotyledon.oslo_config_glue [-] database.sqlite_synchronous = True {{(pid=105073) log_opt_values /opt/stack/data/venv/lib/python3.12/site-packages/oslo_config/cfg.py:2824}}
Feb 17 02:20:59.827630 np0000155914 neutron-periodic-workers[105073]: DEBUG cotyledon.oslo_config_glue [-] database.synchronous_reader = True {{(pid=105073) log_opt_values /opt/stack/data/venv/lib/python3.12/site-packages/oslo_config/cfg.py:2824}}
Feb 17 02:20:59.827734 np0000155914 neutron-periodic-workers[105073]: DEBUG cotyledon.oslo_config_glue [-] database.use_db_reconnect = False {{(pid=105073) log_opt_values /opt/stack/data/venv/lib/python3.12/site-packages/oslo_config/cfg.py:2824}}
Feb 17 02:20:59.827734 np0000155914 neutron-periodic-workers[105073]: DEBUG cotyledon.oslo_config_glue [-] ovn.broadcast_arps_to_all_routers = True {{(pid=105073) log_opt_values /opt/stack/data/venv/lib/python3.12/site-packages/oslo_config/cfg.py:2824}}
Feb 17 02:20:59.827818 np0000155914 neutron-periodic-workers[105073]: DEBUG cotyledon.oslo_config_glue [-] ovn.dhcp_default_lease_time = 43200 {{(pid=105073) log_opt_values /opt/stack/data/venv/lib/python3.12/site-packages/oslo_config/cfg.py:2824}}
Feb 17 02:20:59.827818 np0000155914 neutron-periodic-workers[105073]: DEBUG cotyledon.oslo_config_glue [-] ovn.disable_ovn_dhcp_for_baremetal_ports = False {{(pid=105073) log_opt_values /opt/stack/data/venv/lib/python3.12/site-packages/oslo_config/cfg.py:2824}}
Feb 17 02:20:59.827910 np0000155914 neutron-periodic-workers[105073]: DEBUG cotyledon.oslo_config_glue [-] ovn.dns_records_ovn_owned = False {{(pid=105073) log_opt_values /opt/stack/data/venv/lib/python3.12/site-packages/oslo_config/cfg.py:2824}}
Feb 17 02:20:59.827910 np0000155914 neutron-periodic-workers[105073]: DEBUG cotyledon.oslo_config_glue [-] ovn.dns_servers = [] {{(pid=105073) log_opt_values /opt/stack/data/venv/lib/python3.12/site-packages/oslo_config/cfg.py:2824}}
Feb 17 02:20:59.828027 np0000155914 neutron-periodic-workers[105073]: DEBUG cotyledon.oslo_config_glue [-] ovn.enable_distributed_floating_ip = False {{(pid=105073) log_opt_values /opt/stack/data/venv/lib/python3.12/site-packages/oslo_config/cfg.py:2824}}
Feb 17 02:20:59.828027 np0000155914 neutron-periodic-workers[105073]: DEBUG cotyledon.oslo_config_glue [-] ovn.fdb_age_threshold = 0 {{(pid=105073) log_opt_values /opt/stack/data/venv/lib/python3.12/site-packages/oslo_config/cfg.py:2824}}
Feb 17 02:20:59.828027 np0000155914 neutron-periodic-workers[105073]: DEBUG cotyledon.oslo_config_glue [-] ovn.live_migration_activation_strategy = rarp {{(pid=105073) log_opt_values /opt/stack/data/venv/lib/python3.12/site-packages/oslo_config/cfg.py:2824}}
Feb 17 02:20:59.828141 np0000155914 neutron-periodic-workers[105073]: DEBUG cotyledon.oslo_config_glue [-] ovn.localnet_learn_fdb = False {{(pid=105073) log_opt_values /opt/stack/data/venv/lib/python3.12/site-packages/oslo_config/cfg.py:2824}}
Feb 17 02:20:59.828141 np0000155914 neutron-periodic-workers[105073]: DEBUG cotyledon.oslo_config_glue [-] ovn.mac_binding_age_threshold = 0 {{(pid=105073) log_opt_values /opt/stack/data/venv/lib/python3.12/site-packages/oslo_config/cfg.py:2824}}
Feb 17 02:20:59.828219 np0000155914 neutron-periodic-workers[105073]: DEBUG cotyledon.oslo_config_glue [-] ovn.neutron_sync_mode = log {{(pid=105073) log_opt_values /opt/stack/data/venv/lib/python3.12/site-packages/oslo_config/cfg.py:2824}}
Feb 17 02:20:59.828219 np0000155914 neutron-periodic-workers[105073]: DEBUG cotyledon.oslo_config_glue [-] ovn.ovn_dhcp4_global_options = {} {{(pid=105073) log_opt_values /opt/stack/data/venv/lib/python3.12/site-packages/oslo_config/cfg.py:2824}}
Feb 17 02:20:59.828307 np0000155914 neutron-periodic-workers[105073]: DEBUG cotyledon.oslo_config_glue [-] ovn.ovn_dhcp6_global_options = {} {{(pid=105073) log_opt_values /opt/stack/data/venv/lib/python3.12/site-packages/oslo_config/cfg.py:2824}}
Feb 17 02:20:59.828307 np0000155914 neutron-periodic-workers[105073]: DEBUG cotyledon.oslo_config_glue [-] ovn.ovn_l3_scheduler = leastloaded {{(pid=105073) log_opt_values /opt/stack/data/venv/lib/python3.12/site-packages/oslo_config/cfg.py:2824}}
Feb 17 02:20:59.828384 np0000155914 neutron-periodic-workers[105073]: DEBUG cotyledon.oslo_config_glue [-] ovn.ovn_metadata_enabled = True {{(pid=105073) log_opt_values /opt/stack/data/venv/lib/python3.12/site-packages/oslo_config/cfg.py:2824}}
Feb 17 02:20:59.828384 np0000155914 neutron-periodic-workers[105073]: DEBUG cotyledon.oslo_config_glue [-] ovn.ovn_nb_ca_cert = /opt/stack/data/CA/int-ca/ca-chain.pem {{(pid=105073) log_opt_values /opt/stack/data/venv/lib/python3.12/site-packages/oslo_config/cfg.py:2824}}
Feb 17 02:20:59.828461 np0000155914 neutron-periodic-workers[105073]: DEBUG cotyledon.oslo_config_glue [-] ovn.ovn_nb_certificate = /opt/stack/data/CA/int-ca/devstack-cert.crt {{(pid=105073) log_opt_values /opt/stack/data/venv/lib/python3.12/site-packages/oslo_config/cfg.py:2824}}
Feb 17 02:20:59.828461 np0000155914 neutron-periodic-workers[105073]: DEBUG cotyledon.oslo_config_glue [-] ovn.ovn_nb_connection = ['ssl:199.204.45.250:6641'] {{(pid=105073) log_opt_values /opt/stack/data/venv/lib/python3.12/site-packages/oslo_config/cfg.py:2824}}
Feb 17 02:20:59.828559 np0000155914 neutron-periodic-workers[105073]: DEBUG cotyledon.oslo_config_glue [-] ovn.ovn_nb_private_key = /opt/stack/data/CA/int-ca/private/devstack-cert.key {{(pid=105073) log_opt_values /opt/stack/data/venv/lib/python3.12/site-packages/oslo_config/cfg.py:2824}}
Feb 17 02:20:59.828559 np0000155914 neutron-periodic-workers[105073]: DEBUG cotyledon.oslo_config_glue [-] ovn.ovn_router_indirect_snat = False {{(pid=105073) log_opt_values /opt/stack/data/venv/lib/python3.12/site-packages/oslo_config/cfg.py:2824}}
Feb 17 02:20:59.828644 np0000155914 neutron-periodic-workers[105073]: DEBUG cotyledon.oslo_config_glue [-] ovn.ovn_sb_ca_cert = /opt/stack/data/CA/int-ca/ca-chain.pem {{(pid=105073) log_opt_values /opt/stack/data/venv/lib/python3.12/site-packages/oslo_config/cfg.py:2824}}
Feb 17 02:20:59.828644 np0000155914 neutron-periodic-workers[105073]: DEBUG cotyledon.oslo_config_glue [-] ovn.ovn_sb_certificate = /opt/stack/data/CA/int-ca/devstack-cert.crt {{(pid=105073) log_opt_values /opt/stack/data/venv/lib/python3.12/site-packages/oslo_config/cfg.py:2824}}
Feb 17 02:20:59.828644 np0000155914 neutron-periodic-workers[105073]: DEBUG cotyledon.oslo_config_glue [-] ovn.ovn_sb_connection = ['ssl:199.204.45.250:6642'] {{(pid=105073) log_opt_values /opt/stack/data/venv/lib/python3.12/site-packages/oslo_config/cfg.py:2824}}
Feb 17 02:20:59.828746 np0000155914 neutron-periodic-workers[105073]: DEBUG cotyledon.oslo_config_glue [-] ovn.ovn_sb_private_key = /opt/stack/data/CA/int-ca/private/devstack-cert.key {{(pid=105073) log_opt_values /opt/stack/data/venv/lib/python3.12/site-packages/oslo_config/cfg.py:2824}}
Feb 17 02:20:59.828746 np0000155914 neutron-periodic-workers[105073]: DEBUG cotyledon.oslo_config_glue [-] ovn.ovs_create_tap = False {{(pid=105073) log_opt_values /opt/stack/data/venv/lib/python3.12/site-packages/oslo_config/cfg.py:2824}}
Feb 17 02:20:59.828833 np0000155914 neutron-periodic-workers[105073]: DEBUG cotyledon.oslo_config_glue [-] ovn.ovsdb_connection_timeout = 180 {{(pid=105073) log_opt_values /opt/stack/data/venv/lib/python3.12/site-packages/oslo_config/cfg.py:2824}}
Feb 17 02:20:59.828833 np0000155914 neutron-periodic-workers[105073]: DEBUG cotyledon.oslo_config_glue [-] ovn.ovsdb_log_level = INFO {{(pid=105073) log_opt_values /opt/stack/data/venv/lib/python3.12/site-packages/oslo_config/cfg.py:2824}}
Feb 17 02:20:59.828923 np0000155914 neutron-periodic-workers[105073]: DEBUG cotyledon.oslo_config_glue [-] ovn.ovsdb_probe_interval = 60000 {{(pid=105073) log_opt_values /opt/stack/data/venv/lib/python3.12/site-packages/oslo_config/cfg.py:2824}}
Feb 17 02:20:59.828923 np0000155914 neutron-periodic-workers[105073]: DEBUG cotyledon.oslo_config_glue [-] ovn.ovsdb_retry_max_interval = 180 {{(pid=105073) log_opt_values /opt/stack/data/venv/lib/python3.12/site-packages/oslo_config/cfg.py:2824}}
Feb 17 02:20:59.828923 np0000155914 neutron-periodic-workers[105073]: DEBUG cotyledon.oslo_config_glue [-] ovn.stateless_nat_enabled = False {{(pid=105073) log_opt_values /opt/stack/data/venv/lib/python3.12/site-packages/oslo_config/cfg.py:2824}}
Feb 17 02:20:59.829041 np0000155914 neutron-periodic-workers[105073]: DEBUG cotyledon.oslo_config_glue [-] ovn.vhost_sock_dir = /var/run/openvswitch {{(pid=105073) log_opt_values /opt/stack/data/venv/lib/python3.12/site-packages/oslo_config/cfg.py:2824}}
Feb 17 02:20:59.829099 np0000155914 neutron-periodic-workers[105073]: DEBUG cotyledon.oslo_config_glue [-] OVS.bridge_mac_table_size = 50000 {{(pid=105073) log_opt_values /opt/stack/data/venv/lib/python3.12/site-packages/oslo_config/cfg.py:2824}}
Feb 17 02:20:59.829099 np0000155914 neutron-periodic-workers[105073]: DEBUG cotyledon.oslo_config_glue [-] OVS.igmp_flood = False {{(pid=105073) log_opt_values /opt/stack/data/venv/lib/python3.12/site-packages/oslo_config/cfg.py:2824}}
Feb 17 02:20:59.829196 np0000155914 neutron-periodic-workers[105073]: DEBUG cotyledon.oslo_config_glue [-] OVS.igmp_flood_reports = True {{(pid=105073) log_opt_values /opt/stack/data/venv/lib/python3.12/site-packages/oslo_config/cfg.py:2824}}
Feb 17 02:20:59.829196 np0000155914 neutron-periodic-workers[105073]: DEBUG cotyledon.oslo_config_glue [-] OVS.igmp_flood_unregistered = False {{(pid=105073) log_opt_values /opt/stack/data/venv/lib/python3.12/site-packages/oslo_config/cfg.py:2824}}
Feb 17 02:20:59.829288 np0000155914 neutron-periodic-workers[105073]: DEBUG cotyledon.oslo_config_glue [-] OVS.igmp_snooping_enable = False {{(pid=105073) log_opt_values /opt/stack/data/venv/lib/python3.12/site-packages/oslo_config/cfg.py:2824}}
Feb 17 02:20:59.829288 np0000155914 neutron-periodic-workers[105073]: DEBUG cotyledon.oslo_config_glue [-] OVS.ovsdb_timeout = 10 {{(pid=105073) log_opt_values /opt/stack/data/venv/lib/python3.12/site-packages/oslo_config/cfg.py:2824}}
Feb 17 02:20:59.829373 np0000155914 neutron-periodic-workers[105073]: DEBUG cotyledon.oslo_config_glue [-] ovn_nb_global.fdb_removal_limit = 0 {{(pid=105073) log_opt_values /opt/stack/data/venv/lib/python3.12/site-packages/oslo_config/cfg.py:2824}}
Feb 17 02:20:59.829373 np0000155914 neutron-periodic-workers[105073]: DEBUG cotyledon.oslo_config_glue [-] ovn_nb_global.ignore_lsp_down = False {{(pid=105073) log_opt_values /opt/stack/data/venv/lib/python3.12/site-packages/oslo_config/cfg.py:2824}}
Feb 17 02:20:59.829453 np0000155914 neutron-periodic-workers[105073]: DEBUG cotyledon.oslo_config_glue [-] ovn_nb_global.mac_binding_removal_limit = 0 {{(pid=105073) log_opt_values /opt/stack/data/venv/lib/python3.12/site-packages/oslo_config/cfg.py:2824}}
Feb 17 02:20:59.829453 np0000155914 neutron-periodic-workers[105073]: DEBUG cotyledon.oslo_config_glue [-] ******************************************************************************** {{(pid=105073) log_opt_values /opt/stack/data/venv/lib/python3.12/site-packages/oslo_config/cfg.py:2828}}
Feb 17 02:20:59.829649 np0000155914 neutron-periodic-workers[105073]: DEBUG cotyledon._service_worker [-] Run service ServiceWrapper(0) [105073] {{(pid=105073) wait_forever /opt/stack/data/venv/lib/python3.12/site-packages/cotyledon/_service_worker.py:218}}
Feb 17 02:21:09.460281 np0000155914 neutron-periodic-workers[104273]: DEBUG dbcounter [-] [104273] Writing DB stats neutron:SELECT=4 {{(pid=104273) stat_writer /opt/stack/data/venv/lib/python3.12/site-packages/dbcounter.py:115}}
Feb 17 02:21:42.792321 np0000155914 neutron-periodic-workers[105050]: DEBUG oslo_db.sqlalchemy.engines [None req-3c498cd7-3f0d-46a7-a5a0-b1ca1aaa56c1 None None] Parent process 104273 forked (105050) with an open database connection, which is being discarded and recreated. {{(pid=105050) checkout /opt/stack/data/venv/lib/python3.12/site-packages/oslo_db/sqlalchemy/engines.py:402}}
Feb 17 02:21:42.800695 np0000155914 neutron-periodic-workers[105050]: DEBUG dbcounter [-] [105050] Writer thread running {{(pid=105050) stat_writer /opt/stack/data/venv/lib/python3.12/site-packages/dbcounter.py:102}}
Feb 17 02:21:42.809629 np0000155914 neutron-periodic-workers[105050]: DEBUG oslo.service.backend._threading.loopingcall [None req-3c498cd7-3f0d-46a7-a5a0-b1ca1aaa56c1 None None] Fixed interval looping call 'neutron.plugins.ml2.plugin.DhcpAgentSchedulerDbMixin.remove_networks_from_down_agents' sleeping for 36.97 seconds {{(pid=105050) _run_loop /opt/stack/data/venv/lib/python3.12/site-packages/oslo_service/backend/_threading/loopingcall.py:125}}
Feb 17 02:21:52.808407 np0000155914 neutron-periodic-workers[105050]: DEBUG dbcounter [-] [105050] Writing DB stats neutron:SELECT=3 {{(pid=105050) stat_writer /opt/stack/data/venv/lib/python3.12/site-packages/dbcounter.py:115}}
Feb 17 02:22:06.804144 np0000155914 neutron-periodic-workers[105056]: DEBUG dbcounter [-] [105056] Writer thread running {{(pid=105056) stat_writer /opt/stack/data/venv/lib/python3.12/site-packages/dbcounter.py:102}}
Feb 17 02:22:06.807475 np0000155914 neutron-periodic-workers[105056]: DEBUG neutron.db.agents_db [None req-c47a2d5d-a225-4228-bbe9-b5d450c553c1 None None] Agent healthcheck: found 0 active agents {{(pid=105056) agent_health_check /opt/stack/neutron/neutron/db/agents_db.py:317}}
Feb 17 02:22:06.807727 np0000155914 neutron-periodic-workers[105056]: DEBUG oslo.service.backend._threading.loopingcall [None req-c47a2d5d-a225-4228-bbe9-b5d450c553c1 None None] Fixed interval looping call 'neutron.plugins.ml2.plugin.AgentDbMixin.agent_health_check' sleeping for 36.98 seconds {{(pid=105056) _run_loop /opt/stack/data/venv/lib/python3.12/site-packages/oslo_service/backend/_threading/loopingcall.py:125}}
Feb 17 02:22:16.805326 np0000155914 neutron-periodic-workers[105056]: DEBUG dbcounter [-] [105056] Writing DB stats neutron:SELECT=1 {{(pid=105056) stat_writer /opt/stack/data/venv/lib/python3.12/site-packages/dbcounter.py:115}}
Feb 17 02:22:19.788004 np0000155914 neutron-periodic-workers[105050]: DEBUG oslo.service.backend._threading.loopingcall [None req-3c498cd7-3f0d-46a7-a5a0-b1ca1aaa56c1 None None] Fixed interval looping call 'neutron.plugins.ml2.plugin.DhcpAgentSchedulerDbMixin.remove_networks_from_down_agents' sleeping for 36.99 seconds {{(pid=105050) _run_loop /opt/stack/data/venv/lib/python3.12/site-packages/oslo_service/backend/_threading/loopingcall.py:125}}
Feb 17 02:22:29.787197 np0000155914 neutron-periodic-workers[105050]: DEBUG dbcounter [-] [105050] Writing DB stats neutron:SELECT=3 {{(pid=105050) stat_writer /opt/stack/data/venv/lib/python3.12/site-packages/dbcounter.py:115}}
Feb 17 02:22:43.793834 np0000155914 neutron-periodic-workers[105056]: DEBUG neutron.db.agents_db [None req-c47a2d5d-a225-4228-bbe9-b5d450c553c1 None None] Agent healthcheck: found 0 active agents {{(pid=105056) agent_health_check /opt/stack/neutron/neutron/db/agents_db.py:317}}
Feb 17 02:22:43.794557 np0000155914 neutron-periodic-workers[105056]: DEBUG oslo.service.backend._threading.loopingcall [None req-c47a2d5d-a225-4228-bbe9-b5d450c553c1 None None] Fixed interval looping call 'neutron.plugins.ml2.plugin.AgentDbMixin.agent_health_check' sleeping for 36.99 seconds {{(pid=105056) _run_loop /opt/stack/data/venv/lib/python3.12/site-packages/oslo_service/backend/_threading/loopingcall.py:125}}
Feb 17 02:22:53.791766 np0000155914 neutron-periodic-workers[105056]: DEBUG dbcounter [-] [105056] Writing DB stats neutron:SELECT=1 {{(pid=105056) stat_writer /opt/stack/data/venv/lib/python3.12/site-packages/dbcounter.py:115}}
Feb 17 02:22:56.785605 np0000155914 neutron-periodic-workers[105050]: DEBUG oslo.service.backend._threading.loopingcall [None req-3c498cd7-3f0d-46a7-a5a0-b1ca1aaa56c1 None None] Fixed interval looping call 'neutron.plugins.ml2.plugin.DhcpAgentSchedulerDbMixin.remove_networks_from_down_agents' sleeping for 36.99 seconds {{(pid=105050) _run_loop /opt/stack/data/venv/lib/python3.12/site-packages/oslo_service/backend/_threading/loopingcall.py:125}}
Feb 17 02:22:59.817439 np0000155914 neutron-periodic-workers[105061]: DEBUG dbcounter [-] [105061] Writer thread running {{(pid=105061) stat_writer /opt/stack/data/venv/lib/python3.12/site-packages/dbcounter.py:102}}
Feb 17 02:22:59.819180 np0000155914 neutron-periodic-workers[105061]: DEBUG oslo.service.backend._threading.loopingcall [None req-30e0860b-185d-427b-afb8-b1a40da4852e None None] Fixed interval looping call 'neutron.db.quota.driver_nolock.DbQuotaNoLockDriver._remove_expired_reservations' sleeping for 119.99 seconds {{(pid=105061) _run_loop /opt/stack/data/venv/lib/python3.12/site-packages/oslo_service/backend/_threading/loopingcall.py:125}}
Feb 17 02:23:06.784806 np0000155914 neutron-periodic-workers[105050]: DEBUG dbcounter [-] [105050] Writing DB stats neutron:SELECT=3 {{(pid=105050) stat_writer /opt/stack/data/venv/lib/python3.12/site-packages/dbcounter.py:115}}
Feb 17 02:23:09.818131 np0000155914 neutron-periodic-workers[105061]: DEBUG dbcounter [-] [105061] Writing DB stats neutron:DELETE=1 {{(pid=105061) stat_writer /opt/stack/data/venv/lib/python3.12/site-packages/dbcounter.py:115}}
Feb 17 02:23:20.790017 np0000155914 neutron-periodic-workers[105056]: DEBUG neutron.db.agents_db [None req-c47a2d5d-a225-4228-bbe9-b5d450c553c1 None None] Agent healthcheck: found 0 active agents {{(pid=105056) agent_health_check /opt/stack/neutron/neutron/db/agents_db.py:317}}
Feb 17 02:23:20.790851 np0000155914 neutron-periodic-workers[105056]: DEBUG oslo.service.backend._threading.loopingcall [None req-c47a2d5d-a225-4228-bbe9-b5d450c553c1 None None] Fixed interval looping call 'neutron.plugins.ml2.plugin.AgentDbMixin.agent_health_check' sleeping for 36.99 seconds {{(pid=105056) _run_loop /opt/stack/data/venv/lib/python3.12/site-packages/oslo_service/backend/_threading/loopingcall.py:125}}
Feb 17 02:23:30.788093 np0000155914 neutron-periodic-workers[105056]: DEBUG dbcounter [-] [105056] Writing DB stats neutron:SELECT=1 {{(pid=105056) stat_writer /opt/stack/data/venv/lib/python3.12/site-packages/dbcounter.py:115}}
Feb 17 02:23:33.786562 np0000155914 neutron-periodic-workers[105050]: DEBUG oslo.service.backend._threading.loopingcall [None req-3c498cd7-3f0d-46a7-a5a0-b1ca1aaa56c1 None None] Fixed interval looping call 'neutron.plugins.ml2.plugin.DhcpAgentSchedulerDbMixin.remove_networks_from_down_agents' sleeping for 36.99 seconds {{(pid=105050) _run_loop /opt/stack/data/venv/lib/python3.12/site-packages/oslo_service/backend/_threading/loopingcall.py:125}}
Feb 17 02:23:43.784788 np0000155914 neutron-periodic-workers[105050]: DEBUG dbcounter [-] [105050] Writing DB stats neutron:SELECT=3 {{(pid=105050) stat_writer /opt/stack/data/venv/lib/python3.12/site-packages/dbcounter.py:115}}
Feb 17 02:23:57.784083 np0000155914 neutron-periodic-workers[105056]: DEBUG neutron.db.agents_db [None req-c47a2d5d-a225-4228-bbe9-b5d450c553c1 None None] Agent healthcheck: found 0 active agents {{(pid=105056) agent_health_check /opt/stack/neutron/neutron/db/agents_db.py:317}}
Feb 17 02:23:57.784083 np0000155914 neutron-periodic-workers[105056]: DEBUG oslo.service.backend._threading.loopingcall [None req-c47a2d5d-a225-4228-bbe9-b5d450c553c1 None None] Fixed interval looping call 'neutron.plugins.ml2.plugin.AgentDbMixin.agent_health_check' sleeping for 37.00 seconds {{(pid=105056) _run_loop /opt/stack/data/venv/lib/python3.12/site-packages/oslo_service/backend/_threading/loopingcall.py:125}}
Feb 17 02:24:07.783060 np0000155914 neutron-periodic-workers[105056]: DEBUG dbcounter [-] [105056] Writing DB stats neutron:SELECT=1 {{(pid=105056) stat_writer /opt/stack/data/venv/lib/python3.12/site-packages/dbcounter.py:115}}
Feb 17 02:24:10.782626 np0000155914 neutron-periodic-workers[105050]: DEBUG oslo.service.backend._threading.loopingcall [None req-3c498cd7-3f0d-46a7-a5a0-b1ca1aaa56c1 None None] Fixed interval looping call 'neutron.plugins.ml2.plugin.DhcpAgentSchedulerDbMixin.remove_networks_from_down_agents' sleeping for 36.99 seconds {{(pid=105050) _run_loop /opt/stack/data/venv/lib/python3.12/site-packages/oslo_service/backend/_threading/loopingcall.py:125}}
Feb 17 02:24:16.862552 np0000155914 neutron-periodic-workers[105073]: DEBUG dbcounter [-] [105073] Writer thread running {{(pid=105073) stat_writer /opt/stack/data/venv/lib/python3.12/site-packages/dbcounter.py:102}}
Feb 17 02:24:16.877935 np0000155914 neutron-periodic-workers[105073]: DEBUG oslo.service.backend._threading.loopingcall [None req-db002ea8-3843-4e8d-9d8a-c0ee7597722c None None] Fixed interval looping call 'neutron.services.ovn_l3.plugin.L3_NAT_dbonly_mixin._clean_garbage' sleeping for 299.95 seconds {{(pid=105073) _run_loop /opt/stack/data/venv/lib/python3.12/site-packages/oslo_service/backend/_threading/loopingcall.py:125}}
Feb 17 02:24:20.781817 np0000155914 neutron-periodic-workers[105050]: DEBUG dbcounter [-] [105050] Writing DB stats neutron:SELECT=3 {{(pid=105050) stat_writer /opt/stack/data/venv/lib/python3.12/site-packages/dbcounter.py:115}}
Feb 17 02:24:26.863107 np0000155914 neutron-periodic-workers[105073]: DEBUG dbcounter [-] [105073] Writing DB stats neutron:SELECT=1 {{(pid=105073) stat_writer /opt/stack/data/venv/lib/python3.12/site-packages/dbcounter.py:115}}
Feb 17 02:24:34.788007 np0000155914 neutron-periodic-workers[105056]: DEBUG neutron.db.agents_db [None req-c47a2d5d-a225-4228-bbe9-b5d450c553c1 None None] Agent healthcheck: found 0 active agents {{(pid=105056) agent_health_check /opt/stack/neutron/neutron/db/agents_db.py:317}}
Feb 17 02:24:34.788558 np0000155914 neutron-periodic-workers[105056]: DEBUG oslo.service.backend._threading.loopingcall [None req-c47a2d5d-a225-4228-bbe9-b5d450c553c1 None None] Fixed interval looping call 'neutron.plugins.ml2.plugin.AgentDbMixin.agent_health_check' sleeping for 37.00 seconds {{(pid=105056) _run_loop /opt/stack/data/venv/lib/python3.12/site-packages/oslo_service/backend/_threading/loopingcall.py:125}}
Feb 17 02:24:44.786906 np0000155914 neutron-periodic-workers[105056]: DEBUG dbcounter [-] [105056] Writing DB stats neutron:SELECT=1 {{(pid=105056) stat_writer /opt/stack/data/venv/lib/python3.12/site-packages/dbcounter.py:115}}
Feb 17 02:24:47.782792 np0000155914 neutron-periodic-workers[105050]: DEBUG oslo.service.backend._threading.loopingcall [None req-3c498cd7-3f0d-46a7-a5a0-b1ca1aaa56c1 None None] Fixed interval looping call 'neutron.plugins.ml2.plugin.DhcpAgentSchedulerDbMixin.remove_networks_from_down_agents' sleeping for 36.99 seconds {{(pid=105050) _run_loop /opt/stack/data/venv/lib/python3.12/site-packages/oslo_service/backend/_threading/loopingcall.py:125}}
Feb 17 02:24:57.781718 np0000155914 neutron-periodic-workers[105050]: DEBUG dbcounter [-] [105050] Writing DB stats neutron:SELECT=3 {{(pid=105050) stat_writer /opt/stack/data/venv/lib/python3.12/site-packages/dbcounter.py:115}}
Feb 17 02:24:59.813071 np0000155914 neutron-periodic-workers[105061]: DEBUG oslo.service.backend._threading.loopingcall [None req-30e0860b-185d-427b-afb8-b1a40da4852e None None] Fixed interval looping call 'neutron.db.quota.driver_nolock.DbQuotaNoLockDriver._remove_expired_reservations' sleeping for 120.00 seconds {{(pid=105061) _run_loop /opt/stack/data/venv/lib/python3.12/site-packages/oslo_service/backend/_threading/loopingcall.py:125}}
Feb 17 02:25:09.812006 np0000155914 neutron-periodic-workers[105061]: DEBUG dbcounter [-] [105061] Writing DB stats neutron:DELETE=1 {{(pid=105061) stat_writer /opt/stack/data/venv/lib/python3.12/site-packages/dbcounter.py:115}}
Feb 17 02:25:11.792090 np0000155914 neutron-periodic-workers[105056]: DEBUG neutron.db.agents_db [None req-c47a2d5d-a225-4228-bbe9-b5d450c553c1 None None] Agent healthcheck: found 0 active agents {{(pid=105056) agent_health_check /opt/stack/neutron/neutron/db/agents_db.py:317}}
Feb 17 02:25:11.792612 np0000155914 neutron-periodic-workers[105056]: DEBUG oslo.service.backend._threading.loopingcall [None req-c47a2d5d-a225-4228-bbe9-b5d450c553c1 None None] Fixed interval looping call 'neutron.plugins.ml2.plugin.AgentDbMixin.agent_health_check' sleeping for 37.00 seconds {{(pid=105056) _run_loop /opt/stack/data/venv/lib/python3.12/site-packages/oslo_service/backend/_threading/loopingcall.py:125}}
Feb 17 02:25:21.791298 np0000155914 neutron-periodic-workers[105056]: DEBUG dbcounter [-] [105056] Writing DB stats neutron:SELECT=1 {{(pid=105056) stat_writer /opt/stack/data/venv/lib/python3.12/site-packages/dbcounter.py:115}}
Feb 17 02:25:24.783499 np0000155914 neutron-periodic-workers[105050]: DEBUG oslo.service.backend._threading.loopingcall [None req-3c498cd7-3f0d-46a7-a5a0-b1ca1aaa56c1 None None] Fixed interval looping call 'neutron.plugins.ml2.plugin.DhcpAgentSchedulerDbMixin.remove_networks_from_down_agents' sleeping for 36.99 seconds {{(pid=105050) _run_loop /opt/stack/data/venv/lib/python3.12/site-packages/oslo_service/backend/_threading/loopingcall.py:125}}
Feb 17 02:25:34.782454 np0000155914 neutron-periodic-workers[105050]: DEBUG dbcounter [-] [105050] Writing DB stats neutron:SELECT=3 {{(pid=105050) stat_writer /opt/stack/data/venv/lib/python3.12/site-packages/dbcounter.py:115}}
Feb 17 02:25:48.797725 np0000155914 neutron-periodic-workers[105056]: DEBUG neutron.db.agents_db [None req-c47a2d5d-a225-4228-bbe9-b5d450c553c1 None None] Agent healthcheck: found 0 active agents {{(pid=105056) agent_health_check /opt/stack/neutron/neutron/db/agents_db.py:317}}
Feb 17 02:25:48.798308 np0000155914 neutron-periodic-workers[105056]: DEBUG oslo.service.backend._threading.loopingcall [None req-c47a2d5d-a225-4228-bbe9-b5d450c553c1 None None] Fixed interval looping call 'neutron.plugins.ml2.plugin.AgentDbMixin.agent_health_check' sleeping for 36.99 seconds {{(pid=105056) _run_loop /opt/stack/data/venv/lib/python3.12/site-packages/oslo_service/backend/_threading/loopingcall.py:125}}
Feb 17 02:25:58.795889 np0000155914 neutron-periodic-workers[105056]: DEBUG dbcounter [-] [105056] Writing DB stats neutron:SELECT=1 {{(pid=105056) stat_writer /opt/stack/data/venv/lib/python3.12/site-packages/dbcounter.py:115}}
Feb 17 02:26:01.780749 np0000155914 neutron-periodic-workers[105050]: DEBUG oslo.service.backend._threading.loopingcall [None req-3c498cd7-3f0d-46a7-a5a0-b1ca1aaa56c1 None None] Fixed interval looping call 'neutron.plugins.ml2.plugin.DhcpAgentSchedulerDbMixin.remove_networks_from_down_agents' sleeping for 36.99 seconds {{(pid=105050) _run_loop /opt/stack/data/venv/lib/python3.12/site-packages/oslo_service/backend/_threading/loopingcall.py:125}}
Feb 17 02:26:11.779960 np0000155914 neutron-periodic-workers[105050]: DEBUG dbcounter [-] [105050] Writing DB stats neutron:SELECT=3 {{(pid=105050) stat_writer /opt/stack/data/venv/lib/python3.12/site-packages/dbcounter.py:115}}
Feb 17 02:26:25.794063 np0000155914 neutron-periodic-workers[105056]: DEBUG neutron.db.agents_db [None req-c47a2d5d-a225-4228-bbe9-b5d450c553c1 None None] Agent healthcheck: found 0 active agents {{(pid=105056) agent_health_check /opt/stack/neutron/neutron/db/agents_db.py:317}}
Feb 17 02:26:25.794651 np0000155914 neutron-periodic-workers[105056]: DEBUG oslo.service.backend._threading.loopingcall [None req-c47a2d5d-a225-4228-bbe9-b5d450c553c1 None None] Fixed interval looping call 'neutron.plugins.ml2.plugin.AgentDbMixin.agent_health_check' sleeping for 36.99 seconds {{(pid=105056) _run_loop /opt/stack/data/venv/lib/python3.12/site-packages/oslo_service/backend/_threading/loopingcall.py:125}}
Feb 17 02:26:35.792306 np0000155914 neutron-periodic-workers[105056]: DEBUG dbcounter [-] [105056] Writing DB stats neutron:SELECT=1 {{(pid=105056) stat_writer /opt/stack/data/venv/lib/python3.12/site-packages/dbcounter.py:115}}
Feb 17 02:26:38.781182 np0000155914 neutron-periodic-workers[105050]: DEBUG oslo.service.backend._threading.loopingcall [None req-3c498cd7-3f0d-46a7-a5a0-b1ca1aaa56c1 None None] Fixed interval looping call 'neutron.plugins.ml2.plugin.DhcpAgentSchedulerDbMixin.remove_networks_from_down_agents' sleeping for 36.99 seconds {{(pid=105050) _run_loop /opt/stack/data/venv/lib/python3.12/site-packages/oslo_service/backend/_threading/loopingcall.py:125}}
Feb 17 02:26:48.780083 np0000155914 neutron-periodic-workers[105050]: DEBUG dbcounter [-] [105050] Writing DB stats neutron:SELECT=3 {{(pid=105050) stat_writer /opt/stack/data/venv/lib/python3.12/site-packages/dbcounter.py:115}}
Feb 17 02:26:59.819560 np0000155914 neutron-periodic-workers[105061]: DEBUG oslo.service.backend._threading.loopingcall [None req-30e0860b-185d-427b-afb8-b1a40da4852e None None] Fixed interval looping call 'neutron.db.quota.driver_nolock.DbQuotaNoLockDriver._remove_expired_reservations' sleeping for 119.99 seconds {{(pid=105061) _run_loop /opt/stack/data/venv/lib/python3.12/site-packages/oslo_service/backend/_threading/loopingcall.py:125}}
Feb 17 02:27:02.790365 np0000155914 neutron-periodic-workers[105056]: DEBUG neutron.db.agents_db [None req-c47a2d5d-a225-4228-bbe9-b5d450c553c1 None None] Agent healthcheck: found 0 active agents {{(pid=105056) agent_health_check /opt/stack/neutron/neutron/db/agents_db.py:317}}
Feb 17 02:27:02.791087 np0000155914 neutron-periodic-workers[105056]: DEBUG oslo.service.backend._threading.loopingcall [None req-c47a2d5d-a225-4228-bbe9-b5d450c553c1 None None] Fixed interval looping call 'neutron.plugins.ml2.plugin.AgentDbMixin.agent_health_check' sleeping for 36.99 seconds {{(pid=105056) _run_loop /opt/stack/data/venv/lib/python3.12/site-packages/oslo_service/backend/_threading/loopingcall.py:125}}
Feb 17 02:27:09.818557 np0000155914 neutron-periodic-workers[105061]: DEBUG dbcounter [-] [105061] Writing DB stats neutron:DELETE=1 {{(pid=105061) stat_writer /opt/stack/data/venv/lib/python3.12/site-packages/dbcounter.py:115}}
Feb 17 02:27:12.788563 np0000155914 neutron-periodic-workers[105056]: DEBUG dbcounter [-] [105056] Writing DB stats neutron:SELECT=1 {{(pid=105056) stat_writer /opt/stack/data/venv/lib/python3.12/site-packages/dbcounter.py:115}}
Feb 17 02:27:15.782220 np0000155914 neutron-periodic-workers[105050]: DEBUG oslo.service.backend._threading.loopingcall [None req-3c498cd7-3f0d-46a7-a5a0-b1ca1aaa56c1 None None] Fixed interval looping call 'neutron.plugins.ml2.plugin.DhcpAgentSchedulerDbMixin.remove_networks_from_down_agents' sleeping for 36.99 seconds {{(pid=105050) _run_loop /opt/stack/data/venv/lib/python3.12/site-packages/oslo_service/backend/_threading/loopingcall.py:125}}
Feb 17 02:27:25.780505 np0000155914 neutron-periodic-workers[105050]: DEBUG dbcounter [-] [105050] Writing DB stats neutron:SELECT=3 {{(pid=105050) stat_writer /opt/stack/data/venv/lib/python3.12/site-packages/dbcounter.py:115}}
Feb 17 02:27:39.787452 np0000155914 neutron-periodic-workers[105056]: DEBUG neutron.db.agents_db [None req-c47a2d5d-a225-4228-bbe9-b5d450c553c1 None None] Agent healthcheck: found 0 active agents {{(pid=105056) agent_health_check /opt/stack/neutron/neutron/db/agents_db.py:317}}
Feb 17 02:27:39.788110 np0000155914 neutron-periodic-workers[105056]: DEBUG oslo.service.backend._threading.loopingcall [None req-c47a2d5d-a225-4228-bbe9-b5d450c553c1 None None] Fixed interval looping call 'neutron.plugins.ml2.plugin.AgentDbMixin.agent_health_check' sleeping for 36.99 seconds {{(pid=105056) _run_loop /opt/stack/data/venv/lib/python3.12/site-packages/oslo_service/backend/_threading/loopingcall.py:125}}
Feb 17 02:27:52.539810 np0000155914 neutron-periodic-workers[105056]: DEBUG dbcounter [-] [105056] Writing DB stats neutron:SELECT=1 {{(pid=105056) stat_writer /opt/stack/data/venv/lib/python3.12/site-packages/dbcounter.py:115}}
Feb 17 02:27:52.782576 np0000155914 neutron-periodic-workers[105050]: DEBUG oslo.service.backend._threading.loopingcall [None req-3c498cd7-3f0d-46a7-a5a0-b1ca1aaa56c1 None None] Fixed interval looping call 'neutron.plugins.ml2.plugin.DhcpAgentSchedulerDbMixin.remove_networks_from_down_agents' sleeping for 36.99 seconds {{(pid=105050) _run_loop /opt/stack/data/venv/lib/python3.12/site-packages/oslo_service/backend/_threading/loopingcall.py:125}}
Feb 17 02:28:02.781212 np0000155914 neutron-periodic-workers[105050]: DEBUG dbcounter [-] [105050] Writing DB stats neutron:SELECT=3 {{(pid=105050) stat_writer /opt/stack/data/venv/lib/python3.12/site-packages/dbcounter.py:115}}
Feb 17 02:28:16.784521 np0000155914 neutron-periodic-workers[105056]: DEBUG neutron.db.agents_db [None req-c47a2d5d-a225-4228-bbe9-b5d450c553c1 None None] Agent healthcheck: found 0 active agents {{(pid=105056) agent_health_check /opt/stack/neutron/neutron/db/agents_db.py:317}}
Feb 17 02:28:16.785406 np0000155914 neutron-periodic-workers[105056]: DEBUG oslo.service.backend._threading.loopingcall [None req-c47a2d5d-a225-4228-bbe9-b5d450c553c1 None None] Fixed interval looping call 'neutron.plugins.ml2.plugin.AgentDbMixin.agent_health_check' sleeping for 36.99 seconds {{(pid=105056) _run_loop /opt/stack/data/venv/lib/python3.12/site-packages/oslo_service/backend/_threading/loopingcall.py:125}}
Feb 17 02:28:26.781967 np0000155914 neutron-periodic-workers[105056]: DEBUG dbcounter [-] [105056] Writing DB stats neutron:SELECT=1 {{(pid=105056) stat_writer /opt/stack/data/venv/lib/python3.12/site-packages/dbcounter.py:115}}
Feb 17 02:28:29.782689 np0000155914 neutron-periodic-workers[105050]: DEBUG oslo.service.backend._threading.loopingcall [None req-3c498cd7-3f0d-46a7-a5a0-b1ca1aaa56c1 None None] Fixed interval looping call 'neutron.plugins.ml2.plugin.DhcpAgentSchedulerDbMixin.remove_networks_from_down_agents' sleeping for 36.99 seconds {{(pid=105050) _run_loop /opt/stack/data/venv/lib/python3.12/site-packages/oslo_service/backend/_threading/loopingcall.py:125}}
Feb 17 02:28:39.782089 np0000155914 neutron-periodic-workers[105050]: DEBUG dbcounter [-] [105050] Writing DB stats neutron:SELECT=3 {{(pid=105050) stat_writer /opt/stack/data/venv/lib/python3.12/site-packages/dbcounter.py:115}}
Feb 17 02:28:54.005905 np0000155914 neutron-periodic-workers[105056]: DEBUG neutron.db.agents_db [None req-c47a2d5d-a225-4228-bbe9-b5d450c553c1 None None] Agent healthcheck: found 0 active agents {{(pid=105056) agent_health_check /opt/stack/neutron/neutron/db/agents_db.py:317}}
Feb 17 02:28:54.006513 np0000155914 neutron-periodic-workers[105056]: DEBUG oslo.service.backend._threading.loopingcall [None req-c47a2d5d-a225-4228-bbe9-b5d450c553c1 None None] Fixed interval looping call 'neutron.plugins.ml2.plugin.AgentDbMixin.agent_health_check' sleeping for 36.77 seconds {{(pid=105056) _run_loop /opt/stack/data/venv/lib/python3.12/site-packages/oslo_service/backend/_threading/loopingcall.py:125}}
Feb 17 02:28:59.815119 np0000155914 neutron-periodic-workers[105061]: DEBUG oslo.service.backend._threading.loopingcall [None req-30e0860b-185d-427b-afb8-b1a40da4852e None None] Fixed interval looping call 'neutron.db.quota.driver_nolock.DbQuotaNoLockDriver._remove_expired_reservations' sleeping for 120.00 seconds {{(pid=105061) _run_loop /opt/stack/data/venv/lib/python3.12/site-packages/oslo_service/backend/_threading/loopingcall.py:125}}
Feb 17 02:29:03.783308 np0000155914 neutron-periodic-workers[105056]: DEBUG dbcounter [-] [105056] Writing DB stats neutron:SELECT=1 {{(pid=105056) stat_writer /opt/stack/data/venv/lib/python3.12/site-packages/dbcounter.py:115}}
Feb 17 02:29:06.780742 np0000155914 neutron-periodic-workers[105050]: DEBUG oslo.service.backend._threading.loopingcall [None req-3c498cd7-3f0d-46a7-a5a0-b1ca1aaa56c1 None None] Fixed interval looping call 'neutron.plugins.ml2.plugin.DhcpAgentSchedulerDbMixin.remove_networks_from_down_agents' sleeping for 36.99 seconds {{(pid=105050) _run_loop /opt/stack/data/venv/lib/python3.12/site-packages/oslo_service/backend/_threading/loopingcall.py:125}}
Feb 17 02:29:09.813115 np0000155914 neutron-periodic-workers[105061]: DEBUG dbcounter [-] [105061] Writing DB stats neutron:DELETE=1 {{(pid=105061) stat_writer /opt/stack/data/venv/lib/python3.12/site-packages/dbcounter.py:115}}
Feb 17 02:29:16.779639 np0000155914 neutron-periodic-workers[105050]: DEBUG dbcounter [-] [105050] Writing DB stats neutron:SELECT=3 {{(pid=105050) stat_writer /opt/stack/data/venv/lib/python3.12/site-packages/dbcounter.py:115}}
Feb 17 02:29:16.839645 np0000155914 neutron-periodic-workers[105073]: DEBUG oslo.service.backend._threading.loopingcall [None req-db002ea8-3843-4e8d-9d8a-c0ee7597722c None None] Fixed interval looping call 'neutron.services.ovn_l3.plugin.L3_NAT_dbonly_mixin._clean_garbage' sleeping for 299.99 seconds {{(pid=105073) _run_loop /opt/stack/data/venv/lib/python3.12/site-packages/oslo_service/backend/_threading/loopingcall.py:125}}
Feb 17 02:29:26.834185 np0000155914 neutron-periodic-workers[105073]: DEBUG dbcounter [-] [105073] Writing DB stats neutron:SELECT=1 {{(pid=105073) stat_writer /opt/stack/data/venv/lib/python3.12/site-packages/dbcounter.py:115}}
Feb 17 02:29:30.780560 np0000155914 neutron-periodic-workers[105056]: DEBUG neutron.db.agents_db [None req-c47a2d5d-a225-4228-bbe9-b5d450c553c1 None None] Agent healthcheck: found 0 active agents {{(pid=105056) agent_health_check /opt/stack/neutron/neutron/db/agents_db.py:317}}
Feb 17 02:29:30.781167 np0000155914 neutron-periodic-workers[105056]: DEBUG oslo.service.backend._threading.loopingcall [None req-c47a2d5d-a225-4228-bbe9-b5d450c553c1 None None] Fixed interval looping call 'neutron.plugins.ml2.plugin.AgentDbMixin.agent_health_check' sleeping for 37.00 seconds {{(pid=105056) _run_loop /opt/stack/data/venv/lib/python3.12/site-packages/oslo_service/backend/_threading/loopingcall.py:125}}
Feb 17 02:29:40.779328 np0000155914 neutron-periodic-workers[105056]: DEBUG dbcounter [-] [105056] Writing DB stats neutron:SELECT=1 {{(pid=105056) stat_writer /opt/stack/data/venv/lib/python3.12/site-packages/dbcounter.py:115}}
Feb 17 02:29:44.106021 np0000155914 neutron-periodic-workers[105050]: DEBUG oslo.service.backend._threading.loopingcall [None req-3c498cd7-3f0d-46a7-a5a0-b1ca1aaa56c1 None None] Fixed interval looping call 'neutron.plugins.ml2.plugin.DhcpAgentSchedulerDbMixin.remove_networks_from_down_agents' sleeping for 36.98 seconds {{(pid=105050) _run_loop /opt/stack/data/venv/lib/python3.12/site-packages/oslo_service/backend/_threading/loopingcall.py:125}}
Feb 17 02:29:54.104427 np0000155914 neutron-periodic-workers[105050]: DEBUG dbcounter [-] [105050] Writing DB stats neutron:SELECT=3 {{(pid=105050) stat_writer /opt/stack/data/venv/lib/python3.12/site-packages/dbcounter.py:115}}
Feb 17 02:30:07.785428 np0000155914 neutron-periodic-workers[105056]: DEBUG neutron.db.agents_db [None req-c47a2d5d-a225-4228-bbe9-b5d450c553c1 None None] Agent healthcheck: found 0 active agents {{(pid=105056) agent_health_check /opt/stack/neutron/neutron/db/agents_db.py:317}}
Feb 17 02:30:07.786200 np0000155914 neutron-periodic-workers[105056]: DEBUG oslo.service.backend._threading.loopingcall [None req-c47a2d5d-a225-4228-bbe9-b5d450c553c1 None None] Fixed interval looping call 'neutron.plugins.ml2.plugin.AgentDbMixin.agent_health_check' sleeping for 37.00 seconds {{(pid=105056) _run_loop /opt/stack/data/venv/lib/python3.12/site-packages/oslo_service/backend/_threading/loopingcall.py:125}}
Feb 17 02:30:17.785914 np0000155914 neutron-periodic-workers[105056]: DEBUG dbcounter [-] [105056] Writing DB stats neutron:SELECT=1 {{(pid=105056) stat_writer /opt/stack/data/venv/lib/python3.12/site-packages/dbcounter.py:115}}
Feb 17 02:30:21.096143 np0000155914 neutron-periodic-workers[105050]: DEBUG oslo.service.backend._threading.loopingcall [None req-3c498cd7-3f0d-46a7-a5a0-b1ca1aaa56c1 None None] Fixed interval looping call 'neutron.plugins.ml2.plugin.DhcpAgentSchedulerDbMixin.remove_networks_from_down_agents' sleeping for 36.99 seconds {{(pid=105050) _run_loop /opt/stack/data/venv/lib/python3.12/site-packages/oslo_service/backend/_threading/loopingcall.py:125}}
Feb 17 02:30:31.095658 np0000155914 neutron-periodic-workers[105050]: DEBUG dbcounter [-] [105050] Writing DB stats neutron:SELECT=3 {{(pid=105050) stat_writer /opt/stack/data/venv/lib/python3.12/site-packages/dbcounter.py:115}}
Feb 17 02:30:44.790772 np0000155914 neutron-periodic-workers[105056]: DEBUG neutron.db.agents_db [None req-c47a2d5d-a225-4228-bbe9-b5d450c553c1 None None] Agent healthcheck: found 0 active agents {{(pid=105056) agent_health_check /opt/stack/neutron/neutron/db/agents_db.py:317}}
Feb 17 02:30:44.791401 np0000155914 neutron-periodic-workers[105056]: DEBUG oslo.service.backend._threading.loopingcall [None req-c47a2d5d-a225-4228-bbe9-b5d450c553c1 None None] Fixed interval looping call 'neutron.plugins.ml2.plugin.AgentDbMixin.agent_health_check' sleeping for 37.00 seconds {{(pid=105056) _run_loop /opt/stack/data/venv/lib/python3.12/site-packages/oslo_service/backend/_threading/loopingcall.py:125}}
Feb 17 02:30:54.789688 np0000155914 neutron-periodic-workers[105056]: DEBUG dbcounter [-] [105056] Writing DB stats neutron:SELECT=1 {{(pid=105056) stat_writer /opt/stack/data/venv/lib/python3.12/site-packages/dbcounter.py:115}}
Feb 17 02:30:58.096251 np0000155914 neutron-periodic-workers[105050]: DEBUG oslo.service.backend._threading.loopingcall [None req-3c498cd7-3f0d-46a7-a5a0-b1ca1aaa56c1 None None] Fixed interval looping call 'neutron.plugins.ml2.plugin.DhcpAgentSchedulerDbMixin.remove_networks_from_down_agents' sleeping for 36.99 seconds {{(pid=105050) _run_loop /opt/stack/data/venv/lib/python3.12/site-packages/oslo_service/backend/_threading/loopingcall.py:125}}
Feb 17 02:30:59.819377 np0000155914 neutron-periodic-workers[105061]: DEBUG oslo.service.backend._threading.loopingcall [None req-30e0860b-185d-427b-afb8-b1a40da4852e None None] Fixed interval looping call 'neutron.db.quota.driver_nolock.DbQuotaNoLockDriver._remove_expired_reservations' sleeping for 120.00 seconds {{(pid=105061) _run_loop /opt/stack/data/venv/lib/python3.12/site-packages/oslo_service/backend/_threading/loopingcall.py:125}}
Feb 17 02:31:08.094573 np0000155914 neutron-periodic-workers[105050]: DEBUG dbcounter [-] [105050] Writing DB stats neutron:SELECT=3 {{(pid=105050) stat_writer /opt/stack/data/venv/lib/python3.12/site-packages/dbcounter.py:115}}
Feb 17 02:31:09.818466 np0000155914 neutron-periodic-workers[105061]: DEBUG dbcounter [-] [105061] Writing DB stats neutron:DELETE=1 {{(pid=105061) stat_writer /opt/stack/data/venv/lib/python3.12/site-packages/dbcounter.py:115}}
Feb 17 02:31:21.797017 np0000155914 neutron-periodic-workers[105056]: DEBUG neutron.db.agents_db [None req-c47a2d5d-a225-4228-bbe9-b5d450c553c1 None None] Agent healthcheck: found 0 active agents {{(pid=105056) agent_health_check /opt/stack/neutron/neutron/db/agents_db.py:317}}
