May 08 15:22:47.651955 np0000172757 neutron-periodic-workers[105063]: DEBUG cotyledon.oslo_config_glue [-] database.asyncio_connection = **** {{(pid=105063) log_opt_values /opt/stack/data/venv/lib/python3.12/site-packages/oslo_config/cfg.py:3006}}
May 08 15:22:47.652000 np0000172757 neutron-periodic-workers[105063]: DEBUG cotyledon.oslo_config_glue [-] database.asyncio_slave_connection = **** {{(pid=105063) log_opt_values /opt/stack/data/venv/lib/python3.12/site-packages/oslo_config/cfg.py:3006}}
May 08 15:22:47.652060 np0000172757 neutron-periodic-workers[105063]: DEBUG cotyledon.oslo_config_glue [-] database.backend = sqlalchemy {{(pid=105063) log_opt_values /opt/stack/data/venv/lib/python3.12/site-packages/oslo_config/cfg.py:3006}}
May 08 15:22:47.652105 np0000172757 neutron-periodic-workers[105063]: DEBUG cotyledon.oslo_config_glue [-] database.connection = **** {{(pid=105063) log_opt_values /opt/stack/data/venv/lib/python3.12/site-packages/oslo_config/cfg.py:3006}}
May 08 15:22:47.652151 np0000172757 neutron-periodic-workers[105063]: DEBUG cotyledon.oslo_config_glue [-] database.connection_debug = 0 {{(pid=105063) log_opt_values /opt/stack/data/venv/lib/python3.12/site-packages/oslo_config/cfg.py:3006}}
May 08 15:22:47.652189 np0000172757 neutron-periodic-workers[105063]: DEBUG cotyledon.oslo_config_glue [-] database.connection_parameters = {{(pid=105063) log_opt_values /opt/stack/data/venv/lib/python3.12/site-packages/oslo_config/cfg.py:3006}}
May 08 15:22:47.652224 np0000172757 neutron-periodic-workers[105063]: DEBUG cotyledon.oslo_config_glue [-] database.connection_recycle_time = 3600 {{(pid=105063) log_opt_values /opt/stack/data/venv/lib/python3.12/site-packages/oslo_config/cfg.py:3006}}
May 08 15:22:47.652263 np0000172757 neutron-periodic-workers[105063]: DEBUG cotyledon.oslo_config_glue [-] database.connection_trace = False {{(pid=105063) log_opt_values /opt/stack/data/venv/lib/python3.12/site-packages/oslo_config/cfg.py:3006}}
May 08 15:22:47.652298 np0000172757 neutron-periodic-workers[105063]: DEBUG cotyledon.oslo_config_glue [-] database.db_inc_retry_interval = True {{(pid=105063) log_opt_values /opt/stack/data/venv/lib/python3.12/site-packages/oslo_config/cfg.py:3006}}
May 08 15:22:47.652336 np0000172757 neutron-periodic-workers[105063]: DEBUG cotyledon.oslo_config_glue [-] database.db_max_retries = 20 {{(pid=105063) log_opt_values /opt/stack/data/venv/lib/python3.12/site-packages/oslo_config/cfg.py:3006}}
May 08 15:22:47.652374 np0000172757 neutron-periodic-workers[105063]: DEBUG cotyledon.oslo_config_glue [-] database.db_max_retry_interval = 10 {{(pid=105063) log_opt_values /opt/stack/data/venv/lib/python3.12/site-packages/oslo_config/cfg.py:3006}}
May 08 15:22:47.652420 np0000172757 neutron-periodic-workers[105063]: DEBUG cotyledon.oslo_config_glue [-] database.db_retry_interval = 1 {{(pid=105063) log_opt_values /opt/stack/data/venv/lib/python3.12/site-packages/oslo_config/cfg.py:3006}}
May 08 15:22:47.652458 np0000172757 neutron-periodic-workers[105063]: DEBUG cotyledon.oslo_config_glue [-] database.max_overflow = 50 {{(pid=105063) log_opt_values /opt/stack/data/venv/lib/python3.12/site-packages/oslo_config/cfg.py:3006}}
May 08 15:22:47.652504 np0000172757 neutron-periodic-workers[105063]: DEBUG cotyledon.oslo_config_glue [-] database.max_pool_size = 5 {{(pid=105063) log_opt_values /opt/stack/data/venv/lib/python3.12/site-packages/oslo_config/cfg.py:3006}}
May 08 15:22:47.652543 np0000172757 neutron-periodic-workers[105063]: DEBUG cotyledon.oslo_config_glue [-] database.max_retries = 10 {{(pid=105063) log_opt_values /opt/stack/data/venv/lib/python3.12/site-packages/oslo_config/cfg.py:3006}}
May 08 15:22:47.652582 np0000172757 neutron-periodic-workers[105063]: DEBUG cotyledon.oslo_config_glue [-] database.mysql_sql_mode = TRADITIONAL {{(pid=105063) log_opt_values /opt/stack/data/venv/lib/python3.12/site-packages/oslo_config/cfg.py:3006}}
May 08 15:22:47.652624 np0000172757 neutron-periodic-workers[105063]: DEBUG cotyledon.oslo_config_glue [-] database.mysql_wsrep_sync_wait = None {{(pid=105063) log_opt_values /opt/stack/data/venv/lib/python3.12/site-packages/oslo_config/cfg.py:3006}}
May 08 15:22:47.652663 np0000172757 neutron-periodic-workers[105063]: DEBUG cotyledon.oslo_config_glue [-] database.pool_timeout = None {{(pid=105063) log_opt_values /opt/stack/data/venv/lib/python3.12/site-packages/oslo_config/cfg.py:3006}}
May 08 15:22:47.652701 np0000172757 neutron-periodic-workers[105063]: DEBUG cotyledon.oslo_config_glue [-] database.retry_interval = 10 {{(pid=105063) log_opt_values /opt/stack/data/venv/lib/python3.12/site-packages/oslo_config/cfg.py:3006}}
May 08 15:22:47.652746 np0000172757 neutron-periodic-workers[105063]: DEBUG cotyledon.oslo_config_glue [-] database.slave_connection = **** {{(pid=105063) log_opt_values /opt/stack/data/venv/lib/python3.12/site-packages/oslo_config/cfg.py:3006}}
May 08 15:22:47.652786 np0000172757 neutron-periodic-workers[105063]: DEBUG cotyledon.oslo_config_glue [-] database.sqlite_synchronous = True {{(pid=105063) log_opt_values /opt/stack/data/venv/lib/python3.12/site-packages/oslo_config/cfg.py:3006}}
May 08 15:22:47.652824 np0000172757 neutron-periodic-workers[105063]: DEBUG cotyledon.oslo_config_glue [-] database.synchronous_reader = True {{(pid=105063) log_opt_values /opt/stack/data/venv/lib/python3.12/site-packages/oslo_config/cfg.py:3006}}
May 08 15:22:47.652862 np0000172757 neutron-periodic-workers[105063]: DEBUG cotyledon.oslo_config_glue [-] database.use_db_reconnect = False {{(pid=105063) log_opt_values /opt/stack/data/venv/lib/python3.12/site-packages/oslo_config/cfg.py:3006}}
May 08 15:22:47.652935 np0000172757 neutron-periodic-workers[105063]: DEBUG cotyledon.oslo_config_glue [-] ovn.bfd_min_rx = 1000 {{(pid=105063) log_opt_values /opt/stack/data/venv/lib/python3.12/site-packages/oslo_config/cfg.py:3006}}
May 08 15:22:47.652982 np0000172757 neutron-periodic-workers[105063]: DEBUG cotyledon.oslo_config_glue [-] ovn.bfd_min_tx = 100 {{(pid=105063) log_opt_values /opt/stack/data/venv/lib/python3.12/site-packages/oslo_config/cfg.py:3006}}
May 08 15:22:47.653051 np0000172757 neutron-periodic-workers[105063]: DEBUG cotyledon.oslo_config_glue [-] ovn.bfd_mult = 3 {{(pid=105063) log_opt_values /opt/stack/data/venv/lib/python3.12/site-packages/oslo_config/cfg.py:3006}}
May 08 15:22:47.653051 np0000172757 neutron-periodic-workers[105063]: DEBUG cotyledon.oslo_config_glue [-] ovn.broadcast_arps_to_all_routers = True {{(pid=105063) log_opt_values /opt/stack/data/venv/lib/python3.12/site-packages/oslo_config/cfg.py:3006}}
May 08 15:22:47.653128 np0000172757 neutron-periodic-workers[105063]: DEBUG cotyledon.oslo_config_glue [-] ovn.dhcp_default_lease_time = 43200 {{(pid=105063) log_opt_values /opt/stack/data/venv/lib/python3.12/site-packages/oslo_config/cfg.py:3006}}
May 08 15:22:47.653161 np0000172757 neutron-periodic-workers[105063]: DEBUG cotyledon.oslo_config_glue [-] ovn.disable_ovn_dhcp_for_baremetal_ports = False {{(pid=105063) log_opt_values /opt/stack/data/venv/lib/python3.12/site-packages/oslo_config/cfg.py:3006}}
May 08 15:22:47.653191 np0000172757 neutron-periodic-workers[105063]: DEBUG cotyledon.oslo_config_glue [-] ovn.dns_records_ovn_owned = False {{(pid=105063) log_opt_values /opt/stack/data/venv/lib/python3.12/site-packages/oslo_config/cfg.py:3006}}
May 08 15:22:47.653221 np0000172757 neutron-periodic-workers[105063]: DEBUG cotyledon.oslo_config_glue [-] ovn.dns_servers = [] {{(pid=105063) log_opt_values /opt/stack/data/venv/lib/python3.12/site-packages/oslo_config/cfg.py:3006}}
May 08 15:22:47.653269 np0000172757 neutron-periodic-workers[105063]: DEBUG cotyledon.oslo_config_glue [-] ovn.enable_distributed_floating_ip = False {{(pid=105063) log_opt_values /opt/stack/data/venv/lib/python3.12/site-packages/oslo_config/cfg.py:3006}}
May 08 15:22:47.653305 np0000172757 neutron-periodic-workers[105063]: DEBUG cotyledon.oslo_config_glue [-] ovn.fdb_age_threshold = 300 {{(pid=105063) log_opt_values /opt/stack/data/venv/lib/python3.12/site-packages/oslo_config/cfg.py:3006}}
May 08 15:22:47.653352 np0000172757 neutron-periodic-workers[105063]: DEBUG cotyledon.oslo_config_glue [-] ovn.ha_failover_strategy = normal {{(pid=105063) log_opt_values /opt/stack/data/venv/lib/python3.12/site-packages/oslo_config/cfg.py:3006}}
May 08 15:22:47.653400 np0000172757 neutron-periodic-workers[105063]: DEBUG cotyledon.oslo_config_glue [-] ovn.live_migration_activation_strategy = rarp {{(pid=105063) log_opt_values /opt/stack/data/venv/lib/python3.12/site-packages/oslo_config/cfg.py:3006}}
May 08 15:22:47.653444 np0000172757 neutron-periodic-workers[105063]: DEBUG cotyledon.oslo_config_glue [-] ovn.localnet_learn_fdb = False {{(pid=105063) log_opt_values /opt/stack/data/venv/lib/python3.12/site-packages/oslo_config/cfg.py:3006}}
May 08 15:22:47.653481 np0000172757 neutron-periodic-workers[105063]: DEBUG cotyledon.oslo_config_glue [-] ovn.mac_binding_age_threshold = 300 {{(pid=105063) log_opt_values /opt/stack/data/venv/lib/python3.12/site-packages/oslo_config/cfg.py:3006}}
May 08 15:22:47.653518 np0000172757 neutron-periodic-workers[105063]: DEBUG cotyledon.oslo_config_glue [-] ovn.neutron_sync_mode = log {{(pid=105063) log_opt_values /opt/stack/data/venv/lib/python3.12/site-packages/oslo_config/cfg.py:3006}}
May 08 15:22:47.653561 np0000172757 neutron-periodic-workers[105063]: DEBUG cotyledon.oslo_config_glue [-] ovn.ovn_dhcp4_global_options = {} {{(pid=105063) log_opt_values /opt/stack/data/venv/lib/python3.12/site-packages/oslo_config/cfg.py:3006}}
May 08 15:22:47.653595 np0000172757 neutron-periodic-workers[105063]: DEBUG cotyledon.oslo_config_glue [-] ovn.ovn_dhcp6_global_options = {} {{(pid=105063) log_opt_values /opt/stack/data/venv/lib/python3.12/site-packages/oslo_config/cfg.py:3006}}
May 08 15:22:47.653632 np0000172757 neutron-periodic-workers[105063]: DEBUG cotyledon.oslo_config_glue [-] ovn.ovn_l3_scheduler = leastloaded {{(pid=105063) log_opt_values /opt/stack/data/venv/lib/python3.12/site-packages/oslo_config/cfg.py:3006}}
May 08 15:22:47.653699 np0000172757 neutron-periodic-workers[105063]: DEBUG cotyledon.oslo_config_glue [-] ovn.ovn_metadata_enabled = True {{(pid=105063) log_opt_values /opt/stack/data/venv/lib/python3.12/site-packages/oslo_config/cfg.py:3006}}
May 08 15:22:47.653747 np0000172757 neutron-periodic-workers[105063]: DEBUG cotyledon.oslo_config_glue [-] ovn.ovn_nb_ca_cert = /opt/stack/data/CA/int-ca/ca-chain.pem {{(pid=105063) log_opt_values /opt/stack/data/venv/lib/python3.12/site-packages/oslo_config/cfg.py:3006}}
May 08 15:22:47.653793 np0000172757 neutron-periodic-workers[105063]: DEBUG cotyledon.oslo_config_glue [-] ovn.ovn_nb_certificate = /opt/stack/data/CA/int-ca/devstack-cert.crt {{(pid=105063) log_opt_values /opt/stack/data/venv/lib/python3.12/site-packages/oslo_config/cfg.py:3006}}
May 08 15:22:47.653793 np0000172757 neutron-periodic-workers[105063]: DEBUG cotyledon.oslo_config_glue [-] ovn.ovn_nb_connection = ['ssl:199.204.45.246:6641'] {{(pid=105063) log_opt_values /opt/stack/data/venv/lib/python3.12/site-packages/oslo_config/cfg.py:3006}}
May 08 15:22:47.653865 np0000172757 neutron-periodic-workers[105063]: DEBUG cotyledon.oslo_config_glue [-] ovn.ovn_nb_private_key = /opt/stack/data/CA/int-ca/private/devstack-cert.key {{(pid=105063) log_opt_values /opt/stack/data/venv/lib/python3.12/site-packages/oslo_config/cfg.py:3006}}
May 08 15:22:47.653902 np0000172757 neutron-periodic-workers[105063]: DEBUG cotyledon.oslo_config_glue [-] ovn.ovn_router_indirect_snat = False {{(pid=105063) log_opt_values /opt/stack/data/venv/lib/python3.12/site-packages/oslo_config/cfg.py:3006}}
May 08 15:22:47.653939 np0000172757 neutron-periodic-workers[105063]: DEBUG cotyledon.oslo_config_glue [-] ovn.ovn_sb_ca_cert = /opt/stack/data/CA/int-ca/ca-chain.pem {{(pid=105063) log_opt_values /opt/stack/data/venv/lib/python3.12/site-packages/oslo_config/cfg.py:3006}}
May 08 15:22:47.653978 np0000172757 neutron-periodic-workers[105063]: DEBUG cotyledon.oslo_config_glue [-] ovn.ovn_sb_certificate = /opt/stack/data/CA/int-ca/devstack-cert.crt {{(pid=105063) log_opt_values /opt/stack/data/venv/lib/python3.12/site-packages/oslo_config/cfg.py:3006}}
May 08 15:22:47.654035 np0000172757 neutron-periodic-workers[105063]: DEBUG cotyledon.oslo_config_glue [-] ovn.ovn_sb_connection = ['ssl:199.204.45.246:6642'] {{(pid=105063) log_opt_values /opt/stack/data/venv/lib/python3.12/site-packages/oslo_config/cfg.py:3006}}
May 08 15:22:47.654075 np0000172757 neutron-periodic-workers[105063]: DEBUG cotyledon.oslo_config_glue [-] ovn.ovn_sb_private_key = /opt/stack/data/CA/int-ca/private/devstack-cert.key {{(pid=105063) log_opt_values /opt/stack/data/venv/lib/python3.12/site-packages/oslo_config/cfg.py:3006}}
May 08 15:22:47.654075 np0000172757 neutron-periodic-workers[105063]: DEBUG cotyledon.oslo_config_glue [-] ovn.ovs_create_tap = False {{(pid=105063) log_opt_values /opt/stack/data/venv/lib/python3.12/site-packages/oslo_config/cfg.py:3006}}
May 08 15:22:47.654153 np0000172757 neutron-periodic-workers[105063]: DEBUG cotyledon.oslo_config_glue [-] ovn.ovsdb_connection_timeout = 180 {{(pid=105063) log_opt_values /opt/stack/data/venv/lib/python3.12/site-packages/oslo_config/cfg.py:3006}}
May 08 15:22:47.654153 np0000172757 neutron-periodic-workers[105063]: DEBUG cotyledon.oslo_config_glue [-] ovn.ovsdb_log_level = INFO {{(pid=105063) log_opt_values /opt/stack/data/venv/lib/python3.12/site-packages/oslo_config/cfg.py:3006}}
May 08 15:22:47.654214 np0000172757 neutron-periodic-workers[105063]: DEBUG cotyledon.oslo_config_glue [-] ovn.ovsdb_probe_interval = 60000 {{(pid=105063) log_opt_values /opt/stack/data/venv/lib/python3.12/site-packages/oslo_config/cfg.py:3006}}
May 08 15:22:47.654246 np0000172757 neutron-periodic-workers[105063]: DEBUG cotyledon.oslo_config_glue [-] ovn.ovsdb_retry_max_interval = 180 {{(pid=105063) log_opt_values /opt/stack/data/venv/lib/python3.12/site-packages/oslo_config/cfg.py:3006}}
May 08 15:22:47.654279 np0000172757 neutron-periodic-workers[105063]: DEBUG cotyledon.oslo_config_glue [-] ovn.stateless_nat_enabled = False {{(pid=105063) log_opt_values /opt/stack/data/venv/lib/python3.12/site-packages/oslo_config/cfg.py:3006}}
May 08 15:22:47.654314 np0000172757 neutron-periodic-workers[105063]: DEBUG cotyledon.oslo_config_glue [-] ovn.vhost_sock_dir = /var/run/openvswitch {{(pid=105063) log_opt_values /opt/stack/data/venv/lib/python3.12/site-packages/oslo_config/cfg.py:3006}}
May 08 15:22:47.654375 np0000172757 neutron-periodic-workers[105063]: DEBUG cotyledon.oslo_config_glue [-] OVS.bridge_mac_table_size = 50000 {{(pid=105063) log_opt_values /opt/stack/data/venv/lib/python3.12/site-packages/oslo_config/cfg.py:3006}}
May 08 15:22:47.654423 np0000172757 neutron-periodic-workers[105063]: DEBUG cotyledon.oslo_config_glue [-] OVS.igmp_flood = False {{(pid=105063) log_opt_values /opt/stack/data/venv/lib/python3.12/site-packages/oslo_config/cfg.py:3006}}
May 08 15:22:47.654475 np0000172757 neutron-periodic-workers[105063]: DEBUG cotyledon.oslo_config_glue [-] OVS.igmp_flood_reports = True {{(pid=105063) log_opt_values /opt/stack/data/venv/lib/python3.12/site-packages/oslo_config/cfg.py:3006}}
May 08 15:22:47.654523 np0000172757 neutron-periodic-workers[105063]: DEBUG cotyledon.oslo_config_glue [-] OVS.igmp_flood_unregistered = False {{(pid=105063) log_opt_values /opt/stack/data/venv/lib/python3.12/site-packages/oslo_config/cfg.py:3006}}
May 08 15:22:47.654556 np0000172757 neutron-periodic-workers[105063]: DEBUG cotyledon.oslo_config_glue [-] OVS.igmp_snooping_enable = False {{(pid=105063) log_opt_values /opt/stack/data/venv/lib/python3.12/site-packages/oslo_config/cfg.py:3006}}
May 08 15:22:47.654594 np0000172757 neutron-periodic-workers[105063]: DEBUG cotyledon.oslo_config_glue [-] OVS.ovsdb_timeout = 10 {{(pid=105063) log_opt_values /opt/stack/data/venv/lib/python3.12/site-packages/oslo_config/cfg.py:3006}}
May 08 15:22:47.654645 np0000172757 neutron-periodic-workers[105063]: DEBUG cotyledon.oslo_config_glue [-] ovn_nb_global.fdb_removal_limit = 0 {{(pid=105063) log_opt_values /opt/stack/data/venv/lib/python3.12/site-packages/oslo_config/cfg.py:3006}}
May 08 15:22:47.654690 np0000172757 neutron-periodic-workers[105063]: DEBUG cotyledon.oslo_config_glue [-] ovn_nb_global.ignore_lsp_down = False {{(pid=105063) log_opt_values /opt/stack/data/venv/lib/python3.12/site-packages/oslo_config/cfg.py:3006}}
May 08 15:22:47.654724 np0000172757 neutron-periodic-workers[105063]: DEBUG cotyledon.oslo_config_glue [-] ovn_nb_global.mac_binding_removal_limit = 0 {{(pid=105063) log_opt_values /opt/stack/data/venv/lib/python3.12/site-packages/oslo_config/cfg.py:3006}}
May 08 15:22:47.654763 np0000172757 neutron-periodic-workers[105063]: DEBUG cotyledon.oslo_config_glue [-] ******************************************************************************** {{(pid=105063) log_opt_values /opt/stack/data/venv/lib/python3.12/site-packages/oslo_config/cfg.py:3013}}
May 08 15:22:47.654920 np0000172757 neutron-periodic-workers[105063]: DEBUG cotyledon._service_worker [-] Run service ServiceWrapper(0) [105063] {{(pid=105063) wait_forever /opt/stack/data/venv/lib/python3.12/site-packages/cotyledon/_service_worker.py:218}}
May 08 15:22:57.307532 np0000172757 neutron-periodic-workers[104237]: DEBUG dbcounter [-] [104237] Writing DB stats neutron:SELECT=4 {{(pid=104237) stat_writer /opt/stack/data/venv/lib/python3.12/site-packages/dbcounter.py:115}}
May 08 15:23:18.624377 np0000172757 neutron-periodic-workers[105030]: DEBUG oslo_db.sqlalchemy.engines [None req-38118903-c611-4f2c-8d57-341e1ef22926 None None] Parent process 104237 forked (105030) with an open database connection, which is being discarded and recreated. {{(pid=105030) checkout /opt/stack/data/venv/lib/python3.12/site-packages/oslo_db/sqlalchemy/engines.py:402}}
May 08 15:23:18.648207 np0000172757 neutron-periodic-workers[105030]: DEBUG dbcounter [-] [105030] Writer thread running {{(pid=105030) stat_writer /opt/stack/data/venv/lib/python3.12/site-packages/dbcounter.py:102}}
May 08 15:23:18.664377 np0000172757 neutron-periodic-workers[105030]: DEBUG oslo.service.backend._threading.loopingcall [None req-38118903-c611-4f2c-8d57-341e1ef22926 None None] Fixed interval looping call 'neutron.services.ovn_l3.plugin.L3_NAT_dbonly_mixin._clean_garbage' sleeping for 299.95 seconds {{(pid=105030) _run_loop /opt/stack/data/venv/lib/python3.12/site-packages/oslo_service/backend/_threading/loopingcall.py:125}}
May 08 15:23:28.649080 np0000172757 neutron-periodic-workers[105030]: DEBUG dbcounter [-] [105030] Writing DB stats neutron:SELECT=1 {{(pid=105030) stat_writer /opt/stack/data/venv/lib/python3.12/site-packages/dbcounter.py:115}}
May 08 15:23:29.633615 np0000172757 neutron-periodic-workers[105039]: DEBUG dbcounter [-] [105039] Writer thread running {{(pid=105039) stat_writer /opt/stack/data/venv/lib/python3.12/site-packages/dbcounter.py:102}}
May 08 15:23:29.644722 np0000172757 neutron-periodic-workers[105039]: DEBUG oslo.service.backend._threading.loopingcall [None req-37523ce1-555d-4d38-a96a-2f38230a3fc2 None None] Fixed interval looping call 'neutron.plugins.ml2.plugin.DhcpAgentSchedulerDbMixin.remove_networks_from_down_agents' sleeping for 36.97 seconds {{(pid=105039) _run_loop /opt/stack/data/venv/lib/python3.12/site-packages/oslo_service/backend/_threading/loopingcall.py:125}}
May 08 15:23:35.657330 np0000172757 neutron-periodic-workers[105050]: DEBUG dbcounter [-] [105050] Writer thread running {{(pid=105050) stat_writer /opt/stack/data/venv/lib/python3.12/site-packages/dbcounter.py:102}}
May 08 15:23:35.660466 np0000172757 neutron-periodic-workers[105050]: DEBUG neutron.db.agents_db [None req-1c056d86-848a-4976-8e62-c512a059f9b5 None None] Agent healthcheck: found 0 active agents {{(pid=105050) agent_health_check /opt/stack/neutron/neutron/db/agents_db.py:322}}
May 08 15:23:35.660724 np0000172757 neutron-periodic-workers[105050]: DEBUG oslo.service.backend._threading.loopingcall [None req-1c056d86-848a-4976-8e62-c512a059f9b5 None None] Fixed interval looping call 'neutron.plugins.ml2.plugin.AgentDbMixin.agent_health_check' sleeping for 36.98 seconds {{(pid=105050) _run_loop /opt/stack/data/venv/lib/python3.12/site-packages/oslo_service/backend/_threading/loopingcall.py:125}}
May 08 15:23:39.643528 np0000172757 neutron-periodic-workers[105039]: DEBUG dbcounter [-] [105039] Writing DB stats neutron:SELECT=3 {{(pid=105039) stat_writer /opt/stack/data/venv/lib/python3.12/site-packages/dbcounter.py:115}}
May 08 15:23:55.657910 np0000172757 neutron-periodic-workers[105050]: DEBUG dbcounter [-] [105050] Writing DB stats neutron:SELECT=1 {{(pid=105050) stat_writer /opt/stack/data/venv/lib/python3.12/site-packages/dbcounter.py:115}}
May 08 15:24:06.625704 np0000172757 neutron-periodic-workers[105039]: DEBUG oslo.service.backend._threading.loopingcall [None req-37523ce1-555d-4d38-a96a-2f38230a3fc2 None None] Fixed interval looping call 'neutron.plugins.ml2.plugin.DhcpAgentSchedulerDbMixin.remove_networks_from_down_agents' sleeping for 36.99 seconds {{(pid=105039) _run_loop /opt/stack/data/venv/lib/python3.12/site-packages/oslo_service/backend/_threading/loopingcall.py:125}}
May 08 15:24:12.645284 np0000172757 neutron-periodic-workers[105050]: DEBUG neutron.db.agents_db [None req-1c056d86-848a-4976-8e62-c512a059f9b5 None None] Agent healthcheck: found 0 active agents {{(pid=105050) agent_health_check /opt/stack/neutron/neutron/db/agents_db.py:322}}
May 08 15:24:12.646114 np0000172757 neutron-periodic-workers[105050]: DEBUG oslo.service.backend._threading.loopingcall [None req-1c056d86-848a-4976-8e62-c512a059f9b5 None None] Fixed interval looping call 'neutron.plugins.ml2.plugin.AgentDbMixin.agent_health_check' sleeping for 37.00 seconds {{(pid=105050) _run_loop /opt/stack/data/venv/lib/python3.12/site-packages/oslo_service/backend/_threading/loopingcall.py:125}}
May 08 15:24:16.623875 np0000172757 neutron-periodic-workers[105039]: DEBUG dbcounter [-] [105039] Writing DB stats neutron:SELECT=3 {{(pid=105039) stat_writer /opt/stack/data/venv/lib/python3.12/site-packages/dbcounter.py:115}}
May 08 15:24:22.646577 np0000172757 neutron-periodic-workers[105050]: DEBUG dbcounter [-] [105050] Writing DB stats neutron:SELECT=1 {{(pid=105050) stat_writer /opt/stack/data/venv/lib/python3.12/site-packages/dbcounter.py:115}}
May 08 15:24:43.695645 np0000172757 neutron-periodic-workers[105039]: DEBUG oslo.service.backend._threading.loopingcall [None req-37523ce1-555d-4d38-a96a-2f38230a3fc2 None None] Fixed interval looping call 'neutron.plugins.ml2.plugin.DhcpAgentSchedulerDbMixin.remove_networks_from_down_agents' sleeping for 36.92 seconds {{(pid=105039) _run_loop /opt/stack/data/venv/lib/python3.12/site-packages/oslo_service/backend/_threading/loopingcall.py:125}}
May 08 15:24:47.674235 np0000172757 neutron-periodic-workers[105063]: DEBUG dbcounter [-] [105063] Writer thread running {{(pid=105063) stat_writer /opt/stack/data/venv/lib/python3.12/site-packages/dbcounter.py:102}}
May 08 15:24:47.676501 np0000172757 neutron-periodic-workers[105063]: DEBUG oslo.service.backend._threading.loopingcall [None req-988056f9-b2c9-4e1a-85b6-bac63fc1c1ec None None] Fixed interval looping call 'neutron.db.quota.driver_nolock.DbQuotaNoLockDriver._remove_expired_reservations' sleeping for 119.98 seconds {{(pid=105063) _run_loop /opt/stack/data/venv/lib/python3.12/site-packages/oslo_service/backend/_threading/loopingcall.py:125}}
May 08 15:24:49.655584 np0000172757 neutron-periodic-workers[105050]: DEBUG neutron.db.agents_db [None req-1c056d86-848a-4976-8e62-c512a059f9b5 None None] Agent healthcheck: found 0 active agents {{(pid=105050) agent_health_check /opt/stack/neutron/neutron/db/agents_db.py:322}}
May 08 15:24:49.655584 np0000172757 neutron-periodic-workers[105050]: DEBUG oslo.service.backend._threading.loopingcall [None req-1c056d86-848a-4976-8e62-c512a059f9b5 None None] Fixed interval looping call 'neutron.plugins.ml2.plugin.AgentDbMixin.agent_health_check' sleeping for 36.99 seconds {{(pid=105050) _run_loop /opt/stack/data/venv/lib/python3.12/site-packages/oslo_service/backend/_threading/loopingcall.py:125}}
May 08 15:24:53.648347 np0000172757 neutron-periodic-workers[105039]: DEBUG dbcounter [-] [105039] Writing DB stats neutron:SELECT=3 {{(pid=105039) stat_writer /opt/stack/data/venv/lib/python3.12/site-packages/dbcounter.py:115}}
May 08 15:24:57.675714 np0000172757 neutron-periodic-workers[105063]: DEBUG dbcounter [-] [105063] Writing DB stats neutron:DELETE=1 {{(pid=105063) stat_writer /opt/stack/data/venv/lib/python3.12/site-packages/dbcounter.py:115}}
May 08 15:24:59.649328 np0000172757 neutron-periodic-workers[105050]: DEBUG dbcounter [-] [105050] Writing DB stats neutron:SELECT=1 {{(pid=105050) stat_writer /opt/stack/data/venv/lib/python3.12/site-packages/dbcounter.py:115}}
May 08 15:25:20.625254 np0000172757 neutron-periodic-workers[105039]: DEBUG oslo.service.backend._threading.loopingcall [None req-37523ce1-555d-4d38-a96a-2f38230a3fc2 None None] Fixed interval looping call 'neutron.plugins.ml2.plugin.DhcpAgentSchedulerDbMixin.remove_networks_from_down_agents' sleeping for 36.99 seconds {{(pid=105039) _run_loop /opt/stack/data/venv/lib/python3.12/site-packages/oslo_service/backend/_threading/loopingcall.py:125}}
May 08 15:25:26.651925 np0000172757 neutron-periodic-workers[105050]: DEBUG neutron.db.agents_db [None req-1c056d86-848a-4976-8e62-c512a059f9b5 None None] Agent healthcheck: found 0 active agents {{(pid=105050) agent_health_check /opt/stack/neutron/neutron/db/agents_db.py:322}}
May 08 15:25:26.652803 np0000172757 neutron-periodic-workers[105050]: DEBUG oslo.service.backend._threading.loopingcall [None req-1c056d86-848a-4976-8e62-c512a059f9b5 None None] Fixed interval looping call 'neutron.plugins.ml2.plugin.AgentDbMixin.agent_health_check' sleeping for 36.99 seconds {{(pid=105050) _run_loop /opt/stack/data/venv/lib/python3.12/site-packages/oslo_service/backend/_threading/loopingcall.py:125}}
May 08 15:25:30.625373 np0000172757 neutron-periodic-workers[105039]: DEBUG dbcounter [-] [105039] Writing DB stats neutron:SELECT=3 {{(pid=105039) stat_writer /opt/stack/data/venv/lib/python3.12/site-packages/dbcounter.py:115}}
May 08 15:25:36.650362 np0000172757 neutron-periodic-workers[105050]: DEBUG dbcounter [-] [105050] Writing DB stats neutron:SELECT=1 {{(pid=105050) stat_writer /opt/stack/data/venv/lib/python3.12/site-packages/dbcounter.py:115}}
May 08 15:25:57.627139 np0000172757 neutron-periodic-workers[105039]: DEBUG oslo.service.backend._threading.loopingcall [None req-37523ce1-555d-4d38-a96a-2f38230a3fc2 None None] Fixed interval looping call 'neutron.plugins.ml2.plugin.DhcpAgentSchedulerDbMixin.remove_networks_from_down_agents' sleeping for 36.99 seconds {{(pid=105039) _run_loop /opt/stack/data/venv/lib/python3.12/site-packages/oslo_service/backend/_threading/loopingcall.py:125}}
May 08 15:26:03.648144 np0000172757 neutron-periodic-workers[105050]: DEBUG neutron.db.agents_db [None req-1c056d86-848a-4976-8e62-c512a059f9b5 None None] Agent healthcheck: found 0 active agents {{(pid=105050) agent_health_check /opt/stack/neutron/neutron/db/agents_db.py:322}}
May 08 15:26:03.648596 np0000172757 neutron-periodic-workers[105050]: DEBUG oslo.service.backend._threading.loopingcall [None req-1c056d86-848a-4976-8e62-c512a059f9b5 None None] Fixed interval looping call 'neutron.plugins.ml2.plugin.AgentDbMixin.agent_health_check' sleeping for 36.99 seconds {{(pid=105050) _run_loop /opt/stack/data/venv/lib/python3.12/site-packages/oslo_service/backend/_threading/loopingcall.py:125}}
May 08 15:26:07.625298 np0000172757 neutron-periodic-workers[105039]: DEBUG dbcounter [-] [105039] Writing DB stats neutron:SELECT=3 {{(pid=105039) stat_writer /opt/stack/data/venv/lib/python3.12/site-packages/dbcounter.py:115}}
May 08 15:26:13.646155 np0000172757 neutron-periodic-workers[105050]: DEBUG dbcounter [-] [105050] Writing DB stats neutron:SELECT=1 {{(pid=105050) stat_writer /opt/stack/data/venv/lib/python3.12/site-packages/dbcounter.py:115}}
May 08 15:26:34.626448 np0000172757 neutron-periodic-workers[105039]: DEBUG oslo.service.backend._threading.loopingcall [None req-37523ce1-555d-4d38-a96a-2f38230a3fc2 None None] Fixed interval looping call 'neutron.plugins.ml2.plugin.DhcpAgentSchedulerDbMixin.remove_networks_from_down_agents' sleeping for 36.99 seconds {{(pid=105039) _run_loop /opt/stack/data/venv/lib/python3.12/site-packages/oslo_service/backend/_threading/loopingcall.py:125}}
May 08 15:26:40.644245 np0000172757 neutron-periodic-workers[105050]: DEBUG neutron.db.agents_db [None req-1c056d86-848a-4976-8e62-c512a059f9b5 None None] Agent healthcheck: found 0 active agents {{(pid=105050) agent_health_check /opt/stack/neutron/neutron/db/agents_db.py:322}}
May 08 15:26:40.644922 np0000172757 neutron-periodic-workers[105050]: DEBUG oslo.service.backend._threading.loopingcall [None req-1c056d86-848a-4976-8e62-c512a059f9b5 None None] Fixed interval looping call 'neutron.plugins.ml2.plugin.AgentDbMixin.agent_health_check' sleeping for 36.99 seconds {{(pid=105050) _run_loop /opt/stack/data/venv/lib/python3.12/site-packages/oslo_service/backend/_threading/loopingcall.py:125}}
May 08 15:26:44.625443 np0000172757 neutron-periodic-workers[105039]: DEBUG dbcounter [-] [105039] Writing DB stats neutron:SELECT=3 {{(pid=105039) stat_writer /opt/stack/data/venv/lib/python3.12/site-packages/dbcounter.py:115}}
May 08 15:26:47.659884 np0000172757 neutron-periodic-workers[105063]: DEBUG oslo.service.backend._threading.loopingcall [None req-988056f9-b2c9-4e1a-85b6-bac63fc1c1ec None None] Fixed interval looping call 'neutron.db.quota.driver_nolock.DbQuotaNoLockDriver._remove_expired_reservations' sleeping for 120.00 seconds {{(pid=105063) _run_loop /opt/stack/data/venv/lib/python3.12/site-packages/oslo_service/backend/_threading/loopingcall.py:125}}
May 08 15:26:50.642571 np0000172757 neutron-periodic-workers[105050]: DEBUG dbcounter [-] [105050] Writing DB stats neutron:SELECT=1 {{(pid=105050) stat_writer /opt/stack/data/venv/lib/python3.12/site-packages/dbcounter.py:115}}
May 08 15:26:57.659153 np0000172757 neutron-periodic-workers[105063]: DEBUG dbcounter [-] [105063] Writing DB stats neutron:DELETE=1 {{(pid=105063) stat_writer /opt/stack/data/venv/lib/python3.12/site-packages/dbcounter.py:115}}
May 08 15:27:11.625358 np0000172757 neutron-periodic-workers[105039]: DEBUG oslo.service.backend._threading.loopingcall [None req-37523ce1-555d-4d38-a96a-2f38230a3fc2 None None] Fixed interval looping call 'neutron.plugins.ml2.plugin.DhcpAgentSchedulerDbMixin.remove_networks_from_down_agents' sleeping for 36.99 seconds {{(pid=105039) _run_loop /opt/stack/data/venv/lib/python3.12/site-packages/oslo_service/backend/_threading/loopingcall.py:125}}
May 08 15:27:17.640131 np0000172757 neutron-periodic-workers[105050]: DEBUG neutron.db.agents_db [None req-1c056d86-848a-4976-8e62-c512a059f9b5 None None] Agent healthcheck: found 0 active agents {{(pid=105050) agent_health_check /opt/stack/neutron/neutron/db/agents_db.py:322}}
May 08 15:27:17.640774 np0000172757 neutron-periodic-workers[105050]: DEBUG oslo.service.backend._threading.loopingcall [None req-1c056d86-848a-4976-8e62-c512a059f9b5 None None] Fixed interval looping call 'neutron.plugins.ml2.plugin.AgentDbMixin.agent_health_check' sleeping for 36.99 seconds {{(pid=105050) _run_loop /opt/stack/data/venv/lib/python3.12/site-packages/oslo_service/backend/_threading/loopingcall.py:125}}
May 08 15:27:21.624697 np0000172757 neutron-periodic-workers[105039]: DEBUG dbcounter [-] [105039] Writing DB stats neutron:SELECT=3 {{(pid=105039) stat_writer /opt/stack/data/venv/lib/python3.12/site-packages/dbcounter.py:115}}
May 08 15:27:27.639236 np0000172757 neutron-periodic-workers[105050]: DEBUG dbcounter [-] [105050] Writing DB stats neutron:SELECT=1 {{(pid=105050) stat_writer /opt/stack/data/venv/lib/python3.12/site-packages/dbcounter.py:115}}
May 08 15:27:48.622833 np0000172757 neutron-periodic-workers[105039]: DEBUG oslo.service.backend._threading.loopingcall [None req-37523ce1-555d-4d38-a96a-2f38230a3fc2 None None] Fixed interval looping call 'neutron.plugins.ml2.plugin.DhcpAgentSchedulerDbMixin.remove_networks_from_down_agents' sleeping for 36.99 seconds {{(pid=105039) _run_loop /opt/stack/data/venv/lib/python3.12/site-packages/oslo_service/backend/_threading/loopingcall.py:125}}
May 08 15:27:54.636124 np0000172757 neutron-periodic-workers[105050]: DEBUG neutron.db.agents_db [None req-1c056d86-848a-4976-8e62-c512a059f9b5 None None] Agent healthcheck: found 0 active agents {{(pid=105050) agent_health_check /opt/stack/neutron/neutron/db/agents_db.py:322}}
May 08 15:27:54.636827 np0000172757 neutron-periodic-workers[105050]: DEBUG oslo.service.backend._threading.loopingcall [None req-1c056d86-848a-4976-8e62-c512a059f9b5 None None] Fixed interval looping call 'neutron.plugins.ml2.plugin.AgentDbMixin.agent_health_check' sleeping for 36.99 seconds {{(pid=105050) _run_loop /opt/stack/data/venv/lib/python3.12/site-packages/oslo_service/backend/_threading/loopingcall.py:125}}
May 08 15:27:58.621965 np0000172757 neutron-periodic-workers[105039]: DEBUG dbcounter [-] [105039] Writing DB stats neutron:SELECT=3 {{(pid=105039) stat_writer /opt/stack/data/venv/lib/python3.12/site-packages/dbcounter.py:115}}
May 08 15:28:04.634459 np0000172757 neutron-periodic-workers[105050]: DEBUG dbcounter [-] [105050] Writing DB stats neutron:SELECT=1 {{(pid=105050) stat_writer /opt/stack/data/venv/lib/python3.12/site-packages/dbcounter.py:115}}
May 08 15:28:18.718145 np0000172757 neutron-periodic-workers[105030]: DEBUG oslo.service.backend._threading.loopingcall [None req-38118903-c611-4f2c-8d57-341e1ef22926 None None] Fixed interval looping call 'neutron.services.ovn_l3.plugin.L3_NAT_dbonly_mixin._clean_garbage' sleeping for 299.90 seconds {{(pid=105030) _run_loop /opt/stack/data/venv/lib/python3.12/site-packages/oslo_service/backend/_threading/loopingcall.py:125}}
May 08 15:28:25.621386 np0000172757 neutron-periodic-workers[105039]: DEBUG oslo.service.backend._threading.loopingcall [None req-37523ce1-555d-4d38-a96a-2f38230a3fc2 None None] Fixed interval looping call 'neutron.plugins.ml2.plugin.DhcpAgentSchedulerDbMixin.remove_networks_from_down_agents' sleeping for 36.99 seconds {{(pid=105039) _run_loop /opt/stack/data/venv/lib/python3.12/site-packages/oslo_service/backend/_threading/loopingcall.py:125}}
May 08 15:28:28.618269 np0000172757 neutron-periodic-workers[105030]: DEBUG dbcounter [-] [105030] Writing DB stats neutron:SELECT=1 {{(pid=105030) stat_writer /opt/stack/data/venv/lib/python3.12/site-packages/dbcounter.py:115}}
May 08 15:28:31.631420 np0000172757 neutron-periodic-workers[105050]: DEBUG neutron.db.agents_db [None req-1c056d86-848a-4976-8e62-c512a059f9b5 None None] Agent healthcheck: found 0 active agents {{(pid=105050) agent_health_check /opt/stack/neutron/neutron/db/agents_db.py:322}}
May 08 15:28:31.631974 np0000172757 neutron-periodic-workers[105050]: DEBUG oslo.service.backend._threading.loopingcall [None req-1c056d86-848a-4976-8e62-c512a059f9b5 None None] Fixed interval looping call 'neutron.plugins.ml2.plugin.AgentDbMixin.agent_health_check' sleeping for 37.00 seconds {{(pid=105050) _run_loop /opt/stack/data/venv/lib/python3.12/site-packages/oslo_service/backend/_threading/loopingcall.py:125}}
May 08 15:28:35.620798 np0000172757 neutron-periodic-workers[105039]: DEBUG dbcounter [-] [105039] Writing DB stats neutron:SELECT=3 {{(pid=105039) stat_writer /opt/stack/data/venv/lib/python3.12/site-packages/dbcounter.py:115}}
May 08 15:28:41.630268 np0000172757 neutron-periodic-workers[105050]: DEBUG dbcounter [-] [105050] Writing DB stats neutron:SELECT=1 {{(pid=105050) stat_writer /opt/stack/data/venv/lib/python3.12/site-packages/dbcounter.py:115}}
May 08 15:28:47.663947 np0000172757 neutron-periodic-workers[105063]: DEBUG oslo.service.backend._threading.loopingcall [None req-988056f9-b2c9-4e1a-85b6-bac63fc1c1ec None None] Fixed interval looping call 'neutron.db.quota.driver_nolock.DbQuotaNoLockDriver._remove_expired_reservations' sleeping for 120.00 seconds {{(pid=105063) _run_loop /opt/stack/data/venv/lib/python3.12/site-packages/oslo_service/backend/_threading/loopingcall.py:125}}
May 08 15:28:57.662777 np0000172757 neutron-periodic-workers[105063]: DEBUG dbcounter [-] [105063] Writing DB stats neutron:DELETE=1 {{(pid=105063) stat_writer /opt/stack/data/venv/lib/python3.12/site-packages/dbcounter.py:115}}
May 08 15:29:02.620976 np0000172757 neutron-periodic-workers[105039]: DEBUG oslo.service.backend._threading.loopingcall [None req-37523ce1-555d-4d38-a96a-2f38230a3fc2 None None] Fixed interval looping call 'neutron.plugins.ml2.plugin.DhcpAgentSchedulerDbMixin.remove_networks_from_down_agents' sleeping for 36.99 seconds {{(pid=105039) _run_loop /opt/stack/data/venv/lib/python3.12/site-packages/oslo_service/backend/_threading/loopingcall.py:125}}
May 08 15:29:08.635291 np0000172757 neutron-periodic-workers[105050]: DEBUG neutron.db.agents_db [None req-1c056d86-848a-4976-8e62-c512a059f9b5 None None] Agent healthcheck: found 0 active agents {{(pid=105050) agent_health_check /opt/stack/neutron/neutron/db/agents_db.py:322}}
May 08 15:29:08.635728 np0000172757 neutron-periodic-workers[105050]: DEBUG oslo.service.backend._threading.loopingcall [None req-1c056d86-848a-4976-8e62-c512a059f9b5 None None] Fixed interval looping call 'neutron.plugins.ml2.plugin.AgentDbMixin.agent_health_check' sleeping for 37.00 seconds {{(pid=105050) _run_loop /opt/stack/data/venv/lib/python3.12/site-packages/oslo_service/backend/_threading/loopingcall.py:125}}
May 08 15:29:12.620040 np0000172757 neutron-periodic-workers[105039]: DEBUG dbcounter [-] [105039] Writing DB stats neutron:SELECT=3 {{(pid=105039) stat_writer /opt/stack/data/venv/lib/python3.12/site-packages/dbcounter.py:115}}
May 08 15:29:18.634709 np0000172757 neutron-periodic-workers[105050]: DEBUG dbcounter [-] [105050] Writing DB stats neutron:SELECT=1 {{(pid=105050) stat_writer /opt/stack/data/venv/lib/python3.12/site-packages/dbcounter.py:115}}
May 08 15:29:39.624229 np0000172757 neutron-periodic-workers[105039]: DEBUG oslo.service.backend._threading.loopingcall [None req-37523ce1-555d-4d38-a96a-2f38230a3fc2 None None] Fixed interval looping call 'neutron.plugins.ml2.plugin.DhcpAgentSchedulerDbMixin.remove_networks_from_down_agents' sleeping for 36.99 seconds {{(pid=105039) _run_loop /opt/stack/data/venv/lib/python3.12/site-packages/oslo_service/backend/_threading/loopingcall.py:125}}
May 08 15:29:45.641395 np0000172757 neutron-periodic-workers[105050]: DEBUG neutron.db.agents_db [None req-1c056d86-848a-4976-8e62-c512a059f9b5 None None] Agent healthcheck: found 0 active agents {{(pid=105050) agent_health_check /opt/stack/neutron/neutron/db/agents_db.py:322}}
May 08 15:29:45.641922 np0000172757 neutron-periodic-workers[105050]: DEBUG oslo.service.backend._threading.loopingcall [None req-1c056d86-848a-4976-8e62-c512a059f9b5 None None] Fixed interval looping call 'neutron.plugins.ml2.plugin.AgentDbMixin.agent_health_check' sleeping for 36.99 seconds {{(pid=105050) _run_loop /opt/stack/data/venv/lib/python3.12/site-packages/oslo_service/backend/_threading/loopingcall.py:125}}
May 08 15:29:49.622940 np0000172757 neutron-periodic-workers[105039]: DEBUG dbcounter [-] [105039] Writing DB stats neutron:SELECT=3 {{(pid=105039) stat_writer /opt/stack/data/venv/lib/python3.12/site-packages/dbcounter.py:115}}
May 08 15:29:55.639255 np0000172757 neutron-periodic-workers[105050]: DEBUG dbcounter [-] [105050] Writing DB stats neutron:SELECT=1 {{(pid=105050) stat_writer /opt/stack/data/venv/lib/python3.12/site-packages/dbcounter.py:115}}
May 08 15:30:16.623248 np0000172757 neutron-periodic-workers[105039]: DEBUG oslo.service.backend._threading.loopingcall [None req-37523ce1-555d-4d38-a96a-2f38230a3fc2 None None] Fixed interval looping call 'neutron.plugins.ml2.plugin.DhcpAgentSchedulerDbMixin.remove_networks_from_down_agents' sleeping for 36.99 seconds {{(pid=105039) _run_loop /opt/stack/data/venv/lib/python3.12/site-packages/oslo_service/backend/_threading/loopingcall.py:125}}
May 08 15:30:22.637727 np0000172757 neutron-periodic-workers[105050]: DEBUG neutron.db.agents_db [None req-1c056d86-848a-4976-8e62-c512a059f9b5 None None] Agent healthcheck: found 0 active agents {{(pid=105050) agent_health_check /opt/stack/neutron/neutron/db/agents_db.py:322}}
May 08 15:30:22.638511 np0000172757 neutron-periodic-workers[105050]: DEBUG oslo.service.backend._threading.loopingcall [None req-1c056d86-848a-4976-8e62-c512a059f9b5 None None] Fixed interval looping call 'neutron.plugins.ml2.plugin.AgentDbMixin.agent_health_check' sleeping for 36.99 seconds {{(pid=105050) _run_loop /opt/stack/data/venv/lib/python3.12/site-packages/oslo_service/backend/_threading/loopingcall.py:125}}
May 08 15:30:26.622303 np0000172757 neutron-periodic-workers[105039]: DEBUG dbcounter [-] [105039] Writing DB stats neutron:SELECT=3 {{(pid=105039) stat_writer /opt/stack/data/venv/lib/python3.12/site-packages/dbcounter.py:115}}
May 08 15:30:32.635765 np0000172757 neutron-periodic-workers[105050]: DEBUG dbcounter [-] [105050] Writing DB stats neutron:SELECT=1 {{(pid=105050) stat_writer /opt/stack/data/venv/lib/python3.12/site-packages/dbcounter.py:115}}
May 08 15:30:47.669589 np0000172757 neutron-periodic-workers[105063]: DEBUG oslo.service.backend._threading.loopingcall [None req-988056f9-b2c9-4e1a-85b6-bac63fc1c1ec None None] Fixed interval looping call 'neutron.db.quota.driver_nolock.DbQuotaNoLockDriver._remove_expired_reservations' sleeping for 119.99 seconds {{(pid=105063) _run_loop /opt/stack/data/venv/lib/python3.12/site-packages/oslo_service/backend/_threading/loopingcall.py:125}}
May 08 15:30:53.622531 np0000172757 neutron-periodic-workers[105039]: DEBUG oslo.service.backend._threading.loopingcall [None req-37523ce1-555d-4d38-a96a-2f38230a3fc2 None None] Fixed interval looping call 'neutron.plugins.ml2.plugin.DhcpAgentSchedulerDbMixin.remove_networks_from_down_agents' sleeping for 36.99 seconds {{(pid=105039) _run_loop /opt/stack/data/venv/lib/python3.12/site-packages/oslo_service/backend/_threading/loopingcall.py:125}}
May 08 15:30:57.667747 np0000172757 neutron-periodic-workers[105063]: DEBUG dbcounter [-] [105063] Writing DB stats neutron:DELETE=1 {{(pid=105063) stat_writer /opt/stack/data/venv/lib/python3.12/site-packages/dbcounter.py:115}}
May 08 15:30:59.633524 np0000172757 neutron-periodic-workers[105050]: DEBUG neutron.db.agents_db [None req-1c056d86-848a-4976-8e62-c512a059f9b5 None None] Agent healthcheck: found 0 active agents {{(pid=105050) agent_health_check /opt/stack/neutron/neutron/db/agents_db.py:322}}
May 08 15:30:59.634409 np0000172757 neutron-periodic-workers[105050]: DEBUG oslo.service.backend._threading.loopingcall [None req-1c056d86-848a-4976-8e62-c512a059f9b5 None None] Fixed interval looping call 'neutron.plugins.ml2.plugin.AgentDbMixin.agent_health_check' sleeping for 36.99 seconds {{(pid=105050) _run_loop /opt/stack/data/venv/lib/python3.12/site-packages/oslo_service/backend/_threading/loopingcall.py:125}}
May 08 15:31:03.622024 np0000172757 neutron-periodic-workers[105039]: DEBUG dbcounter [-] [105039] Writing DB stats neutron:SELECT=3 {{(pid=105039) stat_writer /opt/stack/data/venv/lib/python3.12/site-packages/dbcounter.py:115}}
May 08 15:31:09.632044 np0000172757 neutron-periodic-workers[105050]: DEBUG dbcounter [-] [105050] Writing DB stats neutron:SELECT=1 {{(pid=105050) stat_writer /opt/stack/data/venv/lib/python3.12/site-packages/dbcounter.py:115}}
May 08 15:31:30.621526 np0000172757 neutron-periodic-workers[105039]: DEBUG oslo.service.backend._threading.loopingcall [None req-37523ce1-555d-4d38-a96a-2f38230a3fc2 None None] Fixed interval looping call 'neutron.plugins.ml2.plugin.DhcpAgentSchedulerDbMixin.remove_networks_from_down_agents' sleeping for 36.99 seconds {{(pid=105039) _run_loop /opt/stack/data/venv/lib/python3.12/site-packages/oslo_service/backend/_threading/loopingcall.py:125}}
May 08 15:31:36.627060 np0000172757 neutron-periodic-workers[105050]: DEBUG neutron.db.agents_db [None req-1c056d86-848a-4976-8e62-c512a059f9b5 None None] Agent healthcheck: found 0 active agents {{(pid=105050) agent_health_check /opt/stack/neutron/neutron/db/agents_db.py:322}}
May 08 15:31:36.627810 np0000172757 neutron-periodic-workers[105050]: DEBUG oslo.service.backend._threading.loopingcall [None req-1c056d86-848a-4976-8e62-c512a059f9b5 None None] Fixed interval looping call 'neutron.plugins.ml2.plugin.AgentDbMixin.agent_health_check' sleeping for 37.00 seconds {{(pid=105050) _run_loop /opt/stack/data/venv/lib/python3.12/site-packages/oslo_service/backend/_threading/loopingcall.py:125}}
May 08 15:31:40.621144 np0000172757 neutron-periodic-workers[105039]: DEBUG dbcounter [-] [105039] Writing DB stats neutron:SELECT=3 {{(pid=105039) stat_writer /opt/stack/data/venv/lib/python3.12/site-packages/dbcounter.py:115}}
May 08 15:31:46.626532 np0000172757 neutron-periodic-workers[105050]: DEBUG dbcounter [-] [105050] Writing DB stats neutron:SELECT=1 {{(pid=105050) stat_writer /opt/stack/data/venv/lib/python3.12/site-packages/dbcounter.py:115}}
May 08 15:32:07.620221 np0000172757 neutron-periodic-workers[105039]: DEBUG oslo.service.backend._threading.loopingcall [None req-37523ce1-555d-4d38-a96a-2f38230a3fc2 None None] Fixed interval looping call 'neutron.plugins.ml2.plugin.DhcpAgentSchedulerDbMixin.remove_networks_from_down_agents' sleeping for 36.99 seconds {{(pid=105039) _run_loop /opt/stack/data/venv/lib/python3.12/site-packages/oslo_service/backend/_threading/loopingcall.py:125}}
May 08 15:32:13.632390 np0000172757 neutron-periodic-workers[105050]: DEBUG neutron.db.agents_db [None req-1c056d86-848a-4976-8e62-c512a059f9b5 None None] Agent healthcheck: found 0 active agents {{(pid=105050) agent_health_check /opt/stack/neutron/neutron/db/agents_db.py:322}}
May 08 15:32:13.633098 np0000172757 neutron-periodic-workers[105050]: DEBUG oslo.service.backend._threading.loopingcall [None req-1c056d86-848a-4976-8e62-c512a059f9b5 None None] Fixed interval looping call 'neutron.plugins.ml2.plugin.AgentDbMixin.agent_health_check' sleeping for 36.99 seconds {{(pid=105050) _run_loop /opt/stack/data/venv/lib/python3.12/site-packages/oslo_service/backend/_threading/loopingcall.py:125}}
May 08 15:32:17.618856 np0000172757 neutron-periodic-workers[105039]: DEBUG dbcounter [-] [105039] Writing DB stats neutron:SELECT=3 {{(pid=105039) stat_writer /opt/stack/data/venv/lib/python3.12/site-packages/dbcounter.py:115}}
May 08 15:32:23.630984 np0000172757 neutron-periodic-workers[105050]: DEBUG dbcounter [-] [105050] Writing DB stats neutron:SELECT=1 {{(pid=105050) stat_writer /opt/stack/data/venv/lib/python3.12/site-packages/dbcounter.py:115}}
May 08 15:32:44.620166 np0000172757 neutron-periodic-workers[105039]: DEBUG oslo.service.backend._threading.loopingcall [None req-37523ce1-555d-4d38-a96a-2f38230a3fc2 None None] Fixed interval looping call 'neutron.plugins.ml2.plugin.DhcpAgentSchedulerDbMixin.remove_networks_from_down_agents' sleeping for 36.99 seconds {{(pid=105039) _run_loop /opt/stack/data/venv/lib/python3.12/site-packages/oslo_service/backend/_threading/loopingcall.py:125}}
May 08 15:32:47.664585 np0000172757 neutron-periodic-workers[105063]: DEBUG oslo.service.backend._threading.loopingcall [None req-988056f9-b2c9-4e1a-85b6-bac63fc1c1ec None None] Fixed interval looping call 'neutron.db.quota.driver_nolock.DbQuotaNoLockDriver._remove_expired_reservations' sleeping for 120.00 seconds {{(pid=105063) _run_loop /opt/stack/data/venv/lib/python3.12/site-packages/oslo_service/backend/_threading/loopingcall.py:125}}
May 08 15:32:50.628904 np0000172757 neutron-periodic-workers[105050]: DEBUG neutron.db.agents_db [None req-1c056d86-848a-4976-8e62-c512a059f9b5 None None] Agent healthcheck: found 0 active agents {{(pid=105050) agent_health_check /opt/stack/neutron/neutron/db/agents_db.py:322}}
May 08 15:32:50.630161 np0000172757 neutron-periodic-workers[105050]: DEBUG oslo.service.backend._threading.loopingcall [None req-1c056d86-848a-4976-8e62-c512a059f9b5 None None] Fixed interval looping call 'neutron.plugins.ml2.plugin.AgentDbMixin.agent_health_check' sleeping for 36.99 seconds {{(pid=105050) _run_loop /opt/stack/data/venv/lib/python3.12/site-packages/oslo_service/backend/_threading/loopingcall.py:125}}
May 08 15:32:54.618672 np0000172757 neutron-periodic-workers[105039]: DEBUG dbcounter [-] [105039] Writing DB stats neutron:SELECT=3 {{(pid=105039) stat_writer /opt/stack/data/venv/lib/python3.12/site-packages/dbcounter.py:115}}
May 08 15:32:57.663358 np0000172757 neutron-periodic-workers[105063]: DEBUG dbcounter [-] [105063] Writing DB stats neutron:DELETE=1 {{(pid=105063) stat_writer /opt/stack/data/venv/lib/python3.12/site-packages/dbcounter.py:115}}
May 08 15:33:00.626780 np0000172757 neutron-periodic-workers[105050]: DEBUG dbcounter [-] [105050] Writing DB stats neutron:SELECT=1 {{(pid=105050) stat_writer /opt/stack/data/venv/lib/python3.12/site-packages/dbcounter.py:115}}
May 08 15:33:18.628051 np0000172757 neutron-periodic-workers[105030]: DEBUG oslo.service.backend._threading.loopingcall [None req-38118903-c611-4f2c-8d57-341e1ef22926 None None] Fixed interval looping call 'neutron.services.ovn_l3.plugin.L3_NAT_dbonly_mixin._clean_garbage' sleeping for 299.99 seconds {{(pid=105030) _run_loop /opt/stack/data/venv/lib/python3.12/site-packages/oslo_service/backend/_threading/loopingcall.py:125}}
