2026-06-06 06:21:36.854 7 INFO neutron_taas.services.taas.tap_mirror_plugin [None req-c4685cc0-5dfb-49d2-bb8e-871d6af06d0e 621daba8005440faad1c1081e7d715c9 587adb9ba0624c359f454f4288017d17 - - default default] Tap Mirror: Handle Delete Port: 2efdba21-4746-46fc-9716-f7b65cfd2374 [pid: 8|app: 0|req: 971/1929] 10.0.0.70 () {32 vars in 722 bytes} [Sat Jun 6 06:21:36 2026] DELETE /v2.0/routers/40faf183-a905-40ee-9ea2-27e5909e61fb => generated 0 bytes in 736 msecs (HTTP/1.1 204) 2 headers in 112 bytes (1 switches on core 0)
2026-06-06 06:21:37.142 8 INFO neutron_taas.services.taas.taas_plugin [None req-4be6d3c7-769c-485b-95c6-0b2d7ccd4bef f3cde5d0729e4f1c86b59520da88db23 9b887c7fa68147b48193ef415f8bf770 - - default default] TaaS: Handle Delete Port: aebea5de-32f6-4ece-841b-cc41241d7a36
2026-06-06 06:21:37.145 8 INFO neutron_taas.services.taas.tap_mirror_plugin [None req-4be6d3c7-769c-485b-95c6-0b2d7ccd4bef f3cde5d0729e4f1c86b59520da88db23 9b887c7fa68147b48193ef415f8bf770 - - default default] Tap Mirror: Handle Delete Port: aebea5de-32f6-4ece-841b-cc41241d7a36 [pid: 8|app: 0|req: 972/1930] 10.0.0.70 () {32 vars in 718 bytes} [Sat Jun 6 06:21:37 2026] DELETE /v2.0/ports/aebea5de-32f6-4ece-841b-cc41241d7a36 => generated 0 bytes in 250 msecs (HTTP/1.1 204) 3 headers in 131 bytes (1 switches on core 0)
2026-06-06 06:21:37.379 8 INFO neutron_taas.services.taas.taas_plugin [None req-e6e15fb5-a471-4c52-85eb-b0d312ac4b1b e5b8374283fe45c79bd5caf8d9f6a2ca c2f9e785f175498f9365ea7300760b6b - - default default] TaaS: Handle Delete Port: dddee1ea-da68-4cb0-94ef-8a4f2455368a
2026-06-06 06:21:37.382 8 INFO neutron_taas.services.taas.tap_mirror_plugin [None req-e6e15fb5-a471-4c52-85eb-b0d312ac4b1b e5b8374283fe45c79bd5caf8d9f6a2ca c2f9e785f175498f9365ea7300760b6b - - default default] Tap Mirror: Handle Delete Port: dddee1ea-da68-4cb0-94ef-8a4f2455368a [pid: 7|app: 0|req: 959/1931] 10.0.0.70 () {34 vars in 787 bytes} [Sat Jun 6 06:21:36 2026] PUT /v2.0/routers/fa1bc0c2-306e-47f2-b165-f0edecd99402/remove_router_interface => generated 309 bytes in 886 msecs (HTTP/1.1 200) 4 headers in 157 bytes (1 switches on core 0) /var/lib/openstack/lib/python3.12/site-packages/pycadf/identifier.py:70: UserWarning: Invalid uuid: neutron. To ensure interoperability, identifiers should be a valid uuid. warnings.warn(('Invalid uuid: %s. To ensure interoperability, '
2026-06-06 06:21:37.586 8 INFO neutron.services.segments.plugin [-] Segment 342547eb-0787-4fa8-a4cc-3cad72dbe772 resource provider aggregate not found [pid: 7|app: 0|req: 960/1932] 10.0.0.70 () {32 vars in 738 bytes} [Sat Jun 6 06:21:37 2026] DELETE /v2.0/security-groups/5c0c59c4-b176-4b21-ae22-7d861933ad91 => generated 0 bytes in 150 msecs (HTTP/1.1 204) 2 headers in 112 bytes (1 switches on core 0)
2026-06-06 06:21:37.591 8 INFO neutron.services.segments.plugin [-] Segment 342547eb-0787-4fa8-a4cc-3cad72dbe772 resource provider aggregate not found
2026-06-06 06:21:37.608 8 INFO neutron.services.segments.plugin [-] Segment 342547eb-0787-4fa8-a4cc-3cad72dbe772 resource provider not found; error: Placement Client Error (4xx): {"errors": [{"status": 404, "title": "Not Found", "detail": "The resource could not be found.\n\n No resource provider with uuid 342547eb-0787-4fa8-a4cc-3cad72dbe772 found for delete ", "request_id": "req-52ace94d-92dd-4ece-a2f3-4e00207b89f6"}]}
2026-06-06 06:21:37.613 8 INFO neutron.services.segments.plugin [-] Segment 342547eb-0787-4fa8-a4cc-3cad72dbe772 resource provider not found; error: Placement Client Error (4xx): {"errors": [{"status": 404, "title": "Not Found", "detail": "The resource could not be found.\n\n No resource provider with uuid 342547eb-0787-4fa8-a4cc-3cad72dbe772 found for delete ", "request_id": "req-f97c8a51-c98c-4721-8910-087b9c2994ab"}]} [pid: 8|app: 0|req: 973/1933] 10.0.0.70 () {32 vars in 724 bytes} [Sat Jun 6 06:21:37 2026] DELETE /v2.0/networks/9b7c24e5-83b0-4e55-8d02-c9ad9e14710e => generated 0 bytes in 368 msecs (HTTP/1.1 204) 3 headers in 131 bytes (1 switches on core 0)
2026-06-06 06:21:37.720 7 INFO neutron_taas.services.taas.taas_plugin [None req-0fa81c67-408f-4f26-a6f9-495f5b5516ac f3cde5d0729e4f1c86b59520da88db23 9b887c7fa68147b48193ef415f8bf770 - - default default] TaaS: Handle Delete Port: 1f15bf94-7490-4872-9d15-db06a5ef8b04
2026-06-06 06:21:37.723 7 INFO neutron_taas.services.taas.tap_mirror_plugin [None req-0fa81c67-408f-4f26-a6f9-495f5b5516ac f3cde5d0729e4f1c86b59520da88db23 9b887c7fa68147b48193ef415f8bf770 - - default default] Tap Mirror: Handle Delete Port: 1f15bf94-7490-4872-9d15-db06a5ef8b04 [pid: 7|app: 0|req: 961/1934] 10.0.0.70 () {32 vars in 724 bytes} [Sat Jun 6 06:21:37 2026] DELETE /v2.0/networks/546914f1-681b-433e-9912-ba1f3b51372a => generated 0 bytes in 342 msecs (HTTP/1.1 204) 3 headers in 131 bytes (1 switches on core 0)
2026-06-06 06:21:37.941 7 INFO neutron.api.v2.resource [None req-e96f218e-5ff4-452a-b6f3-ea1b2d537875 391ab7e5893147df9d016ad32721a1f2 1e67d969b93142b4bb5fea147b57bcbb - - default default] show failed (client error): The resource could not be found. [pid: 7|app: 0|req: 962/1935] 10.0.0.70 () {32 vars in 735 bytes} [Sat Jun 6 06:21:37 2026] GET /v2.0/security-groups/5c0c59c4-b176-4b21-ae22-7d861933ad91 => generated 146 bytes in 10 msecs (HTTP/1.1 404) 4 headers in 164 bytes (1 switches on core 0)
2026-06-06 06:21:37.982 8 INFO neutron_taas.services.taas.taas_plugin [None req-6992729f-46fd-46c0-9ad8-c387e470e33f 621daba8005440faad1c1081e7d715c9 587adb9ba0624c359f454f4288017d17 - - default default] TaaS: Handle Delete Port: 623c30dd-374b-4d92-b86f-6924e9f35a6d
2026-06-06 06:21:37.986 8 INFO neutron_taas.services.taas.tap_mirror_plugin [None req-6992729f-46fd-46c0-9ad8-c387e470e33f 621daba8005440faad1c1081e7d715c9 587adb9ba0624c359f454f4288017d17 - - default default] Tap Mirror: Handle Delete Port: 623c30dd-374b-4d92-b86f-6924e9f35a6d
2026-06-06 06:21:38.064 7 INFO neutron_taas.services.taas.taas_plugin [None req-00ed365c-e9fa-4977-8b9e-305a5be47f75 391ab7e5893147df9d016ad32721a1f2 1e67d969b93142b4bb5fea147b57bcbb - - default default] TaaS: Handle Delete Port: 8f6e74ee-fa10-4d53-8682-3f81cb1309a2
2026-06-06 06:21:38.068 7 INFO neutron_taas.services.taas.tap_mirror_plugin [None req-00ed365c-e9fa-4977-8b9e-305a5be47f75 391ab7e5893147df9d016ad32721a1f2 1e67d969b93142b4bb5fea147b57bcbb - - default default] Tap Mirror: Handle Delete Port: 8f6e74ee-fa10-4d53-8682-3f81cb1309a2 [pid: 7|app: 0|req: 963/1936] 10.0.0.70 () {32 vars in 730 bytes} [Sat Jun 6 06:21:37 2026] DELETE /v2.0/floatingips/4d57bcc5-ab2a-49bb-87ed-943ac84d1bfc => generated 0 bytes in 288 msecs (HTTP/1.1 204) 2 headers in 112 bytes (1 switches on core 0) [pid: 8|app: 0|req: 974/1937] 10.0.0.70 () {32 vars in 722 bytes} [Sat Jun 6 06:21:37 2026] DELETE /v2.0/routers/fa1bc0c2-306e-47f2-b165-f0edecd99402 => generated 0 bytes in 720 msecs (HTTP/1.1 204) 2 headers in 112 bytes (1 switches on core 0)
2026-06-06 06:21:38.513 7 INFO neutron.services.segments.plugin [-] Segment a63754a7-d6bd-40bd-b6bb-75980f116cae resource provider aggregate not found
2026-06-06 06:21:38.517 7 INFO neutron.services.segments.plugin [-] Segment a63754a7-d6bd-40bd-b6bb-75980f116cae resource provider aggregate not found
2026-06-06 06:21:38.526 7 INFO neutron_taas.services.taas.taas_plugin [None req-ea30448d-047b-4b7c-b3c7-24ca357b291a 621daba8005440faad1c1081e7d715c9 587adb9ba0624c359f454f4288017d17 - - default default] TaaS: Handle Delete Port: 337f8d49-f0b3-427f-8848-bfc47fe46e56
2026-06-06 06:21:38.529 7 INFO neutron_taas.services.taas.tap_mirror_plugin [None req-ea30448d-047b-4b7c-b3c7-24ca357b291a 621daba8005440faad1c1081e7d715c9 587adb9ba0624c359f454f4288017d17 - - default default] Tap Mirror: Handle Delete Port: 337f8d49-f0b3-427f-8848-bfc47fe46e56
2026-06-06 06:21:38.538 7 INFO neutron.services.segments.plugin [-] Segment a63754a7-d6bd-40bd-b6bb-75980f116cae resource provider not found; error: Placement Client Error (4xx): {"errors": [{"status": 404, "title": "Not Found", "detail": "The resource could not be found.\n\n No resource provider with uuid a63754a7-d6bd-40bd-b6bb-75980f116cae found for delete ", "request_id": "req-010dc7e5-230b-43fc-ab3c-72802d909634"}]}
2026-06-06 06:21:38.540 7 INFO neutron.services.segments.plugin [-] Segment a63754a7-d6bd-40bd-b6bb-75980f116cae resource provider not found; error: Placement Client Error (4xx): {"errors": [{"status": 404, "title": "Not Found", "detail": "The resource could not be found.\n\n No resource provider with uuid a63754a7-d6bd-40bd-b6bb-75980f116cae found for delete ", "request_id": "req-0d329908-379a-4ae9-992b-98be68b8f5b9"}]} [pid: 8|app: 0|req: 975/1938] 10.0.0.70 () {32 vars in 772 bytes} [Sat Jun 6 06:21:38 2026] GET /v2.0/security-groups?tenant_id=c2f9e785f175498f9365ea7300760b6b&name=default => generated 2925 bytes in 192 msecs (HTTP/1.1 200) 4 headers in 158 bytes (1 switches on core 0) [pid: 8|app: 0|req: 976/1939] 10.0.0.70 () {32 vars in 722 bytes} [Sat Jun 6 06:21:38 2026] DELETE /v2.0/subnets/c7f02954-0eba-45f1-8f16-990c34a231b8 => generated 0 bytes in 145 msecs (HTTP/1.1 204) 3 headers in 131 bytes (1 switches on core 0)
2026-06-06 06:21:38.886 8 INFO neutron.db.ovn_revision_numbers_db [None req-96472c79-01af-42a6-a183-41d6ab5d5382 621daba8005440faad1c1081e7d715c9 587adb9ba0624c359f454f4288017d17 - - default default] Successfully bumped revision number for resource 51fec39e-f465-4f68-a01c-b2a8e569721a (type: security_groups) to 1
2026-06-06 06:21:38.898 8 INFO neutron.db.ovn_revision_numbers_db [None req-96472c79-01af-42a6-a183-41d6ab5d5382 621daba8005440faad1c1081e7d715c9 587adb9ba0624c359f454f4288017d17 - - default default] Successfully bumped revision number for resource 795adab9-55c6-4b32-b5d0-94af62762a6e (type: security_group_rules) to 0
2026-06-06 06:21:38.910 8 INFO neutron.db.ovn_revision_numbers_db [None req-96472c79-01af-42a6-a183-41d6ab5d5382 621daba8005440faad1c1081e7d715c9 587adb9ba0624c359f454f4288017d17 - - default default] Successfully bumped revision number for resource 7c66f7be-7045-4ce4-aba5-6f06c6557d57 (type: security_group_rules) to 0
2026-06-06 06:21:38.920 8 INFO neutron.db.ovn_revision_numbers_db [None req-96472c79-01af-42a6-a183-41d6ab5d5382 621daba8005440faad1c1081e7d715c9 587adb9ba0624c359f454f4288017d17 - - default default] Successfully bumped revision number for resource 9ee47b0e-ed00-4c30-8735-08eee89cb7dc (type: security_group_rules) to 0
2026-06-06 06:21:38.931 8 INFO neutron.db.ovn_revision_numbers_db [None req-96472c79-01af-42a6-a183-41d6ab5d5382 621daba8005440faad1c1081e7d715c9 587adb9ba0624c359f454f4288017d17 - - default default] Successfully bumped revision number for resource f2056201-caa8-46b4-a19d-81ee0d6c84ed (type: security_group_rules) to 0 [pid: 8|app: 0|req: 977/1940] 10.0.0.70 () {32 vars in 772 bytes} [Sat Jun 6 06:21:38 2026] GET /v2.0/security-groups?tenant_id=baf133db83ff4fcfb286e253b5f2d0a8&name=default => generated 2925 bytes in 269 msecs (HTTP/1.1 200) 4 headers in 158 bytes (1 switches on core 0) [pid: 8|app: 0|req: 978/1941] 10.0.0.70 () {32 vars in 738 bytes} [Sat Jun 6 06:21:38 2026] DELETE /v2.0/security-groups/595b7553-9e52-4dec-b8d5-1adf4482bf04 => generated 0 bytes in 178 msecs (HTTP/1.1 204) 2 headers in 112 bytes (1 switches on core 0) [pid: 7|app: 0|req: 964/1942] 10.0.0.70 () {34 vars in 787 bytes} [Sat Jun 6 06:21:38 2026] PUT /v2.0/routers/f71894e7-13e2-4928-8cfa-9da17a5931a2/remove_router_interface => generated 309 bytes in 937 msecs (HTTP/1.1 200) 4 headers in 157 bytes (1 switches on core 0) /var/lib/openstack/lib/python3.12/site-packages/pycadf/identifier.py:70: UserWarning: Invalid uuid: neutron. To ensure interoperability, identifiers should be a valid uuid. warnings.warn(('Invalid uuid: %s. To ensure interoperability, '
2026-06-06 06:21:39.259 8 INFO neutron_taas.services.taas.taas_plugin [None req-c69eec6b-eccc-4b6f-b575-9f94f840c5c5 621daba8005440faad1c1081e7d715c9 587adb9ba0624c359f454f4288017d17 - - default default] TaaS: Handle Delete Port: ced894b8-65c8-409a-b9a1-1b3521f5b6c4
2026-06-06 06:21:39.263 8 INFO neutron_taas.services.taas.tap_mirror_plugin [None req-c69eec6b-eccc-4b6f-b575-9f94f840c5c5 621daba8005440faad1c1081e7d715c9 587adb9ba0624c359f454f4288017d17 - - default default] Tap Mirror: Handle Delete Port: ced894b8-65c8-409a-b9a1-1b3521f5b6c4 [pid: 7|app: 0|req: 965/1943] 10.0.0.70 () {32 vars in 738 bytes} [Sat Jun 6 06:21:39 2026] DELETE /v2.0/security-groups/51fec39e-f465-4f68-a01c-b2a8e569721a => generated 0 bytes in 207 msecs (HTTP/1.1 204) 2 headers in 112 bytes (1 switches on core 0) [pid: 8|app: 0|req: 979/1944] 10.0.0.70 () {32 vars in 724 bytes} [Sat Jun 6 06:21:39 2026] DELETE /v2.0/networks/290acc67-1453-4e34-bd9f-1eb4e148fda7 => generated 0 bytes in 320 msecs (HTTP/1.1 204) 3 headers in 131 bytes (1 switches on core 0)
2026-06-06 06:21:39.596 8 INFO neutron.db.ovn_revision_numbers_db [None req-2bb0e5f1-57e5-4732-a2cf-7358e0f0f425 621daba8005440faad1c1081e7d715c9 587adb9ba0624c359f454f4288017d17 - - default default] Successfully bumped revision number for resource cc59c468-9209-4b85-925a-4ca1a7da59af (type: security_groups) to 1
2026-06-06 06:21:39.608 8 INFO neutron.db.ovn_revision_numbers_db [None req-2bb0e5f1-57e5-4732-a2cf-7358e0f0f425 621daba8005440faad1c1081e7d715c9 587adb9ba0624c359f454f4288017d17 - - default default] Successfully bumped revision number for resource 5c751512-38f6-4eb9-bc0c-10b15c27ecbd (type: security_group_rules) to 0
2026-06-06 06:21:39.632 8 INFO neutron.services.segments.plugin [-] Segment 98f0e18c-af5b-461d-998a-f3444af8a122 resource provider aggregate not found
2026-06-06 06:21:39.636 8 INFO neutron.db.ovn_revision_numbers_db [None req-2bb0e5f1-57e5-4732-a2cf-7358e0f0f425 621daba8005440faad1c1081e7d715c9 587adb9ba0624c359f454f4288017d17 - - default default] Successfully bumped revision number for resource 66df4a4a-ab2f-48a8-a274-359e3385eacc (type: security_group_rules) to 0
2026-06-06 06:21:39.640 8 INFO neutron.services.segments.plugin [-] Segment 98f0e18c-af5b-461d-998a-f3444af8a122 resource provider aggregate not found
2026-06-06 06:21:39.648 8 INFO neutron.services.segments.plugin [-] Segment 98f0e18c-af5b-461d-998a-f3444af8a122 resource provider not found; error: Placement Client Error (4xx): {"errors": [{"status": 404, "title": "Not Found", "detail": "The resource could not be found.\n\n No resource provider with uuid 98f0e18c-af5b-461d-998a-f3444af8a122 found for delete ", "request_id": "req-d69093a2-9cf4-4146-b815-7af3ddd92908"}]}
2026-06-06 06:21:39.655 8 INFO neutron.db.ovn_revision_numbers_db [None req-2bb0e5f1-57e5-4732-a2cf-7358e0f0f425 621daba8005440faad1c1081e7d715c9 587adb9ba0624c359f454f4288017d17 - - default default] Successfully bumped revision number for resource 829119fc-5564-47e7-9cbd-f29822e3995e (type: security_group_rules) to 0
2026-06-06 06:21:39.657 8 INFO neutron.services.segments.plugin [-] Segment 98f0e18c-af5b-461d-998a-f3444af8a122 resource provider not found; error: Placement Client Error (4xx): {"errors": [{"status": 404, "title": "Not Found", "detail": "The resource could not be found.\n\n No resource provider with uuid 98f0e18c-af5b-461d-998a-f3444af8a122 found for delete ", "request_id": "req-36531f0e-36c3-43e4-ace1-95a2cfea447e"}]}
2026-06-06 06:21:39.668 8 INFO neutron.db.ovn_revision_numbers_db [None req-2bb0e5f1-57e5-4732-a2cf-7358e0f0f425 621daba8005440faad1c1081e7d715c9 587adb9ba0624c359f454f4288017d17 - - default default] Successfully bumped revision number for resource c100ecd2-be49-4363-a711-1891c774da23 (type: security_group_rules) to 0
2026-06-06 06:21:39.679 7 INFO neutron_taas.services.taas.taas_plugin [None req-d7ec5a9d-9398-45be-8033-49f7e9ad41b5 621daba8005440faad1c1081e7d715c9 587adb9ba0624c359f454f4288017d17 - - default default] TaaS: Handle Delete Port: bdc236bb-2925-49fe-9c39-f0c4a2e04110
2026-06-06 06:21:39.682 7 INFO neutron_taas.services.taas.tap_mirror_plugin [None req-d7ec5a9d-9398-45be-8033-49f7e9ad41b5 621daba8005440faad1c1081e7d715c9 587adb9ba0624c359f454f4288017d17 - - default default] Tap Mirror: Handle Delete Port: bdc236bb-2925-49fe-9c39-f0c4a2e04110 [pid: 8|app: 0|req: 980/1945] 10.0.0.70 () {32 vars in 772 bytes} [Sat Jun 6 06:21:39 2026] GET /v2.0/security-groups?tenant_id=c3911ac48286430bad2f8e7a2eec2406&name=default => generated 2925 bytes in 241 msecs (HTTP/1.1 200) 4 headers in 158 bytes (1 switches on core 0) [pid: 8|app: 0|req: 981/1946] 10.0.0.70 () {32 vars in 772 bytes} [Sat Jun 6 06:21:39 2026] GET /v2.0/security-groups?tenant_id=9b887c7fa68147b48193ef415f8bf770&name=default => generated 2925 bytes in 26 msecs (HTTP/1.1 200) 4 headers in 158 bytes (1 switches on core 0) [pid: 8|app: 0|req: 982/1947] 10.0.0.70 () {32 vars in 738 bytes} [Sat Jun 6 06:21:39 2026] DELETE /v2.0/security-groups/cc59c468-9209-4b85-925a-4ca1a7da59af => generated 0 bytes in 258 msecs (HTTP/1.1 204) 2 headers in 112 bytes (1 switches on core 0) [pid: 8|app: 0|req: 983/1948] 10.0.0.70 () {32 vars in 772 bytes} [Sat Jun 6 06:21:39 2026] GET /v2.0/security-groups?tenant_id=20dda51844a74b469a079729acc6e388&name=default => generated 2925 bytes in 29 msecs (HTTP/1.1 200) 4 headers in 158 bytes (1 switches on core 0) [pid: 7|app: 0|req: 966/1949] 10.0.0.70 () {32 vars in 722 bytes} [Sat Jun 6 06:21:39 2026] DELETE /v2.0/routers/f71894e7-13e2-4928-8cfa-9da17a5931a2 => generated 0 bytes in 702 msecs (HTTP/1.1 204) 2 headers in 112 bytes (1 switches on core 0) [pid: 8|app: 0|req: 984/1950] 10.0.0.70 () {32 vars in 738 bytes} [Sat Jun 6 06:21:40 2026] DELETE /v2.0/security-groups/9131cd59-df4b-46fa-8a46-83420481787a => generated 0 bytes in 254 msecs (HTTP/1.1 204) 2 headers in 112 bytes (1 switches on core 0) [pid: 7|app: 0|req: 967/1951] 10.0.0.70 () {32 vars in 738 bytes} [Sat Jun 6 06:21:40 2026] DELETE /v2.0/security-groups/bdceac46-5d88-464d-931f-e67d70c71469 => generated 0 bytes in 233 msecs (HTTP/1.1 204) 2 headers in 112 bytes (1 switches on core 0) [pid: 8|app: 0|req: 985/1952] 10.0.0.70 () {32 vars in 722 bytes} [Sat Jun 6 06:21:40 2026] DELETE /v2.0/subnets/a26365be-b012-44e2-b036-9e91cdabb864 => generated 0 bytes in 164 msecs (HTTP/1.1 204) 3 headers in 131 bytes (1 switches on core 0) [pid: 8|app: 0|req: 986/1953] 10.0.0.70 () {32 vars in 772 bytes} [Sat Jun 6 06:21:40 2026] GET /v2.0/security-groups?tenant_id=5feacb6436aa4e84a62699a26ead5f47&name=default => generated 2925 bytes in 35 msecs (HTTP/1.1 200) 4 headers in 158 bytes (1 switches on core 0)
2026-06-06 06:21:40.552 7 INFO neutron_taas.services.taas.taas_plugin [None req-67f2cc71-6461-4793-84d4-e802f53038a6 621daba8005440faad1c1081e7d715c9 587adb9ba0624c359f454f4288017d17 - - default default] TaaS: Handle Delete Port: f7746804-ac4d-4298-ae4d-780e85acc00c
2026-06-06 06:21:40.555 7 INFO neutron_taas.services.taas.tap_mirror_plugin [None req-67f2cc71-6461-4793-84d4-e802f53038a6 621daba8005440faad1c1081e7d715c9 587adb9ba0624c359f454f4288017d17 - - default default] Tap Mirror: Handle Delete Port: f7746804-ac4d-4298-ae4d-780e85acc00c
2026-06-06 06:21:40.714 7 INFO neutron.services.segments.plugin [-] Segment 770f27b1-d6fb-4b2a-bdb4-71ff53d0b6c6 resource provider aggregate not found [pid: 8|app: 0|req: 987/1954] 10.0.0.70 () {32 vars in 738 bytes} [Sat Jun 6 06:21:40 2026] DELETE /v2.0/security-groups/ad4abc1a-df7c-4820-ba6b-25659665878c => generated 0 bytes in 217 msecs (HTTP/1.1 204) 2 headers in 112 bytes (1 switches on core 0)
2026-06-06 06:21:40.718 7 INFO neutron.services.segments.plugin [-] Segment 770f27b1-d6fb-4b2a-bdb4-71ff53d0b6c6 resource provider aggregate not found
2026-06-06 06:21:40.737 7 INFO neutron.services.segments.plugin [-] Segment 770f27b1-d6fb-4b2a-bdb4-71ff53d0b6c6 resource provider not found; error: Placement Client Error (4xx): {"errors": [{"status": 404, "title": "Not Found", "detail": "The resource could not be found.\n\n No resource provider with uuid 770f27b1-d6fb-4b2a-bdb4-71ff53d0b6c6 found for delete ", "request_id": "req-a527dd92-4129-410a-a9f0-cc22706e21cc"}]}
2026-06-06 06:21:40.745 7 INFO neutron.services.segments.plugin [-] Segment 770f27b1-d6fb-4b2a-bdb4-71ff53d0b6c6 resource provider not found; error: Placement Client Error (4xx): {"errors": [{"status": 404, "title": "Not Found", "detail": "The resource could not be found.\n\n No resource provider with uuid 770f27b1-d6fb-4b2a-bdb4-71ff53d0b6c6 found for delete ", "request_id": "req-6b84745d-ad86-4479-ab80-462fc88b0596"}]} [pid: 7|app: 0|req: 968/1955] 10.0.0.70 () {32 vars in 724 bytes} [Sat Jun 6 06:21:40 2026] DELETE /v2.0/networks/21245f36-b071-41a1-a7b7-2a25b4841663 => generated 0 bytes in 318 msecs (HTTP/1.1 204) 3 headers in 131 bytes (1 switches on core 0) [pid: 8|app: 0|req: 988/1956] 10.0.0.70 () {32 vars in 772 bytes} [Sat Jun 6 06:21:40 2026] GET /v2.0/security-groups?tenant_id=1e67d969b93142b4bb5fea147b57bcbb&name=default => generated 2925 bytes in 29 msecs (HTTP/1.1 200) 4 headers in 158 bytes (1 switches on core 0) [pid: 7|app: 0|req: 969/1957] 10.0.0.70 () {32 vars in 738 bytes} [Sat Jun 6 06:21:40 2026] DELETE /v2.0/security-groups/a07c9e7e-ee70-47ea-b9be-b140b8fc7fb5 => generated 0 bytes in 232 msecs (HTTP/1.1 204) 2 headers in 112 bytes (1 switches on core 0)
2026-06-06 06:21:43.214 8 INFO neutron.db.ovn_revision_numbers_db [None req-bf77d21a-24a4-4b85-9d08-8221f6e71f79 621daba8005440faad1c1081e7d715c9 587adb9ba0624c359f454f4288017d17 - - default default] Successfully bumped revision number for resource b400cb57-9314-49bb-98a3-08accdb53471 (type: security_groups) to 1
2026-06-06 06:21:43.226 8 INFO neutron.db.ovn_revision_numbers_db [None req-bf77d21a-24a4-4b85-9d08-8221f6e71f79 621daba8005440faad1c1081e7d715c9 587adb9ba0624c359f454f4288017d17 - - default default] Successfully bumped revision number for resource a14fe563-32a7-45a8-a3ac-0eb0233247af (type: security_group_rules) to 0
2026-06-06 06:21:43.257 8 INFO neutron.db.ovn_revision_numbers_db [None req-bf77d21a-24a4-4b85-9d08-8221f6e71f79 621daba8005440faad1c1081e7d715c9 587adb9ba0624c359f454f4288017d17 - - default default] Successfully bumped revision number for resource a6b77d0b-c286-49c5-b840-bcce9ea505fd (type: security_group_rules) to 0
2026-06-06 06:21:43.277 8 INFO neutron.db.ovn_revision_numbers_db [None req-bf77d21a-24a4-4b85-9d08-8221f6e71f79 621daba8005440faad1c1081e7d715c9 587adb9ba0624c359f454f4288017d17 - - default default] Successfully bumped revision number for resource c4f0a740-f651-4cb6-aac6-02d416f03ecc (type: security_group_rules) to 0
2026-06-06 06:21:43.293 8 INFO neutron.db.ovn_revision_numbers_db [None req-bf77d21a-24a4-4b85-9d08-8221f6e71f79 621daba8005440faad1c1081e7d715c9 587adb9ba0624c359f454f4288017d17 - - default default] Successfully bumped revision number for resource f5b01204-af22-4727-9b3b-b38b46be4b09 (type: security_group_rules) to 0
2026-06-06 06:21:43.380 8 INFO neutron.db.segments_db [None req-bf77d21a-24a4-4b85-9d08-8221f6e71f79 621daba8005440faad1c1081e7d715c9 587adb9ba0624c359f454f4288017d17 - - default default] Added segment 36570abd-49ca-409e-a0da-1972f55acc97 of type geneve for network 16b645c1-9246-461e-88a2-a2a7ef6b7bc9
2026-06-06 06:21:43.486 8 INFO neutron.db.ovn_revision_numbers_db [None req-bf77d21a-24a4-4b85-9d08-8221f6e71f79 621daba8005440faad1c1081e7d715c9 587adb9ba0624c359f454f4288017d17 - - default default] Successfully bumped revision number for resource 16b645c1-9246-461e-88a2-a2a7ef6b7bc9 (type: networks) to 1
2026-06-06 06:21:43.636 7 INFO neutron.db.ovn_revision_numbers_db [None req-adb30484-01b3-48be-9b5b-fcf58b92fbc0 a2f417ba18884146945abff9edb61e36 feeaf24c244e49e1bdb1c9174e22a27d - - default default] Successfully bumped revision number for resource eec0479e-00c6-44e1-8fb5-ebaaca250cf3 (type: security_groups) to 1
2026-06-06 06:21:43.651 7 INFO neutron.db.ovn_revision_numbers_db [None req-adb30484-01b3-48be-9b5b-fcf58b92fbc0 a2f417ba18884146945abff9edb61e36 feeaf24c244e49e1bdb1c9174e22a27d - - default default] Successfully bumped revision number for resource 04ec237f-ba03-4619-a2b3-415949eb498f (type: security_group_rules) to 0
2026-06-06 06:21:43.663 7 INFO neutron.db.ovn_revision_numbers_db [None req-adb30484-01b3-48be-9b5b-fcf58b92fbc0 a2f417ba18884146945abff9edb61e36 feeaf24c244e49e1bdb1c9174e22a27d - - default default] Successfully bumped revision number for resource 44df1cb3-c2e0-4e67-abc4-d0fa82357e97 (type: security_group_rules) to 0
2026-06-06 06:21:43.673 7 INFO neutron.db.ovn_revision_numbers_db [None req-adb30484-01b3-48be-9b5b-fcf58b92fbc0 a2f417ba18884146945abff9edb61e36 feeaf24c244e49e1bdb1c9174e22a27d - - default default] Successfully bumped revision number for resource c29014d4-f3d3-4a80-9250-d2f47d590cd3 (type: security_group_rules) to 0
2026-06-06 06:21:43.683 7 INFO neutron.db.ovn_revision_numbers_db [None req-adb30484-01b3-48be-9b5b-fcf58b92fbc0 a2f417ba18884146945abff9edb61e36 feeaf24c244e49e1bdb1c9174e22a27d - - default default] Successfully bumped revision number for resource cdffa1c8-a184-430f-8320-90b8dcccd703 (type: security_group_rules) to 0
2026-06-06 06:21:43.690 8 WARNING neutron.scheduler.dhcp_agent_scheduler [None req-bf77d21a-24a4-4b85-9d08-8221f6e71f79 621daba8005440faad1c1081e7d715c9 587adb9ba0624c359f454f4288017d17 - - default default] No more DHCP agents
2026-06-06 06:21:43.692 8 WARNING neutron.api.rpc.agentnotifiers.dhcp_rpc_agent_api [None req-bf77d21a-24a4-4b85-9d08-8221f6e71f79 621daba8005440faad1c1081e7d715c9 587adb9ba0624c359f454f4288017d17 - - default default] Unable to schedule network 16b645c1-9246-461e-88a2-a2a7ef6b7bc9: no agents available; will retry on subsequent port and subnet creation events.
2026-06-06 06:21:43.744 8 INFO neutron.plugins.ml2.drivers.ovn.mech_driver.mech_driver [None req-55f3785d-e0a9-46e8-bf3d-71f2c6590608 - - - - - -] OVN reports status down for port: 35d9ad2a-b699-4bae-ab5b-502ba98d2c6c
2026-06-06 06:21:43.764 7 INFO neutron.db.segments_db [None req-adb30484-01b3-48be-9b5b-fcf58b92fbc0 a2f417ba18884146945abff9edb61e36 feeaf24c244e49e1bdb1c9174e22a27d - - default default] Added segment 1f64749e-437e-431d-b90f-f43de42781d3 of type geneve for network cdf1655c-a38a-425e-8955-180fabdbb1ce
2026-06-06 06:21:43.818 8 INFO neutron.db.ovn_revision_numbers_db [None req-bf77d21a-24a4-4b85-9d08-8221f6e71f79 621daba8005440faad1c1081e7d715c9 587adb9ba0624c359f454f4288017d17 - - default default] Successfully bumped revision number for resource 35d9ad2a-b699-4bae-ab5b-502ba98d2c6c (type: ports) to 1 [pid: 8|app: 0|req: 989/1958] 10.0.0.70 () {34 vars in 669 bytes} [Sat Jun 6 06:21:42 2026] POST /v2.0/networks => generated 749 bytes in 903 msecs (HTTP/1.1 201) 4 headers in 162 bytes (1 switches on core 0)
2026-06-06 06:21:43.897 7 INFO neutron.db.ovn_revision_numbers_db [None req-adb30484-01b3-48be-9b5b-fcf58b92fbc0 a2f417ba18884146945abff9edb61e36 feeaf24c244e49e1bdb1c9174e22a27d - - default default] Successfully bumped revision number for resource cdf1655c-a38a-425e-8955-180fabdbb1ce (type: networks) to 1
2026-06-06 06:21:43.996 8 WARNING neutron.scheduler.dhcp_agent_scheduler [None req-741a897d-da43-43c2-9e0e-b0b7d5877040 621daba8005440faad1c1081e7d715c9 587adb9ba0624c359f454f4288017d17 - - default default] No more DHCP agents
2026-06-06 06:21:43.997 8 WARNING neutron.api.rpc.agentnotifiers.dhcp_rpc_agent_api [None req-741a897d-da43-43c2-9e0e-b0b7d5877040 621daba8005440faad1c1081e7d715c9 587adb9ba0624c359f454f4288017d17 - - default default] Unable to schedule network 16b645c1-9246-461e-88a2-a2a7ef6b7bc9: no agents available; will retry on subsequent port and subnet creation events.
2026-06-06 06:21:44.065 7 WARNING neutron.scheduler.dhcp_agent_scheduler [None req-adb30484-01b3-48be-9b5b-fcf58b92fbc0 a2f417ba18884146945abff9edb61e36 feeaf24c244e49e1bdb1c9174e22a27d - - default default] No more DHCP agents
2026-06-06 06:21:44.066 7 WARNING neutron.api.rpc.agentnotifiers.dhcp_rpc_agent_api [None req-adb30484-01b3-48be-9b5b-fcf58b92fbc0 a2f417ba18884146945abff9edb61e36 feeaf24c244e49e1bdb1c9174e22a27d - - default default] Unable to schedule network cdf1655c-a38a-425e-8955-180fabdbb1ce: no agents available; will retry on subsequent port and subnet creation events.
2026-06-06 06:21:44.131 7 INFO neutron.plugins.ml2.drivers.ovn.mech_driver.mech_driver [None req-5b099f86-2b1b-4efd-9fc1-83e1f02f4def - - - - - -] OVN reports status down for port: 83e71b97-f645-4a23-993f-d979a79d56f6
2026-06-06 06:21:44.195 7 INFO neutron.db.ovn_revision_numbers_db [None req-adb30484-01b3-48be-9b5b-fcf58b92fbc0 a2f417ba18884146945abff9edb61e36 feeaf24c244e49e1bdb1c9174e22a27d - - default default] Successfully bumped revision number for resource 83e71b97-f645-4a23-993f-d979a79d56f6 (type: ports) to 1 [pid: 7|app: 0|req: 970/1959] 10.0.0.70 () {34 vars in 668 bytes} [Sat Jun 6 06:21:43 2026] POST /v2.0/networks => generated 632 bytes in 896 msecs (HTTP/1.1 201) 4 headers in 162 bytes (1 switches on core 0)
2026-06-06 06:21:44.495 7 INFO neutron.db.ovn_revision_numbers_db [None req-237d2e5e-920f-46f5-8d08-dce68903e52b 60ac03e491bc423db24cd37ed453c8e6 18f97eae62cf496ea683f17ee87e16c8 - - default default] Successfully bumped revision number for resource 95ca89d6-a644-47b3-8502-27497c1cb9c6 (type: security_groups) to 1
2026-06-06 06:21:44.498 8 INFO neutron.db.ovn_revision_numbers_db [None req-50c3731e-5008-49b3-8ca2-935b5a24dc01 - - - - - -] Successfully bumped revision number for resource 35d9ad2a-b699-4bae-ab5b-502ba98d2c6c (type: ports) to 2
2026-06-06 06:21:44.508 7 INFO neutron.db.ovn_revision_numbers_db [None req-237d2e5e-920f-46f5-8d08-dce68903e52b 60ac03e491bc423db24cd37ed453c8e6 18f97eae62cf496ea683f17ee87e16c8 - - default default] Successfully bumped revision number for resource 61dd49ff-185d-4be9-919c-37913ce423f4 (type: security_group_rules) to 0
2026-06-06 06:21:44.521 7 INFO neutron.db.ovn_revision_numbers_db [None req-237d2e5e-920f-46f5-8d08-dce68903e52b 60ac03e491bc423db24cd37ed453c8e6 18f97eae62cf496ea683f17ee87e16c8 - - default default] Successfully bumped revision number for resource d58237e9-cca4-4af0-b0d5-40f2dc1f64fc (type: security_group_rules) to 0
2026-06-06 06:21:44.534 8 INFO neutron.db.ovn_revision_numbers_db [None req-50c3731e-5008-49b3-8ca2-935b5a24dc01 - - - - - -] Successfully bumped revision number for resource dda284f1-bd8a-423d-a501-d6bc43c7ac02 (type: subnets) to 0
2026-06-06 06:21:44.535 7 INFO neutron.db.ovn_revision_numbers_db [None req-237d2e5e-920f-46f5-8d08-dce68903e52b 60ac03e491bc423db24cd37ed453c8e6 18f97eae62cf496ea683f17ee87e16c8 - - default default] Successfully bumped revision number for resource e205148f-fdcb-47c2-a97a-de95a16ca7bb (type: security_group_rules) to 0
2026-06-06 06:21:44.546 7 INFO neutron.db.ovn_revision_numbers_db [None req-237d2e5e-920f-46f5-8d08-dce68903e52b 60ac03e491bc423db24cd37ed453c8e6 18f97eae62cf496ea683f17ee87e16c8 - - default default] Successfully bumped revision number for resource f69d6c67-7597-418b-9b7d-44f7d07fba53 (type: security_group_rules) to 0 [pid: 8|app: 0|req: 990/1960] 10.0.0.70 () {34 vars in 667 bytes} [Sat Jun 6 06:21:43 2026] POST /v2.0/subnets => generated 693 bytes in 682 msecs (HTTP/1.1 201) 4 headers in 162 bytes (1 switches on core 0)
2026-06-06 06:21:44.620 7 INFO neutron.db.segments_db [None req-237d2e5e-920f-46f5-8d08-dce68903e52b 60ac03e491bc423db24cd37ed453c8e6 18f97eae62cf496ea683f17ee87e16c8 - - default default] Added segment fa6991f2-be9c-4d3a-84bb-fdae3a54933b of type geneve for network afe4a5df-75f3-4e6f-ba61-2df9091b6f5d
2026-06-06 06:21:44.660 8 INFO neutron.db.segments_db [None req-877d05cc-9283-434f-b03c-872b505b820a a2f417ba18884146945abff9edb61e36 feeaf24c244e49e1bdb1c9174e22a27d - - default default] Added segment aa2358f9-c498-4f4a-acd7-4c206dbfeb27 of type geneve for network 0d51d0a5-c19a-4345-bb24-a6d3b683c41e
2026-06-06 06:21:44.761 7 INFO neutron.db.ovn_revision_numbers_db [None req-237d2e5e-920f-46f5-8d08-dce68903e52b 60ac03e491bc423db24cd37ed453c8e6 18f97eae62cf496ea683f17ee87e16c8 - - default default] Successfully bumped revision number for resource afe4a5df-75f3-4e6f-ba61-2df9091b6f5d (type: networks) to 1
2026-06-06 06:21:44.775 8 INFO neutron.db.ovn_revision_numbers_db [None req-877d05cc-9283-434f-b03c-872b505b820a a2f417ba18884146945abff9edb61e36 feeaf24c244e49e1bdb1c9174e22a27d - - default default] Successfully bumped revision number for resource 0d51d0a5-c19a-4345-bb24-a6d3b683c41e (type: networks) to 1
2026-06-06 06:21:44.943 7 WARNING neutron.scheduler.dhcp_agent_scheduler [None req-237d2e5e-920f-46f5-8d08-dce68903e52b 60ac03e491bc423db24cd37ed453c8e6 18f97eae62cf496ea683f17ee87e16c8 - - default default] No more DHCP agents
2026-06-06 06:21:44.944 7 WARNING neutron.api.rpc.agentnotifiers.dhcp_rpc_agent_api [None req-237d2e5e-920f-46f5-8d08-dce68903e52b 60ac03e491bc423db24cd37ed453c8e6 18f97eae62cf496ea683f17ee87e16c8 - - default default] Unable to schedule network afe4a5df-75f3-4e6f-ba61-2df9091b6f5d: no agents available; will retry on subsequent port and subnet creation events.
2026-06-06 06:21:45.006 8 INFO neutron.plugins.ml2.drivers.ovn.mech_driver.mech_driver [None req-55f3785d-e0a9-46e8-bf3d-71f2c6590608 - - - - - -] OVN reports status down for port: 111cde45-81a8-4901-af11-68d3f83f7265
2026-06-06 06:21:45.008 8 WARNING neutron.scheduler.dhcp_agent_scheduler [None req-877d05cc-9283-434f-b03c-872b505b820a a2f417ba18884146945abff9edb61e36 feeaf24c244e49e1bdb1c9174e22a27d - - default default] No more DHCP agents
2026-06-06 06:21:45.010 8 WARNING neutron.api.rpc.agentnotifiers.dhcp_rpc_agent_api [None req-877d05cc-9283-434f-b03c-872b505b820a a2f417ba18884146945abff9edb61e36 feeaf24c244e49e1bdb1c9174e22a27d - - default default] Unable to schedule network 0d51d0a5-c19a-4345-bb24-a6d3b683c41e: no agents available; will retry on subsequent port and subnet creation events.
2026-06-06 06:21:45.021 7 INFO neutron.db.ovn_revision_numbers_db [None req-237d2e5e-920f-46f5-8d08-dce68903e52b 60ac03e491bc423db24cd37ed453c8e6 18f97eae62cf496ea683f17ee87e16c8 - - default default] Successfully bumped revision number for resource 111cde45-81a8-4901-af11-68d3f83f7265 (type: ports) to 1 [pid: 7|app: 0|req: 971/1961] 10.0.0.70 () {34 vars in 668 bytes} [Sat Jun 6 06:21:44 2026] POST /v2.0/networks => generated 729 bytes in 809 msecs (HTTP/1.1 201) 4 headers in 162 bytes (1 switches on core 0)
2026-06-06 06:21:45.074 7 INFO neutron.plugins.ml2.drivers.ovn.mech_driver.mech_driver [None req-5b099f86-2b1b-4efd-9fc1-83e1f02f4def - - - - - -] OVN reports status down for port: 57656f64-efbb-4f1b-a3a2-adaf440bacff
2026-06-06 06:21:45.126 8 INFO neutron.db.ovn_revision_numbers_db [None req-877d05cc-9283-434f-b03c-872b505b820a a2f417ba18884146945abff9edb61e36 feeaf24c244e49e1bdb1c9174e22a27d - - default default] Successfully bumped revision number for resource 57656f64-efbb-4f1b-a3a2-adaf440bacff (type: ports) to 1 [pid: 8|app: 0|req: 991/1962] 10.0.0.70 () {34 vars in 668 bytes} [Sat Jun 6 06:21:44 2026] POST /v2.0/networks => generated 632 bytes in 602 msecs (HTTP/1.1 201) 4 headers in 162 bytes (1 switches on core 0) [pid: 7|app: 0|req: 972/1963] 10.0.0.27 () {28 vars in 577 bytes} [Sat Jun 6 06:21:45 2026] GET /v2.0/ports => generated 8850 bytes in 223 msecs (HTTP/1.1 200) 4 headers in 158 bytes (1 switches on core 0)
2026-06-06 06:21:45.378 7 WARNING neutron.scheduler.dhcp_agent_scheduler [None req-13085dcc-9d3a-41bf-a941-e9e1bdff47a6 60ac03e491bc423db24cd37ed453c8e6 18f97eae62cf496ea683f17ee87e16c8 - - default default] No more DHCP agents
2026-06-06 06:21:45.380 7 WARNING neutron.api.rpc.agentnotifiers.dhcp_rpc_agent_api [None req-13085dcc-9d3a-41bf-a941-e9e1bdff47a6 60ac03e491bc423db24cd37ed453c8e6 18f97eae62cf496ea683f17ee87e16c8 - - default default] Unable to schedule network afe4a5df-75f3-4e6f-ba61-2df9091b6f5d: no agents available; will retry on subsequent port and subnet creation events.
2026-06-06 06:21:45.550 8 WARNING neutron.scheduler.dhcp_agent_scheduler [None req-de1a0eae-7215-4c4f-a1d9-0d5f33a68cfc 621daba8005440faad1c1081e7d715c9 587adb9ba0624c359f454f4288017d17 - - default default] No more DHCP agents
2026-06-06 06:21:45.551 8 WARNING neutron.api.rpc.agentnotifiers.dhcp_rpc_agent_api [None req-de1a0eae-7215-4c4f-a1d9-0d5f33a68cfc 621daba8005440faad1c1081e7d715c9 587adb9ba0624c359f454f4288017d17 - - default default] Unable to schedule network de02dab8-925b-4b18-bbd0-9f6f8ff3ee28: no agents available; will retry on subsequent port and subnet creation events.
2026-06-06 06:21:45.644 8 INFO neutron.plugins.ml2.drivers.ovn.mech_driver.mech_driver [None req-55f3785d-e0a9-46e8-bf3d-71f2c6590608 - - - - - -] OVN reports status down for port: d3ba2218-89a8-454f-adb9-f70bcdd3662b
2026-06-06 06:21:45.693 8 INFO neutron.db.ovn_revision_numbers_db [None req-de1a0eae-7215-4c4f-a1d9-0d5f33a68cfc 621daba8005440faad1c1081e7d715c9 587adb9ba0624c359f454f4288017d17 - - default default] Successfully bumped revision number for resource d3ba2218-89a8-454f-adb9-f70bcdd3662b (type: ports) to 1
2026-06-06 06:21:45.801 7 INFO neutron.db.ovn_revision_numbers_db [None req-de5b1039-40e6-4b0b-815c-5720a3e098d1 - - - - - -] Successfully bumped revision number for resource 111cde45-81a8-4901-af11-68d3f83f7265 (type: ports) to 2
2026-06-06 06:21:45.850 7 INFO neutron.db.ovn_revision_numbers_db [None req-de5b1039-40e6-4b0b-815c-5720a3e098d1 - - - - - -] Successfully bumped revision number for resource 599bf70d-bb0a-4873-9d20-01100308091d (type: subnets) to 0 [pid: 7|app: 0|req: 973/1964] 10.0.0.70 () {34 vars in 667 bytes} [Sat Jun 6 06:21:45 2026] POST /v2.0/subnets => generated 644 bytes in 602 msecs (HTTP/1.1 201) 4 headers in 162 bytes (1 switches on core 0) [pid: 7|app: 0|req: 974/1965] 10.0.0.70 () {34 vars in 751 bytes} [Sat Jun 6 06:21:45 2026] PUT /v2.0/networks/cdf1655c-a38a-425e-8955-180fabdbb1ce/tags => generated 25 bytes in 60 msecs (HTTP/1.1 200) 4 headers in 156 bytes (1 switches on core 0) [pid: 7|app: 0|req: 975/1966] 10.0.0.27 () {28 vars in 581 bytes} [Sat Jun 6 06:21:45 2026] GET /v2.0/routers => generated 974 bytes in 67 msecs (HTTP/1.1 200) 4 headers in 157 bytes (1 switches on core 0)
2026-06-06 06:21:46.005 7 WARNING neutron.api.v2.base [None req-ea51b61f-005a-4c91-8a2a-59763665b511 60ac03e491bc423db24cd37ed453c8e6 18f97eae62cf496ea683f17ee87e16c8 - - default default] An exception happened while processing the request body. The exception message is [Invalid input for target_tenant. Reason: 'None' is not a valid string.].: webob.exc.HTTPBadRequest: Invalid input for target_tenant. Reason: 'None' is not a valid string.
2026-06-06 06:21:46.006 7 INFO neutron.api.v2.resource [None req-ea51b61f-005a-4c91-8a2a-59763665b511 60ac03e491bc423db24cd37ed453c8e6 18f97eae62cf496ea683f17ee87e16c8 - - default default] create failed (client error): Invalid input for target_tenant. Reason: 'None' is not a valid string. [pid: 7|app: 0|req: 976/1967] 10.0.0.70 () {34 vars in 679 bytes} [Sat Jun 6 06:21:46 2026] POST /v2.0/rbac-policies => generated 143 bytes in 6 msecs (HTTP/1.1 400) 4 headers in 166 bytes (1 switches on core 0) [pid: 7|app: 0|req: 977/1968] 10.0.0.70 () {32 vars in 731 bytes} [Sat Jun 6 06:21:46 2026] GET /v2.0/networks/cdf1655c-a38a-425e-8955-180fabdbb1ce/tags => generated 25 bytes in 40 msecs (HTTP/1.1 200) 4 headers in 156 bytes (1 switches on core 0) [pid: 7|app: 0|req: 978/1969] 10.0.0.27 () {28 vars in 622 bytes} [Sat Jun 6 06:21:46 2026] GET /v2.0/agents?binary=ovn-controller => generated 416 bytes in 10 msecs (HTTP/1.1 200) 4 headers in 157 bytes (1 switches on core 0)
2026-06-06 06:21:46.193 7 INFO neutron_taas.services.taas.taas_plugin [None req-6fec82de-106a-476f-9dce-e2b3a8176d6b 60ac03e491bc423db24cd37ed453c8e6 18f97eae62cf496ea683f17ee87e16c8 - - default default] TaaS: Handle Delete Port: 111cde45-81a8-4901-af11-68d3f83f7265
2026-06-06 06:21:46.195 7 INFO neutron_taas.services.taas.tap_mirror_plugin [None req-6fec82de-106a-476f-9dce-e2b3a8176d6b 60ac03e491bc423db24cd37ed453c8e6 18f97eae62cf496ea683f17ee87e16c8 - - default default] Tap Mirror: Handle Delete Port: 111cde45-81a8-4901-af11-68d3f83f7265
2026-06-06 06:21:46.380 8 INFO neutron.plugins.ml2.drivers.ovn.mech_driver.ovsdb.commands [None req-a69160cb-2eea-4031-b2b2-16f19856b72e - - - - - -] Schedule LRP lrp-d3ba2218-89a8-454f-adb9-f70bcdd3662b on gateway e2e8372e-d1c2-4eff-ac25-73105dc6e27d with priority 1
2026-06-06 06:21:46.392 8 INFO neutron.plugins.ml2.drivers.ovn.mech_driver.mech_driver [None req-55f3785d-e0a9-46e8-bf3d-71f2c6590608 - - - - - -] OVN reports status up for port: d3ba2218-89a8-454f-adb9-f70bcdd3662b
2026-06-06 06:21:46.433 8 INFO neutron.plugins.ml2.plugin [None req-55f3785d-e0a9-46e8-bf3d-71f2c6590608 - - - - - -] Attempt 1 to provision port d3ba2218-89a8-454f-adb9-f70bcdd3662b
2026-06-06 06:21:46.443 7 INFO neutron.plugins.ml2.drivers.ovn.mech_driver.ovsdb.ovsdb_monitor [None req-a007a470-b5e7-4e0b-ae68-0e9ebe245d64 - - - - - -] Router ce889a86-114c-409b-b272-8dca4436aa9c is bound to host instance
2026-06-06 06:21:46.471 8 INFO neutron.db.ovn_revision_numbers_db [None req-de1a0eae-7215-4c4f-a1d9-0d5f33a68cfc 621daba8005440faad1c1081e7d715c9 587adb9ba0624c359f454f4288017d17 - - default default] Successfully bumped revision number for resource d3ba2218-89a8-454f-adb9-f70bcdd3662b (type: router_ports) to 1
2026-06-06 06:21:46.580 8 INFO neutron.db.ovn_revision_numbers_db [None req-de1a0eae-7215-4c4f-a1d9-0d5f33a68cfc 621daba8005440faad1c1081e7d715c9 587adb9ba0624c359f454f4288017d17 - - default default] Successfully bumped revision number for resource ce889a86-114c-409b-b272-8dca4436aa9c (type: routers) to 2 [pid: 8|app: 0|req: 992/1970] 10.0.0.70 () {34 vars in 667 bytes} [Sat Jun 6 06:21:45 2026] POST /v2.0/routers => generated 971 bytes in 1445 msecs (HTTP/1.1 201) 4 headers in 162 bytes (1 switches on core 0)
2026-06-06 06:21:46.600 7 INFO neutron.services.segments.plugin [-] Segment fa6991f2-be9c-4d3a-84bb-fdae3a54933b resource provider aggregate not found
2026-06-06 06:21:46.608 7 INFO neutron.services.segments.plugin [-] Segment fa6991f2-be9c-4d3a-84bb-fdae3a54933b resource provider aggregate not found
2026-06-06 06:21:46.630 7 INFO neutron.services.segments.plugin [-] Segment fa6991f2-be9c-4d3a-84bb-fdae3a54933b resource provider not found; error: Placement Client Error (4xx): {"errors": [{"status": 404, "title": "Not Found", "detail": "The resource could not be found.\n\n No resource provider with uuid fa6991f2-be9c-4d3a-84bb-fdae3a54933b found for delete ", "request_id": "req-77ea3112-7ece-4b1c-8eb8-34998594c709"}]}
2026-06-06 06:21:46.640 7 INFO neutron.services.segments.plugin [-] Segment fa6991f2-be9c-4d3a-84bb-fdae3a54933b resource provider not found; error: Placement Client Error (4xx): {"errors": [{"status": 404, "title": "Not Found", "detail": "The resource could not be found.\n\n No resource provider with uuid fa6991f2-be9c-4d3a-84bb-fdae3a54933b found for delete ", "request_id": "req-bacdb439-3638-495a-aa1c-5f4483d1f7a3"}]} [pid: 8|app: 0|req: 993/1971] 10.0.0.70 () {34 vars in 751 bytes} [Sat Jun 6 06:21:46 2026] PUT /v2.0/networks/0d51d0a5-c19a-4345-bb24-a6d3b683c41e/tags => generated 17 bytes in 63 msecs (HTTP/1.1 200) 4 headers in 156 bytes (1 switches on core 0) [pid: 8|app: 0|req: 994/1973] 10.0.0.27 () {28 vars in 581 bytes} [Sat Jun 6 06:21:46 2026] GET /v2.0/subnets => generated 1991 bytes in 31 msecs (HTTP/1.1 200) 4 headers in 158 bytes (1 switches on core 0) [pid: 7|app: 0|req: 979/1973] 10.0.0.70 () {32 vars in 724 bytes} [Sat Jun 6 06:21:46 2026] DELETE /v2.0/networks/afe4a5df-75f3-4e6f-ba61-2df9091b6f5d => generated 0 bytes in 636 msecs (HTTP/1.1 204) 3 headers in 131 bytes (1 switches on core 0) [pid: 7|app: 0|req: 982/1976] 10.0.0.70 () {32 vars in 731 bytes} [Sat Jun 6 06:21:46 2026] GET /v2.0/networks/0d51d0a5-c19a-4345-bb24-a6d3b683c41e/tags => generated 17 bytes in 88 msecs (HTTP/1.1 200) 4 headers in 156 bytes (1 switches on core 0)
2026-06-06 06:21:47.144 8 WARNING neutron.scheduler.dhcp_agent_scheduler [None req-55a58f1e-6cc6-4f2c-b4b2-e290e92b4ab0 621daba8005440faad1c1081e7d715c9 587adb9ba0624c359f454f4288017d17 - - default default] No more DHCP agents
2026-06-06 06:21:47.145 8 WARNING neutron.api.rpc.agentnotifiers.dhcp_rpc_agent_api [None req-55a58f1e-6cc6-4f2c-b4b2-e290e92b4ab0 621daba8005440faad1c1081e7d715c9 587adb9ba0624c359f454f4288017d17 - - default default] Unable to schedule network 16b645c1-9246-461e-88a2-a2a7ef6b7bc9: no agents available; will retry on subsequent port and subnet creation events.
2026-06-06 06:21:47.267 8 INFO neutron.db.ovn_revision_numbers_db [None req-55a58f1e-6cc6-4f2c-b4b2-e290e92b4ab0 621daba8005440faad1c1081e7d715c9 587adb9ba0624c359f454f4288017d17 - - default default] Successfully bumped revision number for resource 590a237d-7431-47d9-b977-16d5142d307d (type: ports) to 1
2026-06-06 06:21:47.277 7 INFO neutron.plugins.ml2.drivers.ovn.mech_driver.mech_driver [None req-5b099f86-2b1b-4efd-9fc1-83e1f02f4def - - - - - -] OVN reports status down for port: 590a237d-7431-47d9-b977-16d5142d307d [pid: 7|app: 0|req: 983/1977] 10.0.0.27 () {28 vars in 579 bytes} [Sat Jun 6 06:21:46 2026] GET /v2.0/agents => generated 1214 bytes in 501 msecs (HTTP/1.1 200) 4 headers in 158 bytes (1 switches on core 0)
2026-06-06 06:21:47.450 7 INFO neutron.db.segments_db [None req-2beea15a-f219-4360-bf50-37d761ac3994 60ac03e491bc423db24cd37ed453c8e6 18f97eae62cf496ea683f17ee87e16c8 - - default default] Added segment 5586997e-b76b-48d9-b7b1-5307e19c844b of type geneve for network 53831c1d-e75a-4691-a94b-baa46524192b
2026-06-06 06:21:47.612 7 INFO neutron.db.ovn_revision_numbers_db [None req-2beea15a-f219-4360-bf50-37d761ac3994 60ac03e491bc423db24cd37ed453c8e6 18f97eae62cf496ea683f17ee87e16c8 - - default default] Successfully bumped revision number for resource 53831c1d-e75a-4691-a94b-baa46524192b (type: networks) to 1
2026-06-06 06:21:47.824 7 INFO neutron.plugins.ml2.drivers.ovn.mech_driver.mech_driver [None req-5b099f86-2b1b-4efd-9fc1-83e1f02f4def - - - - - -] OVN reports status up for port: 590a237d-7431-47d9-b977-16d5142d307d
2026-06-06 06:21:47.850 7 WARNING neutron.scheduler.dhcp_agent_scheduler [None req-2beea15a-f219-4360-bf50-37d761ac3994 60ac03e491bc423db24cd37ed453c8e6 18f97eae62cf496ea683f17ee87e16c8 - - default default] No more DHCP agents
2026-06-06 06:21:47.853 7 WARNING neutron.api.rpc.agentnotifiers.dhcp_rpc_agent_api [None req-2beea15a-f219-4360-bf50-37d761ac3994 60ac03e491bc423db24cd37ed453c8e6 18f97eae62cf496ea683f17ee87e16c8 - - default default] Unable to schedule network 53831c1d-e75a-4691-a94b-baa46524192b: no agents available; will retry on subsequent port and subnet creation events.
2026-06-06 06:21:47.857 7 INFO neutron.plugins.ml2.plugin [None req-5b099f86-2b1b-4efd-9fc1-83e1f02f4def - - - - - -] Attempt 1 to provision port 590a237d-7431-47d9-b977-16d5142d307d
2026-06-06 06:21:47.894 8 WARNING neutron.scheduler.dhcp_agent_scheduler [None req-55a58f1e-6cc6-4f2c-b4b2-e290e92b4ab0 621daba8005440faad1c1081e7d715c9 587adb9ba0624c359f454f4288017d17 - - default default] No more DHCP agents
2026-06-06 06:21:47.895 8 WARNING neutron.api.rpc.agentnotifiers.dhcp_rpc_agent_api [None req-55a58f1e-6cc6-4f2c-b4b2-e290e92b4ab0 621daba8005440faad1c1081e7d715c9 587adb9ba0624c359f454f4288017d17 - - default default] Unable to schedule network 16b645c1-9246-461e-88a2-a2a7ef6b7bc9: no agents available; will retry on subsequent port and subnet creation events.
2026-06-06 06:21:48.047 7 INFO neutron.db.ovn_revision_numbers_db [None req-2beea15a-f219-4360-bf50-37d761ac3994 60ac03e491bc423db24cd37ed453c8e6 18f97eae62cf496ea683f17ee87e16c8 - - default default] Successfully bumped revision number for resource fdbd3acd-9a8c-466e-8691-a76060622155 (type: ports) to 1 [pid: 7|app: 0|req: 984/1978] 10.0.0.70 () {34 vars in 668 bytes} [Sat Jun 6 06:21:47 2026] POST /v2.0/networks => generated 729 bytes in 836 msecs (HTTP/1.1 201) 4 headers in 162 bytes (1 switches on core 0)
2026-06-06 06:21:48.288 8 INFO neutron.db.ovn_revision_numbers_db [None req-55a58f1e-6cc6-4f2c-b4b2-e290e92b4ab0 621daba8005440faad1c1081e7d715c9 587adb9ba0624c359f454f4288017d17 - - default default] Successfully bumped revision number for resource 590a237d-7431-47d9-b977-16d5142d307d (type: router_ports) to 1 [pid: 8|app: 0|req: 995/1979] 10.0.0.70 () {34 vars in 781 bytes} [Sat Jun 6 06:21:46 2026] PUT /v2.0/routers/ce889a86-114c-409b-b272-8dca4436aa9c/add_router_interface => generated 309 bytes in 1601 msecs (HTTP/1.1 200) 4 headers in 157 bytes (1 switches on core 0) [pid: 8|app: 0|req: 996/1980] 10.0.0.27 () {28 vars in 617 bytes} [Sat Jun 6 06:21:48 2026] GET /v2.0/network-ip-availabilities => generated 2388 bytes in 13 msecs (HTTP/1.1 200) 4 headers in 158 bytes (1 switches on core 0) [pid: 7|app: 0|req: 985/1981] 10.0.0.70 () {34 vars in 751 bytes} [Sat Jun 6 06:21:48 2026] PUT /v2.0/networks/0d51d0a5-c19a-4345-bb24-a6d3b683c41e/tags => generated 12 bytes in 215 msecs (HTTP/1.1 200) 4 headers in 156 bytes (1 switches on core 0) [pid: 7|app: 0|req: 986/1982] 10.0.0.27 () {28 vars in 581 bytes} [Sat Jun 6 06:21:48 2026] GET /v2.0/subnets => generated 1991 bytes in 76 msecs (HTTP/1.1 200) 4 headers in 158 bytes (1 switches on core 0)
2026-06-06 06:21:48.428 8 WARNING neutron.scheduler.dhcp_agent_scheduler [None req-8fdd800d-5bfb-4181-9ff2-d7dc0e5282c9 60ac03e491bc423db24cd37ed453c8e6 18f97eae62cf496ea683f17ee87e16c8 - - default default] No more DHCP agents
