2026-06-06 06:19:37.580 7 INFO neutron.db.l3_db [None req-ca229083-a26e-4d46-a6d5-469294ec4368 fdd49160077e451f978765016833e020 82a7daa4fe814f4d9e2f3eecafff97d7 - - default default] Floating IP b4b5418e-d80f-4d99-b978-cbedceed374a disassociated. External IP: 10.96.250.209, port: a4f01cd0-6b30-45b5-94ff-f45c62ab1bf4. [pid: 7|app: 0|req: 557/1097] 10.0.0.70 () {34 vars in 747 bytes} [Sat Jun 6 06:19:37 2026] PUT /v2.0/floatingips/b4b5418e-d80f-4d99-b978-cbedceed374a => generated 554 bytes in 220 msecs (HTTP/1.1 200) 4 headers in 157 bytes (1 switches on core 0) [pid: 7|app: 0|req: 558/1098] 10.0.0.70 () {32 vars in 651 bytes} [Sat Jun 6 06:19:37 2026] GET /v2.0/extensions => generated 20118 bytes in 5 msecs (HTTP/1.1 200) 4 headers in 159 bytes (1 switches on core 0)
2026-06-06 06:19:37.619 7 INFO neutron.pecan_wsgi.hooks.translation [None req-047bc399-a03c-4791-9793-f1d47d491022 bae0c907857047e49f1b4e702128b861 42c97596bc9b4d418326644bfebc5f2e - - default default] DELETE failed (client error): The resource could not be found. [pid: 7|app: 0|req: 559/1099] 10.0.0.70 () {32 vars in 724 bytes} [Sat Jun 6 06:19:37 2026] DELETE /v2.0/networks/2a7ea4b3-bf51-464a-9ceb-264769da1f81 => generated 138 bytes in 10 msecs (HTTP/1.1 404) 4 headers in 164 bytes (1 switches on core 0)
2026-06-06 06:19:37.717 7 INFO neutron_taas.services.taas.taas_plugin [None req-7f699f22-d1ec-4423-8c79-77181a618b2b fdd49160077e451f978765016833e020 82a7daa4fe814f4d9e2f3eecafff97d7 - - default default] TaaS: Handle Delete Port: a3ed9614-3160-4746-ab6e-85dfb5b263a9
2026-06-06 06:19:37.720 7 INFO neutron_taas.services.taas.tap_mirror_plugin [None req-7f699f22-d1ec-4423-8c79-77181a618b2b fdd49160077e451f978765016833e020 82a7daa4fe814f4d9e2f3eecafff97d7 - - default default] Tap Mirror: Handle Delete Port: a3ed9614-3160-4746-ab6e-85dfb5b263a9 [pid: 7|app: 0|req: 560/1100] 10.0.0.70 () {32 vars in 730 bytes} [Sat Jun 6 06:19:37 2026] DELETE /v2.0/floatingips/b4b5418e-d80f-4d99-b978-cbedceed374a => generated 0 bytes in 248 msecs (HTTP/1.1 204) 2 headers in 112 bytes (1 switches on core 0) [pid: 7|app: 0|req: 561/1101] 10.0.0.70 () {32 vars in 647 bytes} [Sat Jun 6 06:19:37 2026] GET /v2.0/networks => generated 1312 bytes in 70 msecs (HTTP/1.1 200) 4 headers in 158 bytes (1 switches on core 0)
2026-06-06 06:19:38.007 8 INFO neutron.db.ovn_revision_numbers_db [None req-5d4ada01-200b-4226-ac0d-4b283c57195e 621daba8005440faad1c1081e7d715c9 587adb9ba0624c359f454f4288017d17 - - default default] Successfully bumped revision number for resource cf5ceb66-7413-414c-88ac-598d85bc701d (type: router_ports) to 1 [pid: 8|app: 0|req: 541/1102] 10.0.0.70 () {34 vars in 781 bytes} [Sat Jun 6 06:19:35 2026] PUT /v2.0/routers/1b5fb3d5-cd09-4999-87eb-68cbd15f8353/add_router_interface => generated 309 bytes in 2214 msecs (HTTP/1.1 200) 4 headers in 157 bytes (1 switches on core 0)
2026-06-06 06:19:38.030 8 INFO neutron.api.v2.resource [None req-15e17a8d-e595-4999-b295-91ec4e125693 fdd49160077e451f978765016833e020 82a7daa4fe814f4d9e2f3eecafff97d7 - - default default] delete failed (client error): The resource could not be found. [pid: 8|app: 0|req: 542/1103] 10.0.0.70 () {32 vars in 730 bytes} [Sat Jun 6 06:19:38 2026] DELETE /v2.0/floatingips/b4b5418e-d80f-4d99-b978-cbedceed374a => generated 144 bytes in 18 msecs (HTTP/1.1 404) 4 headers in 164 bytes (1 switches on core 0) [pid: 8|app: 0|req: 543/1104] 10.0.0.70 () {32 vars in 645 bytes} [Sat Jun 6 06:19:38 2026] GET /v2.0/subnets => generated 1312 bytes in 51 msecs (HTTP/1.1 200) 4 headers in 158 bytes (1 switches on core 0) [pid: 7|app: 0|req: 562/1105] 10.0.0.70 () {32 vars in 722 bytes} [Sat Jun 6 06:19:37 2026] DELETE /v2.0/subnets/723687fc-a887-4376-a34a-f3082a086346 => generated 0 bytes in 145 msecs (HTTP/1.1 204) 3 headers in 131 bytes (1 switches on core 0)
2026-06-06 06:19:38.118 8 INFO neutron.plugins.ml2.drivers.ovn.mech_driver.mech_driver [None req-ae7cce4f-c860-4165-981d-afb948d6dc61 - - - - - -] OVN reports status down for port: cf5ceb66-7413-414c-88ac-598d85bc701d [pid: 7|app: 0|req: 563/1106] 10.0.0.70 () {32 vars in 721 bytes} [Sat Jun 6 06:19:38 2026] GET /v2.0/networks/1bdf1983-0b12-4b54-9543-29fcb8859fe7 => generated 672 bytes in 44 msecs (HTTP/1.1 200) 4 headers in 157 bytes (1 switches on core 0)
2026-06-06 06:19:38.214 8 WARNING neutron.plugins.ml2.drivers.ovn.mech_driver.ovsdb.ovn_client [None req-ae7cce4f-c860-4165-981d-afb948d6dc61 - - - - - -] Logical_Switch_Port cf5ceb66-7413-414c-88ac-598d85bc701d host information not removed, the port state is up
2026-06-06 06:19:38.242 8 INFO neutron.plugins.ml2.drivers.ovn.mech_driver.mech_driver [None req-ae7cce4f-c860-4165-981d-afb948d6dc61 - - - - - -] OVN reports status up for port: cf5ceb66-7413-414c-88ac-598d85bc701d
2026-06-06 06:19:38.259 8 INFO neutron.plugins.ml2.plugin [None req-ae7cce4f-c860-4165-981d-afb948d6dc61 - - - - - -] Attempt 1 to provision port cf5ceb66-7413-414c-88ac-598d85bc701d
2026-06-06 06:19:38.269 7 INFO neutron_taas.services.taas.taas_plugin [None req-8a7ba87d-f8e6-4e24-b74e-4b4e478fafdd bae0c907857047e49f1b4e702128b861 42c97596bc9b4d418326644bfebc5f2e - - default default] TaaS: Handle Delete Port: 1cb1826b-e831-4c1a-9926-e89b5614477b
2026-06-06 06:19:38.273 7 INFO neutron_taas.services.taas.tap_mirror_plugin [None req-8a7ba87d-f8e6-4e24-b74e-4b4e478fafdd bae0c907857047e49f1b4e702128b861 42c97596bc9b4d418326644bfebc5f2e - - default default] Tap Mirror: Handle Delete Port: 1cb1826b-e831-4c1a-9926-e89b5614477b
2026-06-06 06:19:38.454 7 INFO neutron.services.segments.plugin [-] Segment c025a49b-c410-40a6-965b-3a363c1f32d4 resource provider aggregate not found
2026-06-06 06:19:38.458 7 INFO neutron.services.segments.plugin [-] Segment c025a49b-c410-40a6-965b-3a363c1f32d4 resource provider aggregate not found
2026-06-06 06:19:38.479 7 INFO neutron.services.segments.plugin [-] Segment c025a49b-c410-40a6-965b-3a363c1f32d4 resource provider not found; error: Placement Client Error (4xx): {"errors": [{"status": 404, "title": "Not Found", "detail": "The resource could not be found.\n\n No resource provider with uuid c025a49b-c410-40a6-965b-3a363c1f32d4 found for delete ", "request_id": "req-170acb21-08d3-4e70-991c-0039e09e9640"}]}
2026-06-06 06:19:38.484 7 INFO neutron.services.segments.plugin [-] Segment c025a49b-c410-40a6-965b-3a363c1f32d4 resource provider not found; error: Placement Client Error (4xx): {"errors": [{"status": 404, "title": "Not Found", "detail": "The resource could not be found.\n\n No resource provider with uuid c025a49b-c410-40a6-965b-3a363c1f32d4 found for delete ", "request_id": "req-e4355bb0-de11-472c-85b6-df5fe94aa852"}]} [pid: 7|app: 0|req: 564/1107] 10.0.0.70 () {32 vars in 724 bytes} [Sat Jun 6 06:19:38 2026] DELETE /v2.0/networks/12f7e825-5547-4473-82eb-2cf6ae1ffcd4 => generated 0 bytes in 379 msecs (HTTP/1.1 204) 3 headers in 131 bytes (1 switches on core 0) [pid: 7|app: 0|req: 565/1108] 10.0.0.70 () {32 vars in 719 bytes} [Sat Jun 6 06:19:38 2026] GET /v2.0/subnets/f030bca1-e9b3-466e-849a-8ca04f2e24de => generated 673 bytes in 25 msecs (HTTP/1.1 200) 4 headers in 157 bytes (1 switches on core 0)
2026-06-06 06:19:38.556 7 INFO neutron.pecan_wsgi.hooks.translation [None req-9b5bd70f-17f1-4b0f-ad8a-0c8362b3684f 04dd70fc01f243d4b60568f1046beca8 bc875385d88d4053b50abab980712238 - - default default] DELETE failed (client error): The resource could not be found. [pid: 7|app: 0|req: 566/1109] 10.0.0.70 () {32 vars in 722 bytes} [Sat Jun 6 06:19:38 2026] DELETE /v2.0/subnets/f8262aa2-606a-4302-a387-904303024638 => generated 136 bytes in 13 msecs (HTTP/1.1 404) 4 headers in 164 bytes (1 switches on core 0)
2026-06-06 06:19:38.680 7 INFO neutron.db.ovn_revision_numbers_db [None req-647117df-d7d3-49ba-96e4-56cdb517c700 cba74a79cec1460484c85a9e62f7adb0 8d7defceb9a64027b7e5c31027392e2a - - default default] Successfully bumped revision number for resource 9780edd3-be14-487e-98e7-8ce56e575035 (type: security_groups) to 1
2026-06-06 06:19:38.693 7 INFO neutron.db.ovn_revision_numbers_db [None req-647117df-d7d3-49ba-96e4-56cdb517c700 cba74a79cec1460484c85a9e62f7adb0 8d7defceb9a64027b7e5c31027392e2a - - default default] Successfully bumped revision number for resource 06274c1a-9fec-4e62-a666-be09e570889f (type: security_group_rules) to 0
2026-06-06 06:19:38.705 7 INFO neutron.db.ovn_revision_numbers_db [None req-647117df-d7d3-49ba-96e4-56cdb517c700 cba74a79cec1460484c85a9e62f7adb0 8d7defceb9a64027b7e5c31027392e2a - - default default] Successfully bumped revision number for resource 59bc6142-a7bf-4cfa-8a69-787688dd5f54 (type: security_group_rules) to 0 [pid: 7|app: 0|req: 567/1110] 10.0.0.70 () {34 vars in 683 bytes} [Sat Jun 6 06:19:38 2026] POST /v2.0/security-groups => generated 1660 bytes in 183 msecs (HTTP/1.1 201) 4 headers in 163 bytes (1 switches on core 0)
2026-06-06 06:19:38.752 7 INFO neutron.pecan_wsgi.hooks.translation [None req-c2a9d5a3-222d-46b8-8ca8-c8a1da833654 04dd70fc01f243d4b60568f1046beca8 bc875385d88d4053b50abab980712238 - - default default] DELETE failed (client error): The resource could not be found. [pid: 7|app: 0|req: 568/1111] 10.0.0.70 () {32 vars in 724 bytes} [Sat Jun 6 06:19:38 2026] DELETE /v2.0/networks/1320bf5b-90fe-44ed-8b6d-e675e1b3ad98 => generated 138 bytes in 12 msecs (HTTP/1.1 404) 4 headers in 164 bytes (1 switches on core 0)
2026-06-06 06:19:38.812 8 INFO neutron_taas.services.taas.taas_plugin [None req-52836dd4-d38f-4039-8843-825c76e1f775 fdd49160077e451f978765016833e020 82a7daa4fe814f4d9e2f3eecafff97d7 - - default default] TaaS: Handle Delete Port: a4f01cd0-6b30-45b5-94ff-f45c62ab1bf4
2026-06-06 06:19:38.818 8 INFO neutron_taas.services.taas.tap_mirror_plugin [None req-52836dd4-d38f-4039-8843-825c76e1f775 fdd49160077e451f978765016833e020 82a7daa4fe814f4d9e2f3eecafff97d7 - - default default] Tap Mirror: Handle Delete Port: a4f01cd0-6b30-45b5-94ff-f45c62ab1bf4
2026-06-06 06:19:38.901 7 INFO neutron.db.ovn_revision_numbers_db [None req-0e4217ea-5f63-4e98-9f75-dad12a6c658d cba74a79cec1460484c85a9e62f7adb0 8d7defceb9a64027b7e5c31027392e2a - - default default] Successfully bumped revision number for resource 39e7b6cf-4d3a-4edd-aad3-9c96095bce11 (type: security_group_rules) to 0 [pid: 7|app: 0|req: 569/1112] 10.0.0.70 () {34 vars in 693 bytes} [Sat Jun 6 06:19:38 2026] POST /v2.0/security-group-rules => generated 597 bytes in 177 msecs (HTTP/1.1 201) 4 headers in 162 bytes (1 switches on core 0) [pid: 7|app: 0|req: 570/1113] 10.0.0.70 () {32 vars in 722 bytes} [Sat Jun 6 06:19:38 2026] DELETE /v2.0/subnets/f030bca1-e9b3-466e-849a-8ca04f2e24de => generated 0 bytes in 123 msecs (HTTP/1.1 204) 3 headers in 131 bytes (1 switches on core 0) [pid: 8|app: 0|req: 544/1114] 10.0.0.70 () {32 vars in 718 bytes} [Sat Jun 6 06:19:38 2026] DELETE /v2.0/ports/a4f01cd0-6b30-45b5-94ff-f45c62ab1bf4 => generated 0 bytes in 1040 msecs (HTTP/1.1 204) 3 headers in 131 bytes (1 switches on core 0)
2026-06-06 06:19:39.182 7 INFO neutron.db.ovn_revision_numbers_db [None req-74b8285e-85ac-4e6d-8e0c-b4f6983a2dbc cba74a79cec1460484c85a9e62f7adb0 8d7defceb9a64027b7e5c31027392e2a - - default default] Successfully bumped revision number for resource 13d7bc43-3662-4973-b526-449bbfb7428e (type: security_group_rules) to 0 /var/lib/openstack/lib/python3.12/site-packages/pycadf/identifier.py:70: UserWarning: Invalid uuid: neutron. To ensure interoperability, identifiers should be a valid uuid. warnings.warn(('Invalid uuid: %s. To ensure interoperability, ' [pid: 7|app: 0|req: 571/1115] 10.0.0.70 () {34 vars in 693 bytes} [Sat Jun 6 06:19:39 2026] POST /v2.0/security-group-rules => generated 602 bytes in 160 msecs (HTTP/1.1 201) 4 headers in 162 bytes (1 switches on core 0) [pid: 8|app: 0|req: 545/1116] 10.0.0.70 () {32 vars in 772 bytes} [Sat Jun 6 06:19:39 2026] GET /v2.0/security-groups?tenant_id=42c97596bc9b4d418326644bfebc5f2e&name=default => generated 2925 bytes in 137 msecs (HTTP/1.1 200) 4 headers in 158 bytes (1 switches on core 0)
2026-06-06 06:19:39.333 7 INFO neutron_taas.services.taas.taas_plugin [None req-6cce62d2-61f4-406f-971f-8e9084698ea4 04dd70fc01f243d4b60568f1046beca8 bc875385d88d4053b50abab980712238 - - default default] TaaS: Handle Delete Port: 701810ce-f87b-4adb-bbef-8d25c5968fca
2026-06-06 06:19:39.336 7 INFO neutron_taas.services.taas.tap_mirror_plugin [None req-6cce62d2-61f4-406f-971f-8e9084698ea4 04dd70fc01f243d4b60568f1046beca8 bc875385d88d4053b50abab980712238 - - default default] Tap Mirror: Handle Delete Port: 701810ce-f87b-4adb-bbef-8d25c5968fca
2026-06-06 06:19:39.341 8 INFO neutron.db.ovn_revision_numbers_db [None req-ae7cce4f-c860-4165-981d-afb948d6dc61 - - - - - -] Successfully bumped revision number for resource cf5ceb66-7413-414c-88ac-598d85bc701d (type: ports) to 2
2026-06-06 06:19:39.503 8 INFO neutron_taas.services.taas.taas_plugin [None req-2b0a02b5-8a18-4638-b52d-ada8739c9103 fdd49160077e451f978765016833e020 82a7daa4fe814f4d9e2f3eecafff97d7 - - default default] TaaS: Handle Delete Port: 1ce52975-afbb-48f7-8b10-036d6f912c2f
2026-06-06 06:19:39.513 8 INFO neutron_taas.services.taas.tap_mirror_plugin [None req-2b0a02b5-8a18-4638-b52d-ada8739c9103 fdd49160077e451f978765016833e020 82a7daa4fe814f4d9e2f3eecafff97d7 - - default default] Tap Mirror: Handle Delete Port: 1ce52975-afbb-48f7-8b10-036d6f912c2f [pid: 7|app: 0|req: 572/1117] 10.0.0.70 () {32 vars in 724 bytes} [Sat Jun 6 06:19:39 2026] DELETE /v2.0/networks/1bdf1983-0b12-4b54-9543-29fcb8859fe7 => generated 0 bytes in 331 msecs (HTTP/1.1 204) 3 headers in 131 bytes (1 switches on core 0) [pid: 8|app: 0|req: 546/1118] 10.0.0.70 () {32 vars in 718 bytes} [Sat Jun 6 06:19:39 2026] DELETE /v2.0/ports/1ce52975-afbb-48f7-8b10-036d6f912c2f => generated 0 bytes in 460 msecs (HTTP/1.1 204) 3 headers in 131 bytes (1 switches on core 0)
2026-06-06 06:19:39.787 7 WARNING neutron.scheduler.dhcp_agent_scheduler [None req-997efba9-13c4-4b58-98da-fda9c25119ac cba74a79cec1460484c85a9e62f7adb0 8d7defceb9a64027b7e5c31027392e2a - - default default] No more DHCP agents
2026-06-06 06:19:39.788 7 WARNING neutron.api.rpc.agentnotifiers.dhcp_rpc_agent_api [None req-997efba9-13c4-4b58-98da-fda9c25119ac cba74a79cec1460484c85a9e62f7adb0 8d7defceb9a64027b7e5c31027392e2a - - default default] Unable to schedule network de02dab8-925b-4b18-bbd0-9f6f8ff3ee28: no agents available; will retry on subsequent port and subnet creation events. [pid: 8|app: 0|req: 547/1119] 10.0.0.70 () {32 vars in 738 bytes} [Sat Jun 6 06:19:39 2026] DELETE /v2.0/security-groups/65c45acf-8262-4635-9a90-4905d5fedc51 => generated 0 bytes in 209 msecs (HTTP/1.1 204) 2 headers in 112 bytes (1 switches on core 0) [pid: 8|app: 0|req: 548/1120] 10.0.0.70 () {32 vars in 734 bytes} [Sat Jun 6 06:19:39 2026] GET /v2.0/ports?device_id=7f1b1dde-c701-4b84-b6fb-7335fc7551d3 => generated 946 bytes in 58 msecs (HTTP/1.1 200) 4 headers in 157 bytes (1 switches on core 0)
2026-06-06 06:19:40.047 7 WARNING neutron.plugins.ml2.drivers.ovn.mech_driver.ovsdb.ovn_client [None req-6a3e244d-0817-43c8-b361-035c975c9ffc - - - - - -] No hosting information found for port 0edd40af-bf14-47f0-add8-7b18e9800f84: RuntimeError: No hosting information found for port 0edd40af-bf14-47f0-add8-7b18e9800f84
2026-06-06 06:19:40.047 7 INFO neutron.plugins.ml2.drivers.ovn.mech_driver.mech_driver [None req-6a3e244d-0817-43c8-b361-035c975c9ffc - - - - - -] OVN reports status down for port: 701810ce-f87b-4adb-bbef-8d25c5968fca [pid: 7|app: 0|req: 573/1121] 10.0.0.70 () {34 vars in 674 bytes} [Sat Jun 6 06:19:39 2026] POST /v2.0/floatingips => generated 552 bytes in 642 msecs (HTTP/1.1 201) 4 headers in 162 bytes (1 switches on core 0)
2026-06-06 06:19:40.192 7 INFO neutron.db.ovn_revision_numbers_db [None req-6a3e244d-0817-43c8-b361-035c975c9ffc - - - - - -] Successfully bumped revision number for resource 0edd40af-bf14-47f0-add8-7b18e9800f84 (type: router_ports) to 2
2026-06-06 06:19:40.193 7 INFO neutron.plugins.ml2.drivers.ovn.mech_driver.mech_driver [None req-6a3e244d-0817-43c8-b361-035c975c9ffc - - - - - -] OVN reports status down for port: 1ce52975-afbb-48f7-8b10-036d6f912c2f
2026-06-06 06:19:40.208 7 INFO neutron.plugins.ml2.drivers.ovn.mech_driver.mech_driver [None req-6a3e244d-0817-43c8-b361-035c975c9ffc - - - - - -] OVN reports status down for port: a4f01cd0-6b30-45b5-94ff-f45c62ab1bf4
2026-06-06 06:19:40.217 7 INFO neutron.plugins.ml2.drivers.ovn.mech_driver.mech_driver [None req-6a3e244d-0817-43c8-b361-035c975c9ffc - - - - - -] OVN reports status down for port: b0dd7e8b-c82b-464e-8741-7932e04c5b1e
2026-06-06 06:19:40.277 8 INFO neutron_taas.services.taas.taas_plugin [None req-aa7cf1e9-9bc6-4966-98a2-c71b2a8a3efb fdd49160077e451f978765016833e020 82a7daa4fe814f4d9e2f3eecafff97d7 - - default default] TaaS: Handle Delete Port: 0edd40af-bf14-47f0-add8-7b18e9800f84
2026-06-06 06:19:40.280 8 INFO neutron_taas.services.taas.tap_mirror_plugin [None req-aa7cf1e9-9bc6-4966-98a2-c71b2a8a3efb fdd49160077e451f978765016833e020 82a7daa4fe814f4d9e2f3eecafff97d7 - - default default] Tap Mirror: Handle Delete Port: 0edd40af-bf14-47f0-add8-7b18e9800f84 /var/lib/openstack/lib/python3.12/site-packages/pycadf/identifier.py:70: UserWarning: Invalid uuid: neutron. To ensure interoperability, identifiers should be a valid uuid. warnings.warn(('Invalid uuid: %s. To ensure interoperability, ' [pid: 7|app: 0|req: 574/1122] 10.0.0.70 () {32 vars in 772 bytes} [Sat Jun 6 06:19:40 2026] GET /v2.0/security-groups?tenant_id=bc875385d88d4053b50abab980712238&name=default => generated 2925 bytes in 252 msecs (HTTP/1.1 200) 4 headers in 158 bytes (1 switches on core 0)
2026-06-06 06:19:40.503 7 INFO neutron.services.segments.plugin [-] Segment 1026f021-3885-45e3-84f3-097f778d88b0 resource provider aggregate not found
2026-06-06 06:19:40.515 7 INFO neutron.services.segments.plugin [-] Segment 1026f021-3885-45e3-84f3-097f778d88b0 resource provider aggregate not found
2026-06-06 06:19:40.530 7 INFO neutron.services.segments.plugin [-] Segment 1026f021-3885-45e3-84f3-097f778d88b0 resource provider not found; error: Placement Client Error (4xx): {"errors": [{"status": 404, "title": "Not Found", "detail": "The resource could not be found.\n\n No resource provider with uuid 1026f021-3885-45e3-84f3-097f778d88b0 found for delete ", "request_id": "req-cfcbe046-ec08-46ef-a449-9d022e79ae3c"}]}
2026-06-06 06:19:40.535 7 INFO neutron.services.segments.plugin [-] Segment 1026f021-3885-45e3-84f3-097f778d88b0 resource provider not found; error: Placement Client Error (4xx): {"errors": [{"status": 404, "title": "Not Found", "detail": "The resource could not be found.\n\n No resource provider with uuid 1026f021-3885-45e3-84f3-097f778d88b0 found for delete ", "request_id": "req-6f6845d2-5612-4b21-9a67-bb9c012e03a7"}]} [pid: 7|app: 0|req: 575/1123] 10.0.0.70 () {32 vars in 738 bytes} [Sat Jun 6 06:19:40 2026] DELETE /v2.0/security-groups/d8dddebf-a970-4da6-a4fa-f987e51b410f => generated 0 bytes in 221 msecs (HTTP/1.1 204) 2 headers in 112 bytes (1 switches on core 0) [pid: 7|app: 0|req: 576/1124] 10.0.0.125 () {34 vars in 1099 bytes} [Sat Jun 6 06:19:40 2026] GET /v2.0/security-groups?name=tempest-securitygroup--1874664157&fields=id&tenant_id=8d7defceb9a64027b7e5c31027392e2a => generated 69 bytes in 26 msecs (HTTP/1.1 200) 4 headers in 156 bytes (1 switches on core 0) [pid: 7|app: 0|req: 577/1125] 10.0.0.125 () {34 vars in 981 bytes} [Sat Jun 6 06:19:40 2026] GET /v2.0/networks?id=dc6f8398-32e5-4e40-96fa-dd47463ffa00 => generated 670 bytes in 57 msecs (HTTP/1.1 200) 4 headers in 157 bytes (1 switches on core 0) [pid: 7|app: 0|req: 578/1126] 10.0.0.125 () {34 vars in 964 bytes} [Sat Jun 6 06:19:40 2026] GET /v2.0/quotas/8d7defceb9a64027b7e5c31027392e2a => generated 292 bytes in 11 msecs (HTTP/1.1 200) 4 headers in 157 bytes (1 switches on core 0) [pid: 8|app: 0|req: 549/1127] 10.0.0.70 () {34 vars in 787 bytes} [Sat Jun 6 06:19:39 2026] PUT /v2.0/routers/7f1b1dde-c701-4b84-b6fb-7335fc7551d3/remove_router_interface => generated 309 bytes in 872 msecs (HTTP/1.1 200) 4 headers in 157 bytes (1 switches on core 0) /var/lib/openstack/lib/python3.12/site-packages/pycadf/identifier.py:70: UserWarning: Invalid uuid: neutron. To ensure interoperability, identifiers should be a valid uuid. warnings.warn(('Invalid uuid: %s. To ensure interoperability, ' [pid: 7|app: 0|req: 579/1128] 10.0.0.125 () {34 vars in 1001 bytes} [Sat Jun 6 06:19:40 2026] GET /v2.0/ports?tenant_id=8d7defceb9a64027b7e5c31027392e2a&fields=id => generated 103 bytes in 96 msecs (HTTP/1.1 200) 4 headers in 157 bytes (1 switches on core 0)
2026-06-06 06:19:41.186 8 INFO neutron_taas.services.taas.taas_plugin [None req-92fadd55-f5f2-452d-b1f3-5a6e53039008 fdd49160077e451f978765016833e020 82a7daa4fe814f4d9e2f3eecafff97d7 - - default default] TaaS: Handle Delete Port: 426d6ba8-63c6-45b0-a400-70f6a20c1406
2026-06-06 06:19:41.188 8 INFO neutron_taas.services.taas.tap_mirror_plugin [None req-92fadd55-f5f2-452d-b1f3-5a6e53039008 fdd49160077e451f978765016833e020 82a7daa4fe814f4d9e2f3eecafff97d7 - - default default] Tap Mirror: Handle Delete Port: 426d6ba8-63c6-45b0-a400-70f6a20c1406 [pid: 7|app: 0|req: 580/1129] 10.0.0.125 () {34 vars in 906 bytes} [Sat Jun 6 06:19:41 2026] GET /v2.0/extensions => generated 20118 bytes in 45 msecs (HTTP/1.1 200) 4 headers in 159 bytes (1 switches on core 0) [pid: 7|app: 0|req: 581/1130] 10.0.0.125 () {34 vars in 1007 bytes} [Sat Jun 6 06:19:41 2026] GET /v2.0/networks/dc6f8398-32e5-4e40-96fa-dd47463ffa00?fields=segments => generated 14 bytes in 57 msecs (HTTP/1.1 200) 4 headers in 156 bytes (1 switches on core 0) [pid: 7|app: 0|req: 582/1131] 10.0.0.125 () {34 vars in 1107 bytes} [Sat Jun 6 06:19:41 2026] GET /v2.0/networks/dc6f8398-32e5-4e40-96fa-dd47463ffa00?fields=provider%3Aphysical_network&fields=provider%3Anetwork_type => generated 79 bytes in 46 msecs (HTTP/1.1 200) 4 headers in 156 bytes (1 switches on core 0) [pid: 8|app: 0|req: 550/1132] 10.0.0.70 () {32 vars in 722 bytes} [Sat Jun 6 06:19:40 2026] DELETE /v2.0/routers/7f1b1dde-c701-4b84-b6fb-7335fc7551d3 => generated 0 bytes in 686 msecs (HTTP/1.1 204) 2 headers in 112 bytes (1 switches on core 0) [pid: 8|app: 0|req: 551/1133] 10.0.0.125 () {34 vars in 989 bytes} [Sat Jun 6 06:19:41 2026] GET /v2.0/ports?device_id=1bc51c15-1941-4874-bc48-f57af44a2487 => generated 12 bytes in 17 msecs (HTTP/1.1 200) 4 headers in 156 bytes (1 switches on core 0) [pid: 7|app: 0|req: 583/1134] 10.0.0.70 () {32 vars in 722 bytes} [Sat Jun 6 06:19:41 2026] DELETE /v2.0/subnets/feb40a80-73fa-4176-a320-e5f23ad20fcf => generated 0 bytes in 114 msecs (HTTP/1.1 204) 3 headers in 131 bytes (1 switches on core 0)
2026-06-06 06:19:41.794 7 INFO neutron_taas.services.taas.taas_plugin [None req-68076d47-c3b9-41e8-aeb1-b79b2e896d54 fdd49160077e451f978765016833e020 82a7daa4fe814f4d9e2f3eecafff97d7 - - default default] TaaS: Handle Delete Port: 067e80e9-8168-4b3a-b352-3cfebd17168d
2026-06-06 06:19:41.797 7 INFO neutron_taas.services.taas.tap_mirror_plugin [None req-68076d47-c3b9-41e8-aeb1-b79b2e896d54 fdd49160077e451f978765016833e020 82a7daa4fe814f4d9e2f3eecafff97d7 - - default default] Tap Mirror: Handle Delete Port: 067e80e9-8168-4b3a-b352-3cfebd17168d
2026-06-06 06:19:41.954 8 INFO neutron.db.ovn_revision_numbers_db [None req-0b5eec5e-3fca-48e9-9fe8-5f36dcecee89 076ba5ca7e664eaaa4c8ddfd9bf754a7 ea9b0be1eb9047318b786433f4f555a7 - - default default] Successfully bumped revision number for resource 8459286d-d75f-40e7-958c-111b08c4c201 (type: security_groups) to 1
2026-06-06 06:19:41.966 8 INFO neutron.db.ovn_revision_numbers_db [None req-0b5eec5e-3fca-48e9-9fe8-5f36dcecee89 076ba5ca7e664eaaa4c8ddfd9bf754a7 ea9b0be1eb9047318b786433f4f555a7 - - default default] Successfully bumped revision number for resource 055a8f3c-5020-4f4a-bb7f-424ceb832e43 (type: security_group_rules) to 0
2026-06-06 06:19:41.978 8 INFO neutron.db.ovn_revision_numbers_db [None req-0b5eec5e-3fca-48e9-9fe8-5f36dcecee89 076ba5ca7e664eaaa4c8ddfd9bf754a7 ea9b0be1eb9047318b786433f4f555a7 - - default default] Successfully bumped revision number for resource ab526b4b-1688-41db-8e38-aa78bfbf0a30 (type: security_group_rules) to 0
2026-06-06 06:19:41.994 8 INFO neutron.db.ovn_revision_numbers_db [None req-0b5eec5e-3fca-48e9-9fe8-5f36dcecee89 076ba5ca7e664eaaa4c8ddfd9bf754a7 ea9b0be1eb9047318b786433f4f555a7 - - default default] Successfully bumped revision number for resource ec32d518-4beb-440a-a4a5-416c8a06e70a (type: security_group_rules) to 0 [pid: 7|app: 0|req: 584/1135] 10.0.0.70 () {32 vars in 724 bytes} [Sat Jun 6 06:19:41 2026] DELETE /v2.0/networks/68bcd00f-dbe7-4182-9d0b-5e7ea7b07707 => generated 0 bytes in 327 msecs (HTTP/1.1 204) 3 headers in 131 bytes (1 switches on core 0)
2026-06-06 06:19:42.013 8 INFO neutron.db.ovn_revision_numbers_db [None req-0b5eec5e-3fca-48e9-9fe8-5f36dcecee89 076ba5ca7e664eaaa4c8ddfd9bf754a7 ea9b0be1eb9047318b786433f4f555a7 - - default default] Successfully bumped revision number for resource f7292b5e-6841-4ea3-91e1-21195331e603 (type: security_group_rules) to 0
2026-06-06 06:19:42.092 8 INFO neutron.db.segments_db [None req-0b5eec5e-3fca-48e9-9fe8-5f36dcecee89 076ba5ca7e664eaaa4c8ddfd9bf754a7 ea9b0be1eb9047318b786433f4f555a7 - - default default] Added segment 1bbbc039-245d-477f-b6bc-ef629eb0b7f0 of type geneve for network ab39712f-1a98-4e9d-a502-1e272c586232
2026-06-06 06:19:42.208 8 INFO neutron.db.ovn_revision_numbers_db [None req-0b5eec5e-3fca-48e9-9fe8-5f36dcecee89 076ba5ca7e664eaaa4c8ddfd9bf754a7 ea9b0be1eb9047318b786433f4f555a7 - - default default] Successfully bumped revision number for resource ab39712f-1a98-4e9d-a502-1e272c586232 (type: networks) to 1
2026-06-06 06:19:42.405 8 WARNING neutron.scheduler.dhcp_agent_scheduler [None req-0b5eec5e-3fca-48e9-9fe8-5f36dcecee89 076ba5ca7e664eaaa4c8ddfd9bf754a7 ea9b0be1eb9047318b786433f4f555a7 - - default default] No more DHCP agents
2026-06-06 06:19:42.408 8 WARNING neutron.api.rpc.agentnotifiers.dhcp_rpc_agent_api [None req-0b5eec5e-3fca-48e9-9fe8-5f36dcecee89 076ba5ca7e664eaaa4c8ddfd9bf754a7 ea9b0be1eb9047318b786433f4f555a7 - - default default] Unable to schedule network ab39712f-1a98-4e9d-a502-1e272c586232: no agents available; will retry on subsequent port and subnet creation events.
2026-06-06 06:19:42.455 7 INFO neutron.plugins.ml2.drivers.ovn.mech_driver.mech_driver [None req-6a3e244d-0817-43c8-b361-035c975c9ffc - - - - - -] OVN reports status down for port: 1338b885-1ec5-4177-81e6-d024cce6f003
2026-06-06 06:19:42.486 8 INFO neutron.db.ovn_revision_numbers_db [None req-0b5eec5e-3fca-48e9-9fe8-5f36dcecee89 076ba5ca7e664eaaa4c8ddfd9bf754a7 ea9b0be1eb9047318b786433f4f555a7 - - default default] Successfully bumped revision number for resource 1338b885-1ec5-4177-81e6-d024cce6f003 (type: ports) to 1 [pid: 8|app: 0|req: 552/1136] 10.0.0.70 () {34 vars in 668 bytes} [Sat Jun 6 06:19:41 2026] POST /v2.0/networks => generated 630 bytes in 837 msecs (HTTP/1.1 201) 4 headers in 162 bytes (1 switches on core 0)
2026-06-06 06:19:42.546 7 INFO neutron.services.segments.plugin [-] Segment 0a80ee1d-b82e-4934-ab97-97c50d165b3c resource provider aggregate not found
2026-06-06 06:19:42.552 7 INFO neutron.services.segments.plugin [-] Segment 0a80ee1d-b82e-4934-ab97-97c50d165b3c resource provider aggregate not found
2026-06-06 06:19:42.566 7 INFO neutron.services.segments.plugin [-] Segment 0a80ee1d-b82e-4934-ab97-97c50d165b3c resource provider not found; error: Placement Client Error (4xx): {"errors": [{"status": 404, "title": "Not Found", "detail": "The resource could not be found.\n\n No resource provider with uuid 0a80ee1d-b82e-4934-ab97-97c50d165b3c found for delete ", "request_id": "req-00aa7ac5-603b-4cdc-bc4f-ec3d5404dc95"}]}
2026-06-06 06:19:42.571 7 INFO neutron.services.segments.plugin [-] Segment 0a80ee1d-b82e-4934-ab97-97c50d165b3c resource provider not found; error: Placement Client Error (4xx): {"errors": [{"status": 404, "title": "Not Found", "detail": "The resource could not be found.\n\n No resource provider with uuid 0a80ee1d-b82e-4934-ab97-97c50d165b3c found for delete ", "request_id": "req-6b877bb1-c171-4d92-a15e-55fee6527286"}]} [pid: 7|app: 0|req: 585/1137] 10.0.0.70 () {32 vars in 772 bytes} [Sat Jun 6 06:19:42 2026] GET /v2.0/security-groups?tenant_id=82a7daa4fe814f4d9e2f3eecafff97d7&name=default => generated 2925 bytes in 115 msecs (HTTP/1.1 200) 4 headers in 158 bytes (1 switches on core 0)
2026-06-06 06:19:42.654 7 INFO neutron.db.segments_db [None req-6918c4b4-6bf7-4ae0-86ef-b1b8eb820a25 076ba5ca7e664eaaa4c8ddfd9bf754a7 ea9b0be1eb9047318b786433f4f555a7 - - default default] Added segment 9e3263a5-385b-42b9-b5ee-8acc2d7e018c of type geneve for network a948c802-45ff-4134-958e-78d03f4d3ebc
2026-06-06 06:19:42.709 8 INFO neutron.db.ovn_revision_numbers_db [None req-41c75249-84ad-4432-a4d2-2323947d3c4b a3e7c4edabd24eaeaf0ca15ab3ade748 542f6666ff494046a7d93f34827297c2 - - default default] Successfully bumped revision number for resource 7323a7af-043a-4b6e-a78a-6f0f3971c491 (type: security_groups) to 1
2026-06-06 06:19:42.720 8 INFO neutron.db.ovn_revision_numbers_db [None req-41c75249-84ad-4432-a4d2-2323947d3c4b a3e7c4edabd24eaeaf0ca15ab3ade748 542f6666ff494046a7d93f34827297c2 - - default default] Successfully bumped revision number for resource 00049515-641e-4ef7-b76f-664afce7c54b (type: security_group_rules) to 0
2026-06-06 06:19:42.731 8 INFO neutron.db.ovn_revision_numbers_db [None req-41c75249-84ad-4432-a4d2-2323947d3c4b a3e7c4edabd24eaeaf0ca15ab3ade748 542f6666ff494046a7d93f34827297c2 - - default default] Successfully bumped revision number for resource 6d198adf-62ef-45f6-86f8-00313e81a63a (type: security_group_rules) to 0
2026-06-06 06:19:42.747 8 INFO neutron.db.ovn_revision_numbers_db [None req-41c75249-84ad-4432-a4d2-2323947d3c4b a3e7c4edabd24eaeaf0ca15ab3ade748 542f6666ff494046a7d93f34827297c2 - - default default] Successfully bumped revision number for resource 7f91d3d3-0cb9-4bd9-b10e-d6d938f821ba (type: security_group_rules) to 0
2026-06-06 06:19:42.766 8 INFO neutron.db.ovn_revision_numbers_db [None req-41c75249-84ad-4432-a4d2-2323947d3c4b a3e7c4edabd24eaeaf0ca15ab3ade748 542f6666ff494046a7d93f34827297c2 - - default default] Successfully bumped revision number for resource c0dcba3f-23cb-4ddd-90ab-546e403b0574 (type: security_group_rules) to 0
2026-06-06 06:19:42.798 7 INFO neutron.db.ovn_revision_numbers_db [None req-6918c4b4-6bf7-4ae0-86ef-b1b8eb820a25 076ba5ca7e664eaaa4c8ddfd9bf754a7 ea9b0be1eb9047318b786433f4f555a7 - - default default] Successfully bumped revision number for resource a948c802-45ff-4134-958e-78d03f4d3ebc (type: networks) to 1
2026-06-06 06:19:42.847 8 INFO neutron.db.segments_db [None req-41c75249-84ad-4432-a4d2-2323947d3c4b a3e7c4edabd24eaeaf0ca15ab3ade748 542f6666ff494046a7d93f34827297c2 - - default default] Added segment 9caa870c-9a85-4d21-8130-cdebb929b36f of type geneve for network 837e0e29-ad17-4bb1-a362-e3ef37524688
2026-06-06 06:19:42.969 8 INFO neutron.db.ovn_revision_numbers_db [None req-41c75249-84ad-4432-a4d2-2323947d3c4b a3e7c4edabd24eaeaf0ca15ab3ade748 542f6666ff494046a7d93f34827297c2 - - default default] Successfully bumped revision number for resource 837e0e29-ad17-4bb1-a362-e3ef37524688 (type: networks) to 1
2026-06-06 06:19:42.991 7 WARNING neutron.scheduler.dhcp_agent_scheduler [None req-6918c4b4-6bf7-4ae0-86ef-b1b8eb820a25 076ba5ca7e664eaaa4c8ddfd9bf754a7 ea9b0be1eb9047318b786433f4f555a7 - - default default] No more DHCP agents
2026-06-06 06:19:42.992 7 WARNING neutron.api.rpc.agentnotifiers.dhcp_rpc_agent_api [None req-6918c4b4-6bf7-4ae0-86ef-b1b8eb820a25 076ba5ca7e664eaaa4c8ddfd9bf754a7 ea9b0be1eb9047318b786433f4f555a7 - - default default] Unable to schedule network a948c802-45ff-4134-958e-78d03f4d3ebc: no agents available; will retry on subsequent port and subnet creation events.
2026-06-06 06:19:43.078 7 INFO neutron.db.ovn_revision_numbers_db [None req-6918c4b4-6bf7-4ae0-86ef-b1b8eb820a25 076ba5ca7e664eaaa4c8ddfd9bf754a7 ea9b0be1eb9047318b786433f4f555a7 - - default default] Successfully bumped revision number for resource 96470076-6873-4ac1-bf09-284247cbc7f0 (type: ports) to 1 [pid: 7|app: 0|req: 586/1138] 10.0.0.70 () {34 vars in 668 bytes} [Sat Jun 6 06:19:42 2026] POST /v2.0/networks => generated 629 bytes in 518 msecs (HTTP/1.1 201) 4 headers in 162 bytes (1 switches on core 0)
2026-06-06 06:19:43.170 8 WARNING neutron.scheduler.dhcp_agent_scheduler [None req-41c75249-84ad-4432-a4d2-2323947d3c4b a3e7c4edabd24eaeaf0ca15ab3ade748 542f6666ff494046a7d93f34827297c2 - - default default] No more DHCP agents
2026-06-06 06:19:43.172 8 WARNING neutron.api.rpc.agentnotifiers.dhcp_rpc_agent_api [None req-41c75249-84ad-4432-a4d2-2323947d3c4b a3e7c4edabd24eaeaf0ca15ab3ade748 542f6666ff494046a7d93f34827297c2 - - default default] Unable to schedule network 837e0e29-ad17-4bb1-a362-e3ef37524688: no agents available; will retry on subsequent port and subnet creation events.
2026-06-06 06:19:43.269 8 INFO neutron.db.ovn_revision_numbers_db [None req-41c75249-84ad-4432-a4d2-2323947d3c4b a3e7c4edabd24eaeaf0ca15ab3ade748 542f6666ff494046a7d93f34827297c2 - - default default] Successfully bumped revision number for resource f616df14-7034-4f11-8201-cde6d7d5a46e (type: ports) to 1 [pid: 8|app: 0|req: 553/1139] 10.0.0.70 () {34 vars in 668 bytes} [Sat Jun 6 06:19:42 2026] POST /v2.0/networks => generated 634 bytes in 778 msecs (HTTP/1.1 201) 4 headers in 162 bytes (1 switches on core 0) [pid: 8|app: 0|req: 554/1140] 10.0.0.125 () {34 vars in 989 bytes} [Sat Jun 6 06:19:43 2026] GET /v2.0/ports?device_id=1bc51c15-1941-4874-bc48-f57af44a2487 => generated 12 bytes in 28 msecs (HTTP/1.1 200) 4 headers in 156 bytes (1 switches on core 0) [pid: 7|app: 0|req: 587/1141] 10.0.0.70 () {32 vars in 738 bytes} [Sat Jun 6 06:19:43 2026] DELETE /v2.0/security-groups/36bdbd5b-196c-4a83-8178-e3600e0b2c4a => generated 0 bytes in 227 msecs (HTTP/1.1 204) 2 headers in 112 bytes (1 switches on core 0)
2026-06-06 06:19:43.407 7 INFO neutron.db.segments_db [None req-63f7dc0b-6302-4508-9f4f-b857ed05c18b a3e7c4edabd24eaeaf0ca15ab3ade748 542f6666ff494046a7d93f34827297c2 - - default default] Added segment e9890b01-0a6e-49e8-b82b-883b975877e9 of type geneve for network 204ad370-a9ee-4192-a69f-9ff5ec7ab61a
2026-06-06 06:19:43.500 8 WARNING neutron.scheduler.dhcp_agent_scheduler [None req-cfd11ff5-c298-48d9-8034-311592ed9b89 076ba5ca7e664eaaa4c8ddfd9bf754a7 ea9b0be1eb9047318b786433f4f555a7 - - default default] No more DHCP agents
2026-06-06 06:19:43.501 8 WARNING neutron.api.rpc.agentnotifiers.dhcp_rpc_agent_api [None req-cfd11ff5-c298-48d9-8034-311592ed9b89 076ba5ca7e664eaaa4c8ddfd9bf754a7 ea9b0be1eb9047318b786433f4f555a7 - - default default] Unable to schedule network ab39712f-1a98-4e9d-a502-1e272c586232: no agents available; will retry on subsequent port and subnet creation events.
2026-06-06 06:19:43.511 7 INFO neutron.db.ovn_revision_numbers_db [None req-63f7dc0b-6302-4508-9f4f-b857ed05c18b a3e7c4edabd24eaeaf0ca15ab3ade748 542f6666ff494046a7d93f34827297c2 - - default default] Successfully bumped revision number for resource 204ad370-a9ee-4192-a69f-9ff5ec7ab61a (type: networks) to 1
2026-06-06 06:19:43.728 7 WARNING neutron.scheduler.dhcp_agent_scheduler [None req-63f7dc0b-6302-4508-9f4f-b857ed05c18b a3e7c4edabd24eaeaf0ca15ab3ade748 542f6666ff494046a7d93f34827297c2 - - default default] No more DHCP agents
2026-06-06 06:19:43.731 7 WARNING neutron.api.rpc.agentnotifiers.dhcp_rpc_agent_api [None req-63f7dc0b-6302-4508-9f4f-b857ed05c18b a3e7c4edabd24eaeaf0ca15ab3ade748 542f6666ff494046a7d93f34827297c2 - - default default] Unable to schedule network 204ad370-a9ee-4192-a69f-9ff5ec7ab61a: no agents available; will retry on subsequent port and subnet creation events.
2026-06-06 06:19:43.795 7 INFO neutron.plugins.ml2.drivers.ovn.mech_driver.mech_driver [None req-6a3e244d-0817-43c8-b361-035c975c9ffc - - - - - -] OVN reports status down for port: 114b70da-41d8-40fb-82ba-a20a569c27bf
2026-06-06 06:19:43.851 7 INFO neutron.db.ovn_revision_numbers_db [None req-63f7dc0b-6302-4508-9f4f-b857ed05c18b a3e7c4edabd24eaeaf0ca15ab3ade748 542f6666ff494046a7d93f34827297c2 - - default default] Successfully bumped revision number for resource 114b70da-41d8-40fb-82ba-a20a569c27bf (type: ports) to 1 [pid: 7|app: 0|req: 588/1142] 10.0.0.70 () {34 vars in 668 bytes} [Sat Jun 6 06:19:43 2026] POST /v2.0/networks => generated 634 bytes in 579 msecs (HTTP/1.1 201) 4 headers in 162 bytes (1 switches on core 0)
2026-06-06 06:19:44.054 8 INFO neutron.db.ovn_revision_numbers_db [None req-0bc02b24-c902-4046-8ce8-a74efc84335d - - - - - -] Successfully bumped revision number for resource 1338b885-1ec5-4177-81e6-d024cce6f003 (type: ports) to 2
2026-06-06 06:19:44.097 8 INFO neutron.db.ovn_revision_numbers_db [None req-0bc02b24-c902-4046-8ce8-a74efc84335d - - - - - -] Successfully bumped revision number for resource c7aec057-114b-400a-a24a-46f03d3681c6 (type: subnets) to 0 [pid: 8|app: 0|req: 555/1143] 10.0.0.70 () {34 vars in 667 bytes} [Sat Jun 6 06:19:43 2026] POST /v2.0/subnets => generated 626 bytes in 794 msecs (HTTP/1.1 201) 4 headers in 162 bytes (1 switches on core 0)
2026-06-06 06:19:44.114 7 WARNING neutron.scheduler.dhcp_agent_scheduler [None req-c4ee278a-c5f8-4932-91e3-2b675561dd88 a3e7c4edabd24eaeaf0ca15ab3ade748 542f6666ff494046a7d93f34827297c2 - - default default] No more DHCP agents
2026-06-06 06:19:44.115 7 WARNING neutron.api.rpc.agentnotifiers.dhcp_rpc_agent_api [None req-c4ee278a-c5f8-4932-91e3-2b675561dd88 a3e7c4edabd24eaeaf0ca15ab3ade748 542f6666ff494046a7d93f34827297c2 - - default default] Unable to schedule network 837e0e29-ad17-4bb1-a362-e3ef37524688: no agents available; will retry on subsequent port and subnet creation events.
2026-06-06 06:19:44.148 7 INFO neutron.db.ovn_revision_numbers_db [None req-c4ee278a-c5f8-4932-91e3-2b675561dd88 a3e7c4edabd24eaeaf0ca15ab3ade748 542f6666ff494046a7d93f34827297c2 - - default default] Successfully bumped revision number for resource 670ba8b2-9604-427b-b4ab-35b47a4113ac (type: subnets) to 0 [pid: 7|app: 0|req: 589/1144] 10.0.0.70 () {34 vars in 667 bytes} [Sat Jun 6 06:19:43 2026] POST /v2.0/subnets => generated 646 bytes in 254 msecs (HTTP/1.1 201) 4 headers in 162 bytes (1 switches on core 0)
2026-06-06 06:19:44.301 8 WARNING neutron.scheduler.dhcp_agent_scheduler [None req-85065a21-51e8-465c-95ba-4db66e81d599 076ba5ca7e664eaaa4c8ddfd9bf754a7 ea9b0be1eb9047318b786433f4f555a7 - - default default] No more DHCP agents
2026-06-06 06:19:44.302 8 WARNING neutron.api.rpc.agentnotifiers.dhcp_rpc_agent_api [None req-85065a21-51e8-465c-95ba-4db66e81d599 076ba5ca7e664eaaa4c8ddfd9bf754a7 ea9b0be1eb9047318b786433f4f555a7 - - default default] Unable to schedule network a948c802-45ff-4134-958e-78d03f4d3ebc: no agents available; will retry on subsequent port and subnet creation events.
2026-06-06 06:19:44.354 7 WARNING neutron.scheduler.dhcp_agent_scheduler [None req-7f455468-6a24-4dd9-a118-1d7f141b3ac8 a3e7c4edabd24eaeaf0ca15ab3ade748 542f6666ff494046a7d93f34827297c2 - - default default] No more DHCP agents
2026-06-06 06:19:44.356 7 WARNING neutron.api.rpc.agentnotifiers.dhcp_rpc_agent_api [None req-7f455468-6a24-4dd9-a118-1d7f141b3ac8 a3e7c4edabd24eaeaf0ca15ab3ade748 542f6666ff494046a7d93f34827297c2 - - default default] Unable to schedule network 204ad370-a9ee-4192-a69f-9ff5ec7ab61a: no agents available; will retry on subsequent port and subnet creation events.
2026-06-06 06:19:44.390 7 INFO neutron.db.ovn_revision_numbers_db [None req-7f455468-6a24-4dd9-a118-1d7f141b3ac8 a3e7c4edabd24eaeaf0ca15ab3ade748 542f6666ff494046a7d93f34827297c2 - - default default] Successfully bumped revision number for resource cee0e1b6-b636-44c6-8641-396127c2b382 (type: subnets) to 0 [pid: 7|app: 0|req: 590/1145] 10.0.0.70 () {34 vars in 667 bytes} [Sat Jun 6 06:19:44 2026] POST /v2.0/subnets => generated 655 bytes in 232 msecs (HTTP/1.1 201) 4 headers in 162 bytes (1 switches on core 0) [pid: 7|app: 0|req: 591/1146] 10.0.0.27 () {28 vars in 577 bytes} [Sat Jun 6 06:19:44 2026] GET /v2.0/ports => generated 13069 bytes in 179 msecs (HTTP/1.1 200) 4 headers in 159 bytes (1 switches on core 0) [pid: 7|app: 0|req: 592/1147] 10.0.0.125 () {34 vars in 989 bytes} [Sat Jun 6 06:19:44 2026] GET /v2.0/ports?device_id=1bc51c15-1941-4874-bc48-f57af44a2487 => generated 12 bytes in 18 msecs (HTTP/1.1 200) 4 headers in 156 bytes (1 switches on core 0)
2026-06-06 06:19:44.722 7 INFO neutron.db.ovn_revision_numbers_db [None req-23ea0ef5-0acf-4e10-81f5-d8b58baa8d1a a3e7c4edabd24eaeaf0ca15ab3ade748 542f6666ff494046a7d93f34827297c2 - - default default] Successfully bumped revision number for resource 8c1ff049-987e-457e-aba9-33efc98feca7 (type: routers) to 1 [pid: 7|app: 0|req: 593/1148] 10.0.0.70 () {34 vars in 667 bytes} [Sat Jun 6 06:19:44 2026] POST /v2.0/routers => generated 607 bytes in 129 msecs (HTTP/1.1 201) 4 headers in 162 bytes (1 switches on core 0)
2026-06-06 06:19:44.744 8 INFO neutron.db.ovn_revision_numbers_db [None req-b8b88ef0-4dcc-4a68-9164-410c75739b51 - - - - - -] Successfully bumped revision number for resource 96470076-6873-4ac1-bf09-284247cbc7f0 (type: ports) to 2 [pid: 7|app: 0|req: 594/1149] 10.0.0.27 () {28 vars in 579 bytes} [Sat Jun 6 06:19:44 2026] GET /v2.0/agents => generated 1214 bytes in 14 msecs (HTTP/1.1 200) 4 headers in 158 bytes (1 switches on core 0)
2026-06-06 06:19:44.775 8 INFO neutron.db.ovn_revision_numbers_db [None req-b8b88ef0-4dcc-4a68-9164-410c75739b51 - - - - - -] Successfully bumped revision number for resource 1875c578-35cc-424f-8fe4-79e9e3b2a7f1 (type: subnets) to 0 [pid: 8|app: 0|req: 556/1150] 10.0.0.70 () {34 vars in 667 bytes} [Sat Jun 6 06:19:44 2026] POST /v2.0/subnets => generated 626 bytes in 679 msecs (HTTP/1.1 201) 4 headers in 162 bytes (1 switches on core 0) [pid: 8|app: 0|req: 557/1151] 10.0.0.27 () {28 vars in 617 bytes} [Sat Jun 6 06:19:44 2026] GET /v2.0/network-ip-availabilities => generated 3303 bytes in 18 msecs (HTTP/1.1 200) 4 headers in 158 bytes (1 switches on core 0)
2026-06-06 06:19:44.931 8 INFO neutron.db.ovn_revision_numbers_db [None req-e3b64a33-d7d6-4c45-8464-df60d235989b 076ba5ca7e664eaaa4c8ddfd9bf754a7 ea9b0be1eb9047318b786433f4f555a7 - - default default] Successfully bumped revision number for resource 79fae80f-c38f-49f8-978a-c9833ef373a8 (type: routers) to 1 [pid: 8|app: 0|req: 558/1152] 10.0.0.70 () {34 vars in 667 bytes} [Sat Jun 6 06:19:44 2026] POST /v2.0/routers => generated 603 bytes in 134 msecs (HTTP/1.1 201) 4 headers in 162 bytes (1 switches on core 0) [pid: 8|app: 0|req: 559/1153] 10.0.0.27 () {28 vars in 597 bytes} [Sat Jun 6 06:19:44 2026] GET /v2.0/security-groups => generated 28974 bytes in 39 msecs (HTTP/1.1 200) 4 headers in 159 bytes (1 switches on core 0)
2026-06-06 06:19:45.154 7 WARNING neutron.scheduler.dhcp_agent_scheduler [None req-5eeaad14-e12e-4526-91fa-0a8824ef1e4b a3e7c4edabd24eaeaf0ca15ab3ade748 542f6666ff494046a7d93f34827297c2 - - default default] No more DHCP agents
2026-06-06 06:19:45.156 7 WARNING neutron.api.rpc.agentnotifiers.dhcp_rpc_agent_api [None req-5eeaad14-e12e-4526-91fa-0a8824ef1e4b a3e7c4edabd24eaeaf0ca15ab3ade748 542f6666ff494046a7d93f34827297c2 - - default default] Unable to schedule network 837e0e29-ad17-4bb1-a362-e3ef37524688: no agents available; will retry on subsequent port and subnet creation events.
2026-06-06 06:19:45.240 7 INFO neutron.db.ovn_revision_numbers_db [None req-5eeaad14-e12e-4526-91fa-0a8824ef1e4b a3e7c4edabd24eaeaf0ca15ab3ade748 542f6666ff494046a7d93f34827297c2 - - default default] Successfully bumped revision number for resource 12a3aa81-df72-4d3a-b4d8-39bbcc878fb7 (type: ports) to 1
2026-06-06 06:19:45.327 8 WARNING neutron.scheduler.dhcp_agent_scheduler [None req-d7d8b663-bb26-4e66-9ba9-381b47a90edc 076ba5ca7e664eaaa4c8ddfd9bf754a7 ea9b0be1eb9047318b786433f4f555a7 - - default default] No more DHCP agents
2026-06-06 06:19:45.329 8 WARNING neutron.api.rpc.agentnotifiers.dhcp_rpc_agent_api [None req-d7d8b663-bb26-4e66-9ba9-381b47a90edc 076ba5ca7e664eaaa4c8ddfd9bf754a7 ea9b0be1eb9047318b786433f4f555a7 - - default default] Unable to schedule network ab39712f-1a98-4e9d-a502-1e272c586232: no agents available; will retry on subsequent port and subnet creation events.
2026-06-06 06:19:45.392 8 WARNING neutron.plugins.ml2.drivers.ovn.mech_driver.ovsdb.ovn_client [None req-d48fe7b1-61e2-4559-bc99-1caf4ebe56fd - - - - - -] No hosting information found for port cf5ceb66-7413-414c-88ac-598d85bc701d: RuntimeError: No hosting information found for port cf5ceb66-7413-414c-88ac-598d85bc701d
2026-06-06 06:19:45.530 8 INFO neutron.db.ovn_revision_numbers_db [None req-d7d8b663-bb26-4e66-9ba9-381b47a90edc 076ba5ca7e664eaaa4c8ddfd9bf754a7 ea9b0be1eb9047318b786433f4f555a7 - - default default] Successfully bumped revision number for resource 21f4b021-287e-454b-955c-fdc0094d152f (type: ports) to 1
2026-06-06 06:19:45.541 8 INFO neutron.db.ovn_revision_numbers_db [None req-d48fe7b1-61e2-4559-bc99-1caf4ebe56fd - - - - - -] Successfully bumped revision number for resource cf5ceb66-7413-414c-88ac-598d85bc701d (type: router_ports) to 2
2026-06-06 06:19:45.617 8 INFO neutron.plugins.ml2.drivers.ovn.mech_driver.mech_driver [None req-d48fe7b1-61e2-4559-bc99-1caf4ebe56fd - - - - - -] OVN reports status down for port: 96470076-6873-4ac1-bf09-284247cbc7f0
2026-06-06 06:19:45.694 7 WARNING neutron.scheduler.dhcp_agent_scheduler [None req-5eeaad14-e12e-4526-91fa-0a8824ef1e4b a3e7c4edabd24eaeaf0ca15ab3ade748 542f6666ff494046a7d93f34827297c2 - - default default] No more DHCP agents
2026-06-06 06:19:45.696 7 WARNING neutron.api.rpc.agentnotifiers.dhcp_rpc_agent_api [None req-5eeaad14-e12e-4526-91fa-0a8824ef1e4b a3e7c4edabd24eaeaf0ca15ab3ade748 542f6666ff494046a7d93f34827297c2 - - default default] Unable to schedule network 837e0e29-ad17-4bb1-a362-e3ef37524688: no agents available; will retry on subsequent port and subnet creation events.
2026-06-06 06:19:45.739 8 INFO neutron.plugins.ml2.drivers.ovn.mech_driver.mech_driver [None req-d48fe7b1-61e2-4559-bc99-1caf4ebe56fd - - - - - -] OVN reports status down for port: f616df14-7034-4f11-8201-cde6d7d5a46e
2026-06-06 06:19:45.877 7 INFO neutron.db.ovn_revision_numbers_db [None req-5eeaad14-e12e-4526-91fa-0a8824ef1e4b a3e7c4edabd24eaeaf0ca15ab3ade748 542f6666ff494046a7d93f34827297c2 - - default default] Successfully bumped revision number for resource 12a3aa81-df72-4d3a-b4d8-39bbcc878fb7 (type: router_ports) to 1 [pid: 7|app: 0|req: 595/1154] 10.0.0.70 () {34 vars in 781 bytes} [Sat Jun 6 06:19:44 2026] PUT /v2.0/routers/8c1ff049-987e-457e-aba9-33efc98feca7/add_router_interface => generated 309 bytes in 1131 msecs (HTTP/1.1 200) 4 headers in 157 bytes (1 switches on core 0) [pid: 7|app: 0|req: 596/1155] 10.0.0.27 () {28 vars in 589 bytes} [Sat Jun 6 06:19:45 2026] GET /v2.0/floatingips => generated 555 bytes in 33 msecs (HTTP/1.1 200) 4 headers in 157 bytes (1 switches on core 0)
2026-06-06 06:19:45.943 8 INFO neutron.plugins.ml2.drivers.ovn.mech_driver.mech_driver [None req-d48fe7b1-61e2-4559-bc99-1caf4ebe56fd - - - - - -] OVN reports status down for port: 12a3aa81-df72-4d3a-b4d8-39bbcc878fb7
2026-06-06 06:19:46.056 8 WARNING neutron.plugins.ml2.drivers.ovn.mech_driver.ovsdb.ovn_client [None req-d48fe7b1-61e2-4559-bc99-1caf4ebe56fd - - - - - -] Logical_Switch_Port 12a3aa81-df72-4d3a-b4d8-39bbcc878fb7 host information not removed, the port state is up
2026-06-06 06:19:46.057 8 INFO neutron.plugins.ml2.drivers.ovn.mech_driver.mech_driver [None req-d48fe7b1-61e2-4559-bc99-1caf4ebe56fd - - - - - -] OVN reports status down for port: 21f4b021-287e-454b-955c-fdc0094d152f
2026-06-06 06:19:46.100 7 INFO neutron.db.ovn_revision_numbers_db [None req-31ca7558-9245-40c6-8d72-3dd9fbd33494 c241f730a1e243328991f4af62426bf5 19d4c4937b1c4ff89df21ba369a6e0c2 - - default default] Successfully bumped revision number for resource 35589a0a-17a0-4ad4-ba93-6cbdb4421400 (type: security_groups) to 1
2026-06-06 06:19:46.111 7 INFO neutron.db.ovn_revision_numbers_db [None req-31ca7558-9245-40c6-8d72-3dd9fbd33494 c241f730a1e243328991f4af62426bf5 19d4c4937b1c4ff89df21ba369a6e0c2 - - default default] Successfully bumped revision number for resource 1313ff85-9728-4600-bd70-f0f0a3c501da (type: security_group_rules) to 0
2026-06-06 06:19:46.124 7 INFO neutron.db.ovn_revision_numbers_db [None req-31ca7558-9245-40c6-8d72-3dd9fbd33494 c241f730a1e243328991f4af62426bf5 19d4c4937b1c4ff89df21ba369a6e0c2 - - default default] Successfully bumped revision number for resource 51868776-f3d9-425a-8263-a2fa62bc8927 (type: security_group_rules) to 0
2026-06-06 06:19:46.137 7 INFO neutron.db.ovn_revision_numbers_db [None req-31ca7558-9245-40c6-8d72-3dd9fbd33494 c241f730a1e243328991f4af62426bf5 19d4c4937b1c4ff89df21ba369a6e0c2 - - default default] Successfully bumped revision number for resource 55888931-531d-4f6a-8bbe-93ec51891569 (type: security_group_rules) to 0
2026-06-06 06:19:46.149 7 INFO neutron.db.ovn_revision_numbers_db [None req-31ca7558-9245-40c6-8d72-3dd9fbd33494 c241f730a1e243328991f4af62426bf5 19d4c4937b1c4ff89df21ba369a6e0c2 - - default default] Successfully bumped revision number for resource 8a94affe-dabb-4315-a022-7e1f84c1ec26 (type: security_group_rules) to 0
2026-06-06 06:19:46.183 8 INFO neutron.plugins.ml2.drivers.ovn.mech_driver.mech_driver [None req-d48fe7b1-61e2-4559-bc99-1caf4ebe56fd - - - - - -] OVN reports status up for port: 12a3aa81-df72-4d3a-b4d8-39bbcc878fb7
2026-06-06 06:19:46.198 8 INFO neutron.plugins.ml2.plugin [None req-d48fe7b1-61e2-4559-bc99-1caf4ebe56fd - - - - - -] Attempt 1 to provision port 12a3aa81-df72-4d3a-b4d8-39bbcc878fb7
2026-06-06 06:19:46.224 7 INFO neutron.db.segments_db [None req-31ca7558-9245-40c6-8d72-3dd9fbd33494 c241f730a1e243328991f4af62426bf5 19d4c4937b1c4ff89df21ba369a6e0c2 - - default default] Added segment ac3d00c9-4127-4663-8d88-1f442c0b7051 of type geneve for network e70abe5b-5886-4036-91f7-b4e148262da6
