2026-06-06 06:19:27.498 8 INFO neutron.plugins.ml2.drivers.ovn.mech_driver.mech_driver [None req-ae7cce4f-c860-4165-981d-afb948d6dc61 - - - - - -] OVN reports status down for port: 067e80e9-8168-4b3a-b352-3cfebd17168d
2026-06-06 06:19:27.503 7 INFO neutron.db.ovn_revision_numbers_db [None req-8d6e2acf-dfbe-4d10-975e-9df79596dc03 fdd49160077e451f978765016833e020 82a7daa4fe814f4d9e2f3eecafff97d7 - - default default] Successfully bumped revision number for resource 067e80e9-8168-4b3a-b352-3cfebd17168d (type: ports) to 1 [pid: 7|app: 0|req: 532/1051] 10.0.0.70 () {34 vars in 668 bytes} [Sat Jun 6 06:19:26 2026] POST /v2.0/networks => generated 648 bytes in 857 msecs (HTTP/1.1 201) 4 headers in 162 bytes (1 switches on core 0)
2026-06-06 06:19:27.567 8 WARNING neutron.scheduler.dhcp_agent_scheduler [None req-c59f46be-bec3-4216-8a0b-df8c7f73b334 bae0c907857047e49f1b4e702128b861 42c97596bc9b4d418326644bfebc5f2e - - default default] No more DHCP agents
2026-06-06 06:19:27.569 8 WARNING neutron.api.rpc.agentnotifiers.dhcp_rpc_agent_api [None req-c59f46be-bec3-4216-8a0b-df8c7f73b334 bae0c907857047e49f1b4e702128b861 42c97596bc9b4d418326644bfebc5f2e - - default default] Unable to schedule network 12f7e825-5547-4473-82eb-2cf6ae1ffcd4: no agents available; will retry on subsequent port and subnet creation events.
2026-06-06 06:19:27.628 8 INFO neutron.plugins.ml2.drivers.ovn.mech_driver.mech_driver [None req-ae7cce4f-c860-4165-981d-afb948d6dc61 - - - - - -] OVN reports status down for port: 1cb1826b-e831-4c1a-9926-e89b5614477b
2026-06-06 06:19:27.696 8 INFO neutron.db.ovn_revision_numbers_db [None req-c59f46be-bec3-4216-8a0b-df8c7f73b334 bae0c907857047e49f1b4e702128b861 42c97596bc9b4d418326644bfebc5f2e - - default default] Successfully bumped revision number for resource 1cb1826b-e831-4c1a-9926-e89b5614477b (type: ports) to 1 [pid: 7|app: 0|req: 533/1052] 10.0.0.70 () {32 vars in 738 bytes} [Sat Jun 6 06:19:27 2026] DELETE /v2.0/security-groups/d4c5d24a-2c3e-4607-8c92-3da570890887 => generated 0 bytes in 221 msecs (HTTP/1.1 204) 2 headers in 112 bytes (1 switches on core 0) [pid: 8|app: 0|req: 520/1053] 10.0.0.70 () {34 vars in 668 bytes} [Sat Jun 6 06:19:26 2026] POST /v2.0/networks => generated 644 bytes in 812 msecs (HTTP/1.1 201) 4 headers in 162 bytes (1 switches on core 0)
2026-06-06 06:19:27.973 8 WARNING neutron.scheduler.dhcp_agent_scheduler [None req-d6a9705c-6e1d-4e16-bb75-b71acf35e8bb fdd49160077e451f978765016833e020 82a7daa4fe814f4d9e2f3eecafff97d7 - - default default] No more DHCP agents
2026-06-06 06:19:27.974 8 WARNING neutron.api.rpc.agentnotifiers.dhcp_rpc_agent_api [None req-d6a9705c-6e1d-4e16-bb75-b71acf35e8bb fdd49160077e451f978765016833e020 82a7daa4fe814f4d9e2f3eecafff97d7 - - default default] Unable to schedule network 68bcd00f-dbe7-4182-9d0b-5e7ea7b07707: no agents available; will retry on subsequent port and subnet creation events. [pid: 7|app: 0|req: 534/1054] 10.0.0.70 () {32 vars in 738 bytes} [Sat Jun 6 06:19:27 2026] DELETE /v2.0/security-groups/81233b08-9a10-46e4-88e2-3def4a41ebee => generated 0 bytes in 235 msecs (HTTP/1.1 204) 2 headers in 112 bytes (1 switches on core 0)
2026-06-06 06:19:27.997 8 INFO neutron.db.ovn_revision_numbers_db [None req-d6a9705c-6e1d-4e16-bb75-b71acf35e8bb fdd49160077e451f978765016833e020 82a7daa4fe814f4d9e2f3eecafff97d7 - - default default] Successfully bumped revision number for resource feb40a80-73fa-4176-a320-e5f23ad20fcf (type: subnets) to 0 [pid: 8|app: 0|req: 521/1055] 10.0.0.70 () {34 vars in 667 bytes} [Sat Jun 6 06:19:27 2026] POST /v2.0/subnets => generated 627 bytes in 267 msecs (HTTP/1.1 201) 4 headers in 162 bytes (1 switches on core 0)
2026-06-06 06:19:28.168 7 WARNING neutron.scheduler.dhcp_agent_scheduler [None req-28315313-3cef-4ef5-be62-89f10a065f89 bae0c907857047e49f1b4e702128b861 42c97596bc9b4d418326644bfebc5f2e - - default default] No more DHCP agents
2026-06-06 06:19:28.169 7 WARNING neutron.api.rpc.agentnotifiers.dhcp_rpc_agent_api [None req-28315313-3cef-4ef5-be62-89f10a065f89 bae0c907857047e49f1b4e702128b861 42c97596bc9b4d418326644bfebc5f2e - - default default] Unable to schedule network 12f7e825-5547-4473-82eb-2cf6ae1ffcd4: no agents available; will retry on subsequent port and subnet creation events.
2026-06-06 06:19:28.394 8 WARNING neutron.scheduler.dhcp_agent_scheduler [None req-de711189-fde1-48ce-8b82-0de63b673109 fdd49160077e451f978765016833e020 82a7daa4fe814f4d9e2f3eecafff97d7 - - default default] No more DHCP agents
2026-06-06 06:19:28.395 8 WARNING neutron.api.rpc.agentnotifiers.dhcp_rpc_agent_api [None req-de711189-fde1-48ce-8b82-0de63b673109 fdd49160077e451f978765016833e020 82a7daa4fe814f4d9e2f3eecafff97d7 - - default default] Unable to schedule network de02dab8-925b-4b18-bbd0-9f6f8ff3ee28: no agents available; will retry on subsequent port and subnet creation events.
2026-06-06 06:19:28.488 8 INFO neutron.db.ovn_revision_numbers_db [None req-de711189-fde1-48ce-8b82-0de63b673109 fdd49160077e451f978765016833e020 82a7daa4fe814f4d9e2f3eecafff97d7 - - default default] Successfully bumped revision number for resource 426d6ba8-63c6-45b0-a400-70f6a20c1406 (type: ports) to 1
2026-06-06 06:19:28.494 7 INFO neutron.plugins.ml2.drivers.ovn.mech_driver.mech_driver [None req-362c0329-575f-4cc0-a3e1-dedbcc26a25e - - - - - -] OVN reports status down for port: 426d6ba8-63c6-45b0-a400-70f6a20c1406
2026-06-06 06:19:28.652 7 INFO neutron.db.ovn_revision_numbers_db [None req-5cc6e0ed-30cc-4dfb-befb-40d2025fb01b - - - - - -] Successfully bumped revision number for resource 1cb1826b-e831-4c1a-9926-e89b5614477b (type: ports) to 2
2026-06-06 06:19:28.691 7 INFO neutron.db.ovn_revision_numbers_db [None req-5cc6e0ed-30cc-4dfb-befb-40d2025fb01b - - - - - -] Successfully bumped revision number for resource 723687fc-a887-4376-a34a-f3082a086346 (type: subnets) to 0 [pid: 7|app: 0|req: 535/1056] 10.0.0.70 () {34 vars in 667 bytes} [Sat Jun 6 06:19:27 2026] POST /v2.0/subnets => generated 641 bytes in 721 msecs (HTTP/1.1 201) 4 headers in 162 bytes (1 switches on core 0)
2026-06-06 06:19:28.805 7 INFO neutron.db.segments_db [None req-e3290b1c-0e41-44eb-a96e-7eb88197d926 bae0c907857047e49f1b4e702128b861 42c97596bc9b4d418326644bfebc5f2e - - default default] Added segment ec9701c5-6ac9-4a33-8807-fe610a62e3c2 of type geneve for network 2a7ea4b3-bf51-464a-9ceb-264769da1f81
2026-06-06 06:19:28.904 7 INFO neutron.db.ovn_revision_numbers_db [None req-e3290b1c-0e41-44eb-a96e-7eb88197d926 bae0c907857047e49f1b4e702128b861 42c97596bc9b4d418326644bfebc5f2e - - default default] Successfully bumped revision number for resource 2a7ea4b3-bf51-464a-9ceb-264769da1f81 (type: networks) to 1
2026-06-06 06:19:29.052 7 WARNING neutron.scheduler.dhcp_agent_scheduler [None req-e3290b1c-0e41-44eb-a96e-7eb88197d926 bae0c907857047e49f1b4e702128b861 42c97596bc9b4d418326644bfebc5f2e - - default default] No more DHCP agents
2026-06-06 06:19:29.053 7 WARNING neutron.api.rpc.agentnotifiers.dhcp_rpc_agent_api [None req-e3290b1c-0e41-44eb-a96e-7eb88197d926 bae0c907857047e49f1b4e702128b861 42c97596bc9b4d418326644bfebc5f2e - - default default] Unable to schedule network 2a7ea4b3-bf51-464a-9ceb-264769da1f81: no agents available; will retry on subsequent port and subnet creation events.
2026-06-06 06:19:29.112 8 INFO neutron.plugins.ml2.drivers.ovn.mech_driver.mech_driver [None req-ae7cce4f-c860-4165-981d-afb948d6dc61 - - - - - -] OVN reports status down for port: b976edc1-6f00-46c8-8024-4564801ae53e
2026-06-06 06:19:29.118 8 INFO neutron.plugins.ml2.drivers.ovn.mech_driver.ovsdb.commands [None req-a69160cb-2eea-4031-b2b2-16f19856b72e - - - - - -] Schedule LRP lrp-426d6ba8-63c6-45b0-a400-70f6a20c1406 on gateway e2e8372e-d1c2-4eff-ac25-73105dc6e27d with priority 1
2026-06-06 06:19:29.149 7 INFO neutron.db.ovn_revision_numbers_db [None req-e3290b1c-0e41-44eb-a96e-7eb88197d926 bae0c907857047e49f1b4e702128b861 42c97596bc9b4d418326644bfebc5f2e - - default default] Successfully bumped revision number for resource b976edc1-6f00-46c8-8024-4564801ae53e (type: ports) to 1
2026-06-06 06:19:29.177 7 INFO neutron.plugins.ml2.drivers.ovn.mech_driver.mech_driver [None req-362c0329-575f-4cc0-a3e1-dedbcc26a25e - - - - - -] OVN reports status up for port: 426d6ba8-63c6-45b0-a400-70f6a20c1406 [pid: 7|app: 0|req: 536/1057] 10.0.0.70 () {34 vars in 668 bytes} [Sat Jun 6 06:19:28 2026] POST /v2.0/networks => generated 643 bytes in 472 msecs (HTTP/1.1 201) 4 headers in 162 bytes (1 switches on core 0)
2026-06-06 06:19:29.184 8 INFO neutron.db.ovn_revision_numbers_db [None req-de711189-fde1-48ce-8b82-0de63b673109 fdd49160077e451f978765016833e020 82a7daa4fe814f4d9e2f3eecafff97d7 - - default default] Successfully bumped revision number for resource 426d6ba8-63c6-45b0-a400-70f6a20c1406 (type: router_ports) to 1
2026-06-06 06:19:29.200 7 INFO neutron.plugins.ml2.plugin [None req-362c0329-575f-4cc0-a3e1-dedbcc26a25e - - - - - -] Attempt 1 to provision port 426d6ba8-63c6-45b0-a400-70f6a20c1406
2026-06-06 06:19:29.289 8 INFO neutron.db.ovn_revision_numbers_db [None req-de711189-fde1-48ce-8b82-0de63b673109 fdd49160077e451f978765016833e020 82a7daa4fe814f4d9e2f3eecafff97d7 - - default default] Successfully bumped revision number for resource 7f1b1dde-c701-4b84-b6fb-7335fc7551d3 (type: routers) to 2 [pid: 8|app: 0|req: 522/1058] 10.0.0.70 () {34 vars in 667 bytes} [Sat Jun 6 06:19:28 2026] POST /v2.0/routers => generated 955 bytes in 1281 msecs (HTTP/1.1 201) 4 headers in 162 bytes (1 switches on core 0)
2026-06-06 06:19:29.381 7 INFO neutron.db.ovn_revision_numbers_db [None req-41632af2-c035-4e22-8323-d8ae8a7a81c1 bae0c907857047e49f1b4e702128b861 42c97596bc9b4d418326644bfebc5f2e - - default default] Successfully bumped revision number for resource 2a7ea4b3-bf51-464a-9ceb-264769da1f81 (type: networks) to 2 [pid: 7|app: 0|req: 537/1059] 10.0.0.70 () {34 vars in 741 bytes} [Sat Jun 6 06:19:29 2026] PUT /v2.0/networks/2a7ea4b3-bf51-464a-9ceb-264769da1f81 => generated 598 bytes in 197 msecs (HTTP/1.1 200) 4 headers in 157 bytes (1 switches on core 0)
2026-06-06 06:19:29.564 7 WARNING neutron.scheduler.dhcp_agent_scheduler [None req-73a555ae-1cc9-4dc4-83e5-177292492de1 bae0c907857047e49f1b4e702128b861 42c97596bc9b4d418326644bfebc5f2e - - default default] No more DHCP agents
2026-06-06 06:19:29.566 7 WARNING neutron.api.rpc.agentnotifiers.dhcp_rpc_agent_api [None req-73a555ae-1cc9-4dc4-83e5-177292492de1 bae0c907857047e49f1b4e702128b861 42c97596bc9b4d418326644bfebc5f2e - - default default] Unable to schedule network 2a7ea4b3-bf51-464a-9ceb-264769da1f81: no agents available; will retry on subsequent port and subnet creation events.
2026-06-06 06:19:29.832 8 WARNING neutron.scheduler.dhcp_agent_scheduler [None req-a3051727-d6a5-44ba-8564-de15ecc62323 fdd49160077e451f978765016833e020 82a7daa4fe814f4d9e2f3eecafff97d7 - - default default] No more DHCP agents
2026-06-06 06:19:29.833 8 WARNING neutron.api.rpc.agentnotifiers.dhcp_rpc_agent_api [None req-a3051727-d6a5-44ba-8564-de15ecc62323 fdd49160077e451f978765016833e020 82a7daa4fe814f4d9e2f3eecafff97d7 - - default default] Unable to schedule network 68bcd00f-dbe7-4182-9d0b-5e7ea7b07707: no agents available; will retry on subsequent port and subnet creation events.
2026-06-06 06:19:29.989 8 INFO neutron.db.ovn_revision_numbers_db [None req-a3051727-d6a5-44ba-8564-de15ecc62323 fdd49160077e451f978765016833e020 82a7daa4fe814f4d9e2f3eecafff97d7 - - default default] Successfully bumped revision number for resource 0edd40af-bf14-47f0-add8-7b18e9800f84 (type: ports) to 1
2026-06-06 06:19:30.047 7 INFO neutron.db.ovn_revision_numbers_db [None req-43562b98-0666-491b-a211-80ec0c48a235 - - - - - -] Successfully bumped revision number for resource b976edc1-6f00-46c8-8024-4564801ae53e (type: ports) to 2
2026-06-06 06:19:30.082 7 INFO neutron.db.ovn_revision_numbers_db [None req-43562b98-0666-491b-a211-80ec0c48a235 - - - - - -] Successfully bumped revision number for resource 455a0ee5-55a7-49b3-b625-b5b97b8019b4 (type: subnets) to 0 [pid: 7|app: 0|req: 538/1060] 10.0.0.70 () {34 vars in 667 bytes} [Sat Jun 6 06:19:29 2026] POST /v2.0/subnets => generated 626 bytes in 705 msecs (HTTP/1.1 201) 4 headers in 162 bytes (1 switches on core 0)
2026-06-06 06:19:30.381 7 INFO neutron.db.ovn_revision_numbers_db [None req-41c032c8-0d5e-42b8-bb91-13014909f782 04dd70fc01f243d4b60568f1046beca8 bc875385d88d4053b50abab980712238 - - default default] Successfully bumped revision number for resource d8dddebf-a970-4da6-a4fa-f987e51b410f (type: security_groups) to 1
2026-06-06 06:19:30.393 7 INFO neutron.db.ovn_revision_numbers_db [None req-41c032c8-0d5e-42b8-bb91-13014909f782 04dd70fc01f243d4b60568f1046beca8 bc875385d88d4053b50abab980712238 - - default default] Successfully bumped revision number for resource 3cd0127a-5beb-4945-ad28-901a65e35324 (type: security_group_rules) to 0
2026-06-06 06:19:30.405 7 INFO neutron.db.ovn_revision_numbers_db [None req-41c032c8-0d5e-42b8-bb91-13014909f782 04dd70fc01f243d4b60568f1046beca8 bc875385d88d4053b50abab980712238 - - default default] Successfully bumped revision number for resource 73472b8a-6b07-4fe1-9677-2ca51c101a1b (type: security_group_rules) to 0
2026-06-06 06:19:30.415 7 INFO neutron.db.ovn_revision_numbers_db [None req-41c032c8-0d5e-42b8-bb91-13014909f782 04dd70fc01f243d4b60568f1046beca8 bc875385d88d4053b50abab980712238 - - default default] Successfully bumped revision number for resource c367abea-bbb7-45a9-9ac0-020f379052c4 (type: security_group_rules) to 0
2026-06-06 06:19:30.426 7 INFO neutron.db.ovn_revision_numbers_db [None req-41c032c8-0d5e-42b8-bb91-13014909f782 04dd70fc01f243d4b60568f1046beca8 bc875385d88d4053b50abab980712238 - - default default] Successfully bumped revision number for resource f4f37ae4-11b7-4d1f-bdd7-9497e687bed2 (type: security_group_rules) to 0
2026-06-06 06:19:30.504 7 INFO neutron.db.segments_db [None req-41c032c8-0d5e-42b8-bb91-13014909f782 04dd70fc01f243d4b60568f1046beca8 bc875385d88d4053b50abab980712238 - - default default] Added segment 1026f021-3885-45e3-84f3-097f778d88b0 of type geneve for network 1bdf1983-0b12-4b54-9543-29fcb8859fe7
2026-06-06 06:19:30.606 7 INFO neutron.db.ovn_revision_numbers_db [None req-41c032c8-0d5e-42b8-bb91-13014909f782 04dd70fc01f243d4b60568f1046beca8 bc875385d88d4053b50abab980712238 - - default default] Successfully bumped revision number for resource 1bdf1983-0b12-4b54-9543-29fcb8859fe7 (type: networks) to 1
2026-06-06 06:19:30.725 8 WARNING neutron.scheduler.dhcp_agent_scheduler [None req-a3051727-d6a5-44ba-8564-de15ecc62323 fdd49160077e451f978765016833e020 82a7daa4fe814f4d9e2f3eecafff97d7 - - default default] No more DHCP agents
2026-06-06 06:19:30.726 8 WARNING neutron.api.rpc.agentnotifiers.dhcp_rpc_agent_api [None req-a3051727-d6a5-44ba-8564-de15ecc62323 fdd49160077e451f978765016833e020 82a7daa4fe814f4d9e2f3eecafff97d7 - - default default] Unable to schedule network 68bcd00f-dbe7-4182-9d0b-5e7ea7b07707: no agents available; will retry on subsequent port and subnet creation events.
2026-06-06 06:19:30.821 7 WARNING neutron.scheduler.dhcp_agent_scheduler [None req-41c032c8-0d5e-42b8-bb91-13014909f782 04dd70fc01f243d4b60568f1046beca8 bc875385d88d4053b50abab980712238 - - default default] No more DHCP agents
2026-06-06 06:19:30.822 7 WARNING neutron.api.rpc.agentnotifiers.dhcp_rpc_agent_api [None req-41c032c8-0d5e-42b8-bb91-13014909f782 04dd70fc01f243d4b60568f1046beca8 bc875385d88d4053b50abab980712238 - - default default] Unable to schedule network 1bdf1983-0b12-4b54-9543-29fcb8859fe7: no agents available; will retry on subsequent port and subnet creation events.
2026-06-06 06:19:30.909 7 INFO neutron.db.ovn_revision_numbers_db [None req-41c032c8-0d5e-42b8-bb91-13014909f782 04dd70fc01f243d4b60568f1046beca8 bc875385d88d4053b50abab980712238 - - default default] Successfully bumped revision number for resource 701810ce-f87b-4adb-bbef-8d25c5968fca (type: ports) to 1 [pid: 7|app: 0|req: 539/1061] 10.0.0.70 () {34 vars in 668 bytes} [Sat Jun 6 06:19:30 2026] POST /v2.0/networks => generated 647 bytes in 830 msecs (HTTP/1.1 201) 4 headers in 162 bytes (1 switches on core 0)
2026-06-06 06:19:31.044 8 INFO neutron.db.ovn_revision_numbers_db [None req-a3051727-d6a5-44ba-8564-de15ecc62323 fdd49160077e451f978765016833e020 82a7daa4fe814f4d9e2f3eecafff97d7 - - default default] Successfully bumped revision number for resource 0edd40af-bf14-47f0-add8-7b18e9800f84 (type: router_ports) to 1 [pid: 8|app: 0|req: 523/1062] 10.0.0.70 () {34 vars in 781 bytes} [Sat Jun 6 06:19:29 2026] PUT /v2.0/routers/7f1b1dde-c701-4b84-b6fb-7335fc7551d3/add_router_interface => generated 309 bytes in 1741 msecs (HTTP/1.1 200) 4 headers in 157 bytes (1 switches on core 0)
2026-06-06 06:19:31.162 7 INFO neutron.db.ovn_revision_numbers_db [None req-7f03be68-9caf-4f47-a31d-c8ba5e07b03e 621daba8005440faad1c1081e7d715c9 587adb9ba0624c359f454f4288017d17 - - default default] Successfully bumped revision number for resource 1354630a-8670-4466-b92d-6d852b4863bf (type: security_groups) to 1
2026-06-06 06:19:31.177 7 INFO neutron.db.ovn_revision_numbers_db [None req-7f03be68-9caf-4f47-a31d-c8ba5e07b03e 621daba8005440faad1c1081e7d715c9 587adb9ba0624c359f454f4288017d17 - - default default] Successfully bumped revision number for resource 447fbf2a-927d-4754-beb9-1dbe1ccafa2f (type: security_group_rules) to 0
2026-06-06 06:19:31.188 7 INFO neutron.db.ovn_revision_numbers_db [None req-7f03be68-9caf-4f47-a31d-c8ba5e07b03e 621daba8005440faad1c1081e7d715c9 587adb9ba0624c359f454f4288017d17 - - default default] Successfully bumped revision number for resource 68ca472d-892b-434e-9379-68e3f2e0624f (type: security_group_rules) to 0
2026-06-06 06:19:31.199 7 INFO neutron.db.ovn_revision_numbers_db [None req-7f03be68-9caf-4f47-a31d-c8ba5e07b03e 621daba8005440faad1c1081e7d715c9 587adb9ba0624c359f454f4288017d17 - - default default] Successfully bumped revision number for resource 9f3968c7-329b-4029-8ab7-37cee4d2ddcc (type: security_group_rules) to 0
2026-06-06 06:19:31.211 7 INFO neutron.db.ovn_revision_numbers_db [None req-7f03be68-9caf-4f47-a31d-c8ba5e07b03e 621daba8005440faad1c1081e7d715c9 587adb9ba0624c359f454f4288017d17 - - default default] Successfully bumped revision number for resource ddacaad0-29ba-48f8-9477-f1400737f90d (type: security_group_rules) to 0
2026-06-06 06:19:31.289 7 INFO neutron.db.segments_db [None req-7f03be68-9caf-4f47-a31d-c8ba5e07b03e 621daba8005440faad1c1081e7d715c9 587adb9ba0624c359f454f4288017d17 - - default default] Added segment db9b4fc1-9e4d-491b-86e4-bf10845ab81c of type geneve for network dc6f8398-32e5-4e40-96fa-dd47463ffa00
2026-06-06 06:19:31.301 8 INFO neutron.db.ovn_revision_numbers_db [None req-94fc7022-e765-4fcd-b2d7-22165d98930e bae0c907857047e49f1b4e702128b861 42c97596bc9b4d418326644bfebc5f2e - - default default] Successfully bumped revision number for resource 455a0ee5-55a7-49b3-b625-b5b97b8019b4 (type: subnets) to 1 [pid: 8|app: 0|req: 524/1063] 10.0.0.70 () {34 vars in 739 bytes} [Sat Jun 6 06:19:31 2026] PUT /v2.0/subnets/455a0ee5-55a7-49b3-b625-b5b97b8019b4 => generated 636 bytes in 258 msecs (HTTP/1.1 200) 4 headers in 157 bytes (1 switches on core 0)
2026-06-06 06:19:31.388 7 INFO neutron.db.ovn_revision_numbers_db [None req-7f03be68-9caf-4f47-a31d-c8ba5e07b03e 621daba8005440faad1c1081e7d715c9 587adb9ba0624c359f454f4288017d17 - - default default] Successfully bumped revision number for resource dc6f8398-32e5-4e40-96fa-dd47463ffa00 (type: networks) to 1
2026-06-06 06:19:31.563 7 WARNING neutron.scheduler.dhcp_agent_scheduler [None req-7f03be68-9caf-4f47-a31d-c8ba5e07b03e 621daba8005440faad1c1081e7d715c9 587adb9ba0624c359f454f4288017d17 - - default default] No more DHCP agents
2026-06-06 06:19:31.564 7 WARNING neutron.api.rpc.agentnotifiers.dhcp_rpc_agent_api [None req-7f03be68-9caf-4f47-a31d-c8ba5e07b03e 621daba8005440faad1c1081e7d715c9 587adb9ba0624c359f454f4288017d17 - - default default] Unable to schedule network dc6f8398-32e5-4e40-96fa-dd47463ffa00: no agents available; will retry on subsequent port and subnet creation events.
2026-06-06 06:19:31.618 8 INFO neutron.plugins.ml2.drivers.ovn.mech_driver.mech_driver [None req-ae7cce4f-c860-4165-981d-afb948d6dc61 - - - - - -] OVN reports status down for port: 8c97413b-b24f-4ace-99fd-946c55f03cb3
2026-06-06 06:19:31.628 8 WARNING neutron.scheduler.dhcp_agent_scheduler [None req-a818c48c-aa53-4f64-a89d-4c5d247ca754 fdd49160077e451f978765016833e020 82a7daa4fe814f4d9e2f3eecafff97d7 - - default default] No more DHCP agents
2026-06-06 06:19:31.629 8 WARNING neutron.api.rpc.agentnotifiers.dhcp_rpc_agent_api [None req-a818c48c-aa53-4f64-a89d-4c5d247ca754 fdd49160077e451f978765016833e020 82a7daa4fe814f4d9e2f3eecafff97d7 - - default default] Unable to schedule network 68bcd00f-dbe7-4182-9d0b-5e7ea7b07707: no agents available; will retry on subsequent port and subnet creation events.
2026-06-06 06:19:31.637 7 INFO neutron.db.ovn_revision_numbers_db [None req-7f03be68-9caf-4f47-a31d-c8ba5e07b03e 621daba8005440faad1c1081e7d715c9 587adb9ba0624c359f454f4288017d17 - - default default] Successfully bumped revision number for resource 8c97413b-b24f-4ace-99fd-946c55f03cb3 (type: ports) to 1 [pid: 7|app: 0|req: 540/1064] 10.0.0.70 () {34 vars in 669 bytes} [Sat Jun 6 06:19:30 2026] POST /v2.0/networks => generated 741 bytes in 727 msecs (HTTP/1.1 201) 4 headers in 162 bytes (1 switches on core 0)
2026-06-06 06:19:31.811 7 INFO neutron_taas.services.taas.taas_plugin [None req-53ae75d7-c717-4c97-aa64-a3a51fd69286 bae0c907857047e49f1b4e702128b861 42c97596bc9b4d418326644bfebc5f2e - - default default] TaaS: Handle Delete Port: b976edc1-6f00-46c8-8024-4564801ae53e
2026-06-06 06:19:31.813 7 INFO neutron_taas.services.taas.tap_mirror_plugin [None req-53ae75d7-c717-4c97-aa64-a3a51fd69286 bae0c907857047e49f1b4e702128b861 42c97596bc9b4d418326644bfebc5f2e - - default default] Tap Mirror: Handle Delete Port: b976edc1-6f00-46c8-8024-4564801ae53e
2026-06-06 06:19:31.821 8 INFO neutron.db.ovn_revision_numbers_db [None req-a818c48c-aa53-4f64-a89d-4c5d247ca754 fdd49160077e451f978765016833e020 82a7daa4fe814f4d9e2f3eecafff97d7 - - default default] Successfully bumped revision number for resource 1ce52975-afbb-48f7-8b10-036d6f912c2f (type: ports) to 1 [pid: 8|app: 0|req: 525/1065] 10.0.0.70 () {34 vars in 663 bytes} [Sat Jun 6 06:19:31 2026] POST /v2.0/ports => generated 954 bytes in 545 msecs (HTTP/1.1 201) 4 headers in 162 bytes (1 switches on core 0) /var/lib/openstack/lib/python3.12/site-packages/pycadf/identifier.py:70: UserWarning: Invalid uuid: neutron. To ensure interoperability, identifiers should be a valid uuid. warnings.warn(('Invalid uuid: %s. To ensure interoperability, '
2026-06-06 06:19:32.045 8 WARNING neutron.scheduler.dhcp_agent_scheduler [None req-3f644fed-6b1f-4d6d-bf64-458fe97b30ca 04dd70fc01f243d4b60568f1046beca8 bc875385d88d4053b50abab980712238 - - default default] No more DHCP agents
2026-06-06 06:19:32.046 8 WARNING neutron.api.rpc.agentnotifiers.dhcp_rpc_agent_api [None req-3f644fed-6b1f-4d6d-bf64-458fe97b30ca 04dd70fc01f243d4b60568f1046beca8 bc875385d88d4053b50abab980712238 - - default default] Unable to schedule network 1bdf1983-0b12-4b54-9543-29fcb8859fe7: no agents available; will retry on subsequent port and subnet creation events.
2026-06-06 06:19:32.083 8 INFO neutron.db.ovn_revision_numbers_db [None req-3f644fed-6b1f-4d6d-bf64-458fe97b30ca 04dd70fc01f243d4b60568f1046beca8 bc875385d88d4053b50abab980712238 - - default default] Successfully bumped revision number for resource f030bca1-e9b3-466e-849a-8ca04f2e24de (type: subnets) to 0 [pid: 8|app: 0|req: 526/1066] 10.0.0.70 () {34 vars in 667 bytes} [Sat Jun 6 06:19:31 2026] POST /v2.0/subnets => generated 673 bytes in 247 msecs (HTTP/1.1 201) 4 headers in 162 bytes (1 switches on core 0)
2026-06-06 06:19:32.116 7 INFO neutron.services.segments.plugin [-] Segment ec9701c5-6ac9-4a33-8807-fe610a62e3c2 resource provider aggregate not found
2026-06-06 06:19:32.129 7 INFO neutron.services.segments.plugin [-] Segment ec9701c5-6ac9-4a33-8807-fe610a62e3c2 resource provider aggregate not found
2026-06-06 06:19:32.137 7 INFO neutron.services.segments.plugin [-] Segment ec9701c5-6ac9-4a33-8807-fe610a62e3c2 resource provider not found; error: Placement Client Error (4xx): {"errors": [{"status": 404, "title": "Not Found", "detail": "The resource could not be found.\n\n No resource provider with uuid ec9701c5-6ac9-4a33-8807-fe610a62e3c2 found for delete ", "request_id": "req-a7568765-0219-496c-bbb0-1f61986ad690"}]}
2026-06-06 06:19:32.150 7 INFO neutron.services.segments.plugin [-] Segment ec9701c5-6ac9-4a33-8807-fe610a62e3c2 resource provider not found; error: Placement Client Error (4xx): {"errors": [{"status": 404, "title": "Not Found", "detail": "The resource could not be found.\n\n No resource provider with uuid ec9701c5-6ac9-4a33-8807-fe610a62e3c2 found for delete ", "request_id": "req-75d2c727-ef73-47d0-9456-3734597e73f1"}]} [pid: 7|app: 0|req: 541/1069] 10.0.0.70 () {32 vars in 724 bytes} [Sat Jun 6 06:19:31 2026] DELETE /v2.0/networks/2a7ea4b3-bf51-464a-9ceb-264769da1f81 => generated 0 bytes in 501 msecs (HTTP/1.1 204) 3 headers in 131 bytes (1 switches on core 0)
2026-06-06 06:19:32.226 8 WARNING neutron.scheduler.dhcp_agent_scheduler [None req-4261b31f-8dd3-41cd-98e0-af2580da4703 621daba8005440faad1c1081e7d715c9 587adb9ba0624c359f454f4288017d17 - - default default] No more DHCP agents
2026-06-06 06:19:32.227 8 WARNING neutron.api.rpc.agentnotifiers.dhcp_rpc_agent_api [None req-4261b31f-8dd3-41cd-98e0-af2580da4703 621daba8005440faad1c1081e7d715c9 587adb9ba0624c359f454f4288017d17 - - default default] Unable to schedule network dc6f8398-32e5-4e40-96fa-dd47463ffa00: no agents available; will retry on subsequent port and subnet creation events.
2026-06-06 06:19:32.422 7 WARNING neutron.scheduler.dhcp_agent_scheduler [None req-39b904e9-6578-4e86-bf83-8561bfaddaa1 fdd49160077e451f978765016833e020 82a7daa4fe814f4d9e2f3eecafff97d7 - - default default] No more DHCP agents
2026-06-06 06:19:32.423 7 WARNING neutron.api.rpc.agentnotifiers.dhcp_rpc_agent_api [None req-39b904e9-6578-4e86-bf83-8561bfaddaa1 fdd49160077e451f978765016833e020 82a7daa4fe814f4d9e2f3eecafff97d7 - - default default] Unable to schedule network 68bcd00f-dbe7-4182-9d0b-5e7ea7b07707: no agents available; will retry on subsequent port and subnet creation events.
2026-06-06 06:19:32.558 7 INFO neutron.db.ovn_revision_numbers_db [None req-39b904e9-6578-4e86-bf83-8561bfaddaa1 fdd49160077e451f978765016833e020 82a7daa4fe814f4d9e2f3eecafff97d7 - - default default] Successfully bumped revision number for resource a4f01cd0-6b30-45b5-94ff-f45c62ab1bf4 (type: ports) to 1 [pid: 7|app: 0|req: 542/1070] 10.0.0.70 () {34 vars in 663 bytes} [Sat Jun 6 06:19:32 2026] POST /v2.0/ports => generated 958 bytes in 461 msecs (HTTP/1.1 201) 4 headers in 162 bytes (1 switches on core 0) /var/lib/openstack/lib/python3.12/site-packages/pycadf/identifier.py:70: UserWarning: Invalid uuid: neutron. To ensure interoperability, identifiers should be a valid uuid. warnings.warn(('Invalid uuid: %s. To ensure interoperability, '
2026-06-06 06:19:32.645 8 INFO neutron.db.ovn_revision_numbers_db [None req-29666ac3-8b51-405b-8559-9cfebd6f2fb2 - - - - - -] Successfully bumped revision number for resource 8c97413b-b24f-4ace-99fd-946c55f03cb3 (type: ports) to 2
2026-06-06 06:19:32.676 8 INFO neutron.db.ovn_revision_numbers_db [None req-29666ac3-8b51-405b-8559-9cfebd6f2fb2 - - - - - -] Successfully bumped revision number for resource 4b9c570d-2e89-41a8-9db7-d41a07949feb (type: subnets) to 0 [pid: 8|app: 0|req: 529/1071] 10.0.0.70 () {34 vars in 667 bytes} [Sat Jun 6 06:19:32 2026] POST /v2.0/subnets => generated 685 bytes in 585 msecs (HTTP/1.1 201) 4 headers in 162 bytes (1 switches on core 0)
2026-06-06 06:19:32.703 8 INFO neutron.pecan_wsgi.hooks.translation [None req-a013f601-c9d3-49c5-ad12-7cd3f04c4b28 bae0c907857047e49f1b4e702128b861 42c97596bc9b4d418326644bfebc5f2e - - default default] DELETE failed (client error): The resource could not be found.
2026-06-06 06:19:32.706 7 INFO neutron.db.segments_db [None req-125b266f-89a6-4051-989b-2ac16c31c3b1 04dd70fc01f243d4b60568f1046beca8 bc875385d88d4053b50abab980712238 - - default default] Added segment 496bbddf-fc16-4859-9fc7-10014791afb5 of type geneve for network 1320bf5b-90fe-44ed-8b6d-e675e1b3ad98 [pid: 8|app: 0|req: 530/1072] 10.0.0.70 () {32 vars in 724 bytes} [Sat Jun 6 06:19:32 2026] DELETE /v2.0/networks/2a7ea4b3-bf51-464a-9ceb-264769da1f81 => generated 138 bytes in 14 msecs (HTTP/1.1 404) 4 headers in 164 bytes (1 switches on core 0)
2026-06-06 06:19:32.826 7 INFO neutron.db.ovn_revision_numbers_db [None req-125b266f-89a6-4051-989b-2ac16c31c3b1 04dd70fc01f243d4b60568f1046beca8 bc875385d88d4053b50abab980712238 - - default default] Successfully bumped revision number for resource 1320bf5b-90fe-44ed-8b6d-e675e1b3ad98 (type: networks) to 1
2026-06-06 06:19:32.914 8 WARNING neutron.scheduler.dhcp_agent_scheduler [None req-97bfaeba-64e5-4e9d-83af-db43d5b22d81 fdd49160077e451f978765016833e020 82a7daa4fe814f4d9e2f3eecafff97d7 - - default default] No more DHCP agents
2026-06-06 06:19:32.915 8 WARNING neutron.api.rpc.agentnotifiers.dhcp_rpc_agent_api [None req-97bfaeba-64e5-4e9d-83af-db43d5b22d81 fdd49160077e451f978765016833e020 82a7daa4fe814f4d9e2f3eecafff97d7 - - default default] Unable to schedule network de02dab8-925b-4b18-bbd0-9f6f8ff3ee28: no agents available; will retry on subsequent port and subnet creation events.
2026-06-06 06:19:32.972 7 WARNING neutron.scheduler.dhcp_agent_scheduler [None req-125b266f-89a6-4051-989b-2ac16c31c3b1 04dd70fc01f243d4b60568f1046beca8 bc875385d88d4053b50abab980712238 - - default default] No more DHCP agents
2026-06-06 06:19:32.974 7 WARNING neutron.api.rpc.agentnotifiers.dhcp_rpc_agent_api [None req-125b266f-89a6-4051-989b-2ac16c31c3b1 04dd70fc01f243d4b60568f1046beca8 bc875385d88d4053b50abab980712238 - - default default] Unable to schedule network 1320bf5b-90fe-44ed-8b6d-e675e1b3ad98: no agents available; will retry on subsequent port and subnet creation events.
2026-06-06 06:19:33.059 7 INFO neutron.db.ovn_revision_numbers_db [None req-125b266f-89a6-4051-989b-2ac16c31c3b1 04dd70fc01f243d4b60568f1046beca8 bc875385d88d4053b50abab980712238 - - default default] Successfully bumped revision number for resource b0dd7e8b-c82b-464e-8741-7932e04c5b1e (type: ports) to 1 [pid: 7|app: 0|req: 543/1073] 10.0.0.70 () {34 vars in 668 bytes} [Sat Jun 6 06:19:32 2026] POST /v2.0/networks => generated 648 bytes in 477 msecs (HTTP/1.1 201) 4 headers in 162 bytes (1 switches on core 0)
2026-06-06 06:19:33.483 7 WARNING neutron.scheduler.dhcp_agent_scheduler [None req-0767bd97-4def-44af-a1b8-f75c3d4764b9 621daba8005440faad1c1081e7d715c9 587adb9ba0624c359f454f4288017d17 - - default default] No more DHCP agents
2026-06-06 06:19:33.491 7 WARNING neutron.api.rpc.agentnotifiers.dhcp_rpc_agent_api [None req-0767bd97-4def-44af-a1b8-f75c3d4764b9 621daba8005440faad1c1081e7d715c9 587adb9ba0624c359f454f4288017d17 - - default default] Unable to schedule network de02dab8-925b-4b18-bbd0-9f6f8ff3ee28: no agents available; will retry on subsequent port and subnet creation events.
2026-06-06 06:19:33.620 8 INFO neutron.plugins.ml2.drivers.ovn.mech_driver.mech_driver [None req-ae7cce4f-c860-4165-981d-afb948d6dc61 - - - - - -] OVN reports status down for port: b6cf6336-0842-4967-9af3-0da3725c33e1
2026-06-06 06:19:33.669 7 INFO neutron.db.ovn_revision_numbers_db [None req-0767bd97-4def-44af-a1b8-f75c3d4764b9 621daba8005440faad1c1081e7d715c9 587adb9ba0624c359f454f4288017d17 - - default default] Successfully bumped revision number for resource b6cf6336-0842-4967-9af3-0da3725c33e1 (type: ports) to 1
2026-06-06 06:19:33.681 7 WARNING neutron.plugins.ml2.drivers.ovn.mech_driver.ovsdb.ovn_client [None req-362c0329-575f-4cc0-a3e1-dedbcc26a25e - - - - - -] No hosting information found for port 426d6ba8-63c6-45b0-a400-70f6a20c1406: RuntimeError: No hosting information found for port 426d6ba8-63c6-45b0-a400-70f6a20c1406
2026-06-06 06:19:33.681 7 INFO neutron.plugins.ml2.drivers.ovn.mech_driver.mech_driver [None req-362c0329-575f-4cc0-a3e1-dedbcc26a25e - - - - - -] OVN reports status down for port: 0edd40af-bf14-47f0-add8-7b18e9800f84
2026-06-06 06:19:33.700 8 INFO neutron.db.ovn_revision_numbers_db [None req-97bfaeba-64e5-4e9d-83af-db43d5b22d81 fdd49160077e451f978765016833e020 82a7daa4fe814f4d9e2f3eecafff97d7 - - default default] Successfully bumped revision number for resource 9929f1c3-1543-4430-acd2-27657c2f7b38 (type: floatingips) to 1
2026-06-06 06:19:33.701 8 INFO neutron.db.l3_db [None req-97bfaeba-64e5-4e9d-83af-db43d5b22d81 fdd49160077e451f978765016833e020 82a7daa4fe814f4d9e2f3eecafff97d7 - - default default] Floating IP 9929f1c3-1543-4430-acd2-27657c2f7b38 associated. External IP: 10.96.250.214, port: a4f01cd0-6b30-45b5-94ff-f45c62ab1bf4. [pid: 8|app: 0|req: 531/1074] 10.0.0.70 () {34 vars in 675 bytes} [Sat Jun 6 06:19:32 2026] POST /v2.0/floatingips => generated 842 bytes in 1053 msecs (HTTP/1.1 201) 4 headers in 162 bytes (1 switches on core 0)
2026-06-06 06:19:33.815 7 WARNING neutron.plugins.ml2.drivers.ovn.mech_driver.ovsdb.ovn_client [None req-362c0329-575f-4cc0-a3e1-dedbcc26a25e - - - - - -] Logical_Switch_Port 0edd40af-bf14-47f0-add8-7b18e9800f84 host information not removed, the port state is up
2026-06-06 06:19:33.816 7 INFO neutron.plugins.ml2.drivers.ovn.mech_driver.mech_driver [None req-362c0329-575f-4cc0-a3e1-dedbcc26a25e - - - - - -] OVN reports status up for port: 0edd40af-bf14-47f0-add8-7b18e9800f84 [pid: 8|app: 0|req: 532/1075] 10.0.0.70 () {32 vars in 692 bytes} [Sat Jun 6 06:19:33 2026] GET /v2.0/networks?router%3Aexternal=True => generated 651 bytes in 67 msecs (HTTP/1.1 200) 4 headers in 157 bytes (1 switches on core 0)
2026-06-06 06:19:33.833 7 INFO neutron.plugins.ml2.plugin [None req-362c0329-575f-4cc0-a3e1-dedbcc26a25e - - - - - -] Attempt 1 to provision port 0edd40af-bf14-47f0-add8-7b18e9800f84
2026-06-06 06:19:33.945 8 INFO neutron.db.ovn_revision_numbers_db [None req-e1b86230-d98d-4e49-b709-78ec43e1b8ad 04dd70fc01f243d4b60568f1046beca8 bc875385d88d4053b50abab980712238 - - default default] Successfully bumped revision number for resource 1320bf5b-90fe-44ed-8b6d-e675e1b3ad98 (type: networks) to 2 [pid: 8|app: 0|req: 533/1076] 10.0.0.70 () {34 vars in 741 bytes} [Sat Jun 6 06:19:33 2026] PUT /v2.0/networks/1320bf5b-90fe-44ed-8b6d-e675e1b3ad98 => generated 598 bytes in 121 msecs (HTTP/1.1 200) 4 headers in 157 bytes (1 switches on core 0)
2026-06-06 06:19:34.068 8 INFO neutron.db.ovn_revision_numbers_db [None req-e179a50a-330b-41be-87c9-bf7a9fd91a09 fdd49160077e451f978765016833e020 82a7daa4fe814f4d9e2f3eecafff97d7 - - default default] Successfully bumped revision number for resource 9929f1c3-1543-4430-acd2-27657c2f7b38 (type: floatingips) to 2
2026-06-06 06:19:34.117 8 INFO neutron.db.l3_db [None req-e179a50a-330b-41be-87c9-bf7a9fd91a09 fdd49160077e451f978765016833e020 82a7daa4fe814f4d9e2f3eecafff97d7 - - default default] Floating IP 9929f1c3-1543-4430-acd2-27657c2f7b38 disassociated. External IP: 10.96.250.214, port: a4f01cd0-6b30-45b5-94ff-f45c62ab1bf4. [pid: 8|app: 0|req: 534/1077] 10.0.0.70 () {34 vars in 747 bytes} [Sat Jun 6 06:19:33 2026] PUT /v2.0/floatingips/9929f1c3-1543-4430-acd2-27657c2f7b38 => generated 554 bytes in 194 msecs (HTTP/1.1 200) 4 headers in 157 bytes (1 switches on core 0) [pid: 8|app: 0|req: 535/1078] 10.0.0.70 () {32 vars in 740 bytes} [Sat Jun 6 06:19:34 2026] GET /v2.0/subnets?network_id=de02dab8-925b-4b18-bbd0-9f6f8ff3ee28 => generated 649 bytes in 32 msecs (HTTP/1.1 200) 4 headers in 157 bytes (1 switches on core 0)
2026-06-06 06:19:34.339 8 WARNING neutron.scheduler.dhcp_agent_scheduler [None req-941d357d-8a5a-4b84-8766-21872b1efd95 04dd70fc01f243d4b60568f1046beca8 bc875385d88d4053b50abab980712238 - - default default] No more DHCP agents
2026-06-06 06:19:34.340 8 WARNING neutron.api.rpc.agentnotifiers.dhcp_rpc_agent_api [None req-941d357d-8a5a-4b84-8766-21872b1efd95 04dd70fc01f243d4b60568f1046beca8 bc875385d88d4053b50abab980712238 - - default default] Unable to schedule network 1320bf5b-90fe-44ed-8b6d-e675e1b3ad98: no agents available; will retry on subsequent port and subnet creation events.
2026-06-06 06:19:34.369 8 INFO neutron.db.ovn_revision_numbers_db [None req-941d357d-8a5a-4b84-8766-21872b1efd95 04dd70fc01f243d4b60568f1046beca8 bc875385d88d4053b50abab980712238 - - default default] Successfully bumped revision number for resource f8262aa2-606a-4302-a387-904303024638 (type: subnets) to 0 [pid: 8|app: 0|req: 536/1079] 10.0.0.70 () {34 vars in 667 bytes} [Sat Jun 6 06:19:34 2026] POST /v2.0/subnets => generated 646 bytes in 207 msecs (HTTP/1.1 201) 4 headers in 162 bytes (1 switches on core 0)
2026-06-06 06:19:34.507 8 INFO neutron_taas.services.taas.taas_plugin [None req-502e66f1-55dd-46d5-8647-7f6ae6eea6aa fdd49160077e451f978765016833e020 82a7daa4fe814f4d9e2f3eecafff97d7 - - default default] TaaS: Handle Delete Port: 5f6f1f73-3739-4f8f-8170-a8110d50ba15
2026-06-06 06:19:34.510 8 INFO neutron_taas.services.taas.tap_mirror_plugin [None req-502e66f1-55dd-46d5-8647-7f6ae6eea6aa fdd49160077e451f978765016833e020 82a7daa4fe814f4d9e2f3eecafff97d7 - - default default] Tap Mirror: Handle Delete Port: 5f6f1f73-3739-4f8f-8170-a8110d50ba15
2026-06-06 06:19:34.559 7 INFO neutron.db.ovn_revision_numbers_db [None req-362c0329-575f-4cc0-a3e1-dedbcc26a25e - - - - - -] Successfully bumped revision number for resource 0edd40af-bf14-47f0-add8-7b18e9800f84 (type: ports) to 2 [pid: 8|app: 0|req: 537/1080] 10.0.0.70 () {32 vars in 730 bytes} [Sat Jun 6 06:19:34 2026] DELETE /v2.0/floatingips/9929f1c3-1543-4430-acd2-27657c2f7b38 => generated 0 bytes in 253 msecs (HTTP/1.1 204) 2 headers in 112 bytes (1 switches on core 0) [pid: 8|app: 0|req: 538/1081] 10.0.0.70 () {32 vars in 651 bytes} [Sat Jun 6 06:19:34 2026] GET /v2.0/extensions => generated 20118 bytes in 5 msecs (HTTP/1.1 200) 4 headers in 159 bytes (1 switches on core 0)
2026-06-06 06:19:34.726 7 INFO neutron.plugins.ml2.drivers.ovn.mech_driver.ovsdb.commands [None req-534f105a-1ce7-468c-8525-479b2c0ad278 - - - - - -] Schedule LRP lrp-b6cf6336-0842-4967-9af3-0da3725c33e1 on gateway e2e8372e-d1c2-4eff-ac25-73105dc6e27d with priority 1
2026-06-06 06:19:34.759 8 INFO neutron.plugins.ml2.drivers.ovn.mech_driver.ovsdb.ovsdb_monitor [None req-c89b0f25-f1ab-442d-aab7-ea5be5e0e92c - - - - - -] Router 1b5fb3d5-cd09-4999-87eb-68cbd15f8353 is bound to host instance
2026-06-06 06:19:34.794 7 INFO neutron.db.ovn_revision_numbers_db [None req-0767bd97-4def-44af-a1b8-f75c3d4764b9 621daba8005440faad1c1081e7d715c9 587adb9ba0624c359f454f4288017d17 - - default default] Successfully bumped revision number for resource b6cf6336-0842-4967-9af3-0da3725c33e1 (type: router_ports) to 1
2026-06-06 06:19:34.822 8 INFO neutron.plugins.ml2.drivers.ovn.mech_driver.mech_driver [None req-ae7cce4f-c860-4165-981d-afb948d6dc61 - - - - - -] OVN reports status up for port: b6cf6336-0842-4967-9af3-0da3725c33e1
2026-06-06 06:19:34.878 8 INFO neutron.plugins.ml2.plugin [None req-ae7cce4f-c860-4165-981d-afb948d6dc61 - - - - - -] Attempt 1 to provision port b6cf6336-0842-4967-9af3-0da3725c33e1
2026-06-06 06:19:34.879 7 INFO neutron.db.ovn_revision_numbers_db [None req-0767bd97-4def-44af-a1b8-f75c3d4764b9 621daba8005440faad1c1081e7d715c9 587adb9ba0624c359f454f4288017d17 - - default default] Successfully bumped revision number for resource 1b5fb3d5-cd09-4999-87eb-68cbd15f8353 (type: routers) to 2 [pid: 7|app: 0|req: 544/1082] 10.0.0.70 () {34 vars in 667 bytes} [Sat Jun 6 06:19:33 2026] POST /v2.0/routers => generated 963 bytes in 1796 msecs (HTTP/1.1 201) 4 headers in 162 bytes (1 switches on core 0)
2026-06-06 06:19:35.112 7 WARNING neutron.scheduler.dhcp_agent_scheduler [None req-0fb78d79-e850-486c-a5fc-f9077d9b92c6 fdd49160077e451f978765016833e020 82a7daa4fe814f4d9e2f3eecafff97d7 - - default default] No more DHCP agents
2026-06-06 06:19:35.113 7 WARNING neutron.api.rpc.agentnotifiers.dhcp_rpc_agent_api [None req-0fb78d79-e850-486c-a5fc-f9077d9b92c6 fdd49160077e451f978765016833e020 82a7daa4fe814f4d9e2f3eecafff97d7 - - default default] Unable to schedule network de02dab8-925b-4b18-bbd0-9f6f8ff3ee28: no agents available; will retry on subsequent port and subnet creation events.
2026-06-06 06:19:35.603 8 INFO neutron.db.ovn_revision_numbers_db [None req-69f277fe-c507-43a3-8554-a416cc71710b - - - - - -] Successfully bumped revision number for resource b0dd7e8b-c82b-464e-8741-7932e04c5b1e (type: ports) to 2
2026-06-06 06:19:35.656 8 INFO neutron.db.ovn_revision_numbers_db [None req-69f277fe-c507-43a3-8554-a416cc71710b - - - - - -] Successfully bumped revision number for resource f8262aa2-606a-4302-a387-904303024638 (type: subnets) to 1 [pid: 8|app: 0|req: 539/1083] 10.0.0.70 () {34 vars in 739 bytes} [Sat Jun 6 06:19:34 2026] PUT /v2.0/subnets/f8262aa2-606a-4302-a387-904303024638 => generated 656 bytes in 1021 msecs (HTTP/1.1 200) 4 headers in 157 bytes (1 switches on core 0) [pid: 8|app: 0|req: 540/1084] 10.0.0.70 () {32 vars in 647 bytes} [Sat Jun 6 06:19:35 2026] GET /v2.0/networks => generated 1309 bytes in 133 msecs (HTTP/1.1 200) 4 headers in 158 bytes (1 switches on core 0)
2026-06-06 06:19:35.886 7 INFO neutron.db.ovn_revision_numbers_db [None req-0fb78d79-e850-486c-a5fc-f9077d9b92c6 fdd49160077e451f978765016833e020 82a7daa4fe814f4d9e2f3eecafff97d7 - - default default] Successfully bumped revision number for resource b4b5418e-d80f-4d99-b978-cbedceed374a (type: floatingips) to 1
2026-06-06 06:19:35.887 7 INFO neutron.db.l3_db [None req-0fb78d79-e850-486c-a5fc-f9077d9b92c6 fdd49160077e451f978765016833e020 82a7daa4fe814f4d9e2f3eecafff97d7 - - default default] Floating IP b4b5418e-d80f-4d99-b978-cbedceed374a associated. External IP: 10.96.250.209, port: 1ce52975-afbb-48f7-8b10-036d6f912c2f. [pid: 7|app: 0|req: 545/1085] 10.0.0.70 () {34 vars in 675 bytes} [Sat Jun 6 06:19:34 2026] POST /v2.0/floatingips => generated 841 bytes in 1032 msecs (HTTP/1.1 201) 4 headers in 162 bytes (1 switches on core 0)
2026-06-06 06:19:36.059 7 INFO neutron_taas.services.taas.taas_plugin [None req-ab42e088-6a97-4cd2-8f1e-0ef96c841e6d 04dd70fc01f243d4b60568f1046beca8 bc875385d88d4053b50abab980712238 - - default default] TaaS: Handle Delete Port: b0dd7e8b-c82b-464e-8741-7932e04c5b1e
2026-06-06 06:19:36.061 7 INFO neutron_taas.services.taas.tap_mirror_plugin [None req-ab42e088-6a97-4cd2-8f1e-0ef96c841e6d 04dd70fc01f243d4b60568f1046beca8 bc875385d88d4053b50abab980712238 - - default default] Tap Mirror: Handle Delete Port: b0dd7e8b-c82b-464e-8741-7932e04c5b1e
2026-06-06 06:19:36.210 8 INFO neutron.db.ovn_revision_numbers_db [None req-0e9e4c60-840a-4466-9d8d-79507723c990 - - - - - -] Successfully bumped revision number for resource b6cf6336-0842-4967-9af3-0da3725c33e1 (type: ports) to 4
2026-06-06 06:19:36.316 7 INFO neutron.services.segments.plugin [-] Segment 496bbddf-fc16-4859-9fc7-10014791afb5 resource provider aggregate not found
2026-06-06 06:19:36.319 7 INFO neutron.services.segments.plugin [-] Segment 496bbddf-fc16-4859-9fc7-10014791afb5 resource provider aggregate not found
2026-06-06 06:19:36.331 7 INFO neutron.services.segments.plugin [-] Segment 496bbddf-fc16-4859-9fc7-10014791afb5 resource provider not found; error: Placement Client Error (4xx): {"errors": [{"status": 404, "title": "Not Found", "detail": "The resource could not be found.\n\n No resource provider with uuid 496bbddf-fc16-4859-9fc7-10014791afb5 found for delete ", "request_id": "req-c7995994-bdaf-43ff-ae33-149f85fe8871"}]}
2026-06-06 06:19:36.334 7 INFO neutron.services.segments.plugin [-] Segment 496bbddf-fc16-4859-9fc7-10014791afb5 resource provider not found; error: Placement Client Error (4xx): {"errors": [{"status": 404, "title": "Not Found", "detail": "The resource could not be found.\n\n No resource provider with uuid 496bbddf-fc16-4859-9fc7-10014791afb5 found for delete ", "request_id": "req-cbd4fc64-9266-4158-8500-8c61f1c43008"}]} [pid: 7|app: 0|req: 546/1086] 10.0.0.70 () {32 vars in 724 bytes} [Sat Jun 6 06:19:35 2026] DELETE /v2.0/networks/1320bf5b-90fe-44ed-8b6d-e675e1b3ad98 => generated 0 bytes in 442 msecs (HTTP/1.1 204) 3 headers in 131 bytes (1 switches on core 0) [pid: 7|app: 0|req: 547/1087] 10.0.0.70 () {32 vars in 645 bytes} [Sat Jun 6 06:19:36 2026] GET /v2.0/subnets => generated 1280 bytes in 27 msecs (HTTP/1.1 200) 4 headers in 158 bytes (1 switches on core 0) [pid: 7|app: 0|req: 548/1088] 10.0.0.70 () {32 vars in 727 bytes} [Sat Jun 6 06:19:36 2026] GET /v2.0/floatingips/b4b5418e-d80f-4d99-b978-cbedceed374a => generated 843 bytes in 31 msecs (HTTP/1.1 200) 4 headers in 157 bytes (1 switches on core 0)
2026-06-06 06:19:36.438 7 INFO neutron.pecan_wsgi.hooks.translation [None req-f9e2e424-fbb2-4771-9356-f2a488390960 04dd70fc01f243d4b60568f1046beca8 bc875385d88d4053b50abab980712238 - - default default] DELETE failed (client error): The resource could not be found. [pid: 7|app: 0|req: 549/1089] 10.0.0.70 () {32 vars in 724 bytes} [Sat Jun 6 06:19:36 2026] DELETE /v2.0/networks/1320bf5b-90fe-44ed-8b6d-e675e1b3ad98 => generated 138 bytes in 12 msecs (HTTP/1.1 404) 4 headers in 164 bytes (1 switches on core 0) [pid: 7|app: 0|req: 550/1090] 10.0.0.70 () {32 vars in 721 bytes} [Sat Jun 6 06:19:36 2026] GET /v2.0/networks/12f7e825-5547-4473-82eb-2cf6ae1ffcd4 => generated 669 bytes in 36 msecs (HTTP/1.1 200) 4 headers in 157 bytes (1 switches on core 0) [pid: 7|app: 0|req: 551/1091] 10.0.0.70 () {32 vars in 653 bytes} [Sat Jun 6 06:19:36 2026] GET /v2.0/floatingips => generated 846 bytes in 62 msecs (HTTP/1.1 200) 4 headers in 157 bytes (1 switches on core 0)
2026-06-06 06:19:36.572 8 WARNING neutron.scheduler.dhcp_agent_scheduler [None req-5d4ada01-200b-4226-ac0d-4b283c57195e 621daba8005440faad1c1081e7d715c9 587adb9ba0624c359f454f4288017d17 - - default default] No more DHCP agents
2026-06-06 06:19:36.575 8 WARNING neutron.api.rpc.agentnotifiers.dhcp_rpc_agent_api [None req-5d4ada01-200b-4226-ac0d-4b283c57195e 621daba8005440faad1c1081e7d715c9 587adb9ba0624c359f454f4288017d17 - - default default] Unable to schedule network dc6f8398-32e5-4e40-96fa-dd47463ffa00: no agents available; will retry on subsequent port and subnet creation events. [pid: 7|app: 0|req: 552/1092] 10.0.0.70 () {32 vars in 692 bytes} [Sat Jun 6 06:19:36 2026] GET /v2.0/networks?router%3Aexternal=True => generated 651 bytes in 51 msecs (HTTP/1.1 200) 4 headers in 157 bytes (1 switches on core 0) [pid: 7|app: 0|req: 553/1093] 10.0.0.70 () {32 vars in 719 bytes} [Sat Jun 6 06:19:36 2026] GET /v2.0/subnets/723687fc-a887-4376-a34a-f3082a086346 => generated 641 bytes in 24 msecs (HTTP/1.1 200) 4 headers in 157 bytes (1 switches on core 0)
2026-06-06 06:19:36.815 8 INFO neutron.db.ovn_revision_numbers_db [None req-5d4ada01-200b-4226-ac0d-4b283c57195e 621daba8005440faad1c1081e7d715c9 587adb9ba0624c359f454f4288017d17 - - default default] Successfully bumped revision number for resource cf5ceb66-7413-414c-88ac-598d85bc701d (type: ports) to 1
2026-06-06 06:19:36.822 8 INFO neutron.db.ovn_revision_numbers_db [None req-0e9e4c60-840a-4466-9d8d-79507723c990 - - - - - -] Successfully bumped revision number for resource b6cf6336-0842-4967-9af3-0da3725c33e1 (type: ports) to 5
2026-06-06 06:19:37.170 7 INFO neutron.db.ovn_revision_numbers_db [None req-c6010ecd-a48a-4ad6-a907-59732a1768ac fdd49160077e451f978765016833e020 82a7daa4fe814f4d9e2f3eecafff97d7 - - default default] Successfully bumped revision number for resource b4b5418e-d80f-4d99-b978-cbedceed374a (type: floatingips) to 2
2026-06-06 06:19:37.294 7 INFO neutron.db.l3_db [None req-c6010ecd-a48a-4ad6-a907-59732a1768ac fdd49160077e451f978765016833e020 82a7daa4fe814f4d9e2f3eecafff97d7 - - default default] Floating IP b4b5418e-d80f-4d99-b978-cbedceed374a associated. External IP: 10.96.250.209, port: 1ce52975-afbb-48f7-8b10-036d6f912c2f. [pid: 7|app: 0|req: 554/1094] 10.0.0.70 () {34 vars in 747 bytes} [Sat Jun 6 06:19:36 2026] PUT /v2.0/floatingips/b4b5418e-d80f-4d99-b978-cbedceed374a => generated 844 bytes in 735 msecs (HTTP/1.1 200) 4 headers in 157 bytes (1 switches on core 0) [pid: 7|app: 0|req: 555/1095] 10.0.0.70 () {32 vars in 740 bytes} [Sat Jun 6 06:19:37 2026] GET /v2.0/subnets?network_id=de02dab8-925b-4b18-bbd0-9f6f8ff3ee28 => generated 649 bytes in 23 msecs (HTTP/1.1 200) 4 headers in 157 bytes (1 switches on core 0)
2026-06-06 06:19:37.383 7 INFO neutron.pecan_wsgi.hooks.translation [None req-750ad956-44c8-497a-a033-25838f2e9d29 bae0c907857047e49f1b4e702128b861 42c97596bc9b4d418326644bfebc5f2e - - default default] DELETE failed (client error): The resource could not be found. [pid: 7|app: 0|req: 556/1096] 10.0.0.70 () {32 vars in 722 bytes} [Sat Jun 6 06:19:37 2026] DELETE /v2.0/subnets/455a0ee5-55a7-49b3-b625-b5b97b8019b4 => generated 136 bytes in 10 msecs (HTTP/1.1 404) 4 headers in 164 bytes (1 switches on core 0)
2026-06-06 06:19:37.536 7 INFO neutron.db.ovn_revision_numbers_db [None req-ca229083-a26e-4d46-a6d5-469294ec4368 fdd49160077e451f978765016833e020 82a7daa4fe814f4d9e2f3eecafff97d7 - - default default] Successfully bumped revision number for resource b4b5418e-d80f-4d99-b978-cbedceed374a (type: floatingips) to 3
2026-06-06 06:19:37.538 8 WARNING neutron.scheduler.dhcp_agent_scheduler [None req-5d4ada01-200b-4226-ac0d-4b283c57195e 621daba8005440faad1c1081e7d715c9 587adb9ba0624c359f454f4288017d17 - - default default] No more DHCP agents
2026-06-06 06:19:37.539 8 WARNING neutron.api.rpc.agentnotifiers.dhcp_rpc_agent_api [None req-5d4ada01-200b-4226-ac0d-4b283c57195e 621daba8005440faad1c1081e7d715c9 587adb9ba0624c359f454f4288017d17 - - default default] Unable to schedule network dc6f8398-32e5-4e40-96fa-dd47463ffa00: no agents available; will retry on subsequent port and subnet creation events.
