2026-06-06 06:21:56.239 8 INFO neutron.db.ovn_revision_numbers_db [None req-2d7ee1fe-9d45-487e-861e-0ff1191f7944 1f42eaf2ecbb4306bb40d9f59c88ebf5 33df2eaa69b14a22be67d5f3be5b89cc - - default default] Successfully bumped revision number for resource 128c7ce6-8548-4f47-9900-87b780cffabd (type: router_ports) to 1 [pid: 7|app: 0|req: 1012/2031] 10.0.0.70 () {32 vars in 738 bytes} [Sat Jun 6 06:21:56 2026] DELETE /v2.0/security-groups/bde9f8ef-5b7e-4d38-b941-1f61be770edf => generated 0 bytes in 264 msecs (HTTP/1.1 204) 2 headers in 112 bytes (1 switches on core 0) [pid: 7|app: 0|req: 1013/2032] 10.0.0.125 () {34 vars in 989 bytes} [Sat Jun 6 06:21:56 2026] GET /v2.0/ports?device_id=44650016-1113-4d9e-ace3-33b377c398c9 => generated 12 bytes in 19 msecs (HTTP/1.1 200) 4 headers in 156 bytes (1 switches on core 0) [pid: 7|app: 0|req: 1014/2033] 199.204.45.177 () {34 vars in 985 bytes} [Sat Jun 6 06:21:56 2026] GET /v2.0/networks?id=16b645c1-9246-461e-88a2-a2a7ef6b7bc9 => generated 678 bytes in 43 msecs (HTTP/1.1 200) 4 headers in 157 bytes (1 switches on core 0)
2026-06-06 06:21:56.439 8 INFO neutron.db.ovn_revision_numbers_db [None req-2d7ee1fe-9d45-487e-861e-0ff1191f7944 1f42eaf2ecbb4306bb40d9f59c88ebf5 33df2eaa69b14a22be67d5f3be5b89cc - - default default] Successfully bumped revision number for resource b2856625-0c76-4764-9b38-0a22edab3d49 (type: routers) to 2 [pid: 8|app: 0|req: 1020/2034] 10.0.0.70 () {34 vars in 667 bytes} [Sat Jun 6 06:21:54 2026] POST /v2.0/routers => generated 944 bytes in 1619 msecs (HTTP/1.1 201) 4 headers in 162 bytes (1 switches on core 0)
2026-06-06 06:21:56.582 7 WARNING neutron.scheduler.dhcp_agent_scheduler [None req-a5de3753-e012-4137-8d99-4413995cbb4d 32ea796778144039a9f180bd2772707b 66ce11fa15ae4fe3a7e8e5e37b608459 - - default default] No more DHCP agents
2026-06-06 06:21:56.583 7 WARNING neutron.api.rpc.agentnotifiers.dhcp_rpc_agent_api [None req-a5de3753-e012-4137-8d99-4413995cbb4d 32ea796778144039a9f180bd2772707b 66ce11fa15ae4fe3a7e8e5e37b608459 - - default default] Unable to schedule network 5a987752-1786-4b1a-91f4-a24dd690d7fd: no agents available; will retry on subsequent port and subnet creation events.
2026-06-06 06:21:57.042 7 INFO neutron.db.ovn_revision_numbers_db [None req-2783abb8-8a3e-458c-9e31-733625352b96 - - - - - -] Successfully bumped revision number for resource b2a4c7f8-e82c-4b6b-be58-e55095b5fe9e (type: ports) to 2
2026-06-06 06:21:57.072 7 INFO neutron.db.ovn_revision_numbers_db [None req-2783abb8-8a3e-458c-9e31-733625352b96 - - - - - -] Successfully bumped revision number for resource b01d88a6-18f0-4684-9bcf-8219b5f64560 (type: subnets) to 0 [pid: 7|app: 0|req: 1015/2035] 10.0.0.70 () {34 vars in 667 bytes} [Sat Jun 6 06:21:56 2026] POST /v2.0/subnets => generated 626 bytes in 680 msecs (HTTP/1.1 201) 4 headers in 162 bytes (1 switches on core 0)
2026-06-06 06:21:57.114 8 WARNING neutron.scheduler.dhcp_agent_scheduler [req-298a09c7-57e7-4273-ad58-ecc69278e053 req-79684dc9-d42d-4fe0-b46f-4e5d70699751 cdd58ffd59e84d829e2bd4156a4e4b4e b0c307f7bdb949f39309a55c03cd970a - - default default] No more DHCP agents
2026-06-06 06:21:57.116 8 WARNING neutron.api.rpc.agentnotifiers.dhcp_rpc_agent_api [req-298a09c7-57e7-4273-ad58-ecc69278e053 req-79684dc9-d42d-4fe0-b46f-4e5d70699751 cdd58ffd59e84d829e2bd4156a4e4b4e b0c307f7bdb949f39309a55c03cd970a - - default default] Unable to schedule network 16b645c1-9246-461e-88a2-a2a7ef6b7bc9: no agents available; will retry on subsequent port and subnet creation events.
2026-06-06 06:21:57.318 7 INFO neutron.plugins.ml2.drivers.ovn.mech_driver.mech_driver [None req-3a613e10-9e21-40fa-af55-ee6008390f38 - - - - - -] OVN reports status down for port: 98ceea32-454f-4288-aacd-1f7ac186769b
2026-06-06 06:21:57.374 8 INFO neutron.db.ovn_revision_numbers_db [req-298a09c7-57e7-4273-ad58-ecc69278e053 req-79684dc9-d42d-4fe0-b46f-4e5d70699751 cdd58ffd59e84d829e2bd4156a4e4b4e b0c307f7bdb949f39309a55c03cd970a - - default default] Successfully bumped revision number for resource 98ceea32-454f-4288-aacd-1f7ac186769b (type: ports) to 1 [pid: 8|app: 0|req: 1021/2036] 199.204.45.177 () {38 vars in 954 bytes} [Sat Jun 6 06:21:56 2026] POST /v2.0/ports => generated 958 bytes in 1023 msecs (HTTP/1.1 201) 4 headers in 162 bytes (1 switches on core 0) /var/lib/openstack/lib/python3.12/site-packages/pycadf/identifier.py:70: UserWarning: Invalid uuid: neutron. To ensure interoperability, identifiers should be a valid uuid. warnings.warn(('Invalid uuid: %s. To ensure interoperability, '
2026-06-06 06:21:57.654 7 WARNING neutron.scheduler.dhcp_agent_scheduler [None req-e08fff3f-913f-4eec-83c8-543fce6ee8fd 1f42eaf2ecbb4306bb40d9f59c88ebf5 33df2eaa69b14a22be67d5f3be5b89cc - - default default] No more DHCP agents
2026-06-06 06:21:57.655 7 WARNING neutron.api.rpc.agentnotifiers.dhcp_rpc_agent_api [None req-e08fff3f-913f-4eec-83c8-543fce6ee8fd 1f42eaf2ecbb4306bb40d9f59c88ebf5 33df2eaa69b14a22be67d5f3be5b89cc - - default default] Unable to schedule network 62a9d38d-f237-48a1-81a1-133e3607c065: no agents available; will retry on subsequent port and subnet creation events.
2026-06-06 06:21:57.787 7 INFO neutron.db.ovn_revision_numbers_db [None req-e08fff3f-913f-4eec-83c8-543fce6ee8fd 1f42eaf2ecbb4306bb40d9f59c88ebf5 33df2eaa69b14a22be67d5f3be5b89cc - - default default] Successfully bumped revision number for resource 3e691a98-81a9-4999-9d73-2b47f36cc87c (type: ports) to 1
2026-06-06 06:21:57.960 8 INFO neutron.db.ovn_revision_numbers_db [None req-93dbbfda-b404-46df-852e-04b2b7e23dc2 - - - - - -] Successfully bumped revision number for resource 128c7ce6-8548-4f47-9900-87b780cffabd (type: ports) to 4
2026-06-06 06:21:58.296 8 WARNING neutron.scheduler.dhcp_agent_scheduler [None req-0d5bac09-711d-4777-8036-acd6649d49d5 32ea796778144039a9f180bd2772707b 66ce11fa15ae4fe3a7e8e5e37b608459 - - default default] No more DHCP agents
2026-06-06 06:21:58.299 8 WARNING neutron.api.rpc.agentnotifiers.dhcp_rpc_agent_api [None req-0d5bac09-711d-4777-8036-acd6649d49d5 32ea796778144039a9f180bd2772707b 66ce11fa15ae4fe3a7e8e5e37b608459 - - default default] Unable to schedule network de02dab8-925b-4b18-bbd0-9f6f8ff3ee28: no agents available; will retry on subsequent port and subnet creation events.
2026-06-06 06:21:58.401 7 WARNING neutron.scheduler.dhcp_agent_scheduler [None req-e08fff3f-913f-4eec-83c8-543fce6ee8fd 1f42eaf2ecbb4306bb40d9f59c88ebf5 33df2eaa69b14a22be67d5f3be5b89cc - - default default] No more DHCP agents
2026-06-06 06:21:58.402 7 WARNING neutron.api.rpc.agentnotifiers.dhcp_rpc_agent_api [None req-e08fff3f-913f-4eec-83c8-543fce6ee8fd 1f42eaf2ecbb4306bb40d9f59c88ebf5 33df2eaa69b14a22be67d5f3be5b89cc - - default default] Unable to schedule network 62a9d38d-f237-48a1-81a1-133e3607c065: no agents available; will retry on subsequent port and subnet creation events.
2026-06-06 06:21:58.543 8 INFO neutron.db.ovn_revision_numbers_db [None req-0d5bac09-711d-4777-8036-acd6649d49d5 32ea796778144039a9f180bd2772707b 66ce11fa15ae4fe3a7e8e5e37b608459 - - default default] Successfully bumped revision number for resource 64ea21f7-3c89-4729-b951-7cb3eca92c4b (type: ports) to 1
2026-06-06 06:21:58.567 8 INFO neutron.db.ovn_revision_numbers_db [None req-93dbbfda-b404-46df-852e-04b2b7e23dc2 - - - - - -] Successfully bumped revision number for resource 128c7ce6-8548-4f47-9900-87b780cffabd (type: ports) to 5
2026-06-06 06:21:58.747 7 INFO neutron.db.ovn_revision_numbers_db [None req-e08fff3f-913f-4eec-83c8-543fce6ee8fd 1f42eaf2ecbb4306bb40d9f59c88ebf5 33df2eaa69b14a22be67d5f3be5b89cc - - default default] Successfully bumped revision number for resource 3e691a98-81a9-4999-9d73-2b47f36cc87c (type: router_ports) to 1 [pid: 7|app: 0|req: 1016/2037] 10.0.0.70 () {34 vars in 781 bytes} [Sat Jun 6 06:21:57 2026] PUT /v2.0/routers/b2856625-0c76-4764-9b38-0a22edab3d49/add_router_interface => generated 309 bytes in 1662 msecs (HTTP/1.1 200) 4 headers in 157 bytes (1 switches on core 0) [pid: 7|app: 0|req: 1017/2038] 10.0.0.125 () {34 vars in 989 bytes} [Sat Jun 6 06:21:58 2026] GET /v2.0/ports?device_id=44650016-1113-4d9e-ace3-33b377c398c9 => generated 961 bytes in 88 msecs (HTTP/1.1 200) 4 headers in 157 bytes (1 switches on core 0)
2026-06-06 06:21:58.941 8 INFO neutron.plugins.ml2.drivers.ovn.mech_driver.mech_driver [None req-55f3785d-e0a9-46e8-bf3d-71f2c6590608 - - - - - -] OVN reports status down for port: 3e691a98-81a9-4999-9d73-2b47f36cc87c
2026-06-06 06:21:59.069 8 WARNING neutron.plugins.ml2.drivers.ovn.mech_driver.ovsdb.ovn_client [None req-55f3785d-e0a9-46e8-bf3d-71f2c6590608 - - - - - -] Logical_Switch_Port 3e691a98-81a9-4999-9d73-2b47f36cc87c host information not removed, the port state is up
2026-06-06 06:21:59.070 8 INFO neutron.plugins.ml2.drivers.ovn.mech_driver.mech_driver [None req-55f3785d-e0a9-46e8-bf3d-71f2c6590608 - - - - - -] OVN reports status up for port: 3e691a98-81a9-4999-9d73-2b47f36cc87c
2026-06-06 06:21:59.100 8 INFO neutron.plugins.ml2.plugin [None req-55f3785d-e0a9-46e8-bf3d-71f2c6590608 - - - - - -] Attempt 1 to provision port 3e691a98-81a9-4999-9d73-2b47f36cc87c
2026-06-06 06:21:59.192 7 INFO neutron.db.ovn_revision_numbers_db [req-298a09c7-57e7-4273-ad58-ecc69278e053 req-ba3600e7-8430-40fe-8813-10e1a77c1819 d723e74868db4574872e4b71ec1091f1 19a82361da294edb9548a97638fdda8f - - 6f7d0de1112940bf8fe35279a8c97971 6f7d0de1112940bf8fe35279a8c97971] Successfully bumped revision number for resource 98ceea32-454f-4288-aacd-1f7ac186769b (type: ports) to 2
2026-06-06 06:21:59.392 7 INFO neutron.db.ovn_revision_numbers_db [req-298a09c7-57e7-4273-ad58-ecc69278e053 req-ba3600e7-8430-40fe-8813-10e1a77c1819 d723e74868db4574872e4b71ec1091f1 19a82361da294edb9548a97638fdda8f - - 6f7d0de1112940bf8fe35279a8c97971 6f7d0de1112940bf8fe35279a8c97971] Successfully bumped revision number for resource 98ceea32-454f-4288-aacd-1f7ac186769b (type: ports) to 4 [pid: 7|app: 0|req: 1018/2039] 199.204.45.177 () {38 vars in 1027 bytes} [Sat Jun 6 06:21:58 2026] PUT /v2.0/ports/98ceea32-454f-4288-aacd-1f7ac186769b => generated 1208 bytes in 570 msecs (HTTP/1.1 200) 4 headers in 158 bytes (1 switches on core 0) /var/lib/openstack/lib/python3.12/site-packages/pycadf/identifier.py:70: UserWarning: Invalid uuid: neutron. To ensure interoperability, identifiers should be a valid uuid. warnings.warn(('Invalid uuid: %s. To ensure interoperability, '
2026-06-06 06:21:59.451 7 INFO neutron.notifiers.nova [-] Nova event matching ['req-59f9132e-a193-4dc0-b80e-d31cdc443f77'] response: {'name': 'network-changed', 'server_uuid': '44650016-1113-4d9e-ace3-33b377c398c9', 'tag': '98ceea32-454f-4288-aacd-1f7ac186769b', 'status': 'completed', 'code': 200}
2026-06-06 06:21:59.868 8 INFO neutron.plugins.ml2.drivers.ovn.mech_driver.ovsdb.commands [None req-a69160cb-2eea-4031-b2b2-16f19856b72e - - - - - -] Schedule LRP lrp-64ea21f7-3c89-4729-b951-7cb3eca92c4b on gateway e2e8372e-d1c2-4eff-ac25-73105dc6e27d with priority 1
2026-06-06 06:21:59.923 7 WARNING neutron.scheduler.dhcp_agent_scheduler [None req-0a74f7f1-ce88-41e5-8681-f3619ec65e00 1f42eaf2ecbb4306bb40d9f59c88ebf5 33df2eaa69b14a22be67d5f3be5b89cc - - default default] No more DHCP agents
2026-06-06 06:21:59.925 7 WARNING neutron.api.rpc.agentnotifiers.dhcp_rpc_agent_api [None req-0a74f7f1-ce88-41e5-8681-f3619ec65e00 1f42eaf2ecbb4306bb40d9f59c88ebf5 33df2eaa69b14a22be67d5f3be5b89cc - - default default] Unable to schedule network e9fd497d-b157-47d0-ba17-5b36551b17b1: no agents available; will retry on subsequent port and subnet creation events.
2026-06-06 06:21:59.931 8 INFO neutron.db.ovn_revision_numbers_db [None req-55f3785d-e0a9-46e8-bf3d-71f2c6590608 - - - - - -] Successfully bumped revision number for resource 3e691a98-81a9-4999-9d73-2b47f36cc87c (type: ports) to 2
2026-06-06 06:21:59.958 8 INFO neutron.db.ovn_revision_numbers_db [None req-0d5bac09-711d-4777-8036-acd6649d49d5 32ea796778144039a9f180bd2772707b 66ce11fa15ae4fe3a7e8e5e37b608459 - - default default] Successfully bumped revision number for resource 64ea21f7-3c89-4729-b951-7cb3eca92c4b (type: router_ports) to 1
2026-06-06 06:22:00.035 7 INFO neutron.plugins.ml2.drivers.ovn.mech_driver.mech_driver [None req-3a613e10-9e21-40fa-af55-ee6008390f38 - - - - - -] OVN reports status down for port: fe4f1424-ce5b-4067-8acc-441b13599813
2026-06-06 06:22:00.088 7 INFO neutron.db.ovn_revision_numbers_db [None req-0a74f7f1-ce88-41e5-8681-f3619ec65e00 1f42eaf2ecbb4306bb40d9f59c88ebf5 33df2eaa69b14a22be67d5f3be5b89cc - - default default] Successfully bumped revision number for resource fe4f1424-ce5b-4067-8acc-441b13599813 (type: ports) to 1
2026-06-06 06:22:00.102 8 INFO neutron.db.ovn_revision_numbers_db [None req-0d5bac09-711d-4777-8036-acd6649d49d5 32ea796778144039a9f180bd2772707b 66ce11fa15ae4fe3a7e8e5e37b608459 - - default default] Successfully bumped revision number for resource 9841750f-1e77-4f95-8fbb-1f005cf09649 (type: routers) to 2 [pid: 8|app: 0|req: 1022/2040] 10.0.0.70 () {34 vars in 667 bytes} [Sat Jun 6 06:21:57 2026] POST /v2.0/routers => generated 936 bytes in 2623 msecs (HTTP/1.1 201) 4 headers in 162 bytes (1 switches on core 0) [pid: 8|app: 0|req: 1023/2041] 10.0.0.125 () {34 vars in 1039 bytes} [Sat Jun 6 06:22:00 2026] GET /v2.0/security-groups?id=b400cb57-9314-49bb-98a3-08accdb53471&fields=id&fields=name => generated 88 bytes in 34 msecs (HTTP/1.1 200) 4 headers in 156 bytes (1 switches on core 0) [pid: 8|app: 0|req: 1024/2042] 199.204.45.177 () {34 vars in 1079 bytes} [Sat Jun 6 06:22:00 2026] GET /v2.0/ports?tenant_id=b0c307f7bdb949f39309a55c03cd970a&device_id=44650016-1113-4d9e-ace3-33b377c398c9 => generated 1211 bytes in 30 msecs (HTTP/1.1 200) 4 headers in 158 bytes (1 switches on core 0)
2026-06-06 06:22:00.759 7 INFO neutron.plugins.ml2.drivers.ovn.mech_driver.mech_driver [None req-3a613e10-9e21-40fa-af55-ee6008390f38 - - - - - -] OVN reports status up for port: fe4f1424-ce5b-4067-8acc-441b13599813
2026-06-06 06:22:00.789 7 INFO neutron.plugins.ml2.plugin [None req-3a613e10-9e21-40fa-af55-ee6008390f38 - - - - - -] Attempt 1 to provision port fe4f1424-ce5b-4067-8acc-441b13599813
2026-06-06 06:22:00.912 7 WARNING neutron.scheduler.dhcp_agent_scheduler [None req-0a74f7f1-ce88-41e5-8681-f3619ec65e00 1f42eaf2ecbb4306bb40d9f59c88ebf5 33df2eaa69b14a22be67d5f3be5b89cc - - default default] No more DHCP agents
2026-06-06 06:22:00.914 7 WARNING neutron.api.rpc.agentnotifiers.dhcp_rpc_agent_api [None req-0a74f7f1-ce88-41e5-8681-f3619ec65e00 1f42eaf2ecbb4306bb40d9f59c88ebf5 33df2eaa69b14a22be67d5f3be5b89cc - - default default] Unable to schedule network e9fd497d-b157-47d0-ba17-5b36551b17b1: no agents available; will retry on subsequent port and subnet creation events.
2026-06-06 06:22:01.211 8 WARNING neutron.scheduler.dhcp_agent_scheduler [None req-004ac1e3-28af-4583-a901-253fa4dc969f 32ea796778144039a9f180bd2772707b 66ce11fa15ae4fe3a7e8e5e37b608459 - - default default] No more DHCP agents
2026-06-06 06:22:01.212 8 WARNING neutron.api.rpc.agentnotifiers.dhcp_rpc_agent_api [None req-004ac1e3-28af-4583-a901-253fa4dc969f 32ea796778144039a9f180bd2772707b 66ce11fa15ae4fe3a7e8e5e37b608459 - - default default] Unable to schedule network 5a987752-1786-4b1a-91f4-a24dd690d7fd: no agents available; will retry on subsequent port and subnet creation events.
2026-06-06 06:22:01.344 8 INFO neutron.db.ovn_revision_numbers_db [None req-004ac1e3-28af-4583-a901-253fa4dc969f 32ea796778144039a9f180bd2772707b 66ce11fa15ae4fe3a7e8e5e37b608459 - - default default] Successfully bumped revision number for resource 1c294165-87de-4cd8-91f7-699436ed282e (type: ports) to 1
2026-06-06 06:22:01.440 7 INFO neutron.db.ovn_revision_numbers_db [None req-3a613e10-9e21-40fa-af55-ee6008390f38 - - - - - -] Successfully bumped revision number for resource fe4f1424-ce5b-4067-8acc-441b13599813 (type: ports) to 2
2026-06-06 06:22:01.626 7 INFO neutron.db.ovn_revision_numbers_db [None req-0a74f7f1-ce88-41e5-8681-f3619ec65e00 1f42eaf2ecbb4306bb40d9f59c88ebf5 33df2eaa69b14a22be67d5f3be5b89cc - - default default] Successfully bumped revision number for resource fe4f1424-ce5b-4067-8acc-441b13599813 (type: router_ports) to 1 [pid: 7|app: 0|req: 1019/2043] 10.0.0.70 () {34 vars in 781 bytes} [Sat Jun 6 06:21:59 2026] PUT /v2.0/routers/b2856625-0c76-4764-9b38-0a22edab3d49/add_router_interface => generated 309 bytes in 2220 msecs (HTTP/1.1 200) 4 headers in 157 bytes (1 switches on core 0) [pid: 7|app: 0|req: 1020/2044] 199.204.45.177 () {34 vars in 1017 bytes} [Sat Jun 6 06:22:01 2026] GET /v2.0/networks?tenant_id=b0c307f7bdb949f39309a55c03cd970a&shared=False => generated 777 bytes in 52 msecs (HTTP/1.1 200) 4 headers in 157 bytes (1 switches on core 0)
2026-06-06 06:22:01.997 7 INFO neutron.db.ovn_revision_numbers_db [None req-6de15cd0-9324-459e-bbe6-6c9e6b52855a 698313a3a7e848fc92a83e6b34312f2b 1aa6adb18a87443a851c92e0c6129b04 - - default default] Successfully bumped revision number for resource aab1ebd7-b66e-419c-af21-0cb7d842c2d1 (type: security_groups) to 1
2026-06-06 06:22:02.009 7 INFO neutron.db.ovn_revision_numbers_db [None req-6de15cd0-9324-459e-bbe6-6c9e6b52855a 698313a3a7e848fc92a83e6b34312f2b 1aa6adb18a87443a851c92e0c6129b04 - - default default] Successfully bumped revision number for resource 2499c1a9-6400-4ac1-b50d-ffeba76fd20f (type: security_group_rules) to 0
2026-06-06 06:22:02.024 7 INFO neutron.db.ovn_revision_numbers_db [None req-6de15cd0-9324-459e-bbe6-6c9e6b52855a 698313a3a7e848fc92a83e6b34312f2b 1aa6adb18a87443a851c92e0c6129b04 - - default default] Successfully bumped revision number for resource 8f5742e1-8c1c-48b6-b1e5-b47d0fdd7bd9 (type: security_group_rules) to 0
2026-06-06 06:22:02.033 7 INFO neutron.db.ovn_revision_numbers_db [None req-6de15cd0-9324-459e-bbe6-6c9e6b52855a 698313a3a7e848fc92a83e6b34312f2b 1aa6adb18a87443a851c92e0c6129b04 - - default default] Successfully bumped revision number for resource b3898541-c0dc-4d99-9db4-14fe924f862c (type: security_group_rules) to 0
2026-06-06 06:22:02.041 7 INFO neutron.db.ovn_revision_numbers_db [None req-6de15cd0-9324-459e-bbe6-6c9e6b52855a 698313a3a7e848fc92a83e6b34312f2b 1aa6adb18a87443a851c92e0c6129b04 - - default default] Successfully bumped revision number for resource e8bc8ae8-3912-4042-847d-2cf9dd75b307 (type: security_group_rules) to 0
2026-06-06 06:22:02.109 8 WARNING neutron.scheduler.dhcp_agent_scheduler [None req-004ac1e3-28af-4583-a901-253fa4dc969f 32ea796778144039a9f180bd2772707b 66ce11fa15ae4fe3a7e8e5e37b608459 - - default default] No more DHCP agents
2026-06-06 06:22:02.110 8 WARNING neutron.api.rpc.agentnotifiers.dhcp_rpc_agent_api [None req-004ac1e3-28af-4583-a901-253fa4dc969f 32ea796778144039a9f180bd2772707b 66ce11fa15ae4fe3a7e8e5e37b608459 - - default default] Unable to schedule network 5a987752-1786-4b1a-91f4-a24dd690d7fd: no agents available; will retry on subsequent port and subnet creation events.
2026-06-06 06:22:02.114 7 INFO neutron.db.segments_db [None req-6de15cd0-9324-459e-bbe6-6c9e6b52855a 698313a3a7e848fc92a83e6b34312f2b 1aa6adb18a87443a851c92e0c6129b04 - - default default] Added segment 54b0b86d-023b-48b2-852a-5691cb06e054 of type geneve for network e81f3ecf-6b3d-4383-892a-0e3c7fd1e7f0
2026-06-06 06:22:02.204 7 INFO neutron.db.ovn_revision_numbers_db [None req-6de15cd0-9324-459e-bbe6-6c9e6b52855a 698313a3a7e848fc92a83e6b34312f2b 1aa6adb18a87443a851c92e0c6129b04 - - default default] Successfully bumped revision number for resource e81f3ecf-6b3d-4383-892a-0e3c7fd1e7f0 (type: networks) to 1
2026-06-06 06:22:02.353 7 WARNING neutron.scheduler.dhcp_agent_scheduler [None req-6de15cd0-9324-459e-bbe6-6c9e6b52855a 698313a3a7e848fc92a83e6b34312f2b 1aa6adb18a87443a851c92e0c6129b04 - - default default] No more DHCP agents
2026-06-06 06:22:02.354 7 WARNING neutron.api.rpc.agentnotifiers.dhcp_rpc_agent_api [None req-6de15cd0-9324-459e-bbe6-6c9e6b52855a 698313a3a7e848fc92a83e6b34312f2b 1aa6adb18a87443a851c92e0c6129b04 - - default default] Unable to schedule network e81f3ecf-6b3d-4383-892a-0e3c7fd1e7f0: no agents available; will retry on subsequent port and subnet creation events.
2026-06-06 06:22:02.455 7 INFO neutron.db.ovn_revision_numbers_db [None req-6de15cd0-9324-459e-bbe6-6c9e6b52855a 698313a3a7e848fc92a83e6b34312f2b 1aa6adb18a87443a851c92e0c6129b04 - - default default] Successfully bumped revision number for resource 6ae867e0-b6e5-4957-87e5-0e0fe7baf44a (type: ports) to 1 [pid: 7|app: 0|req: 1021/2045] 10.0.0.70 () {34 vars in 668 bytes} [Sat Jun 6 06:22:01 2026] POST /v2.0/networks => generated 632 bytes in 798 msecs (HTTP/1.1 201) 4 headers in 162 bytes (1 switches on core 0)
2026-06-06 06:22:02.520 8 INFO neutron.db.ovn_revision_numbers_db [None req-004ac1e3-28af-4583-a901-253fa4dc969f 32ea796778144039a9f180bd2772707b 66ce11fa15ae4fe3a7e8e5e37b608459 - - default default] Successfully bumped revision number for resource 1c294165-87de-4cd8-91f7-699436ed282e (type: router_ports) to 1 [pid: 7|app: 0|req: 1022/2047] 10.0.0.125 () {34 vars in 989 bytes} [Sat Jun 6 06:22:02 2026] GET /v2.0/ports?device_id=44650016-1113-4d9e-ace3-33b377c398c9 => generated 973 bytes in 42 msecs (HTTP/1.1 200) 4 headers in 157 bytes (1 switches on core 0) [pid: 8|app: 0|req: 1025/2047] 10.0.0.70 () {34 vars in 781 bytes} [Sat Jun 6 06:22:00 2026] PUT /v2.0/routers/9841750f-1e77-4f95-8fbb-1f005cf09649/add_router_interface => generated 309 bytes in 2327 msecs (HTTP/1.1 200) 4 headers in 157 bytes (1 switches on core 0) [pid: 7|app: 0|req: 1024/2050] 199.204.45.177 () {34 vars in 929 bytes} [Sat Jun 6 06:22:02 2026] GET /v2.0/networks?shared=True => generated 753 bytes in 52 msecs (HTTP/1.1 200) 4 headers in 157 bytes (1 switches on core 0)
2026-06-06 06:22:02.676 7 INFO neutron.db.segments_db [None req-d1177e24-352d-483b-9764-bb5c63f6af1a 698313a3a7e848fc92a83e6b34312f2b 1aa6adb18a87443a851c92e0c6129b04 - - default default] Added segment eb59d6cf-2bf9-408a-85b0-8d477d0fa17d of type geneve for network 82d26e4c-1a70-48f6-a371-101d04d3bf3f
2026-06-06 06:22:02.784 7 INFO neutron.db.ovn_revision_numbers_db [None req-d1177e24-352d-483b-9764-bb5c63f6af1a 698313a3a7e848fc92a83e6b34312f2b 1aa6adb18a87443a851c92e0c6129b04 - - default default] Successfully bumped revision number for resource 82d26e4c-1a70-48f6-a371-101d04d3bf3f (type: networks) to 1
2026-06-06 06:22:02.946 7 WARNING neutron.scheduler.dhcp_agent_scheduler [None req-d1177e24-352d-483b-9764-bb5c63f6af1a 698313a3a7e848fc92a83e6b34312f2b 1aa6adb18a87443a851c92e0c6129b04 - - default default] No more DHCP agents
2026-06-06 06:22:02.948 7 WARNING neutron.api.rpc.agentnotifiers.dhcp_rpc_agent_api [None req-d1177e24-352d-483b-9764-bb5c63f6af1a 698313a3a7e848fc92a83e6b34312f2b 1aa6adb18a87443a851c92e0c6129b04 - - default default] Unable to schedule network 82d26e4c-1a70-48f6-a371-101d04d3bf3f: no agents available; will retry on subsequent port and subnet creation events.
2026-06-06 06:22:03.031 7 INFO neutron.db.ovn_revision_numbers_db [None req-d1177e24-352d-483b-9764-bb5c63f6af1a 698313a3a7e848fc92a83e6b34312f2b 1aa6adb18a87443a851c92e0c6129b04 - - default default] Successfully bumped revision number for resource ad702aaa-9107-474d-a46c-6b47b0949b93 (type: ports) to 1 [pid: 7|app: 0|req: 1025/2051] 10.0.0.70 () {34 vars in 668 bytes} [Sat Jun 6 06:22:02 2026] POST /v2.0/networks => generated 631 bytes in 471 msecs (HTTP/1.1 201) 4 headers in 162 bytes (1 switches on core 0)
2026-06-06 06:22:03.175 8 WARNING neutron.scheduler.dhcp_agent_scheduler [None req-8db817f2-a9ec-4539-9eb1-f6e3ddb63d10 1f42eaf2ecbb4306bb40d9f59c88ebf5 33df2eaa69b14a22be67d5f3be5b89cc - - default default] No more DHCP agents
2026-06-06 06:22:03.177 8 WARNING neutron.api.rpc.agentnotifiers.dhcp_rpc_agent_api [None req-8db817f2-a9ec-4539-9eb1-f6e3ddb63d10 1f42eaf2ecbb4306bb40d9f59c88ebf5 33df2eaa69b14a22be67d5f3be5b89cc - - default default] Unable to schedule network 3ed7c796-1aca-4434-b173-0506172b0c0f: no agents available; will retry on subsequent port and subnet creation events.
2026-06-06 06:22:03.324 8 INFO neutron.db.ovn_revision_numbers_db [None req-8db817f2-a9ec-4539-9eb1-f6e3ddb63d10 1f42eaf2ecbb4306bb40d9f59c88ebf5 33df2eaa69b14a22be67d5f3be5b89cc - - default default] Successfully bumped revision number for resource 36c65ec3-504d-4d5c-9004-c40ce29845d2 (type: ports) to 1
2026-06-06 06:22:03.787 7 WARNING neutron.scheduler.dhcp_agent_scheduler [None req-93434831-6304-42f0-a76b-35552850ef69 - - - - - -] No more DHCP agents
2026-06-06 06:22:03.793 7 WARNING neutron.api.rpc.agentnotifiers.dhcp_rpc_agent_api [None req-93434831-6304-42f0-a76b-35552850ef69 - - - - - -] Unable to schedule network de02dab8-925b-4b18-bbd0-9f6f8ff3ee28: no agents available; will retry on subsequent port and subnet creation events.
2026-06-06 06:22:03.968 7 INFO neutron.db.ovn_revision_numbers_db [None req-93434831-6304-42f0-a76b-35552850ef69 - - - - - -] Successfully bumped revision number for resource 5cbab8dd-7292-4de1-8e06-1128c4e069b9 (type: ports) to 1
2026-06-06 06:22:04.174 8 WARNING neutron.scheduler.dhcp_agent_scheduler [None req-8db817f2-a9ec-4539-9eb1-f6e3ddb63d10 1f42eaf2ecbb4306bb40d9f59c88ebf5 33df2eaa69b14a22be67d5f3be5b89cc - - default default] No more DHCP agents
2026-06-06 06:22:04.176 8 WARNING neutron.api.rpc.agentnotifiers.dhcp_rpc_agent_api [None req-8db817f2-a9ec-4539-9eb1-f6e3ddb63d10 1f42eaf2ecbb4306bb40d9f59c88ebf5 33df2eaa69b14a22be67d5f3be5b89cc - - default default] Unable to schedule network 3ed7c796-1aca-4434-b173-0506172b0c0f: no agents available; will retry on subsequent port and subnet creation events.
2026-06-06 06:22:04.219 7 INFO neutron.db.ovn_revision_numbers_db [None req-93434831-6304-42f0-a76b-35552850ef69 - - - - - -] Successfully bumped revision number for resource 5cbab8dd-7292-4de1-8e06-1128c4e069b9 (type: ports) to 3
2026-06-06 06:22:04.282 7 INFO neutron.db.segments_db [None req-93434831-6304-42f0-a76b-35552850ef69 - - - - - -] Added segment f7144608-445b-4e65-bdf3-5716d075a832 of type geneve for network d382a1f8-efc3-4f24-9123-2a3566bafc13
2026-06-06 06:22:04.389 7 INFO neutron.db.ovn_revision_numbers_db [None req-cf245f96-e857-481f-b0e9-017067f56dc1 - - - - - -] Successfully bumped revision number for resource d382a1f8-efc3-4f24-9123-2a3566bafc13 (type: networks) to 1
2026-06-06 06:22:04.497 8 INFO neutron.db.ovn_revision_numbers_db [None req-8db817f2-a9ec-4539-9eb1-f6e3ddb63d10 1f42eaf2ecbb4306bb40d9f59c88ebf5 33df2eaa69b14a22be67d5f3be5b89cc - - default default] Successfully bumped revision number for resource 36c65ec3-504d-4d5c-9004-c40ce29845d2 (type: router_ports) to 1 [pid: 8|app: 0|req: 1027/2052] 10.0.0.70 () {34 vars in 781 bytes} [Sat Jun 6 06:22:02 2026] PUT /v2.0/routers/b2856625-0c76-4764-9b38-0a22edab3d49/add_router_interface => generated 309 bytes in 1973 msecs (HTTP/1.1 200) 4 headers in 157 bytes (1 switches on core 0) [pid: 8|app: 0|req: 1028/2053] 10.0.0.125 () {34 vars in 1039 bytes} [Sat Jun 6 06:22:04 2026] GET /v2.0/security-groups?id=b400cb57-9314-49bb-98a3-08accdb53471&fields=id&fields=name => generated 88 bytes in 27 msecs (HTTP/1.1 200) 4 headers in 156 bytes (1 switches on core 0)
2026-06-06 06:22:04.599 7 WARNING neutron.scheduler.dhcp_agent_scheduler [None req-cf245f96-e857-481f-b0e9-017067f56dc1 - - - - - -] No more DHCP agents
2026-06-06 06:22:04.600 7 WARNING neutron.api.rpc.agentnotifiers.dhcp_rpc_agent_api [None req-cf245f96-e857-481f-b0e9-017067f56dc1 - - - - - -] Unable to schedule network d382a1f8-efc3-4f24-9123-2a3566bafc13: no agents available; will retry on subsequent port and subnet creation events.
2026-06-06 06:22:04.615 8 INFO neutron.db.segments_db [None req-81acfc10-7b1b-4e08-be68-d117725bda93 698313a3a7e848fc92a83e6b34312f2b 1aa6adb18a87443a851c92e0c6129b04 - - default default] Added segment 42165117-1c37-4e8e-a237-038bc2606ae6 of type geneve for network 0750f951-bddf-4ec0-be34-e9fe2556b730
2026-06-06 06:22:04.677 7 INFO neutron.db.ovn_revision_numbers_db [None req-cf245f96-e857-481f-b0e9-017067f56dc1 - - - - - -] Successfully bumped revision number for resource 6b8d9aa2-ec3d-4b2a-8512-a264df17246b (type: ports) to 1
2026-06-06 06:22:04.724 8 INFO neutron.db.ovn_revision_numbers_db [None req-81acfc10-7b1b-4e08-be68-d117725bda93 698313a3a7e848fc92a83e6b34312f2b 1aa6adb18a87443a851c92e0c6129b04 - - default default] Successfully bumped revision number for resource 0750f951-bddf-4ec0-be34-e9fe2556b730 (type: networks) to 1
2026-06-06 06:22:04.823 7 WARNING neutron.scheduler.dhcp_agent_scheduler [None req-cf245f96-e857-481f-b0e9-017067f56dc1 - - - - - -] No more DHCP agents
2026-06-06 06:22:04.824 7 WARNING neutron.api.rpc.agentnotifiers.dhcp_rpc_agent_api [None req-cf245f96-e857-481f-b0e9-017067f56dc1 - - - - - -] Unable to schedule network d382a1f8-efc3-4f24-9123-2a3566bafc13: no agents available; will retry on subsequent port and subnet creation events.
2026-06-06 06:22:04.858 7 INFO neutron.db.ovn_revision_numbers_db [None req-cf245f96-e857-481f-b0e9-017067f56dc1 - - - - - -] Successfully bumped revision number for resource b346debc-2f53-4ea3-8f34-ea09d214706d (type: subnets) to 0
2026-06-06 06:22:04.926 8 WARNING neutron.scheduler.dhcp_agent_scheduler [None req-81acfc10-7b1b-4e08-be68-d117725bda93 698313a3a7e848fc92a83e6b34312f2b 1aa6adb18a87443a851c92e0c6129b04 - - default default] No more DHCP agents
2026-06-06 06:22:04.928 8 WARNING neutron.api.rpc.agentnotifiers.dhcp_rpc_agent_api [None req-81acfc10-7b1b-4e08-be68-d117725bda93 698313a3a7e848fc92a83e6b34312f2b 1aa6adb18a87443a851c92e0c6129b04 - - default default] Unable to schedule network 0750f951-bddf-4ec0-be34-e9fe2556b730: no agents available; will retry on subsequent port and subnet creation events.
2026-06-06 06:22:05.018 8 INFO neutron.db.ovn_revision_numbers_db [None req-81acfc10-7b1b-4e08-be68-d117725bda93 698313a3a7e848fc92a83e6b34312f2b 1aa6adb18a87443a851c92e0c6129b04 - - default default] Successfully bumped revision number for resource f41a0f17-770e-4bf1-ba23-b27cc63b340d (type: ports) to 1 [pid: 8|app: 0|req: 1029/2054] 10.0.0.70 () {34 vars in 668 bytes} [Sat Jun 6 06:22:04 2026] POST /v2.0/networks => generated 632 bytes in 512 msecs (HTTP/1.1 201) 4 headers in 162 bytes (1 switches on core 0) [pid: 8|app: 0|req: 1030/2055] 199.204.45.177 () {34 vars in 1079 bytes} [Sat Jun 6 06:22:05 2026] GET /v2.0/ports?tenant_id=b0c307f7bdb949f39309a55c03cd970a&device_id=44650016-1113-4d9e-ace3-33b377c398c9 => generated 1211 bytes in 33 msecs (HTTP/1.1 200) 4 headers in 158 bytes (1 switches on core 0)
2026-06-06 06:22:05.189 8 INFO neutron.db.ovn_revision_numbers_db [None req-eb092a92-6c55-4a90-b6ce-408241215869 1f42eaf2ecbb4306bb40d9f59c88ebf5 33df2eaa69b14a22be67d5f3be5b89cc - - default default] Successfully bumped revision number for resource bd421fe6-da67-4f42-ad02-6a5ce03b0ca1 (type: security_groups) to 1
2026-06-06 06:22:05.200 8 INFO neutron.db.ovn_revision_numbers_db [None req-eb092a92-6c55-4a90-b6ce-408241215869 1f42eaf2ecbb4306bb40d9f59c88ebf5 33df2eaa69b14a22be67d5f3be5b89cc - - default default] Successfully bumped revision number for resource a6b4627f-06ff-46f2-9f65-07cac00d0cbc (type: security_group_rules) to 0
2026-06-06 06:22:05.211 8 INFO neutron.db.ovn_revision_numbers_db [None req-eb092a92-6c55-4a90-b6ce-408241215869 1f42eaf2ecbb4306bb40d9f59c88ebf5 33df2eaa69b14a22be67d5f3be5b89cc - - default default] Successfully bumped revision number for resource eba8034f-e821-4d8e-a8ea-c9e45be635c7 (type: security_group_rules) to 0
2026-06-06 06:22:05.212 7 WARNING neutron.scheduler.dhcp_agent_scheduler [None req-cf245f96-e857-481f-b0e9-017067f56dc1 - - - - - -] No more DHCP agents
2026-06-06 06:22:05.214 7 WARNING neutron.api.rpc.agentnotifiers.dhcp_rpc_agent_api [None req-cf245f96-e857-481f-b0e9-017067f56dc1 - - - - - -] Unable to schedule network d382a1f8-efc3-4f24-9123-2a3566bafc13: no agents available; will retry on subsequent port and subnet creation events. [pid: 8|app: 0|req: 1031/2056] 10.0.0.70 () {34 vars in 682 bytes} [Sat Jun 6 06:22:05 2026] POST /v2.0/security-groups => generated 1628 bytes in 170 msecs (HTTP/1.1 201) 4 headers in 163 bytes (1 switches on core 0)
2026-06-06 06:22:05.334 8 INFO neutron.db.segments_db [None req-ba4127dc-c0e4-4eed-9387-7bc868475bb9 698313a3a7e848fc92a83e6b34312f2b 1aa6adb18a87443a851c92e0c6129b04 - - default default] Added segment d178982c-7812-489e-a3bb-52e6e1286dcf of type geneve for network 1058e3af-0cf9-4eab-8063-9f00156cf5b3
2026-06-06 06:22:05.361 7 INFO neutron.db.ovn_revision_numbers_db [None req-cf245f96-e857-481f-b0e9-017067f56dc1 - - - - - -] Successfully bumped revision number for resource ad2d08fe-2930-491c-b932-ecdb84db07af (type: ports) to 1
2026-06-06 06:22:05.440 8 INFO neutron.db.ovn_revision_numbers_db [None req-ba4127dc-c0e4-4eed-9387-7bc868475bb9 698313a3a7e848fc92a83e6b34312f2b 1aa6adb18a87443a851c92e0c6129b04 - - default default] Successfully bumped revision number for resource 1058e3af-0cf9-4eab-8063-9f00156cf5b3 (type: networks) to 1
2026-06-06 06:22:05.559 8 WARNING neutron.plugins.ml2.drivers.ovn.mech_driver.ovsdb.ovn_client [None req-d9e7e6d6-c675-4479-8119-b3d0dd252af6 - - - - - -] No hosting information found for port 3e691a98-81a9-4999-9d73-2b47f36cc87c: RuntimeError: No hosting information found for port 3e691a98-81a9-4999-9d73-2b47f36cc87c
2026-06-06 06:22:05.560 8 INFO neutron.plugins.ml2.drivers.ovn.mech_driver.mech_driver [None req-d9e7e6d6-c675-4479-8119-b3d0dd252af6 - - - - - -] OVN reports status down for port: 64ea21f7-3c89-4729-b951-7cb3eca92c4b
2026-06-06 06:22:05.655 8 WARNING neutron.plugins.ml2.drivers.ovn.mech_driver.ovsdb.ovn_client [None req-d9e7e6d6-c675-4479-8119-b3d0dd252af6 - - - - - -] Logical_Switch_Port 64ea21f7-3c89-4729-b951-7cb3eca92c4b host information not removed, the port state is up
2026-06-06 06:22:05.671 8 WARNING neutron.scheduler.dhcp_agent_scheduler [None req-ba4127dc-c0e4-4eed-9387-7bc868475bb9 698313a3a7e848fc92a83e6b34312f2b 1aa6adb18a87443a851c92e0c6129b04 - - default default] No more DHCP agents
2026-06-06 06:22:05.674 8 WARNING neutron.api.rpc.agentnotifiers.dhcp_rpc_agent_api [None req-ba4127dc-c0e4-4eed-9387-7bc868475bb9 698313a3a7e848fc92a83e6b34312f2b 1aa6adb18a87443a851c92e0c6129b04 - - default default] Unable to schedule network 1058e3af-0cf9-4eab-8063-9f00156cf5b3: no agents available; will retry on subsequent port and subnet creation events.
2026-06-06 06:22:05.799 8 INFO neutron.db.ovn_revision_numbers_db [None req-d9e7e6d6-c675-4479-8119-b3d0dd252af6 - - - - - -] Successfully bumped revision number for resource 3e691a98-81a9-4999-9d73-2b47f36cc87c (type: router_ports) to 2
2026-06-06 06:22:05.841 8 INFO neutron.db.ovn_revision_numbers_db [None req-ba4127dc-c0e4-4eed-9387-7bc868475bb9 698313a3a7e848fc92a83e6b34312f2b 1aa6adb18a87443a851c92e0c6129b04 - - default default] Successfully bumped revision number for resource f0711f96-db8d-4b24-83a0-d34bf531e4a3 (type: ports) to 1
2026-06-06 06:22:05.872 8 INFO neutron.plugins.ml2.drivers.ovn.mech_driver.mech_driver [None req-d9e7e6d6-c675-4479-8119-b3d0dd252af6 - - - - - -] OVN reports status up for port: 64ea21f7-3c89-4729-b951-7cb3eca92c4b [pid: 8|app: 0|req: 1032/2057] 10.0.0.70 () {34 vars in 668 bytes} [Sat Jun 6 06:22:05 2026] POST /v2.0/networks => generated 632 bytes in 634 msecs (HTTP/1.1 201) 4 headers in 162 bytes (1 switches on core 0)
2026-06-06 06:22:05.889 8 INFO neutron.plugins.ml2.plugin [None req-d9e7e6d6-c675-4479-8119-b3d0dd252af6 - - - - - -] Attempt 1 to provision port 64ea21f7-3c89-4729-b951-7cb3eca92c4b [pid: 8|app: 0|req: 1033/2058] 199.204.45.177 () {34 vars in 1059 bytes} [Sat Jun 6 06:22:05 2026] GET /v2.0/floatingips?fixed_ip_address=10.100.0.14&port_id=98ceea32-454f-4288-aacd-1f7ac186769b => generated 19 bytes in 32 msecs (HTTP/1.1 200) 4 headers in 156 bytes (1 switches on core 0)
2026-06-06 06:22:06.003 7 WARNING neutron.scheduler.dhcp_agent_scheduler [None req-cf245f96-e857-481f-b0e9-017067f56dc1 - - - - - -] No more DHCP agents
2026-06-06 06:22:06.004 7 WARNING neutron.api.rpc.agentnotifiers.dhcp_rpc_agent_api [None req-cf245f96-e857-481f-b0e9-017067f56dc1 - - - - - -] Unable to schedule network d382a1f8-efc3-4f24-9123-2a3566bafc13: no agents available; will retry on subsequent port and subnet creation events.
2026-06-06 06:22:06.083 8 INFO neutron.db.ovn_revision_numbers_db [None req-94e974ee-d50e-42fa-871a-67df39930dbe 1f42eaf2ecbb4306bb40d9f59c88ebf5 33df2eaa69b14a22be67d5f3be5b89cc - - default default] Successfully bumped revision number for resource 58e2fcc1-8dc7-4d4f-84ba-c5dbdb8a942a (type: security_group_rules) to 0 [pid: 8|app: 0|req: 1034/2059] 10.0.0.70 () {34 vars in 693 bytes} [Sat Jun 6 06:22:05 2026] POST /v2.0/security-group-rules => generated 597 bytes in 199 msecs (HTTP/1.1 201) 4 headers in 162 bytes (1 switches on core 0) [pid: 8|app: 0|req: 1035/2060] 10.0.0.125 () {34 vars in 989 bytes} [Sat Jun 6 06:22:06 2026] GET /v2.0/ports?device_id=44650016-1113-4d9e-ace3-33b377c398c9 => generated 973 bytes in 59 msecs (HTTP/1.1 200) 4 headers in 157 bytes (1 switches on core 0)
2026-06-06 06:22:06.252 8 INFO neutron.db.segments_db [None req-f8c4cda7-f9bd-4063-be05-6de3b5f5d53b 698313a3a7e848fc92a83e6b34312f2b 1aa6adb18a87443a851c92e0c6129b04 - - default default] Added segment d68bf966-e997-4f1b-8840-09b818ccc271 of type geneve for network 697d4735-836f-4cbf-bd22-b92a35d9a238
2026-06-06 06:22:06.342 7 WARNING neutron.plugins.ml2.drivers.ovn.mech_driver.ovsdb.ovn_client [None req-c988b62a-0361-4416-bedd-2325002935a1 - - - - - -] No hosting information found for port fe4f1424-ce5b-4067-8acc-441b13599813: RuntimeError: No hosting information found for port fe4f1424-ce5b-4067-8acc-441b13599813
2026-06-06 06:22:06.360 8 INFO neutron.db.ovn_revision_numbers_db [None req-f8c4cda7-f9bd-4063-be05-6de3b5f5d53b 698313a3a7e848fc92a83e6b34312f2b 1aa6adb18a87443a851c92e0c6129b04 - - default default] Successfully bumped revision number for resource 697d4735-836f-4cbf-bd22-b92a35d9a238 (type: networks) to 1
2026-06-06 06:22:06.503 7 INFO neutron.db.ovn_revision_numbers_db [None req-cf245f96-e857-481f-b0e9-017067f56dc1 - - - - - -] Successfully bumped revision number for resource ad2d08fe-2930-491c-b932-ecdb84db07af (type: router_ports) to 1
2026-06-06 06:22:06.508 7 INFO neutron.db.ovn_revision_numbers_db [None req-c988b62a-0361-4416-bedd-2325002935a1 - - - - - -] Successfully bumped revision number for resource fe4f1424-ce5b-4067-8acc-441b13599813 (type: router_ports) to 2
2026-06-06 06:22:06.509 7 INFO neutron.plugins.ml2.drivers.ovn.mech_driver.mech_driver [None req-c988b62a-0361-4416-bedd-2325002935a1 - - - - - -] OVN reports status down for port: 6ae867e0-b6e5-4957-87e5-0e0fe7baf44a
2026-06-06 06:22:06.548 8 WARNING neutron.scheduler.dhcp_agent_scheduler [None req-f8c4cda7-f9bd-4063-be05-6de3b5f5d53b 698313a3a7e848fc92a83e6b34312f2b 1aa6adb18a87443a851c92e0c6129b04 - - default default] No more DHCP agents
2026-06-06 06:22:06.550 8 WARNING neutron.api.rpc.agentnotifiers.dhcp_rpc_agent_api [None req-f8c4cda7-f9bd-4063-be05-6de3b5f5d53b 698313a3a7e848fc92a83e6b34312f2b 1aa6adb18a87443a851c92e0c6129b04 - - default default] Unable to schedule network 697d4735-836f-4cbf-bd22-b92a35d9a238: no agents available; will retry on subsequent port and subnet creation events.
2026-06-06 06:22:06.620 8 INFO neutron.db.ovn_revision_numbers_db [None req-f8c4cda7-f9bd-4063-be05-6de3b5f5d53b 698313a3a7e848fc92a83e6b34312f2b 1aa6adb18a87443a851c92e0c6129b04 - - default default] Successfully bumped revision number for resource c328b9f5-8450-4c76-b3da-3cc9c279ffa9 (type: ports) to 1 [pid: 8|app: 0|req: 1036/2061] 10.0.0.70 () {34 vars in 668 bytes} [Sat Jun 6 06:22:06 2026] POST /v2.0/networks => generated 631 bytes in 467 msecs (HTTP/1.1 201) 4 headers in 162 bytes (1 switches on core 0) [pid: 8|app: 0|req: 1037/2062] 199.204.45.177 () {34 vars in 983 bytes} [Sat Jun 6 06:22:06 2026] GET /v2.0/subnets?id=dda284f1-bd8a-423d-a501-d6bc43c7ac02 => generated 696 bytes in 22 msecs (HTTP/1.1 200) 4 headers in 157 bytes (1 switches on core 0)
2026-06-06 06:22:06.668 7 INFO neutron.plugins.ml2.drivers.ovn.mech_driver.mech_driver [None req-c988b62a-0361-4416-bedd-2325002935a1 - - - - - -] OVN reports status down for port: 36c65ec3-504d-4d5c-9004-c40ce29845d2
2026-06-06 06:22:06.785 8 INFO neutron.db.ovn_revision_numbers_db [None req-8bb450a3-6a72-4e62-a76d-5312566633af 1f42eaf2ecbb4306bb40d9f59c88ebf5 33df2eaa69b14a22be67d5f3be5b89cc - - default default] Successfully bumped revision number for resource 7f66761c-0ca0-4d46-af23-5272880de2c2 (type: security_group_rules) to 0
2026-06-06 06:22:06.798 7 WARNING neutron.plugins.ml2.drivers.ovn.mech_driver.ovsdb.ovn_client [None req-c988b62a-0361-4416-bedd-2325002935a1 - - - - - -] Logical_Switch_Port 36c65ec3-504d-4d5c-9004-c40ce29845d2 host information not removed, the port state is up
2026-06-06 06:22:06.798 7 INFO neutron.plugins.ml2.drivers.ovn.mech_driver.mech_driver [None req-c988b62a-0361-4416-bedd-2325002935a1 - - - - - -] OVN reports status up for port: 36c65ec3-504d-4d5c-9004-c40ce29845d2 [pid: 8|app: 0|req: 1038/2063] 10.0.0.70 () {34 vars in 693 bytes} [Sat Jun 6 06:22:06 2026] POST /v2.0/security-group-rules => generated 597 bytes in 155 msecs (HTTP/1.1 201) 4 headers in 162 bytes (1 switches on core 0)
2026-06-06 06:22:06.825 7 INFO neutron.plugins.ml2.plugin [None req-c988b62a-0361-4416-bedd-2325002935a1 - - - - - -] Attempt 1 to provision port 36c65ec3-504d-4d5c-9004-c40ce29845d2 [pid: 8|app: 0|req: 1039/2064] 10.0.0.125 () {34 vars in 1039 bytes} [Sat Jun 6 06:22:06 2026] GET /v2.0/security-groups?id=b400cb57-9314-49bb-98a3-08accdb53471&fields=id&fields=name => generated 88 bytes in 35 msecs (HTTP/1.1 200) 4 headers in 156 bytes (1 switches on core 0) [pid: 8|app: 0|req: 1040/2065] 10.0.0.70 () {34 vars in 751 bytes} [Sat Jun 6 06:22:06 2026] PUT /v2.0/networks/e81f3ecf-6b3d-4383-892a-0e3c7fd1e7f0/tags => generated 17 bytes in 58 msecs (HTTP/1.1 200) 4 headers in 156 bytes (1 switches on core 0) [pid: 8|app: 0|req: 1041/2066] 199.204.45.177 () {34 vars in 1051 bytes} [Sat Jun 6 06:22:06 2026] GET /v2.0/ports?network_id=16b645c1-9246-461e-88a2-a2a7ef6b7bc9&device_owner=network%3Adhcp => generated 12 bytes in 19 msecs (HTTP/1.1 200) 4 headers in 156 bytes (1 switches on core 0)
2026-06-06 06:22:06.934 7 WARNING neutron.scheduler.dhcp_agent_scheduler [None req-cf245f96-e857-481f-b0e9-017067f56dc1 - - - - - -] No more DHCP agents
2026-06-06 06:22:06.937 7 WARNING neutron.api.rpc.agentnotifiers.dhcp_rpc_agent_api [None req-cf245f96-e857-481f-b0e9-017067f56dc1 - - - - - -] Unable to schedule network d382a1f8-efc3-4f24-9123-2a3566bafc13: no agents available; will retry on subsequent port and subnet creation events.
2026-06-06 06:22:07.071 8 INFO neutron.db.ovn_revision_numbers_db [None req-01ecf574-31d5-41ef-be89-c0758b56ecbd 1f42eaf2ecbb4306bb40d9f59c88ebf5 33df2eaa69b14a22be67d5f3be5b89cc - - default default] Successfully bumped revision number for resource 6ef17534-ea3d-4da9-9956-ef78ff2decea (type: security_group_rules) to 0 [pid: 8|app: 0|req: 1042/2067] 10.0.0.70 () {34 vars in 693 bytes} [Sat Jun 6 06:22:06 2026] POST /v2.0/security-group-rules => generated 599 bytes in 168 msecs (HTTP/1.1 201) 4 headers in 162 bytes (1 switches on core 0) [pid: 8|app: 0|req: 1043/2068] 10.0.0.70 () {34 vars in 751 bytes} [Sat Jun 6 06:22:07 2026] PUT /v2.0/networks/82d26e4c-1a70-48f6-a371-101d04d3bf3f/tags => generated 25 bytes in 69 msecs (HTTP/1.1 200) 4 headers in 156 bytes (1 switches on core 0)
2026-06-06 06:22:07.189 7 INFO neutron.db.ovn_revision_numbers_db [None req-cf245f96-e857-481f-b0e9-017067f56dc1 - - - - - -] Successfully bumped revision number for resource 08149ffc-2f95-4c5f-b352-8f58f2210e29 (type: ports) to 1 [pid: 8|app: 0|req: 1044/2069] 199.204.45.177 () {34 vars in 1011 bytes} [Sat Jun 6 06:22:07 2026] GET /v2.0/networks/16b645c1-9246-461e-88a2-a2a7ef6b7bc9?fields=segments => generated 14 bytes in 41 msecs (HTTP/1.1 200) 4 headers in 156 bytes (1 switches on core 0)
2026-06-06 06:22:07.370 8 INFO neutron.db.ovn_revision_numbers_db [None req-aa6dd9e8-8320-42ff-8658-ec4b2467814b 1f42eaf2ecbb4306bb40d9f59c88ebf5 33df2eaa69b14a22be67d5f3be5b89cc - - default default] Successfully bumped revision number for resource e08611dc-6924-4ab3-bd99-f9d66e0aa728 (type: security_group_rules) to 0 [pid: 8|app: 0|req: 1045/2070] 10.0.0.70 () {34 vars in 693 bytes} [Sat Jun 6 06:22:07 2026] POST /v2.0/security-group-rules => generated 601 bytes in 186 msecs (HTTP/1.1 201) 4 headers in 162 bytes (1 switches on core 0) [pid: 8|app: 0|req: 1046/2071] 10.0.0.70 () {34 vars in 751 bytes} [Sat Jun 6 06:22:07 2026] PUT /v2.0/networks/0750f951-bddf-4ec0-be34-e9fe2556b730/tags => generated 34 bytes in 63 msecs (HTTP/1.1 200) 4 headers in 156 bytes (1 switches on core 0) [pid: 8|app: 0|req: 1047/2072] 199.204.45.177 () {34 vars in 1111 bytes} [Sat Jun 6 06:22:07 2026] GET /v2.0/networks/16b645c1-9246-461e-88a2-a2a7ef6b7bc9?fields=provider%3Aphysical_network&fields=provider%3Anetwork_type => generated 79 bytes in 44 msecs (HTTP/1.1 200) 4 headers in 156 bytes (1 switches on core 0)
2026-06-06 06:22:07.599 7 INFO neutron.db.ovn_revision_numbers_db [None req-c988b62a-0361-4416-bedd-2325002935a1 - - - - - -] Successfully bumped revision number for resource 36c65ec3-504d-4d5c-9004-c40ce29845d2 (type: ports) to 2
2026-06-06 06:22:07.659 8 INFO neutron.db.ovn_revision_numbers_db [None req-80da8583-8c21-4db0-8813-bf84b56adaf3 1f42eaf2ecbb4306bb40d9f59c88ebf5 33df2eaa69b14a22be67d5f3be5b89cc - - default default] Successfully bumped revision number for resource a7de2b90-1968-4e67-b3d0-b51a8a926653 (type: security_group_rules) to 0
2026-06-06 06:22:07.676 7 INFO neutron.db.ovn_revision_numbers_db [None req-cf245f96-e857-481f-b0e9-017067f56dc1 - - - - - -] Successfully bumped revision number for resource 08149ffc-2f95-4c5f-b352-8f58f2210e29 (type: ports) to 3 [pid: 8|app: 0|req: 1048/2073] 10.0.0.70 () {34 vars in 693 bytes} [Sat Jun 6 06:22:07 2026] POST /v2.0/security-group-rules => generated 601 bytes in 183 msecs (HTTP/1.1 201) 4 headers in 162 bytes (1 switches on core 0) [pid: 8|app: 0|req: 1049/2074] 10.0.0.70 () {34 vars in 751 bytes} [Sat Jun 6 06:22:07 2026] PUT /v2.0/networks/1058e3af-0cf9-4eab-8063-9f00156cf5b3/tags => generated 19 bytes in 52 msecs (HTTP/1.1 200) 4 headers in 156 bytes (1 switches on core 0)
2026-06-06 06:22:07.907 8 INFO neutron.db.ovn_revision_numbers_db [None req-ab5c5a35-ad3e-45ab-980f-281fd5053e1d 1f42eaf2ecbb4306bb40d9f59c88ebf5 33df2eaa69b14a22be67d5f3be5b89cc - - default default] Successfully bumped revision number for resource c079c442-6742-4a7e-aa81-75002f133720 (type: security_group_rules) to 0 [pid: 8|app: 0|req: 1050/2075] 10.0.0.70 () {34 vars in 693 bytes} [Sat Jun 6 06:22:07 2026] POST /v2.0/security-group-rules => generated 597 bytes in 193 msecs (HTTP/1.1 201) 4 headers in 162 bytes (1 switches on core 0) [pid: 8|app: 0|req: 1051/2076] 10.0.0.70 () {32 vars in 664 bytes} [Sat Jun 6 06:22:07 2026] GET /v2.0/networks?tags=red => generated 1874 bytes in 47 msecs (HTTP/1.1 200) 4 headers in 158 bytes (1 switches on core 0) [pid: 8|app: 0|req: 1052/2077] 10.0.0.125 () {34 vars in 989 bytes} [Sat Jun 6 06:22:07 2026] GET /v2.0/ports?device_id=44650016-1113-4d9e-ace3-33b377c398c9 => generated 973 bytes in 27 msecs (HTTP/1.1 200) 4 headers in 157 bytes (1 switches on core 0)
2026-06-06 06:22:08.170 8 INFO neutron.db.ovn_revision_numbers_db [None req-edee5483-a7db-4da9-8296-ed5cc0feb12d 1f42eaf2ecbb4306bb40d9f59c88ebf5 33df2eaa69b14a22be67d5f3be5b89cc - - default default] Successfully bumped revision number for resource b449baf8-392b-41bd-8b8b-1dd08a5e4531 (type: security_group_rules) to 0 [pid: 8|app: 0|req: 1053/2078] 10.0.0.70 () {34 vars in 693 bytes} [Sat Jun 6 06:22:08 2026] POST /v2.0/security-group-rules => generated 597 bytes in 196 msecs (HTTP/1.1 201) 4 headers in 162 bytes (1 switches on core 0) [pid: 8|app: 0|req: 1054/2079] 10.0.0.70 () {32 vars in 678 bytes} [Sat Jun 6 06:22:08 2026] GET /v2.0/networks?tags=red%2Cblue => generated 1261 bytes in 48 msecs (HTTP/1.1 200) 4 headers in 158 bytes (1 switches on core 0) [pid: 8|app: 0|req: 1055/2080] 10.0.0.125 () {34 vars in 1039 bytes} [Sat Jun 6 06:22:08 2026] GET /v2.0/security-groups?id=b400cb57-9314-49bb-98a3-08accdb53471&fields=id&fields=name => generated 88 bytes in 26 msecs (HTTP/1.1 200) 4 headers in 156 bytes (1 switches on core 0) [pid: 7|app: 0|req: 1026/2081] 10.0.0.70 () {34 vars in 683 bytes} [Sat Jun 6 06:22:03 2026] POST /v2.0/vpn/vpnservices => generated 458 bytes in 5382 msecs (HTTP/1.1 201) 4 headers in 162 bytes (1 switches on core 0)
2026-06-06 06:22:08.443 8 INFO neutron.db.ovn_revision_numbers_db [None req-0a271d97-4d70-4b0a-92db-00332199dfc5 1f42eaf2ecbb4306bb40d9f59c88ebf5 33df2eaa69b14a22be67d5f3be5b89cc - - default default] Successfully bumped revision number for resource c643cec2-1db8-4849-a63c-93c443a159c9 (type: security_group_rules) to 0 [pid: 8|app: 0|req: 1056/2082] 10.0.0.70 () {34 vars in 693 bytes} [Sat Jun 6 06:22:08 2026] POST /v2.0/security-group-rules => generated 597 bytes in 187 msecs (HTTP/1.1 201) 4 headers in 162 bytes (1 switches on core 0) [pid: 7|app: 0|req: 1027/2083] 10.0.0.70 () {32 vars in 674 bytes} [Sat Jun 6 06:22:08 2026] GET /v2.0/networks?tags-any=blue => generated 1261 bytes in 51 msecs (HTTP/1.1 200) 4 headers in 158 bytes (1 switches on core 0)
