2026-06-06 06:22:25.627 7 WARNING neutron.plugins.ml2.drivers.ovn.mech_driver.ovsdb.ovn_client [None req-0269c3b9-efbe-4adc-938f-4238cc94ad09 - - - - - -] Logical_Switch_Port 6763a7be-1d99-4b10-bf81-c697eb1ed560 host information not removed, the port state is up
2026-06-06 06:22:25.627 7 INFO neutron.plugins.ml2.drivers.ovn.mech_driver.mech_driver [None req-0269c3b9-efbe-4adc-938f-4238cc94ad09 - - - - - -] OVN reports status up for port: f02ad1f2-ea35-49e6-984e-945090ebb160 [pid: 7|app: 0|req: 1108/2242] 10.0.0.70 () {32 vars in 669 bytes} [Sat Jun 6 06:22:25 2026] GET /v2.0/vpn/endpoint-groups => generated 633 bytes in 26 msecs (HTTP/1.1 200) 4 headers in 157 bytes (1 switches on core 0)
2026-06-06 06:22:25.657 7 INFO neutron.plugins.ml2.plugin [None req-0269c3b9-efbe-4adc-938f-4238cc94ad09 - - - - - -] Attempt 1 to provision port f02ad1f2-ea35-49e6-984e-945090ebb160
2026-06-06 06:22:25.673 7 INFO neutron.notifiers.nova [-] Nova event matching ['req-fe14bfb9-0da1-43b8-ad2f-537b0272eeef'] response: {'server_uuid': 'c93428cf-f364-4396-9ee2-6a4c148d2295', 'name': 'network-vif-unplugged', 'status': 'completed', 'tag': '6763a7be-1d99-4b10-bf81-c697eb1ed560', 'code': 200} [pid: 8|app: 0|req: 1135/2243] 10.0.0.70 () {32 vars in 718 bytes} [Sat Jun 6 06:22:25 2026] DELETE /v2.0/ports/896bd6a8-d5b5-466e-9af0-57c9b7ea51ec => generated 0 bytes in 247 msecs (HTTP/1.1 204) 3 headers in 131 bytes (1 switches on core 0)
2026-06-06 06:22:25.864 8 INFO neutron_taas.services.taas.taas_plugin [None req-33a325ce-e23f-4393-8985-982378fdc190 06f448ab815346eab4c59849253a9ba6 a25a711b6cd740128572d5c76d2d63d1 - - default default] TaaS: Handle Delete Port: 1050a6c6-651d-4d0b-a9a1-2e585da7343f
2026-06-06 06:22:25.868 8 INFO neutron_taas.services.taas.tap_mirror_plugin [None req-33a325ce-e23f-4393-8985-982378fdc190 06f448ab815346eab4c59849253a9ba6 a25a711b6cd740128572d5c76d2d63d1 - - default default] Tap Mirror: Handle Delete Port: 1050a6c6-651d-4d0b-a9a1-2e585da7343f [pid: 8|app: 0|req: 1136/2244] 10.0.0.70 () {32 vars in 718 bytes} [Sat Jun 6 06:22:25 2026] DELETE /v2.0/ports/1050a6c6-651d-4d0b-a9a1-2e585da7343f => generated 0 bytes in 250 msecs (HTTP/1.1 204) 3 headers in 131 bytes (1 switches on core 0)
2026-06-06 06:22:26.112 8 INFO neutron_taas.services.taas.taas_plugin [None req-131072f9-78c1-447f-a4f5-1e3f572613e4 06f448ab815346eab4c59849253a9ba6 a25a711b6cd740128572d5c76d2d63d1 - - default default] TaaS: Handle Delete Port: ac60afc9-f690-4f70-833a-069f64bd0468
2026-06-06 06:22:26.114 8 INFO neutron_taas.services.taas.tap_mirror_plugin [None req-131072f9-78c1-447f-a4f5-1e3f572613e4 06f448ab815346eab4c59849253a9ba6 a25a711b6cd740128572d5c76d2d63d1 - - default default] Tap Mirror: Handle Delete Port: ac60afc9-f690-4f70-833a-069f64bd0468 [pid: 8|app: 0|req: 1137/2245] 10.0.0.70 () {32 vars in 718 bytes} [Sat Jun 6 06:22:25 2026] DELETE /v2.0/ports/ac60afc9-f690-4f70-833a-069f64bd0468 => generated 0 bytes in 236 msecs (HTTP/1.1 204) 3 headers in 131 bytes (1 switches on core 0)
2026-06-06 06:22:26.363 8 INFO neutron_taas.services.taas.taas_plugin [None req-248e3651-5a90-42fc-ad48-e3ec32f525ae 06f448ab815346eab4c59849253a9ba6 a25a711b6cd740128572d5c76d2d63d1 - - default default] TaaS: Handle Delete Port: 7085b8f9-9f70-4f49-ba81-f2eb035893c4
2026-06-06 06:22:26.366 8 INFO neutron_taas.services.taas.tap_mirror_plugin [None req-248e3651-5a90-42fc-ad48-e3ec32f525ae 06f448ab815346eab4c59849253a9ba6 a25a711b6cd740128572d5c76d2d63d1 - - default default] Tap Mirror: Handle Delete Port: 7085b8f9-9f70-4f49-ba81-f2eb035893c4
2026-06-06 06:22:26.474 7 INFO neutron.db.ovn_revision_numbers_db [None req-0269c3b9-efbe-4adc-938f-4238cc94ad09 - - - - - -] Successfully bumped revision number for resource f02ad1f2-ea35-49e6-984e-945090ebb160 (type: ports) to 2
2026-06-06 06:22:26.539 8 INFO neutron.services.segments.plugin [-] Segment 4452dd26-7b5e-4881-afc8-bc01f64ce652 resource provider aggregate not found
2026-06-06 06:22:26.544 8 INFO neutron.services.segments.plugin [-] Segment 4452dd26-7b5e-4881-afc8-bc01f64ce652 resource provider aggregate not found
2026-06-06 06:22:26.561 8 INFO neutron.services.segments.plugin [-] Segment 4452dd26-7b5e-4881-afc8-bc01f64ce652 resource provider not found; error: Placement Client Error (4xx): {"errors": [{"status": 404, "title": "Not Found", "detail": "The resource could not be found.\n\n No resource provider with uuid 4452dd26-7b5e-4881-afc8-bc01f64ce652 found for delete ", "request_id": "req-10978b43-28c6-4d54-b6fe-9bacd1c3d5dd"}]}
2026-06-06 06:22:26.564 8 INFO neutron.services.segments.plugin [-] Segment 4452dd26-7b5e-4881-afc8-bc01f64ce652 resource provider not found; error: Placement Client Error (4xx): {"errors": [{"status": 404, "title": "Not Found", "detail": "The resource could not be found.\n\n No resource provider with uuid 4452dd26-7b5e-4881-afc8-bc01f64ce652 found for delete ", "request_id": "req-305a7dab-10c4-4875-a9fd-b17fd1612453"}]} [pid: 8|app: 0|req: 1138/2246] 10.0.0.70 () {32 vars in 724 bytes} [Sat Jun 6 06:22:26 2026] DELETE /v2.0/networks/a3eb557e-7edb-4512-8bb2-ae2a5f97de47 => generated 0 bytes in 345 msecs (HTTP/1.1 204) 3 headers in 131 bytes (1 switches on core 0)
2026-06-06 06:22:26.703 8 INFO neutron_taas.services.taas.taas_plugin [None req-1da47dfb-1844-4d2c-b884-da199c2fe4f4 06f448ab815346eab4c59849253a9ba6 a25a711b6cd740128572d5c76d2d63d1 - - default default] TaaS: Handle Delete Port: 05d85f45-5880-4c68-a91f-96d78aaa0517
2026-06-06 06:22:26.706 8 INFO neutron_taas.services.taas.tap_mirror_plugin [None req-1da47dfb-1844-4d2c-b884-da199c2fe4f4 06f448ab815346eab4c59849253a9ba6 a25a711b6cd740128572d5c76d2d63d1 - - default default] Tap Mirror: Handle Delete Port: 05d85f45-5880-4c68-a91f-96d78aaa0517
2026-06-06 06:22:26.751 7 INFO neutron.db.ovn_revision_numbers_db [None req-8009af1f-4474-4f72-a16f-cbd0a7c55b06 32ea796778144039a9f180bd2772707b 66ce11fa15ae4fe3a7e8e5e37b608459 - - default default] Successfully bumped revision number for resource 9841750f-1e77-4f95-8fbb-1f005cf09649 (type: routers) to 8 [pid: 7|app: 0|req: 1109/2247] 10.0.0.70 () {34 vars in 705 bytes} [Sat Jun 6 06:22:25 2026] POST /v2.0/vpn/ipsec-site-connections => generated 804 bytes in 1144 msecs (HTTP/1.1 201) 4 headers in 162 bytes (1 switches on core 0) [pid: 7|app: 0|req: 1110/2248] 10.0.0.125 () {34 vars in 989 bytes} [Sat Jun 6 06:22:26 2026] GET /v2.0/ports?device_id=44650016-1113-4d9e-ace3-33b377c398c9 => generated 12 bytes in 25 msecs (HTTP/1.1 200) 4 headers in 156 bytes (1 switches on core 0) [pid: 8|app: 0|req: 1139/2249] 10.0.0.70 () {32 vars in 724 bytes} [Sat Jun 6 06:22:26 2026] DELETE /v2.0/networks/c21248b7-2a36-4cf3-9ff6-adfcbd09a878 => generated 0 bytes in 335 msecs (HTTP/1.1 204) 3 headers in 131 bytes (1 switches on core 0)
2026-06-06 06:22:27.030 8 INFO neutron_taas.services.taas.taas_plugin [None req-d268ee27-d773-48ae-a4c8-db251abc3963 06f448ab815346eab4c59849253a9ba6 a25a711b6cd740128572d5c76d2d63d1 - - default default] TaaS: Handle Delete Port: 6ca80c92-54be-4f69-9b24-dd72cad4be39
2026-06-06 06:22:27.033 8 INFO neutron_taas.services.taas.tap_mirror_plugin [None req-d268ee27-d773-48ae-a4c8-db251abc3963 06f448ab815346eab4c59849253a9ba6 a25a711b6cd740128572d5c76d2d63d1 - - default default] Tap Mirror: Handle Delete Port: 6ca80c92-54be-4f69-9b24-dd72cad4be39 [pid: 8|app: 0|req: 1140/2250] 10.0.0.70 () {32 vars in 724 bytes} [Sat Jun 6 06:22:26 2026] DELETE /v2.0/networks/24ec963e-3a2d-4d34-8142-89c3fdd75280 => generated 0 bytes in 307 msecs (HTTP/1.1 204) 3 headers in 131 bytes (1 switches on core 0)
2026-06-06 06:22:27.352 8 INFO neutron_taas.services.taas.taas_plugin [None req-7421f6aa-3670-4533-8b06-c12592738440 06f448ab815346eab4c59849253a9ba6 a25a711b6cd740128572d5c76d2d63d1 - - default default] TaaS: Handle Delete Port: 4420eef0-c1bd-463f-97c0-1b7fcdfaee19
2026-06-06 06:22:27.354 8 INFO neutron_taas.services.taas.tap_mirror_plugin [None req-7421f6aa-3670-4533-8b06-c12592738440 06f448ab815346eab4c59849253a9ba6 a25a711b6cd740128572d5c76d2d63d1 - - default default] Tap Mirror: Handle Delete Port: 4420eef0-c1bd-463f-97c0-1b7fcdfaee19
2026-06-06 06:22:27.407 7 INFO neutron.db.ovn_revision_numbers_db [None req-fb219a73-a1a4-458e-aa19-22ac17e52cb5 32ea796778144039a9f180bd2772707b 66ce11fa15ae4fe3a7e8e5e37b608459 - - default default] Successfully bumped revision number for resource 9841750f-1e77-4f95-8fbb-1f005cf09649 (type: routers) to 9 [pid: 7|app: 0|req: 1111/2251] 10.0.0.70 () {32 vars in 760 bytes} [Sat Jun 6 06:22:26 2026] DELETE /v2.0/vpn/ipsec-site-connections/c1b5aa84-e7a5-4fd5-93fa-8df8439e298d => generated 0 bytes in 602 msecs (HTTP/1.1 204) 2 headers in 112 bytes (1 switches on core 0) [pid: 7|app: 0|req: 1112/2252] 10.0.0.125 () {34 vars in 989 bytes} [Sat Jun 6 06:22:27 2026] GET /v2.0/ports?device_id=c93428cf-f364-4396-9ee2-6a4c148d2295 => generated 1198 bytes in 77 msecs (HTTP/1.1 200) 4 headers in 158 bytes (1 switches on core 0) [pid: 7|app: 0|req: 1113/2253] 10.0.0.70 () {32 vars in 683 bytes} [Sat Jun 6 06:22:27 2026] GET /v2.0/vpn/ipsec-site-connections => generated 806 bytes in 9 msecs (HTTP/1.1 200) 4 headers in 157 bytes (1 switches on core 0) [pid: 8|app: 0|req: 1141/2254] 10.0.0.70 () {32 vars in 724 bytes} [Sat Jun 6 06:22:27 2026] DELETE /v2.0/networks/45565ed8-6c88-4c80-81a3-84261924a0cd => generated 0 bytes in 320 msecs (HTTP/1.1 204) 3 headers in 131 bytes (1 switches on core 0) [pid: 7|app: 0|req: 1114/2255] 10.0.0.125 () {34 vars in 1039 bytes} [Sat Jun 6 06:22:27 2026] GET /v2.0/security-groups?id=bd421fe6-da67-4f42-ad02-6a5ce03b0ca1&fields=id&fields=name => generated 112 bytes in 38 msecs (HTTP/1.1 200) 4 headers in 157 bytes (1 switches on core 0)
2026-06-06 06:22:27.558 8 INFO neutron.api.v2.resource [None req-495bca77-deb1-4e03-8872-a115e341cc04 32ea796778144039a9f180bd2772707b 66ce11fa15ae4fe3a7e8e5e37b608459 - - default default] delete failed (client error): The resource could not be found. [pid: 8|app: 0|req: 1142/2256] 10.0.0.70 () {32 vars in 760 bytes} [Sat Jun 6 06:22:27 2026] DELETE /v2.0/vpn/ipsec-site-connections/c1b5aa84-e7a5-4fd5-93fa-8df8439e298d => generated 154 bytes in 9 msecs (HTTP/1.1 404) 4 headers in 164 bytes (1 switches on core 0) [pid: 8|app: 0|req: 1143/2257] 10.0.0.70 () {34 vars in 691 bytes} [Sat Jun 6 06:22:27 2026] POST /v2.0/vpn/endpoint-groups => generated 290 bytes in 42 msecs (HTTP/1.1 201) 4 headers in 162 bytes (1 switches on core 0) [pid: 8|app: 0|req: 1144/2258] 10.0.0.70 () {30 vars in 700 bytes} [Sat Jun 6 06:22:27 2026] PUT /v2.0/vpn/endpoint-groups/88b79f6d-80f1-4671-95a7-0a9ddce090d9 => generated 290 bytes in 19 msecs (HTTP/1.1 200) 4 headers in 157 bytes (1 switches on core 0) [pid: 8|app: 0|req: 1145/2259] 10.0.0.70 () {32 vars in 743 bytes} [Sat Jun 6 06:22:27 2026] GET /v2.0/vpn/endpoint-groups/88b79f6d-80f1-4671-95a7-0a9ddce090d9 => generated 290 bytes in 10 msecs (HTTP/1.1 200) 4 headers in 157 bytes (1 switches on core 0)
2026-06-06 06:22:27.663 7 INFO neutron_taas.services.taas.taas_plugin [None req-1284d938-de4d-408f-bbc9-0f1e731476ea 06f448ab815346eab4c59849253a9ba6 a25a711b6cd740128572d5c76d2d63d1 - - default default] TaaS: Handle Delete Port: f6255f89-0a93-4bca-beea-d7158127a1a8
2026-06-06 06:22:27.666 7 INFO neutron_taas.services.taas.tap_mirror_plugin [None req-1284d938-de4d-408f-bbc9-0f1e731476ea 06f448ab815346eab4c59849253a9ba6 a25a711b6cd740128572d5c76d2d63d1 - - default default] Tap Mirror: Handle Delete Port: f6255f89-0a93-4bca-beea-d7158127a1a8 [pid: 8|app: 0|req: 1146/2260] 10.0.0.70 () {32 vars in 746 bytes} [Sat Jun 6 06:22:27 2026] DELETE /v2.0/vpn/endpoint-groups/88b79f6d-80f1-4671-95a7-0a9ddce090d9 => generated 0 bytes in 24 msecs (HTTP/1.1 204) 2 headers in 112 bytes (1 switches on core 0) [pid: 8|app: 0|req: 1147/2261] 10.0.0.70 () {32 vars in 669 bytes} [Sat Jun 6 06:22:27 2026] GET /v2.0/vpn/endpoint-groups => generated 633 bytes in 9 msecs (HTTP/1.1 200) 4 headers in 157 bytes (1 switches on core 0) [pid: 8|app: 0|req: 1148/2262] 10.0.0.70 () {32 vars in 669 bytes} [Sat Jun 6 06:22:27 2026] GET /v2.0/vpn/endpoint-groups => generated 633 bytes in 8 msecs (HTTP/1.1 200) 4 headers in 157 bytes (1 switches on core 0) [pid: 8|app: 0|req: 1149/2263] 10.0.0.70 () {34 vars in 683 bytes} [Sat Jun 6 06:22:27 2026] POST /v2.0/vpn/ikepolicies => generated 403 bytes in 38 msecs (HTTP/1.1 201) 4 headers in 162 bytes (1 switches on core 0) [pid: 8|app: 0|req: 1150/2264] 10.0.0.70 () {30 vars in 693 bytes} [Sat Jun 6 06:22:27 2026] PUT /v2.0/vpn/ikepolicies/d7a1c08d-52a5-44e0-b1e0-1b1efa047c37 => generated 418 bytes in 32 msecs (HTTP/1.1 200) 4 headers in 157 bytes (1 switches on core 0) [pid: 8|app: 0|req: 1151/2265] 10.0.0.70 () {32 vars in 735 bytes} [Sat Jun 6 06:22:27 2026] GET /v2.0/vpn/ikepolicies/d7a1c08d-52a5-44e0-b1e0-1b1efa047c37 => generated 418 bytes in 11 msecs (HTTP/1.1 200) 4 headers in 157 bytes (1 switches on core 0) [pid: 8|app: 0|req: 1152/2266] 10.0.0.70 () {32 vars in 738 bytes} [Sat Jun 6 06:22:27 2026] DELETE /v2.0/vpn/ikepolicies/d7a1c08d-52a5-44e0-b1e0-1b1efa047c37 => generated 0 bytes in 29 msecs (HTTP/1.1 204) 2 headers in 112 bytes (1 switches on core 0) [pid: 8|app: 0|req: 1153/2267] 10.0.0.70 () {32 vars in 661 bytes} [Sat Jun 6 06:22:27 2026] GET /v2.0/vpn/ikepolicies => generated 408 bytes in 12 msecs (HTTP/1.1 200) 4 headers in 157 bytes (1 switches on core 0)
2026-06-06 06:22:27.856 7 INFO neutron.services.segments.plugin [-] Segment c27dc226-5628-45a1-8372-bfdad72b96bb resource provider aggregate not found [pid: 8|app: 0|req: 1154/2268] 10.0.0.70 () {32 vars in 661 bytes} [Sat Jun 6 06:22:27 2026] GET /v2.0/vpn/ikepolicies => generated 408 bytes in 14 msecs (HTTP/1.1 200) 4 headers in 157 bytes (1 switches on core 0)
2026-06-06 06:22:27.863 7 INFO neutron.services.segments.plugin [-] Segment c27dc226-5628-45a1-8372-bfdad72b96bb resource provider aggregate not found
2026-06-06 06:22:27.875 7 INFO neutron.services.segments.plugin [-] Segment c27dc226-5628-45a1-8372-bfdad72b96bb resource provider not found; error: Placement Client Error (4xx): {"errors": [{"status": 404, "title": "Not Found", "detail": "The resource could not be found.\n\n No resource provider with uuid c27dc226-5628-45a1-8372-bfdad72b96bb found for delete ", "request_id": "req-8fc0713f-9f3c-425a-93b8-c48de7c68f80"}]}
2026-06-06 06:22:27.879 7 INFO neutron.services.segments.plugin [-] Segment c27dc226-5628-45a1-8372-bfdad72b96bb resource provider not found; error: Placement Client Error (4xx): {"errors": [{"status": 404, "title": "Not Found", "detail": "The resource could not be found.\n\n No resource provider with uuid c27dc226-5628-45a1-8372-bfdad72b96bb found for delete ", "request_id": "req-fa13e037-6e9d-46aa-b570-48c96ce9677a"}]} [pid: 7|app: 0|req: 1115/2269] 10.0.0.70 () {32 vars in 724 bytes} [Sat Jun 6 06:22:27 2026] DELETE /v2.0/networks/5d32a524-3be5-4bc9-8228-ea29f3b94f4f => generated 0 bytes in 343 msecs (HTTP/1.1 204) 3 headers in 131 bytes (1 switches on core 0) [pid: 8|app: 0|req: 1155/2270] 10.0.0.70 () {34 vars in 687 bytes} [Sat Jun 6 06:22:27 2026] POST /v2.0/vpn/ipsecpolicies => generated 411 bytes in 42 msecs (HTTP/1.1 201) 4 headers in 162 bytes (1 switches on core 0) [pid: 7|app: 0|req: 1116/2271] 10.0.0.125 () {34 vars in 989 bytes} [Sat Jun 6 06:22:27 2026] GET /v2.0/ports?device_id=44650016-1113-4d9e-ace3-33b377c398c9 => generated 12 bytes in 13 msecs (HTTP/1.1 200) 4 headers in 156 bytes (1 switches on core 0) [pid: 8|app: 0|req: 1156/2272] 10.0.0.70 () {30 vars in 697 bytes} [Sat Jun 6 06:22:27 2026] PUT /v2.0/vpn/ipsecpolicies/cabcd6f7-ed27-44ee-a8bc-6d4a762de43f => generated 431 bytes in 35 msecs (HTTP/1.1 200) 4 headers in 157 bytes (1 switches on core 0) [pid: 7|app: 0|req: 1117/2273] 10.0.0.70 () {32 vars in 742 bytes} [Sat Jun 6 06:22:27 2026] DELETE /v2.0/vpn/ipsecpolicies/cabcd6f7-ed27-44ee-a8bc-6d4a762de43f => generated 0 bytes in 18 msecs (HTTP/1.1 204) 2 headers in 112 bytes (1 switches on core 0)
2026-06-06 06:22:27.991 8 INFO neutron.api.v2.resource [None req-98258f43-4392-468e-9274-1fb5aace94b6 32ea796778144039a9f180bd2772707b 66ce11fa15ae4fe3a7e8e5e37b608459 - - default default] delete failed (client error): The resource could not be found. [pid: 8|app: 0|req: 1157/2274] 10.0.0.70 () {32 vars in 742 bytes} [Sat Jun 6 06:22:27 2026] DELETE /v2.0/vpn/ipsecpolicies/cabcd6f7-ed27-44ee-a8bc-6d4a762de43f => generated 145 bytes in 13 msecs (HTTP/1.1 404) 4 headers in 164 bytes (1 switches on core 0)
2026-06-06 06:22:28.009 7 INFO neutron.api.v2.resource [None req-0ccfb02b-0935-4e42-84c7-1d2df53c9d78 32ea796778144039a9f180bd2772707b 66ce11fa15ae4fe3a7e8e5e37b608459 - - default default] delete failed (client error): The resource could not be found. [pid: 7|app: 0|req: 1118/2275] 10.0.0.70 () {32 vars in 742 bytes} [Sat Jun 6 06:22:28 2026] DELETE /v2.0/vpn/ipsecpolicies/cabcd6f7-ed27-44ee-a8bc-6d4a762de43f => generated 145 bytes in 8 msecs (HTTP/1.1 404) 4 headers in 164 bytes (1 switches on core 0)
2026-06-06 06:22:28.107 8 INFO neutron.db.segments_db [None req-acc78dd1-61ff-44e4-a676-ccbc574553e7 32ea796778144039a9f180bd2772707b 66ce11fa15ae4fe3a7e8e5e37b608459 - - default default] Added segment 75d816c2-8a78-409c-a29c-c71c39f3a3f2 of type geneve for network 46573736-6a90-4fcd-81b5-28e7f4a7941e
2026-06-06 06:22:28.211 8 INFO neutron.db.ovn_revision_numbers_db [None req-acc78dd1-61ff-44e4-a676-ccbc574553e7 32ea796778144039a9f180bd2772707b 66ce11fa15ae4fe3a7e8e5e37b608459 - - default default] Successfully bumped revision number for resource 46573736-6a90-4fcd-81b5-28e7f4a7941e (type: networks) to 1
2026-06-06 06:22:28.374 8 WARNING neutron.scheduler.dhcp_agent_scheduler [None req-acc78dd1-61ff-44e4-a676-ccbc574553e7 32ea796778144039a9f180bd2772707b 66ce11fa15ae4fe3a7e8e5e37b608459 - - default default] No more DHCP agents
2026-06-06 06:22:28.376 8 WARNING neutron.api.rpc.agentnotifiers.dhcp_rpc_agent_api [None req-acc78dd1-61ff-44e4-a676-ccbc574553e7 32ea796778144039a9f180bd2772707b 66ce11fa15ae4fe3a7e8e5e37b608459 - - default default] Unable to schedule network 46573736-6a90-4fcd-81b5-28e7f4a7941e: no agents available; will retry on subsequent port and subnet creation events.
2026-06-06 06:22:28.441 8 INFO neutron.db.ovn_revision_numbers_db [None req-acc78dd1-61ff-44e4-a676-ccbc574553e7 32ea796778144039a9f180bd2772707b 66ce11fa15ae4fe3a7e8e5e37b608459 - - default default] Successfully bumped revision number for resource bd2267fb-6de6-4d09-b5a3-691aed0f37d7 (type: ports) to 1 [pid: 8|app: 0|req: 1158/2276] 10.0.0.70 () {34 vars in 668 bytes} [Sat Jun 6 06:22:28 2026] POST /v2.0/networks => generated 631 bytes in 443 msecs (HTTP/1.1 201) 4 headers in 162 bytes (1 switches on core 0)
2026-06-06 06:22:28.582 8 INFO neutron.services.segments.plugin [-] Segment 5e92965e-efcd-4323-ac75-ab6cfd248a75 resource provider aggregate not found
2026-06-06 06:22:28.586 8 INFO neutron.services.segments.plugin [-] Segment 5e92965e-efcd-4323-ac75-ab6cfd248a75 resource provider aggregate not found
2026-06-06 06:22:28.601 8 INFO neutron.services.segments.plugin [-] Segment 5e92965e-efcd-4323-ac75-ab6cfd248a75 resource provider not found; error: Placement Client Error (4xx): {"errors": [{"status": 404, "title": "Not Found", "detail": "The resource could not be found.\n\n No resource provider with uuid 5e92965e-efcd-4323-ac75-ab6cfd248a75 found for delete ", "request_id": "req-be0cd90a-c270-4684-a14b-729008f10e8f"}]}
2026-06-06 06:22:28.605 8 INFO neutron.services.segments.plugin [-] Segment 5e92965e-efcd-4323-ac75-ab6cfd248a75 resource provider not found; error: Placement Client Error (4xx): {"errors": [{"status": 404, "title": "Not Found", "detail": "The resource could not be found.\n\n No resource provider with uuid 5e92965e-efcd-4323-ac75-ab6cfd248a75 found for delete ", "request_id": "req-91ee9dba-9662-4565-b1a9-c62b7c0c3ae2"}]}
2026-06-06 06:22:28.610 7 WARNING neutron.scheduler.dhcp_agent_scheduler [None req-d7a0ca5a-b7ad-4864-b25c-69a65e31244b 32ea796778144039a9f180bd2772707b 66ce11fa15ae4fe3a7e8e5e37b608459 - - default default] No more DHCP agents
2026-06-06 06:22:28.611 7 WARNING neutron.api.rpc.agentnotifiers.dhcp_rpc_agent_api [None req-d7a0ca5a-b7ad-4864-b25c-69a65e31244b 32ea796778144039a9f180bd2772707b 66ce11fa15ae4fe3a7e8e5e37b608459 - - default default] Unable to schedule network 46573736-6a90-4fcd-81b5-28e7f4a7941e: no agents available; will retry on subsequent port and subnet creation events.
2026-06-06 06:22:28.618 8 INFO neutron.services.segments.plugin [-] Segment b463ce58-f114-4fc9-989a-89a3fe342e03 resource provider aggregate not found
2026-06-06 06:22:28.623 8 INFO neutron.services.segments.plugin [-] Segment b463ce58-f114-4fc9-989a-89a3fe342e03 resource provider aggregate not found
2026-06-06 06:22:28.641 8 INFO neutron.services.segments.plugin [-] Segment b463ce58-f114-4fc9-989a-89a3fe342e03 resource provider not found; error: Placement Client Error (4xx): {"errors": [{"status": 404, "title": "Not Found", "detail": "The resource could not be found.\n\n No resource provider with uuid b463ce58-f114-4fc9-989a-89a3fe342e03 found for delete ", "request_id": "req-4f054864-fc7f-43a8-8c2d-10886f32351e"}]}
2026-06-06 06:22:28.648 8 INFO neutron.services.segments.plugin [-] Segment b463ce58-f114-4fc9-989a-89a3fe342e03 resource provider not found; error: Placement Client Error (4xx): {"errors": [{"status": 404, "title": "Not Found", "detail": "The resource could not be found.\n\n No resource provider with uuid b463ce58-f114-4fc9-989a-89a3fe342e03 found for delete ", "request_id": "req-31a87257-313b-4415-82ff-1a1507e6e2ff"}]}
2026-06-06 06:22:28.654 8 INFO neutron.services.segments.plugin [-] Segment 4434c51d-e1ab-44a6-8063-f1cd98bc0147 resource provider aggregate not found
2026-06-06 06:22:28.662 8 INFO neutron.services.segments.plugin [-] Segment 4434c51d-e1ab-44a6-8063-f1cd98bc0147 resource provider aggregate not found
2026-06-06 06:22:28.665 8 INFO neutron.services.segments.plugin [-] Segment 4434c51d-e1ab-44a6-8063-f1cd98bc0147 resource provider not found; error: Placement Client Error (4xx): {"errors": [{"status": 404, "title": "Not Found", "detail": "The resource could not be found.\n\n No resource provider with uuid 4434c51d-e1ab-44a6-8063-f1cd98bc0147 found for delete ", "request_id": "req-2f18257c-1ec8-4570-b55d-c5b5c95de028"}]}
2026-06-06 06:22:28.674 8 INFO neutron.services.segments.plugin [-] Segment 4434c51d-e1ab-44a6-8063-f1cd98bc0147 resource provider not found; error: Placement Client Error (4xx): {"errors": [{"status": 404, "title": "Not Found", "detail": "The resource could not be found.\n\n No resource provider with uuid 4434c51d-e1ab-44a6-8063-f1cd98bc0147 found for delete ", "request_id": "req-1942b940-b68b-4825-915a-e9786f5d913f"}]} [pid: 8|app: 0|req: 1159/2277] 10.0.0.70 () {32 vars in 772 bytes} [Sat Jun 6 06:22:28 2026] GET /v2.0/security-groups?tenant_id=a25a711b6cd740128572d5c76d2d63d1&name=default => generated 2925 bytes in 216 msecs (HTTP/1.1 200) 4 headers in 158 bytes (1 switches on core 0) [pid: 8|app: 0|req: 1160/2278] 10.0.0.70 () {32 vars in 738 bytes} [Sat Jun 6 06:22:28 2026] DELETE /v2.0/security-groups/45b8e8f6-5cfd-428c-b5d9-cab577795a02 => generated 0 bytes in 206 msecs (HTTP/1.1 204) 2 headers in 112 bytes (1 switches on core 0)
2026-06-06 06:22:29.075 7 INFO neutron.db.ovn_revision_numbers_db [None req-3f3aee95-8ffa-4f35-90eb-1160d24edc6b - - - - - -] Successfully bumped revision number for resource bd2267fb-6de6-4d09-b5a3-691aed0f37d7 (type: ports) to 2
2026-06-06 06:22:29.103 7 INFO neutron.db.ovn_revision_numbers_db [None req-3f3aee95-8ffa-4f35-90eb-1160d24edc6b - - - - - -] Successfully bumped revision number for resource 54c70e4b-6d77-46a9-b303-c7484435b6de (type: subnets) to 0 [pid: 7|app: 0|req: 1119/2279] 10.0.0.70 () {34 vars in 667 bytes} [Sat Jun 6 06:22:28 2026] POST /v2.0/subnets => generated 629 bytes in 655 msecs (HTTP/1.1 201) 4 headers in 162 bytes (1 switches on core 0)
2026-06-06 06:22:29.328 8 INFO neutron_taas.services.taas.taas_plugin [None req-8496b993-0648-400a-b90a-6ae39ade0ccf 621daba8005440faad1c1081e7d715c9 587adb9ba0624c359f454f4288017d17 - - default default] TaaS: Handle Delete Port: 590a237d-7431-47d9-b977-16d5142d307d
2026-06-06 06:22:29.331 8 INFO neutron_taas.services.taas.tap_mirror_plugin [None req-8496b993-0648-400a-b90a-6ae39ade0ccf 621daba8005440faad1c1081e7d715c9 587adb9ba0624c359f454f4288017d17 - - default default] Tap Mirror: Handle Delete Port: 590a237d-7431-47d9-b977-16d5142d307d
2026-06-06 06:22:29.476 7 WARNING neutron.scheduler.dhcp_agent_scheduler [None req-9825f9e7-2462-4236-975c-a88039fb91c2 32ea796778144039a9f180bd2772707b 66ce11fa15ae4fe3a7e8e5e37b608459 - - default default] No more DHCP agents
2026-06-06 06:22:29.478 7 WARNING neutron.api.rpc.agentnotifiers.dhcp_rpc_agent_api [None req-9825f9e7-2462-4236-975c-a88039fb91c2 32ea796778144039a9f180bd2772707b 66ce11fa15ae4fe3a7e8e5e37b608459 - - default default] Unable to schedule network de02dab8-925b-4b18-bbd0-9f6f8ff3ee28: no agents available; will retry on subsequent port and subnet creation events.
2026-06-06 06:22:29.615 8 INFO neutron.plugins.ml2.drivers.ovn.mech_driver.mech_driver [None req-e1d58dff-f333-4df6-a52a-2efe34597cdf - - - - - -] OVN reports status down for port: 9fc9f2f7-dcc4-41d3-84d4-13b6b1031e29
2026-06-06 06:22:29.631 7 INFO neutron.db.ovn_revision_numbers_db [None req-9825f9e7-2462-4236-975c-a88039fb91c2 32ea796778144039a9f180bd2772707b 66ce11fa15ae4fe3a7e8e5e37b608459 - - default default] Successfully bumped revision number for resource 9fc9f2f7-dcc4-41d3-84d4-13b6b1031e29 (type: ports) to 1 [pid: 8|app: 0|req: 1161/2280] 10.0.0.70 () {34 vars in 787 bytes} [Sat Jun 6 06:22:29 2026] PUT /v2.0/routers/ce889a86-114c-409b-b272-8dca4436aa9c/remove_router_interface => generated 309 bytes in 953 msecs (HTTP/1.1 200) 4 headers in 157 bytes (1 switches on core 0) /var/lib/openstack/lib/python3.12/site-packages/pycadf/identifier.py:70: UserWarning: Invalid uuid: neutron. To ensure interoperability, identifiers should be a valid uuid. warnings.warn(('Invalid uuid: %s. To ensure interoperability, '
2026-06-06 06:22:30.155 8 INFO neutron.db.ovn_revision_numbers_db [None req-e2fe1160-ea48-411f-9557-3746241ac8af 621daba8005440faad1c1081e7d715c9 587adb9ba0624c359f454f4288017d17 - - default default] Successfully bumped revision number for resource 29a9cd9c-08ef-41cc-83ea-dc9aff65e6a0 (type: security_groups) to 1
2026-06-06 06:22:30.168 8 INFO neutron.db.ovn_revision_numbers_db [None req-e2fe1160-ea48-411f-9557-3746241ac8af 621daba8005440faad1c1081e7d715c9 587adb9ba0624c359f454f4288017d17 - - default default] Successfully bumped revision number for resource 96d7f7a4-e7bd-4eb8-960f-4859aa8341bc (type: security_group_rules) to 0
2026-06-06 06:22:30.180 8 INFO neutron.db.ovn_revision_numbers_db [None req-e2fe1160-ea48-411f-9557-3746241ac8af 621daba8005440faad1c1081e7d715c9 587adb9ba0624c359f454f4288017d17 - - default default] Successfully bumped revision number for resource bd134d9a-2f45-43af-b6f1-e7ccb8a3a312 (type: security_group_rules) to 0
2026-06-06 06:22:30.192 8 INFO neutron.db.ovn_revision_numbers_db [None req-e2fe1160-ea48-411f-9557-3746241ac8af 621daba8005440faad1c1081e7d715c9 587adb9ba0624c359f454f4288017d17 - - default default] Successfully bumped revision number for resource ca5da93c-a0cd-4313-8990-5c9687e42bae (type: security_group_rules) to 0
2026-06-06 06:22:30.202 8 INFO neutron.db.ovn_revision_numbers_db [None req-e2fe1160-ea48-411f-9557-3746241ac8af 621daba8005440faad1c1081e7d715c9 587adb9ba0624c359f454f4288017d17 - - default default] Successfully bumped revision number for resource e752103f-c3e2-49a3-9c75-c6189a80ef83 (type: security_group_rules) to 0 [pid: 8|app: 0|req: 1162/2281] 10.0.0.70 () {32 vars in 772 bytes} [Sat Jun 6 06:22:30 2026] GET /v2.0/security-groups?tenant_id=c7837f782fec404e9401e25c0477a5e2&name=default => generated 2925 bytes in 219 msecs (HTTP/1.1 200) 4 headers in 158 bytes (1 switches on core 0)
2026-06-06 06:22:30.232 7 INFO neutron.plugins.ml2.drivers.ovn.mech_driver.ovsdb.commands [None req-534f105a-1ce7-468c-8525-479b2c0ad278 - - - - - -] Schedule LRP lrp-9fc9f2f7-dcc4-41d3-84d4-13b6b1031e29 on gateway e2e8372e-d1c2-4eff-ac25-73105dc6e27d with priority 1
2026-06-06 06:22:30.284 7 INFO neutron.db.ovn_revision_numbers_db [None req-9825f9e7-2462-4236-975c-a88039fb91c2 32ea796778144039a9f180bd2772707b 66ce11fa15ae4fe3a7e8e5e37b608459 - - default default] Successfully bumped revision number for resource 9fc9f2f7-dcc4-41d3-84d4-13b6b1031e29 (type: router_ports) to 1
2026-06-06 06:22:30.309 8 INFO neutron.plugins.ml2.drivers.ovn.mech_driver.mech_driver [None req-e1d58dff-f333-4df6-a52a-2efe34597cdf - - - - - -] OVN reports status up for port: 9fc9f2f7-dcc4-41d3-84d4-13b6b1031e29
2026-06-06 06:22:30.326 8 INFO neutron.plugins.ml2.plugin [None req-e1d58dff-f333-4df6-a52a-2efe34597cdf - - - - - -] Attempt 1 to provision port 9fc9f2f7-dcc4-41d3-84d4-13b6b1031e29
2026-06-06 06:22:30.346 7 INFO neutron.db.ovn_revision_numbers_db [None req-9825f9e7-2462-4236-975c-a88039fb91c2 32ea796778144039a9f180bd2772707b 66ce11fa15ae4fe3a7e8e5e37b608459 - - default default] Successfully bumped revision number for resource 75a20230-f93d-4a6d-a97e-d5e196de1e94 (type: routers) to 2 [pid: 7|app: 0|req: 1120/2282] 10.0.0.70 () {34 vars in 667 bytes} [Sat Jun 6 06:22:29 2026] POST /v2.0/routers => generated 937 bytes in 1234 msecs (HTTP/1.1 201) 4 headers in 162 bytes (1 switches on core 0) [pid: 7|app: 0|req: 1121/2283] 10.0.0.70 () {32 vars in 738 bytes} [Sat Jun 6 06:22:30 2026] DELETE /v2.0/security-groups/29a9cd9c-08ef-41cc-83ea-dc9aff65e6a0 => generated 0 bytes in 220 msecs (HTTP/1.1 204) 2 headers in 112 bytes (1 switches on core 0)
2026-06-06 06:22:30.627 8 INFO neutron_taas.services.taas.taas_plugin [None req-8b82e874-f0a1-4fec-8521-dbb5c0b538e0 621daba8005440faad1c1081e7d715c9 587adb9ba0624c359f454f4288017d17 - - default default] TaaS: Handle Delete Port: d3ba2218-89a8-454f-adb9-f70bcdd3662b
2026-06-06 06:22:30.631 8 INFO neutron_taas.services.taas.tap_mirror_plugin [None req-8b82e874-f0a1-4fec-8521-dbb5c0b538e0 621daba8005440faad1c1081e7d715c9 587adb9ba0624c359f454f4288017d17 - - default default] Tap Mirror: Handle Delete Port: d3ba2218-89a8-454f-adb9-f70bcdd3662b [pid: 8|app: 0|req: 1163/2284] 10.0.0.70 () {32 vars in 722 bytes} [Sat Jun 6 06:22:30 2026] DELETE /v2.0/routers/ce889a86-114c-409b-b272-8dca4436aa9c => generated 0 bytes in 818 msecs (HTTP/1.1 204) 2 headers in 112 bytes (1 switches on core 0)
2026-06-06 06:22:31.155 7 WARNING neutron.scheduler.dhcp_agent_scheduler [None req-2fe09f62-7b50-42ce-85ff-28cd52e72334 32ea796778144039a9f180bd2772707b 66ce11fa15ae4fe3a7e8e5e37b608459 - - default default] No more DHCP agents
2026-06-06 06:22:31.157 7 WARNING neutron.api.rpc.agentnotifiers.dhcp_rpc_agent_api [None req-2fe09f62-7b50-42ce-85ff-28cd52e72334 32ea796778144039a9f180bd2772707b 66ce11fa15ae4fe3a7e8e5e37b608459 - - default default] Unable to schedule network 46573736-6a90-4fcd-81b5-28e7f4a7941e: no agents available; will retry on subsequent port and subnet creation events.
2026-06-06 06:22:31.180 8 INFO neutron.db.ovn_revision_numbers_db [None req-f4db67c7-18ae-4bce-a059-04e921ac75b0 621daba8005440faad1c1081e7d715c9 587adb9ba0624c359f454f4288017d17 - - default default] Successfully bumped revision number for resource dfb01a7a-1f8c-4f1b-8b86-e01c4769e32d (type: security_groups) to 1
2026-06-06 06:22:31.190 8 INFO neutron.db.ovn_revision_numbers_db [None req-f4db67c7-18ae-4bce-a059-04e921ac75b0 621daba8005440faad1c1081e7d715c9 587adb9ba0624c359f454f4288017d17 - - default default] Successfully bumped revision number for resource 1931e12b-52b7-41a6-8d5a-6160e6bbfb6b (type: security_group_rules) to 0
2026-06-06 06:22:31.202 8 INFO neutron.db.ovn_revision_numbers_db [None req-f4db67c7-18ae-4bce-a059-04e921ac75b0 621daba8005440faad1c1081e7d715c9 587adb9ba0624c359f454f4288017d17 - - default default] Successfully bumped revision number for resource 1fbe7df7-0ffd-4f0a-b6b5-215f89bdf4d1 (type: security_group_rules) to 0
2026-06-06 06:22:31.213 8 INFO neutron.db.ovn_revision_numbers_db [None req-f4db67c7-18ae-4bce-a059-04e921ac75b0 621daba8005440faad1c1081e7d715c9 587adb9ba0624c359f454f4288017d17 - - default default] Successfully bumped revision number for resource 81accd09-6101-4e19-a68f-33a64602eae6 (type: security_group_rules) to 0
2026-06-06 06:22:31.223 8 INFO neutron.db.ovn_revision_numbers_db [None req-f4db67c7-18ae-4bce-a059-04e921ac75b0 621daba8005440faad1c1081e7d715c9 587adb9ba0624c359f454f4288017d17 - - default default] Successfully bumped revision number for resource f512da5f-9669-4392-aa05-064238877431 (type: security_group_rules) to 0 [pid: 8|app: 0|req: 1164/2285] 10.0.0.70 () {32 vars in 772 bytes} [Sat Jun 6 06:22:31 2026] GET /v2.0/security-groups?tenant_id=352d0ace76cf4ab6869e10c91885118a&name=default => generated 2925 bytes in 228 msecs (HTTP/1.1 200) 4 headers in 158 bytes (1 switches on core 0)
2026-06-06 06:22:31.297 7 INFO neutron.db.ovn_revision_numbers_db [None req-2fe09f62-7b50-42ce-85ff-28cd52e72334 32ea796778144039a9f180bd2772707b 66ce11fa15ae4fe3a7e8e5e37b608459 - - default default] Successfully bumped revision number for resource 5ae3ece6-d3a4-4463-8acc-180e63f0f0ec (type: ports) to 1 [pid: 8|app: 0|req: 1165/2286] 10.0.0.70 () {32 vars in 722 bytes} [Sat Jun 6 06:22:31 2026] DELETE /v2.0/subnets/dda284f1-bd8a-423d-a501-d6bc43c7ac02 => generated 0 bytes in 160 msecs (HTTP/1.1 204) 3 headers in 131 bytes (1 switches on core 0) [pid: 8|app: 0|req: 1166/2287] 10.0.0.70 () {32 vars in 738 bytes} [Sat Jun 6 06:22:31 2026] DELETE /v2.0/security-groups/dfb01a7a-1f8c-4f1b-8b86-e01c4769e32d => generated 0 bytes in 220 msecs (HTTP/1.1 204) 2 headers in 112 bytes (1 switches on core 0)
2026-06-06 06:22:31.768 8 INFO neutron_taas.services.taas.taas_plugin [None req-b6bebbfe-3014-4233-8cf7-4343c2ec12d0 621daba8005440faad1c1081e7d715c9 587adb9ba0624c359f454f4288017d17 - - default default] TaaS: Handle Delete Port: 35d9ad2a-b699-4bae-ab5b-502ba98d2c6c
2026-06-06 06:22:31.771 8 INFO neutron_taas.services.taas.tap_mirror_plugin [None req-b6bebbfe-3014-4233-8cf7-4343c2ec12d0 621daba8005440faad1c1081e7d715c9 587adb9ba0624c359f454f4288017d17 - - default default] Tap Mirror: Handle Delete Port: 35d9ad2a-b699-4bae-ab5b-502ba98d2c6c
2026-06-06 06:22:31.962 8 INFO neutron.services.segments.plugin [-] Segment 36570abd-49ca-409e-a0da-1972f55acc97 resource provider aggregate not found
2026-06-06 06:22:31.969 8 INFO neutron.services.segments.plugin [-] Segment 36570abd-49ca-409e-a0da-1972f55acc97 resource provider aggregate not found
2026-06-06 06:22:31.988 8 INFO neutron.services.segments.plugin [-] Segment 36570abd-49ca-409e-a0da-1972f55acc97 resource provider not found; error: Placement Client Error (4xx): {"errors": [{"status": 404, "title": "Not Found", "detail": "The resource could not be found.\n\n No resource provider with uuid 36570abd-49ca-409e-a0da-1972f55acc97 found for delete ", "request_id": "req-d13c00f2-0dfb-4e86-8b0f-79412d6fd0ae"}]}
2026-06-06 06:22:31.993 8 INFO neutron.services.segments.plugin [-] Segment 36570abd-49ca-409e-a0da-1972f55acc97 resource provider not found; error: Placement Client Error (4xx): {"errors": [{"status": 404, "title": "Not Found", "detail": "The resource could not be found.\n\n No resource provider with uuid 36570abd-49ca-409e-a0da-1972f55acc97 found for delete ", "request_id": "req-7d5684b6-e64d-4325-a9c0-97c91cee6aea"}]} [pid: 8|app: 0|req: 1167/2288] 10.0.0.70 () {32 vars in 724 bytes} [Sat Jun 6 06:22:31 2026] DELETE /v2.0/networks/16b645c1-9246-461e-88a2-a2a7ef6b7bc9 => generated 0 bytes in 344 msecs (HTTP/1.1 204) 3 headers in 131 bytes (1 switches on core 0) [pid: 8|app: 0|req: 1170/2291] 10.0.0.70 () {32 vars in 772 bytes} [Sat Jun 6 06:22:32 2026] GET /v2.0/security-groups?tenant_id=b0c307f7bdb949f39309a55c03cd970a&name=default => generated 2925 bytes in 35 msecs (HTTP/1.1 200) 4 headers in 158 bytes (1 switches on core 0) [pid: 8|app: 0|req: 1171/2292] 10.0.0.70 () {32 vars in 738 bytes} [Sat Jun 6 06:22:32 2026] DELETE /v2.0/security-groups/b400cb57-9314-49bb-98a3-08accdb53471 => generated 0 bytes in 178 msecs (HTTP/1.1 204) 2 headers in 112 bytes (1 switches on core 0)
2026-06-06 06:22:32.435 7 WARNING neutron.plugins.ml2.drivers.ovn.mech_driver.ovsdb.ovn_client [None req-4433d3f9-abcf-4cc3-9325-038a15513b73 - - - - - -] No hosting information found for port f02ad1f2-ea35-49e6-984e-945090ebb160: RuntimeError: No hosting information found for port f02ad1f2-ea35-49e6-984e-945090ebb160
2026-06-06 06:22:32.614 7 INFO neutron.db.ovn_revision_numbers_db [None req-4433d3f9-abcf-4cc3-9325-038a15513b73 - - - - - -] Successfully bumped revision number for resource f02ad1f2-ea35-49e6-984e-945090ebb160 (type: router_ports) to 2
2026-06-06 06:22:32.616 7 INFO neutron.plugins.ml2.drivers.ovn.mech_driver.mech_driver [None req-4433d3f9-abcf-4cc3-9325-038a15513b73 - - - - - -] OVN reports status down for port: fd0c416b-75f9-45bd-b63c-6935247594c6
2026-06-06 06:22:32.631 7 INFO neutron.plugins.ml2.drivers.ovn.mech_driver.mech_driver [None req-4433d3f9-abcf-4cc3-9325-038a15513b73 - - - - - -] OVN reports status down for port: f6170e80-fc22-45df-a641-83c25defb90b
2026-06-06 06:22:32.644 7 INFO neutron.plugins.ml2.drivers.ovn.mech_driver.mech_driver [None req-4433d3f9-abcf-4cc3-9325-038a15513b73 - - - - - -] OVN reports status down for port: 7085b8f9-9f70-4f49-ba81-f2eb035893c4
2026-06-06 06:22:32.659 7 INFO neutron.plugins.ml2.drivers.ovn.mech_driver.mech_driver [None req-4433d3f9-abcf-4cc3-9325-038a15513b73 - - - - - -] OVN reports status up for port: f6170e80-fc22-45df-a641-83c25defb90b
2026-06-06 06:22:32.679 7 INFO neutron.plugins.ml2.drivers.ovn.mech_driver.mech_driver [None req-4433d3f9-abcf-4cc3-9325-038a15513b73 - - - - - -] OVN reports status down for port: 9beed886-7289-4295-a0fb-eaee3fb09ab5 [pid: 8|app: 0|req: 1172/2293] 10.0.0.125 () {34 vars in 989 bytes} [Sat Jun 6 06:22:32 2026] GET /v2.0/ports?device_id=c93428cf-f364-4396-9ee2-6a4c148d2295 => generated 1198 bytes in 75 msecs (HTTP/1.1 200) 4 headers in 158 bytes (1 switches on core 0)
2026-06-06 06:22:32.715 7 INFO neutron.plugins.ml2.drivers.ovn.mech_driver.mech_driver [None req-4433d3f9-abcf-4cc3-9325-038a15513b73 - - - - - -] OVN reports status down for port: 586696bc-68b4-405e-aa83-10c44445e529
2026-06-06 06:22:32.729 7 INFO neutron.plugins.ml2.drivers.ovn.mech_driver.mech_driver [None req-4433d3f9-abcf-4cc3-9325-038a15513b73 - - - - - -] OVN reports status down for port: 05d85f45-5880-4c68-a91f-96d78aaa0517
2026-06-06 06:22:32.753 7 INFO neutron.plugins.ml2.drivers.ovn.mech_driver.mech_driver [None req-4433d3f9-abcf-4cc3-9325-038a15513b73 - - - - - -] OVN reports status down for port: 6ca80c92-54be-4f69-9b24-dd72cad4be39 [pid: 8|app: 0|req: 1173/2294] 10.0.0.125 () {34 vars in 1039 bytes} [Sat Jun 6 06:22:32 2026] GET /v2.0/security-groups?id=bd421fe6-da67-4f42-ad02-6a5ce03b0ca1&fields=id&fields=name => generated 112 bytes in 39 msecs (HTTP/1.1 200) 4 headers in 157 bytes (1 switches on core 0)
2026-06-06 06:22:32.767 7 INFO neutron.plugins.ml2.drivers.ovn.mech_driver.mech_driver [None req-4433d3f9-abcf-4cc3-9325-038a15513b73 - - - - - -] OVN reports status down for port: 1050a6c6-651d-4d0b-a9a1-2e585da7343f
2026-06-06 06:22:32.786 7 INFO neutron.plugins.ml2.drivers.ovn.mech_driver.mech_driver [None req-4433d3f9-abcf-4cc3-9325-038a15513b73 - - - - - -] OVN reports status down for port: f6255f89-0a93-4bca-beea-d7158127a1a8
2026-06-06 06:22:32.802 7 INFO neutron.plugins.ml2.drivers.ovn.mech_driver.mech_driver [None req-4433d3f9-abcf-4cc3-9325-038a15513b73 - - - - - -] OVN reports status down for port: 98ceea32-454f-4288-aacd-1f7ac186769b
2026-06-06 06:22:32.848 7 INFO neutron.plugins.ml2.drivers.ovn.mech_driver.mech_driver [None req-4433d3f9-abcf-4cc3-9325-038a15513b73 - - - - - -] OVN reports status up for port: 6763a7be-1d99-4b10-bf81-c697eb1ed560
2026-06-06 06:22:32.870 7 INFO neutron.plugins.ml2.plugin [None req-4433d3f9-abcf-4cc3-9325-038a15513b73 - - - - - -] Attempt 1 to provision port 6763a7be-1d99-4b10-bf81-c697eb1ed560
2026-06-06 06:22:33.080 7 WARNING neutron.scheduler.dhcp_agent_scheduler [None req-2fe09f62-7b50-42ce-85ff-28cd52e72334 32ea796778144039a9f180bd2772707b 66ce11fa15ae4fe3a7e8e5e37b608459 - - default default] No more DHCP agents
2026-06-06 06:22:33.081 7 WARNING neutron.api.rpc.agentnotifiers.dhcp_rpc_agent_api [None req-2fe09f62-7b50-42ce-85ff-28cd52e72334 32ea796778144039a9f180bd2772707b 66ce11fa15ae4fe3a7e8e5e37b608459 - - default default] Unable to schedule network 46573736-6a90-4fcd-81b5-28e7f4a7941e: no agents available; will retry on subsequent port and subnet creation events.
2026-06-06 06:22:33.151 7 INFO neutron.notifiers.nova [-] Nova event matching ['req-49b3cb2d-4654-4bf3-b051-8513ec72f167'] response: {'server_uuid': 'c93428cf-f364-4396-9ee2-6a4c148d2295', 'name': 'network-vif-plugged', 'status': 'completed', 'tag': '6763a7be-1d99-4b10-bf81-c697eb1ed560', 'code': 200}
2026-06-06 06:22:33.460 7 INFO neutron.db.ovn_revision_numbers_db [None req-4433d3f9-abcf-4cc3-9325-038a15513b73 - - - - - -] Successfully bumped revision number for resource 6763a7be-1d99-4b10-bf81-c697eb1ed560 (type: ports) to 5
2026-06-06 06:22:33.719 7 INFO neutron.plugins.ml2.drivers.ovn.mech_driver.mech_driver [None req-ff425532-6000-4b29-8f38-282018c1e860 - - - - - -] OVN reports status down for port: bd2267fb-6de6-4d09-b5a3-691aed0f37d7
2026-06-06 06:22:33.728 7 INFO neutron.db.ovn_revision_numbers_db [None req-2fe09f62-7b50-42ce-85ff-28cd52e72334 32ea796778144039a9f180bd2772707b 66ce11fa15ae4fe3a7e8e5e37b608459 - - default default] Successfully bumped revision number for resource 5ae3ece6-d3a4-4463-8acc-180e63f0f0ec (type: router_ports) to 1 [pid: 7|app: 0|req: 1122/2295] 10.0.0.70 () {34 vars in 781 bytes} [Sat Jun 6 06:22:30 2026] PUT /v2.0/routers/75a20230-f93d-4a6d-a97e-d5e196de1e94/add_router_interface => generated 309 bytes in 3154 msecs (HTTP/1.1 200) 4 headers in 157 bytes (1 switches on core 0)
2026-06-06 06:22:34.304 8 WARNING neutron.scheduler.dhcp_agent_scheduler [None req-feb7249b-195a-4883-8892-6e9bc28085a3 - - - - - -] No more DHCP agents
2026-06-06 06:22:34.305 8 WARNING neutron.api.rpc.agentnotifiers.dhcp_rpc_agent_api [None req-feb7249b-195a-4883-8892-6e9bc28085a3 - - - - - -] Unable to schedule network de02dab8-925b-4b18-bbd0-9f6f8ff3ee28: no agents available; will retry on subsequent port and subnet creation events.
2026-06-06 06:22:34.402 7 INFO neutron.plugins.ml2.drivers.ovn.mech_driver.mech_driver [None req-ff425532-6000-4b29-8f38-282018c1e860 - - - - - -] OVN reports status down for port: 17d170a8-bec5-4a72-ba6c-b47e97b6e378
2026-06-06 06:22:34.430 8 INFO neutron.db.ovn_revision_numbers_db [None req-feb7249b-195a-4883-8892-6e9bc28085a3 - - - - - -] Successfully bumped revision number for resource 17d170a8-bec5-4a72-ba6c-b47e97b6e378 (type: ports) to 1
2026-06-06 06:22:34.638 8 INFO neutron.db.ovn_revision_numbers_db [None req-feb7249b-195a-4883-8892-6e9bc28085a3 - - - - - -] Successfully bumped revision number for resource 17d170a8-bec5-4a72-ba6c-b47e97b6e378 (type: ports) to 3
2026-06-06 06:22:34.702 8 INFO neutron.db.segments_db [None req-feb7249b-195a-4883-8892-6e9bc28085a3 - - - - - -] Added segment 850aeb64-2435-47c7-bfe8-9eed1af4c6e8 of type geneve for network 1fe46f4c-4eae-454b-9c47-8b34ba537eff
2026-06-06 06:22:34.831 8 INFO neutron.db.ovn_revision_numbers_db [None req-01b63a31-52fd-45f5-aaac-5b751a885c9b - - - - - -] Successfully bumped revision number for resource 1fe46f4c-4eae-454b-9c47-8b34ba537eff (type: networks) to 1
2026-06-06 06:22:34.890 8 WARNING neutron.plugins.ml2.drivers.ovn.mech_driver.ovsdb.ovn_client [None req-e1d58dff-f333-4df6-a52a-2efe34597cdf - - - - - -] No hosting information found for port 9fc9f2f7-dcc4-41d3-84d4-13b6b1031e29: RuntimeError: No hosting information found for port 9fc9f2f7-dcc4-41d3-84d4-13b6b1031e29
2026-06-06 06:22:34.890 8 INFO neutron.plugins.ml2.drivers.ovn.mech_driver.mech_driver [None req-e1d58dff-f333-4df6-a52a-2efe34597cdf - - - - - -] OVN reports status down for port: 5ae3ece6-d3a4-4463-8acc-180e63f0f0ec
2026-06-06 06:22:34.994 8 WARNING neutron.plugins.ml2.drivers.ovn.mech_driver.ovsdb.ovn_client [None req-e1d58dff-f333-4df6-a52a-2efe34597cdf - - - - - -] Logical_Switch_Port 5ae3ece6-d3a4-4463-8acc-180e63f0f0ec host information not removed, the port state is up
2026-06-06 06:22:34.994 8 INFO neutron.plugins.ml2.drivers.ovn.mech_driver.mech_driver [None req-e1d58dff-f333-4df6-a52a-2efe34597cdf - - - - - -] OVN reports status up for port: 5ae3ece6-d3a4-4463-8acc-180e63f0f0ec
2026-06-06 06:22:35.012 8 INFO neutron.plugins.ml2.plugin [None req-e1d58dff-f333-4df6-a52a-2efe34597cdf - - - - - -] Attempt 1 to provision port 5ae3ece6-d3a4-4463-8acc-180e63f0f0ec
2026-06-06 06:22:35.032 8 WARNING neutron.scheduler.dhcp_agent_scheduler [None req-01b63a31-52fd-45f5-aaac-5b751a885c9b - - - - - -] No more DHCP agents
2026-06-06 06:22:35.035 8 WARNING neutron.api.rpc.agentnotifiers.dhcp_rpc_agent_api [None req-01b63a31-52fd-45f5-aaac-5b751a885c9b - - - - - -] Unable to schedule network 1fe46f4c-4eae-454b-9c47-8b34ba537eff: no agents available; will retry on subsequent port and subnet creation events.
2026-06-06 06:22:35.098 7 INFO neutron.plugins.ml2.drivers.ovn.mech_driver.mech_driver [None req-ff425532-6000-4b29-8f38-282018c1e860 - - - - - -] OVN reports status down for port: d96f0c94-3ceb-43c8-900a-e8873ca91b8b
2026-06-06 06:22:35.137 8 INFO neutron.db.ovn_revision_numbers_db [None req-01b63a31-52fd-45f5-aaac-5b751a885c9b - - - - - -] Successfully bumped revision number for resource d96f0c94-3ceb-43c8-900a-e8873ca91b8b (type: ports) to 1
2026-06-06 06:22:35.197 7 INFO neutron.notifiers.nova [-] Nova event matching ['req-56410dee-75ea-49c9-ad33-5ff07e389d2c'] response: {'server_uuid': 'c93428cf-f364-4396-9ee2-6a4c148d2295', 'name': 'network-vif-plugged', 'status': 'completed', 'tag': '6763a7be-1d99-4b10-bf81-c697eb1ed560', 'code': 200}
2026-06-06 06:22:35.368 8 WARNING neutron.scheduler.dhcp_agent_scheduler [None req-01b63a31-52fd-45f5-aaac-5b751a885c9b - - - - - -] No more DHCP agents
2026-06-06 06:22:35.370 8 WARNING neutron.api.rpc.agentnotifiers.dhcp_rpc_agent_api [None req-01b63a31-52fd-45f5-aaac-5b751a885c9b - - - - - -] Unable to schedule network 1fe46f4c-4eae-454b-9c47-8b34ba537eff: no agents available; will retry on subsequent port and subnet creation events.
2026-06-06 06:22:35.404 8 INFO neutron.db.ovn_revision_numbers_db [None req-01b63a31-52fd-45f5-aaac-5b751a885c9b - - - - - -] Successfully bumped revision number for resource ba2bf462-a399-47c5-857c-1c1ebf6415c2 (type: subnets) to 0
2026-06-06 06:22:35.663 8 INFO neutron.db.ovn_revision_numbers_db [None req-e1d58dff-f333-4df6-a52a-2efe34597cdf - - - - - -] Successfully bumped revision number for resource 5ae3ece6-d3a4-4463-8acc-180e63f0f0ec (type: ports) to 2 /var/lib/openstack/lib/python3.12/site-packages/pycadf/identifier.py:70: UserWarning: Invalid uuid: neutron. To ensure interoperability, identifiers should be a valid uuid. warnings.warn(('Invalid uuid: %s. To ensure interoperability, '
2026-06-06 06:22:36.027 8 WARNING neutron.scheduler.dhcp_agent_scheduler [None req-01b63a31-52fd-45f5-aaac-5b751a885c9b - - - - - -] No more DHCP agents
2026-06-06 06:22:36.035 8 WARNING neutron.api.rpc.agentnotifiers.dhcp_rpc_agent_api [None req-01b63a31-52fd-45f5-aaac-5b751a885c9b - - - - - -] Unable to schedule network 1fe46f4c-4eae-454b-9c47-8b34ba537eff: no agents available; will retry on subsequent port and subnet creation events.
2026-06-06 06:22:36.182 7 INFO neutron.db.ovn_revision_numbers_db [None req-cb4e0c21-cf08-445e-a7e5-ae00af5cca43 75dd818543e344d89bc18a1201a7d8e7 4bfcb98170874a409dae208f1d8d0950 - - default default] Successfully bumped revision number for resource 9a0d3da9-5913-44d9-ba69-60170160923b (type: security_groups) to 1
2026-06-06 06:22:36.185 7 INFO neutron.plugins.ml2.drivers.ovn.mech_driver.mech_driver [None req-ff425532-6000-4b29-8f38-282018c1e860 - - - - - -] OVN reports status down for port: 1a959bd3-b2c6-4508-8a22-bba5ac56e269
2026-06-06 06:22:36.204 8 INFO neutron.db.ovn_revision_numbers_db [None req-01b63a31-52fd-45f5-aaac-5b751a885c9b - - - - - -] Successfully bumped revision number for resource 1a959bd3-b2c6-4508-8a22-bba5ac56e269 (type: ports) to 1
2026-06-06 06:22:36.209 7 INFO neutron.db.ovn_revision_numbers_db [None req-cb4e0c21-cf08-445e-a7e5-ae00af5cca43 75dd818543e344d89bc18a1201a7d8e7 4bfcb98170874a409dae208f1d8d0950 - - default default] Successfully bumped revision number for resource 5592ce20-69ad-4e7a-88b9-33f539faaaaa (type: security_group_rules) to 0
2026-06-06 06:22:36.225 7 INFO neutron.db.ovn_revision_numbers_db [None req-cb4e0c21-cf08-445e-a7e5-ae00af5cca43 75dd818543e344d89bc18a1201a7d8e7 4bfcb98170874a409dae208f1d8d0950 - - default default] Successfully bumped revision number for resource 59d90513-25be-40d9-b56f-cf7221a89e65 (type: security_group_rules) to 0
2026-06-06 06:22:36.238 7 INFO neutron.db.ovn_revision_numbers_db [None req-cb4e0c21-cf08-445e-a7e5-ae00af5cca43 75dd818543e344d89bc18a1201a7d8e7 4bfcb98170874a409dae208f1d8d0950 - - default default] Successfully bumped revision number for resource aa05539e-bb0b-45d7-bf61-a03efb898422 (type: security_group_rules) to 0
2026-06-06 06:22:36.252 7 INFO neutron.db.ovn_revision_numbers_db [None req-cb4e0c21-cf08-445e-a7e5-ae00af5cca43 75dd818543e344d89bc18a1201a7d8e7 4bfcb98170874a409dae208f1d8d0950 - - default default] Successfully bumped revision number for resource f70e02c9-af57-4b5a-b594-426240656dc1 (type: security_group_rules) to 0
2026-06-06 06:22:36.366 7 INFO neutron.db.ovn_revision_numbers_db [None req-cb4e0c21-cf08-445e-a7e5-ae00af5cca43 75dd818543e344d89bc18a1201a7d8e7 4bfcb98170874a409dae208f1d8d0950 - - default default] Successfully bumped revision number for resource 3efe9a6d-b9ac-4f0d-909e-0665acc4dc9a (type: security_groups) to 1
