Jun 12 10:25:00.710671 np0000179801 devstack@n-api-meta.service[108348]: DEBUG nova.api.openstack.wsgi_app [None req-aec392d6-8134-4e03-bece-c0e51c99b544 None None] oslo_messaging_rabbit.amqp_auto_delete = False {{(pid=108348) log_opt_values /opt/stack/data/venv/lib/python3.12/site-packages/oslo_config/cfg.py:3253}}
Jun 12 10:25:00.710816 np0000179801 devstack@n-api-meta.service[108348]: DEBUG nova.api.openstack.wsgi_app [None req-aec392d6-8134-4e03-bece-c0e51c99b544 None None] oslo_messaging_rabbit.amqp_durable_queues = False {{(pid=108348) log_opt_values /opt/stack/data/venv/lib/python3.12/site-packages/oslo_config/cfg.py:3253}}
Jun 12 10:25:00.710946 np0000179801 devstack@n-api-meta.service[108348]: DEBUG nova.api.openstack.wsgi_app [None req-aec392d6-8134-4e03-bece-c0e51c99b544 None None] oslo_messaging_rabbit.conn_pool_min_size = 2 {{(pid=108348) log_opt_values /opt/stack/data/venv/lib/python3.12/site-packages/oslo_config/cfg.py:3253}}
Jun 12 10:25:00.711075 np0000179801 devstack@n-api-meta.service[108348]: DEBUG nova.api.openstack.wsgi_app [None req-aec392d6-8134-4e03-bece-c0e51c99b544 None None] oslo_messaging_rabbit.conn_pool_ttl = 1200 {{(pid=108348) log_opt_values /opt/stack/data/venv/lib/python3.12/site-packages/oslo_config/cfg.py:3253}}
Jun 12 10:25:00.711202 np0000179801 devstack@n-api-meta.service[108348]: DEBUG nova.api.openstack.wsgi_app [None req-aec392d6-8134-4e03-bece-c0e51c99b544 None None] oslo_messaging_rabbit.direct_mandatory_flag = True {{(pid=108348) log_opt_values /opt/stack/data/venv/lib/python3.12/site-packages/oslo_config/cfg.py:3253}}
Jun 12 10:25:00.711329 np0000179801 devstack@n-api-meta.service[108348]: DEBUG nova.api.openstack.wsgi_app [None req-aec392d6-8134-4e03-bece-c0e51c99b544 None None] oslo_messaging_rabbit.enable_cancel_on_failover = False {{(pid=108348) log_opt_values /opt/stack/data/venv/lib/python3.12/site-packages/oslo_config/cfg.py:3253}}
Jun 12 10:25:00.711460 np0000179801 devstack@n-api-meta.service[108348]: DEBUG nova.api.openstack.wsgi_app [None req-aec392d6-8134-4e03-bece-c0e51c99b544 None None] oslo_messaging_rabbit.heartbeat_rate = 3 {{(pid=108348) log_opt_values /opt/stack/data/venv/lib/python3.12/site-packages/oslo_config/cfg.py:3253}}
Jun 12 10:25:00.711778 np0000179801 devstack@n-api-meta.service[108348]: DEBUG nova.api.openstack.wsgi_app [None req-aec392d6-8134-4e03-bece-c0e51c99b544 None None] oslo_messaging_rabbit.heartbeat_timeout_threshold = 60 {{(pid=108348) log_opt_values /opt/stack/data/venv/lib/python3.12/site-packages/oslo_config/cfg.py:3253}}
Jun 12 10:25:00.711930 np0000179801 devstack@n-api-meta.service[108348]: DEBUG nova.api.openstack.wsgi_app [None req-aec392d6-8134-4e03-bece-c0e51c99b544 None None] oslo_messaging_rabbit.hostname = np0000179801 {{(pid=108348) log_opt_values /opt/stack/data/venv/lib/python3.12/site-packages/oslo_config/cfg.py:3253}}
Jun 12 10:25:00.712061 np0000179801 devstack@n-api-meta.service[108348]: DEBUG nova.api.openstack.wsgi_app [None req-aec392d6-8134-4e03-bece-c0e51c99b544 None None] oslo_messaging_rabbit.kombu_compression = None {{(pid=108348) log_opt_values /opt/stack/data/venv/lib/python3.12/site-packages/oslo_config/cfg.py:3253}}
Jun 12 10:25:00.712196 np0000179801 devstack@n-api-meta.service[108348]: DEBUG nova.api.openstack.wsgi_app [None req-aec392d6-8134-4e03-bece-c0e51c99b544 None None] oslo_messaging_rabbit.kombu_failover_strategy = round-robin {{(pid=108348) log_opt_values /opt/stack/data/venv/lib/python3.12/site-packages/oslo_config/cfg.py:3253}}
Jun 12 10:25:00.712327 np0000179801 devstack@n-api-meta.service[108348]: DEBUG nova.api.openstack.wsgi_app [None req-aec392d6-8134-4e03-bece-c0e51c99b544 None None] oslo_messaging_rabbit.kombu_missing_consumer_retry_timeout = 60 {{(pid=108348) log_opt_values /opt/stack/data/venv/lib/python3.12/site-packages/oslo_config/cfg.py:3253}}
Jun 12 10:25:00.712453 np0000179801 devstack@n-api-meta.service[108348]: DEBUG nova.api.openstack.wsgi_app [None req-aec392d6-8134-4e03-bece-c0e51c99b544 None None] oslo_messaging_rabbit.kombu_reconnect_delay = 1.0 {{(pid=108348) log_opt_values /opt/stack/data/venv/lib/python3.12/site-packages/oslo_config/cfg.py:3253}}
Jun 12 10:25:00.712582 np0000179801 devstack@n-api-meta.service[108348]: DEBUG nova.api.openstack.wsgi_app [None req-aec392d6-8134-4e03-bece-c0e51c99b544 None None] oslo_messaging_rabbit.kombu_reconnect_splay = 0.0 {{(pid=108348) log_opt_values /opt/stack/data/venv/lib/python3.12/site-packages/oslo_config/cfg.py:3253}}
Jun 12 10:25:00.712736 np0000179801 devstack@n-api-meta.service[108348]: DEBUG nova.api.openstack.wsgi_app [None req-aec392d6-8134-4e03-bece-c0e51c99b544 None None] oslo_messaging_rabbit.processname = uwsgi {{(pid=108348) log_opt_values /opt/stack/data/venv/lib/python3.12/site-packages/oslo_config/cfg.py:3253}}
Jun 12 10:25:00.712862 np0000179801 devstack@n-api-meta.service[108348]: DEBUG nova.api.openstack.wsgi_app [None req-aec392d6-8134-4e03-bece-c0e51c99b544 None None] oslo_messaging_rabbit.rabbit_ha_queues = False {{(pid=108348) log_opt_values /opt/stack/data/venv/lib/python3.12/site-packages/oslo_config/cfg.py:3253}}
Jun 12 10:25:00.712990 np0000179801 devstack@n-api-meta.service[108348]: DEBUG nova.api.openstack.wsgi_app [None req-aec392d6-8134-4e03-bece-c0e51c99b544 None None] oslo_messaging_rabbit.rabbit_interval_max = 30 {{(pid=108348) log_opt_values /opt/stack/data/venv/lib/python3.12/site-packages/oslo_config/cfg.py:3253}}
Jun 12 10:25:00.713126 np0000179801 devstack@n-api-meta.service[108348]: DEBUG nova.api.openstack.wsgi_app [None req-aec392d6-8134-4e03-bece-c0e51c99b544 None None] oslo_messaging_rabbit.rabbit_login_method = AMQPLAIN {{(pid=108348) log_opt_values /opt/stack/data/venv/lib/python3.12/site-packages/oslo_config/cfg.py:3253}}
Jun 12 10:25:00.713254 np0000179801 devstack@n-api-meta.service[108348]: DEBUG nova.api.openstack.wsgi_app [None req-aec392d6-8134-4e03-bece-c0e51c99b544 None None] oslo_messaging_rabbit.rabbit_qos_prefetch_count = 0 {{(pid=108348) log_opt_values /opt/stack/data/venv/lib/python3.12/site-packages/oslo_config/cfg.py:3253}}
Jun 12 10:25:00.713380 np0000179801 devstack@n-api-meta.service[108348]: DEBUG nova.api.openstack.wsgi_app [None req-aec392d6-8134-4e03-bece-c0e51c99b544 None None] oslo_messaging_rabbit.rabbit_quorum_delivery_limit = 0 {{(pid=108348) log_opt_values /opt/stack/data/venv/lib/python3.12/site-packages/oslo_config/cfg.py:3253}}
Jun 12 10:25:00.713506 np0000179801 devstack@n-api-meta.service[108348]: DEBUG nova.api.openstack.wsgi_app [None req-aec392d6-8134-4e03-bece-c0e51c99b544 None None] oslo_messaging_rabbit.rabbit_quorum_max_memory_bytes = 0 {{(pid=108348) log_opt_values /opt/stack/data/venv/lib/python3.12/site-packages/oslo_config/cfg.py:3253}}
Jun 12 10:25:00.713633 np0000179801 devstack@n-api-meta.service[108348]: DEBUG nova.api.openstack.wsgi_app [None req-aec392d6-8134-4e03-bece-c0e51c99b544 None None] oslo_messaging_rabbit.rabbit_quorum_max_memory_length = 0 {{(pid=108348) log_opt_values /opt/stack/data/venv/lib/python3.12/site-packages/oslo_config/cfg.py:3253}}
Jun 12 10:25:00.713782 np0000179801 devstack@n-api-meta.service[108348]: DEBUG nova.api.openstack.wsgi_app [None req-aec392d6-8134-4e03-bece-c0e51c99b544 None None] oslo_messaging_rabbit.rabbit_quorum_queue = False {{(pid=108348) log_opt_values /opt/stack/data/venv/lib/python3.12/site-packages/oslo_config/cfg.py:3253}}
Jun 12 10:25:00.713911 np0000179801 devstack@n-api-meta.service[108348]: DEBUG nova.api.openstack.wsgi_app [None req-aec392d6-8134-4e03-bece-c0e51c99b544 None None] oslo_messaging_rabbit.rabbit_retry_backoff = 2 {{(pid=108348) log_opt_values /opt/stack/data/venv/lib/python3.12/site-packages/oslo_config/cfg.py:3253}}
Jun 12 10:25:00.714058 np0000179801 devstack@n-api-meta.service[108348]: DEBUG nova.api.openstack.wsgi_app [None req-aec392d6-8134-4e03-bece-c0e51c99b544 None None] oslo_messaging_rabbit.rabbit_retry_interval = 1 {{(pid=108348) log_opt_values /opt/stack/data/venv/lib/python3.12/site-packages/oslo_config/cfg.py:3253}}
Jun 12 10:25:00.714164 np0000179801 devstack@n-api-meta.service[108348]: DEBUG nova.api.openstack.wsgi_app [None req-aec392d6-8134-4e03-bece-c0e51c99b544 None None] oslo_messaging_rabbit.rabbit_stream_fanout = False {{(pid=108348) log_opt_values /opt/stack/data/venv/lib/python3.12/site-packages/oslo_config/cfg.py:3253}}
Jun 12 10:25:00.714291 np0000179801 devstack@n-api-meta.service[108348]: DEBUG nova.api.openstack.wsgi_app [None req-aec392d6-8134-4e03-bece-c0e51c99b544 None None] oslo_messaging_rabbit.rabbit_transient_queues_ttl = 1800 {{(pid=108348) log_opt_values /opt/stack/data/venv/lib/python3.12/site-packages/oslo_config/cfg.py:3253}}
Jun 12 10:25:00.714417 np0000179801 devstack@n-api-meta.service[108348]: DEBUG nova.api.openstack.wsgi_app [None req-aec392d6-8134-4e03-bece-c0e51c99b544 None None] oslo_messaging_rabbit.rabbit_transient_quorum_queue = False {{(pid=108348) log_opt_values /opt/stack/data/venv/lib/python3.12/site-packages/oslo_config/cfg.py:3253}}
Jun 12 10:25:00.714560 np0000179801 devstack@n-api-meta.service[108348]: DEBUG nova.api.openstack.wsgi_app [None req-aec392d6-8134-4e03-bece-c0e51c99b544 None None] oslo_messaging_rabbit.rpc_conn_pool_size = 30 {{(pid=108348) log_opt_values /opt/stack/data/venv/lib/python3.12/site-packages/oslo_config/cfg.py:3253}}
Jun 12 10:25:00.714701 np0000179801 devstack@n-api-meta.service[108348]: DEBUG nova.api.openstack.wsgi_app [None req-aec392d6-8134-4e03-bece-c0e51c99b544 None None] oslo_messaging_rabbit.ssl = False {{(pid=108348) log_opt_values /opt/stack/data/venv/lib/python3.12/site-packages/oslo_config/cfg.py:3253}}
Jun 12 10:25:00.714864 np0000179801 devstack@n-api-meta.service[108348]: DEBUG nova.api.openstack.wsgi_app [None req-aec392d6-8134-4e03-bece-c0e51c99b544 None None] oslo_messaging_rabbit.ssl_ca_file = {{(pid=108348) log_opt_values /opt/stack/data/venv/lib/python3.12/site-packages/oslo_config/cfg.py:3253}}
Jun 12 10:25:00.714991 np0000179801 devstack@n-api-meta.service[108348]: DEBUG nova.api.openstack.wsgi_app [None req-aec392d6-8134-4e03-bece-c0e51c99b544 None None] oslo_messaging_rabbit.ssl_cert_file = {{(pid=108348) log_opt_values /opt/stack/data/venv/lib/python3.12/site-packages/oslo_config/cfg.py:3253}}
Jun 12 10:25:00.715118 np0000179801 devstack@n-api-meta.service[108348]: DEBUG nova.api.openstack.wsgi_app [None req-aec392d6-8134-4e03-bece-c0e51c99b544 None None] oslo_messaging_rabbit.ssl_enforce_fips_mode = False {{(pid=108348) log_opt_values /opt/stack/data/venv/lib/python3.12/site-packages/oslo_config/cfg.py:3253}}
Jun 12 10:25:00.715245 np0000179801 devstack@n-api-meta.service[108348]: DEBUG nova.api.openstack.wsgi_app [None req-aec392d6-8134-4e03-bece-c0e51c99b544 None None] oslo_messaging_rabbit.ssl_enforce_hostname_verification = True {{(pid=108348) log_opt_values /opt/stack/data/venv/lib/python3.12/site-packages/oslo_config/cfg.py:3253}}
Jun 12 10:25:00.715378 np0000179801 devstack@n-api-meta.service[108348]: DEBUG nova.api.openstack.wsgi_app [None req-aec392d6-8134-4e03-bece-c0e51c99b544 None None] oslo_messaging_rabbit.ssl_key_file = {{(pid=108348) log_opt_values /opt/stack/data/venv/lib/python3.12/site-packages/oslo_config/cfg.py:3253}}
Jun 12 10:25:00.715511 np0000179801 devstack@n-api-meta.service[108348]: DEBUG nova.api.openstack.wsgi_app [None req-aec392d6-8134-4e03-bece-c0e51c99b544 None None] oslo_messaging_rabbit.ssl_version = {{(pid=108348) log_opt_values /opt/stack/data/venv/lib/python3.12/site-packages/oslo_config/cfg.py:3253}}
Jun 12 10:25:00.715639 np0000179801 devstack@n-api-meta.service[108348]: DEBUG nova.api.openstack.wsgi_app [None req-aec392d6-8134-4e03-bece-c0e51c99b544 None None] oslo_messaging_rabbit.use_queue_manager = False {{(pid=108348) log_opt_values /opt/stack/data/venv/lib/python3.12/site-packages/oslo_config/cfg.py:3253}}
Jun 12 10:25:00.715804 np0000179801 devstack@n-api-meta.service[108348]: DEBUG nova.api.openstack.wsgi_app [None req-aec392d6-8134-4e03-bece-c0e51c99b544 None None] oslo_messaging_notifications.driver = ['messagingv2'] {{(pid=108348) log_opt_values /opt/stack/data/venv/lib/python3.12/site-packages/oslo_config/cfg.py:3253}}
Jun 12 10:25:00.715934 np0000179801 devstack@n-api-meta.service[108348]: DEBUG nova.api.openstack.wsgi_app [None req-aec392d6-8134-4e03-bece-c0e51c99b544 None None] oslo_messaging_notifications.retry = -1 {{(pid=108348) log_opt_values /opt/stack/data/venv/lib/python3.12/site-packages/oslo_config/cfg.py:3253}}
Jun 12 10:25:00.716073 np0000179801 devstack@n-api-meta.service[108348]: DEBUG nova.api.openstack.wsgi_app [None req-aec392d6-8134-4e03-bece-c0e51c99b544 None None] oslo_messaging_notifications.topics = ['notifications'] {{(pid=108348) log_opt_values /opt/stack/data/venv/lib/python3.12/site-packages/oslo_config/cfg.py:3253}}
Jun 12 10:25:00.716208 np0000179801 devstack@n-api-meta.service[108348]: DEBUG nova.api.openstack.wsgi_app [None req-aec392d6-8134-4e03-bece-c0e51c99b544 None None] oslo_messaging_notifications.transport_url = **** {{(pid=108348) log_opt_values /opt/stack/data/venv/lib/python3.12/site-packages/oslo_config/cfg.py:3253}}
Jun 12 10:25:00.716339 np0000179801 devstack@n-api-meta.service[108348]: DEBUG nova.api.openstack.wsgi_app [None req-aec392d6-8134-4e03-bece-c0e51c99b544 None None] oslo_reports.file_event_handler = None {{(pid=108348) log_opt_values /opt/stack/data/venv/lib/python3.12/site-packages/oslo_config/cfg.py:3253}}
Jun 12 10:25:00.716468 np0000179801 devstack@n-api-meta.service[108348]: DEBUG nova.api.openstack.wsgi_app [None req-aec392d6-8134-4e03-bece-c0e51c99b544 None None] oslo_reports.file_event_handler_interval = 1 {{(pid=108348) log_opt_values /opt/stack/data/venv/lib/python3.12/site-packages/oslo_config/cfg.py:3253}}
Jun 12 10:25:00.716594 np0000179801 devstack@n-api-meta.service[108348]: DEBUG nova.api.openstack.wsgi_app [None req-aec392d6-8134-4e03-bece-c0e51c99b544 None None] oslo_reports.log_dir = None {{(pid=108348) log_opt_values /opt/stack/data/venv/lib/python3.12/site-packages/oslo_config/cfg.py:3253}}
Jun 12 10:25:00.716696 np0000179801 devstack@n-api-meta.service[108348]: DEBUG nova.api.openstack.wsgi_app [None req-aec392d6-8134-4e03-bece-c0e51c99b544 None None] ******************************************************************************** {{(pid=108348) log_opt_values /opt/stack/data/venv/lib/python3.12/site-packages/oslo_config/cfg.py:3260}}
Jun 12 10:25:00.716780 np0000179801 devstack@n-api-meta.service[108348]: WSGI app 0 (mountpoint='') ready in 2 seconds on interpreter 0x71696c8a3668 pid: 108348 (default app)
Jun 12 10:25:10.266530 np0000179801 devstack@n-api-meta.service[108346]: DEBUG dbcounter [-] [108346] Writing DB stats nova_api:SELECT=1 {{(pid=108346) stat_writer /opt/stack/data/venv/lib/python3.12/site-packages/dbcounter.py:115}}
Jun 12 10:25:10.281947 np0000179801 devstack@n-api-meta.service[108347]: DEBUG dbcounter [-] [108347] Writing DB stats nova_api:SELECT=1 {{(pid=108347) stat_writer /opt/stack/data/venv/lib/python3.12/site-packages/dbcounter.py:115}}
Jun 12 10:25:10.283439 np0000179801 devstack@n-api-meta.service[108345]: DEBUG dbcounter [-] [108345] Writing DB stats nova_api:SELECT=1 {{(pid=108345) stat_writer /opt/stack/data/venv/lib/python3.12/site-packages/dbcounter.py:115}}
Jun 12 10:25:10.297160 np0000179801 devstack@n-api-meta.service[108348]: DEBUG dbcounter [-] [108348] Writing DB stats nova_api:SELECT=1 {{(pid=108348) stat_writer /opt/stack/data/venv/lib/python3.12/site-packages/dbcounter.py:115}}
Jun 12 10:25:10.455084 np0000179801 devstack@n-api-meta.service[108346]: DEBUG dbcounter [-] [108346] Writing DB stats nova_cell0:SELECT=1 {{(pid=108346) stat_writer /opt/stack/data/venv/lib/python3.12/site-packages/dbcounter.py:115}}
Jun 12 10:25:10.464769 np0000179801 devstack@n-api-meta.service[108345]: DEBUG dbcounter [-] [108345] Writing DB stats nova_cell0:SELECT=1 {{(pid=108345) stat_writer /opt/stack/data/venv/lib/python3.12/site-packages/dbcounter.py:115}}
Jun 12 10:25:10.467053 np0000179801 devstack@n-api-meta.service[108346]: DEBUG dbcounter [-] [108346] Writing DB stats nova_cell1:SELECT=1 {{(pid=108346) stat_writer /opt/stack/data/venv/lib/python3.12/site-packages/dbcounter.py:115}}
Jun 12 10:25:10.472098 np0000179801 devstack@n-api-meta.service[108345]: DEBUG dbcounter [-] [108345] Writing DB stats nova_cell1:SELECT=1 {{(pid=108345) stat_writer /opt/stack/data/venv/lib/python3.12/site-packages/dbcounter.py:115}}
Jun 12 10:25:10.476664 np0000179801 devstack@n-api-meta.service[108348]: DEBUG dbcounter [-] [108348] Writing DB stats nova_cell1:SELECT=1 {{(pid=108348) stat_writer /opt/stack/data/venv/lib/python3.12/site-packages/dbcounter.py:115}}
Jun 12 10:25:10.489154 np0000179801 devstack@n-api-meta.service[108348]: DEBUG dbcounter [-] [108348] Writing DB stats nova_cell0:SELECT=1 {{(pid=108348) stat_writer /opt/stack/data/venv/lib/python3.12/site-packages/dbcounter.py:115}}
Jun 12 10:25:10.496248 np0000179801 devstack@n-api-meta.service[108347]: DEBUG dbcounter [-] [108347] Writing DB stats nova_cell1:SELECT=1 {{(pid=108347) stat_writer /opt/stack/data/venv/lib/python3.12/site-packages/dbcounter.py:115}}
Jun 12 10:25:10.503670 np0000179801 devstack@n-api-meta.service[108347]: DEBUG dbcounter [-] [108347] Writing DB stats nova_cell0:SELECT=1 {{(pid=108347) stat_writer /opt/stack/data/venv/lib/python3.12/site-packages/dbcounter.py:115}}
Jun 12 10:25:10.536463 np0000179801 devstack@n-api-meta.service[108345]: DEBUG dbcounter [-] [108345] Writing DB stats nova_cell0:SELECT=2,nova_cell0:INSERT=1 {{(pid=108345) stat_writer /opt/stack/data/venv/lib/python3.12/site-packages/dbcounter.py:115}}
Jun 12 10:25:10.542875 np0000179801 devstack@n-api-meta.service[108346]: DEBUG dbcounter [-] [108346] Writing DB stats nova_cell0:SELECT=2,nova_cell0:INSERT=1 {{(pid=108346) stat_writer /opt/stack/data/venv/lib/python3.12/site-packages/dbcounter.py:115}}
Jun 12 10:25:10.560043 np0000179801 devstack@n-api-meta.service[108348]: DEBUG dbcounter [-] [108348] Writing DB stats nova_cell0:SELECT=1 {{(pid=108348) stat_writer /opt/stack/data/venv/lib/python3.12/site-packages/dbcounter.py:115}}
Jun 12 10:25:10.566581 np0000179801 devstack@n-api-meta.service[108347]: DEBUG dbcounter [-] [108347] Writing DB stats nova_cell0:SELECT=1 {{(pid=108347) stat_writer /opt/stack/data/venv/lib/python3.12/site-packages/dbcounter.py:115}}
Jun 12 10:31:10.346733 np0000179801 devstack@n-api-meta.service[108345]: DEBUG nova.api.metadata.handler [None req-0bcc5aa1-363b-4097-b26b-3e68bd9bb22e None None] Metadata request headers: {'Host': '199.19.213.168:8775', 'User-Agent': 'python-requests/2.34.2', 'Accept-Encoding': 'gzip, deflate', 'Accept': '*/*', 'Connection': 'keep-alive', 'X-Forwarded-For': '192.168.24.71', 'X-Instance-Id': '2aab3ca6-05c2-4946-bac1-3bd2b120e47e', 'X-Tenant-Id': '7508a882fb564a9a9588970dba9841f1', 'X-Instance-Id-Signature': '5193eea2efc34d7fd4524af786a8176e04ddb853776f072952277567f6f68b76'} {{(pid=108345) __call__ /opt/stack/nova/nova/api/metadata/handler.py:109}}
Jun 12 10:31:10.356358 np0000179801 devstack@n-api-meta.service[108345]: DEBUG oslo_concurrency.lockutils [None req-12abd8db-64ad-4b60-af3b-c1ee1cb72e7b None None] Acquiring lock "bfd829d1-9eb2-4521-9abf-cca5b86fab9a" by "nova.context.set_target_cell..get_or_set_cached_cell_and_set_connections" {{(pid=108345) inner /opt/stack/data/venv/lib/python3.12/site-packages/oslo_concurrency/lockutils.py:511}}
Jun 12 10:31:10.356678 np0000179801 devstack@n-api-meta.service[108345]: DEBUG oslo_concurrency.lockutils [None req-12abd8db-64ad-4b60-af3b-c1ee1cb72e7b None None] Lock "bfd829d1-9eb2-4521-9abf-cca5b86fab9a" acquired by "nova.context.set_target_cell..get_or_set_cached_cell_and_set_connections" :: waited 0.000s {{(pid=108345) inner /opt/stack/data/venv/lib/python3.12/site-packages/oslo_concurrency/lockutils.py:524}}
Jun 12 10:31:10.356678 np0000179801 devstack@n-api-meta.service[108345]: DEBUG oslo_concurrency.lockutils [None req-12abd8db-64ad-4b60-af3b-c1ee1cb72e7b None None] Lock "bfd829d1-9eb2-4521-9abf-cca5b86fab9a" "released" by "nova.context.set_target_cell..get_or_set_cached_cell_and_set_connections" :: held 0.000s {{(pid=108345) inner /opt/stack/data/venv/lib/python3.12/site-packages/oslo_concurrency/lockutils.py:543}}
Jun 12 10:31:10.411155 np0000179801 devstack@n-api-meta.service[108345]: WARNING neutronclient.v2_0.client [None req-12abd8db-64ad-4b60-af3b-c1ee1cb72e7b None None] The python binding code in neutronclient is deprecated in favor of OpenstackSDK, please use that as this will be removed in a future release.
Jun 12 10:31:10.809474 np0000179801 devstack@n-api-meta.service[108345]: [pid: 108345|app: 0|req: 1/1] 199.19.213.168 () {40 vars in 642 bytes} [Fri Jun 12 10:31:10 2026] GET /openstack => generated 116 bytes in 464 msecs (HTTP/1.1 200) 3 headers in 100 bytes (1 switches on core 0)
Jun 12 10:31:10.822470 np0000179801 devstack@n-api-meta.service[108346]: DEBUG nova.api.metadata.handler [None req-9fca9aba-93a4-4269-8e00-bbfd8e8b4c78 None None] Metadata request headers: {'Host': '199.19.213.168:8775', 'User-Agent': 'python-requests/2.34.2', 'Accept-Encoding': 'gzip, deflate', 'Accept': '*/*', 'Connection': 'keep-alive', 'X-Forwarded-For': '192.168.24.71', 'X-Instance-Id': '2aab3ca6-05c2-4946-bac1-3bd2b120e47e', 'X-Tenant-Id': '7508a882fb564a9a9588970dba9841f1', 'X-Instance-Id-Signature': '5193eea2efc34d7fd4524af786a8176e04ddb853776f072952277567f6f68b76'} {{(pid=108346) __call__ /opt/stack/nova/nova/api/metadata/handler.py:109}}
Jun 12 10:31:10.825095 np0000179801 devstack@n-api-meta.service[108346]: DEBUG nova.api.metadata.handler [None req-9fca9aba-93a4-4269-8e00-bbfd8e8b4c78 None None] Using cached metadata for instance 2aab3ca6-05c2-4946-bac1-3bd2b120e47e {{(pid=108346) get_metadata_by_instance_id /opt/stack/nova/nova/api/metadata/handler.py:84}}
Jun 12 10:31:10.825506 np0000179801 devstack@n-api-meta.service[108346]: [pid: 108346|app: 0|req: 1/2] 199.19.213.168 () {40 vars in 642 bytes} [Fri Jun 12 10:31:10 2026] GET /openstack => generated 116 bytes in 3 msecs (HTTP/1.1 200) 3 headers in 100 bytes (1 switches on core 0)
Jun 12 10:31:10.836501 np0000179801 devstack@n-api-meta.service[108347]: DEBUG nova.api.metadata.handler [None req-14b8ade7-73d5-4013-a7d8-4b9f519f2cd9 None None] Metadata request headers: {'Host': '199.19.213.168:8775', 'User-Agent': 'python-requests/2.34.2', 'Accept-Encoding': 'gzip, deflate', 'Accept': '*/*', 'Connection': 'keep-alive', 'X-Forwarded-For': '192.168.24.71', 'X-Instance-Id': '2aab3ca6-05c2-4946-bac1-3bd2b120e47e', 'X-Tenant-Id': '7508a882fb564a9a9588970dba9841f1', 'X-Instance-Id-Signature': '5193eea2efc34d7fd4524af786a8176e04ddb853776f072952277567f6f68b76'} {{(pid=108347) __call__ /opt/stack/nova/nova/api/metadata/handler.py:109}}
Jun 12 10:31:10.842640 np0000179801 devstack@n-api-meta.service[108347]: DEBUG nova.api.metadata.handler [None req-14b8ade7-73d5-4013-a7d8-4b9f519f2cd9 None None] Using cached metadata for instance 2aab3ca6-05c2-4946-bac1-3bd2b120e47e {{(pid=108347) get_metadata_by_instance_id /opt/stack/nova/nova/api/metadata/handler.py:84}}
Jun 12 10:31:10.843691 np0000179801 devstack@n-api-meta.service[108347]: [pid: 108347|app: 0|req: 1/3] 199.19.213.168 () {40 vars in 694 bytes} [Fri Jun 12 10:31:10 2026] GET /openstack/2018-08-27/meta_data.json => generated 946 bytes in 8 msecs (HTTP/1.1 200) 3 headers in 91 bytes (1 switches on core 0)
Jun 12 10:31:10.852796 np0000179801 devstack@n-api-meta.service[108348]: DEBUG nova.api.metadata.handler [None req-aec392d6-8134-4e03-bece-c0e51c99b544 None None] Metadata request headers: {'Host': '199.19.213.168:8775', 'User-Agent': 'python-requests/2.34.2', 'Accept-Encoding': 'gzip, deflate', 'Accept': '*/*', 'Connection': 'keep-alive', 'X-Forwarded-For': '192.168.24.71', 'X-Instance-Id': '2aab3ca6-05c2-4946-bac1-3bd2b120e47e', 'X-Tenant-Id': '7508a882fb564a9a9588970dba9841f1', 'X-Instance-Id-Signature': '5193eea2efc34d7fd4524af786a8176e04ddb853776f072952277567f6f68b76'} {{(pid=108348) __call__ /opt/stack/nova/nova/api/metadata/handler.py:109}}
Jun 12 10:31:10.858436 np0000179801 devstack@n-api-meta.service[108348]: DEBUG nova.api.metadata.handler [None req-aec392d6-8134-4e03-bece-c0e51c99b544 None None] Using cached metadata for instance 2aab3ca6-05c2-4946-bac1-3bd2b120e47e {{(pid=108348) get_metadata_by_instance_id /opt/stack/nova/nova/api/metadata/handler.py:84}}
Jun 12 10:31:10.859180 np0000179801 devstack@n-api-meta.service[108348]: [pid: 108348|app: 0|req: 1/4] 199.19.213.168 () {40 vars in 684 bytes} [Fri Jun 12 10:31:10 2026] GET /openstack/2018-08-27/user_data => generated 26430 bytes in 7 msecs (HTTP/1.1 200) 3 headers in 102 bytes (1 switches on core 0)
Jun 12 10:31:10.868607 np0000179801 devstack@n-api-meta.service[108345]: DEBUG nova.api.metadata.handler [None req-12abd8db-64ad-4b60-af3b-c1ee1cb72e7b None None] Metadata request headers: {'Host': '199.19.213.168:8775', 'User-Agent': 'python-requests/2.34.2', 'Accept-Encoding': 'gzip, deflate', 'Accept': '*/*', 'Connection': 'keep-alive', 'X-Forwarded-For': '192.168.24.71', 'X-Instance-Id': '2aab3ca6-05c2-4946-bac1-3bd2b120e47e', 'X-Tenant-Id': '7508a882fb564a9a9588970dba9841f1', 'X-Instance-Id-Signature': '5193eea2efc34d7fd4524af786a8176e04ddb853776f072952277567f6f68b76'} {{(pid=108345) __call__ /opt/stack/nova/nova/api/metadata/handler.py:109}}
Jun 12 10:31:10.871664 np0000179801 devstack@n-api-meta.service[108345]: DEBUG nova.api.metadata.handler [None req-12abd8db-64ad-4b60-af3b-c1ee1cb72e7b None None] Using cached metadata for instance 2aab3ca6-05c2-4946-bac1-3bd2b120e47e {{(pid=108345) get_metadata_by_instance_id /opt/stack/nova/nova/api/metadata/handler.py:84}}
Jun 12 10:31:10.872489 np0000179801 devstack@n-api-meta.service[108345]: [pid: 108345|app: 0|req: 2/5] 199.19.213.168 () {40 vars in 698 bytes} [Fri Jun 12 10:31:10 2026] GET /openstack/2018-08-27/vendor_data.json => generated 2 bytes in 5 msecs (HTTP/1.1 200) 3 headers in 89 bytes (1 switches on core 0)
Jun 12 10:31:10.878971 np0000179801 devstack@n-api-meta.service[108346]: DEBUG nova.api.metadata.handler [None req-9fca9aba-93a4-4269-8e00-bbfd8e8b4c78 None None] Metadata request headers: {'Host': '199.19.213.168:8775', 'User-Agent': 'python-requests/2.34.2', 'Accept-Encoding': 'gzip, deflate', 'Accept': '*/*', 'Connection': 'keep-alive', 'X-Forwarded-For': '192.168.24.71', 'X-Instance-Id': '2aab3ca6-05c2-4946-bac1-3bd2b120e47e', 'X-Tenant-Id': '7508a882fb564a9a9588970dba9841f1', 'X-Instance-Id-Signature': '5193eea2efc34d7fd4524af786a8176e04ddb853776f072952277567f6f68b76'} {{(pid=108346) __call__ /opt/stack/nova/nova/api/metadata/handler.py:109}}
Jun 12 10:31:10.881797 np0000179801 devstack@n-api-meta.service[108346]: DEBUG nova.api.metadata.handler [None req-9fca9aba-93a4-4269-8e00-bbfd8e8b4c78 None None] Using cached metadata for instance 2aab3ca6-05c2-4946-bac1-3bd2b120e47e {{(pid=108346) get_metadata_by_instance_id /opt/stack/nova/nova/api/metadata/handler.py:84}}
Jun 12 10:31:10.882570 np0000179801 devstack@n-api-meta.service[108346]: [pid: 108346|app: 0|req: 2/6] 199.19.213.168 () {40 vars in 700 bytes} [Fri Jun 12 10:31:10 2026] GET /openstack/2018-08-27/vendor_data2.json => generated 14 bytes in 4 msecs (HTTP/1.1 200) 3 headers in 90 bytes (1 switches on core 0)
Jun 12 10:31:10.891112 np0000179801 devstack@n-api-meta.service[108347]: DEBUG nova.api.metadata.handler [None req-14b8ade7-73d5-4013-a7d8-4b9f519f2cd9 None None] Metadata request headers: {'Host': '199.19.213.168:8775', 'User-Agent': 'python-requests/2.34.2', 'Accept-Encoding': 'gzip, deflate', 'Accept': '*/*', 'Connection': 'keep-alive', 'X-Forwarded-For': '192.168.24.71', 'X-Instance-Id': '2aab3ca6-05c2-4946-bac1-3bd2b120e47e', 'X-Tenant-Id': '7508a882fb564a9a9588970dba9841f1', 'X-Instance-Id-Signature': '5193eea2efc34d7fd4524af786a8176e04ddb853776f072952277567f6f68b76'} {{(pid=108347) __call__ /opt/stack/nova/nova/api/metadata/handler.py:109}}
Jun 12 10:31:10.894321 np0000179801 devstack@n-api-meta.service[108347]: DEBUG nova.api.metadata.handler [None req-14b8ade7-73d5-4013-a7d8-4b9f519f2cd9 None None] Using cached metadata for instance 2aab3ca6-05c2-4946-bac1-3bd2b120e47e {{(pid=108347) get_metadata_by_instance_id /opt/stack/nova/nova/api/metadata/handler.py:84}}
Jun 12 10:31:10.895092 np0000179801 devstack@n-api-meta.service[108347]: [pid: 108347|app: 0|req: 2/7] 199.19.213.168 () {40 vars in 700 bytes} [Fri Jun 12 10:31:10 2026] GET /openstack/2018-08-27/network_data.json => generated 348 bytes in 4 msecs (HTTP/1.1 200) 3 headers in 100 bytes (1 switches on core 0)
Jun 12 10:31:10.903947 np0000179801 devstack@n-api-meta.service[108348]: DEBUG nova.api.metadata.handler [None req-aec392d6-8134-4e03-bece-c0e51c99b544 None None] Metadata request headers: {'Host': '199.19.213.168:8775', 'User-Agent': 'python-requests/2.34.2', 'Accept-Encoding': 'gzip, deflate', 'Accept': '*/*', 'Connection': 'keep-alive', 'X-Forwarded-For': '192.168.24.71', 'X-Instance-Id': '2aab3ca6-05c2-4946-bac1-3bd2b120e47e', 'X-Tenant-Id': '7508a882fb564a9a9588970dba9841f1', 'X-Instance-Id-Signature': '5193eea2efc34d7fd4524af786a8176e04ddb853776f072952277567f6f68b76'} {{(pid=108348) __call__ /opt/stack/nova/nova/api/metadata/handler.py:109}}
Jun 12 10:31:10.906853 np0000179801 devstack@n-api-meta.service[108348]: DEBUG nova.api.metadata.handler [None req-aec392d6-8134-4e03-bece-c0e51c99b544 None None] Using cached metadata for instance 2aab3ca6-05c2-4946-bac1-3bd2b120e47e {{(pid=108348) get_metadata_by_instance_id /opt/stack/nova/nova/api/metadata/handler.py:84}}
Jun 12 10:31:10.907634 np0000179801 devstack@n-api-meta.service[108348]: [pid: 108348|app: 0|req: 2/8] 199.19.213.168 () {40 vars in 658 bytes} [Fri Jun 12 10:31:10 2026] GET /latest/meta-data/ => generated 210 bytes in 4 msecs (HTTP/1.1 200) 3 headers in 100 bytes (1 switches on core 0)
Jun 12 10:31:10.913690 np0000179801 devstack@n-api-meta.service[108345]: DEBUG nova.api.metadata.handler [None req-12abd8db-64ad-4b60-af3b-c1ee1cb72e7b None None] Metadata request headers: {'Host': '199.19.213.168:8775', 'User-Agent': 'python-requests/2.34.2', 'Accept-Encoding': 'gzip, deflate', 'Accept': '*/*', 'Connection': 'keep-alive', 'X-Forwarded-For': '192.168.24.71', 'X-Instance-Id': '2aab3ca6-05c2-4946-bac1-3bd2b120e47e', 'X-Tenant-Id': '7508a882fb564a9a9588970dba9841f1', 'X-Instance-Id-Signature': '5193eea2efc34d7fd4524af786a8176e04ddb853776f072952277567f6f68b76'} {{(pid=108345) __call__ /opt/stack/nova/nova/api/metadata/handler.py:109}}
Jun 12 10:31:10.916417 np0000179801 devstack@n-api-meta.service[108345]: DEBUG nova.api.metadata.handler [None req-12abd8db-64ad-4b60-af3b-c1ee1cb72e7b None None] Using cached metadata for instance 2aab3ca6-05c2-4946-bac1-3bd2b120e47e {{(pid=108345) get_metadata_by_instance_id /opt/stack/nova/nova/api/metadata/handler.py:84}}
Jun 12 10:31:10.917337 np0000179801 devstack@n-api-meta.service[108345]: [pid: 108345|app: 0|req: 3/9] 199.19.213.168 () {40 vars in 700 bytes} [Fri Jun 12 10:31:10 2026] GET /latest/meta-data/block-device-mapping/ => generated 8 bytes in 4 msecs (HTTP/1.1 200) 3 headers in 98 bytes (1 switches on core 0)
Jun 12 10:31:10.926109 np0000179801 devstack@n-api-meta.service[108346]: DEBUG nova.api.metadata.handler [None req-9fca9aba-93a4-4269-8e00-bbfd8e8b4c78 None None] Metadata request headers: {'Host': '199.19.213.168:8775', 'User-Agent': 'python-requests/2.34.2', 'Accept-Encoding': 'gzip, deflate', 'Accept': '*/*', 'Connection': 'keep-alive', 'X-Forwarded-For': '192.168.24.71', 'X-Instance-Id': '2aab3ca6-05c2-4946-bac1-3bd2b120e47e', 'X-Tenant-Id': '7508a882fb564a9a9588970dba9841f1', 'X-Instance-Id-Signature': '5193eea2efc34d7fd4524af786a8176e04ddb853776f072952277567f6f68b76'} {{(pid=108346) __call__ /opt/stack/nova/nova/api/metadata/handler.py:109}}
Jun 12 10:31:10.928775 np0000179801 devstack@n-api-meta.service[108346]: DEBUG nova.api.metadata.handler [None req-9fca9aba-93a4-4269-8e00-bbfd8e8b4c78 None None] Using cached metadata for instance 2aab3ca6-05c2-4946-bac1-3bd2b120e47e {{(pid=108346) get_metadata_by_instance_id /opt/stack/nova/nova/api/metadata/handler.py:84}}
Jun 12 10:31:10.929283 np0000179801 devstack@n-api-meta.service[108346]: [pid: 108346|app: 0|req: 3/10] 199.19.213.168 () {40 vars in 706 bytes} [Fri Jun 12 10:31:10 2026] GET /latest/meta-data/block-device-mapping/ami => generated 3 bytes in 4 msecs (HTTP/1.1 200) 3 headers in 98 bytes (1 switches on core 0)
Jun 12 10:31:10.937508 np0000179801 devstack@n-api-meta.service[108347]: DEBUG nova.api.metadata.handler [None req-14b8ade7-73d5-4013-a7d8-4b9f519f2cd9 None None] Metadata request headers: {'Host': '199.19.213.168:8775', 'User-Agent': 'python-requests/2.34.2', 'Accept-Encoding': 'gzip, deflate', 'Accept': '*/*', 'Connection': 'keep-alive', 'X-Forwarded-For': '192.168.24.71', 'X-Instance-Id': '2aab3ca6-05c2-4946-bac1-3bd2b120e47e', 'X-Tenant-Id': '7508a882fb564a9a9588970dba9841f1', 'X-Instance-Id-Signature': '5193eea2efc34d7fd4524af786a8176e04ddb853776f072952277567f6f68b76'} {{(pid=108347) __call__ /opt/stack/nova/nova/api/metadata/handler.py:109}}
Jun 12 10:31:10.939449 np0000179801 devstack@n-api-meta.service[108347]: DEBUG nova.api.metadata.handler [None req-14b8ade7-73d5-4013-a7d8-4b9f519f2cd9 None None] Using cached metadata for instance 2aab3ca6-05c2-4946-bac1-3bd2b120e47e {{(pid=108347) get_metadata_by_instance_id /opt/stack/nova/nova/api/metadata/handler.py:84}}
Jun 12 10:31:10.939917 np0000179801 devstack@n-api-meta.service[108347]: [pid: 108347|app: 0|req: 3/11] 199.19.213.168 () {40 vars in 708 bytes} [Fri Jun 12 10:31:10 2026] GET /latest/meta-data/block-device-mapping/root => generated 8 bytes in 2 msecs (HTTP/1.1 200) 3 headers in 98 bytes (1 switches on core 0)
Jun 12 10:31:10.945917 np0000179801 devstack@n-api-meta.service[108348]: DEBUG nova.api.metadata.handler [None req-aec392d6-8134-4e03-bece-c0e51c99b544 None None] Metadata request headers: {'Host': '199.19.213.168:8775', 'User-Agent': 'python-requests/2.34.2', 'Accept-Encoding': 'gzip, deflate', 'Accept': '*/*', 'Connection': 'keep-alive', 'X-Forwarded-For': '192.168.24.71', 'X-Instance-Id': '2aab3ca6-05c2-4946-bac1-3bd2b120e47e', 'X-Tenant-Id': '7508a882fb564a9a9588970dba9841f1', 'X-Instance-Id-Signature': '5193eea2efc34d7fd4524af786a8176e04ddb853776f072952277567f6f68b76'} {{(pid=108348) __call__ /opt/stack/nova/nova/api/metadata/handler.py:109}}
Jun 12 10:31:10.947565 np0000179801 devstack@n-api-meta.service[108348]: DEBUG nova.api.metadata.handler [None req-aec392d6-8134-4e03-bece-c0e51c99b544 None None] Using cached metadata for instance 2aab3ca6-05c2-4946-bac1-3bd2b120e47e {{(pid=108348) get_metadata_by_instance_id /opt/stack/nova/nova/api/metadata/handler.py:84}}
Jun 12 10:31:10.947971 np0000179801 devstack@n-api-meta.service[108348]: [pid: 108348|app: 0|req: 3/12] 199.19.213.168 () {40 vars in 678 bytes} [Fri Jun 12 10:31:10 2026] GET /latest/meta-data/placement/ => generated 17 bytes in 2 msecs (HTTP/1.1 200) 3 headers in 99 bytes (1 switches on core 0)
Jun 12 10:31:10.956002 np0000179801 devstack@n-api-meta.service[108345]: DEBUG nova.api.metadata.handler [None req-12abd8db-64ad-4b60-af3b-c1ee1cb72e7b None None] Metadata request headers: {'Host': '199.19.213.168:8775', 'User-Agent': 'python-requests/2.34.2', 'Accept-Encoding': 'gzip, deflate', 'Accept': '*/*', 'Connection': 'keep-alive', 'X-Forwarded-For': '192.168.24.71', 'X-Instance-Id': '2aab3ca6-05c2-4946-bac1-3bd2b120e47e', 'X-Tenant-Id': '7508a882fb564a9a9588970dba9841f1', 'X-Instance-Id-Signature': '5193eea2efc34d7fd4524af786a8176e04ddb853776f072952277567f6f68b76'} {{(pid=108345) __call__ /opt/stack/nova/nova/api/metadata/handler.py:109}}
Jun 12 10:31:10.958565 np0000179801 devstack@n-api-meta.service[108345]: DEBUG nova.api.metadata.handler [None req-12abd8db-64ad-4b60-af3b-c1ee1cb72e7b None None] Using cached metadata for instance 2aab3ca6-05c2-4946-bac1-3bd2b120e47e {{(pid=108345) get_metadata_by_instance_id /opt/stack/nova/nova/api/metadata/handler.py:84}}
Jun 12 10:31:10.959186 np0000179801 devstack@n-api-meta.service[108345]: [pid: 108345|app: 0|req: 4/13] 199.19.213.168 () {40 vars in 712 bytes} [Fri Jun 12 10:31:10 2026] GET /latest/meta-data/placement/availability-zone => generated 4 bytes in 4 msecs (HTTP/1.1 200) 3 headers in 98 bytes (1 switches on core 0)
Jun 12 10:31:10.968641 np0000179801 devstack@n-api-meta.service[108346]: DEBUG nova.api.metadata.handler [None req-9fca9aba-93a4-4269-8e00-bbfd8e8b4c78 None None] Metadata request headers: {'Host': '199.19.213.168:8775', 'User-Agent': 'python-requests/2.34.2', 'Accept-Encoding': 'gzip, deflate', 'Accept': '*/*', 'Connection': 'keep-alive', 'X-Forwarded-For': '192.168.24.71', 'X-Instance-Id': '2aab3ca6-05c2-4946-bac1-3bd2b120e47e', 'X-Tenant-Id': '7508a882fb564a9a9588970dba9841f1', 'X-Instance-Id-Signature': '5193eea2efc34d7fd4524af786a8176e04ddb853776f072952277567f6f68b76'} {{(pid=108346) __call__ /opt/stack/nova/nova/api/metadata/handler.py:109}}
Jun 12 10:31:10.971343 np0000179801 devstack@n-api-meta.service[108346]: DEBUG nova.api.metadata.handler [None req-9fca9aba-93a4-4269-8e00-bbfd8e8b4c78 None None] Using cached metadata for instance 2aab3ca6-05c2-4946-bac1-3bd2b120e47e {{(pid=108346) get_metadata_by_instance_id /opt/stack/nova/nova/api/metadata/handler.py:84}}
Jun 12 10:31:10.972032 np0000179801 devstack@n-api-meta.service[108346]: [pid: 108346|app: 0|req: 4/14] 199.19.213.168 () {40 vars in 670 bytes} [Fri Jun 12 10:31:10 2026] GET /latest/meta-data/ami-id => generated 12 bytes in 4 msecs (HTTP/1.1 200) 3 headers in 99 bytes (1 switches on core 0)
Jun 12 10:31:10.981441 np0000179801 devstack@n-api-meta.service[108347]: DEBUG nova.api.metadata.handler [None req-14b8ade7-73d5-4013-a7d8-4b9f519f2cd9 None None] Metadata request headers: {'Host': '199.19.213.168:8775', 'User-Agent': 'python-requests/2.34.2', 'Accept-Encoding': 'gzip, deflate', 'Accept': '*/*', 'Connection': 'keep-alive', 'X-Forwarded-For': '192.168.24.71', 'X-Instance-Id': '2aab3ca6-05c2-4946-bac1-3bd2b120e47e', 'X-Tenant-Id': '7508a882fb564a9a9588970dba9841f1', 'X-Instance-Id-Signature': '5193eea2efc34d7fd4524af786a8176e04ddb853776f072952277567f6f68b76'} {{(pid=108347) __call__ /opt/stack/nova/nova/api/metadata/handler.py:109}}
Jun 12 10:31:10.984413 np0000179801 devstack@n-api-meta.service[108347]: DEBUG nova.api.metadata.handler [None req-14b8ade7-73d5-4013-a7d8-4b9f519f2cd9 None None] Using cached metadata for instance 2aab3ca6-05c2-4946-bac1-3bd2b120e47e {{(pid=108347) get_metadata_by_instance_id /opt/stack/nova/nova/api/metadata/handler.py:84}}
Jun 12 10:31:10.985252 np0000179801 devstack@n-api-meta.service[108347]: [pid: 108347|app: 0|req: 4/15] 199.19.213.168 () {40 vars in 690 bytes} [Fri Jun 12 10:31:10 2026] GET /latest/meta-data/ami-launch-index => generated 1 bytes in 4 msecs (HTTP/1.1 200) 3 headers in 98 bytes (1 switches on core 0)
Jun 12 10:31:10.991374 np0000179801 devstack@n-api-meta.service[108348]: DEBUG nova.api.metadata.handler [None req-aec392d6-8134-4e03-bece-c0e51c99b544 None None] Metadata request headers: {'Host': '199.19.213.168:8775', 'User-Agent': 'python-requests/2.34.2', 'Accept-Encoding': 'gzip, deflate', 'Accept': '*/*', 'Connection': 'keep-alive', 'X-Forwarded-For': '192.168.24.71', 'X-Instance-Id': '2aab3ca6-05c2-4946-bac1-3bd2b120e47e', 'X-Tenant-Id': '7508a882fb564a9a9588970dba9841f1', 'X-Instance-Id-Signature': '5193eea2efc34d7fd4524af786a8176e04ddb853776f072952277567f6f68b76'} {{(pid=108348) __call__ /opt/stack/nova/nova/api/metadata/handler.py:109}}
Jun 12 10:31:10.994036 np0000179801 devstack@n-api-meta.service[108348]: DEBUG nova.api.metadata.handler [None req-aec392d6-8134-4e03-bece-c0e51c99b544 None None] Using cached metadata for instance 2aab3ca6-05c2-4946-bac1-3bd2b120e47e {{(pid=108348) get_metadata_by_instance_id /opt/stack/nova/nova/api/metadata/handler.py:84}}
Jun 12 10:31:10.994641 np0000179801 devstack@n-api-meta.service[108348]: [pid: 108348|app: 0|req: 4/16] 199.19.213.168 () {40 vars in 692 bytes} [Fri Jun 12 10:31:10 2026] GET /latest/meta-data/ami-manifest-path => generated 5 bytes in 4 msecs (HTTP/1.1 200) 3 headers in 98 bytes (1 switches on core 0)
Jun 12 10:31:11.001992 np0000179801 devstack@n-api-meta.service[108345]: DEBUG nova.api.metadata.handler [None req-12abd8db-64ad-4b60-af3b-c1ee1cb72e7b None None] Metadata request headers: {'Host': '199.19.213.168:8775', 'User-Agent': 'python-requests/2.34.2', 'Accept-Encoding': 'gzip, deflate', 'Accept': '*/*', 'Connection': 'keep-alive', 'X-Forwarded-For': '192.168.24.71', 'X-Instance-Id': '2aab3ca6-05c2-4946-bac1-3bd2b120e47e', 'X-Tenant-Id': '7508a882fb564a9a9588970dba9841f1', 'X-Instance-Id-Signature': '5193eea2efc34d7fd4524af786a8176e04ddb853776f072952277567f6f68b76'} {{(pid=108345) __call__ /opt/stack/nova/nova/api/metadata/handler.py:109}}
Jun 12 10:31:11.004740 np0000179801 devstack@n-api-meta.service[108345]: DEBUG nova.api.metadata.handler [None req-12abd8db-64ad-4b60-af3b-c1ee1cb72e7b None None] Using cached metadata for instance 2aab3ca6-05c2-4946-bac1-3bd2b120e47e {{(pid=108345) get_metadata_by_instance_id /opt/stack/nova/nova/api/metadata/handler.py:84}}
Jun 12 10:31:11.005361 np0000179801 devstack@n-api-meta.service[108345]: [pid: 108345|app: 0|req: 5/17] 199.19.213.168 () {40 vars in 674 bytes} [Fri Jun 12 10:31:11 2026] GET /latest/meta-data/hostname => generated 32 bytes in 4 msecs (HTTP/1.1 200) 3 headers in 99 bytes (1 switches on core 0)
Jun 12 10:31:11.011292 np0000179801 devstack@n-api-meta.service[108346]: DEBUG nova.api.metadata.handler [None req-9fca9aba-93a4-4269-8e00-bbfd8e8b4c78 None None] Metadata request headers: {'Host': '199.19.213.168:8775', 'User-Agent': 'python-requests/2.34.2', 'Accept-Encoding': 'gzip, deflate', 'Accept': '*/*', 'Connection': 'keep-alive', 'X-Forwarded-For': '192.168.24.71', 'X-Instance-Id': '2aab3ca6-05c2-4946-bac1-3bd2b120e47e', 'X-Tenant-Id': '7508a882fb564a9a9588970dba9841f1', 'X-Instance-Id-Signature': '5193eea2efc34d7fd4524af786a8176e04ddb853776f072952277567f6f68b76'} {{(pid=108346) __call__ /opt/stack/nova/nova/api/metadata/handler.py:109}}
Jun 12 10:31:11.013973 np0000179801 devstack@n-api-meta.service[108346]: DEBUG nova.api.metadata.handler [None req-9fca9aba-93a4-4269-8e00-bbfd8e8b4c78 None None] Using cached metadata for instance 2aab3ca6-05c2-4946-bac1-3bd2b120e47e {{(pid=108346) get_metadata_by_instance_id /opt/stack/nova/nova/api/metadata/handler.py:84}}
Jun 12 10:31:11.014642 np0000179801 devstack@n-api-meta.service[108346]: [pid: 108346|app: 0|req: 5/18] 199.19.213.168 () {40 vars in 688 bytes} [Fri Jun 12 10:31:11 2026] GET /latest/meta-data/instance-action => generated 4 bytes in 4 msecs (HTTP/1.1 200) 3 headers in 98 bytes (1 switches on core 0)
Jun 12 10:31:11.021930 np0000179801 devstack@n-api-meta.service[108347]: DEBUG nova.api.metadata.handler [None req-14b8ade7-73d5-4013-a7d8-4b9f519f2cd9 None None] Metadata request headers: {'Host': '199.19.213.168:8775', 'User-Agent': 'python-requests/2.34.2', 'Accept-Encoding': 'gzip, deflate', 'Accept': '*/*', 'Connection': 'keep-alive', 'X-Forwarded-For': '192.168.24.71', 'X-Instance-Id': '2aab3ca6-05c2-4946-bac1-3bd2b120e47e', 'X-Tenant-Id': '7508a882fb564a9a9588970dba9841f1', 'X-Instance-Id-Signature': '5193eea2efc34d7fd4524af786a8176e04ddb853776f072952277567f6f68b76'} {{(pid=108347) __call__ /opt/stack/nova/nova/api/metadata/handler.py:109}}
Jun 12 10:31:11.024527 np0000179801 devstack@n-api-meta.service[108347]: DEBUG nova.api.metadata.handler [None req-14b8ade7-73d5-4013-a7d8-4b9f519f2cd9 None None] Using cached metadata for instance 2aab3ca6-05c2-4946-bac1-3bd2b120e47e {{(pid=108347) get_metadata_by_instance_id /opt/stack/nova/nova/api/metadata/handler.py:84}}
Jun 12 10:31:11.025217 np0000179801 devstack@n-api-meta.service[108347]: [pid: 108347|app: 0|req: 5/19] 199.19.213.168 () {40 vars in 680 bytes} [Fri Jun 12 10:31:11 2026] GET /latest/meta-data/instance-id => generated 10 bytes in 4 msecs (HTTP/1.1 200) 3 headers in 99 bytes (1 switches on core 0)
Jun 12 10:31:11.031969 np0000179801 devstack@n-api-meta.service[108348]: DEBUG nova.api.metadata.handler [None req-aec392d6-8134-4e03-bece-c0e51c99b544 None None] Metadata request headers: {'Host': '199.19.213.168:8775', 'User-Agent': 'python-requests/2.34.2', 'Accept-Encoding': 'gzip, deflate', 'Accept': '*/*', 'Connection': 'keep-alive', 'X-Forwarded-For': '192.168.24.71', 'X-Instance-Id': '2aab3ca6-05c2-4946-bac1-3bd2b120e47e', 'X-Tenant-Id': '7508a882fb564a9a9588970dba9841f1', 'X-Instance-Id-Signature': '5193eea2efc34d7fd4524af786a8176e04ddb853776f072952277567f6f68b76'} {{(pid=108348) __call__ /opt/stack/nova/nova/api/metadata/handler.py:109}}
Jun 12 10:31:11.034635 np0000179801 devstack@n-api-meta.service[108348]: DEBUG nova.api.metadata.handler [None req-aec392d6-8134-4e03-bece-c0e51c99b544 None None] Using cached metadata for instance 2aab3ca6-05c2-4946-bac1-3bd2b120e47e {{(pid=108348) get_metadata_by_instance_id /opt/stack/nova/nova/api/metadata/handler.py:84}}
Jun 12 10:31:11.035255 np0000179801 devstack@n-api-meta.service[108348]: [pid: 108348|app: 0|req: 5/20] 199.19.213.168 () {40 vars in 684 bytes} [Fri Jun 12 10:31:11 2026] GET /latest/meta-data/instance-type => generated 8 bytes in 4 msecs (HTTP/1.1 200) 3 headers in 98 bytes (1 switches on core 0)
Jun 12 10:31:11.041463 np0000179801 devstack@n-api-meta.service[108345]: DEBUG nova.api.metadata.handler [None req-12abd8db-64ad-4b60-af3b-c1ee1cb72e7b None None] Metadata request headers: {'Host': '199.19.213.168:8775', 'User-Agent': 'python-requests/2.34.2', 'Accept-Encoding': 'gzip, deflate', 'Accept': '*/*', 'Connection': 'keep-alive', 'X-Forwarded-For': '192.168.24.71', 'X-Instance-Id': '2aab3ca6-05c2-4946-bac1-3bd2b120e47e', 'X-Tenant-Id': '7508a882fb564a9a9588970dba9841f1', 'X-Instance-Id-Signature': '5193eea2efc34d7fd4524af786a8176e04ddb853776f072952277567f6f68b76'} {{(pid=108345) __call__ /opt/stack/nova/nova/api/metadata/handler.py:109}}
Jun 12 10:31:11.044114 np0000179801 devstack@n-api-meta.service[108345]: DEBUG nova.api.metadata.handler [None req-12abd8db-64ad-4b60-af3b-c1ee1cb72e7b None None] Using cached metadata for instance 2aab3ca6-05c2-4946-bac1-3bd2b120e47e {{(pid=108345) get_metadata_by_instance_id /opt/stack/nova/nova/api/metadata/handler.py:84}}
Jun 12 10:31:11.044794 np0000179801 devstack@n-api-meta.service[108345]: [pid: 108345|app: 0|req: 6/21] 199.19.213.168 () {40 vars in 686 bytes} [Fri Jun 12 10:31:11 2026] GET /latest/meta-data/local-hostname => generated 32 bytes in 4 msecs (HTTP/1.1 200) 3 headers in 99 bytes (1 switches on core 0)
Jun 12 10:31:11.051205 np0000179801 devstack@n-api-meta.service[108346]: DEBUG nova.api.metadata.handler [None req-9fca9aba-93a4-4269-8e00-bbfd8e8b4c78 None None] Metadata request headers: {'Host': '199.19.213.168:8775', 'User-Agent': 'python-requests/2.34.2', 'Accept-Encoding': 'gzip, deflate', 'Accept': '*/*', 'Connection': 'keep-alive', 'X-Forwarded-For': '192.168.24.71', 'X-Instance-Id': '2aab3ca6-05c2-4946-bac1-3bd2b120e47e', 'X-Tenant-Id': '7508a882fb564a9a9588970dba9841f1', 'X-Instance-Id-Signature': '5193eea2efc34d7fd4524af786a8176e04ddb853776f072952277567f6f68b76'} {{(pid=108346) __call__ /opt/stack/nova/nova/api/metadata/handler.py:109}}
Jun 12 10:31:11.053981 np0000179801 devstack@n-api-meta.service[108346]: DEBUG nova.api.metadata.handler [None req-9fca9aba-93a4-4269-8e00-bbfd8e8b4c78 None None] Using cached metadata for instance 2aab3ca6-05c2-4946-bac1-3bd2b120e47e {{(pid=108346) get_metadata_by_instance_id /opt/stack/nova/nova/api/metadata/handler.py:84}}
Jun 12 10:31:11.054450 np0000179801 devstack@n-api-meta.service[108346]: [pid: 108346|app: 0|req: 6/22] 199.19.213.168 () {40 vars in 676 bytes} [Fri Jun 12 10:31:11 2026] GET /latest/meta-data/local-ipv4 => generated 13 bytes in 4 msecs (HTTP/1.1 200) 3 headers in 99 bytes (1 switches on core 0)
Jun 12 10:31:11.062142 np0000179801 devstack@n-api-meta.service[108347]: DEBUG nova.api.metadata.handler [None req-14b8ade7-73d5-4013-a7d8-4b9f519f2cd9 None None] Metadata request headers: {'Host': '199.19.213.168:8775', 'User-Agent': 'python-requests/2.34.2', 'Accept-Encoding': 'gzip, deflate', 'Accept': '*/*', 'Connection': 'keep-alive', 'X-Forwarded-For': '192.168.24.71', 'X-Instance-Id': '2aab3ca6-05c2-4946-bac1-3bd2b120e47e', 'X-Tenant-Id': '7508a882fb564a9a9588970dba9841f1', 'X-Instance-Id-Signature': '5193eea2efc34d7fd4524af786a8176e04ddb853776f072952277567f6f68b76'} {{(pid=108347) __call__ /opt/stack/nova/nova/api/metadata/handler.py:109}}
Jun 12 10:31:11.064951 np0000179801 devstack@n-api-meta.service[108347]: DEBUG nova.api.metadata.handler [None req-14b8ade7-73d5-4013-a7d8-4b9f519f2cd9 None None] Using cached metadata for instance 2aab3ca6-05c2-4946-bac1-3bd2b120e47e {{(pid=108347) get_metadata_by_instance_id /opt/stack/nova/nova/api/metadata/handler.py:84}}
Jun 12 10:31:11.065608 np0000179801 devstack@n-api-meta.service[108347]: [pid: 108347|app: 0|req: 6/23] 199.19.213.168 () {40 vars in 687 bytes} [Fri Jun 12 10:31:11 2026] GET /latest/meta-data/public-hostname => generated 32 bytes in 4 msecs (HTTP/1.1 200) 3 headers in 99 bytes (1 switches on core 0)
Jun 12 10:31:11.073365 np0000179801 devstack@n-api-meta.service[108348]: DEBUG nova.api.metadata.handler [None req-aec392d6-8134-4e03-bece-c0e51c99b544 None None] Metadata request headers: {'Host': '199.19.213.168:8775', 'User-Agent': 'python-requests/2.34.2', 'Accept-Encoding': 'gzip, deflate', 'Accept': '*/*', 'Connection': 'keep-alive', 'X-Forwarded-For': '192.168.24.71', 'X-Instance-Id': '2aab3ca6-05c2-4946-bac1-3bd2b120e47e', 'X-Tenant-Id': '7508a882fb564a9a9588970dba9841f1', 'X-Instance-Id-Signature': '5193eea2efc34d7fd4524af786a8176e04ddb853776f072952277567f6f68b76'} {{(pid=108348) __call__ /opt/stack/nova/nova/api/metadata/handler.py:109}}
