2026-06-02 08:10:03.472 8 INFO neutron.plugins.ml2.drivers.ovn.mech_driver.ovsdb.commands [None req-6450782c-7924-4d73-9053-3022bf545141 - - - - - -] Schedule LRP lrp-cb88d3e5-9318-467a-88a8-496f7af57285 on gateway bd8c2901-1339-49e4-af67-a58847705048 with priority 1 [pid: 7|app: 0|req: 1260/2589] 10.0.0.75 () {32 vars in 691 bytes} [Tue Jun 2 08:10:03 2026] GET /v2.0/trunks?not-tags-any=red%2Cblue => generated 819 bytes in 27 msecs (HTTP/1.1 200) 4 headers in 157 bytes (1 switches on core 0) [pid: 7|app: 0|req: 1261/2590] 10.0.0.75 () {32 vars in 718 bytes} [Tue Jun 2 08:10:03 2026] GET /v2.0/trunks/7f5551dc-dfd2-4b10-af60-8cfcfd740af6 => generated 414 bytes in 40 msecs (HTTP/1.1 200) 4 headers in 157 bytes (1 switches on core 0)
2026-06-02 08:10:03.553 8 INFO neutron.db.ovn_revision_numbers_db [None req-39d1a970-08b0-40b5-94c8-2065dbcb986f 02a6adeb11e34d3b8d03268644e0c2ac 8a59ab511d334c05812985e3c860f122 - - default default] Successfully bumped revision number for resource cb88d3e5-9318-467a-88a8-496f7af57285 (type: router_ports) to 1
2026-06-02 08:10:03.598 8 INFO neutron.plugins.ml2.drivers.ovn.mech_driver.mech_driver [None req-11bc13d7-944b-4b06-aa37-3364dac205bb - - - - - -] OVN reports status up for port: 7cfac8f2-25ef-4114-9483-11acea38133a
2026-06-02 08:10:03.620 8 INFO neutron.plugins.ml2.plugin [None req-11bc13d7-944b-4b06-aa37-3364dac205bb - - - - - -] Attempt 1 to provision port 7cfac8f2-25ef-4114-9483-11acea38133a [pid: 7|app: 0|req: 1262/2591] 10.0.0.75 () {32 vars in 716 bytes} [Tue Jun 2 08:10:03 2026] GET /v2.0/ports/3800e259-abf6-4b33-9dba-6d1efe19ade6 => generated 826 bytes in 121 msecs (HTTP/1.1 200) 4 headers in 157 bytes (1 switches on core 0)
2026-06-02 08:10:03.662 8 INFO neutron.db.ovn_revision_numbers_db [None req-39d1a970-08b0-40b5-94c8-2065dbcb986f 02a6adeb11e34d3b8d03268644e0c2ac 8a59ab511d334c05812985e3c860f122 - - default default] Successfully bumped revision number for resource a32d9960-546e-4df3-8629-092c9d6dcdf4 (type: routers) to 2 [pid: 8|app: 0|req: 1330/2592] 10.0.0.75 () {34 vars in 668 bytes} [Tue Jun 2 08:10:00 2026] POST /v2.0/routers => generated 937 bytes in 2851 msecs (HTTP/1.1 201) 4 headers in 162 bytes (1 switches on core 0) [pid: 8|app: 0|req: 1331/2593] 10.0.0.75 () {32 vars in 721 bytes} [Tue Jun 2 08:10:03 2026] DELETE /v2.0/trunks/7f5551dc-dfd2-4b10-af60-8cfcfd740af6 => generated 0 bytes in 131 msecs (HTTP/1.1 204) 2 headers in 112 bytes (1 switches on core 0) [pid: 7|app: 0|req: 1263/2594] 10.0.0.75 () {34 vars in 675 bytes} [Tue Jun 2 08:10:03 2026] POST /v2.0/subnetpools => generated 548 bytes in 254 msecs (HTTP/1.1 201) 4 headers in 162 bytes (1 switches on core 0) [pid: 7|app: 0|req: 1264/2595] 10.0.0.75 () {32 vars in 718 bytes} [Tue Jun 2 08:10:03 2026] GET /v2.0/trunks/1ed1447c-2838-4272-b399-3908aba31b06 => generated 422 bytes in 15 msecs (HTTP/1.1 200) 4 headers in 157 bytes (1 switches on core 0) [pid: 7|app: 0|req: 1265/2596] 10.0.0.75 () {32 vars in 728 bytes} [Tue Jun 2 08:10:03 2026] GET /v2.0/subnetpools/55f6d501-27a3-4036-9f08-9f3679988024 => generated 548 bytes in 22 msecs (HTTP/1.1 200) 4 headers in 157 bytes (1 switches on core 0) [pid: 7|app: 0|req: 1266/2597] 10.0.0.75 () {32 vars in 716 bytes} [Tue Jun 2 08:10:03 2026] GET /v2.0/ports/de6373eb-186d-4b35-aa0e-fa16c9789673 => generated 826 bytes in 89 msecs (HTTP/1.1 200) 4 headers in 157 bytes (1 switches on core 0)
2026-06-02 08:10:04.028 8 INFO neutron.db.ovn_revision_numbers_db [None req-11bc13d7-944b-4b06-aa37-3364dac205bb - - - - - -] Successfully bumped revision number for resource 7cfac8f2-25ef-4114-9483-11acea38133a (type: ports) to 4 [pid: 7|app: 0|req: 1267/2598] 10.0.0.75 () {34 vars in 748 bytes} [Tue Jun 2 08:10:04 2026] PUT /v2.0/subnetpools/55f6d501-27a3-4036-9f08-9f3679988024 => generated 500 bytes in 89 msecs (HTTP/1.1 200) 4 headers in 157 bytes (1 switches on core 0) [pid: 7|app: 0|req: 1268/2599] 10.0.0.75 () {32 vars in 721 bytes} [Tue Jun 2 08:10:04 2026] DELETE /v2.0/trunks/1ed1447c-2838-4272-b399-3908aba31b06 => generated 0 bytes in 84 msecs (HTTP/1.1 204) 2 headers in 112 bytes (1 switches on core 0) [pid: 7|app: 0|req: 1269/2600] 10.0.0.75 () {32 vars in 731 bytes} [Tue Jun 2 08:10:04 2026] DELETE /v2.0/subnetpools/55f6d501-27a3-4036-9f08-9f3679988024 => generated 0 bytes in 77 msecs (HTTP/1.1 204) 2 headers in 112 bytes (1 switches on core 0) [pid: 7|app: 0|req: 1270/2601] 10.0.0.75 () {32 vars in 718 bytes} [Tue Jun 2 08:10:04 2026] GET /v2.0/trunks/cfc73f69-84a1-4ded-99d9-9bf73b898349 => generated 431 bytes in 16 msecs (HTTP/1.1 200) 4 headers in 157 bytes (1 switches on core 0)
2026-06-02 08:10:04.304 7 INFO neutron.api.v2.resource [None req-48e9231a-97bc-476e-a8e0-19c027a8f96c ea04f9f7c3284684b2b1d8a60ed74428 b530ae9832cd446b86388cb6257278fb - - default default] show failed (client error): The resource could not be found. [pid: 7|app: 0|req: 1271/2602] 10.0.0.75 () {32 vars in 728 bytes} [Tue Jun 2 08:10:04 2026] GET /v2.0/subnetpools/55f6d501-27a3-4036-9f08-9f3679988024 => generated 145 bytes in 8 msecs (HTTP/1.1 404) 4 headers in 164 bytes (1 switches on core 0) [pid: 7|app: 0|req: 1272/2603] 10.0.0.75 () {32 vars in 716 bytes} [Tue Jun 2 08:10:04 2026] GET /v2.0/ports/8912b109-8166-46bd-be1b-13c9100d06c5 => generated 826 bytes in 73 msecs (HTTP/1.1 200) 4 headers in 157 bytes (1 switches on core 0)
2026-06-02 08:10:04.389 7 INFO neutron.api.v2.resource [None req-4817ad8f-fac9-45cc-9b3d-d90b4faac6a9 ea04f9f7c3284684b2b1d8a60ed74428 b530ae9832cd446b86388cb6257278fb - - default default] delete failed (client error): The resource could not be found. [pid: 7|app: 0|req: 1273/2604] 10.0.0.75 () {32 vars in 731 bytes} [Tue Jun 2 08:10:04 2026] DELETE /v2.0/subnetpools/55f6d501-27a3-4036-9f08-9f3679988024 => generated 145 bytes in 11 msecs (HTTP/1.1 404) 4 headers in 164 bytes (1 switches on core 0) [pid: 7|app: 0|req: 1274/2605] 10.0.0.75 () {32 vars in 721 bytes} [Tue Jun 2 08:10:04 2026] DELETE /v2.0/trunks/cfc73f69-84a1-4ded-99d9-9bf73b898349 => generated 0 bytes in 77 msecs (HTTP/1.1 204) 2 headers in 112 bytes (1 switches on core 0) [pid: 7|app: 0|req: 1275/2606] 199.19.213.156 () {34 vars in 1262 bytes} [Tue Jun 2 08:10:04 2026] GET /v2.0/ports/8ec33416-de70-4bac-bb43-d7bb90f7383f?fields=binding%3Avnic_type&fields=binding%3Aprofile&fields=network_id&fields=resource_request&fields=numa_affinity_policy&fields=device_profile => generated 136 bytes in 28 msecs (HTTP/1.1 200) 4 headers in 157 bytes (1 switches on core 0) [pid: 7|app: 0|req: 1276/2607] 10.0.0.75 () {32 vars in 718 bytes} [Tue Jun 2 08:10:04 2026] GET /v2.0/trunks/27aba33e-d574-48d4-a4fd-c54658231b37 => generated 416 bytes in 17 msecs (HTTP/1.1 200) 4 headers in 157 bytes (1 switches on core 0) [pid: 7|app: 0|req: 1277/2608] 199.19.213.156 () {34 vars in 1012 bytes} [Tue Jun 2 08:10:04 2026] GET /v2.0/networks/084040b1-b700-4901-b901-7b87474cd68a?fields=segments => generated 14 bytes in 53 msecs (HTTP/1.1 200) 4 headers in 156 bytes (1 switches on core 0)
2026-06-02 08:10:04.617 8 WARNING neutron.scheduler.dhcp_agent_scheduler [None req-4c9d90bd-d004-4863-a3d2-81ecb86d41d3 02a6adeb11e34d3b8d03268644e0c2ac 8a59ab511d334c05812985e3c860f122 - - default default] No more DHCP agents
2026-06-02 08:10:04.618 8 WARNING neutron.api.rpc.agentnotifiers.dhcp_rpc_agent_api [None req-4c9d90bd-d004-4863-a3d2-81ecb86d41d3 02a6adeb11e34d3b8d03268644e0c2ac 8a59ab511d334c05812985e3c860f122 - - default default] Unable to schedule network 8a73e509-2ee3-45a6-a349-1e11385a8a84: no agents available; will retry on subsequent port and subnet creation events. [pid: 7|app: 0|req: 1278/2609] 10.0.0.75 () {32 vars in 716 bytes} [Tue Jun 2 08:10:04 2026] GET /v2.0/ports/8c7445fa-d90d-4bd9-85eb-4983fe331e92 => generated 826 bytes in 97 msecs (HTTP/1.1 200) 4 headers in 157 bytes (1 switches on core 0) [pid: 7|app: 0|req: 1279/2610] 199.19.213.156 () {34 vars in 1112 bytes} [Tue Jun 2 08:10:04 2026] GET /v2.0/networks/084040b1-b700-4901-b901-7b87474cd68a?fields=provider%3Aphysical_network&fields=provider%3Anetwork_type => generated 79 bytes in 40 msecs (HTTP/1.1 200) 4 headers in 156 bytes (1 switches on core 0)
2026-06-02 08:10:04.766 8 INFO neutron.db.ovn_revision_numbers_db [None req-4c9d90bd-d004-4863-a3d2-81ecb86d41d3 02a6adeb11e34d3b8d03268644e0c2ac 8a59ab511d334c05812985e3c860f122 - - default default] Successfully bumped revision number for resource ebaf8369-02de-441f-8a5a-53f66346800e (type: ports) to 1 [pid: 7|app: 0|req: 1280/2611] 10.0.0.75 () {32 vars in 721 bytes} [Tue Jun 2 08:10:04 2026] DELETE /v2.0/trunks/27aba33e-d574-48d4-a4fd-c54658231b37 => generated 0 bytes in 80 msecs (HTTP/1.1 204) 2 headers in 112 bytes (1 switches on core 0) [pid: 7|app: 0|req: 1281/2612] 10.0.0.75 () {32 vars in 718 bytes} [Tue Jun 2 08:10:04 2026] GET /v2.0/trunks/b6f60939-0525-4e85-9528-1bbb997db78d => generated 409 bytes in 12 msecs (HTTP/1.1 200) 4 headers in 157 bytes (1 switches on core 0) [pid: 7|app: 0|req: 1282/2613] 10.0.0.75 () {32 vars in 716 bytes} [Tue Jun 2 08:10:04 2026] GET /v2.0/ports/67e2f3df-3dad-4b4e-91bf-d212955bb991 => generated 826 bytes in 51 msecs (HTTP/1.1 200) 4 headers in 157 bytes (1 switches on core 0) [pid: 7|app: 0|req: 1283/2614] 10.0.0.75 () {32 vars in 721 bytes} [Tue Jun 2 08:10:04 2026] DELETE /v2.0/trunks/b6f60939-0525-4e85-9528-1bbb997db78d => generated 0 bytes in 50 msecs (HTTP/1.1 204) 2 headers in 112 bytes (1 switches on core 0)
2026-06-02 08:10:05.030 7 INFO neutron_taas.services.taas.taas_plugin [None req-d6262b05-ce88-4cc7-99d7-57ec04eada75 19b34da85eef4652a153cbd8f5f771eb 9409713591d34ba09577d9e954fcae6d - - default default] TaaS: Handle Delete Port: 3800e259-abf6-4b33-9dba-6d1efe19ade6
2026-06-02 08:10:05.033 7 INFO neutron_taas.services.taas.tap_mirror_plugin [None req-d6262b05-ce88-4cc7-99d7-57ec04eada75 19b34da85eef4652a153cbd8f5f771eb 9409713591d34ba09577d9e954fcae6d - - default default] Tap Mirror: Handle Delete Port: 3800e259-abf6-4b33-9dba-6d1efe19ade6 [pid: 7|app: 0|req: 1284/2615] 10.0.0.75 () {32 vars in 719 bytes} [Tue Jun 2 08:10:04 2026] DELETE /v2.0/ports/3800e259-abf6-4b33-9dba-6d1efe19ade6 => generated 0 bytes in 247 msecs (HTTP/1.1 204) 3 headers in 131 bytes (1 switches on core 0)
2026-06-02 08:10:05.383 7 INFO neutron.db.ovn_revision_numbers_db [None req-e6674d5e-07b6-4a39-9b9a-17ec356a9362 2603419fbb6644ac8d3a3a33515bf4ba 9df0bad1fb9f424ca847822022316982 - - default default] Successfully bumped revision number for resource 9ff26d64-23bc-4078-a016-708ab91dc25d (type: security_groups) to 1
2026-06-02 08:10:05.394 7 INFO neutron.db.ovn_revision_numbers_db [None req-e6674d5e-07b6-4a39-9b9a-17ec356a9362 2603419fbb6644ac8d3a3a33515bf4ba 9df0bad1fb9f424ca847822022316982 - - default default] Successfully bumped revision number for resource 162d14b2-13ab-481c-89be-415104b9f64b (type: security_group_rules) to 0
2026-06-02 08:10:05.405 7 INFO neutron.db.ovn_revision_numbers_db [None req-e6674d5e-07b6-4a39-9b9a-17ec356a9362 2603419fbb6644ac8d3a3a33515bf4ba 9df0bad1fb9f424ca847822022316982 - - default default] Successfully bumped revision number for resource 57265bd2-3b75-4da8-8ff5-c7fa334fdb0a (type: security_group_rules) to 0
2026-06-02 08:10:05.417 7 INFO neutron.db.ovn_revision_numbers_db [None req-e6674d5e-07b6-4a39-9b9a-17ec356a9362 2603419fbb6644ac8d3a3a33515bf4ba 9df0bad1fb9f424ca847822022316982 - - default default] Successfully bumped revision number for resource c0faa9b4-1f4d-482f-b77f-8fe3c8ddc155 (type: security_group_rules) to 0
2026-06-02 08:10:05.429 7 INFO neutron.db.ovn_revision_numbers_db [None req-e6674d5e-07b6-4a39-9b9a-17ec356a9362 2603419fbb6644ac8d3a3a33515bf4ba 9df0bad1fb9f424ca847822022316982 - - default default] Successfully bumped revision number for resource e3f18d1a-019b-4419-8170-b49f73db9840 (type: security_group_rules) to 0 [pid: 7|app: 0|req: 1285/2616] 10.0.0.75 () {32 vars in 773 bytes} [Tue Jun 2 08:10:05 2026] GET /v2.0/security-groups?tenant_id=b530ae9832cd446b86388cb6257278fb&name=default => generated 2925 bytes in 304 msecs (HTTP/1.1 200) 4 headers in 158 bytes (1 switches on core 0)
2026-06-02 08:10:05.578 8 WARNING neutron.scheduler.dhcp_agent_scheduler [None req-4c9d90bd-d004-4863-a3d2-81ecb86d41d3 02a6adeb11e34d3b8d03268644e0c2ac 8a59ab511d334c05812985e3c860f122 - - default default] No more DHCP agents
2026-06-02 08:10:05.579 8 WARNING neutron.api.rpc.agentnotifiers.dhcp_rpc_agent_api [None req-4c9d90bd-d004-4863-a3d2-81ecb86d41d3 02a6adeb11e34d3b8d03268644e0c2ac 8a59ab511d334c05812985e3c860f122 - - default default] Unable to schedule network 8a73e509-2ee3-45a6-a349-1e11385a8a84: no agents available; will retry on subsequent port and subnet creation events.
2026-06-02 08:10:05.610 7 INFO neutron_taas.services.taas.taas_plugin [None req-11e8037f-ff0b-4349-afb5-54ade3114531 19b34da85eef4652a153cbd8f5f771eb 9409713591d34ba09577d9e954fcae6d - - default default] TaaS: Handle Delete Port: de6373eb-186d-4b35-aa0e-fa16c9789673
2026-06-02 08:10:05.616 7 INFO neutron_taas.services.taas.tap_mirror_plugin [None req-11e8037f-ff0b-4349-afb5-54ade3114531 19b34da85eef4652a153cbd8f5f771eb 9409713591d34ba09577d9e954fcae6d - - default default] Tap Mirror: Handle Delete Port: de6373eb-186d-4b35-aa0e-fa16c9789673
2026-06-02 08:10:05.633 7 WARNING neutron.plugins.ml2.drivers.ovn.mech_driver.ovsdb.ovn_client [None req-e35325e2-37dd-4c84-a61b-33cf76ed2d2a - - - - - -] No hosting information found for port b2835d8c-9dcd-494b-8b54-2effe53a68e6: RuntimeError: No hosting information found for port b2835d8c-9dcd-494b-8b54-2effe53a68e6
2026-06-02 08:10:05.762 7 INFO neutron.db.ovn_revision_numbers_db [None req-e35325e2-37dd-4c84-a61b-33cf76ed2d2a - - - - - -] Successfully bumped revision number for resource b2835d8c-9dcd-494b-8b54-2effe53a68e6 (type: router_ports) to 2
2026-06-02 08:10:05.848 7 INFO neutron.plugins.ml2.drivers.ovn.mech_driver.mech_driver [None req-e35325e2-37dd-4c84-a61b-33cf76ed2d2a - - - - - -] OVN reports status down for port: 5eb65cb3-a032-450e-af67-c199dc5ac095 [pid: 7|app: 0|req: 1286/2617] 10.0.0.75 () {32 vars in 719 bytes} [Tue Jun 2 08:10:05 2026] DELETE /v2.0/ports/de6373eb-186d-4b35-aa0e-fa16c9789673 => generated 0 bytes in 406 msecs (HTTP/1.1 204) 3 headers in 131 bytes (1 switches on core 0) [pid: 7|app: 0|req: 1287/2618] 199.19.213.156 () {34 vars in 975 bytes} [Tue Jun 2 08:10:05 2026] GET /v2.0/ports/8ec33416-de70-4bac-bb43-d7bb90f7383f => generated 1055 bytes in 76 msecs (HTTP/1.1 200) 4 headers in 158 bytes (1 switches on core 0)
2026-06-02 08:10:05.966 8 INFO neutron.db.ovn_revision_numbers_db [None req-4c9d90bd-d004-4863-a3d2-81ecb86d41d3 02a6adeb11e34d3b8d03268644e0c2ac 8a59ab511d334c05812985e3c860f122 - - default default] Successfully bumped revision number for resource ebaf8369-02de-441f-8a5a-53f66346800e (type: router_ports) to 1 [pid: 8|app: 0|req: 1332/2619] 10.0.0.75 () {34 vars in 782 bytes} [Tue Jun 2 08:10:03 2026] PUT /v2.0/routers/a32d9960-546e-4df3-8629-092c9d6dcdf4/add_router_interface => generated 309 bytes in 2144 msecs (HTTP/1.1 200) 4 headers in 157 bytes (1 switches on core 0)
2026-06-02 08:10:06.076 7 INFO neutron.plugins.ml2.drivers.ovn.mech_driver.mech_driver [None req-e35325e2-37dd-4c84-a61b-33cf76ed2d2a - - - - - -] OVN reports status down for port: 3800e259-abf6-4b33-9dba-6d1efe19ade6
2026-06-02 08:10:06.100 7 INFO neutron.plugins.ml2.drivers.ovn.mech_driver.mech_driver [None req-e35325e2-37dd-4c84-a61b-33cf76ed2d2a - - - - - -] OVN reports status down for port: 36692384-47e4-485d-9eba-a41387db9d52
2026-06-02 08:10:06.110 8 INFO neutron_taas.services.taas.taas_plugin [None req-73b9d0ff-af5a-4e2a-bb5d-357838a77271 19b34da85eef4652a153cbd8f5f771eb 9409713591d34ba09577d9e954fcae6d - - default default] TaaS: Handle Delete Port: 8912b109-8166-46bd-be1b-13c9100d06c5
2026-06-02 08:10:06.116 8 INFO neutron_taas.services.taas.tap_mirror_plugin [None req-73b9d0ff-af5a-4e2a-bb5d-357838a77271 19b34da85eef4652a153cbd8f5f771eb 9409713591d34ba09577d9e954fcae6d - - default default] Tap Mirror: Handle Delete Port: 8912b109-8166-46bd-be1b-13c9100d06c5 [pid: 8|app: 0|req: 1333/2620] 10.0.0.75 () {32 vars in 719 bytes} [Tue Jun 2 08:10:05 2026] DELETE /v2.0/ports/8912b109-8166-46bd-be1b-13c9100d06c5 => generated 0 bytes in 276 msecs (HTTP/1.1 204) 3 headers in 131 bytes (1 switches on core 0)
2026-06-02 08:10:06.255 7 INFO neutron.plugins.ml2.drivers.ovn.mech_driver.mech_driver [None req-e35325e2-37dd-4c84-a61b-33cf76ed2d2a - - - - - -] OVN reports status down for port: de6373eb-186d-4b35-aa0e-fa16c9789673
2026-06-02 08:10:06.274 7 INFO neutron.plugins.ml2.drivers.ovn.mech_driver.mech_driver [None req-e35325e2-37dd-4c84-a61b-33cf76ed2d2a - - - - - -] OVN reports status down for port: 8912b109-8166-46bd-be1b-13c9100d06c5
2026-06-02 08:10:06.290 7 INFO neutron.plugins.ml2.drivers.ovn.mech_driver.mech_driver [None req-e35325e2-37dd-4c84-a61b-33cf76ed2d2a - - - - - -] OVN reports status down for port: 04194fcc-cdfb-40b6-ac90-ec7c1ed07904 [pid: 8|app: 0|req: 1334/2621] 199.19.213.156 () {34 vars in 986 bytes} [Tue Jun 2 08:10:06 2026] GET /v2.0/networks?id=084040b1-b700-4901-b901-7b87474cd68a => generated 843 bytes in 59 msecs (HTTP/1.1 200) 4 headers in 157 bytes (1 switches on core 0)
2026-06-02 08:10:06.443 7 INFO neutron.plugins.ml2.drivers.ovn.mech_driver.mech_driver [None req-e35325e2-37dd-4c84-a61b-33cf76ed2d2a - - - - - -] OVN reports status down for port: cb88d3e5-9318-467a-88a8-496f7af57285 [pid: 7|app: 0|req: 1288/2622] 10.0.0.75 () {32 vars in 739 bytes} [Tue Jun 2 08:10:05 2026] DELETE /v2.0/security-groups/9ff26d64-23bc-4078-a016-708ab91dc25d => generated 0 bytes in 513 msecs (HTTP/1.1 204) 2 headers in 112 bytes (1 switches on core 0)
2026-06-02 08:10:06.582 7 WARNING neutron.plugins.ml2.drivers.ovn.mech_driver.ovsdb.ovn_client [None req-e35325e2-37dd-4c84-a61b-33cf76ed2d2a - - - - - -] Logical_Switch_Port cb88d3e5-9318-467a-88a8-496f7af57285 host information not removed, the port state is up
2026-06-02 08:10:06.585 7 INFO neutron.plugins.ml2.drivers.ovn.mech_driver.mech_driver [None req-e35325e2-37dd-4c84-a61b-33cf76ed2d2a - - - - - -] OVN reports status down for port: 67e2f3df-3dad-4b4e-91bf-d212955bb991
2026-06-02 08:10:06.678 7 INFO neutron_taas.services.taas.taas_plugin [None req-ce419b52-2688-4ce6-b2d4-57c3808e9a04 19b34da85eef4652a153cbd8f5f771eb 9409713591d34ba09577d9e954fcae6d - - default default] TaaS: Handle Delete Port: 8c7445fa-d90d-4bd9-85eb-4983fe331e92
2026-06-02 08:10:06.685 7 INFO neutron_taas.services.taas.tap_mirror_plugin [None req-ce419b52-2688-4ce6-b2d4-57c3808e9a04 19b34da85eef4652a153cbd8f5f771eb 9409713591d34ba09577d9e954fcae6d - - default default] Tap Mirror: Handle Delete Port: 8c7445fa-d90d-4bd9-85eb-4983fe331e92
2026-06-02 08:10:06.705 7 INFO neutron.plugins.ml2.drivers.ovn.mech_driver.mech_driver [None req-e35325e2-37dd-4c84-a61b-33cf76ed2d2a - - - - - -] OVN reports status down for port: 8ec33416-de70-4bac-bb43-d7bb90f7383f
2026-06-02 08:10:06.869 7 INFO neutron.plugins.ml2.drivers.ovn.mech_driver.mech_driver [None req-e35325e2-37dd-4c84-a61b-33cf76ed2d2a - - - - - -] OVN reports status up for port: cb88d3e5-9318-467a-88a8-496f7af57285 [pid: 7|app: 0|req: 1289/2623] 10.0.0.75 () {32 vars in 719 bytes} [Tue Jun 2 08:10:06 2026] DELETE /v2.0/ports/8c7445fa-d90d-4bd9-85eb-4983fe331e92 => generated 0 bytes in 423 msecs (HTTP/1.1 204) 3 headers in 131 bytes (1 switches on core 0)
2026-06-02 08:10:06.898 7 INFO neutron.plugins.ml2.plugin [None req-e35325e2-37dd-4c84-a61b-33cf76ed2d2a - - - - - -] Attempt 1 to provision port cb88d3e5-9318-467a-88a8-496f7af57285
2026-06-02 08:10:06.925 8 WARNING neutron.scheduler.dhcp_agent_scheduler [None req-c0c8aca7-5d2f-44d1-9279-f2b952e383f9 - - - - - -] No more DHCP agents
2026-06-02 08:10:06.927 8 WARNING neutron.api.rpc.agentnotifiers.dhcp_rpc_agent_api [None req-c0c8aca7-5d2f-44d1-9279-f2b952e383f9 - - - - - -] Unable to schedule network 0c6ed45f-6be5-4925-b09f-b5729df95a98: no agents available; will retry on subsequent port and subnet creation events.
2026-06-02 08:10:07.043 8 INFO neutron.plugins.ml2.drivers.ovn.mech_driver.mech_driver [None req-e7d4bbcd-41b9-45ec-8369-545aa8a60a81 - - - - - -] OVN reports status down for port: 3362c428-41fd-40b1-8891-da7583d907a1
2026-06-02 08:10:07.109 8 INFO neutron.db.ovn_revision_numbers_db [None req-c0c8aca7-5d2f-44d1-9279-f2b952e383f9 - - - - - -] Successfully bumped revision number for resource 3362c428-41fd-40b1-8891-da7583d907a1 (type: ports) to 1
2026-06-02 08:10:07.361 8 INFO neutron.db.ovn_revision_numbers_db [None req-c0c8aca7-5d2f-44d1-9279-f2b952e383f9 - - - - - -] Successfully bumped revision number for resource 3362c428-41fd-40b1-8891-da7583d907a1 (type: ports) to 3
2026-06-02 08:10:07.425 8 INFO neutron.db.segments_db [None req-c0c8aca7-5d2f-44d1-9279-f2b952e383f9 - - - - - -] Added segment 7e62de94-2d03-490b-9e3b-2e5230d6fe14 of type geneve for network 6009d7a2-718a-4da6-aaef-dd249d1afbcb
2026-06-02 08:10:07.570 8 INFO neutron.db.ovn_revision_numbers_db [None req-e2c00fe7-d663-4dec-b06e-f786bf7a1c3b - - - - - -] Successfully bumped revision number for resource 6009d7a2-718a-4da6-aaef-dd249d1afbcb (type: networks) to 1
2026-06-02 08:10:07.712 8 WARNING neutron.scheduler.dhcp_agent_scheduler [None req-e2c00fe7-d663-4dec-b06e-f786bf7a1c3b - - - - - -] No more DHCP agents
2026-06-02 08:10:07.714 8 WARNING neutron.api.rpc.agentnotifiers.dhcp_rpc_agent_api [None req-e2c00fe7-d663-4dec-b06e-f786bf7a1c3b - - - - - -] Unable to schedule network 6009d7a2-718a-4da6-aaef-dd249d1afbcb: no agents available; will retry on subsequent port and subnet creation events.
2026-06-02 08:10:07.793 8 INFO neutron.db.ovn_revision_numbers_db [None req-e2c00fe7-d663-4dec-b06e-f786bf7a1c3b - - - - - -] Successfully bumped revision number for resource 4ddd0234-6462-49b1-a359-d6b8527a627c (type: ports) to 1
2026-06-02 08:10:07.911 8 WARNING neutron.scheduler.dhcp_agent_scheduler [None req-e2c00fe7-d663-4dec-b06e-f786bf7a1c3b - - - - - -] No more DHCP agents
2026-06-02 08:10:07.912 8 WARNING neutron.api.rpc.agentnotifiers.dhcp_rpc_agent_api [None req-e2c00fe7-d663-4dec-b06e-f786bf7a1c3b - - - - - -] Unable to schedule network 6009d7a2-718a-4da6-aaef-dd249d1afbcb: no agents available; will retry on subsequent port and subnet creation events.
2026-06-02 08:10:07.931 8 INFO neutron.db.ovn_revision_numbers_db [None req-e2c00fe7-d663-4dec-b06e-f786bf7a1c3b - - - - - -] Successfully bumped revision number for resource 0a1ba192-4565-49ef-a841-22d74600fcb6 (type: subnets) to 0
2026-06-02 08:10:08.317 8 WARNING neutron.scheduler.dhcp_agent_scheduler [None req-e2c00fe7-d663-4dec-b06e-f786bf7a1c3b - - - - - -] No more DHCP agents
2026-06-02 08:10:08.318 8 WARNING neutron.api.rpc.agentnotifiers.dhcp_rpc_agent_api [None req-e2c00fe7-d663-4dec-b06e-f786bf7a1c3b - - - - - -] Unable to schedule network 6009d7a2-718a-4da6-aaef-dd249d1afbcb: no agents available; will retry on subsequent port and subnet creation events.
2026-06-02 08:10:08.356 7 INFO neutron.db.ovn_revision_numbers_db [req-e47e4153-dd24-4ab2-bef9-53860107fb5e req-9e66f448-8075-4303-a6cb-651fe15d00c6 0971ad32d9384eac9ea5e30823dc46e1 e39849b2188344d39b68908c31f92679 - - e143ad1e9d8f41cdbea10cdf537183d4 e143ad1e9d8f41cdbea10cdf537183d4] Successfully bumped revision number for resource 8ec33416-de70-4bac-bb43-d7bb90f7383f (type: ports) to 2
2026-06-02 08:10:08.411 8 INFO neutron.plugins.ml2.drivers.ovn.mech_driver.mech_driver [None req-e7d4bbcd-41b9-45ec-8369-545aa8a60a81 - - - - - -] OVN reports status down for port: 833cda36-4255-4100-82e3-377595daaa58
2026-06-02 08:10:08.498 8 INFO neutron.db.ovn_revision_numbers_db [None req-e2c00fe7-d663-4dec-b06e-f786bf7a1c3b - - - - - -] Successfully bumped revision number for resource 833cda36-4255-4100-82e3-377595daaa58 (type: ports) to 1
2026-06-02 08:10:08.647 7 INFO neutron.db.ovn_revision_numbers_db [req-e47e4153-dd24-4ab2-bef9-53860107fb5e req-9e66f448-8075-4303-a6cb-651fe15d00c6 0971ad32d9384eac9ea5e30823dc46e1 e39849b2188344d39b68908c31f92679 - - e143ad1e9d8f41cdbea10cdf537183d4 e143ad1e9d8f41cdbea10cdf537183d4] Successfully bumped revision number for resource 8ec33416-de70-4bac-bb43-d7bb90f7383f (type: ports) to 4 [pid: 7|app: 0|req: 1290/2624] 199.19.213.156 () {38 vars in 1028 bytes} [Tue Jun 2 08:10:06 2026] PUT /v2.0/ports/8ec33416-de70-4bac-bb43-d7bb90f7383f => generated 1214 bytes in 1795 msecs (HTTP/1.1 200) 4 headers in 158 bytes (1 switches on core 0)
2026-06-02 08:10:08.749 7 INFO neutron.notifiers.nova [-] Nova event matching ['req-c9fe6a5e-f1a0-4b07-b405-f252022ce146'] response: {'name': 'network-changed', 'server_uuid': '37554671-864c-449f-95d1-d533d8560658', 'tag': '8ec33416-de70-4bac-bb43-d7bb90f7383f', 'status': 'completed', 'code': 200}
2026-06-02 08:10:08.855 7 INFO neutron_taas.services.taas.taas_plugin [None req-9eb53fc4-fb25-4284-983d-da1a2ad17704 19b34da85eef4652a153cbd8f5f771eb 9409713591d34ba09577d9e954fcae6d - - default default] TaaS: Handle Delete Port: 67e2f3df-3dad-4b4e-91bf-d212955bb991
2026-06-02 08:10:08.858 7 INFO neutron_taas.services.taas.tap_mirror_plugin [None req-9eb53fc4-fb25-4284-983d-da1a2ad17704 19b34da85eef4652a153cbd8f5f771eb 9409713591d34ba09577d9e954fcae6d - - default default] Tap Mirror: Handle Delete Port: 67e2f3df-3dad-4b4e-91bf-d212955bb991 [pid: 7|app: 0|req: 1291/2625] 10.0.0.75 () {32 vars in 719 bytes} [Tue Jun 2 08:10:08 2026] DELETE /v2.0/ports/67e2f3df-3dad-4b4e-91bf-d212955bb991 => generated 0 bytes in 309 msecs (HTTP/1.1 204) 3 headers in 131 bytes (1 switches on core 0)
2026-06-02 08:10:09.102 7 INFO neutron_taas.services.taas.taas_plugin [None req-ece7781e-e522-4ed7-808e-fd41f6207446 19b34da85eef4652a153cbd8f5f771eb 9409713591d34ba09577d9e954fcae6d - - default default] TaaS: Handle Delete Port: 5eb65cb3-a032-450e-af67-c199dc5ac095
2026-06-02 08:10:09.104 7 INFO neutron_taas.services.taas.tap_mirror_plugin [None req-ece7781e-e522-4ed7-808e-fd41f6207446 19b34da85eef4652a153cbd8f5f771eb 9409713591d34ba09577d9e954fcae6d - - default default] Tap Mirror: Handle Delete Port: 5eb65cb3-a032-450e-af67-c199dc5ac095
2026-06-02 08:10:09.214 8 INFO neutron.plugins.ml2.drivers.ovn.mech_driver.mech_driver [None req-e7d4bbcd-41b9-45ec-8369-545aa8a60a81 - - - - - -] OVN reports status up for port: 833cda36-4255-4100-82e3-377595daaa58
2026-06-02 08:10:09.257 8 INFO neutron.plugins.ml2.plugin [None req-e7d4bbcd-41b9-45ec-8369-545aa8a60a81 - - - - - -] Attempt 1 to provision port 833cda36-4255-4100-82e3-377595daaa58
2026-06-02 08:10:09.329 7 INFO neutron.services.segments.plugin [-] Segment 40c9afdc-d8d5-414a-a0cf-2d130d4869dd resource provider aggregate not found
2026-06-02 08:10:09.333 7 INFO neutron.services.segments.plugin [-] Segment 40c9afdc-d8d5-414a-a0cf-2d130d4869dd resource provider aggregate not found
2026-06-02 08:10:09.355 7 INFO neutron.services.segments.plugin [-] Segment 40c9afdc-d8d5-414a-a0cf-2d130d4869dd resource provider not found; error: Placement Client Error (4xx): {"errors": [{"status": 404, "title": "Not Found", "detail": "The resource could not be found.\n\n No resource provider with uuid 40c9afdc-d8d5-414a-a0cf-2d130d4869dd found for delete ", "request_id": "req-f783dd76-767a-4c38-91e5-24af9bea8fd6"}]}
2026-06-02 08:10:09.357 7 INFO neutron.services.segments.plugin [-] Segment 40c9afdc-d8d5-414a-a0cf-2d130d4869dd resource provider not found; error: Placement Client Error (4xx): {"errors": [{"status": 404, "title": "Not Found", "detail": "The resource could not be found.\n\n No resource provider with uuid 40c9afdc-d8d5-414a-a0cf-2d130d4869dd found for delete ", "request_id": "req-3b5bbc10-0f18-406a-a9a1-94dda704a6c7"}]} [pid: 7|app: 0|req: 1292/2626] 10.0.0.75 () {32 vars in 725 bytes} [Tue Jun 2 08:10:08 2026] DELETE /v2.0/networks/4fefa6b1-c7b5-4bce-9e1d-7f6ee246e3e2 => generated 0 bytes in 373 msecs (HTTP/1.1 204) 3 headers in 131 bytes (1 switches on core 0)
2026-06-02 08:10:09.424 8 WARNING neutron.scheduler.dhcp_agent_scheduler [None req-e2c00fe7-d663-4dec-b06e-f786bf7a1c3b - - - - - -] No more DHCP agents [pid: 7|app: 0|req: 1293/2627] 199.19.213.156 () {34 vars in 1080 bytes} [Tue Jun 2 08:10:09 2026] GET /v2.0/ports?tenant_id=9df0bad1fb9f424ca847822022316982&device_id=37554671-864c-449f-95d1-d533d8560658 => generated 2415 bytes in 58 msecs (HTTP/1.1 200) 4 headers in 158 bytes (1 switches on core 0)
2026-06-02 08:10:09.432 8 WARNING neutron.api.rpc.agentnotifiers.dhcp_rpc_agent_api [None req-e2c00fe7-d663-4dec-b06e-f786bf7a1c3b - - - - - -] Unable to schedule network 6009d7a2-718a-4da6-aaef-dd249d1afbcb: no agents available; will retry on subsequent port and subnet creation events.
2026-06-02 08:10:09.541 7 INFO neutron_taas.services.taas.taas_plugin [None req-691f36c3-cb40-4859-96d0-4792bc26544b 19b34da85eef4652a153cbd8f5f771eb 9409713591d34ba09577d9e954fcae6d - - default default] TaaS: Handle Delete Port: 36692384-47e4-485d-9eba-a41387db9d52
2026-06-02 08:10:09.544 7 INFO neutron_taas.services.taas.tap_mirror_plugin [None req-691f36c3-cb40-4859-96d0-4792bc26544b 19b34da85eef4652a153cbd8f5f771eb 9409713591d34ba09577d9e954fcae6d - - default default] Tap Mirror: Handle Delete Port: 36692384-47e4-485d-9eba-a41387db9d52 [pid: 7|app: 0|req: 1294/2628] 10.0.0.75 () {32 vars in 725 bytes} [Tue Jun 2 08:10:09 2026] DELETE /v2.0/networks/d0e5a85f-3d26-4247-9173-d07f4f61b485 => generated 0 bytes in 406 msecs (HTTP/1.1 204) 3 headers in 131 bytes (1 switches on core 0) [pid: 7|app: 0|req: 1295/2629] 199.19.213.156 () {34 vars in 986 bytes} [Tue Jun 2 08:10:09 2026] GET /v2.0/networks?id=084040b1-b700-4901-b901-7b87474cd68a => generated 843 bytes in 58 msecs (HTTP/1.1 200) 4 headers in 157 bytes (1 switches on core 0)
2026-06-02 08:10:10.033 7 INFO neutron_taas.services.taas.taas_plugin [None req-7aa8f485-fa1f-45a4-9c73-143255eb0ff5 19b34da85eef4652a153cbd8f5f771eb 9409713591d34ba09577d9e954fcae6d - - default default] TaaS: Handle Delete Port: fe9e9c87-45f6-4fea-bf21-c4eb83e1b039
2026-06-02 08:10:10.036 7 INFO neutron_taas.services.taas.tap_mirror_plugin [None req-7aa8f485-fa1f-45a4-9c73-143255eb0ff5 19b34da85eef4652a153cbd8f5f771eb 9409713591d34ba09577d9e954fcae6d - - default default] Tap Mirror: Handle Delete Port: fe9e9c87-45f6-4fea-bf21-c4eb83e1b039
2026-06-02 08:10:10.121 8 INFO neutron.db.ovn_revision_numbers_db [None req-e7d4bbcd-41b9-45ec-8369-545aa8a60a81 - - - - - -] Successfully bumped revision number for resource 833cda36-4255-4100-82e3-377595daaa58 (type: ports) to 2 [pid: 7|app: 0|req: 1296/2630] 10.0.0.75 () {32 vars in 725 bytes} [Tue Jun 2 08:10:09 2026] DELETE /v2.0/networks/e8742c4e-c4ed-40c0-b9bb-3a3b2243a834 => generated 0 bytes in 371 msecs (HTTP/1.1 204) 3 headers in 131 bytes (1 switches on core 0) [pid: 7|app: 0|req: 1297/2631] 199.19.213.156 () {34 vars in 1056 bytes} [Tue Jun 2 08:10:10 2026] GET /v2.0/floatingips?fixed_ip_address=10.1.1.45&port_id=8ec33416-de70-4bac-bb43-d7bb90f7383f => generated 19 bytes in 44 msecs (HTTP/1.1 200) 4 headers in 156 bytes (1 switches on core 0)
2026-06-02 08:10:10.494 8 INFO neutron.db.ovn_revision_numbers_db [None req-e2c00fe7-d663-4dec-b06e-f786bf7a1c3b - - - - - -] Successfully bumped revision number for resource 833cda36-4255-4100-82e3-377595daaa58 (type: router_ports) to 1
2026-06-02 08:10:10.509 7 INFO neutron_taas.services.taas.taas_plugin [None req-5d55ebba-9059-4710-b785-d4cf8d9a8189 19b34da85eef4652a153cbd8f5f771eb 9409713591d34ba09577d9e954fcae6d - - default default] TaaS: Handle Delete Port: e88c4fc8-3715-4763-b1f2-040efb93974b
2026-06-02 08:10:10.516 7 INFO neutron_taas.services.taas.tap_mirror_plugin [None req-5d55ebba-9059-4710-b785-d4cf8d9a8189 19b34da85eef4652a153cbd8f5f771eb 9409713591d34ba09577d9e954fcae6d - - default default] Tap Mirror: Handle Delete Port: e88c4fc8-3715-4763-b1f2-040efb93974b
2026-06-02 08:10:10.774 8 WARNING neutron.scheduler.dhcp_agent_scheduler [None req-e2c00fe7-d663-4dec-b06e-f786bf7a1c3b - - - - - -] No more DHCP agents
2026-06-02 08:10:10.775 8 WARNING neutron.api.rpc.agentnotifiers.dhcp_rpc_agent_api [None req-e2c00fe7-d663-4dec-b06e-f786bf7a1c3b - - - - - -] Unable to schedule network 6009d7a2-718a-4da6-aaef-dd249d1afbcb: no agents available; will retry on subsequent port and subnet creation events. [pid: 7|app: 0|req: 1298/2632] 10.0.0.75 () {32 vars in 725 bytes} [Tue Jun 2 08:10:10 2026] DELETE /v2.0/networks/5117dd9b-8a8d-49b8-95ee-e8d1d99e1a4b => generated 0 bytes in 518 msecs (HTTP/1.1 204) 3 headers in 131 bytes (1 switches on core 0) [pid: 7|app: 0|req: 1299/2633] 199.19.213.156 () {34 vars in 984 bytes} [Tue Jun 2 08:10:10 2026] GET /v2.0/subnets?id=a3aab01c-c3d6-431f-9373-5a4b737f6e72 => generated 678 bytes in 39 msecs (HTTP/1.1 200) 4 headers in 157 bytes (1 switches on core 0)
2026-06-02 08:10:10.943 8 INFO neutron.db.ovn_revision_numbers_db [None req-e2c00fe7-d663-4dec-b06e-f786bf7a1c3b - - - - - -] Successfully bumped revision number for resource d2314a9e-5f4e-4afd-acd9-b90bd33fc1d5 (type: ports) to 1
2026-06-02 08:10:11.030 7 INFO neutron_taas.services.taas.taas_plugin [None req-2dead4d0-96f6-4dd8-a5bb-ea24eaa74fa4 19b34da85eef4652a153cbd8f5f771eb 9409713591d34ba09577d9e954fcae6d - - default default] TaaS: Handle Delete Port: 558806b5-5ed6-4299-8ebe-642cc6b9e999
2026-06-02 08:10:11.032 7 INFO neutron_taas.services.taas.tap_mirror_plugin [None req-2dead4d0-96f6-4dd8-a5bb-ea24eaa74fa4 19b34da85eef4652a153cbd8f5f771eb 9409713591d34ba09577d9e954fcae6d - - default default] Tap Mirror: Handle Delete Port: 558806b5-5ed6-4299-8ebe-642cc6b9e999
2026-06-02 08:10:11.211 8 INFO neutron.db.ovn_revision_numbers_db [None req-e2c00fe7-d663-4dec-b06e-f786bf7a1c3b - - - - - -] Successfully bumped revision number for resource d2314a9e-5f4e-4afd-acd9-b90bd33fc1d5 (type: ports) to 3 [pid: 7|app: 0|req: 1300/2634] 10.0.0.75 () {32 vars in 725 bytes} [Tue Jun 2 08:10:10 2026] DELETE /v2.0/networks/5a4e8de2-f97a-4bba-aeb5-b2639098176f => generated 0 bytes in 417 msecs (HTTP/1.1 204) 3 headers in 131 bytes (1 switches on core 0) [pid: 7|app: 0|req: 1301/2635] 199.19.213.156 () {34 vars in 1052 bytes} [Tue Jun 2 08:10:11 2026] GET /v2.0/ports?network_id=084040b1-b700-4901-b901-7b87474cd68a&device_owner=network%3Adhcp => generated 12 bytes in 48 msecs (HTTP/1.1 200) 4 headers in 156 bytes (1 switches on core 0)
2026-06-02 08:10:11.375 7 INFO neutron.services.segments.plugin [-] Segment e67bd1e0-13f4-453e-a981-634ebf9e980e resource provider aggregate not found
2026-06-02 08:10:11.376 7 INFO neutron.services.segments.plugin [-] Segment e67bd1e0-13f4-453e-a981-634ebf9e980e resource provider aggregate not found
2026-06-02 08:10:11.393 7 INFO neutron.services.segments.plugin [-] Segment e67bd1e0-13f4-453e-a981-634ebf9e980e resource provider not found; error: Placement Client Error (4xx): {"errors": [{"status": 404, "title": "Not Found", "detail": "The resource could not be found.\n\n No resource provider with uuid e67bd1e0-13f4-453e-a981-634ebf9e980e found for delete ", "request_id": "req-d888e5c5-d19e-4217-92c0-a9e409deee73"}]}
2026-06-02 08:10:11.404 7 INFO neutron.services.segments.plugin [-] Segment e67bd1e0-13f4-453e-a981-634ebf9e980e resource provider not found; error: Placement Client Error (4xx): {"errors": [{"status": 404, "title": "Not Found", "detail": "The resource could not be found.\n\n No resource provider with uuid e67bd1e0-13f4-453e-a981-634ebf9e980e found for delete ", "request_id": "req-ebe58706-acca-4436-a460-9f8ef004674b"}]} [pid: 7|app: 0|req: 1302/2636] 199.19.213.156 () {34 vars in 1012 bytes} [Tue Jun 2 08:10:11 2026] GET /v2.0/networks/084040b1-b700-4901-b901-7b87474cd68a?fields=segments => generated 14 bytes in 79 msecs (HTTP/1.1 200) 4 headers in 156 bytes (1 switches on core 0)
2026-06-02 08:10:11.428 7 INFO neutron.services.segments.plugin [-] Segment 85ef19ee-edac-4f85-bf95-e01b9bd6318d resource provider aggregate not found
2026-06-02 08:10:11.437 7 INFO neutron.services.segments.plugin [-] Segment 85ef19ee-edac-4f85-bf95-e01b9bd6318d resource provider aggregate not found
2026-06-02 08:10:11.451 7 INFO neutron.services.segments.plugin [-] Segment 85ef19ee-edac-4f85-bf95-e01b9bd6318d resource provider not found; error: Placement Client Error (4xx): {"errors": [{"status": 404, "title": "Not Found", "detail": "The resource could not be found.\n\n No resource provider with uuid 85ef19ee-edac-4f85-bf95-e01b9bd6318d found for delete ", "request_id": "req-4be50845-4a34-458c-a998-dc7f3eb12117"}]}
2026-06-02 08:10:11.457 7 INFO neutron.services.segments.plugin [-] Segment 85ef19ee-edac-4f85-bf95-e01b9bd6318d resource provider not found; error: Placement Client Error (4xx): {"errors": [{"status": 404, "title": "Not Found", "detail": "The resource could not be found.\n\n No resource provider with uuid 85ef19ee-edac-4f85-bf95-e01b9bd6318d found for delete ", "request_id": "req-7c5556d3-9584-4b7a-a59e-950d55dcc60a"}]}
2026-06-02 08:10:11.468 7 INFO neutron.services.segments.plugin [-] Segment 1ec3e92a-17fb-4938-ab3f-2eac1efb3e85 resource provider aggregate not found
2026-06-02 08:10:11.477 7 INFO neutron.services.segments.plugin [-] Segment 1ec3e92a-17fb-4938-ab3f-2eac1efb3e85 resource provider aggregate not found [pid: 8|app: 0|req: 1335/2637] 10.0.0.75 () {34 vars in 684 bytes} [Tue Jun 2 08:10:06 2026] POST /v2.0/vpn/vpnservices => generated 457 bytes in 5173 msecs (HTTP/1.1 201) 4 headers in 162 bytes (1 switches on core 0)
2026-06-02 08:10:11.487 7 INFO neutron.services.segments.plugin [-] Segment 1ec3e92a-17fb-4938-ab3f-2eac1efb3e85 resource provider not found; error: Placement Client Error (4xx): {"errors": [{"status": 404, "title": "Not Found", "detail": "The resource could not be found.\n\n No resource provider with uuid 1ec3e92a-17fb-4938-ab3f-2eac1efb3e85 found for delete ", "request_id": "req-8dfe835f-64e9-4899-bc7a-b066da1c13f9"}]}
2026-06-02 08:10:11.496 7 INFO neutron.services.segments.plugin [-] Segment 1ec3e92a-17fb-4938-ab3f-2eac1efb3e85 resource provider not found; error: Placement Client Error (4xx): {"errors": [{"status": 404, "title": "Not Found", "detail": "The resource could not be found.\n\n No resource provider with uuid 1ec3e92a-17fb-4938-ab3f-2eac1efb3e85 found for delete ", "request_id": "req-291aff70-f48c-4fba-b16f-12278cc975c5"}]} [pid: 8|app: 0|req: 1336/2638] 10.0.0.75 () {32 vars in 662 bytes} [Tue Jun 2 08:10:11 2026] GET /v2.0/vpn/vpnservices => generated 1304 bytes in 12 msecs (HTTP/1.1 200) 4 headers in 158 bytes (1 switches on core 0) [pid: 7|app: 0|req: 1303/2639] 199.19.213.156 () {34 vars in 1112 bytes} [Tue Jun 2 08:10:11 2026] GET /v2.0/networks/084040b1-b700-4901-b901-7b87474cd68a?fields=provider%3Aphysical_network&fields=provider%3Anetwork_type => generated 79 bytes in 80 msecs (HTTP/1.1 200) 4 headers in 156 bytes (1 switches on core 0)
2026-06-02 08:10:11.506 7 INFO neutron.services.segments.plugin [-] Segment 34ceba10-1c66-4a2e-b587-dccfd8c786f1 resource provider aggregate not found
2026-06-02 08:10:11.516 7 INFO neutron.services.segments.plugin [-] Segment 34ceba10-1c66-4a2e-b587-dccfd8c786f1 resource provider aggregate not found
2026-06-02 08:10:11.532 7 INFO neutron.services.segments.plugin [-] Segment 34ceba10-1c66-4a2e-b587-dccfd8c786f1 resource provider not found; error: Placement Client Error (4xx): {"errors": [{"status": 404, "title": "Not Found", "detail": "The resource could not be found.\n\n No resource provider with uuid 34ceba10-1c66-4a2e-b587-dccfd8c786f1 found for delete ", "request_id": "req-c09a8fb1-82fc-453c-84d7-46438f225d75"}]}
2026-06-02 08:10:11.533 7 INFO neutron.services.segments.plugin [-] Segment 34ceba10-1c66-4a2e-b587-dccfd8c786f1 resource provider not found; error: Placement Client Error (4xx): {"errors": [{"status": 404, "title": "Not Found", "detail": "The resource could not be found.\n\n No resource provider with uuid 34ceba10-1c66-4a2e-b587-dccfd8c786f1 found for delete ", "request_id": "req-542e2d5b-4902-40bf-a5b9-e39c1718edec"}]}
2026-06-02 08:10:11.776 8 INFO neutron_taas.services.taas.taas_plugin [None req-b83e754b-19b1-4655-bb44-8ee9b7515acb 24f8a48722bc45ed9ece72ebcc07280c e334050449224f39b2ac653e218c4a40 - - default default] TaaS: Handle Delete Port: 3362c428-41fd-40b1-8891-da7583d907a1
2026-06-02 08:10:11.780 8 INFO neutron_taas.services.taas.tap_mirror_plugin [None req-b83e754b-19b1-4655-bb44-8ee9b7515acb 24f8a48722bc45ed9ece72ebcc07280c e334050449224f39b2ac653e218c4a40 - - default default] Tap Mirror: Handle Delete Port: 3362c428-41fd-40b1-8891-da7583d907a1
2026-06-02 08:10:12.024 8 INFO neutron_taas.services.taas.taas_plugin [None req-28d6bdd4-e922-4dce-9201-7b359f8535f2 - - - - - -] TaaS: Handle Delete Port: d2314a9e-5f4e-4afd-acd9-b90bd33fc1d5
2026-06-02 08:10:12.027 8 INFO neutron_taas.services.taas.tap_mirror_plugin [None req-28d6bdd4-e922-4dce-9201-7b359f8535f2 - - - - - -] Tap Mirror: Handle Delete Port: d2314a9e-5f4e-4afd-acd9-b90bd33fc1d5
2026-06-02 08:10:12.128 7 INFO neutron.db.ovn_revision_numbers_db [None req-6cb58b0b-3ab7-40bc-a3a0-91e10117a93e 2603419fbb6644ac8d3a3a33515bf4ba 9df0bad1fb9f424ca847822022316982 - - default default] Successfully bumped revision number for resource 63300662-4f37-4fe6-a1ce-510e1e4e5257 (type: security_groups) to 1
2026-06-02 08:10:12.142 7 INFO neutron.db.ovn_revision_numbers_db [None req-6cb58b0b-3ab7-40bc-a3a0-91e10117a93e 2603419fbb6644ac8d3a3a33515bf4ba 9df0bad1fb9f424ca847822022316982 - - default default] Successfully bumped revision number for resource 06eaf120-fc27-408d-94fc-9302b5be43e6 (type: security_group_rules) to 0
2026-06-02 08:10:12.156 7 INFO neutron.db.ovn_revision_numbers_db [None req-6cb58b0b-3ab7-40bc-a3a0-91e10117a93e 2603419fbb6644ac8d3a3a33515bf4ba 9df0bad1fb9f424ca847822022316982 - - default default] Successfully bumped revision number for resource 2a74af85-c4ad-4701-bad2-27a2c086bd65 (type: security_group_rules) to 0
2026-06-02 08:10:12.174 7 INFO neutron.db.ovn_revision_numbers_db [None req-6cb58b0b-3ab7-40bc-a3a0-91e10117a93e 2603419fbb6644ac8d3a3a33515bf4ba 9df0bad1fb9f424ca847822022316982 - - default default] Successfully bumped revision number for resource 31ff21c2-bf12-404c-99ec-149ef4e7058c (type: security_group_rules) to 0
2026-06-02 08:10:12.198 7 INFO neutron.db.ovn_revision_numbers_db [None req-6cb58b0b-3ab7-40bc-a3a0-91e10117a93e 2603419fbb6644ac8d3a3a33515bf4ba 9df0bad1fb9f424ca847822022316982 - - default default] Successfully bumped revision number for resource cd2d1ecc-641f-4412-8a04-42b855b425c8 (type: security_group_rules) to 0 [pid: 7|app: 0|req: 1304/2640] 10.0.0.75 () {32 vars in 773 bytes} [Tue Jun 2 08:10:11 2026] GET /v2.0/security-groups?tenant_id=e028e6794d09425f8b6da32781e14c7c&name=default => generated 2925 bytes in 501 msecs (HTTP/1.1 200) 4 headers in 158 bytes (1 switches on core 0) [pid: 7|app: 0|req: 1305/2641] 10.0.0.75 () {32 vars in 773 bytes} [Tue Jun 2 08:10:12 2026] GET /v2.0/security-groups?tenant_id=9409713591d34ba09577d9e954fcae6d&name=default => generated 2925 bytes in 132 msecs (HTTP/1.1 200) 4 headers in 158 bytes (1 switches on core 0)
2026-06-02 08:10:12.416 8 INFO neutron_taas.services.taas.taas_plugin [None req-81372088-92f9-4199-aa63-25cd1638b717 - - - - - -] TaaS: Handle Delete Port: 833cda36-4255-4100-82e3-377595daaa58
2026-06-02 08:10:12.419 8 INFO neutron_taas.services.taas.tap_mirror_plugin [None req-81372088-92f9-4199-aa63-25cd1638b717 - - - - - -] Tap Mirror: Handle Delete Port: 833cda36-4255-4100-82e3-377595daaa58 [pid: 7|app: 0|req: 1306/2642] 10.0.0.75 () {32 vars in 739 bytes} [Tue Jun 2 08:10:12 2026] DELETE /v2.0/security-groups/63300662-4f37-4fe6-a1ce-510e1e4e5257 => generated 0 bytes in 297 msecs (HTTP/1.1 204) 2 headers in 112 bytes (1 switches on core 0)
2026-06-02 08:10:12.808 7 WARNING neutron.plugins.ml2.drivers.ovn.mech_driver.ovsdb.ovn_client [None req-e35325e2-37dd-4c84-a61b-33cf76ed2d2a - - - - - -] No hosting information found for port cb88d3e5-9318-467a-88a8-496f7af57285: RuntimeError: No hosting information found for port cb88d3e5-9318-467a-88a8-496f7af57285
2026-06-02 08:10:12.809 7 INFO neutron.plugins.ml2.drivers.ovn.mech_driver.mech_driver [None req-e35325e2-37dd-4c84-a61b-33cf76ed2d2a - - - - - -] OVN reports status down for port: ebaf8369-02de-441f-8a5a-53f66346800e
2026-06-02 08:10:12.924 7 WARNING neutron.plugins.ml2.drivers.ovn.mech_driver.ovsdb.ovn_client [None req-e35325e2-37dd-4c84-a61b-33cf76ed2d2a - - - - - -] Logical_Switch_Port ebaf8369-02de-441f-8a5a-53f66346800e host information not removed, the port state is up
2026-06-02 08:10:12.925 7 INFO neutron.plugins.ml2.drivers.ovn.mech_driver.mech_driver [None req-e35325e2-37dd-4c84-a61b-33cf76ed2d2a - - - - - -] OVN reports status up for port: ebaf8369-02de-441f-8a5a-53f66346800e
2026-06-02 08:10:12.937 7 INFO neutron.plugins.ml2.plugin [None req-e35325e2-37dd-4c84-a61b-33cf76ed2d2a - - - - - -] Attempt 1 to provision port ebaf8369-02de-441f-8a5a-53f66346800e [pid: 7|app: 0|req: 1307/2643] 10.0.0.75 () {32 vars in 739 bytes} [Tue Jun 2 08:10:12 2026] DELETE /v2.0/security-groups/b908eaf2-665f-4c95-b31e-e6658a1c331c => generated 0 bytes in 346 msecs (HTTP/1.1 204) 2 headers in 112 bytes (1 switches on core 0) [pid: 7|app: 0|req: 1308/2644] 199.19.213.156 () {34 vars in 1080 bytes} [Tue Jun 2 08:10:13 2026] GET /v2.0/ports?tenant_id=9df0bad1fb9f424ca847822022316982&device_id=37554671-864c-449f-95d1-d533d8560658 => generated 2415 bytes in 106 msecs (HTTP/1.1 200) 4 headers in 158 bytes (1 switches on core 0)
2026-06-02 08:10:13.292 8 INFO neutron_taas.services.taas.taas_plugin [None req-81372088-92f9-4199-aa63-25cd1638b717 - - - - - -] TaaS: Handle Delete Port: 4ddd0234-6462-49b1-a359-d6b8527a627c
2026-06-02 08:10:13.296 8 INFO neutron_taas.services.taas.tap_mirror_plugin [None req-81372088-92f9-4199-aa63-25cd1638b717 - - - - - -] Tap Mirror: Handle Delete Port: 4ddd0234-6462-49b1-a359-d6b8527a627c
2026-06-02 08:10:13.390 7 INFO neutron.db.ovn_revision_numbers_db [None req-089b931c-226c-4e5c-9ef5-d32b7a0a6261 2603419fbb6644ac8d3a3a33515bf4ba 9df0bad1fb9f424ca847822022316982 - - default default] Successfully bumped revision number for resource 542b1d63-c85c-4940-bb3e-4ee6435b3f2b (type: security_groups) to 1
2026-06-02 08:10:13.426 7 INFO neutron.db.ovn_revision_numbers_db [None req-089b931c-226c-4e5c-9ef5-d32b7a0a6261 2603419fbb6644ac8d3a3a33515bf4ba 9df0bad1fb9f424ca847822022316982 - - default default] Successfully bumped revision number for resource 123a3273-4d5a-494a-b0c2-adde9ae74a61 (type: security_group_rules) to 0
2026-06-02 08:10:13.475 7 INFO neutron.db.ovn_revision_numbers_db [None req-089b931c-226c-4e5c-9ef5-d32b7a0a6261 2603419fbb6644ac8d3a3a33515bf4ba 9df0bad1fb9f424ca847822022316982 - - default default] Successfully bumped revision number for resource 40024894-d382-4003-8fc0-e9143bb6e829 (type: security_group_rules) to 0
2026-06-02 08:10:13.510 7 INFO neutron.db.ovn_revision_numbers_db [None req-089b931c-226c-4e5c-9ef5-d32b7a0a6261 2603419fbb6644ac8d3a3a33515bf4ba 9df0bad1fb9f424ca847822022316982 - - default default] Successfully bumped revision number for resource e2950a13-d749-4c82-965c-4f1c06a6444c (type: security_group_rules) to 0
2026-06-02 08:10:13.542 7 INFO neutron.db.ovn_revision_numbers_db [None req-089b931c-226c-4e5c-9ef5-d32b7a0a6261 2603419fbb6644ac8d3a3a33515bf4ba 9df0bad1fb9f424ca847822022316982 - - default default] Successfully bumped revision number for resource f488a103-a0e7-41a5-a6c4-fbe8ccb12192 (type: security_group_rules) to 0
2026-06-02 08:10:13.546 8 INFO neutron.services.segments.plugin [-] Segment 7e62de94-2d03-490b-9e3b-2e5230d6fe14 resource provider aggregate not found
2026-06-02 08:10:13.548 8 INFO neutron.services.segments.plugin [-] Segment 7e62de94-2d03-490b-9e3b-2e5230d6fe14 resource provider aggregate not found
2026-06-02 08:10:13.567 8 INFO neutron.services.segments.plugin [-] Segment 7e62de94-2d03-490b-9e3b-2e5230d6fe14 resource provider not found; error: Placement Client Error (4xx): {"errors": [{"status": 404, "title": "Not Found", "detail": "The resource could not be found.\n\n No resource provider with uuid 7e62de94-2d03-490b-9e3b-2e5230d6fe14 found for delete ", "request_id": "req-e37be563-935f-4076-a930-2d462aaeb9c3"}]}
2026-06-02 08:10:13.574 8 INFO neutron.services.segments.plugin [-] Segment 7e62de94-2d03-490b-9e3b-2e5230d6fe14 resource provider not found; error: Placement Client Error (4xx): {"errors": [{"status": 404, "title": "Not Found", "detail": "The resource could not be found.\n\n No resource provider with uuid 7e62de94-2d03-490b-9e3b-2e5230d6fe14 found for delete ", "request_id": "req-3da846ce-5dff-412f-bc52-ebc617272f61"}]} [pid: 8|app: 0|req: 1337/2645] 10.0.0.75 () {32 vars in 739 bytes} [Tue Jun 2 08:10:11 2026] DELETE /v2.0/vpn/vpnservices/65f7c9f5-b363-4621-89b6-783adcabd1b5 => generated 0 bytes in 2135 msecs (HTTP/1.1 204) 2 headers in 112 bytes (1 switches on core 0) /var/lib/openstack/lib/python3.12/site-packages/pycadf/identifier.py:70: UserWarning: Invalid uuid: neutron. To ensure interoperability, identifiers should be a valid uuid. warnings.warn(('Invalid uuid: %s. To ensure interoperability, ' [pid: 7|app: 0|req: 1309/2646] 10.0.0.75 () {32 vars in 773 bytes} [Tue Jun 2 08:10:13 2026] GET /v2.0/security-groups?tenant_id=351f23bba30443c38b995d1d3b01cd8b&name=default => generated 2926 bytes in 535 msecs (HTTP/1.1 200) 4 headers in 158 bytes (1 switches on core 0) [pid: 8|app: 0|req: 1338/2647] 199.19.213.156 () {34 vars in 1058 bytes} [Tue Jun 2 08:10:13 2026] GET /v2.0/floatingips?fixed_ip_address=172.24.3.1&port_id=5a425faf-e7f1-4267-b5ab-18a5b8c86ac0 => generated 19 bytes in 51 msecs (HTTP/1.1 200) 4 headers in 156 bytes (1 switches on core 0)
2026-06-02 08:10:13.764 7 INFO neutron.db.ovn_revision_numbers_db [None req-e35325e2-37dd-4c84-a61b-33cf76ed2d2a - - - - - -] Successfully bumped revision number for resource ebaf8369-02de-441f-8a5a-53f66346800e (type: ports) to 2 [pid: 8|app: 0|req: 1341/2650] 10.0.0.178 () {28 vars in 583 bytes} [Tue Jun 2 08:10:13 2026] GET /v2.0/subnets => generated 7476 bytes in 178 msecs (HTTP/1.1 200) 4 headers in 158 bytes (1 switches on core 0)
