2026-06-02 08:12:33.985 7 INFO neutron.notifiers.nova [-] Nova event matching ['req-043ccfa2-136d-47d9-be18-efb218ecc62b'] response: {'name': 'network-changed', 'server_uuid': '054eff5c-a678-44e3-9b7a-de71c8c7d441', 'tag': '1cdba756-1905-462e-aed8-4d0cbf292c04', 'status': 'completed', 'code': 200} /var/lib/openstack/lib/python3.12/site-packages/pycadf/identifier.py:70: UserWarning: Invalid uuid: neutron. To ensure interoperability, identifiers should be a valid uuid. warnings.warn(('Invalid uuid: %s. To ensure interoperability, ' [pid: 7|app: 0|req: 1701/3413] 10.0.0.197 () {34 vars in 990 bytes} [Tue Jun 2 08:12:34 2026] GET /v2.0/ports?device_id=054eff5c-a678-44e3-9b7a-de71c8c7d441 => generated 1196 bytes in 99 msecs (HTTP/1.1 200) 4 headers in 158 bytes (1 switches on core 0) [pid: 8|app: 0|req: 1713/3414] 10.0.0.197 () {34 vars in 1040 bytes} [Tue Jun 2 08:12:34 2026] GET /v2.0/security-groups?id=79607c24-d380-4f67-a211-8fd60dd45ccb&fields=id&fields=name => generated 112 bytes in 44 msecs (HTTP/1.1 200) 4 headers in 157 bytes (1 switches on core 0) [pid: 7|app: 0|req: 1702/3415] 199.19.213.156 () {34 vars in 1080 bytes} [Tue Jun 2 08:12:34 2026] GET /v2.0/ports?tenant_id=b3b2d1137edd4de7821a0863335559c2&device_id=054eff5c-a678-44e3-9b7a-de71c8c7d441 => generated 1434 bytes in 39 msecs (HTTP/1.1 200) 4 headers in 158 bytes (1 switches on core 0) [pid: 8|app: 0|req: 1714/3416] 199.19.213.156 () {34 vars in 986 bytes} [Tue Jun 2 08:12:34 2026] GET /v2.0/networks?id=fbe25a0f-ce47-4e55-8da7-acbc30f45e5c => generated 841 bytes in 60 msecs (HTTP/1.1 200) 4 headers in 157 bytes (1 switches on core 0) [pid: 7|app: 0|req: 1703/3417] 199.19.213.156 () {34 vars in 1056 bytes} [Tue Jun 2 08:12:34 2026] GET /v2.0/floatingips?fixed_ip_address=10.2.1.99&port_id=1cdba756-1905-462e-aed8-4d0cbf292c04 => generated 19 bytes in 22 msecs (HTTP/1.1 200) 4 headers in 156 bytes (1 switches on core 0) [pid: 8|app: 0|req: 1715/3418] 199.19.213.156 () {34 vars in 1104 bytes} [Tue Jun 2 08:12:34 2026] GET /v2.0/floatingips?fixed_ip_address=fd7b%3Af9f7%3Afff%3A4eca%3A%3A393&port_id=1cdba756-1905-462e-aed8-4d0cbf292c04 => generated 19 bytes in 22 msecs (HTTP/1.1 200) 4 headers in 156 bytes (1 switches on core 0) [pid: 7|app: 0|req: 1704/3419] 199.19.213.156 () {34 vars in 1064 bytes} [Tue Jun 2 08:12:34 2026] GET /v2.0/subnets?id=615ad5e1-22f8-4520-ac76-060e5b73a0a8&id=51f4e488-5a4c-41b4-8bc2-3f776622fafa => generated 1410 bytes in 33 msecs (HTTP/1.1 200) 4 headers in 158 bytes (1 switches on core 0) [pid: 8|app: 0|req: 1716/3420] 199.19.213.156 () {34 vars in 1052 bytes} [Tue Jun 2 08:12:34 2026] GET /v2.0/ports?network_id=fbe25a0f-ce47-4e55-8da7-acbc30f45e5c&device_owner=network%3Adhcp => generated 12 bytes in 23 msecs (HTTP/1.1 200) 4 headers in 156 bytes (1 switches on core 0) [pid: 7|app: 0|req: 1705/3421] 199.19.213.156 () {34 vars in 1052 bytes} [Tue Jun 2 08:12:34 2026] GET /v2.0/ports?network_id=fbe25a0f-ce47-4e55-8da7-acbc30f45e5c&device_owner=network%3Adhcp => generated 12 bytes in 22 msecs (HTTP/1.1 200) 4 headers in 156 bytes (1 switches on core 0) [pid: 8|app: 0|req: 1717/3422] 199.19.213.156 () {34 vars in 1012 bytes} [Tue Jun 2 08:12:34 2026] GET /v2.0/networks/fbe25a0f-ce47-4e55-8da7-acbc30f45e5c?fields=segments => generated 14 bytes in 48 msecs (HTTP/1.1 200) 4 headers in 156 bytes (1 switches on core 0) [pid: 7|app: 0|req: 1706/3423] 199.19.213.156 () {34 vars in 1112 bytes} [Tue Jun 2 08:12:34 2026] GET /v2.0/networks/fbe25a0f-ce47-4e55-8da7-acbc30f45e5c?fields=provider%3Aphysical_network&fields=provider%3Anetwork_type => generated 79 bytes in 45 msecs (HTTP/1.1 200) 4 headers in 156 bytes (1 switches on core 0)
2026-06-02 08:12:35.191 8 INFO neutron.plugins.ml2.drivers.ovn.mech_driver.mech_driver [None req-40df5466-5599-43a2-b0c0-3c11c8cc3bfb - - - - - -] OVN reports status down for port: 1cdba756-1905-462e-aed8-4d0cbf292c04
2026-06-02 08:12:35.352 8 INFO neutron.notifiers.nova [-] Nova event matching ['req-e2144b96-593f-492d-b20c-74f32820b42a'] response: {'server_uuid': '054eff5c-a678-44e3-9b7a-de71c8c7d441', 'name': 'network-vif-unplugged', 'status': 'completed', 'tag': '1cdba756-1905-462e-aed8-4d0cbf292c04', 'code': 200}
2026-06-02 08:12:35.466 8 INFO neutron.db.ovn_revision_numbers_db [None req-40df5466-5599-43a2-b0c0-3c11c8cc3bfb - - - - - -] Successfully bumped revision number for resource 1cdba756-1905-462e-aed8-4d0cbf292c04 (type: ports) to 6 /var/lib/openstack/lib/python3.12/site-packages/pycadf/identifier.py:70: UserWarning: Invalid uuid: neutron. To ensure interoperability, identifiers should be a valid uuid. warnings.warn(('Invalid uuid: %s. To ensure interoperability, ' [pid: 8|app: 0|req: 1718/3424] 199.19.213.156 () {34 vars in 994 bytes} [Tue Jun 2 08:12:36 2026] GET /v2.0/ports?device_id=054eff5c-a678-44e3-9b7a-de71c8c7d441 => generated 1194 bytes in 76 msecs (HTTP/1.1 200) 4 headers in 158 bytes (1 switches on core 0)
2026-06-02 08:12:36.593 7 INFO neutron_taas.services.taas.taas_plugin [req-d436bf96-8471-423e-b952-6c009881bad5 req-0caa3463-1769-46c1-bdb4-82c3d57bda95 91ee89b91a0240868bf4e8552e130ae2 b3b2d1137edd4de7821a0863335559c2 - - default default] TaaS: Handle Delete Port: 1cdba756-1905-462e-aed8-4d0cbf292c04
2026-06-02 08:12:36.597 7 INFO neutron_taas.services.taas.tap_mirror_plugin [req-d436bf96-8471-423e-b952-6c009881bad5 req-0caa3463-1769-46c1-bdb4-82c3d57bda95 91ee89b91a0240868bf4e8552e130ae2 b3b2d1137edd4de7821a0863335559c2 - - default default] Tap Mirror: Handle Delete Port: 1cdba756-1905-462e-aed8-4d0cbf292c04 [pid: 7|app: 0|req: 1707/3425] 199.19.213.156 () {36 vars in 997 bytes} [Tue Jun 2 08:12:36 2026] DELETE /v2.0/ports/1cdba756-1905-462e-aed8-4d0cbf292c04 => generated 0 bytes in 310 msecs (HTTP/1.1 204) 3 headers in 131 bytes (1 switches on core 0)
2026-06-02 08:12:36.787 7 INFO neutron.notifiers.nova [-] Nova event matching ['req-2884afda-8026-4c50-a0e3-99957a6aa1f2'] response: {'server_uuid': '054eff5c-a678-44e3-9b7a-de71c8c7d441', 'name': 'network-vif-deleted', 'tag': '1cdba756-1905-462e-aed8-4d0cbf292c04', 'status': 'completed', 'code': 200}
2026-06-02 08:12:37.388 8 INFO neutron.notifiers.nova [-] Nova event matching ['req-06836eca-45fe-4255-a0e2-45dbfd70098d'] response: {'server_uuid': '054eff5c-a678-44e3-9b7a-de71c8c7d441', 'name': 'network-vif-unplugged', 'status': 'completed', 'tag': '1cdba756-1905-462e-aed8-4d0cbf292c04', 'code': 200} [pid: 8|app: 0|req: 1719/3426] 10.0.0.197 () {34 vars in 990 bytes} [Tue Jun 2 08:12:39 2026] GET /v2.0/ports?device_id=054eff5c-a678-44e3-9b7a-de71c8c7d441 => generated 12 bytes in 23 msecs (HTTP/1.1 200) 4 headers in 156 bytes (1 switches on core 0) [pid: 7|app: 0|req: 1709/3429] 10.0.0.75 () {32 vars in 749 bytes} [Tue Jun 2 08:12:44 2026] DELETE /v2.0/security-group-rules/4ff839c6-c919-4d35-80b8-76cb4240d60c => generated 0 bytes in 166 msecs (HTTP/1.1 204) 2 headers in 112 bytes (1 switches on core 0)
2026-06-02 08:12:44.611 8 INFO neutron.api.v2.resource [None req-a56be431-b77c-4535-81bd-2e02ac054c2f 91ee89b91a0240868bf4e8552e130ae2 b3b2d1137edd4de7821a0863335559c2 - - default default] show failed (client error): The resource could not be found. [pid: 8|app: 0|req: 1721/3430] 10.0.0.75 () {32 vars in 746 bytes} [Tue Jun 2 08:12:44 2026] GET /v2.0/security-group-rules/4ff839c6-c919-4d35-80b8-76cb4240d60c => generated 155 bytes in 17 msecs (HTTP/1.1 404) 4 headers in 164 bytes (1 switches on core 0) [pid: 7|app: 0|req: 1710/3431] 10.0.0.75 () {32 vars in 749 bytes} [Tue Jun 2 08:12:44 2026] DELETE /v2.0/security-group-rules/06424c52-2673-48dc-b2c7-a37400015b76 => generated 0 bytes in 142 msecs (HTTP/1.1 204) 2 headers in 112 bytes (1 switches on core 0)
2026-06-02 08:12:44.777 8 INFO neutron.api.v2.resource [None req-c8ad2d9d-9134-40dd-a511-7ba441fac20d 91ee89b91a0240868bf4e8552e130ae2 b3b2d1137edd4de7821a0863335559c2 - - default default] show failed (client error): The resource could not be found. [pid: 8|app: 0|req: 1722/3432] 10.0.0.75 () {32 vars in 746 bytes} [Tue Jun 2 08:12:44 2026] GET /v2.0/security-group-rules/06424c52-2673-48dc-b2c7-a37400015b76 => generated 155 bytes in 13 msecs (HTTP/1.1 404) 4 headers in 164 bytes (1 switches on core 0) [pid: 7|app: 0|req: 1711/3433] 10.0.0.75 () {32 vars in 749 bytes} [Tue Jun 2 08:12:44 2026] DELETE /v2.0/security-group-rules/8fcf3cb0-79da-4369-9b46-ad6a11aaed28 => generated 0 bytes in 145 msecs (HTTP/1.1 204) 2 headers in 112 bytes (1 switches on core 0)
2026-06-02 08:12:44.947 8 INFO neutron.api.v2.resource [None req-751fcb6c-64fe-465f-b7d0-87712df3aa06 91ee89b91a0240868bf4e8552e130ae2 b3b2d1137edd4de7821a0863335559c2 - - default default] show failed (client error): The resource could not be found. [pid: 8|app: 0|req: 1723/3434] 10.0.0.75 () {32 vars in 746 bytes} [Tue Jun 2 08:12:44 2026] GET /v2.0/security-group-rules/8fcf3cb0-79da-4369-9b46-ad6a11aaed28 => generated 155 bytes in 15 msecs (HTTP/1.1 404) 4 headers in 164 bytes (1 switches on core 0) [pid: 7|app: 0|req: 1712/3435] 10.0.0.75 () {32 vars in 749 bytes} [Tue Jun 2 08:12:44 2026] DELETE /v2.0/security-group-rules/ada30e72-edaf-4458-9c9a-4a3b650272d6 => generated 0 bytes in 140 msecs (HTTP/1.1 204) 2 headers in 112 bytes (1 switches on core 0)
2026-06-02 08:12:45.110 8 INFO neutron.api.v2.resource [None req-cd9fa29e-3e3a-43e3-9023-a2fba0639558 91ee89b91a0240868bf4e8552e130ae2 b3b2d1137edd4de7821a0863335559c2 - - default default] show failed (client error): The resource could not be found. [pid: 8|app: 0|req: 1724/3436] 10.0.0.75 () {32 vars in 746 bytes} [Tue Jun 2 08:12:45 2026] GET /v2.0/security-group-rules/ada30e72-edaf-4458-9c9a-4a3b650272d6 => generated 155 bytes in 12 msecs (HTTP/1.1 404) 4 headers in 164 bytes (1 switches on core 0) [pid: 7|app: 0|req: 1713/3437] 10.0.0.75 () {32 vars in 749 bytes} [Tue Jun 2 08:12:45 2026] DELETE /v2.0/security-group-rules/e49abcdf-6a97-44cd-a4da-1830835355cc => generated 0 bytes in 123 msecs (HTTP/1.1 204) 2 headers in 112 bytes (1 switches on core 0)
2026-06-02 08:12:45.254 8 INFO neutron.api.v2.resource [None req-a1f7d6fb-f099-4c10-a0ef-20f1189b373f 91ee89b91a0240868bf4e8552e130ae2 b3b2d1137edd4de7821a0863335559c2 - - default default] show failed (client error): The resource could not be found. [pid: 8|app: 0|req: 1725/3438] 10.0.0.75 () {32 vars in 746 bytes} [Tue Jun 2 08:12:45 2026] GET /v2.0/security-group-rules/e49abcdf-6a97-44cd-a4da-1830835355cc => generated 155 bytes in 11 msecs (HTTP/1.1 404) 4 headers in 164 bytes (1 switches on core 0) [pid: 7|app: 0|req: 1714/3439] 10.0.0.75 () {32 vars in 749 bytes} [Tue Jun 2 08:12:45 2026] DELETE /v2.0/security-group-rules/8429d43d-5c3d-4357-9aa6-f3bed771e982 => generated 0 bytes in 122 msecs (HTTP/1.1 204) 2 headers in 112 bytes (1 switches on core 0)
2026-06-02 08:12:45.398 8 INFO neutron.api.v2.resource [None req-fcb4971f-1c57-4262-bb29-8aec8e779e4e 91ee89b91a0240868bf4e8552e130ae2 b3b2d1137edd4de7821a0863335559c2 - - default default] show failed (client error): The resource could not be found. [pid: 8|app: 0|req: 1726/3440] 10.0.0.75 () {32 vars in 746 bytes} [Tue Jun 2 08:12:45 2026] GET /v2.0/security-group-rules/8429d43d-5c3d-4357-9aa6-f3bed771e982 => generated 155 bytes in 13 msecs (HTTP/1.1 404) 4 headers in 164 bytes (1 switches on core 0) [pid: 7|app: 0|req: 1715/3441] 10.0.0.75 () {32 vars in 749 bytes} [Tue Jun 2 08:12:45 2026] DELETE /v2.0/security-group-rules/7371ad90-f6af-495f-98a4-6d6a6d097c1e => generated 0 bytes in 143 msecs (HTTP/1.1 204) 2 headers in 112 bytes (1 switches on core 0)
2026-06-02 08:12:45.563 8 INFO neutron.api.v2.resource [None req-2b71c6ba-c288-4a3e-a657-b5f373270432 91ee89b91a0240868bf4e8552e130ae2 b3b2d1137edd4de7821a0863335559c2 - - default default] show failed (client error): The resource could not be found. [pid: 8|app: 0|req: 1727/3442] 10.0.0.75 () {32 vars in 746 bytes} [Tue Jun 2 08:12:45 2026] GET /v2.0/security-group-rules/7371ad90-f6af-495f-98a4-6d6a6d097c1e => generated 155 bytes in 13 msecs (HTTP/1.1 404) 4 headers in 164 bytes (1 switches on core 0) [pid: 7|app: 0|req: 1716/3443] 10.0.0.75 () {32 vars in 749 bytes} [Tue Jun 2 08:12:45 2026] DELETE /v2.0/security-group-rules/7a586a5d-6b16-4789-b351-df6b490cf753 => generated 0 bytes in 125 msecs (HTTP/1.1 204) 2 headers in 112 bytes (1 switches on core 0)
2026-06-02 08:12:45.709 8 INFO neutron.api.v2.resource [None req-1d14d1cb-209f-4ae6-bfc0-2a101a73fe78 91ee89b91a0240868bf4e8552e130ae2 b3b2d1137edd4de7821a0863335559c2 - - default default] show failed (client error): The resource could not be found. [pid: 8|app: 0|req: 1728/3444] 10.0.0.75 () {32 vars in 746 bytes} [Tue Jun 2 08:12:45 2026] GET /v2.0/security-group-rules/7a586a5d-6b16-4789-b351-df6b490cf753 => generated 155 bytes in 14 msecs (HTTP/1.1 404) 4 headers in 164 bytes (1 switches on core 0) [pid: 7|app: 0|req: 1717/3445] 10.0.0.75 () {32 vars in 749 bytes} [Tue Jun 2 08:12:45 2026] DELETE /v2.0/security-group-rules/3e0c637d-712e-4878-8e30-7f1d92dcbc61 => generated 0 bytes in 111 msecs (HTTP/1.1 204) 2 headers in 112 bytes (1 switches on core 0)
2026-06-02 08:12:45.844 8 INFO neutron.api.v2.resource [None req-043da006-e5d6-4f7b-b8ac-e4b5775d6efc 91ee89b91a0240868bf4e8552e130ae2 b3b2d1137edd4de7821a0863335559c2 - - default default] show failed (client error): The resource could not be found. [pid: 8|app: 0|req: 1729/3446] 10.0.0.75 () {32 vars in 746 bytes} [Tue Jun 2 08:12:45 2026] GET /v2.0/security-group-rules/3e0c637d-712e-4878-8e30-7f1d92dcbc61 => generated 155 bytes in 15 msecs (HTTP/1.1 404) 4 headers in 164 bytes (1 switches on core 0) [pid: 7|app: 0|req: 1718/3447] 10.0.0.75 () {32 vars in 749 bytes} [Tue Jun 2 08:12:45 2026] DELETE /v2.0/security-group-rules/d4ab1bb8-b5b5-416b-978c-f7438e43bd6b => generated 0 bytes in 99 msecs (HTTP/1.1 204) 2 headers in 112 bytes (1 switches on core 0)
2026-06-02 08:12:45.964 8 INFO neutron.api.v2.resource [None req-4533ccaa-e731-48d1-8190-f548b4da7900 91ee89b91a0240868bf4e8552e130ae2 b3b2d1137edd4de7821a0863335559c2 - - default default] show failed (client error): The resource could not be found. [pid: 8|app: 0|req: 1730/3448] 10.0.0.75 () {32 vars in 746 bytes} [Tue Jun 2 08:12:45 2026] GET /v2.0/security-group-rules/d4ab1bb8-b5b5-416b-978c-f7438e43bd6b => generated 155 bytes in 12 msecs (HTTP/1.1 404) 4 headers in 164 bytes (1 switches on core 0) [pid: 7|app: 0|req: 1719/3449] 10.0.0.75 () {32 vars in 749 bytes} [Tue Jun 2 08:12:45 2026] DELETE /v2.0/security-group-rules/f1cdadb1-3f70-4783-b1ef-4f85498ffcd5 => generated 0 bytes in 92 msecs (HTTP/1.1 204) 2 headers in 112 bytes (1 switches on core 0)
2026-06-02 08:12:46.075 8 INFO neutron.api.v2.resource [None req-b0ff5aea-4b76-4e93-90f4-afd15b1f35b1 91ee89b91a0240868bf4e8552e130ae2 b3b2d1137edd4de7821a0863335559c2 - - default default] show failed (client error): The resource could not be found. [pid: 8|app: 0|req: 1731/3450] 10.0.0.75 () {32 vars in 746 bytes} [Tue Jun 2 08:12:46 2026] GET /v2.0/security-group-rules/f1cdadb1-3f70-4783-b1ef-4f85498ffcd5 => generated 155 bytes in 10 msecs (HTTP/1.1 404) 4 headers in 164 bytes (1 switches on core 0) [pid: 7|app: 0|req: 1720/3451] 10.0.0.75 () {32 vars in 739 bytes} [Tue Jun 2 08:12:46 2026] DELETE /v2.0/security-groups/79607c24-d380-4f67-a211-8fd60dd45ccb => generated 0 bytes in 100 msecs (HTTP/1.1 204) 2 headers in 112 bytes (1 switches on core 0)
2026-06-02 08:12:46.296 8 INFO neutron.api.v2.resource [None req-d996d62e-8fd0-4d63-be8e-212eed27a5bc 91ee89b91a0240868bf4e8552e130ae2 b3b2d1137edd4de7821a0863335559c2 - - default default] show failed (client error): The resource could not be found. [pid: 8|app: 0|req: 1732/3452] 10.0.0.75 () {32 vars in 736 bytes} [Tue Jun 2 08:12:46 2026] GET /v2.0/security-groups/79607c24-d380-4f67-a211-8fd60dd45ccb => generated 146 bytes in 113 msecs (HTTP/1.1 404) 4 headers in 164 bytes (1 switches on core 0)
2026-06-02 08:12:46.592 7 INFO neutron_taas.services.taas.taas_plugin [None req-19eb673d-23c9-4b23-9569-b09e6f73f11b 91ee89b91a0240868bf4e8552e130ae2 b3b2d1137edd4de7821a0863335559c2 - - default default] TaaS: Handle Delete Port: 7976aa89-18ba-47a8-a9a2-d76dd2391c60
2026-06-02 08:12:46.595 7 INFO neutron_taas.services.taas.tap_mirror_plugin [None req-19eb673d-23c9-4b23-9569-b09e6f73f11b 91ee89b91a0240868bf4e8552e130ae2 b3b2d1137edd4de7821a0863335559c2 - - default default] Tap Mirror: Handle Delete Port: 7976aa89-18ba-47a8-a9a2-d76dd2391c60 [pid: 7|app: 0|req: 1721/3453] 10.0.0.75 () {34 vars in 788 bytes} [Tue Jun 2 08:12:46 2026] PUT /v2.0/routers/187e0834-2428-478a-8b79-ef16124c3a76/remove_router_interface => generated 309 bytes in 784 msecs (HTTP/1.1 200) 4 headers in 157 bytes (1 switches on core 0)
2026-06-02 08:12:47.245 8 INFO neutron.api.v2.resource [None req-57428017-6269-4943-9afe-5479740b1d25 91ee89b91a0240868bf4e8552e130ae2 b3b2d1137edd4de7821a0863335559c2 - - default default] remove_router_interface failed (client error): The resource could not be found. [pid: 8|app: 0|req: 1733/3454] 10.0.0.75 () {34 vars in 788 bytes} [Tue Jun 2 08:12:47 2026] PUT /v2.0/routers/187e0834-2428-478a-8b79-ef16124c3a76/remove_router_interface => generated 198 bytes in 97 msecs (HTTP/1.1 404) 4 headers in 164 bytes (1 switches on core 0) /var/lib/openstack/lib/python3.12/site-packages/pycadf/identifier.py:70: UserWarning: Invalid uuid: neutron. To ensure interoperability, identifiers should be a valid uuid. warnings.warn(('Invalid uuid: %s. To ensure interoperability, '
2026-06-02 08:12:47.520 7 INFO neutron_taas.services.taas.taas_plugin [None req-a106417a-7fd0-4111-9691-4c859e857cad 91ee89b91a0240868bf4e8552e130ae2 b3b2d1137edd4de7821a0863335559c2 - - default default] TaaS: Handle Delete Port: dc6740c2-20f6-461f-8df9-d4e39e185c54
2026-06-02 08:12:47.530 7 INFO neutron_taas.services.taas.tap_mirror_plugin [None req-a106417a-7fd0-4111-9691-4c859e857cad 91ee89b91a0240868bf4e8552e130ae2 b3b2d1137edd4de7821a0863335559c2 - - default default] Tap Mirror: Handle Delete Port: dc6740c2-20f6-461f-8df9-d4e39e185c54 [pid: 7|app: 0|req: 1722/3455] 10.0.0.75 () {34 vars in 788 bytes} [Tue Jun 2 08:12:47 2026] PUT /v2.0/routers/187e0834-2428-478a-8b79-ef16124c3a76/remove_router_interface => generated 309 bytes in 796 msecs (HTTP/1.1 200) 4 headers in 157 bytes (1 switches on core 0)
2026-06-02 08:12:48.133 8 INFO neutron.api.v2.resource [None req-2cb127d9-00e5-4f68-ad70-adc86f5e72d3 91ee89b91a0240868bf4e8552e130ae2 b3b2d1137edd4de7821a0863335559c2 - - default default] remove_router_interface failed (client error): The resource could not be found. [pid: 8|app: 0|req: 1734/3456] 10.0.0.75 () {34 vars in 788 bytes} [Tue Jun 2 08:12:48 2026] PUT /v2.0/routers/187e0834-2428-478a-8b79-ef16124c3a76/remove_router_interface => generated 198 bytes in 81 msecs (HTTP/1.1 404) 4 headers in 164 bytes (1 switches on core 0) /var/lib/openstack/lib/python3.12/site-packages/pycadf/identifier.py:70: UserWarning: Invalid uuid: neutron. To ensure interoperability, identifiers should be a valid uuid. warnings.warn(('Invalid uuid: %s. To ensure interoperability, '
2026-06-02 08:12:48.413 7 INFO neutron_taas.services.taas.taas_plugin [None req-47be76c1-6ad9-4c55-8989-2540a4bd2069 91ee89b91a0240868bf4e8552e130ae2 b3b2d1137edd4de7821a0863335559c2 - - default default] TaaS: Handle Delete Port: df61eae8-52bb-4211-83aa-d14849e6e527
2026-06-02 08:12:48.416 7 INFO neutron_taas.services.taas.tap_mirror_plugin [None req-47be76c1-6ad9-4c55-8989-2540a4bd2069 91ee89b91a0240868bf4e8552e130ae2 b3b2d1137edd4de7821a0863335559c2 - - default default] Tap Mirror: Handle Delete Port: df61eae8-52bb-4211-83aa-d14849e6e527 [pid: 7|app: 0|req: 1723/3457] 10.0.0.75 () {34 vars in 788 bytes} [Tue Jun 2 08:12:48 2026] PUT /v2.0/routers/187e0834-2428-478a-8b79-ef16124c3a76/remove_router_interface => generated 309 bytes in 905 msecs (HTTP/1.1 200) 4 headers in 157 bytes (1 switches on core 0)
2026-06-02 08:12:49.142 8 INFO neutron.api.v2.resource [None req-1eb14e4f-d74e-45d2-a93e-e1db1245ae0d 91ee89b91a0240868bf4e8552e130ae2 b3b2d1137edd4de7821a0863335559c2 - - default default] remove_router_interface failed (client error): The resource could not be found. [pid: 8|app: 0|req: 1735/3458] 10.0.0.75 () {34 vars in 788 bytes} [Tue Jun 2 08:12:49 2026] PUT /v2.0/routers/187e0834-2428-478a-8b79-ef16124c3a76/remove_router_interface => generated 198 bytes in 93 msecs (HTTP/1.1 404) 4 headers in 164 bytes (1 switches on core 0) /var/lib/openstack/lib/python3.12/site-packages/pycadf/identifier.py:70: UserWarning: Invalid uuid: neutron. To ensure interoperability, identifiers should be a valid uuid. warnings.warn(('Invalid uuid: %s. To ensure interoperability, '
2026-06-02 08:12:50.326 7 INFO neutron_taas.services.taas.taas_plugin [None req-697b65dd-7ad5-4a7f-96fa-8d9ecb835801 91ee89b91a0240868bf4e8552e130ae2 b3b2d1137edd4de7821a0863335559c2 - - default default] TaaS: Handle Delete Port: 60619a6d-7706-418a-9d86-0ce29a83dbbc
2026-06-02 08:12:50.330 7 INFO neutron_taas.services.taas.tap_mirror_plugin [None req-697b65dd-7ad5-4a7f-96fa-8d9ecb835801 91ee89b91a0240868bf4e8552e130ae2 b3b2d1137edd4de7821a0863335559c2 - - default default] Tap Mirror: Handle Delete Port: 60619a6d-7706-418a-9d86-0ce29a83dbbc [pid: 7|app: 0|req: 1724/3459] 10.0.0.75 () {32 vars in 723 bytes} [Tue Jun 2 08:12:49 2026] DELETE /v2.0/routers/187e0834-2428-478a-8b79-ef16124c3a76 => generated 0 bytes in 1576 msecs (HTTP/1.1 204) 2 headers in 112 bytes (1 switches on core 0)
2026-06-02 08:12:50.748 8 INFO neutron.api.v2.resource [None req-3bb8a352-e649-43d1-a6a3-7f9839c2c434 91ee89b91a0240868bf4e8552e130ae2 b3b2d1137edd4de7821a0863335559c2 - - default default] show failed (client error): The resource could not be found. [pid: 8|app: 0|req: 1736/3460] 10.0.0.75 () {32 vars in 720 bytes} [Tue Jun 2 08:12:50 2026] GET /v2.0/routers/187e0834-2428-478a-8b79-ef16124c3a76 => generated 135 bytes in 19 msecs (HTTP/1.1 404) 4 headers in 164 bytes (1 switches on core 0) [pid: 7|app: 0|req: 1725/3461] 10.0.0.75 () {32 vars in 723 bytes} [Tue Jun 2 08:12:50 2026] DELETE /v2.0/subnets/624eb52f-4664-42bd-987a-7e4b9b0b46b5 => generated 0 bytes in 132 msecs (HTTP/1.1 204) 3 headers in 131 bytes (1 switches on core 0)
2026-06-02 08:12:50.909 8 INFO neutron.pecan_wsgi.hooks.translation [None req-eb011e00-010b-4843-9395-01d8226c230e 91ee89b91a0240868bf4e8552e130ae2 b3b2d1137edd4de7821a0863335559c2 - - default default] GET failed (client error): The resource could not be found. [pid: 8|app: 0|req: 1737/3462] 10.0.0.75 () {32 vars in 720 bytes} [Tue Jun 2 08:12:50 2026] GET /v2.0/subnets/624eb52f-4664-42bd-987a-7e4b9b0b46b5 => generated 136 bytes in 17 msecs (HTTP/1.1 404) 4 headers in 164 bytes (1 switches on core 0) [pid: 7|app: 0|req: 1726/3463] 10.0.0.75 () {32 vars in 723 bytes} [Tue Jun 2 08:12:50 2026] DELETE /v2.0/subnets/37911ad6-02a1-42e7-8b86-c965f812449d => generated 0 bytes in 144 msecs (HTTP/1.1 204) 3 headers in 131 bytes (1 switches on core 0)
2026-06-02 08:12:51.080 8 INFO neutron.pecan_wsgi.hooks.translation [None req-fc22a4e7-c3ba-4f01-aa32-a9b41ed778da 91ee89b91a0240868bf4e8552e130ae2 b3b2d1137edd4de7821a0863335559c2 - - default default] GET failed (client error): The resource could not be found. [pid: 8|app: 0|req: 1738/3464] 10.0.0.75 () {32 vars in 720 bytes} [Tue Jun 2 08:12:51 2026] GET /v2.0/subnets/37911ad6-02a1-42e7-8b86-c965f812449d => generated 136 bytes in 17 msecs (HTTP/1.1 404) 4 headers in 164 bytes (1 switches on core 0)
2026-06-02 08:12:51.201 7 INFO neutron_taas.services.taas.taas_plugin [None req-9f2bba46-3891-4211-81c5-070fcefd584f 91ee89b91a0240868bf4e8552e130ae2 b3b2d1137edd4de7821a0863335559c2 - - default default] TaaS: Handle Delete Port: 023693f3-c50e-4b11-beb6-d56391b34271
2026-06-02 08:12:51.204 7 INFO neutron_taas.services.taas.tap_mirror_plugin [None req-9f2bba46-3891-4211-81c5-070fcefd584f 91ee89b91a0240868bf4e8552e130ae2 b3b2d1137edd4de7821a0863335559c2 - - default default] Tap Mirror: Handle Delete Port: 023693f3-c50e-4b11-beb6-d56391b34271
2026-06-02 08:12:51.391 7 INFO neutron.services.segments.plugin [-] Segment a1f427c9-7602-4250-8e4a-e13bb75d8955 resource provider aggregate not found
2026-06-02 08:12:51.392 7 INFO neutron.services.segments.plugin [-] Segment a1f427c9-7602-4250-8e4a-e13bb75d8955 resource provider aggregate not found
2026-06-02 08:12:51.422 7 INFO neutron.services.segments.plugin [-] Segment a1f427c9-7602-4250-8e4a-e13bb75d8955 resource provider not found; error: Placement Client Error (4xx): {"errors": [{"status": 404, "title": "Not Found", "detail": "The resource could not be found.\n\n No resource provider with uuid a1f427c9-7602-4250-8e4a-e13bb75d8955 found for delete ", "request_id": "req-2d0f9dba-5e9f-4934-bf93-f39256a15c44"}]}
2026-06-02 08:12:51.426 7 INFO neutron.services.segments.plugin [-] Segment a1f427c9-7602-4250-8e4a-e13bb75d8955 resource provider not found; error: Placement Client Error (4xx): {"errors": [{"status": 404, "title": "Not Found", "detail": "The resource could not be found.\n\n No resource provider with uuid a1f427c9-7602-4250-8e4a-e13bb75d8955 found for delete ", "request_id": "req-d2f00674-43bf-4e90-bf4a-9db2ab201aef"}]} [pid: 7|app: 0|req: 1727/3465] 10.0.0.75 () {32 vars in 725 bytes} [Tue Jun 2 08:12:51 2026] DELETE /v2.0/networks/e7177352-d49b-417f-afc9-99df6d8c74ba => generated 0 bytes in 370 msecs (HTTP/1.1 204) 3 headers in 131 bytes (1 switches on core 0)
2026-06-02 08:12:51.475 8 INFO neutron.pecan_wsgi.hooks.translation [None req-51173d46-de84-4048-adae-b7c0e6138930 91ee89b91a0240868bf4e8552e130ae2 b3b2d1137edd4de7821a0863335559c2 - - default default] GET failed (client error): The resource could not be found. [pid: 8|app: 0|req: 1739/3466] 10.0.0.75 () {32 vars in 722 bytes} [Tue Jun 2 08:12:51 2026] GET /v2.0/networks/e7177352-d49b-417f-afc9-99df6d8c74ba => generated 138 bytes in 13 msecs (HTTP/1.1 404) 4 headers in 164 bytes (1 switches on core 0) [pid: 7|app: 0|req: 1728/3467] 10.0.0.75 () {32 vars in 723 bytes} [Tue Jun 2 08:12:51 2026] DELETE /v2.0/subnets/51f4e488-5a4c-41b4-8bc2-3f776622fafa => generated 0 bytes in 139 msecs (HTTP/1.1 204) 3 headers in 131 bytes (1 switches on core 0)
2026-06-02 08:12:51.640 8 INFO neutron.pecan_wsgi.hooks.translation [None req-ef214677-b5b4-4613-9851-091185fb420c 91ee89b91a0240868bf4e8552e130ae2 b3b2d1137edd4de7821a0863335559c2 - - default default] GET failed (client error): The resource could not be found. [pid: 8|app: 0|req: 1740/3468] 10.0.0.75 () {32 vars in 720 bytes} [Tue Jun 2 08:12:51 2026] GET /v2.0/subnets/51f4e488-5a4c-41b4-8bc2-3f776622fafa => generated 136 bytes in 16 msecs (HTTP/1.1 404) 4 headers in 164 bytes (1 switches on core 0) [pid: 7|app: 0|req: 1729/3469] 10.0.0.75 () {32 vars in 723 bytes} [Tue Jun 2 08:12:51 2026] DELETE /v2.0/subnets/615ad5e1-22f8-4520-ac76-060e5b73a0a8 => generated 0 bytes in 173 msecs (HTTP/1.1 204) 3 headers in 131 bytes (1 switches on core 0)
2026-06-02 08:12:51.841 8 INFO neutron.pecan_wsgi.hooks.translation [None req-dd436afc-9816-4623-beb4-19f82ae228b2 91ee89b91a0240868bf4e8552e130ae2 b3b2d1137edd4de7821a0863335559c2 - - default default] GET failed (client error): The resource could not be found. [pid: 8|app: 0|req: 1741/3470] 10.0.0.75 () {32 vars in 720 bytes} [Tue Jun 2 08:12:51 2026] GET /v2.0/subnets/615ad5e1-22f8-4520-ac76-060e5b73a0a8 => generated 136 bytes in 16 msecs (HTTP/1.1 404) 4 headers in 164 bytes (1 switches on core 0)
2026-06-02 08:12:51.972 7 INFO neutron_taas.services.taas.taas_plugin [None req-98d79eb5-baa3-4b2e-89da-3e1550b139f1 91ee89b91a0240868bf4e8552e130ae2 b3b2d1137edd4de7821a0863335559c2 - - default default] TaaS: Handle Delete Port: 6010d5e7-ec7b-4f5e-a6fc-b04e4f7a2dde
2026-06-02 08:12:51.976 7 INFO neutron_taas.services.taas.tap_mirror_plugin [None req-98d79eb5-baa3-4b2e-89da-3e1550b139f1 91ee89b91a0240868bf4e8552e130ae2 b3b2d1137edd4de7821a0863335559c2 - - default default] Tap Mirror: Handle Delete Port: 6010d5e7-ec7b-4f5e-a6fc-b04e4f7a2dde [pid: 7|app: 0|req: 1730/3471] 10.0.0.75 () {32 vars in 725 bytes} [Tue Jun 2 08:12:51 2026] DELETE /v2.0/networks/fbe25a0f-ce47-4e55-8da7-acbc30f45e5c => generated 0 bytes in 349 msecs (HTTP/1.1 204) 3 headers in 131 bytes (1 switches on core 0)
2026-06-02 08:12:52.217 8 INFO neutron.pecan_wsgi.hooks.translation [None req-d59082ee-3d89-41f2-bd67-2562d367daf0 91ee89b91a0240868bf4e8552e130ae2 b3b2d1137edd4de7821a0863335559c2 - - default default] GET failed (client error): The resource could not be found. [pid: 8|app: 0|req: 1742/3472] 10.0.0.75 () {32 vars in 722 bytes} [Tue Jun 2 08:12:52 2026] GET /v2.0/networks/fbe25a0f-ce47-4e55-8da7-acbc30f45e5c => generated 138 bytes in 16 msecs (HTTP/1.1 404) 4 headers in 164 bytes (1 switches on core 0) [pid: 7|app: 0|req: 1731/3473] 10.0.0.75 () {32 vars in 723 bytes} [Tue Jun 2 08:12:52 2026] DELETE /v2.0/subnets/13fc2bb0-3351-4411-a658-f8aa3c5eefd0 => generated 0 bytes in 149 msecs (HTTP/1.1 204) 3 headers in 131 bytes (1 switches on core 0)
2026-06-02 08:12:52.394 8 INFO neutron.pecan_wsgi.hooks.translation [None req-bfc85798-f6ed-4c49-a4fe-afc52569c64f 91ee89b91a0240868bf4e8552e130ae2 b3b2d1137edd4de7821a0863335559c2 - - default default] GET failed (client error): The resource could not be found. [pid: 8|app: 0|req: 1743/3474] 10.0.0.75 () {32 vars in 720 bytes} [Tue Jun 2 08:12:52 2026] GET /v2.0/subnets/13fc2bb0-3351-4411-a658-f8aa3c5eefd0 => generated 136 bytes in 16 msecs (HTTP/1.1 404) 4 headers in 164 bytes (1 switches on core 0) [pid: 7|app: 0|req: 1732/3475] 10.0.0.75 () {32 vars in 723 bytes} [Tue Jun 2 08:12:52 2026] DELETE /v2.0/subnets/a3aab01c-c3d6-431f-9373-5a4b737f6e72 => generated 0 bytes in 157 msecs (HTTP/1.1 204) 3 headers in 131 bytes (1 switches on core 0)
2026-06-02 08:12:52.581 8 INFO neutron.pecan_wsgi.hooks.translation [None req-4f55e143-9af0-4f23-a3a0-44ca375fbae5 91ee89b91a0240868bf4e8552e130ae2 b3b2d1137edd4de7821a0863335559c2 - - default default] GET failed (client error): The resource could not be found. [pid: 8|app: 0|req: 1744/3476] 10.0.0.75 () {32 vars in 720 bytes} [Tue Jun 2 08:12:52 2026] GET /v2.0/subnets/a3aab01c-c3d6-431f-9373-5a4b737f6e72 => generated 136 bytes in 19 msecs (HTTP/1.1 404) 4 headers in 164 bytes (1 switches on core 0)
2026-06-02 08:12:52.702 7 INFO neutron_taas.services.taas.taas_plugin [None req-9632cacc-1f82-4b87-86d5-24361916e762 91ee89b91a0240868bf4e8552e130ae2 b3b2d1137edd4de7821a0863335559c2 - - default default] TaaS: Handle Delete Port: d6f014d9-0554-4a3a-86b2-2f9358883e31
2026-06-02 08:12:52.705 7 INFO neutron_taas.services.taas.tap_mirror_plugin [None req-9632cacc-1f82-4b87-86d5-24361916e762 91ee89b91a0240868bf4e8552e130ae2 b3b2d1137edd4de7821a0863335559c2 - - default default] Tap Mirror: Handle Delete Port: d6f014d9-0554-4a3a-86b2-2f9358883e31 [pid: 7|app: 0|req: 1733/3477] 10.0.0.75 () {32 vars in 725 bytes} [Tue Jun 2 08:12:52 2026] DELETE /v2.0/networks/084040b1-b700-4901-b901-7b87474cd68a => generated 0 bytes in 362 msecs (HTTP/1.1 204) 3 headers in 131 bytes (1 switches on core 0)
2026-06-02 08:12:52.976 8 INFO neutron.pecan_wsgi.hooks.translation [None req-257ce3f2-149f-494c-9fb4-0ff9c6774c03 91ee89b91a0240868bf4e8552e130ae2 b3b2d1137edd4de7821a0863335559c2 - - default default] GET failed (client error): The resource could not be found. [pid: 8|app: 0|req: 1745/3478] 10.0.0.75 () {32 vars in 722 bytes} [Tue Jun 2 08:12:52 2026] GET /v2.0/networks/084040b1-b700-4901-b901-7b87474cd68a => generated 138 bytes in 22 msecs (HTTP/1.1 404) 4 headers in 164 bytes (1 switches on core 0)
2026-06-02 08:12:53.449 7 INFO neutron.services.segments.plugin [-] Segment e4b4e4db-93dc-4e7e-9ebf-3c3b1226095a resource provider aggregate not found
2026-06-02 08:12:53.458 7 INFO neutron.services.segments.plugin [-] Segment e4b4e4db-93dc-4e7e-9ebf-3c3b1226095a resource provider aggregate not found
2026-06-02 08:12:53.468 7 INFO neutron.services.segments.plugin [-] Segment e4b4e4db-93dc-4e7e-9ebf-3c3b1226095a resource provider not found; error: Placement Client Error (4xx): {"errors": [{"status": 404, "title": "Not Found", "detail": "The resource could not be found.\n\n No resource provider with uuid e4b4e4db-93dc-4e7e-9ebf-3c3b1226095a found for delete ", "request_id": "req-9d2af4be-383c-42e6-a771-e23d3568f0f4"}]}
2026-06-02 08:12:53.477 7 INFO neutron.services.segments.plugin [-] Segment e4b4e4db-93dc-4e7e-9ebf-3c3b1226095a resource provider not found; error: Placement Client Error (4xx): {"errors": [{"status": 404, "title": "Not Found", "detail": "The resource could not be found.\n\n No resource provider with uuid e4b4e4db-93dc-4e7e-9ebf-3c3b1226095a found for delete ", "request_id": "req-297d8367-cd0d-4101-b725-a020db3ff857"}]}
2026-06-02 08:12:53.482 7 INFO neutron.services.segments.plugin [-] Segment b2d5a7fc-a434-4bfc-bf95-5a8efc8a3f3e resource provider aggregate not found
2026-06-02 08:12:53.494 7 INFO neutron.services.segments.plugin [-] Segment b2d5a7fc-a434-4bfc-bf95-5a8efc8a3f3e resource provider not found; error: Placement Client Error (4xx): {"errors": [{"status": 404, "title": "Not Found", "detail": "The resource could not be found.\n\n No resource provider with uuid b2d5a7fc-a434-4bfc-bf95-5a8efc8a3f3e found for delete ", "request_id": "req-0c5d102f-a0d8-4136-a28c-f34bd8dc6ea7"}]}
2026-06-02 08:12:53.496 7 INFO neutron.services.segments.plugin [-] Segment b2d5a7fc-a434-4bfc-bf95-5a8efc8a3f3e resource provider aggregate not found
2026-06-02 08:12:53.508 7 INFO neutron.services.segments.plugin [-] Segment b2d5a7fc-a434-4bfc-bf95-5a8efc8a3f3e resource provider not found; error: Placement Client Error (4xx): {"errors": [{"status": 404, "title": "Not Found", "detail": "The resource could not be found.\n\n No resource provider with uuid b2d5a7fc-a434-4bfc-bf95-5a8efc8a3f3e found for delete ", "request_id": "req-375b9034-cc7a-4b7d-bec8-d28685ae258b"}]}
2026-06-02 08:12:55.107 7 INFO neutron.db.ovn_revision_numbers_db [None req-9e385aca-9220-4c12-88b3-6ac016d254d6 2603419fbb6644ac8d3a3a33515bf4ba 9df0bad1fb9f424ca847822022316982 - - default default] Successfully bumped revision number for resource 79b187d6-18a7-40f3-8a60-62aeb8dce089 (type: security_groups) to 1
2026-06-02 08:12:55.120 7 INFO neutron.db.ovn_revision_numbers_db [None req-9e385aca-9220-4c12-88b3-6ac016d254d6 2603419fbb6644ac8d3a3a33515bf4ba 9df0bad1fb9f424ca847822022316982 - - default default] Successfully bumped revision number for resource 2ddcf3ed-f2f8-42b9-aae6-39941e3edea5 (type: security_group_rules) to 0
2026-06-02 08:12:55.131 7 INFO neutron.db.ovn_revision_numbers_db [None req-9e385aca-9220-4c12-88b3-6ac016d254d6 2603419fbb6644ac8d3a3a33515bf4ba 9df0bad1fb9f424ca847822022316982 - - default default] Successfully bumped revision number for resource 8e434a00-afb3-4592-afb7-38bdfb95660b (type: security_group_rules) to 0
2026-06-02 08:12:55.141 7 INFO neutron.db.ovn_revision_numbers_db [None req-9e385aca-9220-4c12-88b3-6ac016d254d6 2603419fbb6644ac8d3a3a33515bf4ba 9df0bad1fb9f424ca847822022316982 - - default default] Successfully bumped revision number for resource aa7fc07c-ccac-46e7-9ae0-5f8aab2077b1 (type: security_group_rules) to 0
2026-06-02 08:12:55.153 7 INFO neutron.db.ovn_revision_numbers_db [None req-9e385aca-9220-4c12-88b3-6ac016d254d6 2603419fbb6644ac8d3a3a33515bf4ba 9df0bad1fb9f424ca847822022316982 - - default default] Successfully bumped revision number for resource f046195f-38c3-4ad1-a36f-51a0a0e05493 (type: security_group_rules) to 0 [pid: 7|app: 0|req: 1734/3479] 10.0.0.75 () {32 vars in 773 bytes} [Tue Jun 2 08:12:54 2026] GET /v2.0/security-groups?tenant_id=c070c8069fe546a68f120754203c31e2&name=default => generated 2929 bytes in 362 msecs (HTTP/1.1 200) 4 headers in 158 bytes (1 switches on core 0) [pid: 8|app: 0|req: 1746/3480] 10.0.0.75 () {32 vars in 739 bytes} [Tue Jun 2 08:12:55 2026] DELETE /v2.0/security-groups/79b187d6-18a7-40f3-8a60-62aeb8dce089 => generated 0 bytes in 216 msecs (HTTP/1.1 204) 2 headers in 112 bytes (1 switches on core 0)
2026-06-02 08:12:55.644 7 INFO neutron.db.ovn_revision_numbers_db [None req-79d37bd7-3e97-41e6-924d-9e8bc4f28740 2603419fbb6644ac8d3a3a33515bf4ba 9df0bad1fb9f424ca847822022316982 - - default default] Successfully bumped revision number for resource ad2a656c-64c8-4e61-ace3-0ce89f9ff7e1 (type: security_groups) to 1
2026-06-02 08:12:55.663 7 INFO neutron.db.ovn_revision_numbers_db [None req-79d37bd7-3e97-41e6-924d-9e8bc4f28740 2603419fbb6644ac8d3a3a33515bf4ba 9df0bad1fb9f424ca847822022316982 - - default default] Successfully bumped revision number for resource 138a5e11-16d2-4505-9a46-3a03f9f5417b (type: security_group_rules) to 0
2026-06-02 08:12:55.677 7 INFO neutron.db.ovn_revision_numbers_db [None req-79d37bd7-3e97-41e6-924d-9e8bc4f28740 2603419fbb6644ac8d3a3a33515bf4ba 9df0bad1fb9f424ca847822022316982 - - default default] Successfully bumped revision number for resource 7cf380ee-cb88-450b-99ad-a55ad9959c96 (type: security_group_rules) to 0
2026-06-02 08:12:55.686 7 INFO neutron.db.ovn_revision_numbers_db [None req-79d37bd7-3e97-41e6-924d-9e8bc4f28740 2603419fbb6644ac8d3a3a33515bf4ba 9df0bad1fb9f424ca847822022316982 - - default default] Successfully bumped revision number for resource 8fa257c1-366c-4789-9c9d-b53b306b3ff7 (type: security_group_rules) to 0
2026-06-02 08:12:55.698 7 INFO neutron.db.ovn_revision_numbers_db [None req-79d37bd7-3e97-41e6-924d-9e8bc4f28740 2603419fbb6644ac8d3a3a33515bf4ba 9df0bad1fb9f424ca847822022316982 - - default default] Successfully bumped revision number for resource b410bb45-615c-47f8-8602-edfa98cf8ad4 (type: security_group_rules) to 0 [pid: 7|app: 0|req: 1735/3481] 10.0.0.75 () {32 vars in 773 bytes} [Tue Jun 2 08:12:55 2026] GET /v2.0/security-groups?tenant_id=c32bb0152f364de5929303302ac216eb&name=default => generated 2929 bytes in 247 msecs (HTTP/1.1 200) 4 headers in 158 bytes (1 switches on core 0) [pid: 8|app: 0|req: 1747/3482] 10.0.0.75 () {32 vars in 739 bytes} [Tue Jun 2 08:12:55 2026] DELETE /v2.0/security-groups/ad2a656c-64c8-4e61-ace3-0ce89f9ff7e1 => generated 0 bytes in 233 msecs (HTTP/1.1 204) 2 headers in 112 bytes (1 switches on core 0)
2026-06-02 08:12:56.242 7 INFO neutron.db.ovn_revision_numbers_db [None req-4b939f34-55e7-4090-ba84-830b5c8622d9 2603419fbb6644ac8d3a3a33515bf4ba 9df0bad1fb9f424ca847822022316982 - - default default] Successfully bumped revision number for resource 711bcdd1-ef18-49ba-8980-f1042a2d0c6c (type: security_groups) to 1
2026-06-02 08:12:56.255 7 INFO neutron.db.ovn_revision_numbers_db [None req-4b939f34-55e7-4090-ba84-830b5c8622d9 2603419fbb6644ac8d3a3a33515bf4ba 9df0bad1fb9f424ca847822022316982 - - default default] Successfully bumped revision number for resource 2893663e-c8b4-40b9-96fc-93aece676941 (type: security_group_rules) to 0
2026-06-02 08:12:56.267 7 INFO neutron.db.ovn_revision_numbers_db [None req-4b939f34-55e7-4090-ba84-830b5c8622d9 2603419fbb6644ac8d3a3a33515bf4ba 9df0bad1fb9f424ca847822022316982 - - default default] Successfully bumped revision number for resource 75b6747e-ba8b-4609-af2b-0dd1fbc72efd (type: security_group_rules) to 0
2026-06-02 08:12:56.278 7 INFO neutron.db.ovn_revision_numbers_db [None req-4b939f34-55e7-4090-ba84-830b5c8622d9 2603419fbb6644ac8d3a3a33515bf4ba 9df0bad1fb9f424ca847822022316982 - - default default] Successfully bumped revision number for resource a477f1fd-f642-40bf-8803-edb4e429d217 (type: security_group_rules) to 0
2026-06-02 08:12:56.288 7 INFO neutron.db.ovn_revision_numbers_db [None req-4b939f34-55e7-4090-ba84-830b5c8622d9 2603419fbb6644ac8d3a3a33515bf4ba 9df0bad1fb9f424ca847822022316982 - - default default] Successfully bumped revision number for resource a87274be-e955-4946-a5a7-c69c15aeb057 (type: security_group_rules) to 0 [pid: 7|app: 0|req: 1736/3483] 10.0.0.75 () {32 vars in 773 bytes} [Tue Jun 2 08:12:56 2026] GET /v2.0/security-groups?tenant_id=fdd719d4d2fa4291abd85a0fdf1b4e94&name=default => generated 2929 bytes in 227 msecs (HTTP/1.1 200) 4 headers in 158 bytes (1 switches on core 0) [pid: 8|app: 0|req: 1748/3484] 10.0.0.75 () {32 vars in 739 bytes} [Tue Jun 2 08:12:56 2026] DELETE /v2.0/security-groups/711bcdd1-ef18-49ba-8980-f1042a2d0c6c => generated 0 bytes in 264 msecs (HTTP/1.1 204) 2 headers in 112 bytes (1 switches on core 0) [pid: 7|app: 0|req: 1737/3485] 10.0.0.75 () {32 vars in 773 bytes} [Tue Jun 2 08:12:56 2026] GET /v2.0/security-groups?tenant_id=b3b2d1137edd4de7821a0863335559c2&name=default => generated 2925 bytes in 43 msecs (HTTP/1.1 200) 4 headers in 158 bytes (1 switches on core 0) [pid: 8|app: 0|req: 1749/3486] 10.0.0.75 () {32 vars in 739 bytes} [Tue Jun 2 08:12:56 2026] DELETE /v2.0/security-groups/c4727732-00e7-4471-b398-ff1366415619 => generated 0 bytes in 224 msecs (HTTP/1.1 204) 2 headers in 112 bytes (1 switches on core 0)
2026-06-02 08:12:57.256 7 INFO neutron.db.ovn_revision_numbers_db [None req-6c622d2e-e8db-41da-a7e9-9797f162af4d 2603419fbb6644ac8d3a3a33515bf4ba 9df0bad1fb9f424ca847822022316982 - - default default] Successfully bumped revision number for resource 3deffd22-7399-4382-be8f-3644e63bb0ba (type: security_groups) to 1
2026-06-02 08:12:57.268 7 INFO neutron.db.ovn_revision_numbers_db [None req-6c622d2e-e8db-41da-a7e9-9797f162af4d 2603419fbb6644ac8d3a3a33515bf4ba 9df0bad1fb9f424ca847822022316982 - - default default] Successfully bumped revision number for resource 261e5cb8-1085-4752-a393-68d68f534a39 (type: security_group_rules) to 0
2026-06-02 08:12:57.277 7 INFO neutron.db.ovn_revision_numbers_db [None req-6c622d2e-e8db-41da-a7e9-9797f162af4d 2603419fbb6644ac8d3a3a33515bf4ba 9df0bad1fb9f424ca847822022316982 - - default default] Successfully bumped revision number for resource a7404ffc-6620-4694-8fd5-0b8444c82692 (type: security_group_rules) to 0
2026-06-02 08:12:57.290 7 INFO neutron.db.ovn_revision_numbers_db [None req-6c622d2e-e8db-41da-a7e9-9797f162af4d 2603419fbb6644ac8d3a3a33515bf4ba 9df0bad1fb9f424ca847822022316982 - - default default] Successfully bumped revision number for resource a74608d8-5666-4824-9c20-3dc1d3c03e5d (type: security_group_rules) to 0
2026-06-02 08:12:57.309 7 INFO neutron.db.ovn_revision_numbers_db [None req-6c622d2e-e8db-41da-a7e9-9797f162af4d 2603419fbb6644ac8d3a3a33515bf4ba 9df0bad1fb9f424ca847822022316982 - - default default] Successfully bumped revision number for resource c5a1127d-b736-4864-9674-a1179e0600d1 (type: security_group_rules) to 0 [pid: 7|app: 0|req: 1738/3487] 10.0.0.75 () {32 vars in 773 bytes} [Tue Jun 2 08:12:57 2026] GET /v2.0/security-groups?tenant_id=cc15461e22c14dceb069a208663575e8&name=default => generated 2929 bytes in 204 msecs (HTTP/1.1 200) 4 headers in 158 bytes (1 switches on core 0) [pid: 8|app: 0|req: 1750/3488] 10.0.0.75 () {32 vars in 739 bytes} [Tue Jun 2 08:12:57 2026] DELETE /v2.0/security-groups/3deffd22-7399-4382-be8f-3644e63bb0ba => generated 0 bytes in 232 msecs (HTTP/1.1 204) 2 headers in 112 bytes (1 switches on core 0)
2026-06-02 08:12:57.848 7 INFO neutron.db.ovn_revision_numbers_db [None req-0fad2224-8a6f-465b-b0d9-b18414e09385 2603419fbb6644ac8d3a3a33515bf4ba 9df0bad1fb9f424ca847822022316982 - - default default] Successfully bumped revision number for resource 687f6476-0537-412b-ac21-69970d1192e6 (type: security_groups) to 1
2026-06-02 08:12:57.859 7 INFO neutron.db.ovn_revision_numbers_db [None req-0fad2224-8a6f-465b-b0d9-b18414e09385 2603419fbb6644ac8d3a3a33515bf4ba 9df0bad1fb9f424ca847822022316982 - - default default] Successfully bumped revision number for resource 1715e329-56ad-49d3-b6e8-b80c446744aa (type: security_group_rules) to 0
2026-06-02 08:12:57.870 7 INFO neutron.db.ovn_revision_numbers_db [None req-0fad2224-8a6f-465b-b0d9-b18414e09385 2603419fbb6644ac8d3a3a33515bf4ba 9df0bad1fb9f424ca847822022316982 - - default default] Successfully bumped revision number for resource 276e3509-500e-44c0-8ed7-abe75731cdcc (type: security_group_rules) to 0
2026-06-02 08:12:57.880 7 INFO neutron.db.ovn_revision_numbers_db [None req-0fad2224-8a6f-465b-b0d9-b18414e09385 2603419fbb6644ac8d3a3a33515bf4ba 9df0bad1fb9f424ca847822022316982 - - default default] Successfully bumped revision number for resource 7ab2d9d2-35e0-4830-8135-6c8e8fd148ff (type: security_group_rules) to 0
2026-06-02 08:12:57.892 7 INFO neutron.db.ovn_revision_numbers_db [None req-0fad2224-8a6f-465b-b0d9-b18414e09385 2603419fbb6644ac8d3a3a33515bf4ba 9df0bad1fb9f424ca847822022316982 - - default default] Successfully bumped revision number for resource 96b3ee92-ec93-4047-90cc-642b8a5e52b5 (type: security_group_rules) to 0 [pid: 7|app: 0|req: 1739/3489] 10.0.0.75 () {32 vars in 773 bytes} [Tue Jun 2 08:12:57 2026] GET /v2.0/security-groups?tenant_id=442eb05227704e1ea3589124f6b2f3b3&name=default => generated 2929 bytes in 209 msecs (HTTP/1.1 200) 4 headers in 158 bytes (1 switches on core 0) [pid: 8|app: 0|req: 1751/3490] 10.0.0.75 () {32 vars in 739 bytes} [Tue Jun 2 08:12:57 2026] DELETE /v2.0/security-groups/687f6476-0537-412b-ac21-69970d1192e6 => generated 0 bytes in 204 msecs (HTTP/1.1 204) 2 headers in 112 bytes (1 switches on core 0)
2026-06-02 08:12:58.399 7 INFO neutron.db.ovn_revision_numbers_db [None req-18caaa70-6c02-43b9-9235-6a06cbe97858 2603419fbb6644ac8d3a3a33515bf4ba 9df0bad1fb9f424ca847822022316982 - - default default] Successfully bumped revision number for resource 36ac5ac1-3446-450a-8f9b-285b6e19b25d (type: security_groups) to 1
2026-06-02 08:12:58.411 7 INFO neutron.db.ovn_revision_numbers_db [None req-18caaa70-6c02-43b9-9235-6a06cbe97858 2603419fbb6644ac8d3a3a33515bf4ba 9df0bad1fb9f424ca847822022316982 - - default default] Successfully bumped revision number for resource 162e810c-f48b-4022-a025-0cde9f5da928 (type: security_group_rules) to 0
2026-06-02 08:12:58.422 7 INFO neutron.db.ovn_revision_numbers_db [None req-18caaa70-6c02-43b9-9235-6a06cbe97858 2603419fbb6644ac8d3a3a33515bf4ba 9df0bad1fb9f424ca847822022316982 - - default default] Successfully bumped revision number for resource a40d4aab-c62d-4878-98d6-c97bed8469b3 (type: security_group_rules) to 0
2026-06-02 08:12:58.434 7 INFO neutron.db.ovn_revision_numbers_db [None req-18caaa70-6c02-43b9-9235-6a06cbe97858 2603419fbb6644ac8d3a3a33515bf4ba 9df0bad1fb9f424ca847822022316982 - - default default] Successfully bumped revision number for resource a6bd8ff1-ff31-4da3-8196-f40ef6457cf5 (type: security_group_rules) to 0
2026-06-02 08:12:58.446 7 INFO neutron.db.ovn_revision_numbers_db [None req-18caaa70-6c02-43b9-9235-6a06cbe97858 2603419fbb6644ac8d3a3a33515bf4ba 9df0bad1fb9f424ca847822022316982 - - default default] Successfully bumped revision number for resource d7a1f52d-27aa-4b8f-9df7-a9afda12383f (type: security_group_rules) to 0 [pid: 7|app: 0|req: 1740/3493] 10.0.0.75 () {32 vars in 773 bytes} [Tue Jun 2 08:12:58 2026] GET /v2.0/security-groups?tenant_id=15df24ebe8ec477f89499c1c20b572c7&name=default => generated 2929 bytes in 207 msecs (HTTP/1.1 200) 4 headers in 158 bytes (1 switches on core 0) [pid: 8|app: 0|req: 1754/3494] 10.0.0.75 () {32 vars in 739 bytes} [Tue Jun 2 08:12:58 2026] DELETE /v2.0/security-groups/36ac5ac1-3446-450a-8f9b-285b6e19b25d => generated 0 bytes in 220 msecs (HTTP/1.1 204) 2 headers in 112 bytes (1 switches on core 0)
2026-06-02 08:13:02.818 7 INFO neutron.db.ovn_revision_numbers_db [None req-c0453c16-1fc4-4c99-8bd5-80633b6d8348 3b6f5cec82334c0a99552b8ce176449c 0aff8618b60c4258aa7fd904f5ceaaa0 - - default default] Successfully bumped revision number for resource 8c9208d8-ed13-4761-b7dd-f84c3a402f67 (type: routers) to 1 [pid: 7|app: 0|req: 1741/3495] 10.0.0.75 () {34 vars in 667 bytes} [Tue Jun 2 08:13:02 2026] POST /v2.0/routers => generated 570 bytes in 235 msecs (HTTP/1.1 201) 4 headers in 162 bytes (1 switches on core 0)
2026-06-02 08:13:02.952 8 INFO neutron.db.ovn_revision_numbers_db [None req-94f1d293-68ae-4f3b-b9c2-d4898af5542c 3b6f5cec82334c0a99552b8ce176449c 0aff8618b60c4258aa7fd904f5ceaaa0 - - default default] Successfully bumped revision number for resource 9b729a0c-a9f5-4977-a479-a44b1ab5a1fb (type: routers) to 1 [pid: 8|app: 0|req: 1755/3496] 10.0.0.75 () {34 vars in 667 bytes} [Tue Jun 2 08:13:02 2026] POST /v2.0/routers => generated 570 bytes in 128 msecs (HTTP/1.1 201) 4 headers in 162 bytes (1 switches on core 0)
2026-06-02 08:13:03.089 7 INFO neutron.db.ovn_revision_numbers_db [None req-760fbced-15e1-4424-b788-5462064b4526 3b6f5cec82334c0a99552b8ce176449c 0aff8618b60c4258aa7fd904f5ceaaa0 - - default default] Successfully bumped revision number for resource 750c941f-aeda-4733-8496-a21df0a41372 (type: routers) to 1 [pid: 7|app: 0|req: 1742/3497] 10.0.0.75 () {34 vars in 667 bytes} [Tue Jun 2 08:13:02 2026] POST /v2.0/routers => generated 570 bytes in 131 msecs (HTTP/1.1 201) 4 headers in 162 bytes (1 switches on core 0)
2026-06-02 08:13:03.244 8 INFO neutron.db.ovn_revision_numbers_db [None req-c5ea3037-87d1-4d72-8719-77f78b3c4c1a 3b6f5cec82334c0a99552b8ce176449c 0aff8618b60c4258aa7fd904f5ceaaa0 - - default default] Successfully bumped revision number for resource 7e7804dc-9714-4666-b41c-9c4d8d463b6e (type: routers) to 1 [pid: 8|app: 0|req: 1756/3498] 10.0.0.75 () {34 vars in 667 bytes} [Tue Jun 2 08:13:03 2026] POST /v2.0/routers => generated 570 bytes in 153 msecs (HTTP/1.1 201) 4 headers in 162 bytes (1 switches on core 0)
