2026-06-02 08:07:20.285 8 INFO neutron.db.ovn_revision_numbers_db [None req-9ba21357-3e07-4746-aeca-9688e2430ca5 2603419fbb6644ac8d3a3a33515bf4ba 9df0bad1fb9f424ca847822022316982 - - default default] Successfully bumped revision number for resource 970451b8-ad59-49a2-9b58-09d04ec95aea (type: security_groups) to 1
2026-06-02 08:07:20.294 8 INFO neutron.db.ovn_revision_numbers_db [None req-9ba21357-3e07-4746-aeca-9688e2430ca5 2603419fbb6644ac8d3a3a33515bf4ba 9df0bad1fb9f424ca847822022316982 - - default default] Successfully bumped revision number for resource 1b14b2cb-8507-4ad6-a056-06c6a8bc78d0 (type: security_group_rules) to 0
2026-06-02 08:07:20.304 8 INFO neutron.db.ovn_revision_numbers_db [None req-9ba21357-3e07-4746-aeca-9688e2430ca5 2603419fbb6644ac8d3a3a33515bf4ba 9df0bad1fb9f424ca847822022316982 - - default default] Successfully bumped revision number for resource 3314a588-5173-4bab-9cab-541ba6eff1ec (type: security_group_rules) to 0
2026-06-02 08:07:20.312 8 INFO neutron.db.ovn_revision_numbers_db [None req-9ba21357-3e07-4746-aeca-9688e2430ca5 2603419fbb6644ac8d3a3a33515bf4ba 9df0bad1fb9f424ca847822022316982 - - default default] Successfully bumped revision number for resource 43929636-06c5-4bc0-a9c5-97c5b8b659de (type: security_group_rules) to 0
2026-06-02 08:07:20.320 8 INFO neutron.db.ovn_revision_numbers_db [None req-9ba21357-3e07-4746-aeca-9688e2430ca5 2603419fbb6644ac8d3a3a33515bf4ba 9df0bad1fb9f424ca847822022316982 - - default default] Successfully bumped revision number for resource 9328e830-75e5-4393-9558-339a4fe951fa (type: security_group_rules) to 0 [pid: 8|app: 0|req: 753/1474] 10.0.0.75 () {32 vars in 773 bytes} [Tue Jun 2 08:07:20 2026] GET /v2.0/security-groups?tenant_id=9e9de408d89b46ccbf9371cb134e4c25&name=default => generated 2925 bytes in 161 msecs (HTTP/1.1 200) 4 headers in 158 bytes (1 switches on core 0)
2026-06-02 08:07:20.451 7 WARNING neutron.scheduler.dhcp_agent_scheduler [None req-6213d996-428f-4f3e-8114-93538fdb00a5 facaa0f08d764300a6ada5d863d079c7 3b90b10f76fb48788e1954d1adcfbf9d - - default default] No more DHCP agents
2026-06-02 08:07:20.452 7 WARNING neutron.api.rpc.agentnotifiers.dhcp_rpc_agent_api [None req-6213d996-428f-4f3e-8114-93538fdb00a5 facaa0f08d764300a6ada5d863d079c7 3b90b10f76fb48788e1954d1adcfbf9d - - default default] Unable to schedule network c0412355-f673-4734-acef-85086cb4edc3: no agents available; will retry on subsequent port and subnet creation events.
2026-06-02 08:07:20.552 7 INFO neutron.plugins.ml2.drivers.ovn.mech_driver.mech_driver [None req-ff0411bb-3600-4fd5-bcad-8b6569583993 - - - - - -] OVN reports status down for port: 11c49120-c022-4db1-9538-f60391138d03 [pid: 8|app: 0|req: 754/1475] 10.0.0.75 () {32 vars in 739 bytes} [Tue Jun 2 08:07:20 2026] DELETE /v2.0/security-groups/970451b8-ad59-49a2-9b58-09d04ec95aea => generated 0 bytes in 209 msecs (HTTP/1.1 204) 2 headers in 112 bytes (1 switches on core 0)
2026-06-02 08:07:20.631 7 INFO neutron.db.ovn_revision_numbers_db [None req-6213d996-428f-4f3e-8114-93538fdb00a5 facaa0f08d764300a6ada5d863d079c7 3b90b10f76fb48788e1954d1adcfbf9d - - default default] Successfully bumped revision number for resource 11c49120-c022-4db1-9538-f60391138d03 (type: ports) to 1 [pid: 7|app: 0|req: 722/1476] 10.0.0.75 () {34 vars in 664 bytes} [Tue Jun 2 08:07:20 2026] POST /v2.0/ports => generated 779 bytes in 640 msecs (HTTP/1.1 201) 4 headers in 162 bytes (1 switches on core 0) /var/lib/openstack/lib/python3.12/site-packages/pycadf/identifier.py:70: UserWarning: Invalid uuid: neutron. To ensure interoperability, identifiers should be a valid uuid. warnings.warn(('Invalid uuid: %s. To ensure interoperability, '
2026-06-02 08:07:20.947 8 INFO neutron.db.ovn_revision_numbers_db [None req-f316e3c1-cfe6-4358-818a-0af2fe6c952e 2603419fbb6644ac8d3a3a33515bf4ba 9df0bad1fb9f424ca847822022316982 - - default default] Successfully bumped revision number for resource 41addf64-dc6d-4ec9-a6e8-78634a297e66 (type: security_groups) to 1
2026-06-02 08:07:20.962 8 INFO neutron.db.ovn_revision_numbers_db [None req-f316e3c1-cfe6-4358-818a-0af2fe6c952e 2603419fbb6644ac8d3a3a33515bf4ba 9df0bad1fb9f424ca847822022316982 - - default default] Successfully bumped revision number for resource 28fd8679-1f0f-4f37-bf4e-2ab58a26aece (type: security_group_rules) to 0
2026-06-02 08:07:20.962 7 INFO neutron.db.segments_db [None req-e98e0930-07f4-4cc5-a42b-659978aa8c50 facaa0f08d764300a6ada5d863d079c7 3b90b10f76fb48788e1954d1adcfbf9d - - default default] Added segment db84c9a6-b654-4828-945f-46866bfaba3b of type geneve for network 2e75e913-76a2-427a-ba08-005805806b18
2026-06-02 08:07:20.970 8 INFO neutron.db.ovn_revision_numbers_db [None req-f316e3c1-cfe6-4358-818a-0af2fe6c952e 2603419fbb6644ac8d3a3a33515bf4ba 9df0bad1fb9f424ca847822022316982 - - default default] Successfully bumped revision number for resource 8921d863-b886-46a0-ab85-b2af6a5f0fb6 (type: security_group_rules) to 0
2026-06-02 08:07:20.981 8 INFO neutron.db.ovn_revision_numbers_db [None req-f316e3c1-cfe6-4358-818a-0af2fe6c952e 2603419fbb6644ac8d3a3a33515bf4ba 9df0bad1fb9f424ca847822022316982 - - default default] Successfully bumped revision number for resource ded26ebf-e671-4fa8-9e44-99545fb57148 (type: security_group_rules) to 0
2026-06-02 08:07:20.991 8 INFO neutron.db.ovn_revision_numbers_db [None req-f316e3c1-cfe6-4358-818a-0af2fe6c952e 2603419fbb6644ac8d3a3a33515bf4ba 9df0bad1fb9f424ca847822022316982 - - default default] Successfully bumped revision number for resource f76aefd4-d15e-4a96-8b25-098a9cf1dc93 (type: security_group_rules) to 0 [pid: 8|app: 0|req: 755/1477] 10.0.0.75 () {32 vars in 773 bytes} [Tue Jun 2 08:07:20 2026] GET /v2.0/security-groups?tenant_id=a3ef699fec3d43868f863dd06146d2e1&name=default => generated 2925 bytes in 412 msecs (HTTP/1.1 200) 4 headers in 158 bytes (1 switches on core 0)
2026-06-02 08:07:21.075 7 INFO neutron.db.ovn_revision_numbers_db [None req-e98e0930-07f4-4cc5-a42b-659978aa8c50 facaa0f08d764300a6ada5d863d079c7 3b90b10f76fb48788e1954d1adcfbf9d - - default default] Successfully bumped revision number for resource 2e75e913-76a2-427a-ba08-005805806b18 (type: networks) to 1 [pid: 8|app: 0|req: 756/1478] 10.0.0.75 () {32 vars in 739 bytes} [Tue Jun 2 08:07:21 2026] DELETE /v2.0/security-groups/41addf64-dc6d-4ec9-a6e8-78634a297e66 => generated 0 bytes in 244 msecs (HTTP/1.1 204) 2 headers in 112 bytes (1 switches on core 0)
2026-06-02 08:07:21.305 7 INFO neutron.notifiers.nova [-] Nova event matching ['req-cb63efd6-d1de-470d-9fbf-d704262e8983'] response: {'server_uuid': '45d62192-7d95-48a0-a776-3fc38952b979', 'name': 'network-vif-plugged', 'status': 'completed', 'tag': '78f43514-59c1-4e2c-93b3-ecee00467e12', 'code': 200} [pid: 8|app: 0|req: 757/1479] 10.0.0.197 () {34 vars in 990 bytes} [Tue Jun 2 08:07:21 2026] GET /v2.0/ports?device_id=45d62192-7d95-48a0-a776-3fc38952b979 => generated 975 bytes in 44 msecs (HTTP/1.1 200) 4 headers in 157 bytes (1 switches on core 0)
2026-06-02 08:07:21.331 7 WARNING neutron.scheduler.dhcp_agent_scheduler [None req-e98e0930-07f4-4cc5-a42b-659978aa8c50 facaa0f08d764300a6ada5d863d079c7 3b90b10f76fb48788e1954d1adcfbf9d - - default default] No more DHCP agents
2026-06-02 08:07:21.333 7 WARNING neutron.api.rpc.agentnotifiers.dhcp_rpc_agent_api [None req-e98e0930-07f4-4cc5-a42b-659978aa8c50 facaa0f08d764300a6ada5d863d079c7 3b90b10f76fb48788e1954d1adcfbf9d - - default default] Unable to schedule network 2e75e913-76a2-427a-ba08-005805806b18: no agents available; will retry on subsequent port and subnet creation events. [pid: 8|app: 0|req: 758/1480] 10.0.0.197 () {34 vars in 1040 bytes} [Tue Jun 2 08:07:21 2026] GET /v2.0/security-groups?id=c333ebcf-d931-44df-9f78-3be49329cc11&fields=id&fields=name => generated 114 bytes in 33 msecs (HTTP/1.1 200) 4 headers in 157 bytes (1 switches on core 0)
2026-06-02 08:07:21.385 8 INFO neutron.plugins.ml2.drivers.ovn.mech_driver.mech_driver [None req-1d5d173d-9aa1-4cfb-b771-e75b7ac2470c - - - - - -] OVN reports status down for port: 74137393-0f21-4031-9bcc-f9fadd1558bc
2026-06-02 08:07:21.432 7 INFO neutron.db.ovn_revision_numbers_db [None req-e98e0930-07f4-4cc5-a42b-659978aa8c50 facaa0f08d764300a6ada5d863d079c7 3b90b10f76fb48788e1954d1adcfbf9d - - default default] Successfully bumped revision number for resource 74137393-0f21-4031-9bcc-f9fadd1558bc (type: ports) to 1 [pid: 7|app: 0|req: 723/1481] 10.0.0.75 () {34 vars in 669 bytes} [Tue Jun 2 08:07:20 2026] POST /v2.0/networks => generated 673 bytes in 600 msecs (HTTP/1.1 201) 4 headers in 162 bytes (1 switches on core 0) [pid: 8|app: 0|req: 759/1482] 10.0.0.197 () {34 vars in 990 bytes} [Tue Jun 2 08:07:21 2026] GET /v2.0/ports?device_id=45d62192-7d95-48a0-a776-3fc38952b979 => generated 975 bytes in 55 msecs (HTTP/1.1 200) 4 headers in 157 bytes (1 switches on core 0)
2026-06-02 08:07:21.668 7 WARNING neutron.scheduler.dhcp_agent_scheduler [None req-3412d8ba-70e4-462d-b155-b81f19b84926 facaa0f08d764300a6ada5d863d079c7 3b90b10f76fb48788e1954d1adcfbf9d - - default default] No more DHCP agents
2026-06-02 08:07:21.670 7 WARNING neutron.api.rpc.agentnotifiers.dhcp_rpc_agent_api [None req-3412d8ba-70e4-462d-b155-b81f19b84926 facaa0f08d764300a6ada5d863d079c7 3b90b10f76fb48788e1954d1adcfbf9d - - default default] Unable to schedule network 2e75e913-76a2-427a-ba08-005805806b18: no agents available; will retry on subsequent port and subnet creation events.
2026-06-02 08:07:21.697 7 INFO neutron.db.ovn_revision_numbers_db [None req-3412d8ba-70e4-462d-b155-b81f19b84926 facaa0f08d764300a6ada5d863d079c7 3b90b10f76fb48788e1954d1adcfbf9d - - default default] Successfully bumped revision number for resource 2b551770-50bf-4fb2-b425-adfbcbe67b80 (type: subnets) to 0 [pid: 7|app: 0|req: 724/1483] 10.0.0.75 () {34 vars in 668 bytes} [Tue Jun 2 08:07:21 2026] POST /v2.0/subnets => generated 646 bytes in 250 msecs (HTTP/1.1 201) 4 headers in 162 bytes (1 switches on core 0)
2026-06-02 08:07:21.941 8 INFO neutron.db.ovn_revision_numbers_db [None req-5d4e6a57-a633-43b6-b978-f7faf399ab54 bad500b2fd86401e9afdf35a236fc1c2 0ca128903a7942ecba61e8a564a0e440 - - default default] Successfully bumped revision number for resource 988b702d-beca-46ec-9edd-f908124efa30 (type: floatingips) to 1
2026-06-02 08:07:22.024 7 WARNING neutron.scheduler.dhcp_agent_scheduler [None req-4108a561-03c6-43c8-b14f-1c34e36f3776 facaa0f08d764300a6ada5d863d079c7 3b90b10f76fb48788e1954d1adcfbf9d - - default default] No more DHCP agents
2026-06-02 08:07:22.025 7 WARNING neutron.api.rpc.agentnotifiers.dhcp_rpc_agent_api [None req-4108a561-03c6-43c8-b14f-1c34e36f3776 facaa0f08d764300a6ada5d863d079c7 3b90b10f76fb48788e1954d1adcfbf9d - - default default] Unable to schedule network 2e75e913-76a2-427a-ba08-005805806b18: no agents available; will retry on subsequent port and subnet creation events.
2026-06-02 08:07:22.032 8 INFO neutron.db.ovn_revision_numbers_db [None req-5d4e6a57-a633-43b6-b978-f7faf399ab54 bad500b2fd86401e9afdf35a236fc1c2 0ca128903a7942ecba61e8a564a0e440 - - default default] Successfully bumped revision number for resource 988b702d-beca-46ec-9edd-f908124efa30 (type: floatingips) to 2
2026-06-02 08:07:22.032 8 INFO neutron.db.l3_db [None req-5d4e6a57-a633-43b6-b978-f7faf399ab54 bad500b2fd86401e9afdf35a236fc1c2 0ca128903a7942ecba61e8a564a0e440 - - default default] Floating IP 988b702d-beca-46ec-9edd-f908124efa30 associated. External IP: 10.96.250.220, port: 78f43514-59c1-4e2c-93b3-ecee00467e12. [pid: 8|app: 0|req: 760/1484] 10.0.0.75 () {34 vars in 748 bytes} [Tue Jun 2 08:07:21 2026] PUT /v2.0/floatingips/988b702d-beca-46ec-9edd-f908124efa30 => generated 856 bytes in 565 msecs (HTTP/1.1 200) 4 headers in 157 bytes (1 switches on core 0) /var/lib/openstack/lib/python3.12/site-packages/pycadf/identifier.py:70: UserWarning: Invalid uuid: neutron. To ensure interoperability, identifiers should be a valid uuid. warnings.warn(('Invalid uuid: %s. To ensure interoperability, '
2026-06-02 08:07:22.121 8 INFO neutron.notifiers.nova [-] Nova event matching ['req-ba2d43a8-4f1d-4aa1-9b4b-4b69659cfd5f'] response: {'name': 'network-changed', 'server_uuid': '45d62192-7d95-48a0-a776-3fc38952b979', 'tag': '78f43514-59c1-4e2c-93b3-ecee00467e12', 'status': 'completed', 'code': 200}
2026-06-02 08:07:22.137 7 INFO neutron.plugins.ml2.drivers.ovn.mech_driver.mech_driver [None req-ff0411bb-3600-4fd5-bcad-8b6569583993 - - - - - -] OVN reports status down for port: 8802688c-c3ae-4193-aecb-31e9cb3c1b4b [pid: 8|app: 0|req: 761/1485] 10.0.0.197 () {34 vars in 990 bytes} [Tue Jun 2 08:07:22 2026] GET /v2.0/ports?device_id=45d62192-7d95-48a0-a776-3fc38952b979 => generated 975 bytes in 59 msecs (HTTP/1.1 200) 4 headers in 157 bytes (1 switches on core 0) [pid: 8|app: 0|req: 762/1486] 10.0.0.197 () {34 vars in 1040 bytes} [Tue Jun 2 08:07:22 2026] GET /v2.0/security-groups?id=c333ebcf-d931-44df-9f78-3be49329cc11&fields=id&fields=name => generated 114 bytes in 33 msecs (HTTP/1.1 200) 4 headers in 157 bytes (1 switches on core 0)
2026-06-02 08:07:22.209 7 INFO neutron.db.ovn_revision_numbers_db [None req-4108a561-03c6-43c8-b14f-1c34e36f3776 facaa0f08d764300a6ada5d863d079c7 3b90b10f76fb48788e1954d1adcfbf9d - - default default] Successfully bumped revision number for resource 8802688c-c3ae-4193-aecb-31e9cb3c1b4b (type: ports) to 1 [pid: 7|app: 0|req: 725/1487] 10.0.0.75 () {34 vars in 664 bytes} [Tue Jun 2 08:07:21 2026] POST /v2.0/ports => generated 966 bytes in 520 msecs (HTTP/1.1 201) 4 headers in 162 bytes (1 switches on core 0)
2026-06-02 08:07:22.405 8 INFO neutron_taas.services.taas.taas_plugin [None req-07105716-9340-419f-a462-0864e7e1cd09 facaa0f08d764300a6ada5d863d079c7 3b90b10f76fb48788e1954d1adcfbf9d - - default default] TaaS: Handle Delete Port: 8802688c-c3ae-4193-aecb-31e9cb3c1b4b
2026-06-02 08:07:22.408 8 INFO neutron_taas.services.taas.tap_mirror_plugin [None req-07105716-9340-419f-a462-0864e7e1cd09 facaa0f08d764300a6ada5d863d079c7 3b90b10f76fb48788e1954d1adcfbf9d - - default default] Tap Mirror: Handle Delete Port: 8802688c-c3ae-4193-aecb-31e9cb3c1b4b [pid: 8|app: 0|req: 763/1488] 10.0.0.75 () {32 vars in 719 bytes} [Tue Jun 2 08:07:22 2026] DELETE /v2.0/ports/8802688c-c3ae-4193-aecb-31e9cb3c1b4b => generated 0 bytes in 305 msecs (HTTP/1.1 204) 3 headers in 131 bytes (1 switches on core 0) /var/lib/openstack/lib/python3.12/site-packages/pycadf/identifier.py:70: UserWarning: Invalid uuid: neutron. To ensure interoperability, identifiers should be a valid uuid. warnings.warn(('Invalid uuid: %s. To ensure interoperability, '
2026-06-02 08:07:22.577 7 INFO neutron.pecan_wsgi.hooks.translation [None req-d5012313-e9b0-4dff-a93d-9e922c1f21a7 facaa0f08d764300a6ada5d863d079c7 3b90b10f76fb48788e1954d1adcfbf9d - - default default] DELETE failed (client error): The resource could not be found. [pid: 7|app: 0|req: 726/1489] 10.0.0.75 () {32 vars in 719 bytes} [Tue Jun 2 08:07:22 2026] DELETE /v2.0/ports/8802688c-c3ae-4193-aecb-31e9cb3c1b4b => generated 132 bytes in 23 msecs (HTTP/1.1 404) 4 headers in 164 bytes (1 switches on core 0)
2026-06-02 08:07:22.602 8 INFO neutron.pecan_wsgi.hooks.translation [None req-0c51054a-732f-4c92-8d17-d4f4c6dc4fca facaa0f08d764300a6ada5d863d079c7 3b90b10f76fb48788e1954d1adcfbf9d - - default default] GET failed (client error): The resource could not be found. [pid: 8|app: 0|req: 764/1490] 10.0.0.75 () {32 vars in 716 bytes} [Tue Jun 2 08:07:22 2026] GET /v2.0/ports/8802688c-c3ae-4193-aecb-31e9cb3c1b4b => generated 132 bytes in 17 msecs (HTTP/1.1 404) 4 headers in 164 bytes (1 switches on core 0) [pid: 7|app: 0|req: 727/1491] 199.19.213.156 () {34 vars in 1080 bytes} [Tue Jun 2 08:07:22 2026] GET /v2.0/ports?tenant_id=0ca128903a7942ecba61e8a564a0e440&device_id=45d62192-7d95-48a0-a776-3fc38952b979 => generated 1213 bytes in 39 msecs (HTTP/1.1 200) 4 headers in 158 bytes (1 switches on core 0) [pid: 7|app: 0|req: 728/1492] 199.19.213.156 () {34 vars in 986 bytes} [Tue Jun 2 08:07:22 2026] GET /v2.0/networks?id=18049be2-760c-4be3-9e9c-177917f2ddb4 => generated 815 bytes in 44 msecs (HTTP/1.1 200) 4 headers in 157 bytes (1 switches on core 0) [pid: 8|app: 0|req: 765/1493] 10.0.0.75 () {32 vars in 723 bytes} [Tue Jun 2 08:07:22 2026] DELETE /v2.0/subnets/2b551770-50bf-4fb2-b425-adfbcbe67b80 => generated 0 bytes in 149 msecs (HTTP/1.1 204) 3 headers in 131 bytes (1 switches on core 0) [pid: 7|app: 0|req: 729/1494] 10.0.0.197 () {34 vars in 990 bytes} [Tue Jun 2 08:07:22 2026] GET /v2.0/ports?device_id=45d62192-7d95-48a0-a776-3fc38952b979 => generated 975 bytes in 76 msecs (HTTP/1.1 200) 4 headers in 157 bytes (1 switches on core 0) [pid: 8|app: 0|req: 766/1495] 199.19.213.156 () {34 vars in 1060 bytes} [Tue Jun 2 08:07:22 2026] GET /v2.0/floatingips?fixed_ip_address=10.100.0.11&port_id=78f43514-59c1-4e2c-93b3-ecee00467e12 => generated 861 bytes in 34 msecs (HTTP/1.1 200) 4 headers in 157 bytes (1 switches on core 0) [pid: 8|app: 0|req: 767/1496] 10.0.0.197 () {34 vars in 1040 bytes} [Tue Jun 2 08:07:22 2026] GET /v2.0/security-groups?id=c333ebcf-d931-44df-9f78-3be49329cc11&fields=id&fields=name => generated 114 bytes in 29 msecs (HTTP/1.1 200) 4 headers in 157 bytes (1 switches on core 0) [pid: 8|app: 0|req: 768/1497] 199.19.213.156 () {34 vars in 984 bytes} [Tue Jun 2 08:07:22 2026] GET /v2.0/subnets?id=a1dec311-9195-4d7c-b96b-3f234acbb545 => generated 696 bytes in 22 msecs (HTTP/1.1 200) 4 headers in 157 bytes (1 switches on core 0) [pid: 8|app: 0|req: 769/1498] 199.19.213.156 () {34 vars in 1052 bytes} [Tue Jun 2 08:07:22 2026] GET /v2.0/ports?network_id=18049be2-760c-4be3-9e9c-177917f2ddb4&device_owner=network%3Adhcp => generated 12 bytes in 28 msecs (HTTP/1.1 200) 4 headers in 156 bytes (1 switches on core 0)
2026-06-02 08:07:22.912 7 INFO neutron_taas.services.taas.taas_plugin [None req-5a905542-7ee2-4b3f-8d1f-517e26561f0d facaa0f08d764300a6ada5d863d079c7 3b90b10f76fb48788e1954d1adcfbf9d - - default default] TaaS: Handle Delete Port: 74137393-0f21-4031-9bcc-f9fadd1558bc
2026-06-02 08:07:22.915 7 INFO neutron_taas.services.taas.tap_mirror_plugin [None req-5a905542-7ee2-4b3f-8d1f-517e26561f0d facaa0f08d764300a6ada5d863d079c7 3b90b10f76fb48788e1954d1adcfbf9d - - default default] Tap Mirror: Handle Delete Port: 74137393-0f21-4031-9bcc-f9fadd1558bc [pid: 8|app: 0|req: 770/1499] 199.19.213.156 () {34 vars in 1012 bytes} [Tue Jun 2 08:07:22 2026] GET /v2.0/networks/18049be2-760c-4be3-9e9c-177917f2ddb4?fields=segments => generated 14 bytes in 36 msecs (HTTP/1.1 200) 4 headers in 156 bytes (1 switches on core 0) [pid: 8|app: 0|req: 771/1500] 199.19.213.156 () {34 vars in 1112 bytes} [Tue Jun 2 08:07:22 2026] GET /v2.0/networks/18049be2-760c-4be3-9e9c-177917f2ddb4?fields=provider%3Aphysical_network&fields=provider%3Anetwork_type => generated 79 bytes in 41 msecs (HTTP/1.1 200) 4 headers in 156 bytes (1 switches on core 0)
2026-06-02 08:07:23.119 7 INFO neutron.services.segments.plugin [-] Segment db84c9a6-b654-4828-945f-46866bfaba3b resource provider aggregate not found
2026-06-02 08:07:23.125 7 INFO neutron.services.segments.plugin [-] Segment db84c9a6-b654-4828-945f-46866bfaba3b resource provider aggregate not found
2026-06-02 08:07:23.132 7 INFO neutron.services.segments.plugin [-] Segment db84c9a6-b654-4828-945f-46866bfaba3b resource provider not found; error: Placement Client Error (4xx): {"errors": [{"status": 404, "title": "Not Found", "detail": "The resource could not be found.\n\n No resource provider with uuid db84c9a6-b654-4828-945f-46866bfaba3b found for delete ", "request_id": "req-1aef122a-5cad-4c88-acdd-ca10b21bee73"}]}
2026-06-02 08:07:23.146 7 INFO neutron.services.segments.plugin [-] Segment db84c9a6-b654-4828-945f-46866bfaba3b resource provider not found; error: Placement Client Error (4xx): {"errors": [{"status": 404, "title": "Not Found", "detail": "The resource could not be found.\n\n No resource provider with uuid db84c9a6-b654-4828-945f-46866bfaba3b found for delete ", "request_id": "req-1093ef54-51dc-4619-a60d-747ccf208c82"}]} [pid: 7|app: 0|req: 730/1501] 10.0.0.75 () {32 vars in 725 bytes} [Tue Jun 2 08:07:22 2026] DELETE /v2.0/networks/2e75e913-76a2-427a-ba08-005805806b18 => generated 0 bytes in 407 msecs (HTTP/1.1 204) 3 headers in 131 bytes (1 switches on core 0)
2026-06-02 08:07:23.307 7 INFO neutron.db.segments_db [None req-a5ea0bb6-276f-4231-ac8a-01f33d16466a facaa0f08d764300a6ada5d863d079c7 3b90b10f76fb48788e1954d1adcfbf9d - - default default] Added segment 60361441-97b2-40b1-b2db-c8872d9031f7 of type geneve for network 5bb3794d-6ece-4584-adb4-089559a450cd
2026-06-02 08:07:23.365 8 INFO neutron.db.ovn_revision_numbers_db [None req-1321b3e1-8ad1-45ec-a2b1-9a7f68a13d17 2603419fbb6644ac8d3a3a33515bf4ba 9df0bad1fb9f424ca847822022316982 - - default default] Successfully bumped revision number for resource 88e946fd-032f-42ee-a046-fd18a469e289 (type: security_groups) to 1
2026-06-02 08:07:23.385 8 INFO neutron.db.ovn_revision_numbers_db [None req-1321b3e1-8ad1-45ec-a2b1-9a7f68a13d17 2603419fbb6644ac8d3a3a33515bf4ba 9df0bad1fb9f424ca847822022316982 - - default default] Successfully bumped revision number for resource 12dc1e50-fa40-4d8f-92fc-c5f99072e363 (type: security_group_rules) to 0
2026-06-02 08:07:23.394 8 INFO neutron.db.ovn_revision_numbers_db [None req-1321b3e1-8ad1-45ec-a2b1-9a7f68a13d17 2603419fbb6644ac8d3a3a33515bf4ba 9df0bad1fb9f424ca847822022316982 - - default default] Successfully bumped revision number for resource 3a31c6be-a9c3-4086-ac7e-c83fe21728a5 (type: security_group_rules) to 0
2026-06-02 08:07:23.404 8 INFO neutron.db.ovn_revision_numbers_db [None req-1321b3e1-8ad1-45ec-a2b1-9a7f68a13d17 2603419fbb6644ac8d3a3a33515bf4ba 9df0bad1fb9f424ca847822022316982 - - default default] Successfully bumped revision number for resource 68742354-759b-47c4-b505-a52374bac2df (type: security_group_rules) to 0
2026-06-02 08:07:23.424 8 INFO neutron.db.ovn_revision_numbers_db [None req-1321b3e1-8ad1-45ec-a2b1-9a7f68a13d17 2603419fbb6644ac8d3a3a33515bf4ba 9df0bad1fb9f424ca847822022316982 - - default default] Successfully bumped revision number for resource bbb8c3df-88b9-4279-a8db-e7138107c130 (type: security_group_rules) to 0
2026-06-02 08:07:23.472 7 INFO neutron.db.ovn_revision_numbers_db [None req-a5ea0bb6-276f-4231-ac8a-01f33d16466a facaa0f08d764300a6ada5d863d079c7 3b90b10f76fb48788e1954d1adcfbf9d - - default default] Successfully bumped revision number for resource 5bb3794d-6ece-4584-adb4-089559a450cd (type: networks) to 1
2026-06-02 08:07:23.535 8 INFO neutron.db.segments_db [None req-1321b3e1-8ad1-45ec-a2b1-9a7f68a13d17 2603419fbb6644ac8d3a3a33515bf4ba 9df0bad1fb9f424ca847822022316982 - - default default] Added segment 04a2a29e-3758-411b-b6b9-13237aae9081 of type geneve for network 4d1ccf9d-039b-4a03-a68e-513484cdc899
2026-06-02 08:07:23.545 7 INFO neutron.plugins.ml2.drivers.ovn.mech_driver.mech_driver [None req-ff0411bb-3600-4fd5-bcad-8b6569583993 - - - - - -] OVN reports status down for port: 78f43514-59c1-4e2c-93b3-ecee00467e12
2026-06-02 08:07:23.678 8 INFO neutron.db.ovn_revision_numbers_db [None req-1321b3e1-8ad1-45ec-a2b1-9a7f68a13d17 2603419fbb6644ac8d3a3a33515bf4ba 9df0bad1fb9f424ca847822022316982 - - default default] Successfully bumped revision number for resource 4d1ccf9d-039b-4a03-a68e-513484cdc899 (type: networks) to 1
2026-06-02 08:07:23.801 7 INFO neutron.notifiers.nova [-] Nova event matching ['req-6ff50d97-b183-419b-a635-48c7840065fe'] response: {'server_uuid': '45d62192-7d95-48a0-a776-3fc38952b979', 'name': 'network-vif-unplugged', 'status': 'completed', 'tag': '78f43514-59c1-4e2c-93b3-ecee00467e12', 'code': 200}
2026-06-02 08:07:23.805 7 WARNING neutron.scheduler.dhcp_agent_scheduler [None req-a5ea0bb6-276f-4231-ac8a-01f33d16466a facaa0f08d764300a6ada5d863d079c7 3b90b10f76fb48788e1954d1adcfbf9d - - default default] No more DHCP agents
2026-06-02 08:07:23.806 7 WARNING neutron.api.rpc.agentnotifiers.dhcp_rpc_agent_api [None req-a5ea0bb6-276f-4231-ac8a-01f33d16466a facaa0f08d764300a6ada5d863d079c7 3b90b10f76fb48788e1954d1adcfbf9d - - default default] Unable to schedule network 5bb3794d-6ece-4584-adb4-089559a450cd: no agents available; will retry on subsequent port and subnet creation events.
2026-06-02 08:07:23.878 8 WARNING neutron.scheduler.dhcp_agent_scheduler [None req-1321b3e1-8ad1-45ec-a2b1-9a7f68a13d17 2603419fbb6644ac8d3a3a33515bf4ba 9df0bad1fb9f424ca847822022316982 - - default default] No more DHCP agents
2026-06-02 08:07:23.879 8 WARNING neutron.api.rpc.agentnotifiers.dhcp_rpc_agent_api [None req-1321b3e1-8ad1-45ec-a2b1-9a7f68a13d17 2603419fbb6644ac8d3a3a33515bf4ba 9df0bad1fb9f424ca847822022316982 - - default default] Unable to schedule network 4d1ccf9d-039b-4a03-a68e-513484cdc899: no agents available; will retry on subsequent port and subnet creation events.
2026-06-02 08:07:23.955 7 INFO neutron.db.ovn_revision_numbers_db [None req-a5ea0bb6-276f-4231-ac8a-01f33d16466a facaa0f08d764300a6ada5d863d079c7 3b90b10f76fb48788e1954d1adcfbf9d - - default default] Successfully bumped revision number for resource d05e3ce5-daba-4004-bce4-952dab282c89 (type: ports) to 1
2026-06-02 08:07:23.958 8 INFO neutron.db.ovn_revision_numbers_db [None req-1321b3e1-8ad1-45ec-a2b1-9a7f68a13d17 2603419fbb6644ac8d3a3a33515bf4ba 9df0bad1fb9f424ca847822022316982 - - default default] Successfully bumped revision number for resource 38b12f4d-4c66-43c8-ad6f-ed7ba4f8e2d1 (type: ports) to 1 [pid: 8|app: 0|req: 772/1502] 10.0.0.75 () {34 vars in 670 bytes} [Tue Jun 2 08:07:23 2026] POST /v2.0/networks => generated 780 bytes in 906 msecs (HTTP/1.1 201) 4 headers in 162 bytes (1 switches on core 0) [pid: 7|app: 0|req: 731/1503] 10.0.0.75 () {34 vars in 669 bytes} [Tue Jun 2 08:07:23 2026] POST /v2.0/networks => generated 673 bytes in 797 msecs (HTTP/1.1 201) 4 headers in 162 bytes (1 switches on core 0)
2026-06-02 08:07:23.994 7 INFO neutron.db.ovn_revision_numbers_db [None req-ff0411bb-3600-4fd5-bcad-8b6569583993 - - - - - -] Successfully bumped revision number for resource 78f43514-59c1-4e2c-93b3-ecee00467e12 (type: ports) to 6
2026-06-02 08:07:24.041 7 INFO neutron.plugins.ml2.drivers.ovn.mech_driver.mech_driver [None req-48f13689-f8f3-49d9-9455-b3235f6bc6eb - - - - - -] OVN reports status down for port: d05e3ce5-daba-4004-bce4-952dab282c89 [pid: 8|app: 0|req: 773/1504] 10.0.0.197 () {34 vars in 990 bytes} [Tue Jun 2 08:07:23 2026] GET /v2.0/ports?device_id=45d62192-7d95-48a0-a776-3fc38952b979 => generated 973 bytes in 95 msecs (HTTP/1.1 200) 4 headers in 157 bytes (1 switches on core 0)
2026-06-02 08:07:24.101 7 INFO neutron.plugins.ml2.drivers.ovn.mech_driver.mech_driver [None req-48f13689-f8f3-49d9-9455-b3235f6bc6eb - - - - - -] OVN reports status down for port: 38b12f4d-4c66-43c8-ad6f-ed7ba4f8e2d1 /var/lib/openstack/lib/python3.12/site-packages/pycadf/identifier.py:70: UserWarning: Invalid uuid: neutron. To ensure interoperability, identifiers should be a valid uuid. warnings.warn(('Invalid uuid: %s. To ensure interoperability, '
2026-06-02 08:07:24.223 8 WARNING neutron.scheduler.dhcp_agent_scheduler [None req-a5355c83-0095-4cf4-81ce-b6dbf5e07471 2603419fbb6644ac8d3a3a33515bf4ba 9df0bad1fb9f424ca847822022316982 - - default default] No more DHCP agents
2026-06-02 08:07:24.227 8 WARNING neutron.api.rpc.agentnotifiers.dhcp_rpc_agent_api [None req-a5355c83-0095-4cf4-81ce-b6dbf5e07471 2603419fbb6644ac8d3a3a33515bf4ba 9df0bad1fb9f424ca847822022316982 - - default default] Unable to schedule network 4d1ccf9d-039b-4a03-a68e-513484cdc899: no agents available; will retry on subsequent port and subnet creation events.
2026-06-02 08:07:24.244 7 INFO neutron.db.ovn_revision_numbers_db [None req-09194301-c259-446e-9580-186964f82ca2 2603419fbb6644ac8d3a3a33515bf4ba 9df0bad1fb9f424ca847822022316982 - - default default] Successfully bumped revision number for resource a807df89-b2f9-4263-aba0-7d6112d636e5 (type: security_groups) to 1
2026-06-02 08:07:24.256 7 INFO neutron.db.ovn_revision_numbers_db [None req-09194301-c259-446e-9580-186964f82ca2 2603419fbb6644ac8d3a3a33515bf4ba 9df0bad1fb9f424ca847822022316982 - - default default] Successfully bumped revision number for resource 44e11cfa-dbaf-4cea-b11f-810209597821 (type: security_group_rules) to 0
2026-06-02 08:07:24.269 7 INFO neutron.db.ovn_revision_numbers_db [None req-09194301-c259-446e-9580-186964f82ca2 2603419fbb6644ac8d3a3a33515bf4ba 9df0bad1fb9f424ca847822022316982 - - default default] Successfully bumped revision number for resource a5969fb6-d57f-4ce0-8207-bfb2aa93ad33 (type: security_group_rules) to 0
2026-06-02 08:07:24.284 7 INFO neutron.db.ovn_revision_numbers_db [None req-09194301-c259-446e-9580-186964f82ca2 2603419fbb6644ac8d3a3a33515bf4ba 9df0bad1fb9f424ca847822022316982 - - default default] Successfully bumped revision number for resource bd83b8fe-710a-4d60-9ee5-4224f4791004 (type: security_group_rules) to 0
2026-06-02 08:07:24.298 7 INFO neutron.db.ovn_revision_numbers_db [None req-09194301-c259-446e-9580-186964f82ca2 2603419fbb6644ac8d3a3a33515bf4ba 9df0bad1fb9f424ca847822022316982 - - default default] Successfully bumped revision number for resource e8e411da-9873-464d-af68-781d4936ecfe (type: security_group_rules) to 0 [pid: 7|app: 0|req: 732/1505] 10.0.0.75 () {32 vars in 773 bytes} [Tue Jun 2 08:07:23 2026] GET /v2.0/security-groups?tenant_id=969ac933a553449bb7712300d43601cc&name=default => generated 2925 bytes in 342 msecs (HTTP/1.1 200) 4 headers in 158 bytes (1 switches on core 0)
2026-06-02 08:07:24.521 7 WARNING neutron.scheduler.dhcp_agent_scheduler [None req-78d99c0c-6e6b-407b-b5b3-e737d7b77929 facaa0f08d764300a6ada5d863d079c7 3b90b10f76fb48788e1954d1adcfbf9d - - default default] No more DHCP agents
2026-06-02 08:07:24.522 7 WARNING neutron.api.rpc.agentnotifiers.dhcp_rpc_agent_api [None req-78d99c0c-6e6b-407b-b5b3-e737d7b77929 facaa0f08d764300a6ada5d863d079c7 3b90b10f76fb48788e1954d1adcfbf9d - - default default] Unable to schedule network 5bb3794d-6ece-4584-adb4-089559a450cd: no agents available; will retry on subsequent port and subnet creation events.
2026-06-02 08:07:24.546 7 INFO neutron.db.ovn_revision_numbers_db [None req-78d99c0c-6e6b-407b-b5b3-e737d7b77929 facaa0f08d764300a6ada5d863d079c7 3b90b10f76fb48788e1954d1adcfbf9d - - default default] Successfully bumped revision number for resource 37b5b45e-d1d5-4b8f-bdd4-50c1a2bdb1bd (type: subnets) to 0 [pid: 7|app: 0|req: 733/1506] 10.0.0.75 () {34 vars in 668 bytes} [Tue Jun 2 08:07:24 2026] POST /v2.0/subnets => generated 646 bytes in 230 msecs (HTTP/1.1 201) 4 headers in 162 bytes (1 switches on core 0) [pid: 7|app: 0|req: 734/1507] 10.0.0.197 () {34 vars in 1040 bytes} [Tue Jun 2 08:07:24 2026] GET /v2.0/security-groups?id=c333ebcf-d931-44df-9f78-3be49329cc11&fields=id&fields=name => generated 114 bytes in 29 msecs (HTTP/1.1 200) 4 headers in 157 bytes (1 switches on core 0)
2026-06-02 08:07:24.667 8 INFO neutron.db.ovn_revision_numbers_db [None req-b16fb7b2-773e-4e66-82f4-5de7b51f9c34 - - - - - -] Successfully bumped revision number for resource 38b12f4d-4c66-43c8-ad6f-ed7ba4f8e2d1 (type: ports) to 2
2026-06-02 08:07:24.710 8 INFO neutron.db.ovn_revision_numbers_db [None req-b16fb7b2-773e-4e66-82f4-5de7b51f9c34 - - - - - -] Successfully bumped revision number for resource 4eb1169c-14bf-4ee6-ba6e-e7050acfa664 (type: subnets) to 0 [pid: 8|app: 0|req: 774/1508] 10.0.0.75 () {34 vars in 668 bytes} [Tue Jun 2 08:07:24 2026] POST /v2.0/subnets => generated 688 bytes in 645 msecs (HTTP/1.1 201) 4 headers in 162 bytes (1 switches on core 0) [pid: 7|app: 0|req: 735/1509] 10.0.0.75 () {32 vars in 739 bytes} [Tue Jun 2 08:07:24 2026] DELETE /v2.0/security-groups/a807df89-b2f9-4263-aba0-7d6112d636e5 => generated 0 bytes in 235 msecs (HTTP/1.1 204) 2 headers in 112 bytes (1 switches on core 0) [pid: 7|app: 0|req: 736/1510] 199.19.213.156 () {34 vars in 994 bytes} [Tue Jun 2 08:07:24 2026] GET /v2.0/ports?device_id=45d62192-7d95-48a0-a776-3fc38952b979 => generated 973 bytes in 34 msecs (HTTP/1.1 200) 4 headers in 157 bytes (1 switches on core 0)
2026-06-02 08:07:24.982 8 WARNING neutron.scheduler.dhcp_agent_scheduler [None req-866f857d-921e-4aef-87a0-0fc27fd1e756 facaa0f08d764300a6ada5d863d079c7 3b90b10f76fb48788e1954d1adcfbf9d - - default default] No more DHCP agents
2026-06-02 08:07:24.983 8 WARNING neutron.api.rpc.agentnotifiers.dhcp_rpc_agent_api [None req-866f857d-921e-4aef-87a0-0fc27fd1e756 facaa0f08d764300a6ada5d863d079c7 3b90b10f76fb48788e1954d1adcfbf9d - - default default] Unable to schedule network 5bb3794d-6ece-4584-adb4-089559a450cd: no agents available; will retry on subsequent port and subnet creation events.
2026-06-02 08:07:25.051 8 INFO neutron.plugins.ml2.drivers.ovn.mech_driver.mech_driver [None req-1d5d173d-9aa1-4cfb-b771-e75b7ac2470c - - - - - -] OVN reports status down for port: 6f663d9e-346d-4e77-923b-997f61cbecad
2026-06-02 08:07:25.110 8 INFO neutron.db.ovn_revision_numbers_db [None req-866f857d-921e-4aef-87a0-0fc27fd1e756 facaa0f08d764300a6ada5d863d079c7 3b90b10f76fb48788e1954d1adcfbf9d - - default default] Successfully bumped revision number for resource 6f663d9e-346d-4e77-923b-997f61cbecad (type: ports) to 1 [pid: 8|app: 0|req: 775/1511] 10.0.0.75 () {34 vars in 664 bytes} [Tue Jun 2 08:07:24 2026] POST /v2.0/ports => generated 924 bytes in 461 msecs (HTTP/1.1 201) 4 headers in 162 bytes (1 switches on core 0)
2026-06-02 08:07:25.254 7 WARNING neutron.scheduler.dhcp_agent_scheduler [None req-b824a6cc-f9bd-4dcf-84da-01383ed20609 2603419fbb6644ac8d3a3a33515bf4ba 9df0bad1fb9f424ca847822022316982 - - default default] No more DHCP agents
2026-06-02 08:07:25.255 7 WARNING neutron.api.rpc.agentnotifiers.dhcp_rpc_agent_api [None req-b824a6cc-f9bd-4dcf-84da-01383ed20609 2603419fbb6644ac8d3a3a33515bf4ba 9df0bad1fb9f424ca847822022316982 - - default default] Unable to schedule network 0c6ed45f-6be5-4925-b09f-b5729df95a98: no agents available; will retry on subsequent port and subnet creation events.
2026-06-02 08:07:25.310 8 INFO neutron_taas.services.taas.taas_plugin [req-2f95e60e-d9e9-468a-859b-4b08580c6154 req-a62ae7b3-c6f0-4ef2-895a-dfb61ce276f3 bad500b2fd86401e9afdf35a236fc1c2 0ca128903a7942ecba61e8a564a0e440 - - default default] TaaS: Handle Delete Port: 78f43514-59c1-4e2c-93b3-ecee00467e12
2026-06-02 08:07:25.314 8 INFO neutron_taas.services.taas.tap_mirror_plugin [req-2f95e60e-d9e9-468a-859b-4b08580c6154 req-a62ae7b3-c6f0-4ef2-895a-dfb61ce276f3 bad500b2fd86401e9afdf35a236fc1c2 0ca128903a7942ecba61e8a564a0e440 - - default default] Tap Mirror: Handle Delete Port: 78f43514-59c1-4e2c-93b3-ecee00467e12
2026-06-02 08:07:25.365 8 INFO neutron.plugins.ml2.drivers.ovn.mech_driver.mech_driver [None req-1d5d173d-9aa1-4cfb-b771-e75b7ac2470c - - - - - -] OVN reports status down for port: 7de7649f-d523-4658-a49a-bdf52bf13de5
2026-06-02 08:07:25.384 7 INFO neutron.db.ovn_revision_numbers_db [None req-b824a6cc-f9bd-4dcf-84da-01383ed20609 2603419fbb6644ac8d3a3a33515bf4ba 9df0bad1fb9f424ca847822022316982 - - default default] Successfully bumped revision number for resource 7de7649f-d523-4658-a49a-bdf52bf13de5 (type: ports) to 1
2026-06-02 08:07:25.648 8 INFO neutron.db.l3_db [req-2f95e60e-d9e9-468a-859b-4b08580c6154 req-a62ae7b3-c6f0-4ef2-895a-dfb61ce276f3 bad500b2fd86401e9afdf35a236fc1c2 0ca128903a7942ecba61e8a564a0e440 - - default default] Floating IP 988b702d-beca-46ec-9edd-f908124efa30 disassociated. External IP: 10.96.250.220, port: 78f43514-59c1-4e2c-93b3-ecee00467e12. [pid: 8|app: 0|req: 776/1512] 199.19.213.156 () {36 vars in 997 bytes} [Tue Jun 2 08:07:25 2026] DELETE /v2.0/ports/78f43514-59c1-4e2c-93b3-ecee00467e12 => generated 0 bytes in 577 msecs (HTTP/1.1 204) 3 headers in 131 bytes (1 switches on core 0) /var/lib/openstack/lib/python3.12/site-packages/pycadf/identifier.py:70: UserWarning: Invalid uuid: neutron. To ensure interoperability, identifiers should be a valid uuid. warnings.warn(('Invalid uuid: %s. To ensure interoperability, '
2026-06-02 08:07:25.807 8 INFO neutron.notifiers.nova [-] Nova event matching ['req-303d640e-27c6-4c96-af11-60f4622d9772'] response: {'server_uuid': '45d62192-7d95-48a0-a776-3fc38952b979', 'name': 'network-vif-deleted', 'tag': '78f43514-59c1-4e2c-93b3-ecee00467e12', 'status': 'completed', 'code': 200}
2026-06-02 08:07:25.845 7 INFO neutron.notifiers.nova [-] Nova event matching ['req-7e2eb1ff-3f83-4c46-a78f-ff5cb0801185'] response: {'server_uuid': '45d62192-7d95-48a0-a776-3fc38952b979', 'name': 'network-vif-unplugged', 'status': 'completed', 'tag': '78f43514-59c1-4e2c-93b3-ecee00467e12', 'code': 200}
2026-06-02 08:07:25.917 8 INFO neutron_taas.services.taas.taas_plugin [None req-b0d95af5-b151-46c8-a934-5bd6c0d45c00 facaa0f08d764300a6ada5d863d079c7 3b90b10f76fb48788e1954d1adcfbf9d - - default default] TaaS: Handle Delete Port: 6f663d9e-346d-4e77-923b-997f61cbecad
2026-06-02 08:07:25.920 8 INFO neutron_taas.services.taas.tap_mirror_plugin [None req-b0d95af5-b151-46c8-a934-5bd6c0d45c00 facaa0f08d764300a6ada5d863d079c7 3b90b10f76fb48788e1954d1adcfbf9d - - default default] Tap Mirror: Handle Delete Port: 6f663d9e-346d-4e77-923b-997f61cbecad
2026-06-02 08:07:25.962 7 INFO neutron.plugins.ml2.drivers.ovn.mech_driver.ovsdb.commands [None req-d5d611a2-af26-4cf3-ac5c-573d9f328547 - - - - - -] Schedule LRP lrp-7de7649f-d523-4658-a49a-bdf52bf13de5 on gateway bd8c2901-1339-49e4-af67-a58847705048 with priority 1
2026-06-02 08:07:25.993 8 INFO neutron.plugins.ml2.drivers.ovn.mech_driver.mech_driver [None req-1d5d173d-9aa1-4cfb-b771-e75b7ac2470c - - - - - -] OVN reports status up for port: 7de7649f-d523-4658-a49a-bdf52bf13de5
2026-06-02 08:07:26.000 7 INFO neutron.plugins.ml2.drivers.ovn.mech_driver.ovsdb.ovsdb_monitor [None req-35c8dd96-30c2-4f84-a4c3-8a86fc7b070b - - - - - -] Router 6aaf8307-3dea-4c97-b474-7f159ab0f6ed is bound to host instance
2026-06-02 08:07:26.029 8 INFO neutron.plugins.ml2.plugin [None req-1d5d173d-9aa1-4cfb-b771-e75b7ac2470c - - - - - -] Attempt 1 to provision port 7de7649f-d523-4658-a49a-bdf52bf13de5
2026-06-02 08:07:26.039 7 INFO neutron.db.ovn_revision_numbers_db [None req-b824a6cc-f9bd-4dcf-84da-01383ed20609 2603419fbb6644ac8d3a3a33515bf4ba 9df0bad1fb9f424ca847822022316982 - - default default] Successfully bumped revision number for resource 7de7649f-d523-4658-a49a-bdf52bf13de5 (type: router_ports) to 1 [pid: 8|app: 0|req: 777/1513] 10.0.0.75 () {32 vars in 719 bytes} [Tue Jun 2 08:07:25 2026] DELETE /v2.0/ports/6f663d9e-346d-4e77-923b-997f61cbecad => generated 0 bytes in 333 msecs (HTTP/1.1 204) 3 headers in 131 bytes (1 switches on core 0) [pid: 8|app: 0|req: 778/1514] 10.0.0.197 () {34 vars in 990 bytes} [Tue Jun 2 08:07:26 2026] GET /v2.0/ports?device_id=45d62192-7d95-48a0-a776-3fc38952b979 => generated 12 bytes in 29 msecs (HTTP/1.1 200) 4 headers in 156 bytes (1 switches on core 0)
2026-06-02 08:07:26.155 8 INFO neutron.pecan_wsgi.hooks.translation [None req-59110de4-778c-4913-889b-19023410d0cc facaa0f08d764300a6ada5d863d079c7 3b90b10f76fb48788e1954d1adcfbf9d - - default default] GET failed (client error): The resource could not be found. [pid: 8|app: 0|req: 779/1515] 10.0.0.75 () {32 vars in 716 bytes} [Tue Jun 2 08:07:26 2026] GET /v2.0/ports/6f663d9e-346d-4e77-923b-997f61cbecad => generated 132 bytes in 22 msecs (HTTP/1.1 404) 4 headers in 164 bytes (1 switches on core 0)
2026-06-02 08:07:26.162 7 INFO neutron.db.ovn_revision_numbers_db [None req-b824a6cc-f9bd-4dcf-84da-01383ed20609 2603419fbb6644ac8d3a3a33515bf4ba 9df0bad1fb9f424ca847822022316982 - - default default] Successfully bumped revision number for resource 6aaf8307-3dea-4c97-b474-7f159ab0f6ed (type: routers) to 2 [pid: 7|app: 0|req: 737/1516] 10.0.0.75 () {34 vars in 668 bytes} [Tue Jun 2 08:07:24 2026] POST /v2.0/routers => generated 966 bytes in 1323 msecs (HTTP/1.1 201) 4 headers in 162 bytes (1 switches on core 0) [pid: 8|app: 0|req: 780/1517] 10.0.0.75 () {32 vars in 723 bytes} [Tue Jun 2 08:07:26 2026] DELETE /v2.0/subnets/37b5b45e-d1d5-4b8f-bdd4-50c1a2bdb1bd => generated 0 bytes in 144 msecs (HTTP/1.1 204) 3 headers in 131 bytes (1 switches on core 0)
2026-06-02 08:07:26.420 8 INFO neutron_taas.services.taas.taas_plugin [None req-0cfa1aeb-53d3-4927-b513-a2f36b7fee48 facaa0f08d764300a6ada5d863d079c7 3b90b10f76fb48788e1954d1adcfbf9d - - default default] TaaS: Handle Delete Port: d05e3ce5-daba-4004-bce4-952dab282c89
2026-06-02 08:07:26.422 8 INFO neutron_taas.services.taas.tap_mirror_plugin [None req-0cfa1aeb-53d3-4927-b513-a2f36b7fee48 facaa0f08d764300a6ada5d863d079c7 3b90b10f76fb48788e1954d1adcfbf9d - - default default] Tap Mirror: Handle Delete Port: d05e3ce5-daba-4004-bce4-952dab282c89
2026-06-02 08:07:26.586 8 INFO neutron.services.segments.plugin [-] Segment 60361441-97b2-40b1-b2db-c8872d9031f7 resource provider aggregate not found
2026-06-02 08:07:26.592 8 INFO neutron.services.segments.plugin [-] Segment 60361441-97b2-40b1-b2db-c8872d9031f7 resource provider aggregate not found
2026-06-02 08:07:26.600 8 INFO neutron.services.segments.plugin [-] Segment 60361441-97b2-40b1-b2db-c8872d9031f7 resource provider not found; error: Placement Client Error (4xx): {"errors": [{"status": 404, "title": "Not Found", "detail": "The resource could not be found.\n\n No resource provider with uuid 60361441-97b2-40b1-b2db-c8872d9031f7 found for delete ", "request_id": "req-396e12b0-b888-4005-bb35-1ed8a045c17d"}]}
2026-06-02 08:07:26.612 8 INFO neutron.services.segments.plugin [-] Segment 60361441-97b2-40b1-b2db-c8872d9031f7 resource provider not found; error: Placement Client Error (4xx): {"errors": [{"status": 404, "title": "Not Found", "detail": "The resource could not be found.\n\n No resource provider with uuid 60361441-97b2-40b1-b2db-c8872d9031f7 found for delete ", "request_id": "req-1e6abeb8-5c72-42d5-8c77-6e66dbb3f93d"}]} [pid: 8|app: 0|req: 781/1518] 10.0.0.75 () {32 vars in 725 bytes} [Tue Jun 2 08:07:26 2026] DELETE /v2.0/networks/5bb3794d-6ece-4584-adb4-089559a450cd => generated 0 bytes in 320 msecs (HTTP/1.1 204) 3 headers in 131 bytes (1 switches on core 0)
2026-06-02 08:07:26.870 8 WARNING neutron.scheduler.dhcp_agent_scheduler [None req-acb89dd5-fdbb-4233-a5e3-8d5008ab19eb facaa0f08d764300a6ada5d863d079c7 3b90b10f76fb48788e1954d1adcfbf9d - - default default] No more DHCP agents
2026-06-02 08:07:26.871 8 WARNING neutron.api.rpc.agentnotifiers.dhcp_rpc_agent_api [None req-acb89dd5-fdbb-4233-a5e3-8d5008ab19eb facaa0f08d764300a6ada5d863d079c7 3b90b10f76fb48788e1954d1adcfbf9d - - default default] Unable to schedule network c0412355-f673-4734-acef-85086cb4edc3: no agents available; will retry on subsequent port and subnet creation events.
2026-06-02 08:07:26.938 7 INFO neutron.plugins.ml2.drivers.ovn.mech_driver.mech_driver [None req-48f13689-f8f3-49d9-9455-b3235f6bc6eb - - - - - -] OVN reports status down for port: 51322208-cbd6-4fb4-9a1f-8230695db882
2026-06-02 08:07:26.967 8 INFO neutron.db.ovn_revision_numbers_db [None req-acb89dd5-fdbb-4233-a5e3-8d5008ab19eb facaa0f08d764300a6ada5d863d079c7 3b90b10f76fb48788e1954d1adcfbf9d - - default default] Successfully bumped revision number for resource 51322208-cbd6-4fb4-9a1f-8230695db882 (type: ports) to 1
2026-06-02 08:07:27.016 7 WARNING neutron.scheduler.dhcp_agent_scheduler [None req-c0d633da-67d6-4b9e-91d0-7815d96ed052 2603419fbb6644ac8d3a3a33515bf4ba 9df0bad1fb9f424ca847822022316982 - - default default] No more DHCP agents
2026-06-02 08:07:27.022 7 WARNING neutron.api.rpc.agentnotifiers.dhcp_rpc_agent_api [None req-c0d633da-67d6-4b9e-91d0-7815d96ed052 2603419fbb6644ac8d3a3a33515bf4ba 9df0bad1fb9f424ca847822022316982 - - default default] Unable to schedule network 4d1ccf9d-039b-4a03-a68e-513484cdc899: no agents available; will retry on subsequent port and subnet creation events. [pid: 8|app: 0|req: 782/1519] 10.0.0.75 () {34 vars in 664 bytes} [Tue Jun 2 08:07:26 2026] POST /v2.0/ports => generated 779 bytes in 388 msecs (HTTP/1.1 201) 4 headers in 162 bytes (1 switches on core 0) /var/lib/openstack/lib/python3.12/site-packages/pycadf/identifier.py:70: UserWarning: Invalid uuid: neutron. To ensure interoperability, identifiers should be a valid uuid. warnings.warn(('Invalid uuid: %s. To ensure interoperability, '
2026-06-02 08:07:27.248 7 INFO neutron.plugins.ml2.drivers.ovn.mech_driver.mech_driver [None req-48f13689-f8f3-49d9-9455-b3235f6bc6eb - - - - - -] OVN reports status down for port: 51322208-cbd6-4fb4-9a1f-8230695db882
2026-06-02 08:07:27.271 8 INFO neutron.db.ovn_revision_numbers_db [None req-828b74e5-4eda-45b3-b8d4-0fab83f95cf2 facaa0f08d764300a6ada5d863d079c7 3b90b10f76fb48788e1954d1adcfbf9d - - default default] Successfully bumped revision number for resource 51322208-cbd6-4fb4-9a1f-8230695db882 (type: ports) to 2 [pid: 8|app: 0|req: 783/1520] 10.0.0.75 () {34 vars in 736 bytes} [Tue Jun 2 08:07:27 2026] PUT /v2.0/ports/51322208-cbd6-4fb4-9a1f-8230695db882 => generated 752 bytes in 275 msecs (HTTP/1.1 200) 4 headers in 157 bytes (1 switches on core 0) /var/lib/openstack/lib/python3.12/site-packages/pycadf/identifier.py:70: UserWarning: Invalid uuid: neutron. To ensure interoperability, identifiers should be a valid uuid. warnings.warn(('Invalid uuid: %s. To ensure interoperability, ' [pid: 8|app: 0|req: 784/1521] 10.0.0.197 () {34 vars in 990 bytes} [Tue Jun 2 08:07:27 2026] GET /v2.0/ports?device_id=45d62192-7d95-48a0-a776-3fc38952b979 => generated 12 bytes in 20 msecs (HTTP/1.1 200) 4 headers in 156 bytes (1 switches on core 0)
2026-06-02 08:07:27.374 7 INFO neutron.db.ovn_revision_numbers_db [None req-c0d633da-67d6-4b9e-91d0-7815d96ed052 2603419fbb6644ac8d3a3a33515bf4ba 9df0bad1fb9f424ca847822022316982 - - default default] Successfully bumped revision number for resource 3764de19-1a98-48ea-8596-acc5d44fdb29 (type: ports) to 1
2026-06-02 08:07:27.442 8 INFO neutron_taas.services.taas.taas_plugin [None req-8ffe2efb-ad76-4983-ad6a-d73360d16fa6 facaa0f08d764300a6ada5d863d079c7 3b90b10f76fb48788e1954d1adcfbf9d - - default default] TaaS: Handle Delete Port: 51322208-cbd6-4fb4-9a1f-8230695db882
2026-06-02 08:07:27.445 8 INFO neutron_taas.services.taas.tap_mirror_plugin [None req-8ffe2efb-ad76-4983-ad6a-d73360d16fa6 facaa0f08d764300a6ada5d863d079c7 3b90b10f76fb48788e1954d1adcfbf9d - - default default] Tap Mirror: Handle Delete Port: 51322208-cbd6-4fb4-9a1f-8230695db882
2026-06-02 08:07:27.452 7 INFO neutron.plugins.ml2.drivers.ovn.mech_driver.mech_driver [None req-48f13689-f8f3-49d9-9455-b3235f6bc6eb - - - - - -] OVN reports status down for port: 3764de19-1a98-48ea-8596-acc5d44fdb29 [pid: 8|app: 0|req: 785/1522] 10.0.0.75 () {32 vars in 719 bytes} [Tue Jun 2 08:07:27 2026] DELETE /v2.0/ports/51322208-cbd6-4fb4-9a1f-8230695db882 => generated 0 bytes in 229 msecs (HTTP/1.1 204) 3 headers in 131 bytes (1 switches on core 0) [pid: 8|app: 0|req: 786/1523] 10.0.0.75 () {32 vars in 642 bytes} [Tue Jun 2 08:07:27 2026] GET /v2.0/ports => generated 1538 bytes in 46 msecs (HTTP/1.1 200) 4 headers in 158 bytes (1 switches on core 0)
2026-06-02 08:07:27.627 8 INFO neutron.pecan_wsgi.hooks.translation [None req-c35efae9-a389-4643-8c67-9d7b0ed724f9 facaa0f08d764300a6ada5d863d079c7 3b90b10f76fb48788e1954d1adcfbf9d - - default default] GET failed (client error): The resource could not be found. [pid: 8|app: 0|req: 787/1524] 10.0.0.75 () {32 vars in 716 bytes} [Tue Jun 2 08:07:27 2026] GET /v2.0/ports/51322208-cbd6-4fb4-9a1f-8230695db882 => generated 132 bytes in 19 msecs (HTTP/1.1 404) 4 headers in 164 bytes (1 switches on core 0) [pid: 8|app: 0|req: 788/1525] 10.0.0.75 () {32 vars in 642 bytes} [Tue Jun 2 08:07:27 2026] GET /v2.0/ports => generated 1538 bytes in 45 msecs (HTTP/1.1 200) 4 headers in 158 bytes (1 switches on core 0) [pid: 8|app: 0|req: 789/1526] 10.0.0.75 () {32 vars in 716 bytes} [Tue Jun 2 08:07:27 2026] GET /v2.0/ports/11c49120-c022-4db1-9538-f60391138d03 => generated 779 bytes in 37 msecs (HTTP/1.1 200) 4 headers in 157 bytes (1 switches on core 0)
2026-06-02 08:07:27.753 8 INFO neutron.pecan_wsgi.hooks.translation [None req-f02b1738-d207-463d-a64f-a4373f7b30d0 facaa0f08d764300a6ada5d863d079c7 3b90b10f76fb48788e1954d1adcfbf9d - - default default] DELETE failed (client error): The resource could not be found. [pid: 8|app: 0|req: 790/1527] 10.0.0.75 () {32 vars in 719 bytes} [Tue Jun 2 08:07:27 2026] DELETE /v2.0/ports/6f663d9e-346d-4e77-923b-997f61cbecad => generated 132 bytes in 24 msecs (HTTP/1.1 404) 4 headers in 164 bytes (1 switches on core 0)
2026-06-02 08:07:27.773 8 INFO neutron.pecan_wsgi.hooks.translation [None req-757a89e5-fc50-4282-a1b6-15bb83095578 facaa0f08d764300a6ada5d863d079c7 3b90b10f76fb48788e1954d1adcfbf9d - - default default] DELETE failed (client error): The resource could not be found. [pid: 8|app: 0|req: 791/1528] 10.0.0.75 () {32 vars in 723 bytes} [Tue Jun 2 08:07:27 2026] DELETE /v2.0/subnets/37b5b45e-d1d5-4b8f-bdd4-50c1a2bdb1bd => generated 136 bytes in 14 msecs (HTTP/1.1 404) 4 headers in 164 bytes (1 switches on core 0)
2026-06-02 08:07:27.788 8 INFO neutron.pecan_wsgi.hooks.translation [None req-50788d5d-6edb-4b14-a8ef-ccb1f27e9fe0 facaa0f08d764300a6ada5d863d079c7 3b90b10f76fb48788e1954d1adcfbf9d - - default default] DELETE failed (client error): The resource could not be found. [pid: 8|app: 0|req: 792/1529] 10.0.0.75 () {32 vars in 723 bytes} [Tue Jun 2 08:07:27 2026] DELETE /v2.0/subnets/2b551770-50bf-4fb2-b425-adfbcbe67b80 => generated 136 bytes in 11 msecs (HTTP/1.1 404) 4 headers in 164 bytes (1 switches on core 0)
2026-06-02 08:07:27.810 7 INFO neutron.db.ovn_revision_numbers_db [None req-d7c70408-0b4a-4a04-96ea-f0d42d898d60 - - - - - -] Successfully bumped revision number for resource 7de7649f-d523-4658-a49a-bdf52bf13de5 (type: ports) to 4
2026-06-02 08:07:27.917 8 INFO neutron_taas.services.taas.taas_plugin [None req-77317faf-6542-4ea6-bd3f-06203abe416d facaa0f08d764300a6ada5d863d079c7 3b90b10f76fb48788e1954d1adcfbf9d - - default default] TaaS: Handle Delete Port: 11c49120-c022-4db1-9538-f60391138d03
