2026-06-02 08:07:27.920 8 INFO neutron_taas.services.taas.tap_mirror_plugin [None req-77317faf-6542-4ea6-bd3f-06203abe416d facaa0f08d764300a6ada5d863d079c7 3b90b10f76fb48788e1954d1adcfbf9d - - default default] Tap Mirror: Handle Delete Port: 11c49120-c022-4db1-9538-f60391138d03 [pid: 8|app: 0|req: 793/1530] 10.0.0.75 () {32 vars in 719 bytes} [Tue Jun 2 08:07:27 2026] DELETE /v2.0/ports/11c49120-c022-4db1-9538-f60391138d03 => generated 0 bytes in 235 msecs (HTTP/1.1 204) 3 headers in 131 bytes (1 switches on core 0) [pid: 8|app: 0|req: 794/1531] 10.0.0.231 () {32 vars in 801 bytes} [Tue Jun 2 08:07:28 2026] GET /v2.0/extensions => generated 20541 bytes in 94 msecs (HTTP/1.1 200) 4 headers in 159 bytes (1 switches on core 0)
2026-06-02 08:07:28.248 8 INFO neutron_taas.services.taas.taas_plugin [None req-bae92ccd-ba5e-4e86-962b-b74d78dd9dbc facaa0f08d764300a6ada5d863d079c7 3b90b10f76fb48788e1954d1adcfbf9d - - default default] TaaS: Handle Delete Port: 5213abf1-441e-4e4a-a951-82be9c700e93
2026-06-02 08:07:28.251 8 INFO neutron_taas.services.taas.tap_mirror_plugin [None req-bae92ccd-ba5e-4e86-962b-b74d78dd9dbc facaa0f08d764300a6ada5d863d079c7 3b90b10f76fb48788e1954d1adcfbf9d - - default default] Tap Mirror: Handle Delete Port: 5213abf1-441e-4e4a-a951-82be9c700e93
2026-06-02 08:07:28.459 7 INFO neutron.db.ovn_revision_numbers_db [None req-d7c70408-0b4a-4a04-96ea-f0d42d898d60 - - - - - -] Successfully bumped revision number for resource 7de7649f-d523-4658-a49a-bdf52bf13de5 (type: ports) to 5 [pid: 8|app: 0|req: 795/1532] 10.0.0.75 () {32 vars in 725 bytes} [Tue Jun 2 08:07:28 2026] DELETE /v2.0/networks/c0412355-f673-4734-acef-85086cb4edc3 => generated 0 bytes in 342 msecs (HTTP/1.1 204) 3 headers in 131 bytes (1 switches on core 0) [pid: 8|app: 0|req: 798/1535] 10.0.0.231 () {30 vars in 724 bytes} [Tue Jun 2 08:07:28 2026] GET /v2.0/quotas/088893136eb64ba2ab4f3bf4c1915a38/details => generated 847 bytes in 93 msecs (HTTP/1.1 200) 4 headers in 157 bytes (1 switches on core 0)
2026-06-02 08:07:28.586 7 INFO neutron.plugins.ml2.drivers.ovn.mech_driver.mech_driver [None req-48f13689-f8f3-49d9-9455-b3235f6bc6eb - - - - - -] OVN reports status up for port: 3764de19-1a98-48ea-8596-acc5d44fdb29 [pid: 8|app: 0|req: 799/1536] 10.0.0.197 () {34 vars in 990 bytes} [Tue Jun 2 08:07:28 2026] GET /v2.0/ports?device_id=45d62192-7d95-48a0-a776-3fc38952b979 => generated 12 bytes in 21 msecs (HTTP/1.1 200) 4 headers in 156 bytes (1 switches on core 0)
2026-06-02 08:07:28.617 8 INFO neutron.services.segments.plugin [-] Segment b0e4f305-3467-434d-9f2f-931e90ba1374 resource provider aggregate not found
2026-06-02 08:07:28.629 7 INFO neutron.plugins.ml2.plugin [None req-48f13689-f8f3-49d9-9455-b3235f6bc6eb - - - - - -] Attempt 1 to provision port 3764de19-1a98-48ea-8596-acc5d44fdb29
2026-06-02 08:07:28.630 8 INFO neutron.services.segments.plugin [-] Segment b0e4f305-3467-434d-9f2f-931e90ba1374 resource provider aggregate not found
2026-06-02 08:07:28.635 8 INFO neutron.services.segments.plugin [-] Segment b0e4f305-3467-434d-9f2f-931e90ba1374 resource provider not found; error: Placement Client Error (4xx): {"errors": [{"status": 404, "title": "Not Found", "detail": "The resource could not be found.\n\n No resource provider with uuid b0e4f305-3467-434d-9f2f-931e90ba1374 found for delete ", "request_id": "req-1b28dccb-51d2-47bb-ac6e-49ed7f83cbb1"}]}
2026-06-02 08:07:28.646 8 INFO neutron.services.segments.plugin [-] Segment b0e4f305-3467-434d-9f2f-931e90ba1374 resource provider not found; error: Placement Client Error (4xx): {"errors": [{"status": 404, "title": "Not Found", "detail": "The resource could not be found.\n\n No resource provider with uuid b0e4f305-3467-434d-9f2f-931e90ba1374 found for delete ", "request_id": "req-7af0f24d-8124-4889-b3cb-cb3bbd98db76"}]}
2026-06-02 08:07:28.776 7 WARNING neutron.scheduler.dhcp_agent_scheduler [None req-c0d633da-67d6-4b9e-91d0-7815d96ed052 2603419fbb6644ac8d3a3a33515bf4ba 9df0bad1fb9f424ca847822022316982 - - default default] No more DHCP agents
2026-06-02 08:07:28.780 7 WARNING neutron.api.rpc.agentnotifiers.dhcp_rpc_agent_api [None req-c0d633da-67d6-4b9e-91d0-7815d96ed052 2603419fbb6644ac8d3a3a33515bf4ba 9df0bad1fb9f424ca847822022316982 - - default default] Unable to schedule network 4d1ccf9d-039b-4a03-a68e-513484cdc899: no agents available; will retry on subsequent port and subnet creation events. [pid: 8|app: 0|req: 800/1537] 10.0.0.75 () {32 vars in 773 bytes} [Tue Jun 2 08:07:28 2026] GET /v2.0/security-groups?tenant_id=3b90b10f76fb48788e1954d1adcfbf9d&name=default => generated 2925 bytes in 128 msecs (HTTP/1.1 200) 4 headers in 158 bytes (1 switches on core 0) [pid: 8|app: 0|req: 801/1538] 10.0.0.75 () {32 vars in 739 bytes} [Tue Jun 2 08:07:29 2026] DELETE /v2.0/security-groups/b1f9c85f-73fb-4933-97e7-14fc4946c4c1 => generated 0 bytes in 242 msecs (HTTP/1.1 204) 2 headers in 112 bytes (1 switches on core 0) [pid: 8|app: 0|req: 802/1539] 10.0.0.75 () {32 vars in 739 bytes} [Tue Jun 2 08:07:29 2026] DELETE /v2.0/security-groups/c333ebcf-d931-44df-9f78-3be49329cc11 => generated 0 bytes in 142 msecs (HTTP/1.1 204) 2 headers in 112 bytes (1 switches on core 0)
2026-06-02 08:07:29.819 8 INFO neutron.api.v2.resource [None req-2273afa9-546e-4839-a35e-887b0c957b17 bad500b2fd86401e9afdf35a236fc1c2 0ca128903a7942ecba61e8a564a0e440 - - default default] show failed (client error): The resource could not be found. [pid: 8|app: 0|req: 803/1540] 10.0.0.75 () {32 vars in 736 bytes} [Tue Jun 2 08:07:29 2026] GET /v2.0/security-groups/c333ebcf-d931-44df-9f78-3be49329cc11 => generated 146 bytes in 12 msecs (HTTP/1.1 404) 4 headers in 164 bytes (1 switches on core 0)
2026-06-02 08:07:29.917 7 INFO neutron.db.ovn_revision_numbers_db [None req-48f13689-f8f3-49d9-9455-b3235f6bc6eb - - - - - -] Successfully bumped revision number for resource 3764de19-1a98-48ea-8596-acc5d44fdb29 (type: ports) to 2
2026-06-02 08:07:29.965 8 INFO neutron_taas.services.taas.taas_plugin [None req-d3cce70a-1b80-4831-aed8-77d8a6ec92a7 bad500b2fd86401e9afdf35a236fc1c2 0ca128903a7942ecba61e8a564a0e440 - - default default] TaaS: Handle Delete Port: 739db95b-5ee0-42b3-84b8-eb422f7bd24e
2026-06-02 08:07:29.968 8 INFO neutron_taas.services.taas.tap_mirror_plugin [None req-d3cce70a-1b80-4831-aed8-77d8a6ec92a7 bad500b2fd86401e9afdf35a236fc1c2 0ca128903a7942ecba61e8a564a0e440 - - default default] Tap Mirror: Handle Delete Port: 739db95b-5ee0-42b3-84b8-eb422f7bd24e [pid: 8|app: 0|req: 804/1541] 10.0.0.75 () {32 vars in 731 bytes} [Tue Jun 2 08:07:29 2026] DELETE /v2.0/floatingips/988b702d-beca-46ec-9edd-f908124efa30 => generated 0 bytes in 341 msecs (HTTP/1.1 204) 2 headers in 112 bytes (1 switches on core 0)
2026-06-02 08:07:30.234 7 INFO neutron.db.ovn_revision_numbers_db [None req-c0d633da-67d6-4b9e-91d0-7815d96ed052 2603419fbb6644ac8d3a3a33515bf4ba 9df0bad1fb9f424ca847822022316982 - - default default] Successfully bumped revision number for resource 3764de19-1a98-48ea-8596-acc5d44fdb29 (type: router_ports) to 1 [pid: 7|app: 0|req: 738/1542] 10.0.0.75 () {34 vars in 782 bytes} [Tue Jun 2 08:07:26 2026] PUT /v2.0/routers/6aaf8307-3dea-4c97-b474-7f159ab0f6ed/add_router_interface => generated 309 bytes in 4046 msecs (HTTP/1.1 200) 4 headers in 157 bytes (1 switches on core 0)
2026-06-02 08:07:30.965 8 INFO neutron_taas.services.taas.taas_plugin [None req-0e394dff-0b5c-4a46-821e-fd863274f4b7 2603419fbb6644ac8d3a3a33515bf4ba 9df0bad1fb9f424ca847822022316982 - - default default] TaaS: Handle Delete Port: b6bf6e2c-c9be-4fed-a118-f14e07573dad
2026-06-02 08:07:30.968 8 INFO neutron_taas.services.taas.tap_mirror_plugin [None req-0e394dff-0b5c-4a46-821e-fd863274f4b7 2603419fbb6644ac8d3a3a33515bf4ba 9df0bad1fb9f424ca847822022316982 - - default default] Tap Mirror: Handle Delete Port: b6bf6e2c-c9be-4fed-a118-f14e07573dad [pid: 8|app: 0|req: 805/1543] 10.0.0.75 () {34 vars in 788 bytes} [Tue Jun 2 08:07:30 2026] PUT /v2.0/routers/23c3be63-0371-48bc-a08f-9205b45d44fc/remove_router_interface => generated 309 bytes in 1358 msecs (HTTP/1.1 200) 4 headers in 157 bytes (1 switches on core 0) /var/lib/openstack/lib/python3.12/site-packages/pycadf/identifier.py:70: UserWarning: Invalid uuid: neutron. To ensure interoperability, identifiers should be a valid uuid. warnings.warn(('Invalid uuid: %s. To ensure interoperability, '
2026-06-02 08:07:31.857 7 INFO neutron_taas.services.taas.taas_plugin [None req-b0e180eb-0c1d-4b9c-a0f6-3c26f1452dda 2603419fbb6644ac8d3a3a33515bf4ba 9df0bad1fb9f424ca847822022316982 - - default default] TaaS: Handle Delete Port: f3bf6b14-a1d5-4cb0-af66-ab1fa86ca836
2026-06-02 08:07:31.861 7 INFO neutron_taas.services.taas.tap_mirror_plugin [None req-b0e180eb-0c1d-4b9c-a0f6-3c26f1452dda 2603419fbb6644ac8d3a3a33515bf4ba 9df0bad1fb9f424ca847822022316982 - - default default] Tap Mirror: Handle Delete Port: f3bf6b14-a1d5-4cb0-af66-ab1fa86ca836
2026-06-02 08:07:31.983 8 INFO neutron.db.ovn_revision_numbers_db [None req-55db00f6-6cb7-4186-b9e3-0680fa5ca6fd 2603419fbb6644ac8d3a3a33515bf4ba 9df0bad1fb9f424ca847822022316982 - - default default] Successfully bumped revision number for resource c93c0c4c-45de-45b8-8397-c35087299fb4 (type: security_groups) to 1
2026-06-02 08:07:31.996 8 INFO neutron.db.ovn_revision_numbers_db [None req-55db00f6-6cb7-4186-b9e3-0680fa5ca6fd 2603419fbb6644ac8d3a3a33515bf4ba 9df0bad1fb9f424ca847822022316982 - - default default] Successfully bumped revision number for resource 271ffad1-b048-49ac-9cfe-657f41bfc3ce (type: security_group_rules) to 0
2026-06-02 08:07:32.009 8 INFO neutron.db.ovn_revision_numbers_db [None req-55db00f6-6cb7-4186-b9e3-0680fa5ca6fd 2603419fbb6644ac8d3a3a33515bf4ba 9df0bad1fb9f424ca847822022316982 - - default default] Successfully bumped revision number for resource 681dcf35-fd9d-4643-b585-e80cea89108c (type: security_group_rules) to 0
2026-06-02 08:07:32.025 8 INFO neutron.db.ovn_revision_numbers_db [None req-55db00f6-6cb7-4186-b9e3-0680fa5ca6fd 2603419fbb6644ac8d3a3a33515bf4ba 9df0bad1fb9f424ca847822022316982 - - default default] Successfully bumped revision number for resource 6fbf9eb8-e3aa-4556-8a81-7ed45c0b1e2d (type: security_group_rules) to 0
2026-06-02 08:07:32.045 8 INFO neutron.db.ovn_revision_numbers_db [None req-55db00f6-6cb7-4186-b9e3-0680fa5ca6fd 2603419fbb6644ac8d3a3a33515bf4ba 9df0bad1fb9f424ca847822022316982 - - default default] Successfully bumped revision number for resource 7b4f2178-381f-4445-954f-5dd29ae7dce9 (type: security_group_rules) to 0
2026-06-02 08:07:32.136 8 INFO neutron.db.segments_db [None req-55db00f6-6cb7-4186-b9e3-0680fa5ca6fd 2603419fbb6644ac8d3a3a33515bf4ba 9df0bad1fb9f424ca847822022316982 - - default default] Added segment 948c0971-df20-459e-8240-da01655f04a7 of type geneve for network e8b30b0d-a9ac-43ae-a905-d0128af7ecc8 [pid: 7|app: 0|req: 739/1544] 10.0.0.75 () {32 vars in 723 bytes} [Tue Jun 2 08:07:31 2026] DELETE /v2.0/routers/23c3be63-0371-48bc-a08f-9205b45d44fc => generated 0 bytes in 725 msecs (HTTP/1.1 204) 2 headers in 112 bytes (1 switches on core 0)
2026-06-02 08:07:32.277 8 INFO neutron.db.ovn_revision_numbers_db [None req-55db00f6-6cb7-4186-b9e3-0680fa5ca6fd 2603419fbb6644ac8d3a3a33515bf4ba 9df0bad1fb9f424ca847822022316982 - - default default] Successfully bumped revision number for resource e8b30b0d-a9ac-43ae-a905-d0128af7ecc8 (type: networks) to 1 [pid: 7|app: 0|req: 740/1545] 10.0.0.231 () {32 vars in 801 bytes} [Tue Jun 2 08:07:32 2026] GET /v2.0/extensions => generated 20541 bytes in 21 msecs (HTTP/1.1 200) 4 headers in 159 bytes (1 switches on core 0) [pid: 7|app: 0|req: 741/1546] 10.0.0.75 () {32 vars in 723 bytes} [Tue Jun 2 08:07:32 2026] DELETE /v2.0/subnets/a1dec311-9195-4d7c-b96b-3f234acbb545 => generated 0 bytes in 186 msecs (HTTP/1.1 204) 3 headers in 131 bytes (1 switches on core 0)
2026-06-02 08:07:32.515 8 WARNING neutron.scheduler.dhcp_agent_scheduler [None req-55db00f6-6cb7-4186-b9e3-0680fa5ca6fd 2603419fbb6644ac8d3a3a33515bf4ba 9df0bad1fb9f424ca847822022316982 - - default default] No more DHCP agents
2026-06-02 08:07:32.516 8 WARNING neutron.api.rpc.agentnotifiers.dhcp_rpc_agent_api [None req-55db00f6-6cb7-4186-b9e3-0680fa5ca6fd 2603419fbb6644ac8d3a3a33515bf4ba 9df0bad1fb9f424ca847822022316982 - - default default] Unable to schedule network e8b30b0d-a9ac-43ae-a905-d0128af7ecc8: no agents available; will retry on subsequent port and subnet creation events.
2026-06-02 08:07:32.610 8 INFO neutron.db.ovn_revision_numbers_db [None req-55db00f6-6cb7-4186-b9e3-0680fa5ca6fd 2603419fbb6644ac8d3a3a33515bf4ba 9df0bad1fb9f424ca847822022316982 - - default default] Successfully bumped revision number for resource 63afadb0-bb5f-49bf-98cc-a5621355ecc9 (type: ports) to 1 [pid: 7|app: 0|req: 742/1547] 10.0.0.231 () {30 vars in 724 bytes} [Tue Jun 2 08:07:32 2026] GET /v2.0/quotas/088893136eb64ba2ab4f3bf4c1915a38/details => generated 847 bytes in 156 msecs (HTTP/1.1 200) 4 headers in 157 bytes (1 switches on core 0) [pid: 8|app: 0|req: 806/1548] 10.0.0.75 () {34 vars in 670 bytes} [Tue Jun 2 08:07:31 2026] POST /v2.0/networks => generated 781 bytes in 818 msecs (HTTP/1.1 201) 4 headers in 162 bytes (1 switches on core 0)
2026-06-02 08:07:32.730 7 INFO neutron_taas.services.taas.taas_plugin [None req-9ea9c015-2475-410b-9a89-2d4f48713cb9 2603419fbb6644ac8d3a3a33515bf4ba 9df0bad1fb9f424ca847822022316982 - - default default] TaaS: Handle Delete Port: 7eb9e123-1ed3-49a1-bb4d-73999c64146c
2026-06-02 08:07:32.733 7 INFO neutron_taas.services.taas.tap_mirror_plugin [None req-9ea9c015-2475-410b-9a89-2d4f48713cb9 2603419fbb6644ac8d3a3a33515bf4ba 9df0bad1fb9f424ca847822022316982 - - default default] Tap Mirror: Handle Delete Port: 7eb9e123-1ed3-49a1-bb4d-73999c64146c
2026-06-02 08:07:32.796 8 WARNING neutron.scheduler.dhcp_agent_scheduler [None req-822bc3f9-8b0a-444a-969d-80a7c1a92093 2603419fbb6644ac8d3a3a33515bf4ba 9df0bad1fb9f424ca847822022316982 - - default default] No more DHCP agents
2026-06-02 08:07:32.797 8 WARNING neutron.api.rpc.agentnotifiers.dhcp_rpc_agent_api [None req-822bc3f9-8b0a-444a-969d-80a7c1a92093 2603419fbb6644ac8d3a3a33515bf4ba 9df0bad1fb9f424ca847822022316982 - - default default] Unable to schedule network e8b30b0d-a9ac-43ae-a905-d0128af7ecc8: no agents available; will retry on subsequent port and subnet creation events.
2026-06-02 08:07:32.928 7 INFO neutron.services.segments.plugin [-] Segment 224cf714-c015-4252-82a4-46f22ad1734a resource provider aggregate not found
2026-06-02 08:07:32.932 7 INFO neutron.services.segments.plugin [-] Segment 224cf714-c015-4252-82a4-46f22ad1734a resource provider aggregate not found
2026-06-02 08:07:32.950 7 INFO neutron.services.segments.plugin [-] Segment 224cf714-c015-4252-82a4-46f22ad1734a resource provider not found; error: Placement Client Error (4xx): {"errors": [{"status": 404, "title": "Not Found", "detail": "The resource could not be found.\n\n No resource provider with uuid 224cf714-c015-4252-82a4-46f22ad1734a found for delete ", "request_id": "req-06732977-bd90-4808-8080-cf429c936aa7"}]}
2026-06-02 08:07:32.952 7 INFO neutron.services.segments.plugin [-] Segment 224cf714-c015-4252-82a4-46f22ad1734a resource provider not found; error: Placement Client Error (4xx): {"errors": [{"status": 404, "title": "Not Found", "detail": "The resource could not be found.\n\n No resource provider with uuid 224cf714-c015-4252-82a4-46f22ad1734a found for delete ", "request_id": "req-e2163963-6635-48e7-9ff7-f556b8a60287"}]} [pid: 7|app: 0|req: 743/1549] 10.0.0.75 () {32 vars in 725 bytes} [Tue Jun 2 08:07:32 2026] DELETE /v2.0/networks/18049be2-760c-4be3-9e9c-177917f2ddb4 => generated 0 bytes in 346 msecs (HTTP/1.1 204) 3 headers in 131 bytes (1 switches on core 0) [pid: 7|app: 0|req: 744/1550] 10.0.0.75 () {32 vars in 773 bytes} [Tue Jun 2 08:07:33 2026] GET /v2.0/security-groups?tenant_id=0ca128903a7942ecba61e8a564a0e440&name=default => generated 2925 bytes in 32 msecs (HTTP/1.1 200) 4 headers in 158 bytes (1 switches on core 0)
2026-06-02 08:07:33.226 8 INFO neutron.db.ovn_revision_numbers_db [None req-1126afd5-cc63-46f0-9e9d-b12ec249870d - - - - - -] Successfully bumped revision number for resource 63afadb0-bb5f-49bf-98cc-a5621355ecc9 (type: ports) to 2
2026-06-02 08:07:33.258 8 INFO neutron.db.ovn_revision_numbers_db [None req-1126afd5-cc63-46f0-9e9d-b12ec249870d - - - - - -] Successfully bumped revision number for resource f786297d-8b00-4622-ac83-1f2096842660 (type: subnets) to 0 [pid: 8|app: 0|req: 807/1551] 10.0.0.75 () {34 vars in 668 bytes} [Tue Jun 2 08:07:32 2026] POST /v2.0/subnets => generated 687 bytes in 618 msecs (HTTP/1.1 201) 4 headers in 162 bytes (1 switches on core 0) [pid: 7|app: 0|req: 745/1552] 10.0.0.75 () {32 vars in 739 bytes} [Tue Jun 2 08:07:33 2026] DELETE /v2.0/security-groups/d2e7e013-bec5-4035-a8a8-c726157f2d22 => generated 0 bytes in 218 msecs (HTTP/1.1 204) 2 headers in 112 bytes (1 switches on core 0)
2026-06-02 08:07:33.553 8 INFO neutron.db.ovn_revision_numbers_db [None req-3f119fd0-2e97-4353-9353-7526b1f6b2ac 2603419fbb6644ac8d3a3a33515bf4ba 9df0bad1fb9f424ca847822022316982 - - default default] Successfully bumped revision number for resource 19c1c154-ffea-4c30-9f0a-e70578dbd4b4 (type: security_groups) to 1
2026-06-02 08:07:33.566 8 INFO neutron.db.ovn_revision_numbers_db [None req-3f119fd0-2e97-4353-9353-7526b1f6b2ac 2603419fbb6644ac8d3a3a33515bf4ba 9df0bad1fb9f424ca847822022316982 - - default default] Successfully bumped revision number for resource 1a858f63-f8c7-4f32-9883-19fbaab4d3e7 (type: security_group_rules) to 0
2026-06-02 08:07:33.591 8 INFO neutron.db.ovn_revision_numbers_db [None req-3f119fd0-2e97-4353-9353-7526b1f6b2ac 2603419fbb6644ac8d3a3a33515bf4ba 9df0bad1fb9f424ca847822022316982 - - default default] Successfully bumped revision number for resource ae534f25-c413-482b-a7a5-74dc0d6a3abf (type: security_group_rules) to 0
2026-06-02 08:07:33.606 8 INFO neutron.db.ovn_revision_numbers_db [None req-3f119fd0-2e97-4353-9353-7526b1f6b2ac 2603419fbb6644ac8d3a3a33515bf4ba 9df0bad1fb9f424ca847822022316982 - - default default] Successfully bumped revision number for resource b2c76819-26e3-4443-922b-3e8cbaae931b (type: security_group_rules) to 0
2026-06-02 08:07:33.615 8 INFO neutron.db.ovn_revision_numbers_db [None req-3f119fd0-2e97-4353-9353-7526b1f6b2ac 2603419fbb6644ac8d3a3a33515bf4ba 9df0bad1fb9f424ca847822022316982 - - default default] Successfully bumped revision number for resource f25635c9-c824-4faa-bbb6-8fd9dbf13d0b (type: security_group_rules) to 0 [pid: 8|app: 0|req: 808/1553] 10.0.0.75 () {32 vars in 773 bytes} [Tue Jun 2 08:07:33 2026] GET /v2.0/security-groups?tenant_id=109b0c8a3d4c4a4dbef3a49e87d9680a&name=default => generated 2925 bytes in 373 msecs (HTTP/1.1 200) 4 headers in 158 bytes (1 switches on core 0)
2026-06-02 08:07:33.792 7 WARNING neutron.scheduler.dhcp_agent_scheduler [None req-848ebf1d-067f-4648-8f04-483342bfc5cd 2603419fbb6644ac8d3a3a33515bf4ba 9df0bad1fb9f424ca847822022316982 - - default default] No more DHCP agents
2026-06-02 08:07:33.794 7 WARNING neutron.api.rpc.agentnotifiers.dhcp_rpc_agent_api [None req-848ebf1d-067f-4648-8f04-483342bfc5cd 2603419fbb6644ac8d3a3a33515bf4ba 9df0bad1fb9f424ca847822022316982 - - default default] Unable to schedule network 0c6ed45f-6be5-4925-b09f-b5729df95a98: no agents available; will retry on subsequent port and subnet creation events. [pid: 8|app: 0|req: 809/1554] 10.0.0.75 () {32 vars in 739 bytes} [Tue Jun 2 08:07:33 2026] DELETE /v2.0/security-groups/19c1c154-ffea-4c30-9f0a-e70578dbd4b4 => generated 0 bytes in 300 msecs (HTTP/1.1 204) 2 headers in 112 bytes (1 switches on core 0)
2026-06-02 08:07:33.995 7 INFO neutron.db.ovn_revision_numbers_db [None req-848ebf1d-067f-4648-8f04-483342bfc5cd 2603419fbb6644ac8d3a3a33515bf4ba 9df0bad1fb9f424ca847822022316982 - - default default] Successfully bumped revision number for resource 74f48dff-e6b3-4f2f-ba3e-bca0c063432e (type: ports) to 1
2026-06-02 08:07:34.563 7 INFO neutron.plugins.ml2.drivers.ovn.mech_driver.ovsdb.commands [None req-d5d611a2-af26-4cf3-ac5c-573d9f328547 - - - - - -] Schedule LRP lrp-74f48dff-e6b3-4f2f-ba3e-bca0c063432e on gateway bd8c2901-1339-49e4-af67-a58847705048 with priority 1
2026-06-02 08:07:34.614 7 INFO neutron.db.ovn_revision_numbers_db [None req-848ebf1d-067f-4648-8f04-483342bfc5cd 2603419fbb6644ac8d3a3a33515bf4ba 9df0bad1fb9f424ca847822022316982 - - default default] Successfully bumped revision number for resource 74f48dff-e6b3-4f2f-ba3e-bca0c063432e (type: router_ports) to 1
2026-06-02 08:07:34.630 7 INFO neutron.plugins.ml2.drivers.ovn.mech_driver.ovsdb.ovsdb_monitor [None req-d7c70408-0b4a-4a04-96ea-f0d42d898d60 - - - - - -] Router e7a240da-89d4-4fb3-b453-a71ee6f90e47 is bound to host instance
2026-06-02 08:07:34.737 7 INFO neutron.db.ovn_revision_numbers_db [None req-848ebf1d-067f-4648-8f04-483342bfc5cd 2603419fbb6644ac8d3a3a33515bf4ba 9df0bad1fb9f424ca847822022316982 - - default default] Successfully bumped revision number for resource e7a240da-89d4-4fb3-b453-a71ee6f90e47 (type: routers) to 2 [pid: 7|app: 0|req: 746/1555] 10.0.0.75 () {34 vars in 668 bytes} [Tue Jun 2 08:07:33 2026] POST /v2.0/routers => generated 965 bytes in 1444 msecs (HTTP/1.1 201) 4 headers in 162 bytes (1 switches on core 0)
2026-06-02 08:07:35.215 8 WARNING neutron.scheduler.dhcp_agent_scheduler [None req-9eb542d4-4c76-4279-9111-2148b831873e 2603419fbb6644ac8d3a3a33515bf4ba 9df0bad1fb9f424ca847822022316982 - - default default] No more DHCP agents
2026-06-02 08:07:35.216 8 WARNING neutron.api.rpc.agentnotifiers.dhcp_rpc_agent_api [None req-9eb542d4-4c76-4279-9111-2148b831873e 2603419fbb6644ac8d3a3a33515bf4ba 9df0bad1fb9f424ca847822022316982 - - default default] Unable to schedule network e8b30b0d-a9ac-43ae-a905-d0128af7ecc8: no agents available; will retry on subsequent port and subnet creation events.
2026-06-02 08:07:35.292 8 INFO neutron.plugins.ml2.drivers.ovn.mech_driver.mech_driver [None req-1d5d173d-9aa1-4cfb-b771-e75b7ac2470c - - - - - -] OVN reports status down for port: b508a033-12eb-4ec9-9e50-8c29cfeb7e8e
2026-06-02 08:07:35.339 8 INFO neutron.db.ovn_revision_numbers_db [None req-9eb542d4-4c76-4279-9111-2148b831873e 2603419fbb6644ac8d3a3a33515bf4ba 9df0bad1fb9f424ca847822022316982 - - default default] Successfully bumped revision number for resource b508a033-12eb-4ec9-9e50-8c29cfeb7e8e (type: ports) to 1
2026-06-02 08:07:35.442 7 INFO neutron.db.ovn_revision_numbers_db [None req-66678dae-0db1-426f-9d3f-e275563fcf6e 2603419fbb6644ac8d3a3a33515bf4ba 9df0bad1fb9f424ca847822022316982 - - default default] Successfully bumped revision number for resource 3c800204-3c87-485d-afb1-e346b7c0624a (type: security_groups) to 1
2026-06-02 08:07:35.496 7 WARNING neutron.plugins.ml2.drivers.ovn.mech_driver.ovsdb.ovn_client [None req-003676d8-cc2e-4725-9665-4c1dda976a25 - - - - - -] No hosting information found for port 3764de19-1a98-48ea-8596-acc5d44fdb29: RuntimeError: No hosting information found for port 3764de19-1a98-48ea-8596-acc5d44fdb29
2026-06-02 08:07:35.499 7 INFO neutron.db.ovn_revision_numbers_db [None req-66678dae-0db1-426f-9d3f-e275563fcf6e 2603419fbb6644ac8d3a3a33515bf4ba 9df0bad1fb9f424ca847822022316982 - - default default] Successfully bumped revision number for resource 3e76b5e4-6877-4cb6-b4e0-5814e33a0156 (type: security_group_rules) to 0
2026-06-02 08:07:35.546 7 INFO neutron.db.ovn_revision_numbers_db [None req-66678dae-0db1-426f-9d3f-e275563fcf6e 2603419fbb6644ac8d3a3a33515bf4ba 9df0bad1fb9f424ca847822022316982 - - default default] Successfully bumped revision number for resource 707f3c43-fdd8-4699-a3e8-1ae461ab3023 (type: security_group_rules) to 0
2026-06-02 08:07:35.575 7 INFO neutron.db.ovn_revision_numbers_db [None req-66678dae-0db1-426f-9d3f-e275563fcf6e 2603419fbb6644ac8d3a3a33515bf4ba 9df0bad1fb9f424ca847822022316982 - - default default] Successfully bumped revision number for resource b2d65e41-7275-4c8f-b8f9-3796c3b065b7 (type: security_group_rules) to 0
2026-06-02 08:07:35.621 7 INFO neutron.db.ovn_revision_numbers_db [None req-66678dae-0db1-426f-9d3f-e275563fcf6e 2603419fbb6644ac8d3a3a33515bf4ba 9df0bad1fb9f424ca847822022316982 - - default default] Successfully bumped revision number for resource dad166a2-895e-4bb5-a4f7-b62cedef71ef (type: security_group_rules) to 0
2026-06-02 08:07:35.729 7 INFO neutron.db.ovn_revision_numbers_db [None req-003676d8-cc2e-4725-9665-4c1dda976a25 - - - - - -] Successfully bumped revision number for resource 3764de19-1a98-48ea-8596-acc5d44fdb29 (type: router_ports) to 2
2026-06-02 08:07:35.729 7 INFO neutron.plugins.ml2.drivers.ovn.mech_driver.mech_driver [None req-003676d8-cc2e-4725-9665-4c1dda976a25 - - - - - -] OVN reports status down for port: 63afadb0-bb5f-49bf-98cc-a5621355ecc9
2026-06-02 08:07:35.796 7 INFO neutron.db.segments_db [None req-66678dae-0db1-426f-9d3f-e275563fcf6e 2603419fbb6644ac8d3a3a33515bf4ba 9df0bad1fb9f424ca847822022316982 - - default default] Added segment daaa342f-5f72-45b4-8566-755009e34320 of type geneve for network 61e596f4-aa29-456a-b0d0-99140682f2fc
2026-06-02 08:07:35.831 7 INFO neutron.db.ovn_revision_numbers_db [None req-cbd51730-0a4c-4f0c-b66d-002b4413dfe8 - - - - - -] Successfully bumped revision number for resource 74f48dff-e6b3-4f2f-ba3e-bca0c063432e (type: ports) to 4
2026-06-02 08:07:35.910 8 INFO neutron.plugins.ml2.drivers.ovn.mech_driver.mech_driver [None req-1d5d173d-9aa1-4cfb-b771-e75b7ac2470c - - - - - -] OVN reports status up for port: b508a033-12eb-4ec9-9e50-8c29cfeb7e8e
2026-06-02 08:07:35.922 7 INFO neutron.plugins.ml2.drivers.ovn.mech_driver.mech_driver [None req-003676d8-cc2e-4725-9665-4c1dda976a25 - - - - - -] OVN reports status down for port: 74f48dff-e6b3-4f2f-ba3e-bca0c063432e
2026-06-02 08:07:35.949 8 INFO neutron.plugins.ml2.plugin [None req-1d5d173d-9aa1-4cfb-b771-e75b7ac2470c - - - - - -] Attempt 1 to provision port b508a033-12eb-4ec9-9e50-8c29cfeb7e8e
2026-06-02 08:07:36.073 8 WARNING neutron.scheduler.dhcp_agent_scheduler [None req-9eb542d4-4c76-4279-9111-2148b831873e 2603419fbb6644ac8d3a3a33515bf4ba 9df0bad1fb9f424ca847822022316982 - - default default] No more DHCP agents
2026-06-02 08:07:36.075 8 WARNING neutron.api.rpc.agentnotifiers.dhcp_rpc_agent_api [None req-9eb542d4-4c76-4279-9111-2148b831873e 2603419fbb6644ac8d3a3a33515bf4ba 9df0bad1fb9f424ca847822022316982 - - default default] Unable to schedule network e8b30b0d-a9ac-43ae-a905-d0128af7ecc8: no agents available; will retry on subsequent port and subnet creation events.
2026-06-02 08:07:36.131 7 WARNING neutron.plugins.ml2.drivers.ovn.mech_driver.ovsdb.ovn_client [None req-003676d8-cc2e-4725-9665-4c1dda976a25 - - - - - -] Logical_Switch_Port 74f48dff-e6b3-4f2f-ba3e-bca0c063432e host information not removed, the port state is up
2026-06-02 08:07:36.132 7 INFO neutron.plugins.ml2.drivers.ovn.mech_driver.mech_driver [None req-003676d8-cc2e-4725-9665-4c1dda976a25 - - - - - -] OVN reports status up for port: 74f48dff-e6b3-4f2f-ba3e-bca0c063432e
2026-06-02 08:07:36.180 7 INFO neutron.db.ovn_revision_numbers_db [None req-66678dae-0db1-426f-9d3f-e275563fcf6e 2603419fbb6644ac8d3a3a33515bf4ba 9df0bad1fb9f424ca847822022316982 - - default default] Successfully bumped revision number for resource 61e596f4-aa29-456a-b0d0-99140682f2fc (type: networks) to 1
2026-06-02 08:07:36.216 7 INFO neutron.plugins.ml2.plugin [None req-003676d8-cc2e-4725-9665-4c1dda976a25 - - - - - -] Attempt 1 to provision port 74f48dff-e6b3-4f2f-ba3e-bca0c063432e
2026-06-02 08:07:36.538 7 WARNING neutron.scheduler.dhcp_agent_scheduler [None req-66678dae-0db1-426f-9d3f-e275563fcf6e 2603419fbb6644ac8d3a3a33515bf4ba 9df0bad1fb9f424ca847822022316982 - - default default] No more DHCP agents
2026-06-02 08:07:36.541 7 WARNING neutron.api.rpc.agentnotifiers.dhcp_rpc_agent_api [None req-66678dae-0db1-426f-9d3f-e275563fcf6e 2603419fbb6644ac8d3a3a33515bf4ba 9df0bad1fb9f424ca847822022316982 - - default default] Unable to schedule network 61e596f4-aa29-456a-b0d0-99140682f2fc: no agents available; will retry on subsequent port and subnet creation events.
2026-06-02 08:07:36.623 7 INFO neutron.plugins.ml2.drivers.ovn.mech_driver.mech_driver [None req-003676d8-cc2e-4725-9665-4c1dda976a25 - - - - - -] OVN reports status down for port: 1323208b-474c-4af6-b73e-f057d51f3ba0
2026-06-02 08:07:36.644 7 INFO neutron.db.ovn_revision_numbers_db [None req-cbd51730-0a4c-4f0c-b66d-002b4413dfe8 - - - - - -] Successfully bumped revision number for resource 74f48dff-e6b3-4f2f-ba3e-bca0c063432e (type: ports) to 5
2026-06-02 08:07:36.692 8 INFO neutron.db.ovn_revision_numbers_db [None req-1d5d173d-9aa1-4cfb-b771-e75b7ac2470c - - - - - -] Successfully bumped revision number for resource b508a033-12eb-4ec9-9e50-8c29cfeb7e8e (type: ports) to 2
2026-06-02 08:07:36.725 7 INFO neutron.db.ovn_revision_numbers_db [None req-66678dae-0db1-426f-9d3f-e275563fcf6e 2603419fbb6644ac8d3a3a33515bf4ba 9df0bad1fb9f424ca847822022316982 - - default default] Successfully bumped revision number for resource 1323208b-474c-4af6-b73e-f057d51f3ba0 (type: ports) to 1 [pid: 7|app: 0|req: 747/1556] 10.0.0.75 () {34 vars in 670 bytes} [Tue Jun 2 08:07:35 2026] POST /v2.0/networks => generated 777 bytes in 1764 msecs (HTTP/1.1 201) 4 headers in 162 bytes (1 switches on core 0)
2026-06-02 08:07:36.996 8 INFO neutron.db.ovn_revision_numbers_db [None req-9eb542d4-4c76-4279-9111-2148b831873e 2603419fbb6644ac8d3a3a33515bf4ba 9df0bad1fb9f424ca847822022316982 - - default default] Successfully bumped revision number for resource b508a033-12eb-4ec9-9e50-8c29cfeb7e8e (type: router_ports) to 1 [pid: 8|app: 0|req: 810/1557] 10.0.0.75 () {34 vars in 782 bytes} [Tue Jun 2 08:07:34 2026] PUT /v2.0/routers/e7a240da-89d4-4fb3-b453-a71ee6f90e47/add_router_interface => generated 309 bytes in 2221 msecs (HTTP/1.1 200) 4 headers in 157 bytes (1 switches on core 0)
2026-06-02 08:07:37.101 7 INFO neutron.db.ovn_revision_numbers_db [None req-e0a55362-69f5-4a7a-a84c-05c198d44800 2603419fbb6644ac8d3a3a33515bf4ba 9df0bad1fb9f424ca847822022316982 - - default default] Successfully bumped revision number for resource 042f481c-b649-492a-ab42-e81f8e4eb1da (type: security_groups) to 1
2026-06-02 08:07:37.115 7 INFO neutron.db.ovn_revision_numbers_db [None req-e0a55362-69f5-4a7a-a84c-05c198d44800 2603419fbb6644ac8d3a3a33515bf4ba 9df0bad1fb9f424ca847822022316982 - - default default] Successfully bumped revision number for resource 6384c530-50d3-424c-8459-e7b52fb46412 (type: security_group_rules) to 0
2026-06-02 08:07:37.125 7 INFO neutron.db.ovn_revision_numbers_db [None req-e0a55362-69f5-4a7a-a84c-05c198d44800 2603419fbb6644ac8d3a3a33515bf4ba 9df0bad1fb9f424ca847822022316982 - - default default] Successfully bumped revision number for resource 7ba51eef-dc67-4269-9222-7e732a85e045 (type: security_group_rules) to 0
2026-06-02 08:07:37.136 7 INFO neutron.db.ovn_revision_numbers_db [None req-e0a55362-69f5-4a7a-a84c-05c198d44800 2603419fbb6644ac8d3a3a33515bf4ba 9df0bad1fb9f424ca847822022316982 - - default default] Successfully bumped revision number for resource af4c86eb-72ad-4564-b301-e5310c64f706 (type: security_group_rules) to 0
2026-06-02 08:07:37.155 7 INFO neutron.db.ovn_revision_numbers_db [None req-e0a55362-69f5-4a7a-a84c-05c198d44800 2603419fbb6644ac8d3a3a33515bf4ba 9df0bad1fb9f424ca847822022316982 - - default default] Successfully bumped revision number for resource e779e366-6f6f-42d3-8615-639392e52620 (type: security_group_rules) to 0
2026-06-02 08:07:37.181 8 INFO neutron.db.ovn_revision_numbers_db [None req-e895693f-c67b-4a91-b4a4-e4f8ad89d75e 2603419fbb6644ac8d3a3a33515bf4ba 9df0bad1fb9f424ca847822022316982 - - default default] Successfully bumped revision number for resource 0f8f6c4b-33f2-456a-b199-f67cd4ecad4f (type: security_groups) to 1 [pid: 7|app: 0|req: 748/1558] 10.0.0.75 () {32 vars in 773 bytes} [Tue Jun 2 08:07:36 2026] GET /v2.0/security-groups?tenant_id=088893136eb64ba2ab4f3bf4c1915a38&name=default => generated 2925 bytes in 381 msecs (HTTP/1.1 200) 4 headers in 158 bytes (1 switches on core 0)
2026-06-02 08:07:37.193 8 INFO neutron.db.ovn_revision_numbers_db [None req-e895693f-c67b-4a91-b4a4-e4f8ad89d75e 2603419fbb6644ac8d3a3a33515bf4ba 9df0bad1fb9f424ca847822022316982 - - default default] Successfully bumped revision number for resource 0c09c54e-994f-46e9-97a2-a619aa839600 (type: security_group_rules) to 0
2026-06-02 08:07:37.204 8 INFO neutron.db.ovn_revision_numbers_db [None req-e895693f-c67b-4a91-b4a4-e4f8ad89d75e 2603419fbb6644ac8d3a3a33515bf4ba 9df0bad1fb9f424ca847822022316982 - - default default] Successfully bumped revision number for resource a84db0af-955c-4ae4-80bd-06ca74a31eb6 (type: security_group_rules) to 0
2026-06-02 08:07:37.218 8 INFO neutron.db.ovn_revision_numbers_db [None req-e895693f-c67b-4a91-b4a4-e4f8ad89d75e 2603419fbb6644ac8d3a3a33515bf4ba 9df0bad1fb9f424ca847822022316982 - - default default] Successfully bumped revision number for resource ddc5a269-f146-4329-b6e3-1d742af912c3 (type: security_group_rules) to 0
2026-06-02 08:07:37.237 8 INFO neutron.db.ovn_revision_numbers_db [None req-e895693f-c67b-4a91-b4a4-e4f8ad89d75e 2603419fbb6644ac8d3a3a33515bf4ba 9df0bad1fb9f424ca847822022316982 - - default default] Successfully bumped revision number for resource e2ef96d9-722a-4946-a938-3f57837ff78f (type: security_group_rules) to 0 [pid: 8|app: 0|req: 811/1559] 10.0.0.75 () {32 vars in 773 bytes} [Tue Jun 2 08:07:37 2026] GET /v2.0/security-groups?tenant_id=c8978dfc085e46a0bcc85f60b2682220&name=default => generated 2925 bytes in 275 msecs (HTTP/1.1 200) 4 headers in 158 bytes (1 switches on core 0)
2026-06-02 08:07:37.316 7 WARNING neutron.scheduler.dhcp_agent_scheduler [None req-bf2c5c69-92eb-4738-a0f3-6227f72dc4d2 2603419fbb6644ac8d3a3a33515bf4ba 9df0bad1fb9f424ca847822022316982 - - default default] No more DHCP agents
2026-06-02 08:07:37.317 7 WARNING neutron.api.rpc.agentnotifiers.dhcp_rpc_agent_api [None req-bf2c5c69-92eb-4738-a0f3-6227f72dc4d2 2603419fbb6644ac8d3a3a33515bf4ba 9df0bad1fb9f424ca847822022316982 - - default default] Unable to schedule network 61e596f4-aa29-456a-b0d0-99140682f2fc: no agents available; will retry on subsequent port and subnet creation events. [pid: 8|app: 0|req: 812/1560] 10.0.0.75 () {32 vars in 739 bytes} [Tue Jun 2 08:07:37 2026] DELETE /v2.0/security-groups/042f481c-b649-492a-ab42-e81f8e4eb1da => generated 0 bytes in 213 msecs (HTTP/1.1 204) 2 headers in 112 bytes (1 switches on core 0) [pid: 8|app: 0|req: 813/1561] 10.0.0.75 () {32 vars in 739 bytes} [Tue Jun 2 08:07:37 2026] DELETE /v2.0/security-groups/0f8f6c4b-33f2-456a-b199-f67cd4ecad4f => generated 0 bytes in 197 msecs (HTTP/1.1 204) 2 headers in 112 bytes (1 switches on core 0)
2026-06-02 08:07:37.738 7 INFO neutron.db.ovn_revision_numbers_db [None req-6c448729-6402-40df-a27f-63ef7b9a43ee - - - - - -] Successfully bumped revision number for resource 1323208b-474c-4af6-b73e-f057d51f3ba0 (type: ports) to 2
2026-06-02 08:07:37.772 7 INFO neutron.db.ovn_revision_numbers_db [None req-6c448729-6402-40df-a27f-63ef7b9a43ee - - - - - -] Successfully bumped revision number for resource eab1ae3e-aaba-4ae2-97f5-f94d66389828 (type: subnets) to 0 [pid: 7|app: 0|req: 749/1562] 10.0.0.75 () {34 vars in 668 bytes} [Tue Jun 2 08:07:37 2026] POST /v2.0/subnets => generated 684 bytes in 603 msecs (HTTP/1.1 201) 4 headers in 162 bytes (1 switches on core 0)
2026-06-02 08:07:37.815 8 INFO neutron.db.ovn_revision_numbers_db [None req-d6efd0b3-c3aa-4a1b-917e-7719ab38c570 ff393472a5054badac47e557226e1866 7005d12f1a8a44f78d70c873a902b604 - - default default] Successfully bumped revision number for resource 3178a6a0-1f81-41fa-9276-c2c8d570825d (type: security_groups) to 1
2026-06-02 08:07:37.826 8 INFO neutron.db.ovn_revision_numbers_db [None req-d6efd0b3-c3aa-4a1b-917e-7719ab38c570 ff393472a5054badac47e557226e1866 7005d12f1a8a44f78d70c873a902b604 - - default default] Successfully bumped revision number for resource 8d606664-ee12-4887-948f-3b20b2368230 (type: security_group_rules) to 0
2026-06-02 08:07:37.841 8 INFO neutron.db.ovn_revision_numbers_db [None req-d6efd0b3-c3aa-4a1b-917e-7719ab38c570 ff393472a5054badac47e557226e1866 7005d12f1a8a44f78d70c873a902b604 - - default default] Successfully bumped revision number for resource c9fc0c59-8769-4955-bedb-bf4f66643011 (type: security_group_rules) to 0 [pid: 8|app: 0|req: 814/1563] 10.0.0.75 () {34 vars in 684 bytes} [Tue Jun 2 08:07:37 2026] POST /v2.0/security-groups => generated 1675 bytes in 185 msecs (HTTP/1.1 201) 4 headers in 163 bytes (1 switches on core 0)
2026-06-02 08:07:38.005 8 INFO neutron.db.ovn_revision_numbers_db [None req-10e43ff3-0c38-4d75-81dd-2e1c82e1f026 ff393472a5054badac47e557226e1866 7005d12f1a8a44f78d70c873a902b604 - - default default] Successfully bumped revision number for resource 67a2c45b-0c68-4b18-922c-6d6db3ad5e01 (type: security_group_rules) to 0 [pid: 8|app: 0|req: 815/1564] 10.0.0.75 () {34 vars in 694 bytes} [Tue Jun 2 08:07:37 2026] POST /v2.0/security-group-rules => generated 597 bytes in 162 msecs (HTTP/1.1 201) 4 headers in 162 bytes (1 switches on core 0)
2026-06-02 08:07:38.191 8 INFO neutron.db.ovn_revision_numbers_db [None req-cda99fd0-367e-4f6b-a709-6c9703beacd0 ff393472a5054badac47e557226e1866 7005d12f1a8a44f78d70c873a902b604 - - default default] Successfully bumped revision number for resource 9a675309-0023-4abf-b70c-6312e00fa435 (type: security_group_rules) to 0
2026-06-02 08:07:38.224 7 WARNING neutron.scheduler.dhcp_agent_scheduler [None req-9b7eee95-db8c-4f55-b154-d8afd793ba8a 2603419fbb6644ac8d3a3a33515bf4ba 9df0bad1fb9f424ca847822022316982 - - default default] No more DHCP agents
2026-06-02 08:07:38.226 7 WARNING neutron.api.rpc.agentnotifiers.dhcp_rpc_agent_api [None req-9b7eee95-db8c-4f55-b154-d8afd793ba8a 2603419fbb6644ac8d3a3a33515bf4ba 9df0bad1fb9f424ca847822022316982 - - default default] Unable to schedule network 0c6ed45f-6be5-4925-b09f-b5729df95a98: no agents available; will retry on subsequent port and subnet creation events. [pid: 8|app: 0|req: 816/1565] 10.0.0.75 () {34 vars in 694 bytes} [Tue Jun 2 08:07:38 2026] POST /v2.0/security-group-rules => generated 596 bytes in 184 msecs (HTTP/1.1 201) 4 headers in 162 bytes (1 switches on core 0)
2026-06-02 08:07:38.368 7 INFO neutron.db.ovn_revision_numbers_db [None req-9b7eee95-db8c-4f55-b154-d8afd793ba8a 2603419fbb6644ac8d3a3a33515bf4ba 9df0bad1fb9f424ca847822022316982 - - default default] Successfully bumped revision number for resource c8ba5f10-46ef-4778-a31c-0fae224f0354 (type: ports) to 1
2026-06-02 08:07:38.388 8 INFO neutron.db.ovn_revision_numbers_db [None req-e4247795-e9d6-4b61-82c5-6007fa1e9049 ff393472a5054badac47e557226e1866 7005d12f1a8a44f78d70c873a902b604 - - default default] Successfully bumped revision number for resource c11a5ff5-499c-4f6d-baec-f730b2744cab (type: security_group_rules) to 0 [pid: 8|app: 0|req: 817/1566] 10.0.0.75 () {34 vars in 694 bytes} [Tue Jun 2 08:07:38 2026] POST /v2.0/security-group-rules => generated 602 bytes in 187 msecs (HTTP/1.1 201) 4 headers in 162 bytes (1 switches on core 0)
2026-06-02 08:07:38.588 8 INFO neutron.db.ovn_revision_numbers_db [None req-12a71fef-7f47-4622-9157-bab3bc1fa761 ff393472a5054badac47e557226e1866 7005d12f1a8a44f78d70c873a902b604 - - default default] Successfully bumped revision number for resource c2535e63-a2d2-4403-b293-dfdfcd0616b1 (type: security_group_rules) to 0 [pid: 8|app: 0|req: 818/1567] 10.0.0.75 () {34 vars in 694 bytes} [Tue Jun 2 08:07:38 2026] POST /v2.0/security-group-rules => generated 601 bytes in 194 msecs (HTTP/1.1 201) 4 headers in 162 bytes (1 switches on core 0)
2026-06-02 08:07:38.665 8 INFO neutron.db.securitygroups_db [None req-9e46d19b-723a-41ce-88e5-5a5666657641 ff393472a5054badac47e557226e1866 7005d12f1a8a44f78d70c873a902b604 - - default default] Project 7005d12f1a8a44f78d70c873a902b604 added a security group rule with legacy IPv6 ICMP protocol name icmp, ipv6-icmp should be used instead. It was automatically converted.
2026-06-02 08:07:38.782 8 INFO neutron.db.ovn_revision_numbers_db [None req-9e46d19b-723a-41ce-88e5-5a5666657641 ff393472a5054badac47e557226e1866 7005d12f1a8a44f78d70c873a902b604 - - default default] Successfully bumped revision number for resource 65c9ff20-022d-4703-97fb-194a95a34508 (type: security_group_rules) to 0 [pid: 8|app: 0|req: 819/1568] 10.0.0.75 () {34 vars in 694 bytes} [Tue Jun 2 08:07:38 2026] POST /v2.0/security-group-rules => generated 607 bytes in 196 msecs (HTTP/1.1 201) 4 headers in 162 bytes (1 switches on core 0)
2026-06-02 08:07:38.867 8 INFO neutron.db.securitygroups_db [None req-935d5e8d-041f-40cd-b5c5-2744f46b02fa ff393472a5054badac47e557226e1866 7005d12f1a8a44f78d70c873a902b604 - - default default] Project 7005d12f1a8a44f78d70c873a902b604 added a security group rule with legacy IPv6 ICMP protocol name icmp, ipv6-icmp should be used instead. It was automatically converted.
2026-06-02 08:07:38.959 7 INFO neutron.plugins.ml2.drivers.ovn.mech_driver.ovsdb.commands [None req-d5d611a2-af26-4cf3-ac5c-573d9f328547 - - - - - -] Schedule LRP lrp-c8ba5f10-46ef-4778-a31c-0fae224f0354 on gateway bd8c2901-1339-49e4-af67-a58847705048 with priority 1
2026-06-02 08:07:38.986 8 INFO neutron.db.ovn_revision_numbers_db [None req-935d5e8d-041f-40cd-b5c5-2744f46b02fa ff393472a5054badac47e557226e1866 7005d12f1a8a44f78d70c873a902b604 - - default default] Successfully bumped revision number for resource 5f6208d0-d694-4488-b5bc-8199db0eb776 (type: security_group_rules) to 0
2026-06-02 08:07:39.020 7 INFO neutron.db.ovn_revision_numbers_db [None req-9b7eee95-db8c-4f55-b154-d8afd793ba8a 2603419fbb6644ac8d3a3a33515bf4ba 9df0bad1fb9f424ca847822022316982 - - default default] Successfully bumped revision number for resource c8ba5f10-46ef-4778-a31c-0fae224f0354 (type: router_ports) to 1
2026-06-02 08:07:39.025 7 INFO neutron.plugins.ml2.drivers.ovn.mech_driver.ovsdb.ovsdb_monitor [None req-cbd51730-0a4c-4f0c-b66d-002b4413dfe8 - - - - - -] Router 4eff4f38-e45f-47ba-8264-3f99a0053aa9 is bound to host instance [pid: 8|app: 0|req: 820/1569] 10.0.0.75 () {34 vars in 694 bytes} [Tue Jun 2 08:07:38 2026] POST /v2.0/security-group-rules => generated 606 bytes in 195 msecs (HTTP/1.1 201) 4 headers in 162 bytes (1 switches on core 0)
2026-06-02 08:07:39.145 7 INFO neutron.db.ovn_revision_numbers_db [None req-9b7eee95-db8c-4f55-b154-d8afd793ba8a 2603419fbb6644ac8d3a3a33515bf4ba 9df0bad1fb9f424ca847822022316982 - - default default] Successfully bumped revision number for resource 4eff4f38-e45f-47ba-8264-3f99a0053aa9 (type: routers) to 2 [pid: 7|app: 0|req: 750/1570] 10.0.0.75 () {34 vars in 668 bytes} [Tue Jun 2 08:07:37 2026] POST /v2.0/routers => generated 962 bytes in 1377 msecs (HTTP/1.1 201) 4 headers in 162 bytes (1 switches on core 0)
2026-06-02 08:07:39.575 8 WARNING neutron.scheduler.dhcp_agent_scheduler [None req-d5e29292-31ae-4805-b5f9-80a5ac4b7ddb 2603419fbb6644ac8d3a3a33515bf4ba 9df0bad1fb9f424ca847822022316982 - - default default] No more DHCP agents
2026-06-02 08:07:39.576 8 WARNING neutron.api.rpc.agentnotifiers.dhcp_rpc_agent_api [None req-d5e29292-31ae-4805-b5f9-80a5ac4b7ddb 2603419fbb6644ac8d3a3a33515bf4ba 9df0bad1fb9f424ca847822022316982 - - default default] Unable to schedule network 61e596f4-aa29-456a-b0d0-99140682f2fc: no agents available; will retry on subsequent port and subnet creation events.
2026-06-02 08:07:39.680 7 INFO neutron.db.ovn_revision_numbers_db [None req-a3435c5b-79eb-45df-9580-27fbac7dc3a0 ff393472a5054badac47e557226e1866 7005d12f1a8a44f78d70c873a902b604 - - default default] Successfully bumped revision number for resource 075f7e58-5b41-46ab-9d24-ec0ebcf8e9b5 (type: security_groups) to 1
2026-06-02 08:07:39.724 7 INFO neutron.plugins.ml2.drivers.ovn.mech_driver.mech_driver [None req-003676d8-cc2e-4725-9665-4c1dda976a25 - - - - - -] OVN reports status down for port: 89520e13-a4a9-41ab-b073-e95605028601
2026-06-02 08:07:39.740 7 INFO neutron.db.ovn_revision_numbers_db [None req-a3435c5b-79eb-45df-9580-27fbac7dc3a0 ff393472a5054badac47e557226e1866 7005d12f1a8a44f78d70c873a902b604 - - default default] Successfully bumped revision number for resource 1eabc829-74eb-4748-88cc-891d6720ffb5 (type: security_group_rules) to 0
2026-06-02 08:07:39.741 8 INFO neutron.db.ovn_revision_numbers_db [None req-d5e29292-31ae-4805-b5f9-80a5ac4b7ddb 2603419fbb6644ac8d3a3a33515bf4ba 9df0bad1fb9f424ca847822022316982 - - default default] Successfully bumped revision number for resource 89520e13-a4a9-41ab-b073-e95605028601 (type: ports) to 1
2026-06-02 08:07:39.777 7 INFO neutron.db.ovn_revision_numbers_db [None req-a3435c5b-79eb-45df-9580-27fbac7dc3a0 ff393472a5054badac47e557226e1866 7005d12f1a8a44f78d70c873a902b604 - - default default] Successfully bumped revision number for resource d890b928-36d8-4f57-b0be-8b5e8c34b0b7 (type: security_group_rules) to 0 [pid: 7|app: 0|req: 751/1571] 10.0.0.75 () {34 vars in 684 bytes} [Tue Jun 2 08:07:39 2026] POST /v2.0/security-groups => generated 1659 bytes in 453 msecs (HTTP/1.1 201) 4 headers in 163 bytes (1 switches on core 0)
2026-06-02 08:07:40.144 7 INFO neutron.db.ovn_revision_numbers_db [None req-2c1f02b9-f545-444d-96e4-cad0ef7cca08 ff393472a5054badac47e557226e1866 7005d12f1a8a44f78d70c873a902b604 - - default default] Successfully bumped revision number for resource db8f950a-f56f-4c2a-932c-feff3b2ff485 (type: security_group_rules) to 0 [pid: 7|app: 0|req: 752/1572] 10.0.0.75 () {34 vars in 694 bytes} [Tue Jun 2 08:07:39 2026] POST /v2.0/security-group-rules => generated 597 bytes in 336 msecs (HTTP/1.1 201) 4 headers in 162 bytes (1 switches on core 0)
2026-06-02 08:07:40.292 7 INFO neutron.plugins.ml2.drivers.ovn.mech_driver.mech_driver [None req-003676d8-cc2e-4725-9665-4c1dda976a25 - - - - - -] OVN reports status up for port: 89520e13-a4a9-41ab-b073-e95605028601
2026-06-02 08:07:40.335 7 INFO neutron.plugins.ml2.plugin [None req-003676d8-cc2e-4725-9665-4c1dda976a25 - - - - - -] Attempt 1 to provision port 89520e13-a4a9-41ab-b073-e95605028601
2026-06-02 08:07:40.362 8 WARNING neutron.scheduler.dhcp_agent_scheduler [None req-d5e29292-31ae-4805-b5f9-80a5ac4b7ddb 2603419fbb6644ac8d3a3a33515bf4ba 9df0bad1fb9f424ca847822022316982 - - default default] No more DHCP agents
2026-06-02 08:07:40.364 8 WARNING neutron.api.rpc.agentnotifiers.dhcp_rpc_agent_api [None req-d5e29292-31ae-4805-b5f9-80a5ac4b7ddb 2603419fbb6644ac8d3a3a33515bf4ba 9df0bad1fb9f424ca847822022316982 - - default default] Unable to schedule network 61e596f4-aa29-456a-b0d0-99140682f2fc: no agents available; will retry on subsequent port and subnet creation events.
2026-06-02 08:07:40.386 7 INFO neutron.db.ovn_revision_numbers_db [None req-54256574-6525-4543-a817-6228cb018715 - - - - - -] Successfully bumped revision number for resource c8ba5f10-46ef-4778-a31c-0fae224f0354 (type: ports) to 4
2026-06-02 08:07:40.584 7 INFO neutron.db.ovn_revision_numbers_db [None req-5cfb2eac-7c2b-4028-a351-bfbb8633d48e ff393472a5054badac47e557226e1866 7005d12f1a8a44f78d70c873a902b604 - - default default] Successfully bumped revision number for resource 48e4ff01-f340-4cc2-a638-fc183666a499 (type: security_group_rules) to 0 [pid: 7|app: 0|req: 753/1573] 10.0.0.75 () {34 vars in 694 bytes} [Tue Jun 2 08:07:40 2026] POST /v2.0/security-group-rules => generated 602 bytes in 500 msecs (HTTP/1.1 201) 4 headers in 162 bytes (1 switches on core 0)
2026-06-02 08:07:40.840 8 INFO neutron.db.ovn_revision_numbers_db [None req-d5e29292-31ae-4805-b5f9-80a5ac4b7ddb 2603419fbb6644ac8d3a3a33515bf4ba 9df0bad1fb9f424ca847822022316982 - - default default] Successfully bumped revision number for resource 89520e13-a4a9-41ab-b073-e95605028601 (type: router_ports) to 1 [pid: 8|app: 0|req: 821/1574] 10.0.0.75 () {34 vars in 782 bytes} [Tue Jun 2 08:07:39 2026] PUT /v2.0/routers/4eff4f38-e45f-47ba-8264-3f99a0053aa9/add_router_interface => generated 309 bytes in 1670 msecs (HTTP/1.1 200) 4 headers in 157 bytes (1 switches on core 0)
2026-06-02 08:07:41.344 7 WARNING neutron.scheduler.dhcp_agent_scheduler [None req-30682636-24bc-4180-9de4-2a795787aa13 ff393472a5054badac47e557226e1866 7005d12f1a8a44f78d70c873a902b604 - - default default] No more DHCP agents
2026-06-02 08:07:41.354 7 WARNING neutron.api.rpc.agentnotifiers.dhcp_rpc_agent_api [None req-30682636-24bc-4180-9de4-2a795787aa13 ff393472a5054badac47e557226e1866 7005d12f1a8a44f78d70c873a902b604 - - default default] Unable to schedule network 0c6ed45f-6be5-4925-b09f-b5729df95a98: no agents available; will retry on subsequent port and subnet creation events.
2026-06-02 08:07:41.562 8 INFO neutron.db.ovn_revision_numbers_db [None req-eaaf1005-53c2-47a6-b223-0495dc0b3f6a 51b066da690b4a09ae6ac1a2f88e895d 578984b9f43146408edc112c4fa14a90 - - default default] Successfully bumped revision number for resource 0cf4d2c3-244b-4a9d-920f-d9549c74d5af (type: security_groups) to 1
2026-06-02 08:07:41.577 8 INFO neutron.db.ovn_revision_numbers_db [None req-eaaf1005-53c2-47a6-b223-0495dc0b3f6a 51b066da690b4a09ae6ac1a2f88e895d 578984b9f43146408edc112c4fa14a90 - - default default] Successfully bumped revision number for resource bcfa97e2-5f85-4996-8a39-c35be9204f02 (type: security_group_rules) to 0
2026-06-02 08:07:41.586 8 INFO neutron.db.ovn_revision_numbers_db [None req-eaaf1005-53c2-47a6-b223-0495dc0b3f6a 51b066da690b4a09ae6ac1a2f88e895d 578984b9f43146408edc112c4fa14a90 - - default default] Successfully bumped revision number for resource e555c0e2-7047-46c5-a8e0-4269ecd64519 (type: security_group_rules) to 0 [pid: 8|app: 0|req: 822/1575] 10.0.0.75 () {34 vars in 684 bytes} [Tue Jun 2 08:07:41 2026] POST /v2.0/security-groups => generated 1661 bytes in 210 msecs (HTTP/1.1 201) 4 headers in 163 bytes (1 switches on core 0)
2026-06-02 08:07:41.685 7 INFO neutron.db.ovn_revision_numbers_db [None req-003676d8-cc2e-4725-9665-4c1dda976a25 - - - - - -] Successfully bumped revision number for resource 89520e13-a4a9-41ab-b073-e95605028601 (type: ports) to 2
