2026-06-02 08:08:05.429 8 INFO placement.requestlog [req-8714dee8-9046-4563-b7f8-ac1f90eca3b2 req-4081db9d-df42-4a51-86f9-e75444908888 eaf6f24a39364149a0b7704ed33ef2eb e39849b2188344d39b68908c31f92679 - - e143ad1e9d8f41cdbea10cdf537183d4 e143ad1e9d8f41cdbea10cdf537183d4] 199.19.213.156 "GET /allocations/054eff5c-a678-44e3-9b7a-de71c8c7d441" status: 200 len: 258 microversion: 1.28 [pid: 8|app: 0|req: 427/853] 199.19.213.156 () {34 vars in 862 bytes} [Tue Jun 2 08:08:05 2026] GET /allocations/054eff5c-a678-44e3-9b7a-de71c8c7d441 => generated 258 bytes in 12 msecs (HTTP/1.1 200) 8 headers in 296 bytes (1 switches on core 0)
2026-06-02 08:08:05.446 7 INFO placement.requestlog [req-8714dee8-9046-4563-b7f8-ac1f90eca3b2 req-f70840b4-d95d-4e42-8a40-fca47369c81a eaf6f24a39364149a0b7704ed33ef2eb e39849b2188344d39b68908c31f92679 - - e143ad1e9d8f41cdbea10cdf537183d4 e143ad1e9d8f41cdbea10cdf537183d4] 199.19.213.156 "GET /allocations/938f2572-1013-4cb6-bcc3-8c0687a2f7f5" status: 200 len: 258 microversion: 1.28 [pid: 7|app: 0|req: 427/854] 199.19.213.156 () {34 vars in 862 bytes} [Tue Jun 2 08:08:05 2026] GET /allocations/938f2572-1013-4cb6-bcc3-8c0687a2f7f5 => generated 258 bytes in 10 msecs (HTTP/1.1 200) 8 headers in 296 bytes (1 switches on core 0)
2026-06-02 08:08:05.471 8 INFO placement.requestlog [req-8714dee8-9046-4563-b7f8-ac1f90eca3b2 req-912628ed-d94a-4b77-9630-c6f44590a36d eaf6f24a39364149a0b7704ed33ef2eb e39849b2188344d39b68908c31f92679 - - e143ad1e9d8f41cdbea10cdf537183d4 e143ad1e9d8f41cdbea10cdf537183d4] 199.19.213.156 "GET /allocations/52c38530-8eab-4ac0-8cae-25d84ee38b13" status: 200 len: 258 microversion: 1.28 [pid: 8|app: 0|req: 428/855] 199.19.213.156 () {34 vars in 862 bytes} [Tue Jun 2 08:08:05 2026] GET /allocations/52c38530-8eab-4ac0-8cae-25d84ee38b13 => generated 258 bytes in 19 msecs (HTTP/1.1 200) 8 headers in 296 bytes (1 switches on core 0)
2026-06-02 08:08:06.599 8 INFO placement.requestlog [None req-b530e2f0-38f0-4e30-8a28-d0bfe3d1459e - - - - - -] 10.0.0.97 "GET /" status: 200 len: 136 microversion: 1.0
2026-06-02 08:08:06.600 8 INFO placement.requestlog [None req-e32365f0-bda5-49f1-9c92-52fdb76c2d42 - - - - - -] 10.0.0.97 "GET /" status: 200 len: 136 microversion: 1.0
2026-06-02 08:08:06.608 7 INFO placement.requestlog [req-66204be4-c251-4e8c-9a8c-34625f888544 req-b09ae1ff-de0f-45a8-89aa-d5ed4e8238f2 eaf6f24a39364149a0b7704ed33ef2eb e39849b2188344d39b68908c31f92679 - - e143ad1e9d8f41cdbea10cdf537183d4 e143ad1e9d8f41cdbea10cdf537183d4] 199.19.213.156 "GET /allocations/054eff5c-a678-44e3-9b7a-de71c8c7d441" status: 200 len: 258 microversion: 1.28 [pid: 7|app: 0|req: 428/858] 199.19.213.156 () {34 vars in 862 bytes} [Tue Jun 2 08:08:06 2026] GET /allocations/054eff5c-a678-44e3-9b7a-de71c8c7d441 => generated 258 bytes in 12 msecs (HTTP/1.1 200) 8 headers in 296 bytes (1 switches on core 0)
2026-06-02 08:08:07.645 8 INFO placement.requestlog [req-66204be4-c251-4e8c-9a8c-34625f888544 req-1a871722-cfee-4be2-9a23-52eb3ec35f74 eaf6f24a39364149a0b7704ed33ef2eb e39849b2188344d39b68908c31f92679 - - e143ad1e9d8f41cdbea10cdf537183d4 e143ad1e9d8f41cdbea10cdf537183d4] 199.19.213.156 "GET /resource_providers/964a9441-4c46-4503-adf7-d23835fd0c0c/allocations" status: 200 len: 453 microversion: 1.0 [pid: 8|app: 0|req: 431/859] 199.19.213.156 () {32 vars in 856 bytes} [Tue Jun 2 08:08:07 2026] GET /resource_providers/964a9441-4c46-4503-adf7-d23835fd0c0c/allocations => generated 453 bytes in 16 msecs (HTTP/1.1 200) 6 headers in 224 bytes (1 switches on core 0)
2026-06-02 08:08:07.667 7 INFO placement.requestlog [req-66204be4-c251-4e8c-9a8c-34625f888544 req-8141a483-59d0-4e7e-8f38-ade0e01ef9be eaf6f24a39364149a0b7704ed33ef2eb e39849b2188344d39b68908c31f92679 - - e143ad1e9d8f41cdbea10cdf537183d4 e143ad1e9d8f41cdbea10cdf537183d4] 199.19.213.156 "GET /allocations/57a09c60-0f5c-4eb6-8523-343b5ef9c79d" status: 200 len: 258 microversion: 1.28 [pid: 7|app: 0|req: 429/860] 199.19.213.156 () {34 vars in 862 bytes} [Tue Jun 2 08:08:07 2026] GET /allocations/57a09c60-0f5c-4eb6-8523-343b5ef9c79d => generated 258 bytes in 16 msecs (HTTP/1.1 200) 8 headers in 296 bytes (1 switches on core 0)
2026-06-02 08:08:07.684 8 INFO placement.requestlog [req-66204be4-c251-4e8c-9a8c-34625f888544 req-c11ef037-5352-4841-b74f-ed179a2e925c eaf6f24a39364149a0b7704ed33ef2eb e39849b2188344d39b68908c31f92679 - - e143ad1e9d8f41cdbea10cdf537183d4 e143ad1e9d8f41cdbea10cdf537183d4] 199.19.213.156 "GET /allocations/054eff5c-a678-44e3-9b7a-de71c8c7d441" status: 200 len: 258 microversion: 1.28 [pid: 8|app: 0|req: 432/861] 199.19.213.156 () {34 vars in 862 bytes} [Tue Jun 2 08:08:07 2026] GET /allocations/054eff5c-a678-44e3-9b7a-de71c8c7d441 => generated 258 bytes in 12 msecs (HTTP/1.1 200) 8 headers in 296 bytes (1 switches on core 0)
2026-06-02 08:08:07.705 7 INFO placement.requestlog [req-66204be4-c251-4e8c-9a8c-34625f888544 req-69bf3ee3-ad03-4b19-8dfb-8f894fd9e120 eaf6f24a39364149a0b7704ed33ef2eb e39849b2188344d39b68908c31f92679 - - e143ad1e9d8f41cdbea10cdf537183d4 e143ad1e9d8f41cdbea10cdf537183d4] 199.19.213.156 "GET /allocations/938f2572-1013-4cb6-bcc3-8c0687a2f7f5" status: 200 len: 258 microversion: 1.28 [pid: 7|app: 0|req: 430/862] 199.19.213.156 () {34 vars in 862 bytes} [Tue Jun 2 08:08:07 2026] GET /allocations/938f2572-1013-4cb6-bcc3-8c0687a2f7f5 => generated 258 bytes in 15 msecs (HTTP/1.1 200) 8 headers in 296 bytes (1 switches on core 0)
2026-06-02 08:08:07.726 8 INFO placement.requestlog [req-66204be4-c251-4e8c-9a8c-34625f888544 req-a5c0d188-ba3e-4ccc-9db0-4d12cb15268e eaf6f24a39364149a0b7704ed33ef2eb e39849b2188344d39b68908c31f92679 - - e143ad1e9d8f41cdbea10cdf537183d4 e143ad1e9d8f41cdbea10cdf537183d4] 199.19.213.156 "GET /allocations/52c38530-8eab-4ac0-8cae-25d84ee38b13" status: 200 len: 258 microversion: 1.28 [pid: 8|app: 0|req: 433/863] 199.19.213.156 () {34 vars in 862 bytes} [Tue Jun 2 08:08:07 2026] GET /allocations/52c38530-8eab-4ac0-8cae-25d84ee38b13 => generated 258 bytes in 17 msecs (HTTP/1.1 200) 8 headers in 296 bytes (1 switches on core 0)
2026-06-02 08:08:10.942 7 INFO placement.requestlog [req-cc21e37e-c648-4fd6-8170-46f3592c02eb req-87004e3d-e3de-4231-a3c5-b0500dde4abe eaf6f24a39364149a0b7704ed33ef2eb e39849b2188344d39b68908c31f92679 - - e143ad1e9d8f41cdbea10cdf537183d4 e143ad1e9d8f41cdbea10cdf537183d4] 199.19.213.156 "GET /resource_providers/964a9441-4c46-4503-adf7-d23835fd0c0c/allocations" status: 200 len: 453 microversion: 1.0 [pid: 7|app: 0|req: 431/864] 199.19.213.156 () {32 vars in 856 bytes} [Tue Jun 2 08:08:10 2026] GET /resource_providers/964a9441-4c46-4503-adf7-d23835fd0c0c/allocations => generated 453 bytes in 17 msecs (HTTP/1.1 200) 6 headers in 224 bytes (1 switches on core 0)
2026-06-02 08:08:10.967 8 INFO placement.requestlog [req-cc21e37e-c648-4fd6-8170-46f3592c02eb req-413b4d5d-1dae-448a-ab84-9925111d723d eaf6f24a39364149a0b7704ed33ef2eb e39849b2188344d39b68908c31f92679 - - e143ad1e9d8f41cdbea10cdf537183d4 e143ad1e9d8f41cdbea10cdf537183d4] 199.19.213.156 "GET /allocations/57a09c60-0f5c-4eb6-8523-343b5ef9c79d" status: 200 len: 258 microversion: 1.28 [pid: 8|app: 0|req: 434/865] 199.19.213.156 () {34 vars in 862 bytes} [Tue Jun 2 08:08:10 2026] GET /allocations/57a09c60-0f5c-4eb6-8523-343b5ef9c79d => generated 258 bytes in 18 msecs (HTTP/1.1 200) 8 headers in 296 bytes (1 switches on core 0)
2026-06-02 08:08:10.987 7 INFO placement.requestlog [req-cc21e37e-c648-4fd6-8170-46f3592c02eb req-9ba4d51a-8f5e-4b8a-8f3d-c48ab72f12eb eaf6f24a39364149a0b7704ed33ef2eb e39849b2188344d39b68908c31f92679 - - e143ad1e9d8f41cdbea10cdf537183d4 e143ad1e9d8f41cdbea10cdf537183d4] 199.19.213.156 "GET /allocations/054eff5c-a678-44e3-9b7a-de71c8c7d441" status: 200 len: 258 microversion: 1.28 [pid: 7|app: 0|req: 432/866] 199.19.213.156 () {34 vars in 862 bytes} [Tue Jun 2 08:08:10 2026] GET /allocations/054eff5c-a678-44e3-9b7a-de71c8c7d441 => generated 258 bytes in 13 msecs (HTTP/1.1 200) 8 headers in 296 bytes (1 switches on core 0)
2026-06-02 08:08:11.007 8 INFO placement.requestlog [req-cc21e37e-c648-4fd6-8170-46f3592c02eb req-01274770-1258-48f7-b8a9-93952f7f1ae8 eaf6f24a39364149a0b7704ed33ef2eb e39849b2188344d39b68908c31f92679 - - e143ad1e9d8f41cdbea10cdf537183d4 e143ad1e9d8f41cdbea10cdf537183d4] 199.19.213.156 "GET /allocations/938f2572-1013-4cb6-bcc3-8c0687a2f7f5" status: 200 len: 258 microversion: 1.28 [pid: 8|app: 0|req: 435/867] 199.19.213.156 () {34 vars in 862 bytes} [Tue Jun 2 08:08:10 2026] GET /allocations/938f2572-1013-4cb6-bcc3-8c0687a2f7f5 => generated 258 bytes in 14 msecs (HTTP/1.1 200) 8 headers in 296 bytes (1 switches on core 0)
2026-06-02 08:08:11.025 7 INFO placement.requestlog [req-cc21e37e-c648-4fd6-8170-46f3592c02eb req-f0f7c57a-885b-4b4c-829c-ad4b1d15fe88 eaf6f24a39364149a0b7704ed33ef2eb e39849b2188344d39b68908c31f92679 - - e143ad1e9d8f41cdbea10cdf537183d4 e143ad1e9d8f41cdbea10cdf537183d4] 199.19.213.156 "GET /allocations/52c38530-8eab-4ac0-8cae-25d84ee38b13" status: 200 len: 258 microversion: 1.28 [pid: 7|app: 0|req: 433/868] 199.19.213.156 () {34 vars in 862 bytes} [Tue Jun 2 08:08:11 2026] GET /allocations/52c38530-8eab-4ac0-8cae-25d84ee38b13 => generated 258 bytes in 11 msecs (HTTP/1.1 200) 8 headers in 296 bytes (1 switches on core 0)
2026-06-02 08:08:12.078 8 INFO placement.requestlog [req-cc21e37e-c648-4fd6-8170-46f3592c02eb req-d09a7ae3-a261-4261-b07e-26cd5a93df7f eaf6f24a39364149a0b7704ed33ef2eb e39849b2188344d39b68908c31f92679 - - e143ad1e9d8f41cdbea10cdf537183d4 e143ad1e9d8f41cdbea10cdf537183d4] 199.19.213.156 "DELETE /allocations/57a09c60-0f5c-4eb6-8523-343b5ef9c79d" status: 204 len: 0 microversion: 1.0 [pid: 8|app: 0|req: 436/869] 199.19.213.156 () {34 vars in 840 bytes} [Tue Jun 2 08:08:12 2026] DELETE /allocations/57a09c60-0f5c-4eb6-8523-343b5ef9c79d => generated 0 bytes in 24 msecs (HTTP/1.1 204) 5 headers in 198 bytes (1 switches on core 0)
2026-06-02 08:08:16.600 7 INFO placement.requestlog [None req-5649d926-becf-4a0b-a97f-58d37d6463f2 - - - - - -] 10.0.0.97 "GET /" status: 200 len: 136 microversion: 1.0
2026-06-02 08:08:16.600 8 INFO placement.requestlog [None req-fde5655a-4b77-4ea7-bfd9-05f9f6348e8b - - - - - -] 10.0.0.97 "GET /" status: 200 len: 136 microversion: 1.0
2026-06-02 08:08:16.657 7 INFO placement.requestlog [None req-3de8f453-9038-4959-a4c8-6259b512565b 0971ad32d9384eac9ea5e30823dc46e1 e39849b2188344d39b68908c31f92679 - - e143ad1e9d8f41cdbea10cdf537183d4 e143ad1e9d8f41cdbea10cdf537183d4] 10.0.0.51 "GET /resource_providers/daaa342f-5f72-45b4-8566-755009e34320/aggregates" status: 404 len: 235 microversion: 1.1 [pid: 7|app: 0|req: 435/872] 10.0.0.51 () {32 vars in 814 bytes} [Tue Jun 2 08:08:16 2026] GET /resource_providers/daaa342f-5f72-45b4-8566-755009e34320/aggregates => generated 235 bytes in 10 msecs (HTTP/1.1 404) 5 headers in 202 bytes (1 switches on core 0)
2026-06-02 08:08:16.658 8 INFO placement.requestlog [None req-3126dfaa-47b8-4c14-a6b6-27845ef1d3ab 0971ad32d9384eac9ea5e30823dc46e1 e39849b2188344d39b68908c31f92679 - - e143ad1e9d8f41cdbea10cdf537183d4 e143ad1e9d8f41cdbea10cdf537183d4] 10.0.0.51 "GET /resource_providers/daaa342f-5f72-45b4-8566-755009e34320/aggregates" status: 404 len: 235 microversion: 1.1 [pid: 8|app: 0|req: 438/873] 10.0.0.51 () {32 vars in 814 bytes} [Tue Jun 2 08:08:16 2026] GET /resource_providers/daaa342f-5f72-45b4-8566-755009e34320/aggregates => generated 235 bytes in 11 msecs (HTTP/1.1 404) 5 headers in 202 bytes (1 switches on core 0)
2026-06-02 08:08:16.683 7 INFO placement.requestlog [None req-088c67a2-375e-4ede-89fb-eadd4a766677 0971ad32d9384eac9ea5e30823dc46e1 e39849b2188344d39b68908c31f92679 - - e143ad1e9d8f41cdbea10cdf537183d4 e143ad1e9d8f41cdbea10cdf537183d4] 10.0.0.51 "DELETE /resource_providers/daaa342f-5f72-45b4-8566-755009e34320" status: 404 len: 246 microversion: 1.1 [pid: 7|app: 0|req: 436/874] 10.0.0.51 () {34 vars in 814 bytes} [Tue Jun 2 08:08:16 2026] DELETE /resource_providers/daaa342f-5f72-45b4-8566-755009e34320 => generated 246 bytes in 10 msecs (HTTP/1.1 404) 6 headers in 231 bytes (1 switches on core 0)
2026-06-02 08:08:16.693 8 INFO placement.requestlog [None req-f448be35-00da-4a05-92e1-8f31545d71bd 0971ad32d9384eac9ea5e30823dc46e1 e39849b2188344d39b68908c31f92679 - - e143ad1e9d8f41cdbea10cdf537183d4 e143ad1e9d8f41cdbea10cdf537183d4] 10.0.0.51 "DELETE /resource_providers/daaa342f-5f72-45b4-8566-755009e34320" status: 404 len: 246 microversion: 1.1 [pid: 8|app: 0|req: 439/875] 10.0.0.51 () {34 vars in 814 bytes} [Tue Jun 2 08:08:16 2026] DELETE /resource_providers/daaa342f-5f72-45b4-8566-755009e34320 => generated 246 bytes in 13 msecs (HTTP/1.1 404) 6 headers in 231 bytes (1 switches on core 0)
2026-06-02 08:08:24.029 7 INFO placement.requestlog [req-c127f0b2-b571-4708-807f-cdf6b8065b11 req-d4bfe6e2-bc64-40fb-b143-92c1d8a27120 eaf6f24a39364149a0b7704ed33ef2eb e39849b2188344d39b68908c31f92679 - - e143ad1e9d8f41cdbea10cdf537183d4 e143ad1e9d8f41cdbea10cdf537183d4] 10.0.0.204 "GET /allocation_candidates?limit=1000&resources=DISK_GB%3A1%2CMEMORY_MB%3A512%2CVCPU%3A1&root_required=%21COMPUTE_STATUS_DISABLED" status: 200 len: 2643 microversion: 1.36 [pid: 7|app: 0|req: 437/876] 10.0.0.204 () {34 vars in 1011 bytes} [Tue Jun 2 08:08:23 2026] GET /allocation_candidates?limit=1000&resources=DISK_GB%3A1%2CMEMORY_MB%3A512%2CVCPU%3A1&root_required=%21COMPUTE_STATUS_DISABLED => generated 2643 bytes in 67 msecs (HTTP/1.1 200) 8 headers in 297 bytes (1 switches on core 0)
2026-06-02 08:08:24.061 8 INFO placement.requestlog [req-c127f0b2-b571-4708-807f-cdf6b8065b11 req-5a759c69-fb0a-44aa-8533-b3b20926e048 eaf6f24a39364149a0b7704ed33ef2eb e39849b2188344d39b68908c31f92679 - - e143ad1e9d8f41cdbea10cdf537183d4 e143ad1e9d8f41cdbea10cdf537183d4] 10.0.0.204 "GET /allocations/05346474-1095-4053-b170-0bff2dcad5c2" status: 200 len: 19 microversion: 1.28 [pid: 8|app: 0|req: 440/877] 10.0.0.204 () {34 vars in 860 bytes} [Tue Jun 2 08:08:24 2026] GET /allocations/05346474-1095-4053-b170-0bff2dcad5c2 => generated 19 bytes in 16 msecs (HTTP/1.1 200) 8 headers in 295 bytes (1 switches on core 0)
2026-06-02 08:08:24.131 7 INFO placement.requestlog [req-c127f0b2-b571-4708-807f-cdf6b8065b11 req-924a7581-ce6b-483f-8dfe-525872abeb63 eaf6f24a39364149a0b7704ed33ef2eb e39849b2188344d39b68908c31f92679 - - e143ad1e9d8f41cdbea10cdf537183d4 e143ad1e9d8f41cdbea10cdf537183d4] 10.0.0.204 "PUT /allocations/05346474-1095-4053-b170-0bff2dcad5c2" status: 204 len: 0 microversion: 1.36 [pid: 7|app: 0|req: 438/878] 10.0.0.204 () {38 vars in 913 bytes} [Tue Jun 2 08:08:24 2026] PUT /allocations/05346474-1095-4053-b170-0bff2dcad5c2 => generated 0 bytes in 63 msecs (HTTP/1.1 204) 5 headers in 199 bytes (1 switches on core 0)
2026-06-02 08:08:24.947 8 INFO placement.requestlog [req-8223506b-db07-4794-8ee8-c1cb2eb07998 req-d35b10ad-0b73-444a-abcf-1195bb6fe243 eaf6f24a39364149a0b7704ed33ef2eb e39849b2188344d39b68908c31f92679 - - e143ad1e9d8f41cdbea10cdf537183d4 e143ad1e9d8f41cdbea10cdf537183d4] 199.19.213.156 "GET /resource_providers/964a9441-4c46-4503-adf7-d23835fd0c0c/allocations" status: 200 len: 453 microversion: 1.0 [pid: 8|app: 0|req: 441/879] 199.19.213.156 () {32 vars in 856 bytes} [Tue Jun 2 08:08:24 2026] GET /resource_providers/964a9441-4c46-4503-adf7-d23835fd0c0c/allocations => generated 453 bytes in 17 msecs (HTTP/1.1 200) 6 headers in 224 bytes (1 switches on core 0)
2026-06-02 08:08:24.965 7 INFO placement.requestlog [req-8223506b-db07-4794-8ee8-c1cb2eb07998 req-34f7182a-7f9f-4401-80e4-01b8f6a07f22 eaf6f24a39364149a0b7704ed33ef2eb e39849b2188344d39b68908c31f92679 - - e143ad1e9d8f41cdbea10cdf537183d4 e143ad1e9d8f41cdbea10cdf537183d4] 199.19.213.156 "GET /allocations/054eff5c-a678-44e3-9b7a-de71c8c7d441" status: 200 len: 258 microversion: 1.28 [pid: 7|app: 0|req: 439/880] 199.19.213.156 () {34 vars in 862 bytes} [Tue Jun 2 08:08:24 2026] GET /allocations/054eff5c-a678-44e3-9b7a-de71c8c7d441 => generated 258 bytes in 13 msecs (HTTP/1.1 200) 8 headers in 296 bytes (1 switches on core 0)
2026-06-02 08:08:24.981 8 INFO placement.requestlog [req-8223506b-db07-4794-8ee8-c1cb2eb07998 req-496cb4d4-094e-4086-b8a1-0da88fbe646f eaf6f24a39364149a0b7704ed33ef2eb e39849b2188344d39b68908c31f92679 - - e143ad1e9d8f41cdbea10cdf537183d4 e143ad1e9d8f41cdbea10cdf537183d4] 199.19.213.156 "GET /allocations/05346474-1095-4053-b170-0bff2dcad5c2" status: 200 len: 258 microversion: 1.28 [pid: 8|app: 0|req: 442/881] 199.19.213.156 () {34 vars in 862 bytes} [Tue Jun 2 08:08:24 2026] GET /allocations/05346474-1095-4053-b170-0bff2dcad5c2 => generated 258 bytes in 11 msecs (HTTP/1.1 200) 8 headers in 296 bytes (1 switches on core 0)
2026-06-02 08:08:25.006 7 INFO placement.requestlog [req-8223506b-db07-4794-8ee8-c1cb2eb07998 req-9e8a7e57-6155-4fb3-8754-1c8c7dcd58c5 eaf6f24a39364149a0b7704ed33ef2eb e39849b2188344d39b68908c31f92679 - - e143ad1e9d8f41cdbea10cdf537183d4 e143ad1e9d8f41cdbea10cdf537183d4] 199.19.213.156 "GET /allocations/938f2572-1013-4cb6-bcc3-8c0687a2f7f5" status: 200 len: 258 microversion: 1.28 [pid: 7|app: 0|req: 440/882] 199.19.213.156 () {34 vars in 862 bytes} [Tue Jun 2 08:08:24 2026] GET /allocations/938f2572-1013-4cb6-bcc3-8c0687a2f7f5 => generated 258 bytes in 18 msecs (HTTP/1.1 200) 8 headers in 296 bytes (1 switches on core 0)
2026-06-02 08:08:25.026 8 INFO placement.requestlog [req-8223506b-db07-4794-8ee8-c1cb2eb07998 req-14d33fa0-cdb7-4555-9795-59083f45fdaa eaf6f24a39364149a0b7704ed33ef2eb e39849b2188344d39b68908c31f92679 - - e143ad1e9d8f41cdbea10cdf537183d4 e143ad1e9d8f41cdbea10cdf537183d4] 199.19.213.156 "GET /allocations/52c38530-8eab-4ac0-8cae-25d84ee38b13" status: 200 len: 258 microversion: 1.28 [pid: 8|app: 0|req: 443/883] 199.19.213.156 () {34 vars in 862 bytes} [Tue Jun 2 08:08:25 2026] GET /allocations/52c38530-8eab-4ac0-8cae-25d84ee38b13 => generated 258 bytes in 13 msecs (HTTP/1.1 200) 8 headers in 296 bytes (1 switches on core 0)
2026-06-02 08:08:25.621 7 INFO placement.requestlog [req-c127f0b2-b571-4708-807f-cdf6b8065b11 req-1a061e4a-5944-4901-ad20-b0cfb8ca96c9 eaf6f24a39364149a0b7704ed33ef2eb e39849b2188344d39b68908c31f92679 - - e143ad1e9d8f41cdbea10cdf537183d4 e143ad1e9d8f41cdbea10cdf537183d4] 199.19.213.156 "GET /allocations/05346474-1095-4053-b170-0bff2dcad5c2" status: 200 len: 258 microversion: 1.28 [pid: 7|app: 0|req: 441/884] 199.19.213.156 () {34 vars in 862 bytes} [Tue Jun 2 08:08:25 2026] GET /allocations/05346474-1095-4053-b170-0bff2dcad5c2 => generated 258 bytes in 14 msecs (HTTP/1.1 200) 8 headers in 296 bytes (1 switches on core 0)
2026-06-02 08:08:26.081 8 INFO placement.requestlog [req-8223506b-db07-4794-8ee8-c1cb2eb07998 req-6d60485a-d118-49ab-8b0f-1f6660ac36ea eaf6f24a39364149a0b7704ed33ef2eb e39849b2188344d39b68908c31f92679 - - e143ad1e9d8f41cdbea10cdf537183d4 e143ad1e9d8f41cdbea10cdf537183d4] 199.19.213.156 "DELETE /allocations/52c38530-8eab-4ac0-8cae-25d84ee38b13" status: 204 len: 0 microversion: 1.0 [pid: 8|app: 0|req: 444/885] 199.19.213.156 () {34 vars in 840 bytes} [Tue Jun 2 08:08:26 2026] DELETE /allocations/52c38530-8eab-4ac0-8cae-25d84ee38b13 => generated 0 bytes in 29 msecs (HTTP/1.1 204) 5 headers in 198 bytes (1 switches on core 0)
2026-06-02 08:08:26.599 7 INFO placement.requestlog [None req-307127fd-801e-4950-9be6-8c36439c7ce6 - - - - - -] 10.0.0.97 "GET /" status: 200 len: 136 microversion: 1.0
2026-06-02 08:08:26.600 8 INFO placement.requestlog [None req-52ba9929-635c-4fd2-8159-1d2ce0785b35 - - - - - -] 10.0.0.97 "GET /" status: 200 len: 136 microversion: 1.0
2026-06-02 08:08:27.100 7 INFO placement.requestlog [req-c127f0b2-b571-4708-807f-cdf6b8065b11 req-ccce9258-7f91-42d6-a3aa-288e5b9a68b4 eaf6f24a39364149a0b7704ed33ef2eb e39849b2188344d39b68908c31f92679 - - e143ad1e9d8f41cdbea10cdf537183d4 e143ad1e9d8f41cdbea10cdf537183d4] 199.19.213.156 "GET /resource_providers/964a9441-4c46-4503-adf7-d23835fd0c0c/allocations" status: 200 len: 353 microversion: 1.0 [pid: 7|app: 0|req: 443/888] 199.19.213.156 () {32 vars in 856 bytes} [Tue Jun 2 08:08:27 2026] GET /resource_providers/964a9441-4c46-4503-adf7-d23835fd0c0c/allocations => generated 353 bytes in 25 msecs (HTTP/1.1 200) 6 headers in 224 bytes (1 switches on core 0)
2026-06-02 08:08:27.127 8 INFO placement.requestlog [req-c127f0b2-b571-4708-807f-cdf6b8065b11 req-fc94e808-d86d-4883-acf4-826f0f415c66 eaf6f24a39364149a0b7704ed33ef2eb e39849b2188344d39b68908c31f92679 - - e143ad1e9d8f41cdbea10cdf537183d4 e143ad1e9d8f41cdbea10cdf537183d4] 199.19.213.156 "GET /allocations/054eff5c-a678-44e3-9b7a-de71c8c7d441" status: 200 len: 258 microversion: 1.28 [pid: 8|app: 0|req: 446/889] 199.19.213.156 () {34 vars in 862 bytes} [Tue Jun 2 08:08:27 2026] GET /allocations/054eff5c-a678-44e3-9b7a-de71c8c7d441 => generated 258 bytes in 19 msecs (HTTP/1.1 200) 8 headers in 296 bytes (1 switches on core 0)
2026-06-02 08:08:27.141 7 INFO placement.requestlog [req-c127f0b2-b571-4708-807f-cdf6b8065b11 req-0d00bf97-18cb-4e84-9146-cc941ee16a22 eaf6f24a39364149a0b7704ed33ef2eb e39849b2188344d39b68908c31f92679 - - e143ad1e9d8f41cdbea10cdf537183d4 e143ad1e9d8f41cdbea10cdf537183d4] 199.19.213.156 "GET /allocations/05346474-1095-4053-b170-0bff2dcad5c2" status: 200 len: 258 microversion: 1.28 [pid: 7|app: 0|req: 444/890] 199.19.213.156 () {34 vars in 862 bytes} [Tue Jun 2 08:08:27 2026] GET /allocations/05346474-1095-4053-b170-0bff2dcad5c2 => generated 258 bytes in 10 msecs (HTTP/1.1 200) 8 headers in 296 bytes (1 switches on core 0)
2026-06-02 08:08:27.162 8 INFO placement.requestlog [req-c127f0b2-b571-4708-807f-cdf6b8065b11 req-e2f31ae5-0c7b-495e-89c9-376b78ea1035 eaf6f24a39364149a0b7704ed33ef2eb e39849b2188344d39b68908c31f92679 - - e143ad1e9d8f41cdbea10cdf537183d4 e143ad1e9d8f41cdbea10cdf537183d4] 199.19.213.156 "GET /allocations/938f2572-1013-4cb6-bcc3-8c0687a2f7f5" status: 200 len: 258 microversion: 1.28 [pid: 8|app: 0|req: 447/891] 199.19.213.156 () {34 vars in 862 bytes} [Tue Jun 2 08:08:27 2026] GET /allocations/938f2572-1013-4cb6-bcc3-8c0687a2f7f5 => generated 258 bytes in 15 msecs (HTTP/1.1 200) 8 headers in 296 bytes (1 switches on core 0)
2026-06-02 08:08:27.408 7 INFO placement.requestlog [req-b8073121-4bda-47b5-a7dc-491d4e4569d1 req-8d7ba055-652a-48cc-aef6-79bc57ec0661 eaf6f24a39364149a0b7704ed33ef2eb e39849b2188344d39b68908c31f92679 - - e143ad1e9d8f41cdbea10cdf537183d4 e143ad1e9d8f41cdbea10cdf537183d4] 10.0.0.204 "GET /allocation_candidates?limit=1000&resources=DISK_GB%3A1%2CMEMORY_MB%3A512%2CVCPU%3A1&root_required=%21COMPUTE_STATUS_DISABLED" status: 200 len: 2643 microversion: 1.36 [pid: 7|app: 0|req: 445/892] 10.0.0.204 () {34 vars in 1011 bytes} [Tue Jun 2 08:08:27 2026] GET /allocation_candidates?limit=1000&resources=DISK_GB%3A1%2CMEMORY_MB%3A512%2CVCPU%3A1&root_required=%21COMPUTE_STATUS_DISABLED => generated 2643 bytes in 36 msecs (HTTP/1.1 200) 8 headers in 297 bytes (1 switches on core 0)
2026-06-02 08:08:27.439 8 INFO placement.requestlog [req-b8073121-4bda-47b5-a7dc-491d4e4569d1 req-11fbd6aa-aa20-4bb5-a75a-0e0ffd876000 eaf6f24a39364149a0b7704ed33ef2eb e39849b2188344d39b68908c31f92679 - - e143ad1e9d8f41cdbea10cdf537183d4 e143ad1e9d8f41cdbea10cdf537183d4] 10.0.0.204 "GET /allocations/6270efcd-b2eb-44f5-aa91-55c814c5caf5" status: 200 len: 19 microversion: 1.28 [pid: 8|app: 0|req: 448/893] 10.0.0.204 () {34 vars in 860 bytes} [Tue Jun 2 08:08:27 2026] GET /allocations/6270efcd-b2eb-44f5-aa91-55c814c5caf5 => generated 19 bytes in 15 msecs (HTTP/1.1 200) 8 headers in 295 bytes (1 switches on core 0)
2026-06-02 08:08:27.517 7 INFO placement.requestlog [req-b8073121-4bda-47b5-a7dc-491d4e4569d1 req-73250449-d567-4f23-ae33-718741e81d02 eaf6f24a39364149a0b7704ed33ef2eb e39849b2188344d39b68908c31f92679 - - e143ad1e9d8f41cdbea10cdf537183d4 e143ad1e9d8f41cdbea10cdf537183d4] 10.0.0.204 "PUT /allocations/6270efcd-b2eb-44f5-aa91-55c814c5caf5" status: 204 len: 0 microversion: 1.36 [pid: 7|app: 0|req: 446/894] 10.0.0.204 () {38 vars in 913 bytes} [Tue Jun 2 08:08:27 2026] PUT /allocations/6270efcd-b2eb-44f5-aa91-55c814c5caf5 => generated 0 bytes in 71 msecs (HTTP/1.1 204) 5 headers in 199 bytes (1 switches on core 0)
2026-06-02 08:08:29.010 8 INFO placement.requestlog [req-b8073121-4bda-47b5-a7dc-491d4e4569d1 req-3cdcae89-decd-4e0d-93c4-eeb2edf0cb41 eaf6f24a39364149a0b7704ed33ef2eb e39849b2188344d39b68908c31f92679 - - e143ad1e9d8f41cdbea10cdf537183d4 e143ad1e9d8f41cdbea10cdf537183d4] 199.19.213.156 "GET /allocations/6270efcd-b2eb-44f5-aa91-55c814c5caf5" status: 200 len: 258 microversion: 1.28 [pid: 8|app: 0|req: 449/895] 199.19.213.156 () {34 vars in 862 bytes} [Tue Jun 2 08:08:28 2026] GET /allocations/6270efcd-b2eb-44f5-aa91-55c814c5caf5 => generated 258 bytes in 13 msecs (HTTP/1.1 200) 8 headers in 296 bytes (1 switches on core 0)
2026-06-02 08:08:29.935 7 INFO placement.requestlog [None req-fc9e3165-a1c6-45ca-acbd-138fc7024481 0971ad32d9384eac9ea5e30823dc46e1 e39849b2188344d39b68908c31f92679 - - e143ad1e9d8f41cdbea10cdf537183d4 e143ad1e9d8f41cdbea10cdf537183d4] 10.0.0.51 "GET /resource_providers/04a2a29e-3758-411b-b6b9-13237aae9081/aggregates" status: 404 len: 235 microversion: 1.1 [pid: 7|app: 0|req: 447/896] 10.0.0.51 () {32 vars in 814 bytes} [Tue Jun 2 08:08:29 2026] GET /resource_providers/04a2a29e-3758-411b-b6b9-13237aae9081/aggregates => generated 235 bytes in 10 msecs (HTTP/1.1 404) 5 headers in 202 bytes (1 switches on core 0)
2026-06-02 08:08:29.945 8 INFO placement.requestlog [None req-10566ee1-fa58-4bfa-bfe4-591bf2786462 0971ad32d9384eac9ea5e30823dc46e1 e39849b2188344d39b68908c31f92679 - - e143ad1e9d8f41cdbea10cdf537183d4 e143ad1e9d8f41cdbea10cdf537183d4] 10.0.0.51 "GET /resource_providers/04a2a29e-3758-411b-b6b9-13237aae9081/aggregates" status: 404 len: 235 microversion: 1.1 [pid: 8|app: 0|req: 450/897] 10.0.0.51 () {32 vars in 814 bytes} [Tue Jun 2 08:08:29 2026] GET /resource_providers/04a2a29e-3758-411b-b6b9-13237aae9081/aggregates => generated 235 bytes in 15 msecs (HTTP/1.1 404) 5 headers in 202 bytes (1 switches on core 0)
2026-06-02 08:08:29.949 7 INFO placement.requestlog [None req-1a8b433c-9110-4d64-99ec-55bf6dce3f32 0971ad32d9384eac9ea5e30823dc46e1 e39849b2188344d39b68908c31f92679 - - e143ad1e9d8f41cdbea10cdf537183d4 e143ad1e9d8f41cdbea10cdf537183d4] 10.0.0.51 "DELETE /resource_providers/04a2a29e-3758-411b-b6b9-13237aae9081" status: 404 len: 246 microversion: 1.1 [pid: 7|app: 0|req: 448/898] 10.0.0.51 () {34 vars in 814 bytes} [Tue Jun 2 08:08:29 2026] DELETE /resource_providers/04a2a29e-3758-411b-b6b9-13237aae9081 => generated 246 bytes in 6 msecs (HTTP/1.1 404) 6 headers in 231 bytes (1 switches on core 0)
2026-06-02 08:08:29.967 8 INFO placement.requestlog [None req-eae27b24-c992-42bc-add6-3ea97c432f81 0971ad32d9384eac9ea5e30823dc46e1 e39849b2188344d39b68908c31f92679 - - e143ad1e9d8f41cdbea10cdf537183d4 e143ad1e9d8f41cdbea10cdf537183d4] 10.0.0.51 "DELETE /resource_providers/04a2a29e-3758-411b-b6b9-13237aae9081" status: 404 len: 246 microversion: 1.1 [pid: 8|app: 0|req: 451/899] 10.0.0.51 () {34 vars in 814 bytes} [Tue Jun 2 08:08:29 2026] DELETE /resource_providers/04a2a29e-3758-411b-b6b9-13237aae9081 => generated 246 bytes in 10 msecs (HTTP/1.1 404) 6 headers in 231 bytes (1 switches on core 0)
2026-06-02 08:08:30.060 7 INFO placement.requestlog [req-b8073121-4bda-47b5-a7dc-491d4e4569d1 req-00b319af-4b83-4f0b-91b5-82cf709afcdd eaf6f24a39364149a0b7704ed33ef2eb e39849b2188344d39b68908c31f92679 - - e143ad1e9d8f41cdbea10cdf537183d4 e143ad1e9d8f41cdbea10cdf537183d4] 199.19.213.156 "GET /resource_providers/964a9441-4c46-4503-adf7-d23835fd0c0c/allocations" status: 200 len: 453 microversion: 1.0 [pid: 7|app: 0|req: 449/900] 199.19.213.156 () {32 vars in 856 bytes} [Tue Jun 2 08:08:30 2026] GET /resource_providers/964a9441-4c46-4503-adf7-d23835fd0c0c/allocations => generated 453 bytes in 28 msecs (HTTP/1.1 200) 6 headers in 224 bytes (1 switches on core 0)
2026-06-02 08:08:30.089 8 INFO placement.requestlog [req-b8073121-4bda-47b5-a7dc-491d4e4569d1 req-ae01b517-4f4c-4be7-96fe-fbe3271a5b99 eaf6f24a39364149a0b7704ed33ef2eb e39849b2188344d39b68908c31f92679 - - e143ad1e9d8f41cdbea10cdf537183d4 e143ad1e9d8f41cdbea10cdf537183d4] 199.19.213.156 "GET /allocations/054eff5c-a678-44e3-9b7a-de71c8c7d441" status: 200 len: 258 microversion: 1.28 [pid: 8|app: 0|req: 452/901] 199.19.213.156 () {34 vars in 862 bytes} [Tue Jun 2 08:08:30 2026] GET /allocations/054eff5c-a678-44e3-9b7a-de71c8c7d441 => generated 258 bytes in 21 msecs (HTTP/1.1 200) 8 headers in 296 bytes (1 switches on core 0)
2026-06-02 08:08:30.108 7 INFO placement.requestlog [req-b8073121-4bda-47b5-a7dc-491d4e4569d1 req-498d5a07-0211-45fb-9298-0f3cc9f153d5 eaf6f24a39364149a0b7704ed33ef2eb e39849b2188344d39b68908c31f92679 - - e143ad1e9d8f41cdbea10cdf537183d4 e143ad1e9d8f41cdbea10cdf537183d4] 199.19.213.156 "GET /allocations/6270efcd-b2eb-44f5-aa91-55c814c5caf5" status: 200 len: 258 microversion: 1.28 [pid: 7|app: 0|req: 450/902] 199.19.213.156 () {34 vars in 862 bytes} [Tue Jun 2 08:08:30 2026] GET /allocations/6270efcd-b2eb-44f5-aa91-55c814c5caf5 => generated 258 bytes in 14 msecs (HTTP/1.1 200) 8 headers in 296 bytes (1 switches on core 0)
2026-06-02 08:08:30.131 8 INFO placement.requestlog [req-b8073121-4bda-47b5-a7dc-491d4e4569d1 req-a8933cd9-7d66-4ba7-a699-892d8f34d602 eaf6f24a39364149a0b7704ed33ef2eb e39849b2188344d39b68908c31f92679 - - e143ad1e9d8f41cdbea10cdf537183d4 e143ad1e9d8f41cdbea10cdf537183d4] 199.19.213.156 "GET /allocations/05346474-1095-4053-b170-0bff2dcad5c2" status: 200 len: 258 microversion: 1.28 [pid: 8|app: 0|req: 453/903] 199.19.213.156 () {34 vars in 862 bytes} [Tue Jun 2 08:08:30 2026] GET /allocations/05346474-1095-4053-b170-0bff2dcad5c2 => generated 258 bytes in 16 msecs (HTTP/1.1 200) 8 headers in 296 bytes (1 switches on core 0)
2026-06-02 08:08:30.154 7 INFO placement.requestlog [req-b8073121-4bda-47b5-a7dc-491d4e4569d1 req-7fd09abc-afdc-42af-8e03-faa25c70f9b4 eaf6f24a39364149a0b7704ed33ef2eb e39849b2188344d39b68908c31f92679 - - e143ad1e9d8f41cdbea10cdf537183d4 e143ad1e9d8f41cdbea10cdf537183d4] 199.19.213.156 "GET /allocations/938f2572-1013-4cb6-bcc3-8c0687a2f7f5" status: 200 len: 258 microversion: 1.28 [pid: 7|app: 0|req: 451/904] 199.19.213.156 () {34 vars in 862 bytes} [Tue Jun 2 08:08:30 2026] GET /allocations/938f2572-1013-4cb6-bcc3-8c0687a2f7f5 => generated 258 bytes in 18 msecs (HTTP/1.1 200) 8 headers in 296 bytes (1 switches on core 0)
2026-06-02 08:08:30.546 8 INFO placement.requestlog [req-45437238-eea2-4a09-b4b3-834e9d96ee2f req-89bc6d8d-c863-4e58-9f8e-0e3dc2da03ac eaf6f24a39364149a0b7704ed33ef2eb e39849b2188344d39b68908c31f92679 - - e143ad1e9d8f41cdbea10cdf537183d4 e143ad1e9d8f41cdbea10cdf537183d4] 10.0.0.204 "GET /allocation_candidates?limit=1000&resources=DISK_GB%3A1%2CMEMORY_MB%3A512%2CVCPU%3A1&root_required=%21COMPUTE_STATUS_DISABLED" status: 200 len: 2643 microversion: 1.36 [pid: 8|app: 0|req: 454/905] 10.0.0.204 () {34 vars in 1011 bytes} [Tue Jun 2 08:08:30 2026] GET /allocation_candidates?limit=1000&resources=DISK_GB%3A1%2CMEMORY_MB%3A512%2CVCPU%3A1&root_required=%21COMPUTE_STATUS_DISABLED => generated 2643 bytes in 53 msecs (HTTP/1.1 200) 8 headers in 297 bytes (1 switches on core 0)
2026-06-02 08:08:30.576 7 INFO placement.requestlog [req-45437238-eea2-4a09-b4b3-834e9d96ee2f req-1e7c299b-d996-4235-a604-83d7b8cc15d2 eaf6f24a39364149a0b7704ed33ef2eb e39849b2188344d39b68908c31f92679 - - e143ad1e9d8f41cdbea10cdf537183d4 e143ad1e9d8f41cdbea10cdf537183d4] 10.0.0.204 "GET /allocations/39818dc1-298b-41c7-8459-9dfe3db98a4a" status: 200 len: 19 microversion: 1.28 [pid: 7|app: 0|req: 452/906] 10.0.0.204 () {34 vars in 860 bytes} [Tue Jun 2 08:08:30 2026] GET /allocations/39818dc1-298b-41c7-8459-9dfe3db98a4a => generated 19 bytes in 11 msecs (HTTP/1.1 200) 8 headers in 295 bytes (1 switches on core 0)
2026-06-02 08:08:30.634 8 INFO placement.requestlog [req-45437238-eea2-4a09-b4b3-834e9d96ee2f req-4f86de58-698a-4d21-801f-cf66ae5ee10d eaf6f24a39364149a0b7704ed33ef2eb e39849b2188344d39b68908c31f92679 - - e143ad1e9d8f41cdbea10cdf537183d4 e143ad1e9d8f41cdbea10cdf537183d4] 10.0.0.204 "PUT /allocations/39818dc1-298b-41c7-8459-9dfe3db98a4a" status: 204 len: 0 microversion: 1.36 [pid: 8|app: 0|req: 455/907] 10.0.0.204 () {38 vars in 913 bytes} [Tue Jun 2 08:08:30 2026] PUT /allocations/39818dc1-298b-41c7-8459-9dfe3db98a4a => generated 0 bytes in 53 msecs (HTTP/1.1 204) 5 headers in 199 bytes (1 switches on core 0)
2026-06-02 08:08:32.129 7 INFO placement.requestlog [None req-18fd3ea3-0a0c-407d-ab94-0dce6081326b 0971ad32d9384eac9ea5e30823dc46e1 e39849b2188344d39b68908c31f92679 - - e143ad1e9d8f41cdbea10cdf537183d4 e143ad1e9d8f41cdbea10cdf537183d4] 10.0.0.51 "GET /resource_providers/948c0971-df20-459e-8240-da01655f04a7/aggregates" status: 404 len: 235 microversion: 1.1 [pid: 7|app: 0|req: 453/908] 10.0.0.51 () {32 vars in 814 bytes} [Tue Jun 2 08:08:32 2026] GET /resource_providers/948c0971-df20-459e-8240-da01655f04a7/aggregates => generated 235 bytes in 9 msecs (HTTP/1.1 404) 5 headers in 202 bytes (1 switches on core 0)
2026-06-02 08:08:32.135 8 INFO placement.requestlog [None req-551bcae5-bdbf-44dd-b087-b2e4bca3640b 0971ad32d9384eac9ea5e30823dc46e1 e39849b2188344d39b68908c31f92679 - - e143ad1e9d8f41cdbea10cdf537183d4 e143ad1e9d8f41cdbea10cdf537183d4] 10.0.0.51 "GET /resource_providers/948c0971-df20-459e-8240-da01655f04a7/aggregates" status: 404 len: 235 microversion: 1.1 [pid: 8|app: 0|req: 456/909] 10.0.0.51 () {32 vars in 814 bytes} [Tue Jun 2 08:08:32 2026] GET /resource_providers/948c0971-df20-459e-8240-da01655f04a7/aggregates => generated 235 bytes in 15 msecs (HTTP/1.1 404) 5 headers in 202 bytes (1 switches on core 0)
2026-06-02 08:08:32.137 7 INFO placement.requestlog [req-45437238-eea2-4a09-b4b3-834e9d96ee2f req-e9af9f44-b700-4be0-bb1c-6a3b02b75d52 eaf6f24a39364149a0b7704ed33ef2eb e39849b2188344d39b68908c31f92679 - - e143ad1e9d8f41cdbea10cdf537183d4 e143ad1e9d8f41cdbea10cdf537183d4] 199.19.213.156 "GET /allocations/39818dc1-298b-41c7-8459-9dfe3db98a4a" status: 200 len: 258 microversion: 1.28 [pid: 7|app: 0|req: 454/910] 199.19.213.156 () {34 vars in 862 bytes} [Tue Jun 2 08:08:32 2026] GET /allocations/39818dc1-298b-41c7-8459-9dfe3db98a4a => generated 258 bytes in 8 msecs (HTTP/1.1 200) 8 headers in 296 bytes (1 switches on core 0)
2026-06-02 08:08:32.148 8 INFO placement.requestlog [None req-bfbd8b8e-06d7-4c84-8810-24f15c94cfea 0971ad32d9384eac9ea5e30823dc46e1 e39849b2188344d39b68908c31f92679 - - e143ad1e9d8f41cdbea10cdf537183d4 e143ad1e9d8f41cdbea10cdf537183d4] 10.0.0.51 "DELETE /resource_providers/948c0971-df20-459e-8240-da01655f04a7" status: 404 len: 246 microversion: 1.1 [pid: 8|app: 0|req: 457/911] 10.0.0.51 () {34 vars in 814 bytes} [Tue Jun 2 08:08:32 2026] DELETE /resource_providers/948c0971-df20-459e-8240-da01655f04a7 => generated 246 bytes in 9 msecs (HTTP/1.1 404) 6 headers in 231 bytes (1 switches on core 0)
2026-06-02 08:08:32.149 7 INFO placement.requestlog [None req-91c2d17d-90c3-4de6-ba18-753421fc6e7e 0971ad32d9384eac9ea5e30823dc46e1 e39849b2188344d39b68908c31f92679 - - e143ad1e9d8f41cdbea10cdf537183d4 e143ad1e9d8f41cdbea10cdf537183d4] 10.0.0.51 "DELETE /resource_providers/948c0971-df20-459e-8240-da01655f04a7" status: 404 len: 246 microversion: 1.1 [pid: 7|app: 0|req: 455/912] 10.0.0.51 () {34 vars in 814 bytes} [Tue Jun 2 08:08:32 2026] DELETE /resource_providers/948c0971-df20-459e-8240-da01655f04a7 => generated 246 bytes in 7 msecs (HTTP/1.1 404) 6 headers in 231 bytes (1 switches on core 0)
2026-06-02 08:08:33.183 8 INFO placement.requestlog [req-45437238-eea2-4a09-b4b3-834e9d96ee2f req-728cdb82-1556-4227-ac92-b8b3ebbc225d eaf6f24a39364149a0b7704ed33ef2eb e39849b2188344d39b68908c31f92679 - - e143ad1e9d8f41cdbea10cdf537183d4 e143ad1e9d8f41cdbea10cdf537183d4] 199.19.213.156 "GET /resource_providers/964a9441-4c46-4503-adf7-d23835fd0c0c/allocations" status: 200 len: 553 microversion: 1.0 [pid: 8|app: 0|req: 458/913] 199.19.213.156 () {32 vars in 856 bytes} [Tue Jun 2 08:08:33 2026] GET /resource_providers/964a9441-4c46-4503-adf7-d23835fd0c0c/allocations => generated 553 bytes in 18 msecs (HTTP/1.1 200) 6 headers in 224 bytes (1 switches on core 0)
2026-06-02 08:08:33.205 7 INFO placement.requestlog [req-45437238-eea2-4a09-b4b3-834e9d96ee2f req-38cb9f4c-7e97-44b2-bf0d-c169fdfa3939 eaf6f24a39364149a0b7704ed33ef2eb e39849b2188344d39b68908c31f92679 - - e143ad1e9d8f41cdbea10cdf537183d4 e143ad1e9d8f41cdbea10cdf537183d4] 199.19.213.156 "GET /allocations/054eff5c-a678-44e3-9b7a-de71c8c7d441" status: 200 len: 258 microversion: 1.28 [pid: 7|app: 0|req: 456/914] 199.19.213.156 () {34 vars in 862 bytes} [Tue Jun 2 08:08:33 2026] GET /allocations/054eff5c-a678-44e3-9b7a-de71c8c7d441 => generated 258 bytes in 15 msecs (HTTP/1.1 200) 8 headers in 296 bytes (1 switches on core 0)
2026-06-02 08:08:33.222 8 INFO placement.requestlog [req-45437238-eea2-4a09-b4b3-834e9d96ee2f req-f941b832-e94e-4333-83dc-e401e52a0c73 eaf6f24a39364149a0b7704ed33ef2eb e39849b2188344d39b68908c31f92679 - - e143ad1e9d8f41cdbea10cdf537183d4 e143ad1e9d8f41cdbea10cdf537183d4] 199.19.213.156 "GET /allocations/938f2572-1013-4cb6-bcc3-8c0687a2f7f5" status: 200 len: 258 microversion: 1.28 [pid: 8|app: 0|req: 459/915] 199.19.213.156 () {34 vars in 862 bytes} [Tue Jun 2 08:08:33 2026] GET /allocations/938f2572-1013-4cb6-bcc3-8c0687a2f7f5 => generated 258 bytes in 11 msecs (HTTP/1.1 200) 8 headers in 296 bytes (1 switches on core 0)
2026-06-02 08:08:33.240 7 INFO placement.requestlog [req-45437238-eea2-4a09-b4b3-834e9d96ee2f req-013381a7-2b90-4caa-a5fd-77bd0cf40ee9 eaf6f24a39364149a0b7704ed33ef2eb e39849b2188344d39b68908c31f92679 - - e143ad1e9d8f41cdbea10cdf537183d4 e143ad1e9d8f41cdbea10cdf537183d4] 199.19.213.156 "GET /allocations/39818dc1-298b-41c7-8459-9dfe3db98a4a" status: 200 len: 258 microversion: 1.28 [pid: 7|app: 0|req: 457/916] 199.19.213.156 () {34 vars in 862 bytes} [Tue Jun 2 08:08:33 2026] GET /allocations/39818dc1-298b-41c7-8459-9dfe3db98a4a => generated 258 bytes in 13 msecs (HTTP/1.1 200) 8 headers in 296 bytes (1 switches on core 0)
2026-06-02 08:08:33.260 8 INFO placement.requestlog [req-45437238-eea2-4a09-b4b3-834e9d96ee2f req-f8c9c478-b8b1-4893-8024-6bf7600ed4a4 eaf6f24a39364149a0b7704ed33ef2eb e39849b2188344d39b68908c31f92679 - - e143ad1e9d8f41cdbea10cdf537183d4 e143ad1e9d8f41cdbea10cdf537183d4] 199.19.213.156 "GET /allocations/6270efcd-b2eb-44f5-aa91-55c814c5caf5" status: 200 len: 258 microversion: 1.28 [pid: 8|app: 0|req: 460/917] 199.19.213.156 () {34 vars in 862 bytes} [Tue Jun 2 08:08:33 2026] GET /allocations/6270efcd-b2eb-44f5-aa91-55c814c5caf5 => generated 258 bytes in 14 msecs (HTTP/1.1 200) 8 headers in 296 bytes (1 switches on core 0)
2026-06-02 08:08:33.279 7 INFO placement.requestlog [req-45437238-eea2-4a09-b4b3-834e9d96ee2f req-b391501a-ad55-41a3-8b37-d790ea1ca728 eaf6f24a39364149a0b7704ed33ef2eb e39849b2188344d39b68908c31f92679 - - e143ad1e9d8f41cdbea10cdf537183d4 e143ad1e9d8f41cdbea10cdf537183d4] 199.19.213.156 "GET /allocations/05346474-1095-4053-b170-0bff2dcad5c2" status: 200 len: 258 microversion: 1.28 [pid: 7|app: 0|req: 458/918] 199.19.213.156 () {34 vars in 862 bytes} [Tue Jun 2 08:08:33 2026] GET /allocations/05346474-1095-4053-b170-0bff2dcad5c2 => generated 258 bytes in 11 msecs (HTTP/1.1 200) 8 headers in 296 bytes (1 switches on core 0)
2026-06-02 08:08:36.600 8 INFO placement.requestlog [None req-ce7e7d06-6aad-40af-ac62-ce082f68e75e - - - - - -] 10.0.0.97 "GET /" status: 200 len: 136 microversion: 1.0
2026-06-02 08:08:36.600 7 INFO placement.requestlog [None req-edd2137d-fbb2-4e27-82cc-17fe7b97adc2 - - - - - -] 10.0.0.97 "GET /" status: 200 len: 136 microversion: 1.0
2026-06-02 08:08:39.162 8 INFO placement.requestlog [None req-7d6b11b9-a9d9-4ccc-b946-2037e2c56917 0971ad32d9384eac9ea5e30823dc46e1 e39849b2188344d39b68908c31f92679 - - e143ad1e9d8f41cdbea10cdf537183d4 e143ad1e9d8f41cdbea10cdf537183d4] 10.0.0.51 "GET /resource_providers/a03c7753-5c6d-437c-bd7d-8434226bb9de/aggregates" status: 404 len: 235 microversion: 1.1 [pid: 8|app: 0|req: 462/921] 10.0.0.51 () {32 vars in 814 bytes} [Tue Jun 2 08:08:39 2026] GET /resource_providers/a03c7753-5c6d-437c-bd7d-8434226bb9de/aggregates => generated 235 bytes in 11 msecs (HTTP/1.1 404) 5 headers in 202 bytes (1 switches on core 0)
2026-06-02 08:08:39.163 7 INFO placement.requestlog [None req-89cbfbf6-06e6-4d94-9cea-ae93626190c5 0971ad32d9384eac9ea5e30823dc46e1 e39849b2188344d39b68908c31f92679 - - e143ad1e9d8f41cdbea10cdf537183d4 e143ad1e9d8f41cdbea10cdf537183d4] 10.0.0.51 "GET /resource_providers/a03c7753-5c6d-437c-bd7d-8434226bb9de/aggregates" status: 404 len: 235 microversion: 1.1 [pid: 7|app: 0|req: 460/922] 10.0.0.51 () {32 vars in 814 bytes} [Tue Jun 2 08:08:39 2026] GET /resource_providers/a03c7753-5c6d-437c-bd7d-8434226bb9de/aggregates => generated 235 bytes in 11 msecs (HTTP/1.1 404) 5 headers in 202 bytes (1 switches on core 0)
2026-06-02 08:08:39.182 7 INFO placement.requestlog [None req-2ba27503-9254-401b-aab0-833cdb4a04f7 0971ad32d9384eac9ea5e30823dc46e1 e39849b2188344d39b68908c31f92679 - - e143ad1e9d8f41cdbea10cdf537183d4 e143ad1e9d8f41cdbea10cdf537183d4] 10.0.0.51 "DELETE /resource_providers/a03c7753-5c6d-437c-bd7d-8434226bb9de" status: 404 len: 246 microversion: 1.1 [pid: 7|app: 0|req: 461/923] 10.0.0.51 () {34 vars in 814 bytes} [Tue Jun 2 08:08:39 2026] DELETE /resource_providers/a03c7753-5c6d-437c-bd7d-8434226bb9de => generated 246 bytes in 9 msecs (HTTP/1.1 404) 6 headers in 231 bytes (1 switches on core 0)
2026-06-02 08:08:39.186 8 INFO placement.requestlog [None req-fd6fc048-ae95-49cf-bb58-c4c2facbff3a 0971ad32d9384eac9ea5e30823dc46e1 e39849b2188344d39b68908c31f92679 - - e143ad1e9d8f41cdbea10cdf537183d4 e143ad1e9d8f41cdbea10cdf537183d4] 10.0.0.51 "DELETE /resource_providers/a03c7753-5c6d-437c-bd7d-8434226bb9de" status: 404 len: 246 microversion: 1.1 [pid: 8|app: 0|req: 463/924] 10.0.0.51 () {34 vars in 814 bytes} [Tue Jun 2 08:08:39 2026] DELETE /resource_providers/a03c7753-5c6d-437c-bd7d-8434226bb9de => generated 246 bytes in 15 msecs (HTTP/1.1 404) 6 headers in 231 bytes (1 switches on core 0)
2026-06-02 08:08:41.204 7 INFO placement.requestlog [None req-2bcabbbf-db3e-4140-a7bd-5fb7cb1440b1 0971ad32d9384eac9ea5e30823dc46e1 e39849b2188344d39b68908c31f92679 - - e143ad1e9d8f41cdbea10cdf537183d4 e143ad1e9d8f41cdbea10cdf537183d4] 10.0.0.51 "GET /resource_providers/c715583c-4ba2-4081-b2ca-75125d8004d2/aggregates" status: 404 len: 235 microversion: 1.1 [pid: 7|app: 0|req: 462/925] 10.0.0.51 () {32 vars in 814 bytes} [Tue Jun 2 08:08:41 2026] GET /resource_providers/c715583c-4ba2-4081-b2ca-75125d8004d2/aggregates => generated 235 bytes in 13 msecs (HTTP/1.1 404) 5 headers in 202 bytes (1 switches on core 0)
2026-06-02 08:08:41.218 8 INFO placement.requestlog [None req-9eaec502-fc39-448c-8621-6ef90db8adf9 0971ad32d9384eac9ea5e30823dc46e1 e39849b2188344d39b68908c31f92679 - - e143ad1e9d8f41cdbea10cdf537183d4 e143ad1e9d8f41cdbea10cdf537183d4] 10.0.0.51 "GET /resource_providers/c715583c-4ba2-4081-b2ca-75125d8004d2/aggregates" status: 404 len: 235 microversion: 1.1 [pid: 8|app: 0|req: 464/926] 10.0.0.51 () {32 vars in 814 bytes} [Tue Jun 2 08:08:41 2026] GET /resource_providers/c715583c-4ba2-4081-b2ca-75125d8004d2/aggregates => generated 235 bytes in 14 msecs (HTTP/1.1 404) 5 headers in 202 bytes (1 switches on core 0)
2026-06-02 08:08:41.234 8 INFO placement.requestlog [None req-cc77fb49-b9f0-484b-b5f7-d7ef92b6d707 0971ad32d9384eac9ea5e30823dc46e1 e39849b2188344d39b68908c31f92679 - - e143ad1e9d8f41cdbea10cdf537183d4 e143ad1e9d8f41cdbea10cdf537183d4] 10.0.0.51 "DELETE /resource_providers/c715583c-4ba2-4081-b2ca-75125d8004d2" status: 404 len: 246 microversion: 1.1 [pid: 8|app: 0|req: 465/927] 10.0.0.51 () {34 vars in 814 bytes} [Tue Jun 2 08:08:41 2026] DELETE /resource_providers/c715583c-4ba2-4081-b2ca-75125d8004d2 => generated 246 bytes in 6 msecs (HTTP/1.1 404) 6 headers in 231 bytes (1 switches on core 0)
2026-06-02 08:08:41.257 7 INFO placement.requestlog [None req-f267eb19-34dc-4a65-b5a6-828a4e05755b 0971ad32d9384eac9ea5e30823dc46e1 e39849b2188344d39b68908c31f92679 - - e143ad1e9d8f41cdbea10cdf537183d4 e143ad1e9d8f41cdbea10cdf537183d4] 10.0.0.51 "DELETE /resource_providers/c715583c-4ba2-4081-b2ca-75125d8004d2" status: 404 len: 246 microversion: 1.1 [pid: 7|app: 0|req: 463/928] 10.0.0.51 () {34 vars in 814 bytes} [Tue Jun 2 08:08:41 2026] DELETE /resource_providers/c715583c-4ba2-4081-b2ca-75125d8004d2 => generated 246 bytes in 32 msecs (HTTP/1.1 404) 6 headers in 231 bytes (1 switches on core 0)
2026-06-02 08:08:44.635 7 INFO placement.requestlog [None req-e91706d2-4c6e-42bf-8d4b-766c71185970 0971ad32d9384eac9ea5e30823dc46e1 e39849b2188344d39b68908c31f92679 - - e143ad1e9d8f41cdbea10cdf537183d4 e143ad1e9d8f41cdbea10cdf537183d4] 10.0.0.51 "GET /resource_providers/31723230-dd02-4ddd-afb8-bcd664d86d11/aggregates" status: 404 len: 235 microversion: 1.1 [pid: 7|app: 0|req: 464/929] 10.0.0.51 () {32 vars in 814 bytes} [Tue Jun 2 08:08:44 2026] GET /resource_providers/31723230-dd02-4ddd-afb8-bcd664d86d11/aggregates => generated 235 bytes in 11 msecs (HTTP/1.1 404) 5 headers in 202 bytes (1 switches on core 0)
2026-06-02 08:08:44.644 8 INFO placement.requestlog [None req-dd6db3b9-e36d-4ac2-8a91-8504fda29fc4 0971ad32d9384eac9ea5e30823dc46e1 e39849b2188344d39b68908c31f92679 - - e143ad1e9d8f41cdbea10cdf537183d4 e143ad1e9d8f41cdbea10cdf537183d4] 10.0.0.51 "GET /resource_providers/31723230-dd02-4ddd-afb8-bcd664d86d11/aggregates" status: 404 len: 235 microversion: 1.1 [pid: 8|app: 0|req: 466/930] 10.0.0.51 () {32 vars in 814 bytes} [Tue Jun 2 08:08:44 2026] GET /resource_providers/31723230-dd02-4ddd-afb8-bcd664d86d11/aggregates => generated 235 bytes in 20 msecs (HTTP/1.1 404) 5 headers in 202 bytes (1 switches on core 0)
2026-06-02 08:08:44.655 7 INFO placement.requestlog [None req-834c2c20-4325-4069-8b83-4cefffbc212f 0971ad32d9384eac9ea5e30823dc46e1 e39849b2188344d39b68908c31f92679 - - e143ad1e9d8f41cdbea10cdf537183d4 e143ad1e9d8f41cdbea10cdf537183d4] 10.0.0.51 "DELETE /resource_providers/31723230-dd02-4ddd-afb8-bcd664d86d11" status: 404 len: 246 microversion: 1.1
2026-06-02 08:08:44.656 8 INFO placement.requestlog [None req-5dbcb5f7-3dff-4dc3-a60b-e74d33559652 0971ad32d9384eac9ea5e30823dc46e1 e39849b2188344d39b68908c31f92679 - - e143ad1e9d8f41cdbea10cdf537183d4 e143ad1e9d8f41cdbea10cdf537183d4] 10.0.0.51 "DELETE /resource_providers/31723230-dd02-4ddd-afb8-bcd664d86d11" status: 404 len: 246 microversion: 1.1 [pid: 8|app: 0|req: 467/931] 10.0.0.51 () {34 vars in 814 bytes} [Tue Jun 2 08:08:44 2026] DELETE /resource_providers/31723230-dd02-4ddd-afb8-bcd664d86d11 => generated 246 bytes in 6 msecs (HTTP/1.1 404) 6 headers in 231 bytes (1 switches on core 0) [pid: 7|app: 0|req: 465/932] 10.0.0.51 () {34 vars in 814 bytes} [Tue Jun 2 08:08:44 2026] DELETE /resource_providers/31723230-dd02-4ddd-afb8-bcd664d86d11 => generated 246 bytes in 11 msecs (HTTP/1.1 404) 6 headers in 231 bytes (1 switches on core 0)
2026-06-02 08:08:46.601 7 INFO placement.requestlog [None req-80116d9a-a024-4f03-ab50-fabaa24125dc - - - - - -] 10.0.0.97 "GET /" status: 200 len: 136 microversion: 1.0
2026-06-02 08:08:46.601 8 INFO placement.requestlog [None req-61e3fdbb-1c3c-4a7b-ac8f-e7eba3a213f5 - - - - - -] 10.0.0.97 "GET /" status: 200 len: 136 microversion: 1.0
2026-06-02 08:08:55.521 7 INFO placement.requestlog [None req-06b8ef88-fc1c-4f85-a19e-bd0edcaba0eb 0971ad32d9384eac9ea5e30823dc46e1 e39849b2188344d39b68908c31f92679 - - e143ad1e9d8f41cdbea10cdf537183d4 e143ad1e9d8f41cdbea10cdf537183d4] 10.0.0.51 "GET /resource_providers/94428f35-da87-49cb-9415-a0bdb8e41c0c/aggregates" status: 404 len: 235 microversion: 1.1 [pid: 7|app: 0|req: 467/935] 10.0.0.51 () {32 vars in 814 bytes} [Tue Jun 2 08:08:55 2026] GET /resource_providers/94428f35-da87-49cb-9415-a0bdb8e41c0c/aggregates => generated 235 bytes in 11 msecs (HTTP/1.1 404) 5 headers in 202 bytes (1 switches on core 0)
2026-06-02 08:08:55.528 8 INFO placement.requestlog [None req-5ff72b23-2ccd-4773-aea2-84f6d094832b 0971ad32d9384eac9ea5e30823dc46e1 e39849b2188344d39b68908c31f92679 - - e143ad1e9d8f41cdbea10cdf537183d4 e143ad1e9d8f41cdbea10cdf537183d4] 10.0.0.51 "GET /resource_providers/94428f35-da87-49cb-9415-a0bdb8e41c0c/aggregates" status: 404 len: 235 microversion: 1.1 [pid: 8|app: 0|req: 469/936] 10.0.0.51 () {32 vars in 814 bytes} [Tue Jun 2 08:08:55 2026] GET /resource_providers/94428f35-da87-49cb-9415-a0bdb8e41c0c/aggregates => generated 235 bytes in 13 msecs (HTTP/1.1 404) 5 headers in 202 bytes (1 switches on core 0)
2026-06-02 08:08:55.537 7 INFO placement.requestlog [None req-bd9dbffd-bce4-4c89-8802-8dfd85e44ad5 0971ad32d9384eac9ea5e30823dc46e1 e39849b2188344d39b68908c31f92679 - - e143ad1e9d8f41cdbea10cdf537183d4 e143ad1e9d8f41cdbea10cdf537183d4] 10.0.0.51 "DELETE /resource_providers/94428f35-da87-49cb-9415-a0bdb8e41c0c" status: 404 len: 246 microversion: 1.1 [pid: 7|app: 0|req: 468/937] 10.0.0.51 () {34 vars in 814 bytes} [Tue Jun 2 08:08:55 2026] DELETE /resource_providers/94428f35-da87-49cb-9415-a0bdb8e41c0c => generated 246 bytes in 6 msecs (HTTP/1.1 404) 6 headers in 231 bytes (1 switches on core 0)
2026-06-02 08:08:55.555 8 INFO placement.requestlog [None req-b3b6540e-2216-4885-a505-c6d275a1569f 0971ad32d9384eac9ea5e30823dc46e1 e39849b2188344d39b68908c31f92679 - - e143ad1e9d8f41cdbea10cdf537183d4 e143ad1e9d8f41cdbea10cdf537183d4] 10.0.0.51 "DELETE /resource_providers/94428f35-da87-49cb-9415-a0bdb8e41c0c" status: 404 len: 246 microversion: 1.1 [pid: 8|app: 0|req: 470/938] 10.0.0.51 () {34 vars in 814 bytes} [Tue Jun 2 08:08:55 2026] DELETE /resource_providers/94428f35-da87-49cb-9415-a0bdb8e41c0c => generated 246 bytes in 18 msecs (HTTP/1.1 404) 6 headers in 231 bytes (1 switches on core 0)
2026-06-02 08:08:56.600 7 INFO placement.requestlog [None req-a2e91f1a-a005-4005-91f0-07e0a52e8d2f - - - - - -] 10.0.0.97 "GET /" status: 200 len: 136 microversion: 1.0
2026-06-02 08:08:56.600 8 INFO placement.requestlog [None req-17402581-9d5b-459f-8b06-edab2db24b19 - - - - - -] 10.0.0.97 "GET /" status: 200 len: 136 microversion: 1.0
