2026-06-02 08:08:57.214 8 INFO placement.requestlog [None req-9583cd1f-2dc0-46de-8767-5e511f686998 0971ad32d9384eac9ea5e30823dc46e1 e39849b2188344d39b68908c31f92679 - - e143ad1e9d8f41cdbea10cdf537183d4 e143ad1e9d8f41cdbea10cdf537183d4] 10.0.0.51 "GET /resource_providers/ead6a675-9bd6-4134-be5b-8f8066d53c21/aggregates" status: 404 len: 235 microversion: 1.1 [pid: 8|app: 0|req: 472/941] 10.0.0.51 () {32 vars in 814 bytes} [Tue Jun 2 08:08:57 2026] GET /resource_providers/ead6a675-9bd6-4134-be5b-8f8066d53c21/aggregates => generated 235 bytes in 16 msecs (HTTP/1.1 404) 5 headers in 202 bytes (1 switches on core 0)
2026-06-02 08:08:57.217 7 INFO placement.requestlog [None req-03e5db96-fcfb-4df9-b07e-cc27bd6b1637 0971ad32d9384eac9ea5e30823dc46e1 e39849b2188344d39b68908c31f92679 - - e143ad1e9d8f41cdbea10cdf537183d4 e143ad1e9d8f41cdbea10cdf537183d4] 10.0.0.51 "GET /resource_providers/ead6a675-9bd6-4134-be5b-8f8066d53c21/aggregates" status: 404 len: 235 microversion: 1.1 [pid: 7|app: 0|req: 470/942] 10.0.0.51 () {32 vars in 814 bytes} [Tue Jun 2 08:08:57 2026] GET /resource_providers/ead6a675-9bd6-4134-be5b-8f8066d53c21/aggregates => generated 235 bytes in 12 msecs (HTTP/1.1 404) 5 headers in 202 bytes (1 switches on core 0)
2026-06-02 08:08:57.235 8 INFO placement.requestlog [None req-00a3445c-fec9-4463-9cab-00b67867f175 0971ad32d9384eac9ea5e30823dc46e1 e39849b2188344d39b68908c31f92679 - - e143ad1e9d8f41cdbea10cdf537183d4 e143ad1e9d8f41cdbea10cdf537183d4] 10.0.0.51 "DELETE /resource_providers/ead6a675-9bd6-4134-be5b-8f8066d53c21" status: 404 len: 246 microversion: 1.1
2026-06-02 08:08:57.237 7 INFO placement.requestlog [None req-2dd4ac3d-fd92-4e8f-99b5-3ab17f9a3ab1 0971ad32d9384eac9ea5e30823dc46e1 e39849b2188344d39b68908c31f92679 - - e143ad1e9d8f41cdbea10cdf537183d4 e143ad1e9d8f41cdbea10cdf537183d4] 10.0.0.51 "DELETE /resource_providers/ead6a675-9bd6-4134-be5b-8f8066d53c21" status: 404 len: 246 microversion: 1.1 [pid: 7|app: 0|req: 471/944] 10.0.0.51 () {34 vars in 814 bytes} [Tue Jun 2 08:08:57 2026] DELETE /resource_providers/ead6a675-9bd6-4134-be5b-8f8066d53c21 => generated 246 bytes in 8 msecs (HTTP/1.1 404) 6 headers in 231 bytes (1 switches on core 0) [pid: 8|app: 0|req: 473/944] 10.0.0.51 () {34 vars in 814 bytes} [Tue Jun 2 08:08:57 2026] DELETE /resource_providers/ead6a675-9bd6-4134-be5b-8f8066d53c21 => generated 246 bytes in 16 msecs (HTTP/1.1 404) 6 headers in 231 bytes (1 switches on core 0)
2026-06-02 08:08:57.558 7 INFO placement.requestlog [None req-dcbe2b5d-5509-4ce2-bf29-0b28375ad710 0971ad32d9384eac9ea5e30823dc46e1 e39849b2188344d39b68908c31f92679 - - e143ad1e9d8f41cdbea10cdf537183d4 e143ad1e9d8f41cdbea10cdf537183d4] 10.0.0.51 "GET /resource_providers/002b7b2a-2486-42a4-8f6d-67c4cdff505a/aggregates" status: 404 len: 235 microversion: 1.1 [pid: 7|app: 0|req: 472/945] 10.0.0.51 () {32 vars in 814 bytes} [Tue Jun 2 08:08:57 2026] GET /resource_providers/002b7b2a-2486-42a4-8f6d-67c4cdff505a/aggregates => generated 235 bytes in 11 msecs (HTTP/1.1 404) 5 headers in 202 bytes (1 switches on core 0)
2026-06-02 08:08:57.585 8 INFO placement.requestlog [None req-7d1c7d2a-1280-47de-9d87-9bf3e7f1ef30 0971ad32d9384eac9ea5e30823dc46e1 e39849b2188344d39b68908c31f92679 - - e143ad1e9d8f41cdbea10cdf537183d4 e143ad1e9d8f41cdbea10cdf537183d4] 10.0.0.51 "GET /resource_providers/002b7b2a-2486-42a4-8f6d-67c4cdff505a/aggregates" status: 404 len: 235 microversion: 1.1 [pid: 8|app: 0|req: 474/946] 10.0.0.51 () {32 vars in 814 bytes} [Tue Jun 2 08:08:57 2026] GET /resource_providers/002b7b2a-2486-42a4-8f6d-67c4cdff505a/aggregates => generated 235 bytes in 6 msecs (HTTP/1.1 404) 5 headers in 202 bytes (1 switches on core 0)
2026-06-02 08:08:57.589 7 INFO placement.requestlog [None req-e1b1c7c8-41ba-43af-9041-2dc87fa5ac5b 0971ad32d9384eac9ea5e30823dc46e1 e39849b2188344d39b68908c31f92679 - - e143ad1e9d8f41cdbea10cdf537183d4 e143ad1e9d8f41cdbea10cdf537183d4] 10.0.0.51 "DELETE /resource_providers/002b7b2a-2486-42a4-8f6d-67c4cdff505a" status: 404 len: 246 microversion: 1.1 [pid: 7|app: 0|req: 473/947] 10.0.0.51 () {34 vars in 814 bytes} [Tue Jun 2 08:08:57 2026] DELETE /resource_providers/002b7b2a-2486-42a4-8f6d-67c4cdff505a => generated 246 bytes in 10 msecs (HTTP/1.1 404) 6 headers in 231 bytes (1 switches on core 0)
2026-06-02 08:08:57.608 8 INFO placement.requestlog [None req-9c8a2c25-9ae4-449e-b5ff-5ab5db71d2da 0971ad32d9384eac9ea5e30823dc46e1 e39849b2188344d39b68908c31f92679 - - e143ad1e9d8f41cdbea10cdf537183d4 e143ad1e9d8f41cdbea10cdf537183d4] 10.0.0.51 "DELETE /resource_providers/002b7b2a-2486-42a4-8f6d-67c4cdff505a" status: 404 len: 246 microversion: 1.1 [pid: 8|app: 0|req: 475/948] 10.0.0.51 () {34 vars in 814 bytes} [Tue Jun 2 08:08:57 2026] DELETE /resource_providers/002b7b2a-2486-42a4-8f6d-67c4cdff505a => generated 246 bytes in 8 msecs (HTTP/1.1 404) 6 headers in 231 bytes (1 switches on core 0)
2026-06-02 08:08:57.632 7 INFO placement.requestlog [None req-f58997db-e409-4968-a9f9-948eda9d3150 0971ad32d9384eac9ea5e30823dc46e1 e39849b2188344d39b68908c31f92679 - - e143ad1e9d8f41cdbea10cdf537183d4 e143ad1e9d8f41cdbea10cdf537183d4] 10.0.0.51 "GET /resource_providers/a5ef0584-d8e3-4bcc-928b-26596855514d/aggregates" status: 404 len: 235 microversion: 1.1 [pid: 7|app: 0|req: 474/949] 10.0.0.51 () {32 vars in 814 bytes} [Tue Jun 2 08:08:57 2026] GET /resource_providers/a5ef0584-d8e3-4bcc-928b-26596855514d/aggregates => generated 235 bytes in 12 msecs (HTTP/1.1 404) 5 headers in 202 bytes (1 switches on core 0)
2026-06-02 08:08:57.636 8 INFO placement.requestlog [None req-11d09e56-fed6-486c-b904-c037358ed6ab 0971ad32d9384eac9ea5e30823dc46e1 e39849b2188344d39b68908c31f92679 - - e143ad1e9d8f41cdbea10cdf537183d4 e143ad1e9d8f41cdbea10cdf537183d4] 10.0.0.51 "GET /resource_providers/a5ef0584-d8e3-4bcc-928b-26596855514d/aggregates" status: 404 len: 235 microversion: 1.1 [pid: 8|app: 0|req: 476/950] 10.0.0.51 () {32 vars in 814 bytes} [Tue Jun 2 08:08:57 2026] GET /resource_providers/a5ef0584-d8e3-4bcc-928b-26596855514d/aggregates => generated 235 bytes in 13 msecs (HTTP/1.1 404) 5 headers in 202 bytes (1 switches on core 0)
2026-06-02 08:08:57.664 7 INFO placement.requestlog [None req-f3f4cfbf-40e4-4b6e-9eaf-f89699519c25 0971ad32d9384eac9ea5e30823dc46e1 e39849b2188344d39b68908c31f92679 - - e143ad1e9d8f41cdbea10cdf537183d4 e143ad1e9d8f41cdbea10cdf537183d4] 10.0.0.51 "DELETE /resource_providers/a5ef0584-d8e3-4bcc-928b-26596855514d" status: 404 len: 246 microversion: 1.1 [pid: 7|app: 0|req: 475/951] 10.0.0.51 () {34 vars in 814 bytes} [Tue Jun 2 08:08:57 2026] DELETE /resource_providers/a5ef0584-d8e3-4bcc-928b-26596855514d => generated 246 bytes in 10 msecs (HTTP/1.1 404) 6 headers in 231 bytes (1 switches on core 0)
2026-06-02 08:08:57.669 8 INFO placement.requestlog [None req-ace9f0a1-d6f1-476f-9a3d-f21f85e184c0 0971ad32d9384eac9ea5e30823dc46e1 e39849b2188344d39b68908c31f92679 - - e143ad1e9d8f41cdbea10cdf537183d4 e143ad1e9d8f41cdbea10cdf537183d4] 10.0.0.51 "DELETE /resource_providers/a5ef0584-d8e3-4bcc-928b-26596855514d" status: 404 len: 246 microversion: 1.1 [pid: 8|app: 0|req: 477/952] 10.0.0.51 () {34 vars in 814 bytes} [Tue Jun 2 08:08:57 2026] DELETE /resource_providers/a5ef0584-d8e3-4bcc-928b-26596855514d => generated 246 bytes in 12 msecs (HTTP/1.1 404) 6 headers in 231 bytes (1 switches on core 0)
2026-06-02 08:08:57.690 7 INFO placement.requestlog [None req-5bdae67b-ff88-4e9d-8cdf-5c537584c678 0971ad32d9384eac9ea5e30823dc46e1 e39849b2188344d39b68908c31f92679 - - e143ad1e9d8f41cdbea10cdf537183d4 e143ad1e9d8f41cdbea10cdf537183d4] 10.0.0.51 "GET /resource_providers/68946fba-4533-4c82-a566-31a2badfc4f5/aggregates" status: 404 len: 235 microversion: 1.1 [pid: 7|app: 0|req: 476/953] 10.0.0.51 () {32 vars in 814 bytes} [Tue Jun 2 08:08:57 2026] GET /resource_providers/68946fba-4533-4c82-a566-31a2badfc4f5/aggregates => generated 235 bytes in 9 msecs (HTTP/1.1 404) 5 headers in 202 bytes (1 switches on core 0)
2026-06-02 08:08:57.694 8 INFO placement.requestlog [None req-13a788b2-62c3-4a48-9d7a-1d025cb6fdaf 0971ad32d9384eac9ea5e30823dc46e1 e39849b2188344d39b68908c31f92679 - - e143ad1e9d8f41cdbea10cdf537183d4 e143ad1e9d8f41cdbea10cdf537183d4] 10.0.0.51 "GET /resource_providers/68946fba-4533-4c82-a566-31a2badfc4f5/aggregates" status: 404 len: 235 microversion: 1.1 [pid: 8|app: 0|req: 478/954] 10.0.0.51 () {32 vars in 814 bytes} [Tue Jun 2 08:08:57 2026] GET /resource_providers/68946fba-4533-4c82-a566-31a2badfc4f5/aggregates => generated 235 bytes in 13 msecs (HTTP/1.1 404) 5 headers in 202 bytes (1 switches on core 0)
2026-06-02 08:08:57.724 7 INFO placement.requestlog [None req-05275575-aafd-4947-9e45-4faf62378ddd 0971ad32d9384eac9ea5e30823dc46e1 e39849b2188344d39b68908c31f92679 - - e143ad1e9d8f41cdbea10cdf537183d4 e143ad1e9d8f41cdbea10cdf537183d4] 10.0.0.51 "DELETE /resource_providers/68946fba-4533-4c82-a566-31a2badfc4f5" status: 404 len: 246 microversion: 1.1 [pid: 7|app: 0|req: 477/955] 10.0.0.51 () {34 vars in 814 bytes} [Tue Jun 2 08:08:57 2026] DELETE /resource_providers/68946fba-4533-4c82-a566-31a2badfc4f5 => generated 246 bytes in 18 msecs (HTTP/1.1 404) 6 headers in 231 bytes (1 switches on core 0)
2026-06-02 08:08:57.726 8 INFO placement.requestlog [None req-dcbff468-dc92-4415-8492-5efed4dc50e6 0971ad32d9384eac9ea5e30823dc46e1 e39849b2188344d39b68908c31f92679 - - e143ad1e9d8f41cdbea10cdf537183d4 e143ad1e9d8f41cdbea10cdf537183d4] 10.0.0.51 "DELETE /resource_providers/68946fba-4533-4c82-a566-31a2badfc4f5" status: 404 len: 246 microversion: 1.1 [pid: 8|app: 0|req: 479/956] 10.0.0.51 () {34 vars in 814 bytes} [Tue Jun 2 08:08:57 2026] DELETE /resource_providers/68946fba-4533-4c82-a566-31a2badfc4f5 => generated 246 bytes in 14 msecs (HTTP/1.1 404) 6 headers in 231 bytes (1 switches on core 0)
2026-06-02 08:09:00.402 7 INFO placement.requestlog [req-07e8fab4-be80-4d7b-b730-7be61f3fde6b req-7536b3b4-d991-414c-aa3e-7329cc042530 eaf6f24a39364149a0b7704ed33ef2eb e39849b2188344d39b68908c31f92679 - - e143ad1e9d8f41cdbea10cdf537183d4 e143ad1e9d8f41cdbea10cdf537183d4] 199.19.213.156 "GET /resource_providers/964a9441-4c46-4503-adf7-d23835fd0c0c/allocations" status: 200 len: 553 microversion: 1.0 [pid: 7|app: 0|req: 478/957] 199.19.213.156 () {32 vars in 856 bytes} [Tue Jun 2 08:09:00 2026] GET /resource_providers/964a9441-4c46-4503-adf7-d23835fd0c0c/allocations => generated 553 bytes in 192 msecs (HTTP/1.1 200) 6 headers in 224 bytes (1 switches on core 0)
2026-06-02 08:09:00.426 8 INFO placement.requestlog [req-07e8fab4-be80-4d7b-b730-7be61f3fde6b req-dfad7ebc-e703-4cbc-afe3-789aee205ba1 eaf6f24a39364149a0b7704ed33ef2eb e39849b2188344d39b68908c31f92679 - - e143ad1e9d8f41cdbea10cdf537183d4 e143ad1e9d8f41cdbea10cdf537183d4] 199.19.213.156 "GET /resource_providers?in_tree=964a9441-4c46-4503-adf7-d23835fd0c0c" status: 200 len: 798 microversion: 1.14 [pid: 8|app: 0|req: 480/958] 199.19.213.156 () {34 vars in 891 bytes} [Tue Jun 2 08:09:00 2026] GET /resource_providers?in_tree=964a9441-4c46-4503-adf7-d23835fd0c0c => generated 798 bytes in 17 msecs (HTTP/1.1 200) 6 headers in 225 bytes (1 switches on core 0)
2026-06-02 08:09:00.445 7 INFO placement.requestlog [req-07e8fab4-be80-4d7b-b730-7be61f3fde6b req-4e152fb0-3ff5-4b82-a192-769823d17d2b eaf6f24a39364149a0b7704ed33ef2eb e39849b2188344d39b68908c31f92679 - - e143ad1e9d8f41cdbea10cdf537183d4 e143ad1e9d8f41cdbea10cdf537183d4] 199.19.213.156 "GET /resource_providers/964a9441-4c46-4503-adf7-d23835fd0c0c/inventories" status: 200 len: 401 microversion: 1.0 [pid: 7|app: 0|req: 479/959] 199.19.213.156 () {32 vars in 856 bytes} [Tue Jun 2 08:09:00 2026] GET /resource_providers/964a9441-4c46-4503-adf7-d23835fd0c0c/inventories => generated 401 bytes in 13 msecs (HTTP/1.1 200) 6 headers in 224 bytes (1 switches on core 0)
2026-06-02 08:09:00.462 8 INFO placement.requestlog [req-07e8fab4-be80-4d7b-b730-7be61f3fde6b req-d296fa1e-2a82-4baa-8462-bd872c97e5e5 eaf6f24a39364149a0b7704ed33ef2eb e39849b2188344d39b68908c31f92679 - - e143ad1e9d8f41cdbea10cdf537183d4 e143ad1e9d8f41cdbea10cdf537183d4] 199.19.213.156 "GET /resource_providers/964a9441-4c46-4503-adf7-d23835fd0c0c/aggregates" status: 200 len: 54 microversion: 1.19 [pid: 8|app: 0|req: 481/960] 199.19.213.156 () {34 vars in 898 bytes} [Tue Jun 2 08:09:00 2026] GET /resource_providers/964a9441-4c46-4503-adf7-d23835fd0c0c/aggregates => generated 54 bytes in 11 msecs (HTTP/1.1 200) 8 headers in 295 bytes (1 switches on core 0)
2026-06-02 08:09:00.488 7 INFO placement.requestlog [req-07e8fab4-be80-4d7b-b730-7be61f3fde6b req-5dc24471-c43d-4b47-af18-394508b573e7 eaf6f24a39364149a0b7704ed33ef2eb e39849b2188344d39b68908c31f92679 - - e143ad1e9d8f41cdbea10cdf537183d4 e143ad1e9d8f41cdbea10cdf537183d4] 199.19.213.156 "GET /resource_providers/964a9441-4c46-4503-adf7-d23835fd0c0c/traits" status: 200 len: 2176 microversion: 1.6 [pid: 7|app: 0|req: 480/961] 199.19.213.156 () {34 vars in 889 bytes} [Tue Jun 2 08:09:00 2026] GET /resource_providers/964a9441-4c46-4503-adf7-d23835fd0c0c/traits => generated 2176 bytes in 21 msecs (HTTP/1.1 200) 6 headers in 225 bytes (1 switches on core 0)
2026-06-02 08:09:00.515 8 INFO placement.requestlog [req-07e8fab4-be80-4d7b-b730-7be61f3fde6b req-4cd12d96-9878-4d70-855b-0c94b1eb486b eaf6f24a39364149a0b7704ed33ef2eb e39849b2188344d39b68908c31f92679 - - e143ad1e9d8f41cdbea10cdf537183d4 e143ad1e9d8f41cdbea10cdf537183d4] 199.19.213.156 "GET /resource_providers/964a9441-4c46-4503-adf7-d23835fd0c0c/allocations" status: 200 len: 553 microversion: 1.0 [pid: 8|app: 0|req: 482/962] 199.19.213.156 () {32 vars in 856 bytes} [Tue Jun 2 08:09:00 2026] GET /resource_providers/964a9441-4c46-4503-adf7-d23835fd0c0c/allocations => generated 553 bytes in 19 msecs (HTTP/1.1 200) 6 headers in 224 bytes (1 switches on core 0)
2026-06-02 08:09:00.535 7 INFO placement.requestlog [req-07e8fab4-be80-4d7b-b730-7be61f3fde6b req-64bec54f-7298-47ed-bfc1-8ccc2664bb98 eaf6f24a39364149a0b7704ed33ef2eb e39849b2188344d39b68908c31f92679 - - e143ad1e9d8f41cdbea10cdf537183d4 e143ad1e9d8f41cdbea10cdf537183d4] 199.19.213.156 "GET /allocations/054eff5c-a678-44e3-9b7a-de71c8c7d441" status: 200 len: 258 microversion: 1.28 [pid: 7|app: 0|req: 481/963] 199.19.213.156 () {34 vars in 862 bytes} [Tue Jun 2 08:09:00 2026] GET /allocations/054eff5c-a678-44e3-9b7a-de71c8c7d441 => generated 258 bytes in 11 msecs (HTTP/1.1 200) 8 headers in 296 bytes (1 switches on core 0)
2026-06-02 08:09:00.554 8 INFO placement.requestlog [req-07e8fab4-be80-4d7b-b730-7be61f3fde6b req-944b6c61-16e2-4e4f-9714-b67e93bcceec eaf6f24a39364149a0b7704ed33ef2eb e39849b2188344d39b68908c31f92679 - - e143ad1e9d8f41cdbea10cdf537183d4 e143ad1e9d8f41cdbea10cdf537183d4] 199.19.213.156 "GET /allocations/938f2572-1013-4cb6-bcc3-8c0687a2f7f5" status: 200 len: 258 microversion: 1.28 [pid: 8|app: 0|req: 483/964] 199.19.213.156 () {34 vars in 862 bytes} [Tue Jun 2 08:09:00 2026] GET /allocations/938f2572-1013-4cb6-bcc3-8c0687a2f7f5 => generated 258 bytes in 13 msecs (HTTP/1.1 200) 8 headers in 296 bytes (1 switches on core 0)
2026-06-02 08:09:00.571 7 INFO placement.requestlog [req-07e8fab4-be80-4d7b-b730-7be61f3fde6b req-2add10d6-4ce5-4fca-bd74-f1f6dc433461 eaf6f24a39364149a0b7704ed33ef2eb e39849b2188344d39b68908c31f92679 - - e143ad1e9d8f41cdbea10cdf537183d4 e143ad1e9d8f41cdbea10cdf537183d4] 199.19.213.156 "GET /allocations/39818dc1-298b-41c7-8459-9dfe3db98a4a" status: 200 len: 258 microversion: 1.28 [pid: 7|app: 0|req: 482/965] 199.19.213.156 () {34 vars in 862 bytes} [Tue Jun 2 08:09:00 2026] GET /allocations/39818dc1-298b-41c7-8459-9dfe3db98a4a => generated 258 bytes in 12 msecs (HTTP/1.1 200) 8 headers in 296 bytes (1 switches on core 0)
2026-06-02 08:09:00.592 8 INFO placement.requestlog [req-07e8fab4-be80-4d7b-b730-7be61f3fde6b req-b716e3ed-bba3-40f5-adfb-64a9c22a93d9 eaf6f24a39364149a0b7704ed33ef2eb e39849b2188344d39b68908c31f92679 - - e143ad1e9d8f41cdbea10cdf537183d4 e143ad1e9d8f41cdbea10cdf537183d4] 199.19.213.156 "GET /allocations/6270efcd-b2eb-44f5-aa91-55c814c5caf5" status: 200 len: 258 microversion: 1.28 [pid: 8|app: 0|req: 484/966] 199.19.213.156 () {34 vars in 862 bytes} [Tue Jun 2 08:09:00 2026] GET /allocations/6270efcd-b2eb-44f5-aa91-55c814c5caf5 => generated 258 bytes in 18 msecs (HTTP/1.1 200) 8 headers in 296 bytes (1 switches on core 0)
2026-06-02 08:09:00.611 7 INFO placement.requestlog [req-07e8fab4-be80-4d7b-b730-7be61f3fde6b req-9a28fdc7-c533-4d0d-ab8b-d648b8dd1762 eaf6f24a39364149a0b7704ed33ef2eb e39849b2188344d39b68908c31f92679 - - e143ad1e9d8f41cdbea10cdf537183d4 e143ad1e9d8f41cdbea10cdf537183d4] 199.19.213.156 "GET /allocations/05346474-1095-4053-b170-0bff2dcad5c2" status: 200 len: 258 microversion: 1.28 [pid: 7|app: 0|req: 483/967] 199.19.213.156 () {34 vars in 862 bytes} [Tue Jun 2 08:09:00 2026] GET /allocations/05346474-1095-4053-b170-0bff2dcad5c2 => generated 258 bytes in 11 msecs (HTTP/1.1 200) 8 headers in 296 bytes (1 switches on core 0)
2026-06-02 08:09:01.658 8 INFO placement.requestlog [req-176971a7-7776-4432-aa4b-3382b86c4174 req-e83c53d4-83a2-4986-aa0a-ecd6c5da17d1 eaf6f24a39364149a0b7704ed33ef2eb e39849b2188344d39b68908c31f92679 - - e143ad1e9d8f41cdbea10cdf537183d4 e143ad1e9d8f41cdbea10cdf537183d4] 199.19.213.156 "GET /resource_providers/964a9441-4c46-4503-adf7-d23835fd0c0c/allocations" status: 200 len: 553 microversion: 1.0 [pid: 8|app: 0|req: 485/968] 199.19.213.156 () {32 vars in 856 bytes} [Tue Jun 2 08:09:01 2026] GET /resource_providers/964a9441-4c46-4503-adf7-d23835fd0c0c/allocations => generated 553 bytes in 16 msecs (HTTP/1.1 200) 6 headers in 224 bytes (1 switches on core 0)
2026-06-02 08:09:01.678 7 INFO placement.requestlog [req-176971a7-7776-4432-aa4b-3382b86c4174 req-9c75fb80-a07e-4630-bc42-8ddb0f564da6 eaf6f24a39364149a0b7704ed33ef2eb e39849b2188344d39b68908c31f92679 - - e143ad1e9d8f41cdbea10cdf537183d4 e143ad1e9d8f41cdbea10cdf537183d4] 199.19.213.156 "GET /allocations/054eff5c-a678-44e3-9b7a-de71c8c7d441" status: 200 len: 258 microversion: 1.28 [pid: 7|app: 0|req: 484/969] 199.19.213.156 () {34 vars in 862 bytes} [Tue Jun 2 08:09:01 2026] GET /allocations/054eff5c-a678-44e3-9b7a-de71c8c7d441 => generated 258 bytes in 12 msecs (HTTP/1.1 200) 8 headers in 296 bytes (1 switches on core 0)
2026-06-02 08:09:01.693 8 INFO placement.requestlog [req-176971a7-7776-4432-aa4b-3382b86c4174 req-82a821a6-c95f-4c51-8402-22770d791c92 eaf6f24a39364149a0b7704ed33ef2eb e39849b2188344d39b68908c31f92679 - - e143ad1e9d8f41cdbea10cdf537183d4 e143ad1e9d8f41cdbea10cdf537183d4] 199.19.213.156 "GET /allocations/938f2572-1013-4cb6-bcc3-8c0687a2f7f5" status: 200 len: 258 microversion: 1.28 [pid: 8|app: 0|req: 486/970] 199.19.213.156 () {34 vars in 862 bytes} [Tue Jun 2 08:09:01 2026] GET /allocations/938f2572-1013-4cb6-bcc3-8c0687a2f7f5 => generated 258 bytes in 12 msecs (HTTP/1.1 200) 8 headers in 296 bytes (1 switches on core 0)
2026-06-02 08:09:01.710 7 INFO placement.requestlog [req-176971a7-7776-4432-aa4b-3382b86c4174 req-16c59249-6359-4a49-8eea-745f6f3061a9 eaf6f24a39364149a0b7704ed33ef2eb e39849b2188344d39b68908c31f92679 - - e143ad1e9d8f41cdbea10cdf537183d4 e143ad1e9d8f41cdbea10cdf537183d4] 199.19.213.156 "GET /allocations/39818dc1-298b-41c7-8459-9dfe3db98a4a" status: 200 len: 258 microversion: 1.28 [pid: 7|app: 0|req: 485/971] 199.19.213.156 () {34 vars in 862 bytes} [Tue Jun 2 08:09:01 2026] GET /allocations/39818dc1-298b-41c7-8459-9dfe3db98a4a => generated 258 bytes in 11 msecs (HTTP/1.1 200) 8 headers in 296 bytes (1 switches on core 0)
2026-06-02 08:09:01.730 8 INFO placement.requestlog [req-176971a7-7776-4432-aa4b-3382b86c4174 req-0192a691-02b0-4447-ba93-172732acb8bc eaf6f24a39364149a0b7704ed33ef2eb e39849b2188344d39b68908c31f92679 - - e143ad1e9d8f41cdbea10cdf537183d4 e143ad1e9d8f41cdbea10cdf537183d4] 199.19.213.156 "GET /allocations/6270efcd-b2eb-44f5-aa91-55c814c5caf5" status: 200 len: 258 microversion: 1.28 [pid: 8|app: 0|req: 487/972] 199.19.213.156 () {34 vars in 862 bytes} [Tue Jun 2 08:09:01 2026] GET /allocations/6270efcd-b2eb-44f5-aa91-55c814c5caf5 => generated 258 bytes in 16 msecs (HTTP/1.1 200) 8 headers in 296 bytes (1 switches on core 0)
2026-06-02 08:09:01.748 7 INFO placement.requestlog [req-176971a7-7776-4432-aa4b-3382b86c4174 req-816df84c-7971-4cbc-9437-dcbd254417a4 eaf6f24a39364149a0b7704ed33ef2eb e39849b2188344d39b68908c31f92679 - - e143ad1e9d8f41cdbea10cdf537183d4 e143ad1e9d8f41cdbea10cdf537183d4] 199.19.213.156 "GET /allocations/05346474-1095-4053-b170-0bff2dcad5c2" status: 200 len: 258 microversion: 1.28 [pid: 7|app: 0|req: 486/973] 199.19.213.156 () {34 vars in 862 bytes} [Tue Jun 2 08:09:01 2026] GET /allocations/05346474-1095-4053-b170-0bff2dcad5c2 => generated 258 bytes in 12 msecs (HTTP/1.1 200) 8 headers in 296 bytes (1 switches on core 0)
2026-06-02 08:09:02.805 8 INFO placement.requestlog [req-176971a7-7776-4432-aa4b-3382b86c4174 req-11dd4b8c-27c8-44bd-802c-d8650a46308b eaf6f24a39364149a0b7704ed33ef2eb e39849b2188344d39b68908c31f92679 - - e143ad1e9d8f41cdbea10cdf537183d4 e143ad1e9d8f41cdbea10cdf537183d4] 199.19.213.156 "DELETE /allocations/39818dc1-298b-41c7-8459-9dfe3db98a4a" status: 204 len: 0 microversion: 1.0 [pid: 8|app: 0|req: 488/974] 199.19.213.156 () {34 vars in 840 bytes} [Tue Jun 2 08:09:02 2026] DELETE /allocations/39818dc1-298b-41c7-8459-9dfe3db98a4a => generated 0 bytes in 29 msecs (HTTP/1.1 204) 5 headers in 198 bytes (1 switches on core 0)
2026-06-02 08:09:06.600 7 INFO placement.requestlog [None req-d0f4d350-0a59-4d57-ba73-73bbea743e4f - - - - - -] 10.0.0.97 "GET /" status: 200 len: 136 microversion: 1.0
2026-06-02 08:09:06.602 8 INFO placement.requestlog [None req-ac250111-be72-4c72-a1fe-75de5d2cdd77 - - - - - -] 10.0.0.97 "GET /" status: 200 len: 136 microversion: 1.0
2026-06-02 08:09:09.644 7 INFO placement.requestlog [req-6c5e0fbd-8d82-40ca-9d2d-6e0cbb3127ef req-56b834ed-8453-437a-9c5a-96da3d543317 eaf6f24a39364149a0b7704ed33ef2eb e39849b2188344d39b68908c31f92679 - - e143ad1e9d8f41cdbea10cdf537183d4 e143ad1e9d8f41cdbea10cdf537183d4] 10.0.0.204 "GET /allocation_candidates?limit=1000&resources=MEMORY_MB%3A2048%2CVCPU%3A2&root_required=%21COMPUTE_STATUS_DISABLED" status: 200 len: 2630 microversion: 1.36 [pid: 7|app: 0|req: 488/977] 10.0.0.204 () {34 vars in 985 bytes} [Tue Jun 2 08:09:09 2026] GET /allocation_candidates?limit=1000&resources=MEMORY_MB%3A2048%2CVCPU%3A2&root_required=%21COMPUTE_STATUS_DISABLED => generated 2630 bytes in 41 msecs (HTTP/1.1 200) 8 headers in 297 bytes (1 switches on core 0)
2026-06-02 08:09:09.673 8 INFO placement.requestlog [req-6c5e0fbd-8d82-40ca-9d2d-6e0cbb3127ef req-d9647995-2e51-4909-ae94-2a7504c40da8 eaf6f24a39364149a0b7704ed33ef2eb e39849b2188344d39b68908c31f92679 - - e143ad1e9d8f41cdbea10cdf537183d4 e143ad1e9d8f41cdbea10cdf537183d4] 10.0.0.204 "GET /allocations/37554671-864c-449f-95d1-d533d8560658" status: 200 len: 19 microversion: 1.28 [pid: 8|app: 0|req: 490/978] 10.0.0.204 () {34 vars in 860 bytes} [Tue Jun 2 08:09:09 2026] GET /allocations/37554671-864c-449f-95d1-d533d8560658 => generated 19 bytes in 12 msecs (HTTP/1.1 200) 8 headers in 295 bytes (1 switches on core 0)
2026-06-02 08:09:09.738 7 INFO placement.requestlog [req-6c5e0fbd-8d82-40ca-9d2d-6e0cbb3127ef req-abb9992c-a914-4b28-810f-a0da3c97fedf eaf6f24a39364149a0b7704ed33ef2eb e39849b2188344d39b68908c31f92679 - - e143ad1e9d8f41cdbea10cdf537183d4 e143ad1e9d8f41cdbea10cdf537183d4] 10.0.0.204 "PUT /allocations/37554671-864c-449f-95d1-d533d8560658" status: 204 len: 0 microversion: 1.36 [pid: 7|app: 0|req: 489/979] 10.0.0.204 () {38 vars in 913 bytes} [Tue Jun 2 08:09:09 2026] PUT /allocations/37554671-864c-449f-95d1-d533d8560658 => generated 0 bytes in 60 msecs (HTTP/1.1 204) 5 headers in 199 bytes (1 switches on core 0)
2026-06-02 08:09:09.745 8 INFO placement.requestlog [req-6da75f2f-abde-42f5-a938-3e4143f05fe9 req-9c9f01c4-30d4-4af5-a9f3-e16033d51585 eaf6f24a39364149a0b7704ed33ef2eb e39849b2188344d39b68908c31f92679 - - e143ad1e9d8f41cdbea10cdf537183d4 e143ad1e9d8f41cdbea10cdf537183d4] 199.19.213.156 "GET /resource_providers/964a9441-4c46-4503-adf7-d23835fd0c0c/allocations" status: 200 len: 540 microversion: 1.0 [pid: 8|app: 0|req: 491/980] 199.19.213.156 () {32 vars in 856 bytes} [Tue Jun 2 08:09:09 2026] GET /resource_providers/964a9441-4c46-4503-adf7-d23835fd0c0c/allocations => generated 540 bytes in 18 msecs (HTTP/1.1 200) 6 headers in 224 bytes (1 switches on core 0)
2026-06-02 08:09:09.765 7 INFO placement.requestlog [req-6da75f2f-abde-42f5-a938-3e4143f05fe9 req-f523e28d-60a7-4a7f-99cc-055ceb0f1ae1 eaf6f24a39364149a0b7704ed33ef2eb e39849b2188344d39b68908c31f92679 - - e143ad1e9d8f41cdbea10cdf537183d4 e143ad1e9d8f41cdbea10cdf537183d4] 199.19.213.156 "GET /allocations/054eff5c-a678-44e3-9b7a-de71c8c7d441" status: 200 len: 258 microversion: 1.28 [pid: 7|app: 0|req: 490/981] 199.19.213.156 () {34 vars in 862 bytes} [Tue Jun 2 08:09:09 2026] GET /allocations/054eff5c-a678-44e3-9b7a-de71c8c7d441 => generated 258 bytes in 13 msecs (HTTP/1.1 200) 8 headers in 296 bytes (1 switches on core 0)
2026-06-02 08:09:09.783 8 INFO placement.requestlog [req-6da75f2f-abde-42f5-a938-3e4143f05fe9 req-cc23d233-de25-407b-9f1d-8e2e524517eb eaf6f24a39364149a0b7704ed33ef2eb e39849b2188344d39b68908c31f92679 - - e143ad1e9d8f41cdbea10cdf537183d4 e143ad1e9d8f41cdbea10cdf537183d4] 199.19.213.156 "GET /allocations/938f2572-1013-4cb6-bcc3-8c0687a2f7f5" status: 200 len: 258 microversion: 1.28 [pid: 8|app: 0|req: 492/982] 199.19.213.156 () {34 vars in 862 bytes} [Tue Jun 2 08:09:09 2026] GET /allocations/938f2572-1013-4cb6-bcc3-8c0687a2f7f5 => generated 258 bytes in 13 msecs (HTTP/1.1 200) 8 headers in 296 bytes (1 switches on core 0)
2026-06-02 08:09:09.803 7 INFO placement.requestlog [req-6da75f2f-abde-42f5-a938-3e4143f05fe9 req-14d99fa7-f492-4e32-984c-65697c28e20c eaf6f24a39364149a0b7704ed33ef2eb e39849b2188344d39b68908c31f92679 - - e143ad1e9d8f41cdbea10cdf537183d4 e143ad1e9d8f41cdbea10cdf537183d4] 199.19.213.156 "GET /allocations/6270efcd-b2eb-44f5-aa91-55c814c5caf5" status: 200 len: 258 microversion: 1.28 [pid: 7|app: 0|req: 491/983] 199.19.213.156 () {34 vars in 862 bytes} [Tue Jun 2 08:09:09 2026] GET /allocations/6270efcd-b2eb-44f5-aa91-55c814c5caf5 => generated 258 bytes in 14 msecs (HTTP/1.1 200) 8 headers in 296 bytes (1 switches on core 0)
2026-06-02 08:09:09.821 8 INFO placement.requestlog [req-6da75f2f-abde-42f5-a938-3e4143f05fe9 req-3a191c31-b053-4c54-a13f-0dc5ac775906 eaf6f24a39364149a0b7704ed33ef2eb e39849b2188344d39b68908c31f92679 - - e143ad1e9d8f41cdbea10cdf537183d4 e143ad1e9d8f41cdbea10cdf537183d4] 199.19.213.156 "GET /allocations/05346474-1095-4053-b170-0bff2dcad5c2" status: 200 len: 258 microversion: 1.28 [pid: 8|app: 0|req: 493/984] 199.19.213.156 () {34 vars in 862 bytes} [Tue Jun 2 08:09:09 2026] GET /allocations/05346474-1095-4053-b170-0bff2dcad5c2 => generated 258 bytes in 13 msecs (HTTP/1.1 200) 8 headers in 296 bytes (1 switches on core 0)
2026-06-02 08:09:09.838 7 INFO placement.requestlog [req-6da75f2f-abde-42f5-a938-3e4143f05fe9 req-6d69b4c2-8b60-46d4-80bb-1ecd3070dd68 eaf6f24a39364149a0b7704ed33ef2eb e39849b2188344d39b68908c31f92679 - - e143ad1e9d8f41cdbea10cdf537183d4 e143ad1e9d8f41cdbea10cdf537183d4] 199.19.213.156 "GET /allocations/37554671-864c-449f-95d1-d533d8560658" status: 200 len: 245 microversion: 1.28 [pid: 7|app: 0|req: 492/985] 199.19.213.156 () {34 vars in 862 bytes} [Tue Jun 2 08:09:09 2026] GET /allocations/37554671-864c-449f-95d1-d533d8560658 => generated 245 bytes in 11 msecs (HTTP/1.1 200) 8 headers in 296 bytes (1 switches on core 0)
2026-06-02 08:09:10.891 8 INFO placement.requestlog [req-6da75f2f-abde-42f5-a938-3e4143f05fe9 req-d272ef99-c40d-48d5-ba08-47fa44da5545 eaf6f24a39364149a0b7704ed33ef2eb e39849b2188344d39b68908c31f92679 - - e143ad1e9d8f41cdbea10cdf537183d4 e143ad1e9d8f41cdbea10cdf537183d4] 199.19.213.156 "DELETE /allocations/938f2572-1013-4cb6-bcc3-8c0687a2f7f5" status: 204 len: 0 microversion: 1.0 [pid: 8|app: 0|req: 494/986] 199.19.213.156 () {34 vars in 840 bytes} [Tue Jun 2 08:09:10 2026] DELETE /allocations/938f2572-1013-4cb6-bcc3-8c0687a2f7f5 => generated 0 bytes in 27 msecs (HTTP/1.1 204) 5 headers in 198 bytes (1 switches on core 0)
2026-06-02 08:09:11.250 7 INFO placement.requestlog [req-6c5e0fbd-8d82-40ca-9d2d-6e0cbb3127ef req-7b4609fa-eac1-4423-8daf-ac4b11b3694a eaf6f24a39364149a0b7704ed33ef2eb e39849b2188344d39b68908c31f92679 - - e143ad1e9d8f41cdbea10cdf537183d4 e143ad1e9d8f41cdbea10cdf537183d4] 199.19.213.156 "GET /allocations/37554671-864c-449f-95d1-d533d8560658" status: 200 len: 245 microversion: 1.28 [pid: 7|app: 0|req: 493/987] 199.19.213.156 () {34 vars in 862 bytes} [Tue Jun 2 08:09:11 2026] GET /allocations/37554671-864c-449f-95d1-d533d8560658 => generated 245 bytes in 11 msecs (HTTP/1.1 200) 8 headers in 296 bytes (1 switches on core 0)
2026-06-02 08:09:11.664 8 INFO placement.requestlog [None req-49bce84b-4c29-4f49-ba6e-91b7eba51aee 0971ad32d9384eac9ea5e30823dc46e1 e39849b2188344d39b68908c31f92679 - - e143ad1e9d8f41cdbea10cdf537183d4 e143ad1e9d8f41cdbea10cdf537183d4] 10.0.0.51 "GET /resource_providers/6f4a6dc2-22d2-4de6-8de1-6a5235111ac0/aggregates" status: 404 len: 235 microversion: 1.1 [pid: 8|app: 0|req: 495/988] 10.0.0.51 () {32 vars in 814 bytes} [Tue Jun 2 08:09:11 2026] GET /resource_providers/6f4a6dc2-22d2-4de6-8de1-6a5235111ac0/aggregates => generated 235 bytes in 11 msecs (HTTP/1.1 404) 5 headers in 202 bytes (1 switches on core 0)
2026-06-02 08:09:11.666 7 INFO placement.requestlog [None req-b9a3250b-df61-4d2d-a6c9-4dba1f2a631d 0971ad32d9384eac9ea5e30823dc46e1 e39849b2188344d39b68908c31f92679 - - e143ad1e9d8f41cdbea10cdf537183d4 e143ad1e9d8f41cdbea10cdf537183d4] 10.0.0.51 "GET /resource_providers/6f4a6dc2-22d2-4de6-8de1-6a5235111ac0/aggregates" status: 404 len: 235 microversion: 1.1 [pid: 7|app: 0|req: 494/989] 10.0.0.51 () {32 vars in 814 bytes} [Tue Jun 2 08:09:11 2026] GET /resource_providers/6f4a6dc2-22d2-4de6-8de1-6a5235111ac0/aggregates => generated 235 bytes in 11 msecs (HTTP/1.1 404) 5 headers in 202 bytes (1 switches on core 0)
2026-06-02 08:09:11.688 8 INFO placement.requestlog [None req-19191fb0-37dc-4f82-80d8-037320fa4e62 0971ad32d9384eac9ea5e30823dc46e1 e39849b2188344d39b68908c31f92679 - - e143ad1e9d8f41cdbea10cdf537183d4 e143ad1e9d8f41cdbea10cdf537183d4] 10.0.0.51 "DELETE /resource_providers/6f4a6dc2-22d2-4de6-8de1-6a5235111ac0" status: 404 len: 246 microversion: 1.1 [pid: 8|app: 0|req: 496/990] 10.0.0.51 () {34 vars in 814 bytes} [Tue Jun 2 08:09:11 2026] DELETE /resource_providers/6f4a6dc2-22d2-4de6-8de1-6a5235111ac0 => generated 246 bytes in 9 msecs (HTTP/1.1 404) 6 headers in 231 bytes (1 switches on core 0)
2026-06-02 08:09:11.693 7 INFO placement.requestlog [None req-7fb35a61-c9ed-4aa5-9ebe-aa6e92288176 0971ad32d9384eac9ea5e30823dc46e1 e39849b2188344d39b68908c31f92679 - - e143ad1e9d8f41cdbea10cdf537183d4 e143ad1e9d8f41cdbea10cdf537183d4] 10.0.0.51 "DELETE /resource_providers/6f4a6dc2-22d2-4de6-8de1-6a5235111ac0" status: 404 len: 246 microversion: 1.1 [pid: 7|app: 0|req: 495/991] 10.0.0.51 () {34 vars in 814 bytes} [Tue Jun 2 08:09:11 2026] DELETE /resource_providers/6f4a6dc2-22d2-4de6-8de1-6a5235111ac0 => generated 246 bytes in 13 msecs (HTTP/1.1 404) 6 headers in 231 bytes (1 switches on core 0)
2026-06-02 08:09:12.028 7 INFO placement.requestlog [None req-e9c0afa3-9b5e-412f-9ca7-87dc7d1a935d 0971ad32d9384eac9ea5e30823dc46e1 e39849b2188344d39b68908c31f92679 - - e143ad1e9d8f41cdbea10cdf537183d4 e143ad1e9d8f41cdbea10cdf537183d4] 10.0.0.51 "GET /resource_providers/979815b5-480d-45af-930e-70cd90504549/aggregates" status: 404 len: 235 microversion: 1.1 [pid: 7|app: 0|req: 496/992] 10.0.0.51 () {32 vars in 814 bytes} [Tue Jun 2 08:09:12 2026] GET /resource_providers/979815b5-480d-45af-930e-70cd90504549/aggregates => generated 235 bytes in 11 msecs (HTTP/1.1 404) 5 headers in 202 bytes (1 switches on core 0)
2026-06-02 08:09:12.030 8 INFO placement.requestlog [None req-6911b32c-d230-4aff-9443-239c73419a48 0971ad32d9384eac9ea5e30823dc46e1 e39849b2188344d39b68908c31f92679 - - e143ad1e9d8f41cdbea10cdf537183d4 e143ad1e9d8f41cdbea10cdf537183d4] 10.0.0.51 "GET /resource_providers/979815b5-480d-45af-930e-70cd90504549/aggregates" status: 404 len: 235 microversion: 1.1 [pid: 8|app: 0|req: 497/993] 10.0.0.51 () {32 vars in 814 bytes} [Tue Jun 2 08:09:12 2026] GET /resource_providers/979815b5-480d-45af-930e-70cd90504549/aggregates => generated 235 bytes in 13 msecs (HTTP/1.1 404) 5 headers in 202 bytes (1 switches on core 0)
2026-06-02 08:09:12.049 8 INFO placement.requestlog [None req-6091eb8f-d463-4c32-8111-2d9944d95572 0971ad32d9384eac9ea5e30823dc46e1 e39849b2188344d39b68908c31f92679 - - e143ad1e9d8f41cdbea10cdf537183d4 e143ad1e9d8f41cdbea10cdf537183d4] 10.0.0.51 "DELETE /resource_providers/979815b5-480d-45af-930e-70cd90504549" status: 404 len: 246 microversion: 1.1 [pid: 8|app: 0|req: 498/994] 10.0.0.51 () {34 vars in 814 bytes} [Tue Jun 2 08:09:12 2026] DELETE /resource_providers/979815b5-480d-45af-930e-70cd90504549 => generated 246 bytes in 7 msecs (HTTP/1.1 404) 6 headers in 231 bytes (1 switches on core 0)
2026-06-02 08:09:12.054 7 INFO placement.requestlog [None req-ac2fe2d5-52ea-4dc7-8b8e-be45ae821569 0971ad32d9384eac9ea5e30823dc46e1 e39849b2188344d39b68908c31f92679 - - e143ad1e9d8f41cdbea10cdf537183d4 e143ad1e9d8f41cdbea10cdf537183d4] 10.0.0.51 "DELETE /resource_providers/979815b5-480d-45af-930e-70cd90504549" status: 404 len: 246 microversion: 1.1 [pid: 7|app: 0|req: 497/995] 10.0.0.51 () {34 vars in 814 bytes} [Tue Jun 2 08:09:12 2026] DELETE /resource_providers/979815b5-480d-45af-930e-70cd90504549 => generated 246 bytes in 12 msecs (HTTP/1.1 404) 6 headers in 231 bytes (1 switches on core 0)
2026-06-02 08:09:12.291 8 INFO placement.requestlog [req-6c5e0fbd-8d82-40ca-9d2d-6e0cbb3127ef req-970a6423-da80-4f5d-a72e-8629c41e4a8d eaf6f24a39364149a0b7704ed33ef2eb e39849b2188344d39b68908c31f92679 - - e143ad1e9d8f41cdbea10cdf537183d4 e143ad1e9d8f41cdbea10cdf537183d4] 199.19.213.156 "GET /resource_providers/964a9441-4c46-4503-adf7-d23835fd0c0c/allocations" status: 200 len: 440 microversion: 1.0 [pid: 8|app: 0|req: 499/996] 199.19.213.156 () {32 vars in 856 bytes} [Tue Jun 2 08:09:12 2026] GET /resource_providers/964a9441-4c46-4503-adf7-d23835fd0c0c/allocations => generated 440 bytes in 18 msecs (HTTP/1.1 200) 6 headers in 224 bytes (1 switches on core 0)
2026-06-02 08:09:12.324 7 INFO placement.requestlog [req-6c5e0fbd-8d82-40ca-9d2d-6e0cbb3127ef req-25629d43-fcda-4719-90c8-97f9e7496190 eaf6f24a39364149a0b7704ed33ef2eb e39849b2188344d39b68908c31f92679 - - e143ad1e9d8f41cdbea10cdf537183d4 e143ad1e9d8f41cdbea10cdf537183d4] 199.19.213.156 "GET /allocations/054eff5c-a678-44e3-9b7a-de71c8c7d441" status: 200 len: 258 microversion: 1.28 [pid: 7|app: 0|req: 498/997] 199.19.213.156 () {34 vars in 862 bytes} [Tue Jun 2 08:09:12 2026] GET /allocations/054eff5c-a678-44e3-9b7a-de71c8c7d441 => generated 258 bytes in 17 msecs (HTTP/1.1 200) 8 headers in 296 bytes (1 switches on core 0)
2026-06-02 08:09:12.340 8 INFO placement.requestlog [req-6c5e0fbd-8d82-40ca-9d2d-6e0cbb3127ef req-2a40eb39-22dd-4015-a21c-bb2bd9305fa7 eaf6f24a39364149a0b7704ed33ef2eb e39849b2188344d39b68908c31f92679 - - e143ad1e9d8f41cdbea10cdf537183d4 e143ad1e9d8f41cdbea10cdf537183d4] 199.19.213.156 "GET /allocations/6270efcd-b2eb-44f5-aa91-55c814c5caf5" status: 200 len: 258 microversion: 1.28 [pid: 8|app: 0|req: 500/998] 199.19.213.156 () {34 vars in 862 bytes} [Tue Jun 2 08:09:12 2026] GET /allocations/6270efcd-b2eb-44f5-aa91-55c814c5caf5 => generated 258 bytes in 12 msecs (HTTP/1.1 200) 8 headers in 296 bytes (1 switches on core 0)
2026-06-02 08:09:12.358 7 INFO placement.requestlog [req-6c5e0fbd-8d82-40ca-9d2d-6e0cbb3127ef req-51fbb486-4402-4bbe-a3f6-77c521ceef1e eaf6f24a39364149a0b7704ed33ef2eb e39849b2188344d39b68908c31f92679 - - e143ad1e9d8f41cdbea10cdf537183d4 e143ad1e9d8f41cdbea10cdf537183d4] 199.19.213.156 "GET /allocations/05346474-1095-4053-b170-0bff2dcad5c2" status: 200 len: 258 microversion: 1.28 [pid: 7|app: 0|req: 499/999] 199.19.213.156 () {34 vars in 862 bytes} [Tue Jun 2 08:09:12 2026] GET /allocations/05346474-1095-4053-b170-0bff2dcad5c2 => generated 258 bytes in 11 msecs (HTTP/1.1 200) 8 headers in 296 bytes (1 switches on core 0)
2026-06-02 08:09:12.377 8 INFO placement.requestlog [req-6c5e0fbd-8d82-40ca-9d2d-6e0cbb3127ef req-2c611820-0c79-4415-ae7c-d920fea5d499 eaf6f24a39364149a0b7704ed33ef2eb e39849b2188344d39b68908c31f92679 - - e143ad1e9d8f41cdbea10cdf537183d4 e143ad1e9d8f41cdbea10cdf537183d4] 199.19.213.156 "GET /allocations/37554671-864c-449f-95d1-d533d8560658" status: 200 len: 245 microversion: 1.28 [pid: 8|app: 0|req: 501/1000] 199.19.213.156 () {34 vars in 862 bytes} [Tue Jun 2 08:09:12 2026] GET /allocations/37554671-864c-449f-95d1-d533d8560658 => generated 245 bytes in 13 msecs (HTTP/1.1 200) 8 headers in 296 bytes (1 switches on core 0)
2026-06-02 08:09:13.715 8 INFO placement.requestlog [None req-0b959561-7238-4c77-8954-b24f5fe8d0ef 0971ad32d9384eac9ea5e30823dc46e1 e39849b2188344d39b68908c31f92679 - - e143ad1e9d8f41cdbea10cdf537183d4 e143ad1e9d8f41cdbea10cdf537183d4] 10.0.0.51 "GET /resource_providers/f45b0e08-df7d-44d1-92a0-14197b693670/aggregates" status: 404 len: 235 microversion: 1.1 [pid: 8|app: 0|req: 502/1001] 10.0.0.51 () {32 vars in 814 bytes} [Tue Jun 2 08:09:13 2026] GET /resource_providers/f45b0e08-df7d-44d1-92a0-14197b693670/aggregates => generated 235 bytes in 10 msecs (HTTP/1.1 404) 5 headers in 202 bytes (1 switches on core 0)
2026-06-02 08:09:13.717 7 INFO placement.requestlog [None req-0fb7daf0-eec0-430c-92c5-771e928f384c 0971ad32d9384eac9ea5e30823dc46e1 e39849b2188344d39b68908c31f92679 - - e143ad1e9d8f41cdbea10cdf537183d4 e143ad1e9d8f41cdbea10cdf537183d4] 10.0.0.51 "GET /resource_providers/f45b0e08-df7d-44d1-92a0-14197b693670/aggregates" status: 404 len: 235 microversion: 1.1 [pid: 7|app: 0|req: 500/1002] 10.0.0.51 () {32 vars in 814 bytes} [Tue Jun 2 08:09:13 2026] GET /resource_providers/f45b0e08-df7d-44d1-92a0-14197b693670/aggregates => generated 235 bytes in 13 msecs (HTTP/1.1 404) 5 headers in 202 bytes (1 switches on core 0)
2026-06-02 08:09:13.741 7 INFO placement.requestlog [None req-0fc4a765-2888-427f-88ed-191a64f51d82 0971ad32d9384eac9ea5e30823dc46e1 e39849b2188344d39b68908c31f92679 - - e143ad1e9d8f41cdbea10cdf537183d4 e143ad1e9d8f41cdbea10cdf537183d4] 10.0.0.51 "DELETE /resource_providers/f45b0e08-df7d-44d1-92a0-14197b693670" status: 404 len: 246 microversion: 1.1 [pid: 7|app: 0|req: 501/1003] 10.0.0.51 () {34 vars in 814 bytes} [Tue Jun 2 08:09:13 2026] DELETE /resource_providers/f45b0e08-df7d-44d1-92a0-14197b693670 => generated 246 bytes in 6 msecs (HTTP/1.1 404) 6 headers in 231 bytes (1 switches on core 0)
2026-06-02 08:09:13.748 8 INFO placement.requestlog [None req-e29ed02c-c29a-4816-b912-686e49bb7219 0971ad32d9384eac9ea5e30823dc46e1 e39849b2188344d39b68908c31f92679 - - e143ad1e9d8f41cdbea10cdf537183d4 e143ad1e9d8f41cdbea10cdf537183d4] 10.0.0.51 "DELETE /resource_providers/f45b0e08-df7d-44d1-92a0-14197b693670" status: 404 len: 246 microversion: 1.1 [pid: 8|app: 0|req: 503/1004] 10.0.0.51 () {34 vars in 814 bytes} [Tue Jun 2 08:09:13 2026] DELETE /resource_providers/f45b0e08-df7d-44d1-92a0-14197b693670 => generated 246 bytes in 26 msecs (HTTP/1.1 404) 6 headers in 231 bytes (1 switches on core 0)
2026-06-02 08:09:14.077 7 INFO placement.requestlog [None req-8cda301a-79bd-46e2-a8c3-e99ffcfef7da 0971ad32d9384eac9ea5e30823dc46e1 e39849b2188344d39b68908c31f92679 - - e143ad1e9d8f41cdbea10cdf537183d4 e143ad1e9d8f41cdbea10cdf537183d4] 10.0.0.51 "GET /resource_providers/6241229d-892e-4abf-90ef-d3fcf3706c86/aggregates" status: 404 len: 235 microversion: 1.1 [pid: 7|app: 0|req: 502/1005] 10.0.0.51 () {32 vars in 814 bytes} [Tue Jun 2 08:09:14 2026] GET /resource_providers/6241229d-892e-4abf-90ef-d3fcf3706c86/aggregates => generated 235 bytes in 9 msecs (HTTP/1.1 404) 5 headers in 202 bytes (1 switches on core 0)
2026-06-02 08:09:14.079 8 INFO placement.requestlog [None req-e538d110-e2f6-46ec-a79b-c251145d2a5c 0971ad32d9384eac9ea5e30823dc46e1 e39849b2188344d39b68908c31f92679 - - e143ad1e9d8f41cdbea10cdf537183d4 e143ad1e9d8f41cdbea10cdf537183d4] 10.0.0.51 "GET /resource_providers/6241229d-892e-4abf-90ef-d3fcf3706c86/aggregates" status: 404 len: 235 microversion: 1.1 [pid: 8|app: 0|req: 504/1006] 10.0.0.51 () {32 vars in 814 bytes} [Tue Jun 2 08:09:14 2026] GET /resource_providers/6241229d-892e-4abf-90ef-d3fcf3706c86/aggregates => generated 235 bytes in 10 msecs (HTTP/1.1 404) 5 headers in 202 bytes (1 switches on core 0)
2026-06-02 08:09:14.113 8 INFO placement.requestlog [None req-cd3903d4-e6ff-4bbe-8663-cef0052ba52d 0971ad32d9384eac9ea5e30823dc46e1 e39849b2188344d39b68908c31f92679 - - e143ad1e9d8f41cdbea10cdf537183d4 e143ad1e9d8f41cdbea10cdf537183d4] 10.0.0.51 "DELETE /resource_providers/6241229d-892e-4abf-90ef-d3fcf3706c86" status: 404 len: 246 microversion: 1.1 [pid: 8|app: 0|req: 505/1007] 10.0.0.51 () {34 vars in 814 bytes} [Tue Jun 2 08:09:14 2026] DELETE /resource_providers/6241229d-892e-4abf-90ef-d3fcf3706c86 => generated 246 bytes in 7 msecs (HTTP/1.1 404) 6 headers in 231 bytes (1 switches on core 0)
2026-06-02 08:09:14.115 7 INFO placement.requestlog [None req-f8daa5e2-5a94-4cbc-aaf5-55163d77d340 0971ad32d9384eac9ea5e30823dc46e1 e39849b2188344d39b68908c31f92679 - - e143ad1e9d8f41cdbea10cdf537183d4 e143ad1e9d8f41cdbea10cdf537183d4] 10.0.0.51 "DELETE /resource_providers/6241229d-892e-4abf-90ef-d3fcf3706c86" status: 404 len: 246 microversion: 1.1 [pid: 7|app: 0|req: 503/1008] 10.0.0.51 () {34 vars in 814 bytes} [Tue Jun 2 08:09:14 2026] DELETE /resource_providers/6241229d-892e-4abf-90ef-d3fcf3706c86 => generated 246 bytes in 10 msecs (HTTP/1.1 404) 6 headers in 231 bytes (1 switches on core 0)
2026-06-02 08:09:14.146 8 INFO placement.requestlog [None req-d5c7ce97-061b-4bb1-9984-afc5a8c93e8e 0971ad32d9384eac9ea5e30823dc46e1 e39849b2188344d39b68908c31f92679 - - e143ad1e9d8f41cdbea10cdf537183d4 e143ad1e9d8f41cdbea10cdf537183d4] 10.0.0.51 "GET /resource_providers/bb37e062-9b5e-4af8-bea2-693604ae0d94/aggregates" status: 404 len: 235 microversion: 1.1 [pid: 8|app: 0|req: 506/1009] 10.0.0.51 () {32 vars in 814 bytes} [Tue Jun 2 08:09:14 2026] GET /resource_providers/bb37e062-9b5e-4af8-bea2-693604ae0d94/aggregates => generated 235 bytes in 9 msecs (HTTP/1.1 404) 5 headers in 202 bytes (1 switches on core 0)
2026-06-02 08:09:14.154 7 INFO placement.requestlog [None req-0767fe4a-7207-4336-a429-eae8f778744b 0971ad32d9384eac9ea5e30823dc46e1 e39849b2188344d39b68908c31f92679 - - e143ad1e9d8f41cdbea10cdf537183d4 e143ad1e9d8f41cdbea10cdf537183d4] 10.0.0.51 "GET /resource_providers/bb37e062-9b5e-4af8-bea2-693604ae0d94/aggregates" status: 404 len: 235 microversion: 1.1 [pid: 7|app: 0|req: 504/1010] 10.0.0.51 () {32 vars in 814 bytes} [Tue Jun 2 08:09:14 2026] GET /resource_providers/bb37e062-9b5e-4af8-bea2-693604ae0d94/aggregates => generated 235 bytes in 13 msecs (HTTP/1.1 404) 5 headers in 202 bytes (1 switches on core 0)
2026-06-02 08:09:14.171 8 INFO placement.requestlog [None req-0b84ff6c-0695-4b7d-84dd-de424e364c99 0971ad32d9384eac9ea5e30823dc46e1 e39849b2188344d39b68908c31f92679 - - e143ad1e9d8f41cdbea10cdf537183d4 e143ad1e9d8f41cdbea10cdf537183d4] 10.0.0.51 "DELETE /resource_providers/bb37e062-9b5e-4af8-bea2-693604ae0d94" status: 404 len: 246 microversion: 1.1 [pid: 8|app: 0|req: 507/1011] 10.0.0.51 () {34 vars in 814 bytes} [Tue Jun 2 08:09:14 2026] DELETE /resource_providers/bb37e062-9b5e-4af8-bea2-693604ae0d94 => generated 246 bytes in 6 msecs (HTTP/1.1 404) 6 headers in 231 bytes (1 switches on core 0)
2026-06-02 08:09:14.188 7 INFO placement.requestlog [None req-2e319014-cace-465b-a874-7e66b6113e4a 0971ad32d9384eac9ea5e30823dc46e1 e39849b2188344d39b68908c31f92679 - - e143ad1e9d8f41cdbea10cdf537183d4 e143ad1e9d8f41cdbea10cdf537183d4] 10.0.0.51 "DELETE /resource_providers/bb37e062-9b5e-4af8-bea2-693604ae0d94" status: 404 len: 246 microversion: 1.1 [pid: 7|app: 0|req: 505/1012] 10.0.0.51 () {34 vars in 814 bytes} [Tue Jun 2 08:09:14 2026] DELETE /resource_providers/bb37e062-9b5e-4af8-bea2-693604ae0d94 => generated 246 bytes in 11 msecs (HTTP/1.1 404) 6 headers in 231 bytes (1 switches on core 0)
2026-06-02 08:09:15.778 8 INFO placement.requestlog [None req-dd992f26-09a1-4eb9-ab4e-76fc53294a46 0971ad32d9384eac9ea5e30823dc46e1 e39849b2188344d39b68908c31f92679 - - e143ad1e9d8f41cdbea10cdf537183d4 e143ad1e9d8f41cdbea10cdf537183d4] 10.0.0.51 "GET /resource_providers/842da703-f95f-4eae-b396-6ba07c8abc65/aggregates" status: 404 len: 235 microversion: 1.1 [pid: 8|app: 0|req: 508/1013] 10.0.0.51 () {32 vars in 814 bytes} [Tue Jun 2 08:09:15 2026] GET /resource_providers/842da703-f95f-4eae-b396-6ba07c8abc65/aggregates => generated 235 bytes in 26 msecs (HTTP/1.1 404) 5 headers in 202 bytes (1 switches on core 0)
2026-06-02 08:09:15.780 7 INFO placement.requestlog [None req-1537f823-886a-4cfd-9fa5-e9fc853ae6bc 0971ad32d9384eac9ea5e30823dc46e1 e39849b2188344d39b68908c31f92679 - - e143ad1e9d8f41cdbea10cdf537183d4 e143ad1e9d8f41cdbea10cdf537183d4] 10.0.0.51 "GET /resource_providers/842da703-f95f-4eae-b396-6ba07c8abc65/aggregates" status: 404 len: 235 microversion: 1.1 [pid: 7|app: 0|req: 506/1014] 10.0.0.51 () {32 vars in 814 bytes} [Tue Jun 2 08:09:15 2026] GET /resource_providers/842da703-f95f-4eae-b396-6ba07c8abc65/aggregates => generated 235 bytes in 12 msecs (HTTP/1.1 404) 5 headers in 202 bytes (1 switches on core 0)
2026-06-02 08:09:15.797 7 INFO placement.requestlog [None req-2405e566-504c-42ad-9845-c257feefa251 0971ad32d9384eac9ea5e30823dc46e1 e39849b2188344d39b68908c31f92679 - - e143ad1e9d8f41cdbea10cdf537183d4 e143ad1e9d8f41cdbea10cdf537183d4] 10.0.0.51 "DELETE /resource_providers/842da703-f95f-4eae-b396-6ba07c8abc65" status: 404 len: 246 microversion: 1.1 [pid: 7|app: 0|req: 507/1015] 10.0.0.51 () {34 vars in 814 bytes} [Tue Jun 2 08:09:15 2026] DELETE /resource_providers/842da703-f95f-4eae-b396-6ba07c8abc65 => generated 246 bytes in 7 msecs (HTTP/1.1 404) 6 headers in 231 bytes (1 switches on core 0)
2026-06-02 08:09:15.800 8 INFO placement.requestlog [None req-e3ba0872-f58f-47fc-a7a9-e4de4afc2e3d 0971ad32d9384eac9ea5e30823dc46e1 e39849b2188344d39b68908c31f92679 - - e143ad1e9d8f41cdbea10cdf537183d4 e143ad1e9d8f41cdbea10cdf537183d4] 10.0.0.51 "DELETE /resource_providers/842da703-f95f-4eae-b396-6ba07c8abc65" status: 404 len: 246 microversion: 1.1 [pid: 8|app: 0|req: 509/1016] 10.0.0.51 () {34 vars in 814 bytes} [Tue Jun 2 08:09:15 2026] DELETE /resource_providers/842da703-f95f-4eae-b396-6ba07c8abc65 => generated 246 bytes in 10 msecs (HTTP/1.1 404) 6 headers in 231 bytes (1 switches on core 0)
2026-06-02 08:09:16.600 7 INFO placement.requestlog [None req-373f1c81-4e63-44dd-8eb3-51ce7b3ef6ba - - - - - -] 10.0.0.97 "GET /" status: 200 len: 136 microversion: 1.0
2026-06-02 08:09:16.601 8 INFO placement.requestlog [None req-221ab948-78da-489c-be88-2cb51b97aff6 - - - - - -] 10.0.0.97 "GET /" status: 200 len: 136 microversion: 1.0
2026-06-02 08:09:26.605 8 INFO placement.requestlog [None req-7061b50a-3f09-42f7-beca-cecd1dfe23b6 - - - - - -] 10.0.0.97 "GET /" status: 200 len: 136 microversion: 1.0
2026-06-02 08:09:26.607 7 INFO placement.requestlog [None req-0856ab2f-39b7-4e20-ad63-aae6b2eb52d3 - - - - - -] 10.0.0.97 "GET /" status: 200 len: 136 microversion: 1.0
2026-06-02 08:09:28.010 8 INFO placement.requestlog [req-54365e7a-1a0b-4f62-b6c0-4a1deb2b8fd2 req-df421941-4d46-4e0b-8266-068f1692e473 eaf6f24a39364149a0b7704ed33ef2eb e39849b2188344d39b68908c31f92679 - - e143ad1e9d8f41cdbea10cdf537183d4 e143ad1e9d8f41cdbea10cdf537183d4] 199.19.213.156 "GET /resource_providers/964a9441-4c46-4503-adf7-d23835fd0c0c/allocations" status: 200 len: 440 microversion: 1.0 [pid: 8|app: 0|req: 512/1021] 199.19.213.156 () {32 vars in 856 bytes} [Tue Jun 2 08:09:27 2026] GET /resource_providers/964a9441-4c46-4503-adf7-d23835fd0c0c/allocations => generated 440 bytes in 23 msecs (HTTP/1.1 200) 6 headers in 224 bytes (1 switches on core 0)
2026-06-02 08:09:28.036 7 INFO placement.requestlog [req-54365e7a-1a0b-4f62-b6c0-4a1deb2b8fd2 req-1bf786e5-3042-4ede-9f89-55ebaac29eb8 eaf6f24a39364149a0b7704ed33ef2eb e39849b2188344d39b68908c31f92679 - - e143ad1e9d8f41cdbea10cdf537183d4 e143ad1e9d8f41cdbea10cdf537183d4] 199.19.213.156 "GET /allocations/054eff5c-a678-44e3-9b7a-de71c8c7d441" status: 200 len: 258 microversion: 1.28 [pid: 7|app: 0|req: 510/1022] 199.19.213.156 () {34 vars in 862 bytes} [Tue Jun 2 08:09:28 2026] GET /allocations/054eff5c-a678-44e3-9b7a-de71c8c7d441 => generated 258 bytes in 19 msecs (HTTP/1.1 200) 8 headers in 296 bytes (1 switches on core 0)
2026-06-02 08:09:28.054 8 INFO placement.requestlog [req-54365e7a-1a0b-4f62-b6c0-4a1deb2b8fd2 req-39c6bbc4-04db-4436-86f2-839e89a45468 eaf6f24a39364149a0b7704ed33ef2eb e39849b2188344d39b68908c31f92679 - - e143ad1e9d8f41cdbea10cdf537183d4 e143ad1e9d8f41cdbea10cdf537183d4] 199.19.213.156 "GET /allocations/6270efcd-b2eb-44f5-aa91-55c814c5caf5" status: 200 len: 258 microversion: 1.28 [pid: 8|app: 0|req: 513/1023] 199.19.213.156 () {34 vars in 862 bytes} [Tue Jun 2 08:09:28 2026] GET /allocations/6270efcd-b2eb-44f5-aa91-55c814c5caf5 => generated 258 bytes in 13 msecs (HTTP/1.1 200) 8 headers in 296 bytes (1 switches on core 0)
2026-06-02 08:09:28.074 7 INFO placement.requestlog [req-54365e7a-1a0b-4f62-b6c0-4a1deb2b8fd2 req-2bce9acb-736a-435e-8a5f-2f96f184a58a eaf6f24a39364149a0b7704ed33ef2eb e39849b2188344d39b68908c31f92679 - - e143ad1e9d8f41cdbea10cdf537183d4 e143ad1e9d8f41cdbea10cdf537183d4] 199.19.213.156 "GET /allocations/05346474-1095-4053-b170-0bff2dcad5c2" status: 200 len: 258 microversion: 1.28 [pid: 7|app: 0|req: 511/1024] 199.19.213.156 () {34 vars in 862 bytes} [Tue Jun 2 08:09:28 2026] GET /allocations/05346474-1095-4053-b170-0bff2dcad5c2 => generated 258 bytes in 15 msecs (HTTP/1.1 200) 8 headers in 296 bytes (1 switches on core 0)
