Apr 18 18:05:55.111920 np0000167502 devstack@neutron-api.service[104613]: DEBUG neutron.api.v2.resource_helper [None req-79e338e8-7295-4997-b295-7d778e8d2894 None None] Service FLAVORS assigned prefix: {{(pid=104613) build_resource_info /opt/stack/neutron/neutron/api/v2/resource_helper.py:77}}
Apr 18 18:05:55.112559 np0000167502 devstack@neutron-api.service[104614]: DEBUG neutron.api.extensions [None req-3bad7f9f-4169-4f4a-bd2a-0720d1335248 None None] Extended resource: tags {{(pid=104614) __init__ /opt/stack/neutron/neutron/api/extensions.py:156}}
Apr 18 18:05:55.112960 np0000167502 devstack@neutron-api.service[104613]: DEBUG neutron.api.v2.resource_helper [None req-79e338e8-7295-4997-b295-7d778e8d2894 None None] Service L3_ROUTER_NAT assigned prefix: {{(pid=104613) build_resource_info /opt/stack/neutron/neutron/api/v2/resource_helper.py:77}}
Apr 18 18:05:55.113318 np0000167502 devstack@neutron-api.service[104613]: DEBUG neutron.api.v2.resource_helper [None req-79e338e8-7295-4997-b295-7d778e8d2894 None None] Service L3_ROUTER_NAT assigned prefix: {{(pid=104613) build_resource_info /opt/stack/neutron/neutron/api/v2/resource_helper.py:77}}
Apr 18 18:05:55.113368 np0000167502 devstack@neutron-api.service[104614]: DEBUG neutron.api.extensions [None req-3bad7f9f-4169-4f4a-bd2a-0720d1335248 None None] Extended resource: tags {{(pid=104614) __init__ /opt/stack/neutron/neutron/api/extensions.py:156}}
Apr 18 18:05:55.113466 np0000167502 devstack@neutron-api.service[104613]: INFO neutron.quota.resource_registry [None req-79e338e8-7295-4997-b295-7d778e8d2894 None None] Creating instance of TrackedResource for resource:router
Apr 18 18:05:55.113854 np0000167502 devstack@neutron-api.service[104613]: INFO neutron.quota.resource_registry [None req-79e338e8-7295-4997-b295-7d778e8d2894 None None] Creating instance of TrackedResource for resource:floatingip
Apr 18 18:05:55.114090 np0000167502 devstack@neutron-api.service[104614]: DEBUG neutron.api.extensions [None req-3bad7f9f-4169-4f4a-bd2a-0720d1335248 None None] Extended resource: tags {{(pid=104614) __init__ /opt/stack/neutron/neutron/api/extensions.py:156}}
Apr 18 18:05:55.114889 np0000167502 devstack@neutron-api.service[104614]: DEBUG neutron.api.extensions [None req-3bad7f9f-4169-4f4a-bd2a-0720d1335248 None None] Extended resource: tags {{(pid=104614) __init__ /opt/stack/neutron/neutron/api/extensions.py:156}}
Apr 18 18:05:55.115004 np0000167502 devstack@neutron-api.service[104613]: INFO neutron.quota.resource_registry [None req-79e338e8-7295-4997-b295-7d778e8d2894 None None] Creating instance of CountableResource for resource:rbac_policy
Apr 18 18:05:55.115733 np0000167502 devstack@neutron-api.service[104613]: INFO neutron.quota.resource_registry [None req-79e338e8-7295-4997-b295-7d778e8d2894 None None] Creating instance of TrackedResource for resource:security_group
Apr 18 18:05:55.116113 np0000167502 devstack@neutron-api.service[104613]: INFO neutron.quota.resource_registry [None req-79e338e8-7295-4997-b295-7d778e8d2894 None None] Creating instance of TrackedResource for resource:security_group_rule
Apr 18 18:05:55.116934 np0000167502 devstack@neutron-api.service[104613]: DEBUG neutron.api.v2.resource_helper [None req-79e338e8-7295-4997-b295-7d778e8d2894 None None] Service CORE assigned prefix: {{(pid=104613) build_resource_info /opt/stack/neutron/neutron/api/v2/resource_helper.py:77}}
Apr 18 18:05:55.116990 np0000167502 devstack@neutron-api.service[104613]: INFO neutron.quota.resource_registry [None req-79e338e8-7295-4997-b295-7d778e8d2894 None None] Creating instance of TrackedResource for resource:subnetpool
Apr 18 18:05:55.117152 np0000167502 devstack@neutron-api.service[104613]: WARNING neutron.quota.resource_registry [None req-79e338e8-7295-4997-b295-7d778e8d2894 None None] subnetpool is already registered
Apr 18 18:05:55.118034 np0000167502 devstack@neutron-api.service[104614]: WARNING keystonemiddleware.auth_token [None req-3bad7f9f-4169-4f4a-bd2a-0720d1335248 None None] AuthToken middleware is set with keystone_authtoken.service_token_roles_required set to False. This is backwards compatible but deprecated behaviour. Please set this to True.
Apr 18 18:05:55.119596 np0000167502 devstack@neutron-api.service[104613]: DEBUG neutron.api.v2.resource_helper [None req-79e338e8-7295-4997-b295-7d778e8d2894 None None] Service L3_ROUTER_NAT assigned prefix: {{(pid=104613) build_resource_info /opt/stack/neutron/neutron/api/v2/resource_helper.py:77}}
Apr 18 18:05:55.119974 np0000167502 devstack@neutron-api.service[104613]: DEBUG neutron.api.v2.resource_helper [None req-79e338e8-7295-4997-b295-7d778e8d2894 None None] Service FLAVORS assigned prefix: {{(pid=104613) build_resource_info /opt/stack/neutron/neutron/api/v2/resource_helper.py:77}}
Apr 18 18:05:55.120844 np0000167502 devstack@neutron-api.service[104613]: DEBUG neutron.api.v2.resource_helper [None req-79e338e8-7295-4997-b295-7d778e8d2894 None None] Service L3_ROUTER_NAT assigned prefix: {{(pid=104613) build_resource_info /opt/stack/neutron/neutron/api/v2/resource_helper.py:77}}
Apr 18 18:05:55.121198 np0000167502 devstack@neutron-api.service[104613]: DEBUG neutron.api.v2.resource_helper [None req-79e338e8-7295-4997-b295-7d778e8d2894 None None] Service L3_ROUTER_NAT assigned prefix: {{(pid=104613) build_resource_info /opt/stack/neutron/neutron/api/v2/resource_helper.py:77}}
Apr 18 18:05:55.121378 np0000167502 devstack@neutron-api.service[104613]: INFO neutron.quota.resource_registry [None req-79e338e8-7295-4997-b295-7d778e8d2894 None None] Creating instance of TrackedResource for resource:router
Apr 18 18:05:55.121530 np0000167502 devstack@neutron-api.service[104613]: WARNING neutron.quota.resource_registry [None req-79e338e8-7295-4997-b295-7d778e8d2894 None None] router is already registered
Apr 18 18:05:55.121887 np0000167502 devstack@neutron-api.service[104613]: INFO neutron.quota.resource_registry [None req-79e338e8-7295-4997-b295-7d778e8d2894 None None] Creating instance of TrackedResource for resource:floatingip
Apr 18 18:05:55.122014 np0000167502 devstack@neutron-api.service[104613]: WARNING neutron.quota.resource_registry [None req-79e338e8-7295-4997-b295-7d778e8d2894 None None] floatingip is already registered
Apr 18 18:05:55.123223 np0000167502 devstack@neutron-api.service[104613]: INFO neutron.quota.resource_registry [None req-79e338e8-7295-4997-b295-7d778e8d2894 None None] Creating instance of CountableResource for resource:rbac_policy
Apr 18 18:05:55.123368 np0000167502 devstack@neutron-api.service[104613]: WARNING neutron.quota.resource_registry [None req-79e338e8-7295-4997-b295-7d778e8d2894 None None] rbac_policy is already registered
Apr 18 18:05:55.124225 np0000167502 devstack@neutron-api.service[104613]: INFO neutron.quota.resource_registry [None req-79e338e8-7295-4997-b295-7d778e8d2894 None None] Creating instance of TrackedResource for resource:security_group
Apr 18 18:05:55.124387 np0000167502 devstack@neutron-api.service[104613]: WARNING neutron.quota.resource_registry [None req-79e338e8-7295-4997-b295-7d778e8d2894 None None] security_group is already registered
Apr 18 18:05:55.124795 np0000167502 devstack@neutron-api.service[104614]: DEBUG neutron_lib.callbacks.manager [None req-3bad7f9f-4169-4f4a-bd2a-0720d1335248 None None] Publish callbacks ['neutron.plugins.ml2.drivers.ovn.mech_driver.mech_driver.OVNMechanismDriver.pre_fork_initialize-340235'] for process (None), before_spawn {{(pid=104614) _notify_loop /opt/stack/data/venv/lib/python3.12/site-packages/neutron_lib/callbacks/manager.py:184}}
Apr 18 18:05:55.124893 np0000167502 devstack@neutron-api.service[104613]: INFO neutron.quota.resource_registry [None req-79e338e8-7295-4997-b295-7d778e8d2894 None None] Creating instance of TrackedResource for resource:security_group_rule
Apr 18 18:05:55.124893 np0000167502 devstack@neutron-api.service[104613]: WARNING neutron.quota.resource_registry [None req-79e338e8-7295-4997-b295-7d778e8d2894 None None] security_group_rule is already registered
Apr 18 18:05:55.125154 np0000167502 devstack@neutron-api.service[104614]: DEBUG oslo_concurrency.processutils [None req-3bad7f9f-4169-4f4a-bd2a-0720d1335248 None None] Running cmd (subprocess): ovsdb-client transact ssl:199.204.45.155:6641 --timeout 180 -p /opt/stack/data/CA/int-ca/private/devstack-cert.key -c /opt/stack/data/CA/int-ca/devstack-cert.crt -C /opt/stack/data/CA/int-ca/ca-chain.pem ["OVN_Northbound", {"op": "wait", "timeout": 0, "table": "Port_Group", "where": [["name", "==", "neutron_pg_drop"]], "until": "==", "rows": []}, {"op": "insert", "table": "ACL", "row": {"action": "drop", "direction": "to-lport", "match": "outport == @neutron_pg_drop && ip", "priority": 1001}, "uuid-name": "droptoport"}, {"op": "insert", "table": "ACL", "row": {"action": "drop", "direction": "from-lport", "match": "inport == @neutron_pg_drop && ip", "priority": 1001}, "uuid-name": "dropfromport"}, {"op": "insert", "table": "Port_Group", "row": {"name": "neutron_pg_drop", "acls": ["set", [["named-uuid", "droptoport"], ["named-uuid", "dropfromport"]]]}}] {{(pid=104614) execute /opt/stack/data/venv/lib/python3.12/site-packages/oslo_concurrency/processutils.py:440}}
Apr 18 18:05:55.125469 np0000167502 devstack@neutron-api.service[104613]: DEBUG neutron.api.v2.resource_helper [None req-79e338e8-7295-4997-b295-7d778e8d2894 None None] Service CORE assigned prefix: {{(pid=104613) build_resource_info /opt/stack/neutron/neutron/api/v2/resource_helper.py:77}}
Apr 18 18:05:55.125572 np0000167502 devstack@neutron-api.service[104613]: INFO neutron.quota.resource_registry [None req-79e338e8-7295-4997-b295-7d778e8d2894 None None] Creating instance of TrackedResource for resource:subnetpool
Apr 18 18:05:55.125893 np0000167502 devstack@neutron-api.service[104613]: WARNING neutron.quota.resource_registry [None req-79e338e8-7295-4997-b295-7d778e8d2894 None None] subnetpool is already registered
Apr 18 18:05:55.126235 np0000167502 devstack@neutron-api.service[104613]: DEBUG neutron.api.extensions [None req-79e338e8-7295-4997-b295-7d778e8d2894 None None] Extended resource: extensions {{(pid=104613) __init__ /opt/stack/neutron/neutron/api/extensions.py:156}}
Apr 18 18:05:55.127161 np0000167502 devstack@neutron-api.service[104613]: DEBUG neutron.api.extensions [None req-79e338e8-7295-4997-b295-7d778e8d2894 None None] Extended resource: address-groups {{(pid=104613) __init__ /opt/stack/neutron/neutron/api/extensions.py:156}}
Apr 18 18:05:55.127838 np0000167502 devstack@neutron-api.service[104613]: DEBUG neutron.api.extensions [None req-79e338e8-7295-4997-b295-7d778e8d2894 None None] Extended resource: address-scopes {{(pid=104613) __init__ /opt/stack/neutron/neutron/api/extensions.py:156}}
Apr 18 18:05:55.128466 np0000167502 devstack@neutron-api.service[104613]: DEBUG neutron.api.extensions [None req-79e338e8-7295-4997-b295-7d778e8d2894 None None] Extended resource: agents {{(pid=104613) __init__ /opt/stack/neutron/neutron/api/extensions.py:156}}
Apr 18 18:05:55.128957 np0000167502 devstack@neutron-api.service[104613]: DEBUG neutron.api.extensions [None req-79e338e8-7295-4997-b295-7d778e8d2894 None None] Extended resource: auto-allocated-topology {{(pid=104613) __init__ /opt/stack/neutron/neutron/api/extensions.py:156}}
Apr 18 18:05:55.129566 np0000167502 devstack@neutron-api.service[104613]: DEBUG neutron.api.extensions [None req-79e338e8-7295-4997-b295-7d778e8d2894 None None] Extended resource: availability_zones {{(pid=104613) __init__ /opt/stack/neutron/neutron/api/extensions.py:156}}
Apr 18 18:05:55.130478 np0000167502 devstack@neutron-api.service[104613]: DEBUG neutron.api.extensions [None req-79e338e8-7295-4997-b295-7d778e8d2894 None None] Extended resource: dhcp-networks {{(pid=104613) __init__ /opt/stack/neutron/neutron/api/extensions.py:156}}
Apr 18 18:05:55.131271 np0000167502 devstack@neutron-api.service[104613]: DEBUG neutron.api.extensions [None req-79e338e8-7295-4997-b295-7d778e8d2894 None None] Extended resource: dhcp-agents {{(pid=104613) __init__ /opt/stack/neutron/neutron/api/extensions.py:156}}
Apr 18 18:05:55.132003 np0000167502 devstack@neutron-api.service[104613]: DEBUG neutron.api.extensions [None req-79e338e8-7295-4997-b295-7d778e8d2894 None None] Extended resource: routers {{(pid=104613) __init__ /opt/stack/neutron/neutron/api/extensions.py:156}}
Apr 18 18:05:55.132953 np0000167502 devstack@neutron-api.service[104613]: DEBUG neutron.api.extensions [None req-79e338e8-7295-4997-b295-7d778e8d2894 None None] Extended resource: flavors {{(pid=104613) __init__ /opt/stack/neutron/neutron/api/extensions.py:156}}
Apr 18 18:05:55.133656 np0000167502 devstack@neutron-api.service[104613]: DEBUG neutron.api.extensions [None req-79e338e8-7295-4997-b295-7d778e8d2894 None None] Extended resource: service_profiles {{(pid=104613) __init__ /opt/stack/neutron/neutron/api/extensions.py:156}}
Apr 18 18:05:55.134357 np0000167502 devstack@neutron-api.service[104613]: DEBUG neutron.api.extensions [None req-79e338e8-7295-4997-b295-7d778e8d2894 None None] Extended resource: next_providers {{(pid=104613) __init__ /opt/stack/neutron/neutron/api/extensions.py:156}}
Apr 18 18:05:55.135691 np0000167502 devstack@neutron-api.service[104612]: DEBUG ovsdbapp.backend.ovs_idl [None req-bb5d4a7b-dfab-4917-9d9b-d0a969961bf3 None None] Created lookup_table index Logical_Switch.name {{(pid=104612) autocreate_indices /opt/stack/data/venv/lib/python3.12/site-packages/ovsdbapp/backend/ovs_idl/__init__.py:87}}
Apr 18 18:05:55.135747 np0000167502 devstack@neutron-api.service[104612]: DEBUG ovsdbapp.backend.ovs_idl [None req-bb5d4a7b-dfab-4917-9d9b-d0a969961bf3 None None] Created lookup_table index Logical_Router.name {{(pid=104612) autocreate_indices /opt/stack/data/venv/lib/python3.12/site-packages/ovsdbapp/backend/ovs_idl/__init__.py:87}}
Apr 18 18:05:55.136485 np0000167502 devstack@neutron-api.service[104612]: DEBUG ovsdbapp.backend.ovs_idl [None req-bb5d4a7b-dfab-4917-9d9b-d0a969961bf3 None None] Created lookup_table index Load_Balancer.name {{(pid=104612) autocreate_indices /opt/stack/data/venv/lib/python3.12/site-packages/ovsdbapp/backend/ovs_idl/__init__.py:87}}
Apr 18 18:05:55.136671 np0000167502 devstack@neutron-api.service[104613]: DEBUG neutron.api.extensions [None req-79e338e8-7295-4997-b295-7d778e8d2894 None None] Extended resource: service_profiles {{(pid=104613) __init__ /opt/stack/neutron/neutron/api/extensions.py:156}}
Apr 18 18:05:55.136764 np0000167502 devstack@neutron-api.service[104612]: DEBUG ovsdbapp.backend.ovs_idl [None req-bb5d4a7b-dfab-4917-9d9b-d0a969961bf3 None None] Created schema index Copp.name {{(pid=104612) autocreate_indices /opt/stack/data/venv/lib/python3.12/site-packages/ovsdbapp/backend/ovs_idl/__init__.py:106}}
Apr 18 18:05:55.136764 np0000167502 devstack@neutron-api.service[104612]: DEBUG ovsdbapp.backend.ovs_idl [None req-bb5d4a7b-dfab-4917-9d9b-d0a969961bf3 None None] Created schema index Meter.name {{(pid=104612) autocreate_indices /opt/stack/data/venv/lib/python3.12/site-packages/ovsdbapp/backend/ovs_idl/__init__.py:106}}
Apr 18 18:05:55.136764 np0000167502 devstack@neutron-api.service[104612]: DEBUG ovsdbapp.backend.ovs_idl [None req-bb5d4a7b-dfab-4917-9d9b-d0a969961bf3 None None] Created schema index Load_Balancer_Group.name {{(pid=104612) autocreate_indices /opt/stack/data/venv/lib/python3.12/site-packages/ovsdbapp/backend/ovs_idl/__init__.py:106}}
Apr 18 18:05:55.136764 np0000167502 devstack@neutron-api.service[104612]: DEBUG ovsdbapp.backend.ovs_idl [None req-bb5d4a7b-dfab-4917-9d9b-d0a969961bf3 None None] Created schema index HA_Chassis_Group.name {{(pid=104612) autocreate_indices /opt/stack/data/venv/lib/python3.12/site-packages/ovsdbapp/backend/ovs_idl/__init__.py:106}}
Apr 18 18:05:55.136764 np0000167502 devstack@neutron-api.service[104612]: DEBUG ovsdbapp.backend.ovs_idl [None req-bb5d4a7b-dfab-4917-9d9b-d0a969961bf3 None None] Created schema index Address_Set.name {{(pid=104612) autocreate_indices /opt/stack/data/venv/lib/python3.12/site-packages/ovsdbapp/backend/ovs_idl/__init__.py:106}}
Apr 18 18:05:55.136764 np0000167502 devstack@neutron-api.service[104612]: DEBUG ovsdbapp.backend.ovs_idl [None req-bb5d4a7b-dfab-4917-9d9b-d0a969961bf3 None None] Created schema index Connection.target {{(pid=104612) autocreate_indices /opt/stack/data/venv/lib/python3.12/site-packages/ovsdbapp/backend/ovs_idl/__init__.py:106}}
Apr 18 18:05:55.136993 np0000167502 devstack@neutron-api.service[104612]: DEBUG ovsdbapp.backend.ovs_idl [None req-bb5d4a7b-dfab-4917-9d9b-d0a969961bf3 None None] Created schema index Gateway_Chassis.name {{(pid=104612) autocreate_indices /opt/stack/data/venv/lib/python3.12/site-packages/ovsdbapp/backend/ovs_idl/__init__.py:106}}
Apr 18 18:05:55.137036 np0000167502 devstack@neutron-api.service[104613]: DEBUG neutron.api.extensions [None req-79e338e8-7295-4997-b295-7d778e8d2894 None None] Extended resource: floatingip-pools {{(pid=104613) __init__ /opt/stack/neutron/neutron/api/extensions.py:156}}
Apr 18 18:05:55.137077 np0000167502 devstack@neutron-api.service[104612]: DEBUG ovsdbapp.backend.ovs_idl [None req-bb5d4a7b-dfab-4917-9d9b-d0a969961bf3 None None] Created schema index Mirror.name {{(pid=104612) autocreate_indices /opt/stack/data/venv/lib/python3.12/site-packages/ovsdbapp/backend/ovs_idl/__init__.py:106}}
Apr 18 18:05:55.137077 np0000167502 devstack@neutron-api.service[104612]: DEBUG ovsdbapp.backend.ovs_idl [None req-bb5d4a7b-dfab-4917-9d9b-d0a969961bf3 None None] Created schema index Chassis_Template_Var.chassis {{(pid=104612) autocreate_indices /opt/stack/data/venv/lib/python3.12/site-packages/ovsdbapp/backend/ovs_idl/__init__.py:106}}
Apr 18 18:05:55.137077 np0000167502 devstack@neutron-api.service[104612]: DEBUG ovsdbapp.backend.ovs_idl [None req-bb5d4a7b-dfab-4917-9d9b-d0a969961bf3 None None] Created schema index Logical_Router_Port.name {{(pid=104612) autocreate_indices /opt/stack/data/venv/lib/python3.12/site-packages/ovsdbapp/backend/ovs_idl/__init__.py:106}}
Apr 18 18:05:55.137077 np0000167502 devstack@neutron-api.service[104612]: DEBUG ovsdbapp.backend.ovs_idl [None req-bb5d4a7b-dfab-4917-9d9b-d0a969961bf3 None None] Created schema index Port_Group.name {{(pid=104612) autocreate_indices /opt/stack/data/venv/lib/python3.12/site-packages/ovsdbapp/backend/ovs_idl/__init__.py:106}}
Apr 18 18:05:55.137077 np0000167502 devstack@neutron-api.service[104612]: DEBUG ovsdbapp.backend.ovs_idl [None req-bb5d4a7b-dfab-4917-9d9b-d0a969961bf3 None None] Created schema index Logical_Switch_Port.name {{(pid=104612) autocreate_indices /opt/stack/data/venv/lib/python3.12/site-packages/ovsdbapp/backend/ovs_idl/__init__.py:106}}
Apr 18 18:05:55.137267 np0000167502 devstack@neutron-api.service[104613]: DEBUG neutron.api.extensions [None req-79e338e8-7295-4997-b295-7d778e8d2894 None None] Extended resource: routers {{(pid=104613) __init__ /opt/stack/neutron/neutron/api/extensions.py:156}}
Apr 18 18:05:55.138717 np0000167502 devstack@neutron-api.service[104613]: DEBUG neutron.api.extensions [None req-79e338e8-7295-4997-b295-7d778e8d2894 None None] Extended resource: floatingips {{(pid=104613) __init__ /opt/stack/neutron/neutron/api/extensions.py:156}}
Apr 18 18:05:55.139326 np0000167502 devstack@neutron-api.service[104613]: DEBUG neutron.api.extensions [None req-79e338e8-7295-4997-b295-7d778e8d2894 None None] Extended resource: network-ip-availabilities {{(pid=104613) __init__ /opt/stack/neutron/neutron/api/extensions.py:156}}
Apr 18 18:05:55.140160 np0000167502 devstack@neutron-api.service[104613]: DEBUG neutron.api.extensions [None req-79e338e8-7295-4997-b295-7d778e8d2894 None None] Extended resource: network-ip-availabilities {{(pid=104613) __init__ /opt/stack/neutron/neutron/api/extensions.py:156}}
Apr 18 18:05:55.140856 np0000167502 devstack@neutron-api.service[104613]: DEBUG neutron.api.extensions [None req-79e338e8-7295-4997-b295-7d778e8d2894 None None] Extended resource: bindings {{(pid=104613) __init__ /opt/stack/neutron/neutron/api/extensions.py:156}}
Apr 18 18:05:55.142454 np0000167502 devstack@neutron-api.service[104613]: DEBUG neutron.api.extensions [None req-79e338e8-7295-4997-b295-7d778e8d2894 None None] Extended resource: quotas {{(pid=104613) __init__ /opt/stack/neutron/neutron/api/extensions.py:156}}
Apr 18 18:05:55.142998 np0000167502 devstack@neutron-api.service[104612]: INFO ovsdbapp.backend.ovs_idl.vlog [None req-bb5d4a7b-dfab-4917-9d9b-d0a969961bf3 None None] ssl:199.204.45.155:6641: connecting...
Apr 18 18:05:55.143123 np0000167502 devstack@neutron-api.service[104613]: DEBUG neutron.api.extensions [None req-79e338e8-7295-4997-b295-7d778e8d2894 None None] Extended resource: quotas {{(pid=104613) __init__ /opt/stack/neutron/neutron/api/extensions.py:156}}
Apr 18 18:05:55.144671 np0000167502 devstack@neutron-api.service[104613]: DEBUG neutron.api.extensions [None req-79e338e8-7295-4997-b295-7d778e8d2894 None None] Extended resource: rbac-policies {{(pid=104613) __init__ /opt/stack/neutron/neutron/api/extensions.py:156}}
Apr 18 18:05:55.144937 np0000167502 devstack@neutron-api.service[104613]: DEBUG neutron.api.extensions [None req-79e338e8-7295-4997-b295-7d778e8d2894 None None] Extended resource: default-security-group-rules {{(pid=104613) __init__ /opt/stack/neutron/neutron/api/extensions.py:156}}
Apr 18 18:05:55.145799 np0000167502 devstack@neutron-api.service[104613]: DEBUG neutron.api.extensions [None req-79e338e8-7295-4997-b295-7d778e8d2894 None None] Extended resource: security-groups {{(pid=104613) __init__ /opt/stack/neutron/neutron/api/extensions.py:156}}
Apr 18 18:05:55.146361 np0000167502 devstack@neutron-api.service[104613]: DEBUG neutron.api.extensions [None req-79e338e8-7295-4997-b295-7d778e8d2894 None None] Extended resource: security-group-rules {{(pid=104613) __init__ /opt/stack/neutron/neutron/api/extensions.py:156}}
Apr 18 18:05:55.147523 np0000167502 devstack@neutron-api.service[104613]: DEBUG neutron.api.extensions [None req-79e338e8-7295-4997-b295-7d778e8d2894 None None] Extended resource: service-providers {{(pid=104613) __init__ /opt/stack/neutron/neutron/api/extensions.py:156}}
Apr 18 18:05:55.147523 np0000167502 devstack@neutron-api.service[104613]: DEBUG neutron.api.extensions [None req-79e338e8-7295-4997-b295-7d778e8d2894 None None] Extended resource: subnetpools {{(pid=104613) __init__ /opt/stack/neutron/neutron/api/extensions.py:156}}
Apr 18 18:05:55.148237 np0000167502 devstack@neutron-api.service[104613]: DEBUG neutron.api.extensions [None req-79e338e8-7295-4997-b295-7d778e8d2894 None None] Extended resource: tags {{(pid=104613) __init__ /opt/stack/neutron/neutron/api/extensions.py:156}}
Apr 18 18:05:55.149161 np0000167502 devstack@neutron-api.service[104613]: DEBUG neutron.api.extensions [None req-79e338e8-7295-4997-b295-7d778e8d2894 None None] Extended resource: tags {{(pid=104613) __init__ /opt/stack/neutron/neutron/api/extensions.py:156}}
Apr 18 18:05:55.150395 np0000167502 devstack@neutron-api.service[104613]: DEBUG neutron.api.extensions [None req-79e338e8-7295-4997-b295-7d778e8d2894 None None] Extended resource: tags {{(pid=104613) __init__ /opt/stack/neutron/neutron/api/extensions.py:156}}
Apr 18 18:05:55.151376 np0000167502 devstack@neutron-api.service[104613]: DEBUG neutron.api.extensions [None req-79e338e8-7295-4997-b295-7d778e8d2894 None None] Extended resource: tags {{(pid=104613) __init__ /opt/stack/neutron/neutron/api/extensions.py:156}}
Apr 18 18:05:55.152030 np0000167502 devstack@neutron-api.service[104613]: DEBUG neutron.api.extensions [None req-79e338e8-7295-4997-b295-7d778e8d2894 None None] Extended resource: tags {{(pid=104613) __init__ /opt/stack/neutron/neutron/api/extensions.py:156}}
Apr 18 18:05:55.152213 np0000167502 devstack@neutron-api.service[104612]: INFO ovsdbapp.backend.ovs_idl.vlog [None req-bb5d4a7b-dfab-4917-9d9b-d0a969961bf3 None None] ssl:199.204.45.155:6641: connected
Apr 18 18:05:55.153069 np0000167502 devstack@neutron-api.service[104613]: DEBUG neutron.api.extensions [None req-79e338e8-7295-4997-b295-7d778e8d2894 None None] Extended resource: tags {{(pid=104613) __init__ /opt/stack/neutron/neutron/api/extensions.py:156}}
Apr 18 18:05:55.154515 np0000167502 devstack@neutron-api.service[104613]: DEBUG neutron.api.extensions [None req-79e338e8-7295-4997-b295-7d778e8d2894 None None] Extended resource: tags {{(pid=104613) __init__ /opt/stack/neutron/neutron/api/extensions.py:156}}
Apr 18 18:05:55.155480 np0000167502 devstack@neutron-api.service[104613]: DEBUG neutron.api.extensions [None req-79e338e8-7295-4997-b295-7d778e8d2894 None None] Extended resource: tags {{(pid=104613) __init__ /opt/stack/neutron/neutron/api/extensions.py:156}}
Apr 18 18:05:55.156314 np0000167502 devstack@neutron-api.service[104613]: DEBUG neutron.api.extensions [None req-79e338e8-7295-4997-b295-7d778e8d2894 None None] Extended resource: tags {{(pid=104613) __init__ /opt/stack/neutron/neutron/api/extensions.py:156}}
Apr 18 18:05:55.157361 np0000167502 devstack@neutron-api.service[104613]: DEBUG neutron.api.extensions [None req-79e338e8-7295-4997-b295-7d778e8d2894 None None] Extended resource: tags {{(pid=104613) __init__ /opt/stack/neutron/neutron/api/extensions.py:156}}
Apr 18 18:05:55.159943 np0000167502 devstack@neutron-api.service[104614]: DEBUG oslo_concurrency.processutils [None req-3bad7f9f-4169-4f4a-bd2a-0720d1335248 None None] CMD "ovsdb-client transact ssl:199.204.45.155:6641 --timeout 180 -p /opt/stack/data/CA/int-ca/private/devstack-cert.key -c /opt/stack/data/CA/int-ca/devstack-cert.crt -C /opt/stack/data/CA/int-ca/ca-chain.pem ["OVN_Northbound", {"op": "wait", "timeout": 0, "table": "Port_Group", "where": [["name", "==", "neutron_pg_drop"]], "until": "==", "rows": []}, {"op": "insert", "table": "ACL", "row": {"action": "drop", "direction": "to-lport", "match": "outport == @neutron_pg_drop && ip", "priority": 1001}, "uuid-name": "droptoport"}, {"op": "insert", "table": "ACL", "row": {"action": "drop", "direction": "from-lport", "match": "inport == @neutron_pg_drop && ip", "priority": 1001}, "uuid-name": "dropfromport"}, {"op": "insert", "table": "Port_Group", "row": {"name": "neutron_pg_drop", "acls": ["set", [["named-uuid", "droptoport"], ["named-uuid", "dropfromport"]]]}}]" returned: 0 in 0.035s {{(pid=104614) execute /opt/stack/data/venv/lib/python3.12/site-packages/oslo_concurrency/processutils.py:468}}
Apr 18 18:05:55.160321 np0000167502 devstack@neutron-api.service[104614]: DEBUG neutron_lib.callbacks.manager [None req-3bad7f9f-4169-4f4a-bd2a-0720d1335248 None None] Publish callbacks ['neutron.plugins.ml2.drivers.ovn.mech_driver.mech_driver.OVNMechanismDriver.post_fork_initialize-340691', 'neutron.services.ovn_l3.plugin.OVNL3RouterPlugin._post_fork_initialize-487410'] for process (None), after_init {{(pid=104614) _notify_loop /opt/stack/data/venv/lib/python3.12/site-packages/neutron_lib/callbacks/manager.py:184}}
Apr 18 18:05:55.160672 np0000167502 devstack@neutron-api.service[104614]: DEBUG oslo_concurrency.lockutils [None req-3bad7f9f-4169-4f4a-bd2a-0720d1335248 None None] Acquiring lock "singleton_lock" {{(pid=104614) lock /opt/stack/data/venv/lib/python3.12/site-packages/oslo_concurrency/lockutils.py:390}}
Apr 18 18:05:55.160768 np0000167502 devstack@neutron-api.service[104614]: DEBUG oslo_concurrency.lockutils [None req-3bad7f9f-4169-4f4a-bd2a-0720d1335248 None None] Acquired lock "singleton_lock" {{(pid=104614) lock /opt/stack/data/venv/lib/python3.12/site-packages/oslo_concurrency/lockutils.py:393}}
Apr 18 18:05:55.160991 np0000167502 devstack@neutron-api.service[104614]: DEBUG oslo_concurrency.lockutils [None req-3bad7f9f-4169-4f4a-bd2a-0720d1335248 None None] Releasing lock "singleton_lock" {{(pid=104614) lock /opt/stack/data/venv/lib/python3.12/site-packages/oslo_concurrency/lockutils.py:413}}
Apr 18 18:05:55.161175 np0000167502 devstack@neutron-api.service[104613]: WARNING keystonemiddleware.auth_token [None req-79e338e8-7295-4997-b295-7d778e8d2894 None None] AuthToken middleware is set with keystone_authtoken.service_token_roles_required set to False. This is backwards compatible but deprecated behaviour. Please set this to True.
Apr 18 18:05:55.162792 np0000167502 devstack@neutron-api.service[104614]: DEBUG neutron.plugins.ml2.drivers.ovn.mech_driver.mech_driver [None req-3bad7f9f-4169-4f4a-bd2a-0720d1335248 None None] Hash Ring setup using WSGI start time 2026-04-18 18:05:47+00:00 {{(pid=104614) _init_hash_ring /opt/stack/neutron/neutron/plugins/ml2/drivers/ovn/mech_driver/mech_driver.py:402}}
Apr 18 18:05:55.168353 np0000167502 devstack@neutron-api.service[104614]: INFO neutron.db.ovn_hash_ring_db [None req-3bad7f9f-4169-4f4a-bd2a-0720d1335248 None None] Nodes from host "np0000167502" and group "mechanism_driver" removed from the Hash Ring created at 2026-04-18 18:05:47+00:00
Apr 18 18:05:55.169727 np0000167502 devstack@neutron-api.service[104613]: DEBUG neutron_lib.callbacks.manager [None req-79e338e8-7295-4997-b295-7d778e8d2894 None None] Publish callbacks ['neutron.plugins.ml2.drivers.ovn.mech_driver.mech_driver.OVNMechanismDriver.pre_fork_initialize-345581'] for process (None), before_spawn {{(pid=104613) _notify_loop /opt/stack/data/venv/lib/python3.12/site-packages/neutron_lib/callbacks/manager.py:184}}
Apr 18 18:05:55.170128 np0000167502 devstack@neutron-api.service[104613]: DEBUG oslo_concurrency.processutils [None req-79e338e8-7295-4997-b295-7d778e8d2894 None None] Running cmd (subprocess): ovsdb-client transact ssl:199.204.45.155:6641 --timeout 180 -p /opt/stack/data/CA/int-ca/private/devstack-cert.key -c /opt/stack/data/CA/int-ca/devstack-cert.crt -C /opt/stack/data/CA/int-ca/ca-chain.pem ["OVN_Northbound", {"op": "wait", "timeout": 0, "table": "Port_Group", "where": [["name", "==", "neutron_pg_drop"]], "until": "==", "rows": []}, {"op": "insert", "table": "ACL", "row": {"action": "drop", "direction": "to-lport", "match": "outport == @neutron_pg_drop && ip", "priority": 1001}, "uuid-name": "droptoport"}, {"op": "insert", "table": "ACL", "row": {"action": "drop", "direction": "from-lport", "match": "inport == @neutron_pg_drop && ip", "priority": 1001}, "uuid-name": "dropfromport"}, {"op": "insert", "table": "Port_Group", "row": {"name": "neutron_pg_drop", "acls": ["set", [["named-uuid", "droptoport"], ["named-uuid", "dropfromport"]]]}}] {{(pid=104613) execute /opt/stack/data/venv/lib/python3.12/site-packages/oslo_concurrency/processutils.py:440}}
Apr 18 18:05:55.172010 np0000167502 devstack@neutron-api.service[104614]: INFO neutron.db.ovn_hash_ring_db [None req-3bad7f9f-4169-4f4a-bd2a-0720d1335248 None None] Node 5257874d5df95ff0919a8f60b9f1953b from host "np0000167502" and group "mechanism_driver" added to the Hash Ring
Apr 18 18:05:55.174116 np0000167502 devstack@neutron-api.service[104614]: DEBUG neutron.plugins.ml2.drivers.ovn.mech_driver.mech_driver [None req-3bad7f9f-4169-4f4a-bd2a-0720d1335248 None None] Hash Ring setup, this worker has detected 3 OVN hash ring registers in the database {{(pid=104614) _init_hash_ring /opt/stack/neutron/neutron/plugins/ml2/drivers/ovn/mech_driver/mech_driver.py:412}}
Apr 18 18:05:55.180221 np0000167502 devstack@neutron-api.service[104614]: DEBUG neutron.plugins.ml2.drivers.ovn.mech_driver.ovsdb.maintenance [None req-3bad7f9f-4169-4f4a-bd2a-0720d1335248 None None] Periodic task found: HashRingHealthCheckPeriodics.touch_hash_ring_node {{(pid=104614) add_periodics /opt/stack/neutron/neutron/plugins/ml2/drivers/ovn/mech_driver/ovsdb/maintenance.py:148}}
Apr 18 18:05:55.181266 np0000167502 devstack@neutron-api.service[104614]: INFO neutron.plugins.ml2.drivers.ovn.mech_driver.mech_driver [None req-3bad7f9f-4169-4f4a-bd2a-0720d1335248 None None] Hash Ring probing thread for node 5257874d5df95ff0919a8f60b9f1953b has started
Apr 18 18:05:55.181769 np0000167502 devstack@neutron-api.service[104614]: INFO neutron.plugins.ml2.drivers.ovn.mech_driver.ovsdb.impl_idl_ovn [None req-3bad7f9f-4169-4f4a-bd2a-0720d1335248 None None] Getting OvsdbNbOvnIdl for WorkerService with retry
Apr 18 18:05:55.187365 np0000167502 devstack@neutron-api.service[104612]: DEBUG neutron.common.ovn.hash_ring_manager [None req-bb5d4a7b-dfab-4917-9d9b-d0a969961bf3 None None] Disallow caching, nodes 3<4 {{(pid=104612) _wait_startup_before_caching /opt/stack/neutron/neutron/common/ovn/hash_ring_manager.py:72}}
Apr 18 18:05:55.193921 np0000167502 devstack@neutron-api.service[104612]: DEBUG neutron.common.ovn.hash_ring_manager [None req-bb5d4a7b-dfab-4917-9d9b-d0a969961bf3 None None] Hash Ring loaded. 3 active nodes. 0 offline nodes {{(pid=104612) _load_hash_ring /opt/stack/neutron/neutron/common/ovn/hash_ring_manager.py:102}}
Apr 18 18:05:55.194073 np0000167502 devstack@neutron-api.service[104612]: DEBUG neutron.plugins.ml2.drivers.ovn.mech_driver.ovsdb.ovsdb_monitor [None req-bb5d4a7b-dfab-4917-9d9b-d0a969961bf3 None None] Hash Ring: Node 9ff9840294855c53903f3f4b2badb5aa (host: np0000167502) handling event "create" for row c523ac33-3bca-4b8e-b57e-310b6d9dce6c (table: ACL) {{(pid=104612) notify /opt/stack/neutron/neutron/plugins/ml2/drivers/ovn/mech_driver/ovsdb/ovsdb_monitor.py:914}}
Apr 18 18:05:55.203781 np0000167502 devstack@neutron-api.service[104612]: DEBUG neutron.common.ovn.hash_ring_manager [None req-bb5d4a7b-dfab-4917-9d9b-d0a969961bf3 None None] Hash Ring loaded. 3 active nodes. 0 offline nodes {{(pid=104612) _load_hash_ring /opt/stack/neutron/neutron/common/ovn/hash_ring_manager.py:102}}
Apr 18 18:05:55.210100 np0000167502 devstack@neutron-api.service[104612]: DEBUG neutron.common.ovn.hash_ring_manager [None req-bb5d4a7b-dfab-4917-9d9b-d0a969961bf3 None None] Hash Ring loaded. 3 active nodes. 0 offline nodes {{(pid=104612) _load_hash_ring /opt/stack/neutron/neutron/common/ovn/hash_ring_manager.py:102}}
Apr 18 18:05:55.216481 np0000167502 devstack@neutron-api.service[104613]: DEBUG oslo_concurrency.processutils [None req-79e338e8-7295-4997-b295-7d778e8d2894 None None] CMD "ovsdb-client transact ssl:199.204.45.155:6641 --timeout 180 -p /opt/stack/data/CA/int-ca/private/devstack-cert.key -c /opt/stack/data/CA/int-ca/devstack-cert.crt -C /opt/stack/data/CA/int-ca/ca-chain.pem ["OVN_Northbound", {"op": "wait", "timeout": 0, "table": "Port_Group", "where": [["name", "==", "neutron_pg_drop"]], "until": "==", "rows": []}, {"op": "insert", "table": "ACL", "row": {"action": "drop", "direction": "to-lport", "match": "outport == @neutron_pg_drop && ip", "priority": 1001}, "uuid-name": "droptoport"}, {"op": "insert", "table": "ACL", "row": {"action": "drop", "direction": "from-lport", "match": "inport == @neutron_pg_drop && ip", "priority": 1001}, "uuid-name": "dropfromport"}, {"op": "insert", "table": "Port_Group", "row": {"name": "neutron_pg_drop", "acls": ["set", [["named-uuid", "droptoport"], ["named-uuid", "dropfromport"]]]}}]" returned: 0 in 0.046s {{(pid=104613) execute /opt/stack/data/venv/lib/python3.12/site-packages/oslo_concurrency/processutils.py:468}}
Apr 18 18:05:55.217252 np0000167502 devstack@neutron-api.service[104613]: DEBUG neutron_lib.callbacks.manager [None req-79e338e8-7295-4997-b295-7d778e8d2894 None None] Publish callbacks ['neutron.plugins.ml2.drivers.ovn.mech_driver.mech_driver.OVNMechanismDriver.post_fork_initialize-345109', 'neutron.services.ovn_l3.plugin.OVNL3RouterPlugin._post_fork_initialize-594799'] for process (None), after_init {{(pid=104613) _notify_loop /opt/stack/data/venv/lib/python3.12/site-packages/neutron_lib/callbacks/manager.py:184}}
Apr 18 18:05:55.217683 np0000167502 devstack@neutron-api.service[104612]: DEBUG neutron.common.ovn.hash_ring_manager [None req-bb5d4a7b-dfab-4917-9d9b-d0a969961bf3 None None] Hash Ring loaded. 3 active nodes. 0 offline nodes {{(pid=104612) _load_hash_ring /opt/stack/neutron/neutron/common/ovn/hash_ring_manager.py:102}}
Apr 18 18:05:55.218022 np0000167502 devstack@neutron-api.service[104613]: DEBUG oslo_concurrency.lockutils [None req-79e338e8-7295-4997-b295-7d778e8d2894 None None] Acquiring lock "singleton_lock" {{(pid=104613) lock /opt/stack/data/venv/lib/python3.12/site-packages/oslo_concurrency/lockutils.py:390}}
Apr 18 18:05:55.218322 np0000167502 devstack@neutron-api.service[104613]: DEBUG oslo_concurrency.lockutils [None req-79e338e8-7295-4997-b295-7d778e8d2894 None None] Acquired lock "singleton_lock" {{(pid=104613) lock /opt/stack/data/venv/lib/python3.12/site-packages/oslo_concurrency/lockutils.py:393}}
Apr 18 18:05:55.218705 np0000167502 devstack@neutron-api.service[104613]: DEBUG oslo_concurrency.lockutils [None req-79e338e8-7295-4997-b295-7d778e8d2894 None None] Releasing lock "singleton_lock" {{(pid=104613) lock /opt/stack/data/venv/lib/python3.12/site-packages/oslo_concurrency/lockutils.py:413}}
Apr 18 18:05:55.222509 np0000167502 devstack@neutron-api.service[104613]: DEBUG neutron.plugins.ml2.drivers.ovn.mech_driver.mech_driver [None req-79e338e8-7295-4997-b295-7d778e8d2894 None None] Hash Ring setup using WSGI start time 2026-04-18 18:05:47+00:00 {{(pid=104613) _init_hash_ring /opt/stack/neutron/neutron/plugins/ml2/drivers/ovn/mech_driver/mech_driver.py:402}}
Apr 18 18:05:55.224768 np0000167502 devstack@neutron-api.service[104614]: DEBUG ovsdbapp.backend.ovs_idl [None req-3bad7f9f-4169-4f4a-bd2a-0720d1335248 None None] Created lookup_table index Logical_Switch.name {{(pid=104614) autocreate_indices /opt/stack/data/venv/lib/python3.12/site-packages/ovsdbapp/backend/ovs_idl/__init__.py:87}}
Apr 18 18:05:55.224923 np0000167502 devstack@neutron-api.service[104614]: DEBUG ovsdbapp.backend.ovs_idl [None req-3bad7f9f-4169-4f4a-bd2a-0720d1335248 None None] Created lookup_table index Logical_Router.name {{(pid=104614) autocreate_indices /opt/stack/data/venv/lib/python3.12/site-packages/ovsdbapp/backend/ovs_idl/__init__.py:87}}
Apr 18 18:05:55.224923 np0000167502 devstack@neutron-api.service[104614]: DEBUG ovsdbapp.backend.ovs_idl [None req-3bad7f9f-4169-4f4a-bd2a-0720d1335248 None None] Created lookup_table index Load_Balancer.name {{(pid=104614) autocreate_indices /opt/stack/data/venv/lib/python3.12/site-packages/ovsdbapp/backend/ovs_idl/__init__.py:87}}
Apr 18 18:05:55.225092 np0000167502 devstack@neutron-api.service[104614]: DEBUG ovsdbapp.backend.ovs_idl [None req-3bad7f9f-4169-4f4a-bd2a-0720d1335248 None None] Created schema index Copp.name {{(pid=104614) autocreate_indices /opt/stack/data/venv/lib/python3.12/site-packages/ovsdbapp/backend/ovs_idl/__init__.py:106}}
Apr 18 18:05:55.225506 np0000167502 devstack@neutron-api.service[104614]: DEBUG ovsdbapp.backend.ovs_idl [None req-3bad7f9f-4169-4f4a-bd2a-0720d1335248 None None] Created schema index Meter.name {{(pid=104614) autocreate_indices /opt/stack/data/venv/lib/python3.12/site-packages/ovsdbapp/backend/ovs_idl/__init__.py:106}}
Apr 18 18:05:55.225506 np0000167502 devstack@neutron-api.service[104614]: DEBUG ovsdbapp.backend.ovs_idl [None req-3bad7f9f-4169-4f4a-bd2a-0720d1335248 None None] Created schema index Load_Balancer_Group.name {{(pid=104614) autocreate_indices /opt/stack/data/venv/lib/python3.12/site-packages/ovsdbapp/backend/ovs_idl/__init__.py:106}}
Apr 18 18:05:55.225506 np0000167502 devstack@neutron-api.service[104614]: DEBUG ovsdbapp.backend.ovs_idl [None req-3bad7f9f-4169-4f4a-bd2a-0720d1335248 None None] Created schema index HA_Chassis_Group.name {{(pid=104614) autocreate_indices /opt/stack/data/venv/lib/python3.12/site-packages/ovsdbapp/backend/ovs_idl/__init__.py:106}}
Apr 18 18:05:55.225506 np0000167502 devstack@neutron-api.service[104614]: DEBUG ovsdbapp.backend.ovs_idl [None req-3bad7f9f-4169-4f4a-bd2a-0720d1335248 None None] Created schema index Address_Set.name {{(pid=104614) autocreate_indices /opt/stack/data/venv/lib/python3.12/site-packages/ovsdbapp/backend/ovs_idl/__init__.py:106}}
Apr 18 18:05:55.225506 np0000167502 devstack@neutron-api.service[104614]: DEBUG ovsdbapp.backend.ovs_idl [None req-3bad7f9f-4169-4f4a-bd2a-0720d1335248 None None] Created schema index Connection.target {{(pid=104614) autocreate_indices /opt/stack/data/venv/lib/python3.12/site-packages/ovsdbapp/backend/ovs_idl/__init__.py:106}}
Apr 18 18:05:55.225939 np0000167502 devstack@neutron-api.service[104614]: DEBUG ovsdbapp.backend.ovs_idl [None req-3bad7f9f-4169-4f4a-bd2a-0720d1335248 None None] Created schema index Gateway_Chassis.name {{(pid=104614) autocreate_indices /opt/stack/data/venv/lib/python3.12/site-packages/ovsdbapp/backend/ovs_idl/__init__.py:106}}
Apr 18 18:05:55.225939 np0000167502 devstack@neutron-api.service[104614]: DEBUG ovsdbapp.backend.ovs_idl [None req-3bad7f9f-4169-4f4a-bd2a-0720d1335248 None None] Created schema index Mirror.name {{(pid=104614) autocreate_indices /opt/stack/data/venv/lib/python3.12/site-packages/ovsdbapp/backend/ovs_idl/__init__.py:106}}
Apr 18 18:05:55.225939 np0000167502 devstack@neutron-api.service[104614]: DEBUG ovsdbapp.backend.ovs_idl [None req-3bad7f9f-4169-4f4a-bd2a-0720d1335248 None None] Created schema index Chassis_Template_Var.chassis {{(pid=104614) autocreate_indices /opt/stack/data/venv/lib/python3.12/site-packages/ovsdbapp/backend/ovs_idl/__init__.py:106}}
Apr 18 18:05:55.225939 np0000167502 devstack@neutron-api.service[104614]: DEBUG ovsdbapp.backend.ovs_idl [None req-3bad7f9f-4169-4f4a-bd2a-0720d1335248 None None] Created schema index Logical_Router_Port.name {{(pid=104614) autocreate_indices /opt/stack/data/venv/lib/python3.12/site-packages/ovsdbapp/backend/ovs_idl/__init__.py:106}}
Apr 18 18:05:55.225939 np0000167502 devstack@neutron-api.service[104614]: DEBUG ovsdbapp.backend.ovs_idl [None req-3bad7f9f-4169-4f4a-bd2a-0720d1335248 None None] Created schema index Port_Group.name {{(pid=104614) autocreate_indices /opt/stack/data/venv/lib/python3.12/site-packages/ovsdbapp/backend/ovs_idl/__init__.py:106}}
Apr 18 18:05:55.226365 np0000167502 devstack@neutron-api.service[104612]: DEBUG neutron.common.ovn.hash_ring_manager [None req-bb5d4a7b-dfab-4917-9d9b-d0a969961bf3 None None] Hash Ring loaded. 3 active nodes. 0 offline nodes {{(pid=104612) _load_hash_ring /opt/stack/neutron/neutron/common/ovn/hash_ring_manager.py:102}}
Apr 18 18:05:55.226535 np0000167502 devstack@neutron-api.service[104614]: DEBUG ovsdbapp.backend.ovs_idl [None req-3bad7f9f-4169-4f4a-bd2a-0720d1335248 None None] Created schema index Logical_Switch_Port.name {{(pid=104614) autocreate_indices /opt/stack/data/venv/lib/python3.12/site-packages/ovsdbapp/backend/ovs_idl/__init__.py:106}}
Apr 18 18:05:55.228621 np0000167502 devstack@neutron-api.service[104614]: INFO ovsdbapp.backend.ovs_idl.vlog [None req-3bad7f9f-4169-4f4a-bd2a-0720d1335248 None None] ssl:199.204.45.155:6641: connecting...
Apr 18 18:05:55.232526 np0000167502 devstack@neutron-api.service[104613]: INFO neutron.db.ovn_hash_ring_db [None req-79e338e8-7295-4997-b295-7d778e8d2894 None None] Nodes from host "np0000167502" and group "mechanism_driver" removed from the Hash Ring created at 2026-04-18 18:05:47+00:00
Apr 18 18:05:55.232851 np0000167502 devstack@neutron-api.service[104612]: DEBUG neutron.common.ovn.hash_ring_manager [None req-bb5d4a7b-dfab-4917-9d9b-d0a969961bf3 None None] Hash Ring loaded. 3 active nodes. 0 offline nodes {{(pid=104612) _load_hash_ring /opt/stack/neutron/neutron/common/ovn/hash_ring_manager.py:102}}
Apr 18 18:05:55.232924 np0000167502 devstack@neutron-api.service[104614]: INFO ovsdbapp.backend.ovs_idl.vlog [None req-3bad7f9f-4169-4f4a-bd2a-0720d1335248 None None] ssl:199.204.45.155:6641: connected
Apr 18 18:05:55.234062 np0000167502 devstack@neutron-api.service[104612]: INFO neutron.plugins.ml2.drivers.ovn.mech_driver.ovsdb.impl_idl_ovn [None req-bb5d4a7b-dfab-4917-9d9b-d0a969961bf3 None None] Getting OvsdbSbOvnIdl for WorkerService with retry
Apr 18 18:05:55.235569 np0000167502 devstack@neutron-api.service[104613]: INFO neutron.db.ovn_hash_ring_db [None req-79e338e8-7295-4997-b295-7d778e8d2894 None None] Node dd346be069165a2c848053d9bad76c8d from host "np0000167502" and group "mechanism_driver" added to the Hash Ring
Apr 18 18:05:55.240254 np0000167502 devstack@neutron-api.service[104613]: DEBUG neutron.plugins.ml2.drivers.ovn.mech_driver.mech_driver [None req-79e338e8-7295-4997-b295-7d778e8d2894 None None] Hash Ring setup, this worker has detected 4 OVN hash ring registers in the database {{(pid=104613) _init_hash_ring /opt/stack/neutron/neutron/plugins/ml2/drivers/ovn/mech_driver/mech_driver.py:412}}
Apr 18 18:05:55.250245 np0000167502 devstack@neutron-api.service[104613]: DEBUG neutron.plugins.ml2.drivers.ovn.mech_driver.ovsdb.maintenance [None req-79e338e8-7295-4997-b295-7d778e8d2894 None None] Periodic task found: HashRingHealthCheckPeriodics.touch_hash_ring_node {{(pid=104613) add_periodics /opt/stack/neutron/neutron/plugins/ml2/drivers/ovn/mech_driver/ovsdb/maintenance.py:148}}
Apr 18 18:05:55.251902 np0000167502 devstack@neutron-api.service[104613]: INFO neutron.plugins.ml2.drivers.ovn.mech_driver.mech_driver [None req-79e338e8-7295-4997-b295-7d778e8d2894 None None] Hash Ring probing thread for node dd346be069165a2c848053d9bad76c8d has started
Apr 18 18:05:55.252632 np0000167502 devstack@neutron-api.service[104613]: INFO neutron.plugins.ml2.drivers.ovn.mech_driver.ovsdb.impl_idl_ovn [None req-79e338e8-7295-4997-b295-7d778e8d2894 None None] Getting OvsdbNbOvnIdl for WorkerService with retry
Apr 18 18:05:55.265609 np0000167502 devstack@neutron-api.service[104614]: DEBUG neutron.common.ovn.hash_ring_manager [None req-3bad7f9f-4169-4f4a-bd2a-0720d1335248 None None] Allow caching, nodes 4>=4 {{(pid=104614) _wait_startup_before_caching /opt/stack/neutron/neutron/common/ovn/hash_ring_manager.py:65}}
Apr 18 18:05:55.267777 np0000167502 devstack@neutron-api.service[104612]: DEBUG ovsdbapp.backend.ovs_idl [None req-bb5d4a7b-dfab-4917-9d9b-d0a969961bf3 None None] Created lookup_table index Chassis.name {{(pid=104612) autocreate_indices /opt/stack/data/venv/lib/python3.12/site-packages/ovsdbapp/backend/ovs_idl/__init__.py:87}}
Apr 18 18:05:55.267928 np0000167502 devstack@neutron-api.service[104612]: DEBUG ovsdbapp.backend.ovs_idl [None req-bb5d4a7b-dfab-4917-9d9b-d0a969961bf3 None None] Created lookup_table index Port_Binding.logical_port {{(pid=104612) autocreate_indices /opt/stack/data/venv/lib/python3.12/site-packages/ovsdbapp/backend/ovs_idl/__init__.py:87}}
Apr 18 18:05:55.267928 np0000167502 devstack@neutron-api.service[104612]: DEBUG ovsdbapp.backend.ovs_idl [None req-bb5d4a7b-dfab-4917-9d9b-d0a969961bf3 None None] Created schema index Chassis_Private.name {{(pid=104612) autocreate_indices /opt/stack/data/venv/lib/python3.12/site-packages/ovsdbapp/backend/ovs_idl/__init__.py:106}}
Apr 18 18:05:55.268131 np0000167502 devstack@neutron-api.service[104612]: DEBUG ovsdbapp.backend.ovs_idl [None req-bb5d4a7b-dfab-4917-9d9b-d0a969961bf3 None None] Created schema index Datapath_Binding.tunnel_key {{(pid=104612) autocreate_indices /opt/stack/data/venv/lib/python3.12/site-packages/ovsdbapp/backend/ovs_idl/__init__.py:106}}
Apr 18 18:05:55.270070 np0000167502 devstack@neutron-api.service[104612]: INFO ovsdbapp.backend.ovs_idl.vlog [None req-bb5d4a7b-dfab-4917-9d9b-d0a969961bf3 None None] ssl:199.204.45.155:6642: connecting...
Apr 18 18:05:55.270876 np0000167502 devstack@neutron-api.service[104614]: DEBUG neutron.common.ovn.hash_ring_manager [None req-3bad7f9f-4169-4f4a-bd2a-0720d1335248 None None] Hash Ring loaded. 4 active nodes. 0 offline nodes {{(pid=104614) _load_hash_ring /opt/stack/neutron/neutron/common/ovn/hash_ring_manager.py:102}}
Apr 18 18:05:55.270876 np0000167502 devstack@neutron-api.service[104614]: DEBUG neutron.plugins.ml2.drivers.ovn.mech_driver.ovsdb.ovsdb_monitor [None req-3bad7f9f-4169-4f4a-bd2a-0720d1335248 None None] Hash Ring: Node 5257874d5df95ff0919a8f60b9f1953b (host: np0000167502) handling event "create" for row da541aae-80cf-4c0d-975e-bb7d3fc7a433 (table: ACL) {{(pid=104614) notify /opt/stack/neutron/neutron/plugins/ml2/drivers/ovn/mech_driver/ovsdb/ovsdb_monitor.py:914}}
Apr 18 18:05:55.271179 np0000167502 devstack@neutron-api.service[104614]: DEBUG neutron.plugins.ml2.drivers.ovn.mech_driver.ovsdb.ovsdb_monitor [None req-3bad7f9f-4169-4f4a-bd2a-0720d1335248 None None] Hash Ring: Node 5257874d5df95ff0919a8f60b9f1953b (host: np0000167502) handling event "create" for row 4781d5e8-e3c8-421c-b3cf-253410aac480 (table: Connection) {{(pid=104614) notify /opt/stack/neutron/neutron/plugins/ml2/drivers/ovn/mech_driver/ovsdb/ovsdb_monitor.py:914}}
Apr 18 18:05:55.271349 np0000167502 devstack@neutron-api.service[104614]: DEBUG neutron.plugins.ml2.drivers.ovn.mech_driver.ovsdb.ovsdb_monitor [None req-3bad7f9f-4169-4f4a-bd2a-0720d1335248 None None] Hash Ring: Node 5257874d5df95ff0919a8f60b9f1953b (host: np0000167502) handling event "create" for row 3ef88252-6c7c-4fec-8f04-0202603e1d97 (table: Port_Group) {{(pid=104614) notify /opt/stack/neutron/neutron/plugins/ml2/drivers/ovn/mech_driver/ovsdb/ovsdb_monitor.py:914}}
Apr 18 18:05:55.271478 np0000167502 devstack@neutron-api.service[104614]: DEBUG neutron.plugins.ml2.drivers.ovn.mech_driver.ovsdb.ovsdb_monitor [None req-3bad7f9f-4169-4f4a-bd2a-0720d1335248 None None] Hash Ring: Node 5257874d5df95ff0919a8f60b9f1953b (host: np0000167502) handling event "create" for row 886b7ccb-8a7e-4ace-b1e3-e2874fe57fd2 (table: SSL) {{(pid=104614) notify /opt/stack/neutron/neutron/plugins/ml2/drivers/ovn/mech_driver/ovsdb/ovsdb_monitor.py:914}}
Apr 18 18:05:55.272445 np0000167502 devstack@neutron-api.service[104614]: INFO neutron.plugins.ml2.drivers.ovn.mech_driver.ovsdb.impl_idl_ovn [None req-3bad7f9f-4169-4f4a-bd2a-0720d1335248 None None] Getting OvsdbSbOvnIdl for WorkerService with retry
Apr 18 18:05:55.276585 np0000167502 devstack@neutron-api.service[104612]: INFO ovsdbapp.backend.ovs_idl.vlog [None req-bb5d4a7b-dfab-4917-9d9b-d0a969961bf3 None None] ssl:199.204.45.155:6642: connected
