2026-05-25 10:47:04.396 8 INFO neutron.api.extensions [None req-2f5e181b-8d5e-44e4-8d5d-d8c54dfdf318 - - - - - -] Extension enable-default-route-ecmp not supported by any of loaded plugins
2026-05-25 10:47:04.396 7 INFO neutron.quota.resource_registry [None req-90fcf5db-dc3a-4811-8e53-3d56c043f5e9 - - - - - -] Creating instance of TrackedResource for resource:floatingip
2026-05-25 10:47:04.397 8 INFO neutron.api.extensions [None req-2f5e181b-8d5e-44e4-8d5d-d8c54dfdf318 - - - - - -] Loaded extension: ext-gw-mode
2026-05-25 10:47:04.397 8 INFO neutron.api.extensions [None req-2f5e181b-8d5e-44e4-8d5d-d8c54dfdf318 - - - - - -] Loaded extension: l3-ha
2026-05-25 10:47:04.398 8 INFO neutron.api.extensions [None req-2f5e181b-8d5e-44e4-8d5d-d8c54dfdf318 - - - - - -] Extension l3-ext-ndp-proxy not supported by any of loaded plugins
2026-05-25 10:47:04.398 8 INFO neutron.api.extensions [None req-2f5e181b-8d5e-44e4-8d5d-d8c54dfdf318 - - - - - -] Extension external-gateway-multihoming not supported by any of loaded plugins
2026-05-25 10:47:04.399 8 INFO neutron.api.extensions [None req-2f5e181b-8d5e-44e4-8d5d-d8c54dfdf318 - - - - - -] Loaded extension: l3-flavors
2026-05-25 10:47:04.400 8 INFO neutron.api.extensions [None req-2f5e181b-8d5e-44e4-8d5d-d8c54dfdf318 - - - - - -] Extension l3-ndp-proxy not supported by any of loaded plugins
2026-05-25 10:47:04.400 8 INFO neutron.api.extensions [None req-2f5e181b-8d5e-44e4-8d5d-d8c54dfdf318 - - - - - -] Loaded extension: l3-port-ip-change-not-allowed
2026-05-25 10:47:04.401 7 INFO neutron.quota.resource_registry [None req-90fcf5db-dc3a-4811-8e53-3d56c043f5e9 - - - - - -] Creating instance of CountableResource for resource:rbac_policy
2026-05-25 10:47:04.402 7 INFO neutron.quota.resource_registry [None req-90fcf5db-dc3a-4811-8e53-3d56c043f5e9 - - - - - -] Creating instance of TrackedResource for resource:security_group
2026-05-25 10:47:04.402 7 INFO neutron.quota.resource_registry [None req-90fcf5db-dc3a-4811-8e53-3d56c043f5e9 - - - - - -] Creating instance of TrackedResource for resource:security_group_rule
2026-05-25 10:47:04.403 8 INFO neutron.api.extensions [None req-2f5e181b-8d5e-44e4-8d5d-d8c54dfdf318 - - - - - -] Loaded extension: l3_agent_scheduler
2026-05-25 10:47:04.403 7 INFO neutron.quota.resource_registry [None req-90fcf5db-dc3a-4811-8e53-3d56c043f5e9 - - - - - -] Creating instance of TrackedResource for resource:subnetpool
2026-05-25 10:47:04.403 7 WARNING neutron.quota.resource_registry [None req-90fcf5db-dc3a-4811-8e53-3d56c043f5e9 - - - - - -] subnetpool is already registered
2026-05-25 10:47:04.404 7 INFO neutron.quota.resource_registry [None req-90fcf5db-dc3a-4811-8e53-3d56c043f5e9 - - - - - -] Creating instance of TrackedResource for resource:subnetpool
2026-05-25 10:47:04.404 8 INFO neutron.api.extensions [None req-2f5e181b-8d5e-44e4-8d5d-d8c54dfdf318 - - - - - -] Extension local_ip not supported by any of loaded plugins
2026-05-25 10:47:04.404 7 WARNING neutron.quota.resource_registry [None req-90fcf5db-dc3a-4811-8e53-3d56c043f5e9 - - - - - -] subnetpool is already registered
2026-05-25 10:47:04.404 7 INFO neutron.quota.resource_registry [None req-90fcf5db-dc3a-4811-8e53-3d56c043f5e9 - - - - - -] Creating instance of CountableResource for resource:trunk
2026-05-25 10:47:04.405 7 INFO neutron.quota.resource_registry [None req-90fcf5db-dc3a-4811-8e53-3d56c043f5e9 - - - - - -] Creating instance of CountableResource for resource:ikepolicy
2026-05-25 10:47:04.405 8 INFO neutron.api.extensions [None req-2f5e181b-8d5e-44e4-8d5d-d8c54dfdf318 - - - - - -] Extension logging not supported by any of loaded plugins
2026-05-25 10:47:04.405 7 INFO neutron.quota.resource_registry [None req-90fcf5db-dc3a-4811-8e53-3d56c043f5e9 - - - - - -] Creating instance of CountableResource for resource:ipsecpolicy
2026-05-25 10:47:04.406 7 INFO neutron.quota.resource_registry [None req-90fcf5db-dc3a-4811-8e53-3d56c043f5e9 - - - - - -] Creating instance of CountableResource for resource:endpoint_group
2026-05-25 10:47:04.406 8 INFO neutron.api.extensions [None req-2f5e181b-8d5e-44e4-8d5d-d8c54dfdf318 - - - - - -] Extension metering not supported by any of loaded plugins
2026-05-25 10:47:04.406 7 INFO neutron.quota.resource_registry [None req-90fcf5db-dc3a-4811-8e53-3d56c043f5e9 - - - - - -] Creating instance of CountableResource for resource:vpnservice
2026-05-25 10:47:04.407 8 INFO neutron.api.extensions [None req-2f5e181b-8d5e-44e4-8d5d-d8c54dfdf318 - - - - - -] Extension metering_source_and_destination_fields not supported by any of loaded plugins
2026-05-25 10:47:04.407 7 INFO neutron.quota.resource_registry [None req-90fcf5db-dc3a-4811-8e53-3d56c043f5e9 - - - - - -] Creating instance of CountableResource for resource:ipsec_site_connection
2026-05-25 10:47:04.407 8 INFO neutron.api.extensions [None req-2f5e181b-8d5e-44e4-8d5d-d8c54dfdf318 - - - - - -] Loaded extension: multi-provider
2026-05-25 10:47:04.407 7 INFO neutron.quota.resource_registry [None req-90fcf5db-dc3a-4811-8e53-3d56c043f5e9 - - - - - -] Creating instance of CountableResource for resource:ipsecpolicy
2026-05-25 10:47:04.407 7 WARNING neutron.quota.resource_registry [None req-90fcf5db-dc3a-4811-8e53-3d56c043f5e9 - - - - - -] ipsecpolicy is already registered
2026-05-25 10:47:04.407 8 INFO neutron.api.extensions [None req-2f5e181b-8d5e-44e4-8d5d-d8c54dfdf318 - - - - - -] Loaded extension: net-mtu
2026-05-25 10:47:04.408 7 INFO neutron.quota.resource_registry [None req-90fcf5db-dc3a-4811-8e53-3d56c043f5e9 - - - - - -] Creating instance of CountableResource for resource:ikepolicy
2026-05-25 10:47:04.408 8 INFO neutron.api.extensions [None req-2f5e181b-8d5e-44e4-8d5d-d8c54dfdf318 - - - - - -] Loaded extension: net-mtu-writable
2026-05-25 10:47:04.408 7 WARNING neutron.quota.resource_registry [None req-90fcf5db-dc3a-4811-8e53-3d56c043f5e9 - - - - - -] ikepolicy is already registered
2026-05-25 10:47:04.409 8 INFO neutron.api.extensions [None req-2f5e181b-8d5e-44e4-8d5d-d8c54dfdf318 - - - - - -] Loaded extension: network_availability_zone
2026-05-25 10:47:04.409 8 INFO neutron.api.extensions [None req-2f5e181b-8d5e-44e4-8d5d-d8c54dfdf318 - - - - - -] Loaded extension: network_ha
2026-05-25 10:47:04.410 8 INFO neutron.api.extensions [None req-2f5e181b-8d5e-44e4-8d5d-d8c54dfdf318 - - - - - -] Loaded extension: network-ip-availability
2026-05-25 10:47:04.411 8 INFO neutron.api.extensions [None req-2f5e181b-8d5e-44e4-8d5d-d8c54dfdf318 - - - - - -] Extension network-segment-range not supported by any of loaded plugins
2026-05-25 10:47:04.411 8 INFO neutron.api.extensions [None req-2f5e181b-8d5e-44e4-8d5d-d8c54dfdf318 - - - - - -] Loaded extension: pagination
2026-05-25 10:47:04.412 8 INFO neutron.api.extensions [None req-2f5e181b-8d5e-44e4-8d5d-d8c54dfdf318 - - - - - -] Loaded extension: port-device-profile
2026-05-25 10:47:04.412 8 INFO neutron.api.extensions [None req-2f5e181b-8d5e-44e4-8d5d-d8c54dfdf318 - - - - - -] Extension port-hardware-offload-type not supported by any of loaded plugins
2026-05-25 10:47:04.412 7 INFO neutron.quota.resource_registry [None req-90fcf5db-dc3a-4811-8e53-3d56c043f5e9 - - - - - -] Creating instance of TrackedResource for resource:router
2026-05-25 10:47:04.413 8 INFO neutron.api.extensions [None req-2f5e181b-8d5e-44e4-8d5d-d8c54dfdf318 - - - - - -] Extension port-hint-ovs-tx-steering not supported by any of loaded plugins
2026-05-25 10:47:04.413 7 WARNING neutron.quota.resource_registry [None req-90fcf5db-dc3a-4811-8e53-3d56c043f5e9 - - - - - -] router is already registered
2026-05-25 10:47:04.413 8 INFO neutron.api.extensions [None req-2f5e181b-8d5e-44e4-8d5d-d8c54dfdf318 - - - - - -] Extension port-hints not supported by any of loaded plugins
2026-05-25 10:47:04.413 7 INFO neutron.quota.resource_registry [None req-90fcf5db-dc3a-4811-8e53-3d56c043f5e9 - - - - - -] Creating instance of TrackedResource for resource:floatingip
2026-05-25 10:47:04.413 7 WARNING neutron.quota.resource_registry [None req-90fcf5db-dc3a-4811-8e53-3d56c043f5e9 - - - - - -] floatingip is already registered
2026-05-25 10:47:04.414 8 INFO neutron.api.extensions [None req-2f5e181b-8d5e-44e4-8d5d-d8c54dfdf318 - - - - - -] Loaded extension: port-mac-override
2026-05-25 10:47:04.414 8 INFO neutron.api.extensions [None req-2f5e181b-8d5e-44e4-8d5d-d8c54dfdf318 - - - - - -] Loaded extension: port-mac-address-regenerate
2026-05-25 10:47:04.415 8 INFO neutron.api.extensions [None req-2f5e181b-8d5e-44e4-8d5d-d8c54dfdf318 - - - - - -] Loaded extension: port-numa-affinity-policy
2026-05-25 10:47:04.415 8 INFO neutron.api.extensions [None req-2f5e181b-8d5e-44e4-8d5d-d8c54dfdf318 - - - - - -] Loaded extension: port-numa-affinity-policy-socket
2026-05-25 10:47:04.415 8 INFO neutron.api.extensions [None req-2f5e181b-8d5e-44e4-8d5d-d8c54dfdf318 - - - - - -] Loaded extension: port-resource-request
2026-05-25 10:47:04.416 8 INFO neutron.api.extensions [None req-2f5e181b-8d5e-44e4-8d5d-d8c54dfdf318 - - - - - -] Loaded extension: port-resource-request-groups
2026-05-25 10:47:04.416 8 INFO neutron.api.extensions [None req-2f5e181b-8d5e-44e4-8d5d-d8c54dfdf318 - - - - - -] Extension port-trusted-vif not supported by any of loaded plugins
2026-05-25 10:47:04.417 7 INFO neutron.quota.resource_registry [None req-90fcf5db-dc3a-4811-8e53-3d56c043f5e9 - - - - - -] Creating instance of CountableResource for resource:rbac_policy
2026-05-25 10:47:04.417 8 INFO neutron.api.extensions [None req-2f5e181b-8d5e-44e4-8d5d-d8c54dfdf318 - - - - - -] Loaded extension: binding
2026-05-25 10:47:04.417 7 WARNING neutron.quota.resource_registry [None req-90fcf5db-dc3a-4811-8e53-3d56c043f5e9 - - - - - -] rbac_policy is already registered
2026-05-25 10:47:04.418 7 INFO neutron.quota.resource_registry [None req-90fcf5db-dc3a-4811-8e53-3d56c043f5e9 - - - - - -] Creating instance of TrackedResource for resource:security_group
2026-05-25 10:47:04.418 7 WARNING neutron.quota.resource_registry [None req-90fcf5db-dc3a-4811-8e53-3d56c043f5e9 - - - - - -] security_group is already registered
2026-05-25 10:47:04.418 8 INFO neutron.api.extensions [None req-2f5e181b-8d5e-44e4-8d5d-d8c54dfdf318 - - - - - -] Loaded extension: binding-extended
2026-05-25 10:47:04.418 7 INFO neutron.quota.resource_registry [None req-90fcf5db-dc3a-4811-8e53-3d56c043f5e9 - - - - - -] Creating instance of TrackedResource for resource:security_group_rule
2026-05-25 10:47:04.418 7 WARNING neutron.quota.resource_registry [None req-90fcf5db-dc3a-4811-8e53-3d56c043f5e9 - - - - - -] security_group_rule is already registered
2026-05-25 10:47:04.419 8 INFO neutron.api.extensions [None req-2f5e181b-8d5e-44e4-8d5d-d8c54dfdf318 - - - - - -] Loaded extension: port-security
2026-05-25 10:47:04.419 7 INFO neutron.quota.resource_registry [None req-90fcf5db-dc3a-4811-8e53-3d56c043f5e9 - - - - - -] Creating instance of TrackedResource for resource:subnetpool
2026-05-25 10:47:04.419 7 WARNING neutron.quota.resource_registry [None req-90fcf5db-dc3a-4811-8e53-3d56c043f5e9 - - - - - -] subnetpool is already registered
2026-05-25 10:47:04.419 8 INFO neutron.api.extensions [None req-2f5e181b-8d5e-44e4-8d5d-d8c54dfdf318 - - - - - -] Loaded extension: project-id
2026-05-25 10:47:04.420 7 INFO neutron.quota.resource_registry [None req-90fcf5db-dc3a-4811-8e53-3d56c043f5e9 - - - - - -] Creating instance of TrackedResource for resource:subnetpool
2026-05-25 10:47:04.420 7 WARNING neutron.quota.resource_registry [None req-90fcf5db-dc3a-4811-8e53-3d56c043f5e9 - - - - - -] subnetpool is already registered
2026-05-25 10:47:04.420 8 INFO neutron.api.extensions [None req-2f5e181b-8d5e-44e4-8d5d-d8c54dfdf318 - - - - - -] Loaded extension: provider
2026-05-25 10:47:04.420 7 INFO neutron.quota.resource_registry [None req-90fcf5db-dc3a-4811-8e53-3d56c043f5e9 - - - - - -] Creating instance of CountableResource for resource:trunk
2026-05-25 10:47:04.420 7 WARNING neutron.quota.resource_registry [None req-90fcf5db-dc3a-4811-8e53-3d56c043f5e9 - - - - - -] trunk is already registered
2026-05-25 10:47:04.420 8 INFO neutron.api.extensions [None req-2f5e181b-8d5e-44e4-8d5d-d8c54dfdf318 - - - - - -] Extension qinq not supported by any of loaded plugins
2026-05-25 10:47:04.421 7 INFO neutron.quota.resource_registry [None req-90fcf5db-dc3a-4811-8e53-3d56c043f5e9 - - - - - -] Creating instance of CountableResource for resource:ikepolicy
2026-05-25 10:47:04.421 7 WARNING neutron.quota.resource_registry [None req-90fcf5db-dc3a-4811-8e53-3d56c043f5e9 - - - - - -] ikepolicy is already registered
2026-05-25 10:47:04.421 7 INFO neutron.quota.resource_registry [None req-90fcf5db-dc3a-4811-8e53-3d56c043f5e9 - - - - - -] Creating instance of CountableResource for resource:ipsecpolicy
2026-05-25 10:47:04.421 7 WARNING neutron.quota.resource_registry [None req-90fcf5db-dc3a-4811-8e53-3d56c043f5e9 - - - - - -] ipsecpolicy is already registered
2026-05-25 10:47:04.422 7 INFO neutron.quota.resource_registry [None req-90fcf5db-dc3a-4811-8e53-3d56c043f5e9 - - - - - -] Creating instance of CountableResource for resource:endpoint_group
2026-05-25 10:47:04.422 7 WARNING neutron.quota.resource_registry [None req-90fcf5db-dc3a-4811-8e53-3d56c043f5e9 - - - - - -] endpoint_group is already registered
2026-05-25 10:47:04.422 7 INFO neutron.quota.resource_registry [None req-90fcf5db-dc3a-4811-8e53-3d56c043f5e9 - - - - - -] Creating instance of CountableResource for resource:vpnservice
2026-05-25 10:47:04.422 7 WARNING neutron.quota.resource_registry [None req-90fcf5db-dc3a-4811-8e53-3d56c043f5e9 - - - - - -] vpnservice is already registered
2026-05-25 10:47:04.422 8 INFO neutron.api.extensions [None req-2f5e181b-8d5e-44e4-8d5d-d8c54dfdf318 - - - - - -] Loaded extension: qos
2026-05-25 10:47:04.423 7 INFO neutron.quota.resource_registry [None req-90fcf5db-dc3a-4811-8e53-3d56c043f5e9 - - - - - -] Creating instance of CountableResource for resource:ipsec_site_connection
2026-05-25 10:47:04.423 7 WARNING neutron.quota.resource_registry [None req-90fcf5db-dc3a-4811-8e53-3d56c043f5e9 - - - - - -] ipsec_site_connection is already registered
2026-05-25 10:47:04.423 7 INFO neutron.quota.resource_registry [None req-90fcf5db-dc3a-4811-8e53-3d56c043f5e9 - - - - - -] Creating instance of CountableResource for resource:ipsecpolicy
2026-05-25 10:47:04.423 8 INFO neutron.api.extensions [None req-2f5e181b-8d5e-44e4-8d5d-d8c54dfdf318 - - - - - -] Loaded extension: qos-bw-limit-direction
2026-05-25 10:47:04.423 7 WARNING neutron.quota.resource_registry [None req-90fcf5db-dc3a-4811-8e53-3d56c043f5e9 - - - - - -] ipsecpolicy is already registered
2026-05-25 10:47:04.424 7 INFO neutron.quota.resource_registry [None req-90fcf5db-dc3a-4811-8e53-3d56c043f5e9 - - - - - -] Creating instance of CountableResource for resource:ikepolicy
2026-05-25 10:47:04.424 8 INFO neutron.api.extensions [None req-2f5e181b-8d5e-44e4-8d5d-d8c54dfdf318 - - - - - -] Loaded extension: qos-bw-minimum-ingress
2026-05-25 10:47:04.424 7 WARNING neutron.quota.resource_registry [None req-90fcf5db-dc3a-4811-8e53-3d56c043f5e9 - - - - - -] ikepolicy is already registered
2026-05-25 10:47:04.424 8 INFO neutron.api.extensions [None req-2f5e181b-8d5e-44e4-8d5d-d8c54dfdf318 - - - - - -] Loaded extension: qos-default
2026-05-25 10:47:04.425 8 INFO neutron.api.extensions [None req-2f5e181b-8d5e-44e4-8d5d-d8c54dfdf318 - - - - - -] Loaded extension: qos-fip
2026-05-25 10:47:04.425 8 INFO neutron.api.extensions [None req-2f5e181b-8d5e-44e4-8d5d-d8c54dfdf318 - - - - - -] Extension qos-fip-network-policy not supported by any of loaded plugins
2026-05-25 10:47:04.426 8 INFO neutron.api.extensions [None req-2f5e181b-8d5e-44e4-8d5d-d8c54dfdf318 - - - - - -] Loaded extension: qos-gateway-ip
2026-05-25 10:47:04.426 8 INFO neutron.api.extensions [None req-2f5e181b-8d5e-44e4-8d5d-d8c54dfdf318 - - - - - -] Loaded extension: qos-port-network-policy
2026-05-25 10:47:04.427 8 INFO neutron.api.extensions [None req-2f5e181b-8d5e-44e4-8d5d-d8c54dfdf318 - - - - - -] Loaded extension: qos-pps-minimum
2026-05-25 10:47:04.427 8 INFO neutron.api.extensions [None req-2f5e181b-8d5e-44e4-8d5d-d8c54dfdf318 - - - - - -] Loaded extension: qos-pps-minimum-rule-alias
2026-05-25 10:47:04.428 8 INFO neutron.api.extensions [None req-2f5e181b-8d5e-44e4-8d5d-d8c54dfdf318 - - - - - -] Loaded extension: qos-pps
2026-05-25 10:47:04.429 8 INFO neutron.api.extensions [None req-2f5e181b-8d5e-44e4-8d5d-d8c54dfdf318 - - - - - -] Loaded extension: qos-rule-type-details
2026-05-25 10:47:04.429 8 INFO neutron.api.extensions [None req-2f5e181b-8d5e-44e4-8d5d-d8c54dfdf318 - - - - - -] Loaded extension: qos-rule-type-filter
2026-05-25 10:47:04.430 8 INFO neutron.api.extensions [None req-2f5e181b-8d5e-44e4-8d5d-d8c54dfdf318 - - - - - -] Loaded extension: qos-rules-alias
2026-05-25 10:47:04.430 8 INFO neutron.api.extensions [None req-2f5e181b-8d5e-44e4-8d5d-d8c54dfdf318 - - - - - -] Loaded extension: quota-check-limit
2026-05-25 10:47:04.431 8 INFO neutron.api.extensions [None req-2f5e181b-8d5e-44e4-8d5d-d8c54dfdf318 - - - - - -] Loaded extension: quota-check-limit-default
2026-05-25 10:47:04.433 8 INFO neutron.api.extensions [None req-2f5e181b-8d5e-44e4-8d5d-d8c54dfdf318 - - - - - -] Loaded extension: quotas
2026-05-25 10:47:04.434 8 INFO neutron.api.extensions [None req-2f5e181b-8d5e-44e4-8d5d-d8c54dfdf318 - - - - - -] Loaded extension: quota_details
2026-05-25 10:47:04.435 8 INFO neutron.api.extensions [None req-2f5e181b-8d5e-44e4-8d5d-d8c54dfdf318 - - - - - -] Loaded extension: rbac-policies
2026-05-25 10:47:04.436 8 INFO neutron.api.extensions [None req-2f5e181b-8d5e-44e4-8d5d-d8c54dfdf318 - - - - - -] Loaded extension: rbac-address-group
2026-05-25 10:47:04.436 8 INFO neutron.api.extensions [None req-2f5e181b-8d5e-44e4-8d5d-d8c54dfdf318 - - - - - -] Loaded extension: rbac-address-scope
2026-05-25 10:47:04.437 8 INFO neutron.api.extensions [None req-2f5e181b-8d5e-44e4-8d5d-d8c54dfdf318 - - - - - -] Loaded extension: rbac-security-groups
2026-05-25 10:47:04.437 8 INFO neutron.api.extensions [None req-2f5e181b-8d5e-44e4-8d5d-d8c54dfdf318 - - - - - -] Loaded extension: rbac-subnetpool
2026-05-25 10:47:04.438 8 INFO neutron.api.extensions [None req-2f5e181b-8d5e-44e4-8d5d-d8c54dfdf318 - - - - - -] Loaded extension: revision-if-match
2026-05-25 10:47:04.438 8 INFO neutron.api.extensions [None req-2f5e181b-8d5e-44e4-8d5d-d8c54dfdf318 - - - - - -] Loaded extension: standard-attr-revisions
2026-05-25 10:47:04.439 8 INFO neutron.api.extensions [None req-2f5e181b-8d5e-44e4-8d5d-d8c54dfdf318 - - - - - -] Loaded extension: router_availability_zone
2026-05-25 10:47:04.440 8 INFO neutron.api.extensions [None req-2f5e181b-8d5e-44e4-8d5d-d8c54dfdf318 - - - - - -] Extension router-service-type not supported by any of loaded plugins
2026-05-25 10:47:04.441 8 INFO neutron.api.extensions [None req-2f5e181b-8d5e-44e4-8d5d-d8c54dfdf318 - - - - - -] Loaded extension: security-groups-default-rules
2026-05-25 10:47:04.442 8 INFO neutron.api.extensions [None req-2f5e181b-8d5e-44e4-8d5d-d8c54dfdf318 - - - - - -] Loaded extension: security-groups-normalized-cidr
2026-05-25 10:47:04.442 8 INFO neutron.api.extensions [None req-2f5e181b-8d5e-44e4-8d5d-d8c54dfdf318 - - - - - -] Loaded extension: port-security-groups-filtering
2026-05-25 10:47:04.443 8 INFO neutron.api.extensions [None req-2f5e181b-8d5e-44e4-8d5d-d8c54dfdf318 - - - - - -] Loaded extension: security-groups-remote-address-group
2026-05-25 10:47:04.443 8 INFO neutron.api.extensions [None req-2f5e181b-8d5e-44e4-8d5d-d8c54dfdf318 - - - - - -] Loaded extension: security-groups-rules-belongs-to-default-sg
2026-05-25 10:47:04.444 8 INFO neutron.api.extensions [None req-2f5e181b-8d5e-44e4-8d5d-d8c54dfdf318 - - - - - -] Loaded extension: security-groups-shared-filtering
2026-05-25 10:47:04.448 8 INFO neutron.api.extensions [None req-2f5e181b-8d5e-44e4-8d5d-d8c54dfdf318 - - - - - -] Loaded extension: security-group
2026-05-25 10:47:04.449 8 INFO neutron.api.extensions [None req-2f5e181b-8d5e-44e4-8d5d-d8c54dfdf318 - - - - - -] Loaded extension: segment
2026-05-25 10:47:04.450 8 INFO neutron.api.extensions [None req-2f5e181b-8d5e-44e4-8d5d-d8c54dfdf318 - - - - - -] Loaded extension: segments-peer-subnet-host-routes
2026-05-25 10:47:04.451 8 INFO neutron.api.extensions [None req-2f5e181b-8d5e-44e4-8d5d-d8c54dfdf318 - - - - - -] Loaded extension: service-type
2026-05-25 10:47:04.451 8 INFO neutron.api.extensions [None req-2f5e181b-8d5e-44e4-8d5d-d8c54dfdf318 - - - - - -] Loaded extension: sorting
2026-05-25 10:47:04.451 8 INFO neutron.api.extensions [None req-2f5e181b-8d5e-44e4-8d5d-d8c54dfdf318 - - - - - -] Loaded extension: standard-attr-segment
2026-05-25 10:47:04.453 8 INFO neutron.api.extensions [None req-2f5e181b-8d5e-44e4-8d5d-d8c54dfdf318 - - - - - -] Loaded extension: standard-attr-description
2026-05-25 10:47:04.453 8 INFO neutron.api.extensions [None req-2f5e181b-8d5e-44e4-8d5d-d8c54dfdf318 - - - - - -] Loaded extension: stateful-security-group
2026-05-25 10:47:04.454 8 WARNING neutron.api.extensions [None req-2f5e181b-8d5e-44e4-8d5d-d8c54dfdf318 - - - - - -] Did not find expected name "Stdattrs_common" in /var/lib/openstack/lib/python3.12/site-packages/neutron/extensions/stdattrs_common.py
2026-05-25 10:47:04.454 8 INFO neutron.api.extensions [None req-2f5e181b-8d5e-44e4-8d5d-d8c54dfdf318 - - - - - -] Extension subnet-dns-publish-fixed-ip not supported by any of loaded plugins
2026-05-25 10:47:04.455 8 INFO neutron.api.extensions [None req-2f5e181b-8d5e-44e4-8d5d-d8c54dfdf318 - - - - - -] Loaded extension: subnet-external-network
2026-05-25 10:47:04.455 8 INFO neutron.api.extensions [None req-2f5e181b-8d5e-44e4-8d5d-d8c54dfdf318 - - - - - -] Loaded extension: subnet_onboard
2026-05-25 10:47:04.456 8 INFO neutron.api.extensions [None req-2f5e181b-8d5e-44e4-8d5d-d8c54dfdf318 - - - - - -] Loaded extension: subnet-segmentid-writable
2026-05-25 10:47:04.456 8 INFO neutron.api.extensions [None req-2f5e181b-8d5e-44e4-8d5d-d8c54dfdf318 - - - - - -] Loaded extension: subnet-service-types
2026-05-25 10:47:04.457 8 INFO neutron.api.extensions [None req-2f5e181b-8d5e-44e4-8d5d-d8c54dfdf318 - - - - - -] Loaded extension: subnet_allocation
2026-05-25 10:47:04.458 8 INFO neutron.api.extensions [None req-2f5e181b-8d5e-44e4-8d5d-d8c54dfdf318 - - - - - -] Loaded extension: subnetpool-prefix-ops
2026-05-25 10:47:04.458 8 INFO neutron.api.extensions [None req-2f5e181b-8d5e-44e4-8d5d-d8c54dfdf318 - - - - - -] Loaded extension: tag-creation
2026-05-25 10:47:04.459 8 INFO neutron.api.extensions [None req-2f5e181b-8d5e-44e4-8d5d-d8c54dfdf318 - - - - - -] Extension tag-ports-during-bulk-creation not supported by any of loaded plugins
2026-05-25 10:47:04.461 7 WARNING keystonemiddleware._common.config [None req-90fcf5db-dc3a-4811-8e53-3d56c043f5e9 - - - - - -] The option "audit_map_file" is not known to keystonemiddleware
2026-05-25 10:47:04.462 8 INFO neutron.api.extensions [None req-2f5e181b-8d5e-44e4-8d5d-d8c54dfdf318 - - - - - -] Loaded extension: standard-attr-tag
2026-05-25 10:47:04.463 8 INFO neutron.api.extensions [None req-2f5e181b-8d5e-44e4-8d5d-d8c54dfdf318 - - - - - -] Loaded extension: standard-attr-timestamp
2026-05-25 10:47:04.464 8 INFO neutron.api.extensions [None req-2f5e181b-8d5e-44e4-8d5d-d8c54dfdf318 - - - - - -] Loaded extension: trunk
2026-05-25 10:47:04.464 8 INFO neutron.api.extensions [None req-2f5e181b-8d5e-44e4-8d5d-d8c54dfdf318 - - - - - -] Loaded extension: trunk-details
2026-05-25 10:47:04.465 8 INFO neutron.api.extensions [None req-2f5e181b-8d5e-44e4-8d5d-d8c54dfdf318 - - - - - -] Extension uplink-status-propagation not supported by any of loaded plugins
2026-05-25 10:47:04.465 8 INFO neutron.api.extensions [None req-2f5e181b-8d5e-44e4-8d5d-d8c54dfdf318 - - - - - -] Extension uplink-status-propagation-updatable not supported by any of loaded plugins
2026-05-25 10:47:04.466 8 INFO neutron.api.extensions [None req-2f5e181b-8d5e-44e4-8d5d-d8c54dfdf318 - - - - - -] Extension vlan-transparent not supported by any of loaded plugins
2026-05-25 10:47:04.467 8 INFO neutron.api.extensions [None req-2f5e181b-8d5e-44e4-8d5d-d8c54dfdf318 - - - - - -] Loaded extension: vpn-aes-ctr
2026-05-25 10:47:04.468 7 WARNING oslo_config.cfg [None req-90fcf5db-dc3a-4811-8e53-3d56c043f5e9 - - - - - -] Deprecated: Option "auth_uri" from group "keystone_authtoken" is deprecated. Use option "www_authenticate_uri" from group "keystone_authtoken".
2026-05-25 10:47:04.468 8 INFO neutron.api.extensions [None req-2f5e181b-8d5e-44e4-8d5d-d8c54dfdf318 - - - - - -] Extension vpn-agent-scheduler not supported by any of loaded plugins
2026-05-25 10:47:04.469 8 INFO neutron.api.extensions [None req-2f5e181b-8d5e-44e4-8d5d-d8c54dfdf318 - - - - - -] Loaded extension: vpn-endpoint-groups
2026-05-25 10:47:04.470 8 INFO neutron.api.extensions [None req-2f5e181b-8d5e-44e4-8d5d-d8c54dfdf318 - - - - - -] Loaded extension: vpn-flavors WSGI app 0 (mountpoint='') ready in 8 seconds on interpreter 0x7f166011d668 pid: 7 (default app)
2026-05-25 10:47:04.471 8 INFO neutron.api.extensions [None req-2f5e181b-8d5e-44e4-8d5d-d8c54dfdf318 - - - - - -] Loaded extension: vpnaas
2026-05-25 10:47:04.476 8 INFO neutron.api.extensions [None req-2f5e181b-8d5e-44e4-8d5d-d8c54dfdf318 - - - - - -] Loaded extension: taas
2026-05-25 10:47:04.479 8 INFO neutron.api.extensions [None req-2f5e181b-8d5e-44e4-8d5d-d8c54dfdf318 - - - - - -] Loaded extension: tap-mirror
2026-05-25 10:47:04.480 8 INFO neutron.api.extensions [None req-2f5e181b-8d5e-44e4-8d5d-d8c54dfdf318 - - - - - -] Loaded extension: taas-vlan-filter
2026-05-25 10:47:04.485 8 INFO neutron.quota.resource_registry [None req-2f5e181b-8d5e-44e4-8d5d-d8c54dfdf318 - - - - - -] Creating instance of TrackedResource for resource:network
2026-05-25 10:47:04.485 8 INFO neutron.quota.resource_registry [None req-2f5e181b-8d5e-44e4-8d5d-d8c54dfdf318 - - - - - -] Creating instance of TrackedResource for resource:subnet
2026-05-25 10:47:04.485 8 INFO neutron.quota.resource_registry [None req-2f5e181b-8d5e-44e4-8d5d-d8c54dfdf318 - - - - - -] Creating instance of TrackedResource for resource:subnetpool
2026-05-25 10:47:04.485 8 INFO neutron.quota.resource_registry [None req-2f5e181b-8d5e-44e4-8d5d-d8c54dfdf318 - - - - - -] Creating instance of TrackedResource for resource:port
2026-05-25 10:47:04.490 8 INFO neutron.quota.resource_registry [None req-2f5e181b-8d5e-44e4-8d5d-d8c54dfdf318 - - - - - -] Creating instance of TrackedResource for resource:router
2026-05-25 10:47:04.490 8 INFO neutron.quota.resource_registry [None req-2f5e181b-8d5e-44e4-8d5d-d8c54dfdf318 - - - - - -] Creating instance of TrackedResource for resource:floatingip
2026-05-25 10:47:04.498 8 INFO neutron.quota.resource_registry [None req-2f5e181b-8d5e-44e4-8d5d-d8c54dfdf318 - - - - - -] Creating instance of CountableResource for resource:rbac_policy
2026-05-25 10:47:04.500 8 INFO neutron.quota.resource_registry [None req-2f5e181b-8d5e-44e4-8d5d-d8c54dfdf318 - - - - - -] Creating instance of TrackedResource for resource:security_group
2026-05-25 10:47:04.501 8 INFO neutron.quota.resource_registry [None req-2f5e181b-8d5e-44e4-8d5d-d8c54dfdf318 - - - - - -] Creating instance of TrackedResource for resource:security_group_rule
2026-05-25 10:47:04.503 8 INFO neutron.quota.resource_registry [None req-2f5e181b-8d5e-44e4-8d5d-d8c54dfdf318 - - - - - -] Creating instance of TrackedResource for resource:subnetpool
2026-05-25 10:47:04.503 8 WARNING neutron.quota.resource_registry [None req-2f5e181b-8d5e-44e4-8d5d-d8c54dfdf318 - - - - - -] subnetpool is already registered
2026-05-25 10:47:04.504 8 INFO neutron.quota.resource_registry [None req-2f5e181b-8d5e-44e4-8d5d-d8c54dfdf318 - - - - - -] Creating instance of TrackedResource for resource:subnetpool
2026-05-25 10:47:04.504 8 WARNING neutron.quota.resource_registry [None req-2f5e181b-8d5e-44e4-8d5d-d8c54dfdf318 - - - - - -] subnetpool is already registered
2026-05-25 10:47:04.505 8 INFO neutron.quota.resource_registry [None req-2f5e181b-8d5e-44e4-8d5d-d8c54dfdf318 - - - - - -] Creating instance of CountableResource for resource:trunk
2026-05-25 10:47:04.505 8 INFO neutron.quota.resource_registry [None req-2f5e181b-8d5e-44e4-8d5d-d8c54dfdf318 - - - - - -] Creating instance of CountableResource for resource:ikepolicy
2026-05-25 10:47:04.506 8 INFO neutron.quota.resource_registry [None req-2f5e181b-8d5e-44e4-8d5d-d8c54dfdf318 - - - - - -] Creating instance of CountableResource for resource:ipsecpolicy
2026-05-25 10:47:04.507 8 INFO neutron.quota.resource_registry [None req-2f5e181b-8d5e-44e4-8d5d-d8c54dfdf318 - - - - - -] Creating instance of CountableResource for resource:endpoint_group
2026-05-25 10:47:04.507 8 INFO neutron.quota.resource_registry [None req-2f5e181b-8d5e-44e4-8d5d-d8c54dfdf318 - - - - - -] Creating instance of CountableResource for resource:vpnservice
2026-05-25 10:47:04.508 8 INFO neutron.quota.resource_registry [None req-2f5e181b-8d5e-44e4-8d5d-d8c54dfdf318 - - - - - -] Creating instance of CountableResource for resource:ipsec_site_connection
2026-05-25 10:47:04.508 8 INFO neutron.quota.resource_registry [None req-2f5e181b-8d5e-44e4-8d5d-d8c54dfdf318 - - - - - -] Creating instance of CountableResource for resource:ipsecpolicy
2026-05-25 10:47:04.508 8 WARNING neutron.quota.resource_registry [None req-2f5e181b-8d5e-44e4-8d5d-d8c54dfdf318 - - - - - -] ipsecpolicy is already registered
2026-05-25 10:47:04.509 8 INFO neutron.quota.resource_registry [None req-2f5e181b-8d5e-44e4-8d5d-d8c54dfdf318 - - - - - -] Creating instance of CountableResource for resource:ikepolicy
2026-05-25 10:47:04.509 8 WARNING neutron.quota.resource_registry [None req-2f5e181b-8d5e-44e4-8d5d-d8c54dfdf318 - - - - - -] ikepolicy is already registered
2026-05-25 10:47:04.519 8 INFO neutron.quota.resource_registry [None req-2f5e181b-8d5e-44e4-8d5d-d8c54dfdf318 - - - - - -] Creating instance of TrackedResource for resource:router
2026-05-25 10:47:04.519 8 WARNING neutron.quota.resource_registry [None req-2f5e181b-8d5e-44e4-8d5d-d8c54dfdf318 - - - - - -] router is already registered
2026-05-25 10:47:04.519 8 INFO neutron.quota.resource_registry [None req-2f5e181b-8d5e-44e4-8d5d-d8c54dfdf318 - - - - - -] Creating instance of TrackedResource for resource:floatingip
2026-05-25 10:47:04.520 8 WARNING neutron.quota.resource_registry [None req-2f5e181b-8d5e-44e4-8d5d-d8c54dfdf318 - - - - - -] floatingip is already registered
2026-05-25 10:47:04.523 8 INFO neutron.quota.resource_registry [None req-2f5e181b-8d5e-44e4-8d5d-d8c54dfdf318 - - - - - -] Creating instance of CountableResource for resource:rbac_policy
2026-05-25 10:47:04.523 8 WARNING neutron.quota.resource_registry [None req-2f5e181b-8d5e-44e4-8d5d-d8c54dfdf318 - - - - - -] rbac_policy is already registered
2026-05-25 10:47:04.524 8 INFO neutron.quota.resource_registry [None req-2f5e181b-8d5e-44e4-8d5d-d8c54dfdf318 - - - - - -] Creating instance of TrackedResource for resource:security_group
2026-05-25 10:47:04.524 8 WARNING neutron.quota.resource_registry [None req-2f5e181b-8d5e-44e4-8d5d-d8c54dfdf318 - - - - - -] security_group is already registered
2026-05-25 10:47:04.525 8 INFO neutron.quota.resource_registry [None req-2f5e181b-8d5e-44e4-8d5d-d8c54dfdf318 - - - - - -] Creating instance of TrackedResource for resource:security_group_rule
2026-05-25 10:47:04.525 8 WARNING neutron.quota.resource_registry [None req-2f5e181b-8d5e-44e4-8d5d-d8c54dfdf318 - - - - - -] security_group_rule is already registered
2026-05-25 10:47:04.525 8 INFO neutron.quota.resource_registry [None req-2f5e181b-8d5e-44e4-8d5d-d8c54dfdf318 - - - - - -] Creating instance of TrackedResource for resource:subnetpool
2026-05-25 10:47:04.526 8 WARNING neutron.quota.resource_registry [None req-2f5e181b-8d5e-44e4-8d5d-d8c54dfdf318 - - - - - -] subnetpool is already registered
2026-05-25 10:47:04.526 8 INFO neutron.quota.resource_registry [None req-2f5e181b-8d5e-44e4-8d5d-d8c54dfdf318 - - - - - -] Creating instance of TrackedResource for resource:subnetpool
2026-05-25 10:47:04.526 8 WARNING neutron.quota.resource_registry [None req-2f5e181b-8d5e-44e4-8d5d-d8c54dfdf318 - - - - - -] subnetpool is already registered
2026-05-25 10:47:04.527 8 INFO neutron.quota.resource_registry [None req-2f5e181b-8d5e-44e4-8d5d-d8c54dfdf318 - - - - - -] Creating instance of CountableResource for resource:trunk
2026-05-25 10:47:04.527 8 WARNING neutron.quota.resource_registry [None req-2f5e181b-8d5e-44e4-8d5d-d8c54dfdf318 - - - - - -] trunk is already registered
2026-05-25 10:47:04.527 8 INFO neutron.quota.resource_registry [None req-2f5e181b-8d5e-44e4-8d5d-d8c54dfdf318 - - - - - -] Creating instance of CountableResource for resource:ikepolicy
2026-05-25 10:47:04.527 8 WARNING neutron.quota.resource_registry [None req-2f5e181b-8d5e-44e4-8d5d-d8c54dfdf318 - - - - - -] ikepolicy is already registered
2026-05-25 10:47:04.528 8 INFO neutron.quota.resource_registry [None req-2f5e181b-8d5e-44e4-8d5d-d8c54dfdf318 - - - - - -] Creating instance of CountableResource for resource:ipsecpolicy
2026-05-25 10:47:04.528 8 WARNING neutron.quota.resource_registry [None req-2f5e181b-8d5e-44e4-8d5d-d8c54dfdf318 - - - - - -] ipsecpolicy is already registered
2026-05-25 10:47:04.528 8 INFO neutron.quota.resource_registry [None req-2f5e181b-8d5e-44e4-8d5d-d8c54dfdf318 - - - - - -] Creating instance of CountableResource for resource:endpoint_group
2026-05-25 10:47:04.528 8 WARNING neutron.quota.resource_registry [None req-2f5e181b-8d5e-44e4-8d5d-d8c54dfdf318 - - - - - -] endpoint_group is already registered
2026-05-25 10:47:04.529 8 INFO neutron.quota.resource_registry [None req-2f5e181b-8d5e-44e4-8d5d-d8c54dfdf318 - - - - - -] Creating instance of CountableResource for resource:vpnservice
2026-05-25 10:47:04.529 8 WARNING neutron.quota.resource_registry [None req-2f5e181b-8d5e-44e4-8d5d-d8c54dfdf318 - - - - - -] vpnservice is already registered
2026-05-25 10:47:04.529 8 INFO neutron.quota.resource_registry [None req-2f5e181b-8d5e-44e4-8d5d-d8c54dfdf318 - - - - - -] Creating instance of CountableResource for resource:ipsec_site_connection
2026-05-25 10:47:04.529 8 WARNING neutron.quota.resource_registry [None req-2f5e181b-8d5e-44e4-8d5d-d8c54dfdf318 - - - - - -] ipsec_site_connection is already registered
2026-05-25 10:47:04.530 8 INFO neutron.quota.resource_registry [None req-2f5e181b-8d5e-44e4-8d5d-d8c54dfdf318 - - - - - -] Creating instance of CountableResource for resource:ipsecpolicy
2026-05-25 10:47:04.530 8 WARNING neutron.quota.resource_registry [None req-2f5e181b-8d5e-44e4-8d5d-d8c54dfdf318 - - - - - -] ipsecpolicy is already registered
2026-05-25 10:47:04.530 8 INFO neutron.quota.resource_registry [None req-2f5e181b-8d5e-44e4-8d5d-d8c54dfdf318 - - - - - -] Creating instance of CountableResource for resource:ikepolicy
2026-05-25 10:47:04.530 8 WARNING neutron.quota.resource_registry [None req-2f5e181b-8d5e-44e4-8d5d-d8c54dfdf318 - - - - - -] ikepolicy is already registered
2026-05-25 10:47:04.567 8 WARNING keystonemiddleware._common.config [None req-2f5e181b-8d5e-44e4-8d5d-d8c54dfdf318 - - - - - -] The option "audit_map_file" is not known to keystonemiddleware
2026-05-25 10:47:04.574 8 WARNING oslo_config.cfg [None req-2f5e181b-8d5e-44e4-8d5d-d8c54dfdf318 - - - - - -] Deprecated: Option "auth_uri" from group "keystone_authtoken" is deprecated. Use option "www_authenticate_uri" from group "keystone_authtoken". WSGI app 0 (mountpoint='') ready in 8 seconds on interpreter 0x7f166011d668 pid: 8 (default app) /var/lib/openstack/lib/python3.12/site-packages/pycadf/identifier.py:70: UserWarning: Invalid uuid: unknown. To ensure interoperability, identifiers should be a valid uuid. warnings.warn(('Invalid uuid: %s. To ensure interoperability, '
2026-05-25 10:47:10.047 7 INFO neutron.pecan_wsgi.hooks.translation [None req-922cbb15-4c27-4dc2-b94f-4de64f563d48 cbcc95eca085467cb366b8a5846b00e2 88d5e9df62b64d249720f69ca6156d7a - - default default] GET failed (client error): The resource could not be found. [pid: 7|app: 0|req: 3/3] 199.19.213.212 () {44 vars in 928 bytes} [Mon May 25 10:47:09 2026] GET /v2.0/networks/public => generated 108 bytes in 851 msecs (HTTP/1.1 404) 4 headers in 164 bytes (1 switches on core 0) /var/lib/openstack/lib/python3.12/site-packages/pycadf/identifier.py:70: UserWarning: Invalid uuid: unknown. To ensure interoperability, identifiers should be a valid uuid. warnings.warn(('Invalid uuid: %s. To ensure interoperability, ' [pid: 8|app: 0|req: 1/4] 199.19.213.212 () {44 vars in 950 bytes} [Mon May 25 10:47:10 2026] GET /v2.0/networks?name=public => generated 15 bytes in 359 msecs (HTTP/1.1 200) 4 headers in 156 bytes (1 switches on core 0)
2026-05-25 10:47:10.770 7 WARNING neutron.services.revisions.revision_plugin [None req-50b8c509-df01-444d-ab65-4a4963a07e63 cbcc95eca085467cb366b8a5846b00e2 88d5e9df62b64d249720f69ca6156d7a - - default default] Could not find related network for resource to bump revision.
2026-05-25 10:47:10.789 7 INFO neutron.db.segments_db [None req-50b8c509-df01-444d-ab65-4a4963a07e63 cbcc95eca085467cb366b8a5846b00e2 88d5e9df62b64d249720f69ca6156d7a - - default default] Added segment 80b0b4a1-62b4-43d4-baf8-9653f75e81e1 of type flat for network a326113c-b6e2-4ae1-87e4-a9ab836991fe
2026-05-25 10:47:10.837 7 INFO neutron.pecan_wsgi.hooks.translation [None req-50b8c509-df01-444d-ab65-4a4963a07e63 cbcc95eca085467cb366b8a5846b00e2 88d5e9df62b64d249720f69ca6156d7a - - default default] POST failed (client error): The resource could not be found. [pid: 7|app: 0|req: 4/5] 199.19.213.212 () {48 vars in 968 bytes} [Mon May 25 10:47:10 2026] POST /v2.0/networks => generated 124 bytes in 436 msecs (HTTP/1.1 404) 4 headers in 164 bytes (1 switches on core 0)
2026-05-25 10:47:17.007 8 INFO neutron.pecan_wsgi.hooks.translation [None req-1863d92f-8143-4063-a879-0d71e0e2e592 cbcc95eca085467cb366b8a5846b00e2 88d5e9df62b64d249720f69ca6156d7a - - default default] GET failed (client error): The resource could not be found. [pid: 8|app: 0|req: 2/6] 199.19.213.212 () {44 vars in 928 bytes} [Mon May 25 10:47:16 2026] GET /v2.0/networks/public => generated 108 bytes in 358 msecs (HTTP/1.1 404) 4 headers in 164 bytes (1 switches on core 0) [pid: 7|app: 0|req: 5/7] 199.19.213.212 () {44 vars in 950 bytes} [Mon May 25 10:47:17 2026] GET /v2.0/networks?name=public => generated 15 bytes in 39 msecs (HTTP/1.1 200) 4 headers in 156 bytes (1 switches on core 0)
2026-05-25 10:47:17.264 8 WARNING neutron.services.revisions.revision_plugin [None req-3391e218-c7fc-4fb3-8d15-c9eef4042aa5 cbcc95eca085467cb366b8a5846b00e2 88d5e9df62b64d249720f69ca6156d7a - - default default] Could not find related network for resource to bump revision.
2026-05-25 10:47:17.288 8 INFO neutron.db.segments_db [None req-3391e218-c7fc-4fb3-8d15-c9eef4042aa5 cbcc95eca085467cb366b8a5846b00e2 88d5e9df62b64d249720f69ca6156d7a - - default default] Added segment f2b36a80-be80-4351-9d37-87a9428ea881 of type flat for network d8940787-b432-4f39-a0a0-5117b2fe9107
2026-05-25 10:47:17.334 8 INFO neutron.pecan_wsgi.hooks.translation [None req-3391e218-c7fc-4fb3-8d15-c9eef4042aa5 cbcc95eca085467cb366b8a5846b00e2 88d5e9df62b64d249720f69ca6156d7a - - default default] POST failed (client error): The resource could not be found. [pid: 8|app: 0|req: 3/9] 199.19.213.212 () {48 vars in 968 bytes} [Mon May 25 10:47:17 2026] POST /v2.0/networks => generated 124 bytes in 338 msecs (HTTP/1.1 404) 4 headers in 164 bytes (1 switches on core 0)
2026-05-25 10:47:23.183 7 INFO neutron.pecan_wsgi.hooks.translation [None req-cd4b6c37-0621-48f1-8ef0-dd83725b3f30 cbcc95eca085467cb366b8a5846b00e2 88d5e9df62b64d249720f69ca6156d7a - - default default] GET failed (client error): The resource could not be found. [pid: 7|app: 0|req: 7/10] 199.19.213.212 () {44 vars in 928 bytes} [Mon May 25 10:47:23 2026] GET /v2.0/networks/public => generated 108 bytes in 35 msecs (HTTP/1.1 404) 4 headers in 164 bytes (1 switches on core 0) [pid: 8|app: 0|req: 4/11] 199.19.213.212 () {44 vars in 950 bytes} [Mon May 25 10:47:23 2026] GET /v2.0/networks?name=public => generated 15 bytes in 16 msecs (HTTP/1.1 200) 4 headers in 156 bytes (1 switches on core 0)
2026-05-25 10:47:23.247 7 WARNING neutron.services.revisions.revision_plugin [None req-f830e21d-3158-436f-91ae-01c08069fb0a cbcc95eca085467cb366b8a5846b00e2 88d5e9df62b64d249720f69ca6156d7a - - default default] Could not find related network for resource to bump revision.
2026-05-25 10:47:23.257 7 INFO neutron.db.segments_db [None req-f830e21d-3158-436f-91ae-01c08069fb0a cbcc95eca085467cb366b8a5846b00e2 88d5e9df62b64d249720f69ca6156d7a - - default default] Added segment 86591e7a-36d1-4d9e-a281-c60cc5549d34 of type flat for network aca39b7a-5c32-4868-b051-b1c4a871af82
2026-05-25 10:47:23.272 7 INFO neutron.pecan_wsgi.hooks.translation [None req-f830e21d-3158-436f-91ae-01c08069fb0a cbcc95eca085467cb366b8a5846b00e2 88d5e9df62b64d249720f69ca6156d7a - - default default] POST failed (client error): The resource could not be found. [pid: 7|app: 0|req: 8/12] 199.19.213.212 () {48 vars in 968 bytes} [Mon May 25 10:47:23 2026] POST /v2.0/networks => generated 124 bytes in 79 msecs (HTTP/1.1 404) 4 headers in 164 bytes (1 switches on core 0)
2026-05-25 10:47:29.086 8 INFO neutron.pecan_wsgi.hooks.translation [None req-d71e6820-3308-4749-8bfa-6a51c2f3a1e4 cbcc95eca085467cb366b8a5846b00e2 88d5e9df62b64d249720f69ca6156d7a - - default default] GET failed (client error): The resource could not be found. [pid: 8|app: 0|req: 5/13] 199.19.213.212 () {44 vars in 928 bytes} [Mon May 25 10:47:29 2026] GET /v2.0/networks/public => generated 108 bytes in 41 msecs (HTTP/1.1 404) 4 headers in 164 bytes (1 switches on core 0) [pid: 7|app: 0|req: 9/14] 199.19.213.212 () {44 vars in 950 bytes} [Mon May 25 10:47:29 2026] GET /v2.0/networks?name=public => generated 15 bytes in 14 msecs (HTTP/1.1 200) 4 headers in 156 bytes (1 switches on core 0)
2026-05-25 10:47:29.152 8 WARNING neutron.services.revisions.revision_plugin [None req-49a58977-d769-491d-aaff-fffcc10a3de3 cbcc95eca085467cb366b8a5846b00e2 88d5e9df62b64d249720f69ca6156d7a - - default default] Could not find related network for resource to bump revision.
2026-05-25 10:47:29.175 8 INFO neutron.db.segments_db [None req-49a58977-d769-491d-aaff-fffcc10a3de3 cbcc95eca085467cb366b8a5846b00e2 88d5e9df62b64d249720f69ca6156d7a - - default default] Added segment 82f33862-9d76-4893-9b88-9e2baf86ec89 of type flat for network b6f2dd22-716c-454e-ba25-d9742650e4c6
2026-05-25 10:47:29.198 8 INFO neutron.pecan_wsgi.hooks.translation [None req-49a58977-d769-491d-aaff-fffcc10a3de3 cbcc95eca085467cb366b8a5846b00e2 88d5e9df62b64d249720f69ca6156d7a - - default default] POST failed (client error): The resource could not be found. [pid: 8|app: 0|req: 6/15] 199.19.213.212 () {48 vars in 968 bytes} [Mon May 25 10:47:29 2026] POST /v2.0/networks => generated 124 bytes in 98 msecs (HTTP/1.1 404) 4 headers in 164 bytes (1 switches on core 0)
2026-05-25 10:47:35.061 8 INFO neutron.pecan_wsgi.hooks.translation [None req-4c02a0cf-793d-436e-a342-fa1384e5e779 cbcc95eca085467cb366b8a5846b00e2 88d5e9df62b64d249720f69ca6156d7a - - default default] GET failed (client error): The resource could not be found. [pid: 8|app: 0|req: 7/17] 199.19.213.212 () {44 vars in 928 bytes} [Mon May 25 10:47:35 2026] GET /v2.0/networks/public => generated 108 bytes in 46 msecs (HTTP/1.1 404) 4 headers in 164 bytes (1 switches on core 0) [pid: 7|app: 0|req: 11/18] 199.19.213.212 () {44 vars in 950 bytes} [Mon May 25 10:47:35 2026] GET /v2.0/networks?name=public => generated 15 bytes in 11 msecs (HTTP/1.1 200) 4 headers in 156 bytes (1 switches on core 0)
2026-05-25 10:47:35.124 8 WARNING neutron.services.revisions.revision_plugin [None req-62de355c-02ca-4de1-8270-32070ff0cf22 cbcc95eca085467cb366b8a5846b00e2 88d5e9df62b64d249720f69ca6156d7a - - default default] Could not find related network for resource to bump revision.
2026-05-25 10:47:35.139 8 INFO neutron.db.segments_db [None req-62de355c-02ca-4de1-8270-32070ff0cf22 cbcc95eca085467cb366b8a5846b00e2 88d5e9df62b64d249720f69ca6156d7a - - default default] Added segment 06abcdcd-6f5e-4665-928b-85c5f9900e82 of type flat for network 4bf9aa54-7b12-47f0-aaab-0d3fa6679b3b
2026-05-25 10:47:35.160 8 INFO neutron.pecan_wsgi.hooks.translation [None req-62de355c-02ca-4de1-8270-32070ff0cf22 cbcc95eca085467cb366b8a5846b00e2 88d5e9df62b64d249720f69ca6156d7a - - default default] POST failed (client error): The resource could not be found. [pid: 8|app: 0|req: 8/19] 199.19.213.212 () {48 vars in 968 bytes} [Mon May 25 10:47:35 2026] POST /v2.0/networks => generated 124 bytes in 93 msecs (HTTP/1.1 404) 4 headers in 164 bytes (1 switches on core 0)
2026-05-25 10:47:40.984 7 INFO neutron.pecan_wsgi.hooks.translation [None req-b85d1d3a-490d-4b2c-bb00-371dc1a6d48d cbcc95eca085467cb366b8a5846b00e2 88d5e9df62b64d249720f69ca6156d7a - - default default] GET failed (client error): The resource could not be found. [pid: 7|app: 0|req: 12/20] 199.19.213.212 () {44 vars in 928 bytes} [Mon May 25 10:47:40 2026] GET /v2.0/networks/public => generated 108 bytes in 50 msecs (HTTP/1.1 404) 4 headers in 164 bytes (1 switches on core 0) [pid: 8|app: 0|req: 9/21] 199.19.213.212 () {44 vars in 950 bytes} [Mon May 25 10:47:40 2026] GET /v2.0/networks?name=public => generated 15 bytes in 20 msecs (HTTP/1.1 200) 4 headers in 156 bytes (1 switches on core 0)
2026-05-25 10:47:41.127 7 WARNING neutron.services.revisions.revision_plugin [None req-8988150f-2095-46b9-91ad-1f8967085fde cbcc95eca085467cb366b8a5846b00e2 88d5e9df62b64d249720f69ca6156d7a - - default default] Could not find related network for resource to bump revision.
2026-05-25 10:47:41.144 7 INFO neutron.db.segments_db [None req-8988150f-2095-46b9-91ad-1f8967085fde cbcc95eca085467cb366b8a5846b00e2 88d5e9df62b64d249720f69ca6156d7a - - default default] Added segment 3cd3cd89-5a37-4db2-acdb-06d2641d3dbb of type flat for network 7fdb4268-6126-4306-bbd3-b91dea82c82d [pid: 7|app: 0|req: 13/22] 199.19.213.212 () {48 vars in 968 bytes} [Mon May 25 10:47:41 2026] POST /v2.0/networks => generated 706 bytes in 572 msecs (HTTP/1.1 201) 4 headers in 162 bytes (1 switches on core 0)
2026-05-25 10:47:42.764 8 INFO neutron.pecan_wsgi.hooks.translation [None req-a7b49f6d-808a-4f86-9bfc-66b5e11b6df3 cbcc95eca085467cb366b8a5846b00e2 88d5e9df62b64d249720f69ca6156d7a - - default default] GET failed (client error): The resource could not be found. [pid: 8|app: 0|req: 10/23] 199.19.213.212 () {44 vars in 928 bytes} [Mon May 25 10:47:42 2026] GET /v2.0/networks/public => generated 108 bytes in 115 msecs (HTTP/1.1 404) 4 headers in 164 bytes (1 switches on core 0) [pid: 7|app: 0|req: 14/24] 199.19.213.212 () {44 vars in 950 bytes} [Mon May 25 10:47:42 2026] GET /v2.0/networks?name=public => generated 709 bytes in 30 msecs (HTTP/1.1 200) 4 headers in 157 bytes (1 switches on core 0)
2026-05-25 10:47:42.844 8 INFO neutron.pecan_wsgi.hooks.translation [None req-0effcda9-972a-43fe-aa28-c94d68868eb5 cbcc95eca085467cb366b8a5846b00e2 88d5e9df62b64d249720f69ca6156d7a - - default default] GET failed (client error): The resource could not be found. [pid: 8|app: 0|req: 11/25] 199.19.213.212 () {44 vars in 1035 bytes} [Mon May 25 10:47:42 2026] GET /v2.0/subnets/public-subnet?network_id=7fdb4268-6126-4306-bbd3-b91dea82c82d => generated 113 bytes in 26 msecs (HTTP/1.1 404) 4 headers in 164 bytes (1 switches on core 0) [pid: 7|app: 0|req: 15/26] 199.19.213.212 () {44 vars in 1058 bytes} [Mon May 25 10:47:42 2026] GET /v2.0/subnets?name=public-subnet&network_id=7fdb4268-6126-4306-bbd3-b91dea82c82d => generated 14 bytes in 24 msecs (HTTP/1.1 200) 4 headers in 156 bytes (1 switches on core 0) [pid: 8|app: 0|req: 12/27] 199.19.213.212 () {48 vars in 966 bytes} [Mon May 25 10:47:42 2026] POST /v2.0/subnets => generated 664 bytes in 326 msecs (HTTP/1.1 201) 4 headers in 162 bytes (1 switches on core 0)
2026-05-25 10:52:18.077 8 INFO neutron.pecan_wsgi.hooks.translation [None req-4308fd08-49e9-4abf-bed1-88bf75b8835e cbcc95eca085467cb366b8a5846b00e2 88d5e9df62b64d249720f69ca6156d7a - - default default] GET failed (client error): The resource could not be found. [pid: 8|app: 0|req: 31/65] 199.19.213.212 () {44 vars in 938 bytes} [Mon May 25 10:52:17 2026] GET /v2.0/networks/lb-mgmt-net => generated 113 bytes in 95 msecs (HTTP/1.1 404) 4 headers in 164 bytes (1 switches on core 0) [pid: 7|app: 0|req: 35/66] 199.19.213.212 () {44 vars in 960 bytes} [Mon May 25 10:52:18 2026] GET /v2.0/networks?name=lb-mgmt-net => generated 15 bytes in 16 msecs (HTTP/1.1 200) 4 headers in 156 bytes (1 switches on core 0)
2026-05-25 10:52:18.157 8 INFO neutron.db.segments_db [None req-0b00edf9-9dc3-4fb4-8abd-f2d0f8843652 cbcc95eca085467cb366b8a5846b00e2 88d5e9df62b64d249720f69ca6156d7a - - default default] Added segment 9bc77011-fb16-48b3-93ba-2c2c753a3e1e of type vxlan for network 37c93fef-b9d9-446d-b496-60a0841b0342 [pid: 8|app: 0|req: 32/67] 199.19.213.212 () {48 vars in 967 bytes} [Mon May 25 10:52:18 2026] POST /v2.0/networks => generated 707 bytes in 154 msecs (HTTP/1.1 201) 4 headers in 162 bytes (1 switches on core 0)
2026-05-25 10:52:19.135 7 INFO neutron.pecan_wsgi.hooks.translation [None req-c9c39dfc-8c4a-45aa-b5e0-50d5518b326d cbcc95eca085467cb366b8a5846b00e2 88d5e9df62b64d249720f69ca6156d7a - - default default] GET failed (client error): The resource could not be found. [pid: 7|app: 0|req: 36/68] 199.19.213.212 () {44 vars in 938 bytes} [Mon May 25 10:52:19 2026] GET /v2.0/networks/lb-mgmt-net => generated 113 bytes in 54 msecs (HTTP/1.1 404) 4 headers in 164 bytes (1 switches on core 0) [pid: 8|app: 0|req: 33/69] 199.19.213.212 () {44 vars in 960 bytes} [Mon May 25 10:52:19 2026] GET /v2.0/networks?name=lb-mgmt-net => generated 691 bytes in 30 msecs (HTTP/1.1 200) 4 headers in 157 bytes (1 switches on core 0)
