+ COMMAND=start + start + for KEYSTONE_WSGI_SCRIPT in keystone-wsgi-public ++ type -p keystone-wsgi-public + cp -a /var/lib/openstack/bin/keystone-wsgi-public /var/www/cgi-bin/keystone/ + '[' -f /etc/apache2/envvars ']' + source /etc/apache2/envvars ++ unset HOME ++ '[' '' '!=' '' ']' ++ SUFFIX= ++ export APACHE_RUN_USER=www-data ++ APACHE_RUN_USER=www-data ++ export APACHE_RUN_GROUP=www-data ++ APACHE_RUN_GROUP=www-data ++ export APACHE_PID_FILE=/var/run/apache2/apache2.pid ++ APACHE_PID_FILE=/var/run/apache2/apache2.pid ++ export APACHE_RUN_DIR=/var/run/apache2 ++ APACHE_RUN_DIR=/var/run/apache2 ++ export APACHE_LOCK_DIR=/var/lock/apache2 ++ APACHE_LOCK_DIR=/var/lock/apache2 ++ export APACHE_LOG_DIR=/var/log/apache2 ++ APACHE_LOG_DIR=/var/log/apache2 ++ export LANG=C ++ LANG=C ++ export LANG + '[' -f /var/run/apache2/apache2.pid ']' + exec apache2 -DFOREGROUND AH00558: apache2: Could not reliably determine the server's fully qualified domain name, using 10.0.0.215. Set the 'ServerName' directive globally to suppress this message AH00558: apache2: Could not reliably determine the server's fully qualified domain name, using 10.0.0.215. Set the 'ServerName' directive globally to suppress this message
[Tue Apr 07 15:28:56.444223 2026] [mpm_event:notice] [pid 1:tid 140577912309632] AH00489: Apache/2.4.58 (Ubuntu) mod_wsgi/5.0.0 Python/3.12 configured -- resuming normal operations
[Tue Apr 07 15:28:56.444385 2026] [core:notice] [pid 1:tid 140577912309632] AH00094: Command line: 'apache2 -D FOREGROUND'
[Tue Apr 07 15:29:55.172592 2026] [wsgi:error] [pid 10:tid 140577275537088] /var/lib/openstack/lib/python3.12/site-packages/oslo_utils/importutils.py:77: EventletDeprecationWarning:
[Tue Apr 07 15:29:55.172634 2026] [wsgi:error] [pid 10:tid 140577275537088] Eventlet is deprecated. It is currently being maintained in bugfix mode, and
[Tue Apr 07 15:29:55.172636 2026] [wsgi:error] [pid 10:tid 140577275537088] we strongly recommend against using it for new projects.
[Tue Apr 07 15:29:55.172637 2026] [wsgi:error] [pid 10:tid 140577275537088]
[Tue Apr 07 15:29:55.172638 2026] [wsgi:error] [pid 10:tid 140577275537088] If you are already using Eventlet, we recommend migrating to a different
[Tue Apr 07 15:29:55.172639 2026] [wsgi:error] [pid 10:tid 140577275537088] framework. For more detail see
[Tue Apr 07 15:29:55.172641 2026] [wsgi:error] [pid 10:tid 140577275537088] https://eventlet.readthedocs.io/en/latest/asyncio/migration.html
[Tue Apr 07 15:29:55.172642 2026] [wsgi:error] [pid 10:tid 140577275537088]
[Tue Apr 07 15:29:55.172643 2026] [wsgi:error] [pid 10:tid 140577275537088] __import__(import_str)
[Tue Apr 07 15:29:55.196001 2026] [wsgi:error] [pid 11:tid 140577275537088] /var/lib/openstack/lib/python3.12/site-packages/oslo_utils/importutils.py:77: EventletDeprecationWarning:
[Tue Apr 07 15:29:55.196057 2026] [wsgi:error] [pid 11:tid 140577275537088] Eventlet is deprecated. It is currently being maintained in bugfix mode, and
[Tue Apr 07 15:29:55.196059 2026] [wsgi:error] [pid 11:tid 140577275537088] we strongly recommend against using it for new projects.
[Tue Apr 07 15:29:55.196060 2026] [wsgi:error] [pid 11:tid 140577275537088]
[Tue Apr 07 15:29:55.196061 2026] [wsgi:error] [pid 11:tid 140577275537088] If you are already using Eventlet, we recommend migrating to a different
[Tue Apr 07 15:29:55.196062 2026] [wsgi:error] [pid 11:tid 140577275537088] framework. For more detail see
[Tue Apr 07 15:29:55.196064 2026] [wsgi:error] [pid 11:tid 140577275537088] https://eventlet.readthedocs.io/en/latest/asyncio/migration.html
[Tue Apr 07 15:29:55.196065 2026] [wsgi:error] [pid 11:tid 140577275537088]
[Tue Apr 07 15:29:55.196066 2026] [wsgi:error] [pid 11:tid 140577275537088] __import__(import_str) 10.0.0.120 - - [07/Apr/2026:15:29:54 +0000] "GET /v3/ HTTP/1.1" 200 250 10.0.0.120 - - [07/Apr/2026:15:29:54 +0000] "GET /v3/ HTTP/1.1" 200 250
[Tue Apr 07 15:30:07.872264 2026] [wsgi:error] [pid 12:tid 140577275537088] /var/lib/openstack/lib/python3.12/site-packages/oslo_utils/importutils.py:77: EventletDeprecationWarning:
[Tue Apr 07 15:30:07.872313 2026] [wsgi:error] [pid 12:tid 140577275537088] Eventlet is deprecated. It is currently being maintained in bugfix mode, and
[Tue Apr 07 15:30:07.872315 2026] [wsgi:error] [pid 12:tid 140577275537088] we strongly recommend against using it for new projects.
[Tue Apr 07 15:30:07.872316 2026] [wsgi:error] [pid 12:tid 140577275537088]
[Tue Apr 07 15:30:07.872318 2026] [wsgi:error] [pid 12:tid 140577275537088] If you are already using Eventlet, we recommend migrating to a different
[Tue Apr 07 15:30:07.872319 2026] [wsgi:error] [pid 12:tid 140577275537088] framework. For more detail see
[Tue Apr 07 15:30:07.872320 2026] [wsgi:error] [pid 12:tid 140577275537088] https://eventlet.readthedocs.io/en/latest/asyncio/migration.html
[Tue Apr 07 15:30:07.872321 2026] [wsgi:error] [pid 12:tid 140577275537088]
[Tue Apr 07 15:30:07.872322 2026] [wsgi:error] [pid 12:tid 140577275537088] __import__(import_str) 10.0.0.223 - - [07/Apr/2026:15:30:07 +0000] "GET / HTTP/1.1" 300 295
[Tue Apr 07 15:30:13.093290 2026] [wsgi:error] [pid 9:tid 140577275537088] /var/lib/openstack/lib/python3.12/site-packages/oslo_utils/importutils.py:77: EventletDeprecationWarning:
[Tue Apr 07 15:30:13.093328 2026] [wsgi:error] [pid 9:tid 140577275537088] Eventlet is deprecated. It is currently being maintained in bugfix mode, and
[Tue Apr 07 15:30:13.093331 2026] [wsgi:error] [pid 9:tid 140577275537088] we strongly recommend against using it for new projects.
[Tue Apr 07 15:30:13.093332 2026] [wsgi:error] [pid 9:tid 140577275537088]
[Tue Apr 07 15:30:13.093333 2026] [wsgi:error] [pid 9:tid 140577275537088] If you are already using Eventlet, we recommend migrating to a different
[Tue Apr 07 15:30:13.093334 2026] [wsgi:error] [pid 9:tid 140577275537088] framework. For more detail see
[Tue Apr 07 15:30:13.093335 2026] [wsgi:error] [pid 9:tid 140577275537088] https://eventlet.readthedocs.io/en/latest/asyncio/migration.html
[Tue Apr 07 15:30:13.093336 2026] [wsgi:error] [pid 9:tid 140577275537088]
[Tue Apr 07 15:30:13.093337 2026] [wsgi:error] [pid 9:tid 140577275537088] __import__(import_str)
[Tue Apr 07 15:30:17.671275 2026] [wsgi:error] [pid 9:tid 140577275537088] [remote 10.0.0.223:45648] 2026-04-07 15:30:17.668 9 WARNING keystone.identity.core [None req-e40527b3-116b-4a04-bd4f-1f9d04166d88 - - - - - -] Invalid domain name (atmosphere) found in config file name: keystone.exception.DomainNotFound: Could not find domain: atmosphere.
[Tue Apr 07 15:30:17.718788 2026] [wsgi:error] [pid 9:tid 140577275537088] [remote 10.0.0.223:45648] 2026-04-07 15:30:17.718 9 WARNING keystone.common.password_hashing [None req-e40527b3-116b-4a04-bd4f-1f9d04166d88 - - - - - -] Truncating password to algorithm specific maximum length 72 characters.
[Tue Apr 07 15:30:17.998246 2026] [wsgi:error] [pid 9:tid 140577275537088] [remote 10.0.0.223:45648] 2026-04-07 15:30:17.998 9 WARNING keystone.common.fernet_utils [None req-e40527b3-116b-4a04-bd4f-1f9d04166d88 - - - - - -] key_repository is world readable: /etc/keystone/fernet-keys/ 10.0.0.223 - - [07/Apr/2026:15:30:12 +0000] "POST /v3/auth/tokens HTTP/1.1" 201 1358
[Tue Apr 07 15:30:18.335406 2026] [wsgi:error] [pid 11:tid 140577275537088] [remote 10.0.0.223:45648] 2026-04-07 15:30:18.332 11 WARNING keystone.identity.core [None req-59502a90-72e0-40c4-acfd-62cc472c46da - - - - - -] Invalid domain name (atmosphere) found in config file name: keystone.exception.DomainNotFound: Could not find domain: atmosphere. 10.0.0.223 - - [07/Apr/2026:15:30:18 +0000] "POST /v3/domains HTTP/1.1" 201 261 10.0.0.167 - - [07/Apr/2026:15:30:29 +0000] "GET / HTTP/1.1" 300 295
[Tue Apr 07 15:30:29.586391 2026] [wsgi:error] [pid 12:tid 140577275537088] [remote 10.0.0.167:42590] 2026-04-07 15:30:29.585 12 WARNING keystone.common.password_hashing [None req-e81e94e1-df80-4ecd-af2e-55ab8ff238c8 - - - - - -] Truncating password to algorithm specific maximum length 72 characters.
[Tue Apr 07 15:30:29.880072 2026] [wsgi:error] [pid 12:tid 140577275537088] [remote 10.0.0.167:42590] 2026-04-07 15:30:29.879 12 WARNING keystone.common.fernet_utils [None req-e81e94e1-df80-4ecd-af2e-55ab8ff238c8 - - - - - -] key_repository is world readable: /etc/keystone/fernet-keys/ 10.0.0.167 - - [07/Apr/2026:15:30:29 +0000] "POST /v3/auth/tokens HTTP/1.1" 201 1358 10.0.0.167 - - [07/Apr/2026:15:30:30 +0000] "GET /v3/roles/admin HTTP/1.1" 404 83
[Tue Apr 07 15:30:30.105190 2026] [wsgi:error] [pid 11:tid 140577275537088] [remote 10.0.0.167:42590] 2026-04-07 15:30:30.104 11 WARNING keystone.common.rbac_enforcer.enforcer [None req-2ae29ccc-38e1-40c3-a4cb-6fc66e077f15 fc7b80dd048241f2be069252086a3461 318000df261d4560afd0dceea4d2c2ae - - default default] Deprecated policy rules found. Use oslopolicy-policy-generator and oslopolicy-policy-upgrade to detect and resolve deprecated policies in your configuration. 10.0.0.167 - - [07/Apr/2026:15:30:30 +0000] "GET /v3/roles?name=admin HTTP/1.1" 200 389
[Tue Apr 07 15:30:30.457805 2026] [wsgi:error] [pid 10:tid 140577275537088] [remote 10.0.0.167:42590] 2026-04-07 15:30:30.457 10 WARNING keystone.common.rbac_enforcer.enforcer [None req-a8b31efd-5d69-4fa1-92a4-a0c395c5c631 fc7b80dd048241f2be069252086a3461 318000df261d4560afd0dceea4d2c2ae - - default default] Deprecated policy rules found. Use oslopolicy-policy-generator and oslopolicy-policy-upgrade to detect and resolve deprecated policies in your configuration. 10.0.0.167 - - [07/Apr/2026:15:30:30 +0000] "GET /v3/users/admin-RegionOne HTTP/1.1" 404 93
[Tue Apr 07 15:30:30.599462 2026] [wsgi:error] [pid 12:tid 140577275537088] [remote 10.0.0.167:42590] 2026-04-07 15:30:30.599 12 WARNING keystone.common.rbac_enforcer.enforcer [None req-77b55069-2a36-4922-bd48-603f1b1a4ae7 fc7b80dd048241f2be069252086a3461 318000df261d4560afd0dceea4d2c2ae - - default default] Deprecated policy rules found. Use oslopolicy-policy-generator and oslopolicy-policy-upgrade to detect and resolve deprecated policies in your configuration. 10.0.0.167 - - [07/Apr/2026:15:30:30 +0000] "GET /v3/users?name=admin-RegionOne HTTP/1.1" 200 422
[Tue Apr 07 15:30:30.862062 2026] [wsgi:error] [pid 9:tid 140577275537088] [remote 10.0.0.167:42590] 2026-04-07 15:30:30.861 9 WARNING keystone.common.rbac_enforcer.enforcer [None req-edb72994-8827-4316-8854-1bb6c881a727 fc7b80dd048241f2be069252086a3461 318000df261d4560afd0dceea4d2c2ae - - default default] Deprecated policy rules found. Use oslopolicy-policy-generator and oslopolicy-policy-upgrade to detect and resolve deprecated policies in your configuration. 10.0.0.167 - - [07/Apr/2026:15:30:30 +0000] "GET /v3/domains/default HTTP/1.1" 200 224 10.0.0.167 - - [07/Apr/2026:15:30:30 +0000] "PUT /v3/domains/default/users/fc7b80dd048241f2be069252086a3461/roles/92ebb5ad553f4b36983a1d069a0e3130 HTTP/1.1" 204 - 10.0.0.120 - - [07/Apr/2026:15:30:40 +0000] "GET / HTTP/1.1" 300 279 10.0.0.120 - - [07/Apr/2026:15:30:42 +0000] "GET /v3 HTTP/1.1" 200 264
[Tue Apr 07 15:30:42.364032 2026] [wsgi:error] [pid 9:tid 140577275537088] [remote 10.0.0.120:50930] 2026-04-07 15:30:42.363 9 WARNING keystone.common.password_hashing [None req-978c92dc-0a14-4cff-b1ee-e4292e9cebc9 - - - - - -] Truncating password to algorithm specific maximum length 72 characters.
[Tue Apr 07 15:30:42.633979 2026] [wsgi:error] [pid 9:tid 140577275537088] [remote 10.0.0.120:50930] 2026-04-07 15:30:42.633 9 WARNING keystone.common.fernet_utils [None req-978c92dc-0a14-4cff-b1ee-e4292e9cebc9 - - - - - -] key_repository is world readable: /etc/keystone/fernet-keys/ 10.0.0.120 - - [07/Apr/2026:15:30:42 +0000] "POST /v3/auth/tokens HTTP/1.1" 201 1358 10.0.0.120 - - [07/Apr/2026:15:30:42 +0000] "GET / HTTP/1.1" 300 279 10.0.0.120 - - [07/Apr/2026:15:30:42 +0000] "GET /v3/domains/atmosphere HTTP/1.1" 404 90 10.0.0.120 - - [07/Apr/2026:15:30:42 +0000] "GET /v3/domains?name=atmosphere HTTP/1.1" 200 366 10.0.0.120 - - [07/Apr/2026:15:30:42 +0000] "GET /v3/domains/473a369e391e49459db6a732e99099b4 HTTP/1.1" 200 245 10.0.0.120 - - [07/Apr/2026:15:30:43 +0000] "GET /v3 HTTP/1.1" 200 264
[Tue Apr 07 15:30:43.712463 2026] [wsgi:error] [pid 10:tid 140577275537088] [remote 10.0.0.120:50930] 2026-04-07 15:30:43.711 10 WARNING keystone.common.password_hashing [None req-2c6eb238-dc3b-47ea-b84b-339b2d473180 - - - - - -] Truncating password to algorithm specific maximum length 72 characters.
[Tue Apr 07 15:30:44.001531 2026] [wsgi:error] [pid 10:tid 140577275537088] [remote 10.0.0.120:50930] 2026-04-07 15:30:44.001 10 WARNING keystone.common.fernet_utils [None req-2c6eb238-dc3b-47ea-b84b-339b2d473180 - - - - - -] key_repository is world readable: /etc/keystone/fernet-keys/ 10.0.0.120 - - [07/Apr/2026:15:30:43 +0000] "POST /v3/auth/tokens HTTP/1.1" 201 1358 10.0.0.120 - - [07/Apr/2026:15:30:44 +0000] "GET / HTTP/1.1" 300 279 10.0.0.120 - - [07/Apr/2026:15:30:44 +0000] "GET /v3/OS-FEDERATION/identity_providers/atmosphere HTTP/1.1" 404 101 10.0.0.120 - - [07/Apr/2026:15:30:44 +0000] "GET /v3/OS-FEDERATION/identity_providers HTTP/1.1" 200 154 10.0.0.120 - - [07/Apr/2026:15:30:44 +0000] "PUT /v3/OS-FEDERATION/identity_providers/atmosphere HTTP/1.1" 201 338 10.0.0.120 - - [07/Apr/2026:15:30:44 +0000] "GET /v3 HTTP/1.1" 200 264
[Tue Apr 07 15:30:44.843394 2026] [wsgi:error] [pid 9:tid 140577275537088] [remote 10.0.0.120:50944] 2026-04-07 15:30:44.843 9 WARNING keystone.common.password_hashing [None req-8a263798-d3d0-4276-b92d-bacb0e765081 - - - - - -] Truncating password to algorithm specific maximum length 72 characters.
[Tue Apr 07 15:30:45.115767 2026] [wsgi:error] [pid 9:tid 140577275537088] [remote 10.0.0.120:50944] 2026-04-07 15:30:45.115 9 WARNING keystone.common.fernet_utils [None req-8a263798-d3d0-4276-b92d-bacb0e765081 - - - - - -] key_repository is world readable: /etc/keystone/fernet-keys/ 10.0.0.120 - - [07/Apr/2026:15:30:44 +0000] "POST /v3/auth/tokens HTTP/1.1" 201 1358 10.0.0.120 - - [07/Apr/2026:15:30:45 +0000] "GET / HTTP/1.1" 300 279 10.0.0.120 - - [07/Apr/2026:15:30:45 +0000] "GET /v3/OS-FEDERATION/mappings/atmosphere-openid HTTP/1.1" 404 98 10.0.0.120 - - [07/Apr/2026:15:30:45 +0000] "GET /v3/OS-FEDERATION/mappings HTTP/1.1" 200 134 10.0.0.120 - - [07/Apr/2026:15:30:45 +0000] "PUT /v3/OS-FEDERATION/mappings/atmosphere-openid HTTP/1.1" 201 355 10.0.0.120 - - [07/Apr/2026:15:30:45 +0000] "GET /v3 HTTP/1.1" 200 264
[Tue Apr 07 15:30:45.917068 2026] [wsgi:error] [pid 10:tid 140577275537088] [remote 10.0.0.120:50944] 2026-04-07 15:30:45.916 10 WARNING keystone.common.password_hashing [None req-ed8d43fa-4761-4206-a5d1-b63ee20c8332 - - - - - -] Truncating password to algorithm specific maximum length 72 characters.
[Tue Apr 07 15:30:46.207670 2026] [wsgi:error] [pid 10:tid 140577275537088] [remote 10.0.0.120:50944] 2026-04-07 15:30:46.207 10 WARNING keystone.common.fernet_utils [None req-ed8d43fa-4761-4206-a5d1-b63ee20c8332 - - - - - -] key_repository is world readable: /etc/keystone/fernet-keys/ 10.0.0.120 - - [07/Apr/2026:15:30:45 +0000] "POST /v3/auth/tokens HTTP/1.1" 201 1358 10.0.0.120 - - [07/Apr/2026:15:30:46 +0000] "GET / HTTP/1.1" 300 279 10.0.0.120 - - [07/Apr/2026:15:30:46 +0000] "GET /v3/OS-FEDERATION/identity_providers/atmosphere/protocols/openid?idp_id=atmosphere HTTP/1.1" 404 131 10.0.0.120 - - [07/Apr/2026:15:30:46 +0000] "GET /v3/OS-FEDERATION/identity_providers/atmosphere/protocols HTTP/1.1" 200 166 10.0.0.120 - - [07/Apr/2026:15:30:46 +0000] "PUT /v3/OS-FEDERATION/identity_providers/atmosphere/protocols/openid HTTP/1.1" 201 220 10.0.0.120 - - [07/Apr/2026:15:30:54 +0000] "GET /v3/ HTTP/1.1" 200 250 10.0.0.120 - - [07/Apr/2026:15:30:54 +0000] "GET /v3/ HTTP/1.1" 200 250 10.0.0.120 - - [07/Apr/2026:15:31:54 +0000] "GET /v3/ HTTP/1.1" 200 250 10.0.0.120 - - [07/Apr/2026:15:31:54 +0000] "GET /v3/ HTTP/1.1" 200 250 10.0.0.169 - - [07/Apr/2026:15:32:07 +0000] "GET / HTTP/1.1" 300 295
[Tue Apr 07 15:32:07.128193 2026] [wsgi:error] [pid 10:tid 140577275537088] [remote 10.0.0.169:46626] 2026-04-07 15:32:07.128 10 WARNING keystone.common.password_hashing [None req-fa3be168-7485-4960-b42a-b91e24a77bcd - - - - - -] Truncating password to algorithm specific maximum length 72 characters.
[Tue Apr 07 15:32:07.400704 2026] [wsgi:error] [pid 10:tid 140577275537088] [remote 10.0.0.169:46626] 2026-04-07 15:32:07.400 10 WARNING keystone.common.fernet_utils [None req-fa3be168-7485-4960-b42a-b91e24a77bcd - - - - - -] key_repository is world readable: /etc/keystone/fernet-keys/ 10.0.0.169 - - [07/Apr/2026:15:32:07 +0000] "POST /v3/auth/tokens HTTP/1.1" 201 1358 10.0.0.169 - - [07/Apr/2026:15:32:07 +0000] "GET /v3/services HTTP/1.1" 200 355 10.0.0.169 - - [07/Apr/2026:15:32:10 +0000] "GET / HTTP/1.1" 300 295
[Tue Apr 07 15:32:10.834098 2026] [wsgi:error] [pid 11:tid 140577275537088] [remote 10.0.0.169:53380] 2026-04-07 15:32:10.833 11 WARNING keystone.common.password_hashing [None req-6c9cad7f-6dac-4aaf-8432-69cf183b608e - - - - - -] Truncating password to algorithm specific maximum length 72 characters.
[Tue Apr 07 15:32:11.115463 2026] [wsgi:error] [pid 11:tid 140577275537088] [remote 10.0.0.169:53380] 2026-04-07 15:32:11.115 11 WARNING keystone.common.fernet_utils [None req-6c9cad7f-6dac-4aaf-8432-69cf183b608e - - - - - -] key_repository is world readable: /etc/keystone/fernet-keys/ 10.0.0.169 - - [07/Apr/2026:15:32:10 +0000] "POST /v3/auth/tokens HTTP/1.1" 201 1358 10.0.0.169 - - [07/Apr/2026:15:32:11 +0000] "GET /v3/services HTTP/1.1" 200 355 10.0.0.169 - - [07/Apr/2026:15:32:14 +0000] "GET / HTTP/1.1" 300 295
[Tue Apr 07 15:32:14.503004 2026] [wsgi:error] [pid 12:tid 140577275537088] [remote 10.0.0.169:53384] 2026-04-07 15:32:14.502 12 WARNING keystone.common.password_hashing [None req-8ba74fe7-1e3f-48a7-a839-452cbcdd9534 - - - - - -] Truncating password to algorithm specific maximum length 72 characters.
[Tue Apr 07 15:32:14.771561 2026] [wsgi:error] [pid 12:tid 140577275537088] [remote 10.0.0.169:53384] 2026-04-07 15:32:14.771 12 WARNING keystone.common.fernet_utils [None req-8ba74fe7-1e3f-48a7-a839-452cbcdd9534 - - - - - -] key_repository is world readable: /etc/keystone/fernet-keys/ 10.0.0.169 - - [07/Apr/2026:15:32:14 +0000] "POST /v3/auth/tokens HTTP/1.1" 201 1358 10.0.0.169 - - [07/Apr/2026:15:32:14 +0000] "GET /v3/services HTTP/1.1" 200 355 10.0.0.169 - - [07/Apr/2026:15:32:18 +0000] "GET / HTTP/1.1" 300 295
[Tue Apr 07 15:32:18.228202 2026] [wsgi:error] [pid 9:tid 140577275537088] [remote 10.0.0.169:43308] 2026-04-07 15:32:18.228 9 WARNING keystone.common.password_hashing [None req-d3d470e1-85df-4c8e-afa1-5a0b1637a4ca - - - - - -] Truncating password to algorithm specific maximum length 72 characters.
[Tue Apr 07 15:32:18.498238 2026] [wsgi:error] [pid 9:tid 140577275537088] [remote 10.0.0.169:43308] 2026-04-07 15:32:18.498 9 WARNING keystone.common.fernet_utils [None req-d3d470e1-85df-4c8e-afa1-5a0b1637a4ca - - - - - -] key_repository is world readable: /etc/keystone/fernet-keys/ 10.0.0.169 - - [07/Apr/2026:15:32:18 +0000] "POST /v3/auth/tokens HTTP/1.1" 201 1358 10.0.0.169 - - [07/Apr/2026:15:32:18 +0000] "POST /v3/services HTTP/1.1" 201 296 10.0.0.155 - - [07/Apr/2026:15:32:29 +0000] "GET / HTTP/1.1" 300 295
[Tue Apr 07 15:32:29.475347 2026] [wsgi:error] [pid 10:tid 140577275537088] [remote 10.0.0.155:36474] 2026-04-07 15:32:29.475 10 WARNING keystone.common.password_hashing [None req-ad0afa98-57cd-4ed3-9fb9-66f275f14f5b - - - - - -] Truncating password to algorithm specific maximum length 72 characters. 10.0.0.155 - - [07/Apr/2026:15:32:29 +0000] "GET / HTTP/1.1" 300 295
[Tue Apr 07 15:32:29.624301 2026] [wsgi:error] [pid 12:tid 140577275537088] [remote 10.0.0.155:36488] 2026-04-07 15:32:29.624 12 WARNING keystone.common.password_hashing [None req-ffc7b71b-6c07-4521-8922-98b28f594e66 - - - - - -] Truncating password to algorithm specific maximum length 72 characters.
[Tue Apr 07 15:32:29.752099 2026] [wsgi:error] [pid 10:tid 140577275537088] [remote 10.0.0.155:36474] 2026-04-07 15:32:29.751 10 WARNING keystone.common.fernet_utils [None req-ad0afa98-57cd-4ed3-9fb9-66f275f14f5b - - - - - -] key_repository is world readable: /etc/keystone/fernet-keys/ 10.0.0.155 - - [07/Apr/2026:15:32:29 +0000] "POST /v3/auth/tokens HTTP/1.1" 201 1462 10.0.0.155 - - [07/Apr/2026:15:32:29 +0000] "GET / HTTP/1.1" 300 295
[Tue Apr 07 15:32:29.828772 2026] [wsgi:error] [pid 9:tid 140577275537088] [remote 10.0.0.155:36496] 2026-04-07 15:32:29.828 9 WARNING keystone.common.password_hashing [None req-ffb135d7-9daf-43d9-b57e-845af0c2b67f - - - - - -] Truncating password to algorithm specific maximum length 72 characters.
[Tue Apr 07 15:32:29.892803 2026] [wsgi:error] [pid 12:tid 140577275537088] [remote 10.0.0.155:36488] 2026-04-07 15:32:29.892 12 WARNING keystone.common.fernet_utils [None req-ffc7b71b-6c07-4521-8922-98b28f594e66 - - - - - -] key_repository is world readable: /etc/keystone/fernet-keys/ 10.0.0.155 - - [07/Apr/2026:15:32:29 +0000] "GET /v3/services HTTP/1.1" 200 639 10.0.0.155 - - [07/Apr/2026:15:32:29 +0000] "POST /v3/auth/tokens HTTP/1.1" 201 1462 10.0.0.155 - - [07/Apr/2026:15:32:30 +0000] "GET /v3/services HTTP/1.1" 200 639
[Tue Apr 07 15:32:30.101692 2026] [wsgi:error] [pid 9:tid 140577275537088] [remote 10.0.0.155:36496] 2026-04-07 15:32:30.101 9 WARNING keystone.common.fernet_utils [None req-ffb135d7-9daf-43d9-b57e-845af0c2b67f - - - - - -] key_repository is world readable: /etc/keystone/fernet-keys/ 10.0.0.155 - - [07/Apr/2026:15:32:29 +0000] "POST /v3/auth/tokens HTTP/1.1" 201 1462 10.0.0.155 - - [07/Apr/2026:15:32:30 +0000] "GET /v3/services HTTP/1.1" 200 639 10.0.0.155 - - [07/Apr/2026:15:32:31 +0000] "GET / HTTP/1.1" 300 295
[Tue Apr 07 15:32:31.277245 2026] [wsgi:error] [pid 11:tid 140577275537088] [remote 10.0.0.155:36510] 2026-04-07 15:32:31.277 11 WARNING keystone.common.password_hashing [None req-a8fef79e-fab7-4fcb-8e92-852156ac828d - - - - - -] Truncating password to algorithm specific maximum length 72 characters. 10.0.0.155 - - [07/Apr/2026:15:32:31 +0000] "GET / HTTP/1.1" 300 295
[Tue Apr 07 15:32:31.470362 2026] [wsgi:error] [pid 10:tid 140577275537088] [remote 10.0.0.155:36516] 2026-04-07 15:32:31.470 10 WARNING keystone.common.password_hashing [None req-8aeba3ad-a051-4f99-adde-22d2a4fad1bf - - - - - -] Truncating password to algorithm specific maximum length 72 characters.
[Tue Apr 07 15:32:31.548060 2026] [wsgi:error] [pid 11:tid 140577275537088] [remote 10.0.0.155:36510] 2026-04-07 15:32:31.547 11 WARNING keystone.common.fernet_utils [None req-a8fef79e-fab7-4fcb-8e92-852156ac828d - - - - - -] key_repository is world readable: /etc/keystone/fernet-keys/ 10.0.0.155 - - [07/Apr/2026:15:32:31 +0000] "POST /v3/auth/tokens HTTP/1.1" 201 1462 10.0.0.155 - - [07/Apr/2026:15:32:31 +0000] "GET / HTTP/1.1" 300 295 10.0.0.155 - - [07/Apr/2026:15:32:31 +0000] "GET /v3/endpoints HTTP/1.1" 200 1225
[Tue Apr 07 15:32:31.684728 2026] [wsgi:error] [pid 11:tid 140577275537088] [remote 10.0.0.155:36520] 2026-04-07 15:32:31.684 11 WARNING keystone.common.password_hashing [None req-b787a2d5-7ce8-4dec-82e3-5558786fea2c - - - - - -] Truncating password to algorithm specific maximum length 72 characters. 10.0.0.155 - - [07/Apr/2026:15:32:31 +0000] "GET /v3/services/cc3af537e5b6461685b37c64395c445d HTTP/1.1" 200 233 10.0.0.155 - - [07/Apr/2026:15:32:31 +0000] "GET /v3/services/cc3af537e5b6461685b37c64395c445d HTTP/1.1" 200 233 10.0.0.155 - - [07/Apr/2026:15:32:31 +0000] "GET /v3/services/cc3af537e5b6461685b37c64395c445d HTTP/1.1" 200 233
[Tue Apr 07 15:32:31.739687 2026] [wsgi:error] [pid 10:tid 140577275537088] [remote 10.0.0.155:36516] 2026-04-07 15:32:31.739 10 WARNING keystone.common.fernet_utils [None req-8aeba3ad-a051-4f99-adde-22d2a4fad1bf - - - - - -] key_repository is world readable: /etc/keystone/fernet-keys/ 10.0.0.155 - - [07/Apr/2026:15:32:31 +0000] "POST /v3/auth/tokens HTTP/1.1" 201 1462 10.0.0.155 - - [07/Apr/2026:15:32:31 +0000] "GET /v3/endpoints HTTP/1.1" 200 1225 10.0.0.155 - - [07/Apr/2026:15:32:31 +0000] "GET /v3/services/cc3af537e5b6461685b37c64395c445d HTTP/1.1" 200 233 10.0.0.155 - - [07/Apr/2026:15:32:31 +0000] "GET /v3/services/cc3af537e5b6461685b37c64395c445d HTTP/1.1" 200 233 10.0.0.155 - - [07/Apr/2026:15:32:31 +0000] "GET /v3/services/cc3af537e5b6461685b37c64395c445d HTTP/1.1" 200 233
[Tue Apr 07 15:32:31.952759 2026] [wsgi:error] [pid 11:tid 140577275537088] [remote 10.0.0.155:36520] 2026-04-07 15:32:31.952 11 WARNING keystone.common.fernet_utils [None req-b787a2d5-7ce8-4dec-82e3-5558786fea2c - - - - - -] key_repository is world readable: /etc/keystone/fernet-keys/ 10.0.0.155 - - [07/Apr/2026:15:32:31 +0000] "POST /v3/auth/tokens HTTP/1.1" 201 1462 10.0.0.155 - - [07/Apr/2026:15:32:32 +0000] "GET /v3/endpoints HTTP/1.1" 200 1225 10.0.0.155 - - [07/Apr/2026:15:32:32 +0000] "GET /v3/services/cc3af537e5b6461685b37c64395c445d HTTP/1.1" 200 233 10.0.0.155 - - [07/Apr/2026:15:32:32 +0000] "GET /v3/services/cc3af537e5b6461685b37c64395c445d HTTP/1.1" 200 233 10.0.0.155 - - [07/Apr/2026:15:32:32 +0000] "GET /v3/services/cc3af537e5b6461685b37c64395c445d HTTP/1.1" 200 233 10.0.0.155 - - [07/Apr/2026:15:32:33 +0000] "GET / HTTP/1.1" 300 295
[Tue Apr 07 15:32:33.070873 2026] [wsgi:error] [pid 10:tid 140577275537088] [remote 10.0.0.155:36524] 2026-04-07 15:32:33.070 10 WARNING keystone.common.password_hashing [None req-6914dc97-4a36-4af8-8864-7498b3754ab4 - - - - - -] Truncating password to algorithm specific maximum length 72 characters. 10.0.0.155 - - [07/Apr/2026:15:32:33 +0000] "GET / HTTP/1.1" 300 295
[Tue Apr 07 15:32:33.272408 2026] [wsgi:error] [pid 11:tid 140577275537088] [remote 10.0.0.155:36538] 2026-04-07 15:32:33.272 11 WARNING keystone.common.password_hashing [None req-8ba08a4c-11c3-45b8-83d9-cbc47a12000d - - - - - -] Truncating password to algorithm specific maximum length 72 characters.
[Tue Apr 07 15:32:33.350277 2026] [wsgi:error] [pid 10:tid 140577275537088] [remote 10.0.0.155:36524] 2026-04-07 15:32:33.350 10 WARNING keystone.common.fernet_utils [None req-6914dc97-4a36-4af8-8864-7498b3754ab4 - - - - - -] key_repository is world readable: /etc/keystone/fernet-keys/ 10.0.0.155 - - [07/Apr/2026:15:32:33 +0000] "POST /v3/auth/tokens HTTP/1.1" 201 1462 10.0.0.155 - - [07/Apr/2026:15:32:33 +0000] "GET /v3/services/f9aa7b6814a3416584384c89a5ca26b7 HTTP/1.1" 200 296 10.0.0.155 - - [07/Apr/2026:15:32:33 +0000] "GET /v3/regions/RegionOne HTTP/1.1" 200 173
[Tue Apr 07 15:32:33.551915 2026] [wsgi:error] [pid 11:tid 140577275537088] [remote 10.0.0.155:36538] 2026-04-07 15:32:33.551 11 WARNING keystone.common.fernet_utils [None req-8ba08a4c-11c3-45b8-83d9-cbc47a12000d - - - - - -] key_repository is world readable: /etc/keystone/fernet-keys/ 10.0.0.155 - - [07/Apr/2026:15:32:33 +0000] "GET / HTTP/1.1" 300 295 10.0.0.155 - - [07/Apr/2026:15:32:33 +0000] "POST /v3/auth/tokens HTTP/1.1" 201 1462
[Tue Apr 07 15:32:33.574053 2026] [wsgi:error] [pid 12:tid 140577275537088] [remote 10.0.0.155:36554] 2026-04-07 15:32:33.573 12 WARNING keystone.common.password_hashing [None req-971820b8-69d3-4f60-b5e4-a6ada2dbefdf - - - - - -] Truncating password to algorithm specific maximum length 72 characters. 10.0.0.155 - - [07/Apr/2026:15:32:33 +0000] "POST /v3/endpoints HTTP/1.1" 201 380 10.0.0.155 - - [07/Apr/2026:15:32:33 +0000] "GET /v3/services/f9aa7b6814a3416584384c89a5ca26b7 HTTP/1.1" 200 296 10.0.0.155 - - [07/Apr/2026:15:32:33 +0000] "GET /v3/regions/RegionOne HTTP/1.1" 200 173 10.0.0.155 - - [07/Apr/2026:15:32:33 +0000] "POST /v3/endpoints HTTP/1.1" 201 383
[Tue Apr 07 15:32:33.849123 2026] [wsgi:error] [pid 12:tid 140577275537088] [remote 10.0.0.155:36554] 2026-04-07 15:32:33.848 12 WARNING keystone.common.fernet_utils [None req-971820b8-69d3-4f60-b5e4-a6ada2dbefdf - - - - - -] key_repository is world readable: /etc/keystone/fernet-keys/ 10.0.0.155 - - [07/Apr/2026:15:32:33 +0000] "POST /v3/auth/tokens HTTP/1.1" 201 1821 10.0.0.155 - - [07/Apr/2026:15:32:33 +0000] "GET /v3/services/f9aa7b6814a3416584384c89a5ca26b7 HTTP/1.1" 200 296 10.0.0.155 - - [07/Apr/2026:15:32:33 +0000] "GET /v3/regions/RegionOne HTTP/1.1" 200 173 10.0.0.155 - - [07/Apr/2026:15:32:34 +0000] "POST /v3/endpoints HTTP/1.1" 201 368 10.0.0.155 - - [07/Apr/2026:15:32:34 +0000] "GET / HTTP/1.1" 300 295
[Tue Apr 07 15:32:34.993742 2026] [wsgi:error] [pid 9:tid 140577275537088] [remote 10.0.0.155:36562] 2026-04-07 15:32:34.993 9 WARNING keystone.common.password_hashing [None req-6762c750-66b1-4f77-a052-92ea649daadd - - - - - -] Truncating password to algorithm specific maximum length 72 characters. 10.0.0.155 - - [07/Apr/2026:15:32:35 +0000] "GET / HTTP/1.1" 300 295
[Tue Apr 07 15:32:35.130163 2026] [wsgi:error] [pid 10:tid 140577275537088] [remote 10.0.0.155:36574] 2026-04-07 15:32:35.129 10 WARNING keystone.common.password_hashing [None req-9bdf7f29-e0de-438c-a7d3-de20bdcca7ac - - - - - -] Truncating password to algorithm specific maximum length 72 characters.
[Tue Apr 07 15:32:35.263439 2026] [wsgi:error] [pid 9:tid 140577275537088] [remote 10.0.0.155:36562] 2026-04-07 15:32:35.263 9 WARNING keystone.common.fernet_utils [None req-6762c750-66b1-4f77-a052-92ea649daadd - - - - - -] key_repository is world readable: /etc/keystone/fernet-keys/ 10.0.0.155 - - [07/Apr/2026:15:32:34 +0000] "POST /v3/auth/tokens HTTP/1.1" 201 1988 10.0.0.155 - - [07/Apr/2026:15:32:35 +0000] "GET /v3/endpoints/40159b3c2aea4ed79f347f902dc956b6 HTTP/1.1" 200 380
[Tue Apr 07 15:32:35.398269 2026] [wsgi:error] [pid 10:tid 140577275537088] [remote 10.0.0.155:36574] 2026-04-07 15:32:35.398 10 WARNING keystone.common.fernet_utils [None req-9bdf7f29-e0de-438c-a7d3-de20bdcca7ac - - - - - -] key_repository is world readable: /etc/keystone/fernet-keys/ 10.0.0.155 - - [07/Apr/2026:15:32:35 +0000] "POST /v3/auth/tokens HTTP/1.1" 201 1988 10.0.0.155 - - [07/Apr/2026:15:32:35 +0000] "GET /v3/services/f9aa7b6814a3416584384c89a5ca26b7 HTTP/1.1" 200 296 10.0.0.155 - - [07/Apr/2026:15:32:35 +0000] "GET / HTTP/1.1" 300 295
[Tue Apr 07 15:32:35.484524 2026] [wsgi:error] [pid 12:tid 140577275537088] [remote 10.0.0.155:36582] 2026-04-07 15:32:35.484 12 WARNING keystone.common.password_hashing [None req-587610a1-8db0-4bba-a848-f10f6fe88093 - - - - - -] Truncating password to algorithm specific maximum length 72 characters. 10.0.0.155 - - [07/Apr/2026:15:32:35 +0000] "GET /v3/endpoints/b8ef2d5c80554ad3a6b6ba03b2ce3357 HTTP/1.1" 200 383 10.0.0.155 - - [07/Apr/2026:15:32:35 +0000] "GET /v3/services/f9aa7b6814a3416584384c89a5ca26b7 HTTP/1.1" 200 296
[Tue Apr 07 15:32:35.770891 2026] [wsgi:error] [pid 12:tid 140577275537088] [remote 10.0.0.155:36582] 2026-04-07 15:32:35.770 12 WARNING keystone.common.fernet_utils [None req-587610a1-8db0-4bba-a848-f10f6fe88093 - - - - - -] key_repository is world readable: /etc/keystone/fernet-keys/ 10.0.0.155 - - [07/Apr/2026:15:32:35 +0000] "POST /v3/auth/tokens HTTP/1.1" 201 1988 10.0.0.155 - - [07/Apr/2026:15:32:35 +0000] "GET /v3/endpoints/c18914230d3f42128218a584abb97473 HTTP/1.1" 200 368 10.0.0.155 - - [07/Apr/2026:15:32:35 +0000] "GET /v3/services/f9aa7b6814a3416584384c89a5ca26b7 HTTP/1.1" 200 296 10.0.0.11 - - [07/Apr/2026:15:32:47 +0000] "GET / HTTP/1.1" 300 295
[Tue Apr 07 15:32:47.533631 2026] [wsgi:error] [pid 12:tid 140577275537088] [remote 10.0.0.11:39820] 2026-04-07 15:32:47.533 12 WARNING keystone.common.password_hashing [None req-fce9baf5-099c-4a21-9172-fa76623ed641 - - - - - -] Truncating password to algorithm specific maximum length 72 characters.
[Tue Apr 07 15:32:47.807019 2026] [wsgi:error] [pid 12:tid 140577275537088] [remote 10.0.0.11:39820] 2026-04-07 15:32:47.806 12 WARNING keystone.common.fernet_utils [None req-fce9baf5-099c-4a21-9172-fa76623ed641 - - - - - -] key_repository is world readable: /etc/keystone/fernet-keys/ 10.0.0.11 - - [07/Apr/2026:15:32:47 +0000] "POST /v3/auth/tokens HTTP/1.1" 201 1988 10.0.0.11 - - [07/Apr/2026:15:32:47 +0000] "POST /v3/domains HTTP/1.1" 201 284 10.0.0.11 - - [07/Apr/2026:15:32:49 +0000] "GET / HTTP/1.1" 300 295
[Tue Apr 07 15:32:49.405162 2026] [wsgi:error] [pid 11:tid 140577275537088] [remote 10.0.0.11:39836] 2026-04-07 15:32:49.405 11 WARNING keystone.common.password_hashing [None req-9bd03f58-6d60-421b-8af2-e80eed04a851 - - - - - -] Truncating password to algorithm specific maximum length 72 characters.
[Tue Apr 07 15:32:49.676821 2026] [wsgi:error] [pid 11:tid 140577275537088] [remote 10.0.0.11:39836] 2026-04-07 15:32:49.676 11 WARNING keystone.common.fernet_utils [None req-9bd03f58-6d60-421b-8af2-e80eed04a851 - - - - - -] key_repository is world readable: /etc/keystone/fernet-keys/ 10.0.0.11 - - [07/Apr/2026:15:32:49 +0000] "POST /v3/auth/tokens HTTP/1.1" 201 1988
[Tue Apr 07 15:32:49.871946 2026] [wsgi:error] [pid 12:tid 140577275537088] [remote 10.0.0.11:39836] 2026-04-07 15:32:49.858 12 ERROR keystone.server.flask.application [None req-c95dbd7f-b23f-48bc-a6de-aa741df76d09 fc7b80dd048241f2be069252086a3461 318000df261d4560afd0dceea4d2c2ae - - default default] Conflict occurred attempting to store project - it is not permitted to have two projects acting as domains with the same name: service.: keystone.exception.Conflict: Conflict occurred attempting to store project - it is not permitted to have two projects acting as domains with the same name: service.
[Tue Apr 07 15:32:49.871969 2026] [wsgi:error] [pid 12:tid 140577275537088] [remote 10.0.0.11:39836] 2026-04-07 15:32:49.858 12 ERROR keystone.server.flask.application
Traceback (most recent call last):
[Tue Apr 07 15:32:49.871971 2026] [wsgi:error] [pid 12:tid 140577275537088] [remote 10.0.0.11:39836] 2026-04-07 15:32:49.858 12 ERROR keystone.server.flask.application
File "/var/lib/openstack/lib/python3.12/site-packages/sqlalchemy/engine/base.py", line 1967, in _exec_single_context
[Tue Apr 07 15:32:49.871973 2026] [wsgi:error] [pid 12:tid 140577275537088] [remote 10.0.0.11:39836] 2026-04-07 15:32:49.858 12 ERROR keystone.server.flask.application self.dialect.do_execute(
[Tue Apr 07 15:32:49.871975 2026] [wsgi:error] [pid 12:tid 140577275537088] [remote 10.0.0.11:39836] 2026-04-07 15:32:49.858 12 ERROR keystone.server.flask.application
File "/var/lib/openstack/lib/python3.12/site-packages/sqlalchemy/engine/default.py", line 952, in do_execute
[Tue Apr 07 15:32:49.871977 2026] [wsgi:error] [pid 12:tid 140577275537088] [remote 10.0.0.11:39836] 2026-04-07 15:32:49.858 12 ERROR keystone.server.flask.application cursor.execute(statement, parameters)
[Tue Apr 07 15:32:49.871978 2026] [wsgi:error] [pid 12:tid 140577275537088] [remote 10.0.0.11:39836] 2026-04-07 15:32:49.858 12 ERROR keystone.server.flask.application
File "/var/lib/openstack/lib/python3.12/site-packages/pymysql/cursors.py", line 153, in execute
[Tue Apr 07 15:32:49.871980 2026] [wsgi:error] [pid 12:tid 140577275537088] [remote 10.0.0.11:39836] 2026-04-07 15:32:49.858 12 ERROR keystone.server.flask.application result = self._query(query)
[Tue Apr 07 15:32:49.871981 2026] [wsgi:error] [pid 12:tid 140577275537088] [remote 10.0.0.11:39836] 2026-04-07 15:32:49.858 12 ERROR keystone.server.flask.application ^^^^^^^^^^^^^^^^^^
[Tue Apr 07 15:32:49.871982 2026] [wsgi:error] [pid 12:tid 140577275537088] [remote 10.0.0.11:39836] 2026-04-07 15:32:49.858 12 ERROR keystone.server.flask.application
File "/var/lib/openstack/lib/python3.12/site-packages/pymysql/cursors.py", line 322, in _query
[Tue Apr 07 15:32:49.871984 2026] [wsgi:error] [pid 12:tid 140577275537088] [remote 10.0.0.11:39836] 2026-04-07 15:32:49.858 12 ERROR keystone.server.flask.application conn.query(q)
[Tue Apr 07 15:32:49.871985 2026] [wsgi:error] [pid 12:tid 140577275537088] [remote 10.0.0.11:39836] 2026-04-07 15:32:49.858 12 ERROR keystone.server.flask.application
File "/var/lib/openstack/lib/python3.12/site-packages/pymysql/connections.py", line 575, in query
[Tue Apr 07 15:32:49.871987 2026] [wsgi:error] [pid 12:tid 140577275537088] [remote 10.0.0.11:39836] 2026-04-07 15:32:49.858 12 ERROR keystone.server.flask.application self._affected_rows = self._read_query_result(unbuffered=unbuffered)
[Tue Apr 07 15:32:49.871988 2026] [wsgi:error] [pid 12:tid 140577275537088] [remote 10.0.0.11:39836] 2026-04-07 15:32:49.858 12 ERROR keystone.server.flask.application ^^^^^^^^^^^^^^^^^^^^^^^^^^^^^^^^^^^^^^^^^^^^^^
[Tue Apr 07 15:32:49.871990 2026] [wsgi:error] [pid 12:tid 140577275537088] [remote 10.0.0.11:39836] 2026-04-07 15:32:49.858 12 ERROR keystone.server.flask.application
File "/var/lib/openstack/lib/python3.12/site-packages/pymysql/connections.py", line 826, in _read_query_result
[Tue Apr 07 15:32:49.871991 2026] [wsgi:error] [pid 12:tid 140577275537088] [remote 10.0.0.11:39836] 2026-04-07 15:32:49.858 12 ERROR keystone.server.flask.application result.read()
[Tue Apr 07 15:32:49.871994 2026] [wsgi:error] [pid 12:tid 140577275537088] [remote 10.0.0.11:39836] 2026-04-07 15:32:49.858 12 ERROR keystone.server.flask.application
File "/var/lib/openstack/lib/python3.12/site-packages/pymysql/connections.py", line 1203, in read
[Tue Apr 07 15:32:49.871996 2026] [wsgi:error] [pid 12:tid 140577275537088] [remote 10.0.0.11:39836] 2026-04-07 15:32:49.858 12 ERROR keystone.server.flask.application first_packet = self.connection._read_packet()
[Tue Apr 07 15:32:49.871997 2026] [wsgi:error] [pid 12:tid 140577275537088] [remote 10.0.0.11:39836] 2026-04-07 15:32:49.858 12 ERROR keystone.server.flask.application ^^^^^^^^^^^^^^^^^^^^^^^^^^^^^^
[Tue Apr 07 15:32:49.871999 2026] [wsgi:error] [pid 12:tid 140577275537088] [remote 10.0.0.11:39836] 2026-04-07 15:32:49.858 12 ERROR keystone.server.flask.application
File "/var/lib/openstack/lib/python3.12/site-packages/pymysql/connections.py", line 782, in _read_packet
[Tue Apr 07 15:32:49.872000 2026] [wsgi:error] [pid 12:tid 140577275537088] [remote 10.0.0.11:39836] 2026-04-07 15:32:49.858 12 ERROR keystone.server.flask.application packet.raise_for_error()
[Tue Apr 07 15:32:49.872001 2026] [wsgi:error] [pid 12:tid 140577275537088] [remote 10.0.0.11:39836] 2026-04-07 15:32:49.858 12 ERROR keystone.server.flask.application
File "/var/lib/openstack/lib/python3.12/site-packages/pymysql/protocol.py", line 219, in raise_for_error
[Tue Apr 07 15:32:49.872003 2026] [wsgi:error] [pid 12:tid 140577275537088] [remote 10.0.0.11:39836] 2026-04-07 15:32:49.858 12 ERROR keystone.server.flask.application err.raise_mysql_exception(self._data)
[Tue Apr 07 15:32:49.872004 2026] [wsgi:error] [pid 12:tid 140577275537088] [remote 10.0.0.11:39836] 2026-04-07 15:32:49.858 12 ERROR keystone.server.flask.application
File "/var/lib/openstack/lib/python3.12/site-packages/pymysql/err.py", line 150, in raise_mysql_exception
[Tue Apr 07 15:32:49.872006 2026] [wsgi:error] [pid 12:tid 140577275537088] [remote 10.0.0.11:39836] 2026-04-07 15:32:49.858 12 ERROR keystone.server.flask.application raise errorclass(errno, errval)
[Tue Apr 07 15:32:49.872007 2026] [wsgi:error] [pid 12:tid 140577275537088] [remote 10.0.0.11:39836] 2026-04-07 15:32:49.858 12 ERROR keystone.server.flask.application pymysql.err.IntegrityError: (1062, "Duplicate entry '<>-service' for key 'project.ixu_project_name_domain_id'")
[Tue Apr 07 15:32:49.872009 2026] [wsgi:error] [pid 12:tid 140577275537088] [remote 10.0.0.11:39836] 2026-04-07 15:32:49.858 12 ERROR keystone.server.flask.application
[Tue Apr 07 15:32:49.872010 2026] [wsgi:error] [pid 12:tid 140577275537088] [remote 10.0.0.11:39836] 2026-04-07 15:32:49.858 12 ERROR keystone.server.flask.application The above exception was the direct cause of the following exception:
[Tue Apr 07 15:32:49.872011 2026] [wsgi:error] [pid 12:tid 140577275537088] [remote 10.0.0.11:39836] 2026-04-07 15:32:49.858 12 ERROR keystone.server.flask.application
[Tue Apr 07 15:32:49.872013 2026] [wsgi:error] [pid 12:tid 140577275537088] [remote 10.0.0.11:39836] 2026-04-07 15:32:49.858 12 ERROR keystone.server.flask.application
Traceback (most recent call last):
[Tue Apr 07 15:32:49.872014 2026] [wsgi:error] [pid 12:tid 140577275537088] [remote 10.0.0.11:39836] 2026-04-07 15:32:49.858 12 ERROR keystone.server.flask.application
File "/var/lib/openstack/lib/python3.12/site-packages/keystone/common/sql/core.py", line 575, in wrapper
[Tue Apr 07 15:32:49.872015 2026] [wsgi:error] [pid 12:tid 140577275537088] [remote 10.0.0.11:39836] 2026-04-07 15:32:49.858 12 ERROR keystone.server.flask.application return method(*args, **kwargs)
[Tue Apr 07 15:32:49.872017 2026] [wsgi:error] [pid 12:tid 140577275537088] [remote 10.0.0.11:39836] 2026-04-07 15:32:49.858 12 ERROR keystone.server.flask.application ^^^^^^^^^^^^^^^^^^^^^^^
[Tue Apr 07 15:32:49.872018 2026] [wsgi:error] [pid 12:tid 140577275537088] [remote 10.0.0.11:39836] 2026-04-07 15:32:49.858 12 ERROR keystone.server.flask.application
File "/var/lib/openstack/lib/python3.12/site-packages/keystone/resource/backends/sql.py", line 278, in create_project
[Tue Apr 07 15:32:49.872020 2026] [wsgi:error] [pid 12:tid 140577275537088] [remote 10.0.0.11:39836] 2026-04-07 15:32:49.858 12 ERROR keystone.server.flask.application with sql.session_for_write() as session:
[Tue Apr 07 15:32:49.872022 2026] [wsgi:error] [pid 12:tid 140577275537088] [remote 10.0.0.11:39836] 2026-04-07 15:32:49.858 12 ERROR keystone.server.flask.application
File "/usr/lib/python3.12/contextlib.py", line 144, in __exit__
[Tue Apr 07 15:32:49.872023 2026] [wsgi:error] [pid 12:tid 140577275537088] [remote 10.0.0.11:39836] 2026-04-07 15:32:49.858 12 ERROR keystone.server.flask.application next(self.gen)
[Tue Apr 07 15:32:49.872025 2026] [wsgi:error] [pid 12:tid 140577275537088] [remote 10.0.0.11:39836] 2026-04-07 15:32:49.858 12 ERROR keystone.server.flask.application
File "/var/lib/openstack/lib/python3.12/site-packages/oslo_db/sqlalchemy/enginefacade.py", line 1175, in _transaction_scope
[Tue Apr 07 15:32:49.872026 2026] [wsgi:error] [pid 12:tid 140577275537088] [remote 10.0.0.11:39836] 2026-04-07 15:32:49.858 12 ERROR keystone.server.flask.application with current._produce_block(
[Tue Apr 07 15:32:49.872027 2026] [wsgi:error] [pid 12:tid 140577275537088] [remote 10.0.0.11:39836] 2026-04-07 15:32:49.858 12 ERROR keystone.server.flask.application
File "/usr/lib/python3.12/contextlib.py", line 144, in __exit__
[Tue Apr 07 15:32:49.872029 2026] [wsgi:error] [pid 12:tid 140577275537088] [remote 10.0.0.11:39836] 2026-04-07 15:32:49.858 12 ERROR keystone.server.flask.application next(self.gen)
[Tue Apr 07 15:32:49.872030 2026] [wsgi:error] [pid 12:tid 140577275537088] [remote 10.0.0.11:39836] 2026-04-07 15:32:49.858 12 ERROR keystone.server.flask.application
File "/var/lib/openstack/lib/python3.12/site-packages/oslo_db/sqlalchemy/enginefacade.py", line 837, in _session
[Tue Apr 07 15:32:49.872032 2026] [wsgi:error] [pid 12:tid 140577275537088] [remote 10.0.0.11:39836] 2026-04-07 15:32:49.858 12 ERROR keystone.server.flask.application with excutils.save_and_reraise_exception():
[Tue Apr 07 15:32:49.872033 2026] [wsgi:error] [pid 12:tid 140577275537088] [remote 10.0.0.11:39836] 2026-04-07 15:32:49.858 12 ERROR keystone.server.flask.application
File "/var/lib/openstack/lib/python3.12/site-packages/oslo_utils/excutils.py", line 267, in __exit__
[Tue Apr 07 15:32:49.872035 2026] [wsgi:error] [pid 12:tid 140577275537088] [remote 10.0.0.11:39836] 2026-04-07 15:32:49.858 12 ERROR keystone.server.flask.application self.force_reraise()
[Tue Apr 07 15:32:49.872036 2026] [wsgi:error] [pid 12:tid 140577275537088] [remote 10.0.0.11:39836] 2026-04-07 15:32:49.858 12 ERROR keystone.server.flask.application
File "/var/lib/openstack/lib/python3.12/site-packages/oslo_utils/excutils.py", line 233, in force_reraise
[Tue Apr 07 15:32:49.872038 2026] [wsgi:error] [pid 12:tid 140577275537088] [remote 10.0.0.11:39836] 2026-04-07 15:32:49.858 12 ERROR keystone.server.flask.application raise self.value
[Tue Apr 07 15:32:49.872039 2026] [wsgi:error] [pid 12:tid 140577275537088] [remote 10.0.0.11:39836] 2026-04-07 15:32:49.858 12 ERROR keystone.server.flask.application
File "/var/lib/openstack/lib/python3.12/site-packages/oslo_db/sqlalchemy/enginefacade.py", line 835, in _session
[Tue Apr 07 15:32:49.872041 2026] [wsgi:error] [pid 12:tid 140577275537088] [remote 10.0.0.11:39836] 2026-04-07 15:32:49.858 12 ERROR keystone.server.flask.application self._end_session_transaction(self.session)
[Tue Apr 07 15:32:49.872042 2026] [wsgi:error] [pid 12:tid 140577275537088] [remote 10.0.0.11:39836] 2026-04-07 15:32:49.858 12 ERROR keystone.server.flask.application
File "/var/lib/openstack/lib/python3.12/site-packages/oslo_db/sqlalchemy/enginefacade.py", line 748, in _end_session_transaction
[Tue Apr 07 15:32:49.872043 2026] [wsgi:error] [pid 12:tid 140577275537088] [remote 10.0.0.11:39836] 2026-04-07 15:32:49.858 12 ERROR keystone.server.flask.application session.commit()
[Tue Apr 07 15:32:49.872046 2026] [wsgi:error] [pid 12:tid 140577275537088] [remote 10.0.0.11:39836] 2026-04-07 15:32:49.858 12 ERROR keystone.server.flask.application
File "/var/lib/openstack/lib/python3.12/site-packages/sqlalchemy/orm/session.py", line 2030, in commit
[Tue Apr 07 15:32:49.872047 2026] [wsgi:error] [pid 12:tid 140577275537088] [remote 10.0.0.11:39836] 2026-04-07 15:32:49.858 12 ERROR keystone.server.flask.application trans.commit(_to_root=True)
[Tue Apr 07 15:32:49.872049 2026] [wsgi:error] [pid 12:tid 140577275537088] [remote 10.0.0.11:39836] 2026-04-07 15:32:49.858 12 ERROR keystone.server.flask.application File "", line 2, in commit
[Tue Apr 07 15:32:49.872050 2026] [wsgi:error] [pid 12:tid 140577275537088] [remote 10.0.0.11:39836] 2026-04-07 15:32:49.858 12 ERROR keystone.server.flask.application
File "/var/lib/openstack/lib/python3.12/site-packages/sqlalchemy/orm/state_changes.py", line 137, in _go
[Tue Apr 07 15:32:49.872051 2026] [wsgi:error] [pid 12:tid 140577275537088] [remote 10.0.0.11:39836] 2026-04-07 15:32:49.858 12 ERROR keystone.server.flask.application ret_value = fn(self, *arg, **kw)
[Tue Apr 07 15:32:49.872053 2026] [wsgi:error] [pid 12:tid 140577275537088] [remote 10.0.0.11:39836] 2026-04-07 15:32:49.858 12 ERROR keystone.server.flask.application ^^^^^^^^^^^^^^^^^^^^
[Tue Apr 07 15:32:49.872054 2026] [wsgi:error] [pid 12:tid 140577275537088] [remote 10.0.0.11:39836] 2026-04-07 15:32:49.858 12 ERROR keystone.server.flask.application
File "/var/lib/openstack/lib/python3.12/site-packages/sqlalchemy/orm/session.py", line 1311, in commit
[Tue Apr 07 15:32:49.872055 2026] [wsgi:error] [pid 12:tid 140577275537088] [remote 10.0.0.11:39836] 2026-04-07 15:32:49.858 12 ERROR keystone.server.flask.application self._prepare_impl()
[Tue Apr 07 15:32:49.872057 2026] [wsgi:error] [pid 12:tid 140577275537088] [remote 10.0.0.11:39836] 2026-04-07 15:32:49.858 12 ERROR keystone.server.flask.application File "", line 2, in _prepare_impl
[Tue Apr 07 15:32:49.872058 2026] [wsgi:error] [pid 12:tid 140577275537088] [remote 10.0.0.11:39836] 2026-04-07 15:32:49.858 12 ERROR keystone.server.flask.application
File "/var/lib/openstack/lib/python3.12/site-packages/sqlalchemy/orm/state_changes.py", line 137, in _go
[Tue Apr 07 15:32:49.872060 2026] [wsgi:error] [pid 12:tid 140577275537088] [remote 10.0.0.11:39836] 2026-04-07 15:32:49.858 12 ERROR keystone.server.flask.application ret_value = fn(self, *arg, **kw)
[Tue Apr 07 15:32:49.872061 2026] [wsgi:error] [pid 12:tid 140577275537088] [remote 10.0.0.11:39836] 2026-04-07 15:32:49.858 12 ERROR keystone.server.flask.application ^^^^^^^^^^^^^^^^^^^^
[Tue Apr 07 15:32:49.872073 2026] [wsgi:error] [pid 12:tid 140577275537088] [remote 10.0.0.11:39836] 2026-04-07 15:32:49.858 12 ERROR keystone.server.flask.application
File "/var/lib/openstack/lib/python3.12/site-packages/sqlalchemy/orm/session.py", line 1286, in _prepare_impl
[Tue Apr 07 15:32:49.872075 2026] [wsgi:error] [pid 12:tid 140577275537088] [remote 10.0.0.11:39836] 2026-04-07 15:32:49.858 12 ERROR keystone.server.flask.application self.session.flush()
[Tue Apr 07 15:32:49.872077 2026] [wsgi:error] [pid 12:tid 140577275537088] [remote 10.0.0.11:39836] 2026-04-07 15:32:49.858 12 ERROR keystone.server.flask.application
File "/var/lib/openstack/lib/python3.12/site-packages/sqlalchemy/orm/session.py", line 4331, in flush
[Tue Apr 07 15:32:49.872079 2026] [wsgi:error] [pid 12:tid 140577275537088] [remote 10.0.0.11:39836] 2026-04-07 15:32:49.858 12 ERROR keystone.server.flask.application self._flush(objects)
[Tue Apr 07 15:32:49.872080 2026] [wsgi:error] [pid 12:tid 140577275537088] [remote 10.0.0.11:39836] 2026-04-07 15:32:49.858 12 ERROR keystone.server.flask.application
File "/var/lib/openstack/lib/python3.12/site-packages/sqlalchemy/orm/session.py", line 4466, in _flush
[Tue Apr 07 15:32:49.872082 2026] [wsgi:error] [pid 12:tid 140577275537088] [remote 10.0.0.11:39836] 2026-04-07 15:32:49.858 12 ERROR keystone.server.flask.application with util.safe_reraise():
[Tue Apr 07 15:32:49.872084 2026] [wsgi:error] [pid 12:tid 140577275537088] [remote 10.0.0.11:39836] 2026-04-07 15:32:49.858 12 ERROR keystone.server.flask.application
File "/var/lib/openstack/lib/python3.12/site-packages/sqlalchemy/util/langhelpers.py", line 121, in __exit__
[Tue Apr 07 15:32:49.872086 2026] [wsgi:error] [pid 12:tid 140577275537088] [remote 10.0.0.11:39836] 2026-04-07 15:32:49.858 12 ERROR keystone.server.flask.application raise exc_value.with_traceback(exc_tb)
[Tue Apr 07 15:32:49.872087 2026] [wsgi:error] [pid 12:tid 140577275537088] [remote 10.0.0.11:39836] 2026-04-07 15:32:49.858 12 ERROR keystone.server.flask.application
File "/var/lib/openstack/lib/python3.12/site-packages/sqlalchemy/orm/session.py", line 4427, in _flush
[Tue Apr 07 15:32:49.872089 2026] [wsgi:error] [pid 12:tid 140577275537088] [remote 10.0.0.11:39836] 2026-04-07 15:32:49.858 12 ERROR keystone.server.flask.application flush_context.execute()
[Tue Apr 07 15:32:49.872090 2026] [wsgi:error] [pid 12:tid 140577275537088] [remote 10.0.0.11:39836] 2026-04-07 15:32:49.858 12 ERROR keystone.server.flask.application
File "/var/lib/openstack/lib/python3.12/site-packages/sqlalchemy/orm/unitofwork.py", line 466, in execute
