2026-04-16 18:39:59.684 8 INFO neutron.db.ovn_revision_numbers_db [None req-87b0d7bd-d896-4542-b5c9-899ca4e50e98 c1de8ce17d46418e9cbd03e866e6a2e5 bb63ba028b234e68a6f4dd0b30aed900 - - default default] Successfully bumped revision number for resource a6e3380a-264e-4a20-9ca7-cac774f75a1f (type: networks) to 1
2026-04-16 18:39:59.712 7 INFO neutron.db.ovn_revision_numbers_db [None req-23a09700-7bb3-4c04-99af-c7499029ebc3 b7fe3ffd00f946ceb8429ae1a19caebd 9c64337fc6d243e59566625e1b854cf0 - - default default] Successfully bumped revision number for resource 27c96a14-897d-49bc-be18-96ca7bdc69de (type: security_group_rules) to 0 [pid: 7|app: 0|req: 765/1443] 10.0.0.163 () {34 vars in 695 bytes} [Thu Apr 16 18:39:59 2026] POST /v2.0/security-group-rules => generated 602 bytes in 159 msecs (HTTP/1.1 201) 4 headers in 162 bytes (1 switches on core 0)
2026-04-16 18:39:59.761 7 INFO neutron.pecan_wsgi.hooks.translation [None req-dfb2b097-03d3-4448-af29-5fd73cd2818c c2dcd90b7b5a4c85b89d5c03f65dd2c6 6bdd62196cf94573842f194878cd5096 - - default default] DELETE failed (client error): The resource could not be found. [pid: 7|app: 0|req: 766/1444] 10.0.0.163 () {32 vars in 724 bytes} [Thu Apr 16 18:39:59 2026] DELETE /v2.0/subnets/4173152b-c761-4f51-9fc8-d986eea5a791 => generated 136 bytes in 15 msecs (HTTP/1.1 404) 4 headers in 164 bytes (1 switches on core 0) [pid: 7|app: 0|req: 767/1445] 10.0.0.163 () {32 vars in 747 bytes} [Thu Apr 16 18:39:59 2026] GET /v2.0/security-group-rules/27c96a14-897d-49bc-be18-96ca7bdc69de => generated 602 bytes in 16 msecs (HTTP/1.1 200) 4 headers in 157 bytes (1 switches on core 0)
2026-04-16 18:39:59.841 8 WARNING neutron.scheduler.dhcp_agent_scheduler [None req-87b0d7bd-d896-4542-b5c9-899ca4e50e98 c1de8ce17d46418e9cbd03e866e6a2e5 bb63ba028b234e68a6f4dd0b30aed900 - - default default] No more DHCP agents
2026-04-16 18:39:59.842 8 WARNING neutron.api.rpc.agentnotifiers.dhcp_rpc_agent_api [None req-87b0d7bd-d896-4542-b5c9-899ca4e50e98 c1de8ce17d46418e9cbd03e866e6a2e5 bb63ba028b234e68a6f4dd0b30aed900 - - default default] Unable to schedule network a6e3380a-264e-4a20-9ca7-cac774f75a1f: no agents available; will retry on subsequent port and subnet creation events.
2026-04-16 18:39:59.877 8 INFO neutron.plugins.ml2.drivers.ovn.mech_driver.mech_driver [None req-4389fc1d-3542-4226-8c3d-dcf2f612e10c - - - - - -] OVN reports status down for port: f99f012a-d2e9-4f3d-9f19-e64d3a39905b
2026-04-16 18:39:59.904 7 INFO neutron_taas.services.taas.taas_plugin [None req-c0daace5-0f08-4655-bad5-a5ac414e2a3d c2dcd90b7b5a4c85b89d5c03f65dd2c6 6bdd62196cf94573842f194878cd5096 - - default default] TaaS: Handle Delete Port: fc2bc54c-fa0b-4c9d-91d4-882c111e680a
2026-04-16 18:39:59.907 7 INFO neutron_taas.services.taas.tap_mirror_plugin [None req-c0daace5-0f08-4655-bad5-a5ac414e2a3d c2dcd90b7b5a4c85b89d5c03f65dd2c6 6bdd62196cf94573842f194878cd5096 - - default default] Tap Mirror: Handle Delete Port: fc2bc54c-fa0b-4c9d-91d4-882c111e680a
2026-04-16 18:39:59.951 8 INFO neutron.db.ovn_revision_numbers_db [None req-87b0d7bd-d896-4542-b5c9-899ca4e50e98 c1de8ce17d46418e9cbd03e866e6a2e5 bb63ba028b234e68a6f4dd0b30aed900 - - default default] Successfully bumped revision number for resource f99f012a-d2e9-4f3d-9f19-e64d3a39905b (type: ports) to 1 [pid: 7|app: 0|req: 768/1446] 10.0.0.163 () {32 vars in 720 bytes} [Thu Apr 16 18:39:59 2026] DELETE /v2.0/ports/fc2bc54c-fa0b-4c9d-91d4-882c111e680a => generated 0 bytes in 253 msecs (HTTP/1.1 204) 3 headers in 131 bytes (1 switches on core 0) [pid: 8|app: 0|req: 679/1447] 10.0.0.163 () {34 vars in 670 bytes} [Thu Apr 16 18:39:59 2026] POST /v2.0/networks => generated 651 bytes in 543 msecs (HTTP/1.1 201) 4 headers in 162 bytes (1 switches on core 0) [pid: 7|app: 0|req: 769/1448] 10.0.0.163 () {32 vars in 673 bytes} [Thu Apr 16 18:40:00 2026] GET /v2.0/security-group-rules => generated 4139 bytes in 68 msecs (HTTP/1.1 200) 4 headers in 158 bytes (1 switches on core 0)
2026-04-16 18:40:00.159 8 INFO neutron_taas.services.taas.taas_plugin [None req-8912ccc3-8548-49a7-a5cb-c93cb66c08be c2dcd90b7b5a4c85b89d5c03f65dd2c6 6bdd62196cf94573842f194878cd5096 - - default default] TaaS: Handle Delete Port: fb57e72c-fa5c-41e5-90f9-f43b72b3e04c
2026-04-16 18:40:00.162 8 INFO neutron_taas.services.taas.tap_mirror_plugin [None req-8912ccc3-8548-49a7-a5cb-c93cb66c08be c2dcd90b7b5a4c85b89d5c03f65dd2c6 6bdd62196cf94573842f194878cd5096 - - default default] Tap Mirror: Handle Delete Port: fb57e72c-fa5c-41e5-90f9-f43b72b3e04c
2026-04-16 18:40:00.299 7 WARNING neutron.scheduler.dhcp_agent_scheduler [None req-fab2717e-3ef6-47b5-87a6-d64199370fa2 c1de8ce17d46418e9cbd03e866e6a2e5 bb63ba028b234e68a6f4dd0b30aed900 - - default default] No more DHCP agents
2026-04-16 18:40:00.300 7 WARNING neutron.api.rpc.agentnotifiers.dhcp_rpc_agent_api [None req-fab2717e-3ef6-47b5-87a6-d64199370fa2 c1de8ce17d46418e9cbd03e866e6a2e5 bb63ba028b234e68a6f4dd0b30aed900 - - default default] Unable to schedule network ecc59347-8e65-4aef-a5af-de01750d8fa5: no agents available; will retry on subsequent port and subnet creation events.
2026-04-16 18:40:00.328 7 INFO neutron.db.ovn_revision_numbers_db [None req-fab2717e-3ef6-47b5-87a6-d64199370fa2 c1de8ce17d46418e9cbd03e866e6a2e5 bb63ba028b234e68a6f4dd0b30aed900 - - default default] Successfully bumped revision number for resource ba872b08-674f-4740-a21c-95362def740b (type: subnets) to 0 [pid: 7|app: 0|req: 770/1449] 10.0.0.163 () {34 vars in 669 bytes} [Thu Apr 16 18:40:00 2026] POST /v2.0/subnets => generated 646 bytes in 241 msecs (HTTP/1.1 201) 4 headers in 162 bytes (1 switches on core 0)
2026-04-16 18:40:00.354 8 INFO neutron.services.segments.plugin [-] Segment 0947bce8-750b-47fb-a7b7-e2c6be272110 resource provider aggregate not found
2026-04-16 18:40:00.355 8 INFO neutron.services.segments.plugin [-] Segment 0947bce8-750b-47fb-a7b7-e2c6be272110 resource provider aggregate not found
2026-04-16 18:40:00.379 8 INFO neutron.services.segments.plugin [-] Segment 0947bce8-750b-47fb-a7b7-e2c6be272110 resource provider not found; error: Placement Client Error (4xx): {"errors": [{"status": 404, "title": "Not Found", "detail": "The resource could not be found.\n\n No resource provider with uuid 0947bce8-750b-47fb-a7b7-e2c6be272110 found for delete ", "request_id": "req-5291c477-caf2-449d-8525-b363c4ba1899"}]}
2026-04-16 18:40:00.380 8 INFO neutron.services.segments.plugin [-] Segment 0947bce8-750b-47fb-a7b7-e2c6be272110 resource provider not found; error: Placement Client Error (4xx): {"errors": [{"status": 404, "title": "Not Found", "detail": "The resource could not be found.\n\n No resource provider with uuid 0947bce8-750b-47fb-a7b7-e2c6be272110 found for delete ", "request_id": "req-5c2e5a46-5cc5-4f5f-88ed-8b3b54cb4d83"}]} [pid: 8|app: 0|req: 680/1450] 10.0.0.163 () {32 vars in 726 bytes} [Thu Apr 16 18:40:00 2026] DELETE /v2.0/networks/0d116983-a761-4947-a2d7-d10faba5b1f3 => generated 0 bytes in 356 msecs (HTTP/1.1 204) 3 headers in 131 bytes (1 switches on core 0) [pid: 7|app: 0|req: 771/1453] 10.0.0.163 () {32 vars in 750 bytes} [Thu Apr 16 18:40:00 2026] DELETE /v2.0/security-group-rules/27c96a14-897d-49bc-be18-96ca7bdc69de => generated 0 bytes in 124 msecs (HTTP/1.1 204) 2 headers in 112 bytes (1 switches on core 0) [pid: 7|app: 0|req: 772/1454] 10.0.0.163 () {32 vars in 673 bytes} [Thu Apr 16 18:40:00 2026] GET /v2.0/security-group-rules => generated 3560 bytes in 53 msecs (HTTP/1.1 200) 4 headers in 158 bytes (1 switches on core 0)
2026-04-16 18:40:00.650 8 WARNING neutron.scheduler.dhcp_agent_scheduler [None req-c512354c-d103-4643-8d08-232ad87feefc c1de8ce17d46418e9cbd03e866e6a2e5 bb63ba028b234e68a6f4dd0b30aed900 - - default default] No more DHCP agents
2026-04-16 18:40:00.651 8 WARNING neutron.api.rpc.agentnotifiers.dhcp_rpc_agent_api [None req-c512354c-d103-4643-8d08-232ad87feefc c1de8ce17d46418e9cbd03e866e6a2e5 bb63ba028b234e68a6f4dd0b30aed900 - - default default] Unable to schedule network a6e3380a-264e-4a20-9ca7-cac774f75a1f: no agents available; will retry on subsequent port and subnet creation events. [pid: 7|app: 0|req: 773/1455] 10.0.0.163 () {32 vars in 740 bytes} [Thu Apr 16 18:40:00 2026] DELETE /v2.0/security-groups/f89a8a40-4421-41c8-909b-b27c610840c1 => generated 0 bytes in 138 msecs (HTTP/1.1 204) 2 headers in 112 bytes (1 switches on core 0)
2026-04-16 18:40:00.679 8 INFO neutron.db.ovn_revision_numbers_db [None req-c512354c-d103-4643-8d08-232ad87feefc c1de8ce17d46418e9cbd03e866e6a2e5 bb63ba028b234e68a6f4dd0b30aed900 - - default default] Successfully bumped revision number for resource f29c0d37-ab00-4db6-b856-75646d6f8865 (type: subnets) to 0 [pid: 7|app: 0|req: 774/1456] 10.0.0.89 () {34 vars in 989 bytes} [Thu Apr 16 18:40:00 2026] GET /v2.0/ports?device_id=16c3d1df-f163-4bad-bda2-30d87a420cac => generated 12 bytes in 16 msecs (HTTP/1.1 200) 4 headers in 156 bytes (1 switches on core 0) [pid: 8|app: 0|req: 683/1457] 10.0.0.163 () {34 vars in 669 bytes} [Thu Apr 16 18:40:00 2026] POST /v2.0/subnets => generated 655 bytes in 304 msecs (HTTP/1.1 201) 4 headers in 162 bytes (1 switches on core 0) [pid: 7|app: 0|req: 775/1458] 10.0.0.163 () {32 vars in 663 bytes} [Thu Apr 16 18:40:00 2026] GET /v2.0/security-groups => generated 2925 bytes in 31 msecs (HTTP/1.1 200) 4 headers in 158 bytes (1 switches on core 0) [pid: 7|app: 0|req: 776/1459] 10.0.0.163 () {32 vars in 663 bytes} [Thu Apr 16 18:40:00 2026] GET /v2.0/security-groups => generated 2925 bytes in 37 msecs (HTTP/1.1 200) 4 headers in 158 bytes (1 switches on core 0)
2026-04-16 18:40:00.843 8 INFO neutron.db.ovn_revision_numbers_db [None req-6ed40411-7bd9-4339-804a-5e68b303a9a6 c1de8ce17d46418e9cbd03e866e6a2e5 bb63ba028b234e68a6f4dd0b30aed900 - - default default] Successfully bumped revision number for resource e0a670fb-9814-4d09-b70b-81e1e15812c5 (type: routers) to 1 [pid: 8|app: 0|req: 684/1460] 10.0.0.163 () {34 vars in 669 bytes} [Thu Apr 16 18:40:00 2026] POST /v2.0/routers => generated 607 bytes in 152 msecs (HTTP/1.1 201) 4 headers in 162 bytes (1 switches on core 0) [pid: 8|app: 0|req: 685/1461] 10.0.0.163 () {32 vars in 774 bytes} [Thu Apr 16 18:40:00 2026] GET /v2.0/security-groups?tenant_id=6bdd62196cf94573842f194878cd5096&name=default => generated 2925 bytes in 143 msecs (HTTP/1.1 200) 4 headers in 158 bytes (1 switches on core 0)
2026-04-16 18:40:01.227 7 WARNING neutron.scheduler.dhcp_agent_scheduler [None req-aaedbc6f-3644-44e1-bec4-273c0156924e c1de8ce17d46418e9cbd03e866e6a2e5 bb63ba028b234e68a6f4dd0b30aed900 - - default default] No more DHCP agents
2026-04-16 18:40:01.229 7 WARNING neutron.api.rpc.agentnotifiers.dhcp_rpc_agent_api [None req-aaedbc6f-3644-44e1-bec4-273c0156924e c1de8ce17d46418e9cbd03e866e6a2e5 bb63ba028b234e68a6f4dd0b30aed900 - - default default] Unable to schedule network ecc59347-8e65-4aef-a5af-de01750d8fa5: no agents available; will retry on subsequent port and subnet creation events. [pid: 8|app: 0|req: 686/1462] 10.0.0.163 () {32 vars in 740 bytes} [Thu Apr 16 18:40:01 2026] DELETE /v2.0/security-groups/c19082ef-cc08-429b-84e5-1e5305ecc904 => generated 0 bytes in 225 msecs (HTTP/1.1 204) 2 headers in 112 bytes (1 switches on core 0)
2026-04-16 18:40:01.289 8 INFO neutron.plugins.ml2.drivers.ovn.mech_driver.mech_driver [None req-4389fc1d-3542-4226-8c3d-dcf2f612e10c - - - - - -] OVN reports status down for port: fc7c6db0-12af-4529-8bf8-e4322de8163c
2026-04-16 18:40:01.344 7 INFO neutron.db.ovn_revision_numbers_db [None req-aaedbc6f-3644-44e1-bec4-273c0156924e c1de8ce17d46418e9cbd03e866e6a2e5 bb63ba028b234e68a6f4dd0b30aed900 - - default default] Successfully bumped revision number for resource fc7c6db0-12af-4529-8bf8-e4322de8163c (type: ports) to 1 [pid: 8|app: 0|req: 687/1463] 10.0.0.163 () {32 vars in 774 bytes} [Thu Apr 16 18:40:01 2026] GET /v2.0/security-groups?tenant_id=9c64337fc6d243e59566625e1b854cf0&name=default => generated 2925 bytes in 237 msecs (HTTP/1.1 200) 4 headers in 158 bytes (1 switches on core 0) [pid: 8|app: 0|req: 688/1464] 10.0.0.163 () {32 vars in 740 bytes} [Thu Apr 16 18:40:01 2026] DELETE /v2.0/security-groups/4ca86a3a-c756-4852-a84f-91541130a5c1 => generated 0 bytes in 246 msecs (HTTP/1.1 204) 2 headers in 112 bytes (1 switches on core 0)
2026-04-16 18:40:01.868 8 INFO neutron.plugins.ml2.drivers.ovn.mech_driver.mech_driver [None req-4389fc1d-3542-4226-8c3d-dcf2f612e10c - - - - - -] OVN reports status up for port: fc7c6db0-12af-4529-8bf8-e4322de8163c
2026-04-16 18:40:01.899 8 INFO neutron.plugins.ml2.plugin [None req-4389fc1d-3542-4226-8c3d-dcf2f612e10c - - - - - -] Attempt 1 to provision port fc7c6db0-12af-4529-8bf8-e4322de8163c
2026-04-16 18:40:01.904 7 INFO neutron.plugins.ml2.plugin [None req-aaedbc6f-3644-44e1-bec4-273c0156924e c1de8ce17d46418e9cbd03e866e6a2e5 bb63ba028b234e68a6f4dd0b30aed900 - - default default] Attempt 1 to provision port fc7c6db0-12af-4529-8bf8-e4322de8163c
2026-04-16 18:40:01.998 7 WARNING neutron.scheduler.dhcp_agent_scheduler [None req-aaedbc6f-3644-44e1-bec4-273c0156924e c1de8ce17d46418e9cbd03e866e6a2e5 bb63ba028b234e68a6f4dd0b30aed900 - - default default] No more DHCP agents
2026-04-16 18:40:02.002 7 WARNING neutron.api.rpc.agentnotifiers.dhcp_rpc_agent_api [None req-aaedbc6f-3644-44e1-bec4-273c0156924e c1de8ce17d46418e9cbd03e866e6a2e5 bb63ba028b234e68a6f4dd0b30aed900 - - default default] Unable to schedule network ecc59347-8e65-4aef-a5af-de01750d8fa5: no agents available; will retry on subsequent port and subnet creation events. [pid: 8|app: 0|req: 689/1465] 10.0.0.163 () {32 vars in 740 bytes} [Thu Apr 16 18:40:01 2026] DELETE /v2.0/security-groups/f4eb5038-f49a-4504-a4b5-2bde0bd15bd0 => generated 0 bytes in 339 msecs (HTTP/1.1 204) 2 headers in 112 bytes (1 switches on core 0)
2026-04-16 18:40:02.197 7 INFO neutron.db.ovn_revision_numbers_db [None req-aaedbc6f-3644-44e1-bec4-273c0156924e c1de8ce17d46418e9cbd03e866e6a2e5 bb63ba028b234e68a6f4dd0b30aed900 - - default default] Successfully bumped revision number for resource fc7c6db0-12af-4529-8bf8-e4322de8163c (type: router_ports) to 1 [pid: 7|app: 0|req: 777/1466] 10.0.0.163 () {34 vars in 783 bytes} [Thu Apr 16 18:40:00 2026] PUT /v2.0/routers/e0a670fb-9814-4d09-b70b-81e1e15812c5/add_router_interface => generated 309 bytes in 1337 msecs (HTTP/1.1 200) 4 headers in 157 bytes (1 switches on core 0)
2026-04-16 18:40:02.218 8 INFO neutron.api.v2.resource [None req-25325994-0750-4df5-b14c-d3a921dc72fa 8422df668b704316addca09c18699455 1aac1744b75c445e900b80891809040e - - default default] show failed (client error): The resource could not be found. [pid: 8|app: 0|req: 690/1467] 10.0.0.163 () {32 vars in 737 bytes} [Thu Apr 16 18:40:02 2026] GET /v2.0/security-groups/f4eb5038-f49a-4504-a4b5-2bde0bd15bd0 => generated 146 bytes in 22 msecs (HTTP/1.1 404) 4 headers in 164 bytes (1 switches on core 0) [pid: 7|app: 0|req: 778/1468] 10.0.0.163 () {32 vars in 717 bytes} [Thu Apr 16 18:40:02 2026] GET /v2.0/ports/fc7c6db0-12af-4529-8bf8-e4322de8163c => generated 947 bytes in 37 msecs (HTTP/1.1 200) 4 headers in 157 bytes (1 switches on core 0)
2026-04-16 18:40:02.560 8 INFO neutron_taas.services.taas.taas_plugin [None req-3d4ebbd4-43e5-4834-aeec-df08eccdfe93 8422df668b704316addca09c18699455 1aac1744b75c445e900b80891809040e - - default default] TaaS: Handle Delete Port: 1a730599-de29-4c7e-afae-d68476a0cf24
2026-04-16 18:40:02.569 8 INFO neutron_taas.services.taas.tap_mirror_plugin [None req-3d4ebbd4-43e5-4834-aeec-df08eccdfe93 8422df668b704316addca09c18699455 1aac1744b75c445e900b80891809040e - - default default] Tap Mirror: Handle Delete Port: 1a730599-de29-4c7e-afae-d68476a0cf24
2026-04-16 18:40:02.686 7 WARNING neutron.scheduler.dhcp_agent_scheduler [None req-61c1c37c-9a17-45b2-87a7-0c32ef8e6949 c1de8ce17d46418e9cbd03e866e6a2e5 bb63ba028b234e68a6f4dd0b30aed900 - - default default] No more DHCP agents
2026-04-16 18:40:02.688 7 WARNING neutron.api.rpc.agentnotifiers.dhcp_rpc_agent_api [None req-61c1c37c-9a17-45b2-87a7-0c32ef8e6949 c1de8ce17d46418e9cbd03e866e6a2e5 bb63ba028b234e68a6f4dd0b30aed900 - - default default] Unable to schedule network a6e3380a-264e-4a20-9ca7-cac774f75a1f: no agents available; will retry on subsequent port and subnet creation events.
2026-04-16 18:40:02.731 8 INFO neutron.db.ovn_revision_numbers_db [None req-4389fc1d-3542-4226-8c3d-dcf2f612e10c - - - - - -] Successfully bumped revision number for resource fc7c6db0-12af-4529-8bf8-e4322de8163c (type: ports) to 2
2026-04-16 18:40:02.761 7 INFO neutron.plugins.ml2.drivers.ovn.mech_driver.mech_driver [None req-1a327e36-96da-4aaa-886d-7096fec9f973 - - - - - -] OVN reports status down for port: bdeabf8d-cb1a-4ae1-9ba2-988307eebebd
2026-04-16 18:40:02.816 7 INFO neutron.db.ovn_revision_numbers_db [None req-61c1c37c-9a17-45b2-87a7-0c32ef8e6949 c1de8ce17d46418e9cbd03e866e6a2e5 bb63ba028b234e68a6f4dd0b30aed900 - - default default] Successfully bumped revision number for resource bdeabf8d-cb1a-4ae1-9ba2-988307eebebd (type: ports) to 1 [pid: 8|app: 0|req: 691/1469] 10.0.0.163 () {32 vars in 732 bytes} [Thu Apr 16 18:40:02 2026] DELETE /v2.0/floatingips/b100f672-cd6d-488a-accc-db179aa3ba9b => generated 0 bytes in 668 msecs (HTTP/1.1 204) 2 headers in 112 bytes (1 switches on core 0)
2026-04-16 18:40:03.155 8 INFO neutron_taas.services.taas.taas_plugin [None req-fe3e92ff-eec7-425b-b39b-d05a3b60ada0 6da2eff5f4fe4e93b5700c478d27cf98 937a9226b4b7413f8b3427005f0aed77 - - default default] TaaS: Handle Delete Port: 1ff78d61-dbd3-4807-9a1b-c7c196acdc50
2026-04-16 18:40:03.159 8 INFO neutron_taas.services.taas.tap_mirror_plugin [None req-fe3e92ff-eec7-425b-b39b-d05a3b60ada0 6da2eff5f4fe4e93b5700c478d27cf98 937a9226b4b7413f8b3427005f0aed77 - - default default] Tap Mirror: Handle Delete Port: 1ff78d61-dbd3-4807-9a1b-c7c196acdc50
2026-04-16 18:40:03.377 7 INFO neutron.plugins.ml2.drivers.ovn.mech_driver.mech_driver [None req-1a327e36-96da-4aaa-886d-7096fec9f973 - - - - - -] OVN reports status up for port: bdeabf8d-cb1a-4ae1-9ba2-988307eebebd
2026-04-16 18:40:03.404 7 INFO neutron.plugins.ml2.plugin [None req-1a327e36-96da-4aaa-886d-7096fec9f973 - - - - - -] Attempt 1 to provision port bdeabf8d-cb1a-4ae1-9ba2-988307eebebd
2026-04-16 18:40:03.499 7 WARNING neutron.scheduler.dhcp_agent_scheduler [None req-61c1c37c-9a17-45b2-87a7-0c32ef8e6949 c1de8ce17d46418e9cbd03e866e6a2e5 bb63ba028b234e68a6f4dd0b30aed900 - - default default] No more DHCP agents
2026-04-16 18:40:03.501 7 WARNING neutron.api.rpc.agentnotifiers.dhcp_rpc_agent_api [None req-61c1c37c-9a17-45b2-87a7-0c32ef8e6949 c1de8ce17d46418e9cbd03e866e6a2e5 bb63ba028b234e68a6f4dd0b30aed900 - - default default] Unable to schedule network a6e3380a-264e-4a20-9ca7-cac774f75a1f: no agents available; will retry on subsequent port and subnet creation events. [pid: 8|app: 0|req: 692/1470] 10.0.0.163 () {34 vars in 789 bytes} [Thu Apr 16 18:40:02 2026] PUT /v2.0/routers/0557b26d-3326-4db3-829f-19a0ee30d046/remove_router_interface => generated 309 bytes in 952 msecs (HTTP/1.1 200) 4 headers in 157 bytes (1 switches on core 0)
2026-04-16 18:40:03.919 7 INFO neutron.db.ovn_revision_numbers_db [None req-61c1c37c-9a17-45b2-87a7-0c32ef8e6949 c1de8ce17d46418e9cbd03e866e6a2e5 bb63ba028b234e68a6f4dd0b30aed900 - - default default] Successfully bumped revision number for resource bdeabf8d-cb1a-4ae1-9ba2-988307eebebd (type: router_ports) to 1 [pid: 7|app: 0|req: 779/1471] 10.0.0.163 () {34 vars in 783 bytes} [Thu Apr 16 18:40:02 2026] PUT /v2.0/routers/e0a670fb-9814-4d09-b70b-81e1e15812c5/add_router_interface => generated 309 bytes in 1688 msecs (HTTP/1.1 200) 4 headers in 157 bytes (1 switches on core 0) /var/lib/openstack/lib/python3.12/site-packages/pycadf/identifier.py:70: UserWarning: Invalid uuid: neutron. To ensure interoperability, identifiers should be a valid uuid. warnings.warn(('Invalid uuid: %s. To ensure interoperability, ' [pid: 8|app: 0|req: 693/1472] 10.0.0.163 () {34 vars in 677 bytes} [Thu Apr 16 18:40:03 2026] POST /v2.0/subnetpools => generated 549 bytes in 237 msecs (HTTP/1.1 201) 4 headers in 162 bytes (1 switches on core 0) [pid: 8|app: 0|req: 694/1473] 10.0.0.163 () {32 vars in 717 bytes} [Thu Apr 16 18:40:04 2026] GET /v2.0/ports/bdeabf8d-cb1a-4ae1-9ba2-988307eebebd => generated 955 bytes in 34 msecs (HTTP/1.1 200) 4 headers in 157 bytes (1 switches on core 0) [pid: 8|app: 0|req: 695/1474] 10.0.0.163 () {32 vars in 729 bytes} [Thu Apr 16 18:40:04 2026] GET /v2.0/subnetpools/18658502-16d0-4d34-aa44-b1412e5aa6e4 => generated 549 bytes in 26 msecs (HTTP/1.1 200) 4 headers in 157 bytes (1 switches on core 0)
2026-04-16 18:40:04.148 7 INFO neutron.db.ovn_revision_numbers_db [None req-1a327e36-96da-4aaa-886d-7096fec9f973 - - - - - -] Successfully bumped revision number for resource bdeabf8d-cb1a-4ae1-9ba2-988307eebebd (type: ports) to 2 [pid: 8|app: 0|req: 696/1475] 10.0.0.163 () {32 vars in 717 bytes} [Thu Apr 16 18:40:04 2026] GET /v2.0/ports/bdeabf8d-cb1a-4ae1-9ba2-988307eebebd => generated 955 bytes in 29 msecs (HTTP/1.1 200) 4 headers in 157 bytes (1 switches on core 0) [pid: 8|app: 0|req: 697/1476] 10.0.0.163 () {34 vars in 749 bytes} [Thu Apr 16 18:40:04 2026] PUT /v2.0/subnetpools/18658502-16d0-4d34-aa44-b1412e5aa6e4 => generated 500 bytes in 66 msecs (HTTP/1.1 200) 4 headers in 157 bytes (1 switches on core 0)
2026-04-16 18:40:04.404 7 INFO neutron_taas.services.taas.taas_plugin [None req-271ec622-1e61-48c3-9576-cbc0c0d74959 6da2eff5f4fe4e93b5700c478d27cf98 937a9226b4b7413f8b3427005f0aed77 - - default default] TaaS: Handle Delete Port: b440ad1f-2e01-4f98-9db1-3cd109c38148
2026-04-16 18:40:04.407 7 INFO neutron_taas.services.taas.tap_mirror_plugin [None req-271ec622-1e61-48c3-9576-cbc0c0d74959 6da2eff5f4fe4e93b5700c478d27cf98 937a9226b4b7413f8b3427005f0aed77 - - default default] Tap Mirror: Handle Delete Port: b440ad1f-2e01-4f98-9db1-3cd109c38148
2026-04-16 18:40:04.545 8 INFO neutron_taas.services.taas.taas_plugin [None req-17b7c2c7-e0d6-4ade-8e94-e26b51cd7af9 c1de8ce17d46418e9cbd03e866e6a2e5 bb63ba028b234e68a6f4dd0b30aed900 - - default default] TaaS: Handle Delete Port: bdeabf8d-cb1a-4ae1-9ba2-988307eebebd
2026-04-16 18:40:04.548 8 INFO neutron_taas.services.taas.tap_mirror_plugin [None req-17b7c2c7-e0d6-4ade-8e94-e26b51cd7af9 c1de8ce17d46418e9cbd03e866e6a2e5 bb63ba028b234e68a6f4dd0b30aed900 - - default default] Tap Mirror: Handle Delete Port: bdeabf8d-cb1a-4ae1-9ba2-988307eebebd [pid: 7|app: 0|req: 780/1477] 10.0.0.163 () {32 vars in 724 bytes} [Thu Apr 16 18:40:03 2026] DELETE /v2.0/routers/0557b26d-3326-4db3-829f-19a0ee30d046 => generated 0 bytes in 908 msecs (HTTP/1.1 204) 2 headers in 112 bytes (1 switches on core 0) [pid: 7|app: 0|req: 781/1478] 10.0.0.163 () {32 vars in 732 bytes} [Thu Apr 16 18:40:04 2026] DELETE /v2.0/subnetpools/18658502-16d0-4d34-aa44-b1412e5aa6e4 => generated 0 bytes in 79 msecs (HTTP/1.1 204) 2 headers in 112 bytes (1 switches on core 0) [pid: 8|app: 0|req: 698/1479] 10.0.0.163 () {34 vars in 789 bytes} [Thu Apr 16 18:40:04 2026] PUT /v2.0/routers/e0a670fb-9814-4d09-b70b-81e1e15812c5/remove_router_interface => generated 309 bytes in 719 msecs (HTTP/1.1 200) 4 headers in 157 bytes (1 switches on core 0) /var/lib/openstack/lib/python3.12/site-packages/pycadf/identifier.py:70: UserWarning: Invalid uuid: neutron. To ensure interoperability, identifiers should be a valid uuid. warnings.warn(('Invalid uuid: %s. To ensure interoperability, '
2026-04-16 18:40:04.968 8 INFO neutron.api.v2.resource [None req-19b5a714-e7c4-4e72-8a3e-f8d4c49d5fe9 ca68a0d59efc47caa94efc8b0dbae58f c57b9fa7a83a454080fdce01c945d32a - - default default] show failed (client error): The resource could not be found. [pid: 8|app: 0|req: 699/1480] 10.0.0.163 () {32 vars in 729 bytes} [Thu Apr 16 18:40:04 2026] GET /v2.0/subnetpools/18658502-16d0-4d34-aa44-b1412e5aa6e4 => generated 145 bytes in 10 msecs (HTTP/1.1 404) 4 headers in 164 bytes (1 switches on core 0) [pid: 8|app: 0|req: 700/1481] 10.0.0.163 () {32 vars in 717 bytes} [Thu Apr 16 18:40:04 2026] GET /v2.0/ports/fc7c6db0-12af-4529-8bf8-e4322de8163c => generated 947 bytes in 96 msecs (HTTP/1.1 200) 4 headers in 157 bytes (1 switches on core 0)
2026-04-16 18:40:05.082 8 INFO neutron.api.v2.resource [None req-14f3ba12-27ab-48ee-b01c-08e936b87281 ca68a0d59efc47caa94efc8b0dbae58f c57b9fa7a83a454080fdce01c945d32a - - default default] delete failed (client error): The resource could not be found. [pid: 8|app: 0|req: 701/1482] 10.0.0.163 () {32 vars in 732 bytes} [Thu Apr 16 18:40:05 2026] DELETE /v2.0/subnetpools/18658502-16d0-4d34-aa44-b1412e5aa6e4 => generated 145 bytes in 17 msecs (HTTP/1.1 404) 4 headers in 164 bytes (1 switches on core 0) [pid: 7|app: 0|req: 782/1483] 10.0.0.163 () {32 vars in 724 bytes} [Thu Apr 16 18:40:04 2026] DELETE /v2.0/subnets/619cb1c4-c4fa-44d8-b51d-de7f4bd142e2 => generated 0 bytes in 246 msecs (HTTP/1.1 204) 3 headers in 131 bytes (1 switches on core 0)
2026-04-16 18:40:05.324 7 INFO neutron_taas.services.taas.taas_plugin [None req-c7809a08-0ab7-4f56-91e0-17bd1da26b4d 6da2eff5f4fe4e93b5700c478d27cf98 937a9226b4b7413f8b3427005f0aed77 - - default default] TaaS: Handle Delete Port: e9c9068a-d222-4152-a7e9-21cfc4cca0fa
2026-04-16 18:40:05.334 7 INFO neutron_taas.services.taas.tap_mirror_plugin [None req-c7809a08-0ab7-4f56-91e0-17bd1da26b4d 6da2eff5f4fe4e93b5700c478d27cf98 937a9226b4b7413f8b3427005f0aed77 - - default default] Tap Mirror: Handle Delete Port: e9c9068a-d222-4152-a7e9-21cfc4cca0fa
2026-04-16 18:40:05.382 8 INFO neutron_taas.services.taas.taas_plugin [None req-085022db-5423-4954-91be-05e8b725c034 c1de8ce17d46418e9cbd03e866e6a2e5 bb63ba028b234e68a6f4dd0b30aed900 - - default default] TaaS: Handle Delete Port: fc7c6db0-12af-4529-8bf8-e4322de8163c
2026-04-16 18:40:05.385 8 INFO neutron_taas.services.taas.tap_mirror_plugin [None req-085022db-5423-4954-91be-05e8b725c034 c1de8ce17d46418e9cbd03e866e6a2e5 bb63ba028b234e68a6f4dd0b30aed900 - - default default] Tap Mirror: Handle Delete Port: fc7c6db0-12af-4529-8bf8-e4322de8163c
2026-04-16 18:40:05.546 7 INFO neutron.services.segments.plugin [-] Segment 9320490e-80ba-4bc7-8633-655998019ffb resource provider aggregate not found
2026-04-16 18:40:05.552 7 INFO neutron.services.segments.plugin [-] Segment 9320490e-80ba-4bc7-8633-655998019ffb resource provider aggregate not found
2026-04-16 18:40:05.566 7 INFO neutron.services.segments.plugin [-] Segment 9320490e-80ba-4bc7-8633-655998019ffb resource provider not found; error: Placement Client Error (4xx): {"errors": [{"status": 404, "title": "Not Found", "detail": "The resource could not be found.\n\n No resource provider with uuid 9320490e-80ba-4bc7-8633-655998019ffb found for delete ", "request_id": "req-11cd2a3f-04df-453c-8a34-2febfef0d215"}]}
2026-04-16 18:40:05.576 7 INFO neutron.services.segments.plugin [-] Segment 9320490e-80ba-4bc7-8633-655998019ffb resource provider not found; error: Placement Client Error (4xx): {"errors": [{"status": 404, "title": "Not Found", "detail": "The resource could not be found.\n\n No resource provider with uuid 9320490e-80ba-4bc7-8633-655998019ffb found for delete ", "request_id": "req-f58355f7-e178-4c28-8837-fe8b139dc096"}]} [pid: 7|app: 0|req: 783/1484] 10.0.0.163 () {32 vars in 726 bytes} [Thu Apr 16 18:40:05 2026] DELETE /v2.0/networks/68674c07-6c6c-43a0-b427-176d6d9a497a => generated 0 bytes in 442 msecs (HTTP/1.1 204) 3 headers in 131 bytes (1 switches on core 0) [pid: 8|app: 0|req: 702/1485] 10.0.0.163 () {34 vars in 789 bytes} [Thu Apr 16 18:40:05 2026] PUT /v2.0/routers/e0a670fb-9814-4d09-b70b-81e1e15812c5/remove_router_interface => generated 309 bytes in 600 msecs (HTTP/1.1 200) 4 headers in 157 bytes (1 switches on core 0) /var/lib/openstack/lib/python3.12/site-packages/pycadf/identifier.py:70: UserWarning: Invalid uuid: neutron. To ensure interoperability, identifiers should be a valid uuid. warnings.warn(('Invalid uuid: %s. To ensure interoperability, ' [pid: 8|app: 0|req: 703/1486] 10.0.0.163 () {32 vars in 736 bytes} [Thu Apr 16 18:40:05 2026] GET /v2.0/ports?device_id=e0a670fb-9814-4d09-b70b-81e1e15812c5 => generated 12 bytes in 19 msecs (HTTP/1.1 200) 4 headers in 156 bytes (1 switches on core 0)
2026-04-16 18:40:05.867 7 INFO neutron.db.ovn_revision_numbers_db [None req-87767724-9636-4d92-a92c-e6422378f4fb 6da2eff5f4fe4e93b5700c478d27cf98 937a9226b4b7413f8b3427005f0aed77 - - default default] Successfully bumped revision number for resource 1cc978b2-d404-41a5-9537-c13bf2963567 (type: security_groups) to 1
2026-04-16 18:40:05.883 7 INFO neutron.db.ovn_revision_numbers_db [None req-87767724-9636-4d92-a92c-e6422378f4fb 6da2eff5f4fe4e93b5700c478d27cf98 937a9226b4b7413f8b3427005f0aed77 - - default default] Successfully bumped revision number for resource 356fe0ae-e881-4bae-8f1d-0352e56c2b9b (type: security_group_rules) to 0
2026-04-16 18:40:05.899 7 INFO neutron.db.ovn_revision_numbers_db [None req-87767724-9636-4d92-a92c-e6422378f4fb 6da2eff5f4fe4e93b5700c478d27cf98 937a9226b4b7413f8b3427005f0aed77 - - default default] Successfully bumped revision number for resource 49611c5d-83f1-49de-9d65-2a242c82d6e4 (type: security_group_rules) to 0
2026-04-16 18:40:05.909 7 INFO neutron.db.ovn_revision_numbers_db [None req-87767724-9636-4d92-a92c-e6422378f4fb 6da2eff5f4fe4e93b5700c478d27cf98 937a9226b4b7413f8b3427005f0aed77 - - default default] Successfully bumped revision number for resource 9139e185-c7ef-4f06-871e-92e213d1eab3 (type: security_group_rules) to 0 [pid: 8|app: 0|req: 704/1487] 10.0.0.163 () {32 vars in 724 bytes} [Thu Apr 16 18:40:05 2026] DELETE /v2.0/routers/e0a670fb-9814-4d09-b70b-81e1e15812c5 => generated 0 bytes in 197 msecs (HTTP/1.1 204) 2 headers in 112 bytes (1 switches on core 0)
2026-04-16 18:40:05.921 7 INFO neutron.db.ovn_revision_numbers_db [None req-87767724-9636-4d92-a92c-e6422378f4fb 6da2eff5f4fe4e93b5700c478d27cf98 937a9226b4b7413f8b3427005f0aed77 - - default default] Successfully bumped revision number for resource dea1acce-ce97-4ad6-90ec-f1bbed86b527 (type: security_group_rules) to 0 [pid: 8|app: 0|req: 705/1488] 10.0.0.163 () {32 vars in 774 bytes} [Thu Apr 16 18:40:05 2026] GET /v2.0/security-groups?tenant_id=1aac1744b75c445e900b80891809040e&name=default => generated 2925 bytes in 23 msecs (HTTP/1.1 200) 4 headers in 158 bytes (1 switches on core 0) [pid: 7|app: 0|req: 784/1489] 10.0.0.163 () {32 vars in 774 bytes} [Thu Apr 16 18:40:05 2026] GET /v2.0/security-groups?tenant_id=c57b9fa7a83a454080fdce01c945d32a&name=default => generated 2925 bytes in 319 msecs (HTTP/1.1 200) 4 headers in 158 bytes (1 switches on core 0) [pid: 8|app: 0|req: 706/1490] 10.0.0.163 () {32 vars in 724 bytes} [Thu Apr 16 18:40:05 2026] DELETE /v2.0/subnets/f29c0d37-ab00-4db6-b856-75646d6f8865 => generated 0 bytes in 143 msecs (HTTP/1.1 204) 3 headers in 131 bytes (1 switches on core 0) [pid: 7|app: 0|req: 785/1491] 10.0.0.163 () {32 vars in 740 bytes} [Thu Apr 16 18:40:05 2026] DELETE /v2.0/security-groups/5a159bec-891a-4766-a34a-06b5bd997b1f => generated 0 bytes in 249 msecs (HTTP/1.1 204) 2 headers in 112 bytes (1 switches on core 0) [pid: 8|app: 0|req: 707/1492] 10.0.0.163 () {32 vars in 740 bytes} [Thu Apr 16 18:40:06 2026] DELETE /v2.0/security-groups/1cc978b2-d404-41a5-9537-c13bf2963567 => generated 0 bytes in 350 msecs (HTTP/1.1 204) 2 headers in 112 bytes (1 switches on core 0) [pid: 7|app: 0|req: 786/1493] 10.0.0.163 () {32 vars in 724 bytes} [Thu Apr 16 18:40:06 2026] DELETE /v2.0/subnets/ba872b08-674f-4740-a21c-95362def740b => generated 0 bytes in 230 msecs (HTTP/1.1 204) 3 headers in 131 bytes (1 switches on core 0)
2026-04-16 18:40:06.578 8 INFO neutron_taas.services.taas.taas_plugin [None req-772b4922-89a6-4818-ab68-2d88d1d1dd6e c1de8ce17d46418e9cbd03e866e6a2e5 bb63ba028b234e68a6f4dd0b30aed900 - - default default] TaaS: Handle Delete Port: f99f012a-d2e9-4f3d-9f19-e64d3a39905b
2026-04-16 18:40:06.580 8 INFO neutron_taas.services.taas.tap_mirror_plugin [None req-772b4922-89a6-4818-ab68-2d88d1d1dd6e c1de8ce17d46418e9cbd03e866e6a2e5 bb63ba028b234e68a6f4dd0b30aed900 - - default default] Tap Mirror: Handle Delete Port: f99f012a-d2e9-4f3d-9f19-e64d3a39905b
2026-04-16 18:40:06.824 8 INFO neutron.services.segments.plugin [-] Segment 7a8e0ce3-e946-41b8-ba4e-05abfa342d2d resource provider aggregate not found
2026-04-16 18:40:06.832 8 INFO neutron.services.segments.plugin [-] Segment 7a8e0ce3-e946-41b8-ba4e-05abfa342d2d resource provider aggregate not found
2026-04-16 18:40:06.851 8 INFO neutron.services.segments.plugin [-] Segment 7a8e0ce3-e946-41b8-ba4e-05abfa342d2d resource provider not found; error: Placement Client Error (4xx): {"errors": [{"status": 404, "title": "Not Found", "detail": "The resource could not be found.\n\n No resource provider with uuid 7a8e0ce3-e946-41b8-ba4e-05abfa342d2d found for delete ", "request_id": "req-c93f1fb4-3777-4a2e-bbc0-e3746ff3c70a"}]}
2026-04-16 18:40:06.882 8 INFO neutron.services.segments.plugin [-] Segment 7a8e0ce3-e946-41b8-ba4e-05abfa342d2d resource provider not found; error: Placement Client Error (4xx): {"errors": [{"status": 404, "title": "Not Found", "detail": "The resource could not be found.\n\n No resource provider with uuid 7a8e0ce3-e946-41b8-ba4e-05abfa342d2d found for delete ", "request_id": "req-403ed125-fbc2-4ca5-91ee-e6c92538ba38"}]} [pid: 8|app: 0|req: 708/1494] 10.0.0.163 () {32 vars in 726 bytes} [Thu Apr 16 18:40:06 2026] DELETE /v2.0/networks/a6e3380a-264e-4a20-9ca7-cac774f75a1f => generated 0 bytes in 467 msecs (HTTP/1.1 204) 3 headers in 131 bytes (1 switches on core 0)
2026-04-16 18:40:07.032 7 INFO neutron_taas.services.taas.taas_plugin [None req-f7fa29f4-37d5-4549-89f0-cad86f5f78b5 c1de8ce17d46418e9cbd03e866e6a2e5 bb63ba028b234e68a6f4dd0b30aed900 - - default default] TaaS: Handle Delete Port: 7eeb90d5-d8a3-471e-9e48-3d1f087f610d
2026-04-16 18:40:07.034 7 INFO neutron_taas.services.taas.tap_mirror_plugin [None req-f7fa29f4-37d5-4549-89f0-cad86f5f78b5 c1de8ce17d46418e9cbd03e866e6a2e5 bb63ba028b234e68a6f4dd0b30aed900 - - default default] Tap Mirror: Handle Delete Port: 7eeb90d5-d8a3-471e-9e48-3d1f087f610d [pid: 7|app: 0|req: 787/1495] 10.0.0.163 () {32 vars in 726 bytes} [Thu Apr 16 18:40:06 2026] DELETE /v2.0/networks/ecc59347-8e65-4aef-a5af-de01750d8fa5 => generated 0 bytes in 344 msecs (HTTP/1.1 204) 3 headers in 131 bytes (1 switches on core 0)
2026-04-16 18:40:07.400 8 WARNING neutron.plugins.ml2.drivers.ovn.mech_driver.ovsdb.ovn_client [None req-049f5335-e080-47bd-9d9a-1cbd50283f38 - - - - - -] No port found with ID fc7c6db0-12af-4529-8bf8-e4322de8163c: RuntimeError: No port found with ID fc7c6db0-12af-4529-8bf8-e4322de8163c
2026-04-16 18:40:07.406 8 INFO neutron.db.segments_db [None req-1b950f9b-ec89-4102-b030-a8844b0f080d c1de8ce17d46418e9cbd03e866e6a2e5 bb63ba028b234e68a6f4dd0b30aed900 - - default default] Added segment 5cd8b1aa-b63d-470a-96da-3cde51e85be5 of type geneve for network 55dfa4b9-415c-4a7d-9370-d1eebbc1c868
2026-04-16 18:40:07.575 8 INFO neutron.db.ovn_revision_numbers_db [None req-1b950f9b-ec89-4102-b030-a8844b0f080d c1de8ce17d46418e9cbd03e866e6a2e5 bb63ba028b234e68a6f4dd0b30aed900 - - default default] Successfully bumped revision number for resource 55dfa4b9-415c-4a7d-9370-d1eebbc1c868 (type: networks) to 1
2026-04-16 18:40:07.590 7 INFO neutron.services.segments.plugin [-] Segment 6a25deba-e4b0-484c-b50e-ac3ca27f6a6f resource provider aggregate not found
2026-04-16 18:40:07.597 7 INFO neutron.services.segments.plugin [-] Segment 6a25deba-e4b0-484c-b50e-ac3ca27f6a6f resource provider aggregate not found
2026-04-16 18:40:07.610 7 INFO neutron.services.segments.plugin [-] Segment 6a25deba-e4b0-484c-b50e-ac3ca27f6a6f resource provider not found; error: Placement Client Error (4xx): {"errors": [{"status": 404, "title": "Not Found", "detail": "The resource could not be found.\n\n No resource provider with uuid 6a25deba-e4b0-484c-b50e-ac3ca27f6a6f found for delete ", "request_id": "req-ce3b661f-671f-4bbd-9057-e6fd7295376a"}]}
2026-04-16 18:40:07.614 7 INFO neutron.services.segments.plugin [-] Segment 6a25deba-e4b0-484c-b50e-ac3ca27f6a6f resource provider not found; error: Placement Client Error (4xx): {"errors": [{"status": 404, "title": "Not Found", "detail": "The resource could not be found.\n\n No resource provider with uuid 6a25deba-e4b0-484c-b50e-ac3ca27f6a6f found for delete ", "request_id": "req-2671463c-0137-426e-8c1f-a8de84efc72e"}]}
2026-04-16 18:40:07.773 8 WARNING neutron.scheduler.dhcp_agent_scheduler [None req-1b950f9b-ec89-4102-b030-a8844b0f080d c1de8ce17d46418e9cbd03e866e6a2e5 bb63ba028b234e68a6f4dd0b30aed900 - - default default] No more DHCP agents
2026-04-16 18:40:07.775 8 WARNING neutron.api.rpc.agentnotifiers.dhcp_rpc_agent_api [None req-1b950f9b-ec89-4102-b030-a8844b0f080d c1de8ce17d46418e9cbd03e866e6a2e5 bb63ba028b234e68a6f4dd0b30aed900 - - default default] Unable to schedule network 55dfa4b9-415c-4a7d-9370-d1eebbc1c868: no agents available; will retry on subsequent port and subnet creation events.
2026-04-16 18:40:07.871 8 INFO neutron.db.ovn_revision_numbers_db [None req-1b950f9b-ec89-4102-b030-a8844b0f080d c1de8ce17d46418e9cbd03e866e6a2e5 bb63ba028b234e68a6f4dd0b30aed900 - - default default] Successfully bumped revision number for resource f9936358-434f-4b19-825c-024928bbb0c3 (type: ports) to 1 [pid: 8|app: 0|req: 709/1496] 10.0.0.163 () {34 vars in 670 bytes} [Thu Apr 16 18:40:07 2026] POST /v2.0/networks => generated 652 bytes in 626 msecs (HTTP/1.1 201) 4 headers in 162 bytes (1 switches on core 0)
2026-04-16 18:40:08.123 7 WARNING neutron.scheduler.dhcp_agent_scheduler [None req-2dcc05f0-c699-499b-90a2-db7f51f3f98f c1de8ce17d46418e9cbd03e866e6a2e5 bb63ba028b234e68a6f4dd0b30aed900 - - default default] No more DHCP agents
2026-04-16 18:40:08.127 7 WARNING neutron.api.rpc.agentnotifiers.dhcp_rpc_agent_api [None req-2dcc05f0-c699-499b-90a2-db7f51f3f98f c1de8ce17d46418e9cbd03e866e6a2e5 bb63ba028b234e68a6f4dd0b30aed900 - - default default] Unable to schedule network 55dfa4b9-415c-4a7d-9370-d1eebbc1c868: no agents available; will retry on subsequent port and subnet creation events.
2026-04-16 18:40:08.168 7 INFO neutron.db.ovn_revision_numbers_db [None req-2dcc05f0-c699-499b-90a2-db7f51f3f98f c1de8ce17d46418e9cbd03e866e6a2e5 bb63ba028b234e68a6f4dd0b30aed900 - - default default] Successfully bumped revision number for resource 995f0a6e-c331-4dce-8c08-0a28b580d9a6 (type: subnets) to 0 [pid: 7|app: 0|req: 788/1497] 10.0.0.163 () {34 vars in 669 bytes} [Thu Apr 16 18:40:07 2026] POST /v2.0/subnets => generated 646 bytes in 287 msecs (HTTP/1.1 201) 4 headers in 162 bytes (1 switches on core 0)
2026-04-16 18:40:08.356 8 INFO neutron.db.ovn_revision_numbers_db [None req-eebd63ae-e4ff-4d7b-af3b-22798da17e9b c1de8ce17d46418e9cbd03e866e6a2e5 bb63ba028b234e68a6f4dd0b30aed900 - - default default] Successfully bumped revision number for resource f334e729-3d96-41fa-81b5-32a2c4bcc15a (type: routers) to 1 [pid: 8|app: 0|req: 710/1498] 10.0.0.163 () {34 vars in 669 bytes} [Thu Apr 16 18:40:08 2026] POST /v2.0/routers => generated 607 bytes in 186 msecs (HTTP/1.1 201) 4 headers in 162 bytes (1 switches on core 0)
2026-04-16 18:40:08.667 7 INFO neutron.db.ovn_revision_numbers_db [None req-db776990-2279-46f9-9cc5-e45066d37e95 6da2eff5f4fe4e93b5700c478d27cf98 937a9226b4b7413f8b3427005f0aed77 - - default default] Successfully bumped revision number for resource 00737db6-5650-41e6-9104-b1b39084b180 (type: security_groups) to 1
2026-04-16 18:40:08.680 7 INFO neutron.db.ovn_revision_numbers_db [None req-db776990-2279-46f9-9cc5-e45066d37e95 6da2eff5f4fe4e93b5700c478d27cf98 937a9226b4b7413f8b3427005f0aed77 - - default default] Successfully bumped revision number for resource 2e1f450e-28bd-4b90-98fc-196246fce722 (type: security_group_rules) to 0
2026-04-16 18:40:08.693 7 INFO neutron.db.ovn_revision_numbers_db [None req-db776990-2279-46f9-9cc5-e45066d37e95 6da2eff5f4fe4e93b5700c478d27cf98 937a9226b4b7413f8b3427005f0aed77 - - default default] Successfully bumped revision number for resource 405ae270-a317-4d24-917a-aafc8b8141fd (type: security_group_rules) to 0
2026-04-16 18:40:08.710 7 INFO neutron.db.ovn_revision_numbers_db [None req-db776990-2279-46f9-9cc5-e45066d37e95 6da2eff5f4fe4e93b5700c478d27cf98 937a9226b4b7413f8b3427005f0aed77 - - default default] Successfully bumped revision number for resource a19849a0-c21f-40e4-898b-534cce74ac9a (type: security_group_rules) to 0
2026-04-16 18:40:08.723 7 INFO neutron.db.ovn_revision_numbers_db [None req-db776990-2279-46f9-9cc5-e45066d37e95 6da2eff5f4fe4e93b5700c478d27cf98 937a9226b4b7413f8b3427005f0aed77 - - default default] Successfully bumped revision number for resource d98cd051-af68-4268-9a72-44f40dd10b72 (type: security_group_rules) to 0
2026-04-16 18:40:08.735 8 WARNING neutron.scheduler.dhcp_agent_scheduler [None req-8588808f-caf6-473f-ae89-ebb22666178e c1de8ce17d46418e9cbd03e866e6a2e5 bb63ba028b234e68a6f4dd0b30aed900 - - default default] No more DHCP agents
2026-04-16 18:40:08.736 8 WARNING neutron.api.rpc.agentnotifiers.dhcp_rpc_agent_api [None req-8588808f-caf6-473f-ae89-ebb22666178e c1de8ce17d46418e9cbd03e866e6a2e5 bb63ba028b234e68a6f4dd0b30aed900 - - default default] Unable to schedule network 55dfa4b9-415c-4a7d-9370-d1eebbc1c868: no agents available; will retry on subsequent port and subnet creation events.
2026-04-16 18:40:08.795 7 INFO neutron.db.segments_db [None req-db776990-2279-46f9-9cc5-e45066d37e95 6da2eff5f4fe4e93b5700c478d27cf98 937a9226b4b7413f8b3427005f0aed77 - - default default] Added segment 1001e9f3-3fbd-4a6b-83fb-ff7f0322008f of type geneve for network 581889dd-caf8-42bc-a689-ce338645ca43
2026-04-16 18:40:08.867 8 INFO neutron.db.ovn_revision_numbers_db [None req-8588808f-caf6-473f-ae89-ebb22666178e c1de8ce17d46418e9cbd03e866e6a2e5 bb63ba028b234e68a6f4dd0b30aed900 - - default default] Successfully bumped revision number for resource fd87e78e-c103-491f-9d0d-9f0cf3520fdc (type: ports) to 1 [pid: 8|app: 0|req: 711/1499] 10.0.0.163 () {34 vars in 665 bytes} [Thu Apr 16 18:40:08 2026] POST /v2.0/ports => generated 964 bytes in 574 msecs (HTTP/1.1 201) 4 headers in 162 bytes (1 switches on core 0) /var/lib/openstack/lib/python3.12/site-packages/pycadf/identifier.py:70: UserWarning: Invalid uuid: neutron. To ensure interoperability, identifiers should be a valid uuid. warnings.warn(('Invalid uuid: %s. To ensure interoperability, '
2026-04-16 18:40:08.990 7 INFO neutron.db.ovn_revision_numbers_db [None req-db776990-2279-46f9-9cc5-e45066d37e95 6da2eff5f4fe4e93b5700c478d27cf98 937a9226b4b7413f8b3427005f0aed77 - - default default] Successfully bumped revision number for resource 581889dd-caf8-42bc-a689-ce338645ca43 (type: networks) to 1
2026-04-16 18:40:09.158 7 WARNING neutron.scheduler.dhcp_agent_scheduler [None req-db776990-2279-46f9-9cc5-e45066d37e95 6da2eff5f4fe4e93b5700c478d27cf98 937a9226b4b7413f8b3427005f0aed77 - - default default] No more DHCP agents
2026-04-16 18:40:09.160 7 WARNING neutron.api.rpc.agentnotifiers.dhcp_rpc_agent_api [None req-db776990-2279-46f9-9cc5-e45066d37e95 6da2eff5f4fe4e93b5700c478d27cf98 937a9226b4b7413f8b3427005f0aed77 - - default default] Unable to schedule network 581889dd-caf8-42bc-a689-ce338645ca43: no agents available; will retry on subsequent port and subnet creation events.
2026-04-16 18:40:09.299 7 INFO neutron.db.ovn_revision_numbers_db [None req-db776990-2279-46f9-9cc5-e45066d37e95 6da2eff5f4fe4e93b5700c478d27cf98 937a9226b4b7413f8b3427005f0aed77 - - default default] Successfully bumped revision number for resource 1d475c6a-5c74-478b-97b6-839c22f81058 (type: ports) to 1 [pid: 7|app: 0|req: 789/1500] 10.0.0.163 () {34 vars in 671 bytes} [Thu Apr 16 18:40:08 2026] POST /v2.0/networks => generated 764 bytes in 1079 msecs (HTTP/1.1 201) 4 headers in 162 bytes (1 switches on core 0)
2026-04-16 18:40:09.492 7 WARNING neutron.scheduler.dhcp_agent_scheduler [None req-3ed21cf0-27c2-4824-a76f-303d6697b66c 6da2eff5f4fe4e93b5700c478d27cf98 937a9226b4b7413f8b3427005f0aed77 - - default default] No more DHCP agents
2026-04-16 18:40:09.494 7 WARNING neutron.api.rpc.agentnotifiers.dhcp_rpc_agent_api [None req-3ed21cf0-27c2-4824-a76f-303d6697b66c 6da2eff5f4fe4e93b5700c478d27cf98 937a9226b4b7413f8b3427005f0aed77 - - default default] Unable to schedule network 581889dd-caf8-42bc-a689-ce338645ca43: no agents available; will retry on subsequent port and subnet creation events.
2026-04-16 18:40:09.580 8 INFO neutron.db.ovn_revision_numbers_db [None req-c80b83c2-7281-43f8-a935-ffcaff93354b c1de8ce17d46418e9cbd03e866e6a2e5 bb63ba028b234e68a6f4dd0b30aed900 - - default default] Successfully bumped revision number for resource fd87e78e-c103-491f-9d0d-9f0cf3520fdc (type: ports) to 2
2026-04-16 18:40:09.890 7 WARNING neutron.plugins.ml2.drivers.ovn.mech_driver.ovsdb.ovn_client [None req-f3260144-37de-4d0f-b634-6eeeefc9dff4 - - - - - -] No port found with ID bdeabf8d-cb1a-4ae1-9ba2-988307eebebd: RuntimeError: No port found with ID bdeabf8d-cb1a-4ae1-9ba2-988307eebebd
2026-04-16 18:40:09.925 7 INFO neutron.plugins.ml2.drivers.ovn.mech_driver.mech_driver [None req-f3260144-37de-4d0f-b634-6eeeefc9dff4 - - - - - -] OVN reports status down for port: f9936358-434f-4b19-825c-024928bbb0c3
2026-04-16 18:40:10.037 7 INFO neutron.plugins.ml2.drivers.ovn.mech_driver.mech_driver [None req-f3260144-37de-4d0f-b634-6eeeefc9dff4 - - - - - -] OVN reports status down for port: fd87e78e-c103-491f-9d0d-9f0cf3520fdc
2026-04-16 18:40:10.116 7 INFO neutron.db.ovn_revision_numbers_db [None req-00749f06-d383-452d-a284-5013cb069254 - - - - - -] Successfully bumped revision number for resource 1d475c6a-5c74-478b-97b6-839c22f81058 (type: ports) to 2
2026-04-16 18:40:10.150 7 WARNING neutron.plugins.ml2.drivers.ovn.mech_driver.ovsdb.ovn_client [None req-f3260144-37de-4d0f-b634-6eeeefc9dff4 - - - - - -] Logical_Switch_Port %s host information not removed, the port state is up
2026-04-16 18:40:10.150 7 INFO neutron.plugins.ml2.drivers.ovn.mech_driver.mech_driver [None req-f3260144-37de-4d0f-b634-6eeeefc9dff4 - - - - - -] OVN reports status down for port: 1d475c6a-5c74-478b-97b6-839c22f81058
2026-04-16 18:40:10.170 7 INFO neutron.db.ovn_revision_numbers_db [None req-00749f06-d383-452d-a284-5013cb069254 - - - - - -] Successfully bumped revision number for resource ba4e2d9e-b9f2-4546-8dbd-13ed623b4efa (type: subnets) to 0 [pid: 7|app: 0|req: 790/1501] 10.0.0.163 () {34 vars in 669 bytes} [Thu Apr 16 18:40:09 2026] POST /v2.0/subnets => generated 690 bytes in 867 msecs (HTTP/1.1 201) 4 headers in 162 bytes (1 switches on core 0)
2026-04-16 18:40:10.207 8 WARNING neutron.scheduler.dhcp_agent_scheduler [None req-c80b83c2-7281-43f8-a935-ffcaff93354b c1de8ce17d46418e9cbd03e866e6a2e5 bb63ba028b234e68a6f4dd0b30aed900 - - default default] No more DHCP agents
2026-04-16 18:40:10.208 8 WARNING neutron.api.rpc.agentnotifiers.dhcp_rpc_agent_api [None req-c80b83c2-7281-43f8-a935-ffcaff93354b c1de8ce17d46418e9cbd03e866e6a2e5 bb63ba028b234e68a6f4dd0b30aed900 - - default default] Unable to schedule network 55dfa4b9-415c-4a7d-9370-d1eebbc1c868: no agents available; will retry on subsequent port and subnet creation events.
2026-04-16 18:40:10.241 7 INFO neutron.plugins.ml2.drivers.ovn.mech_driver.mech_driver [None req-f3260144-37de-4d0f-b634-6eeeefc9dff4 - - - - - -] OVN reports status up for port: fd87e78e-c103-491f-9d0d-9f0cf3520fdc
2026-04-16 18:40:10.262 7 INFO neutron.plugins.ml2.plugin [None req-f3260144-37de-4d0f-b634-6eeeefc9dff4 - - - - - -] Attempt 1 to provision port fd87e78e-c103-491f-9d0d-9f0cf3520fdc
2026-04-16 18:40:10.375 8 INFO neutron.db.ovn_revision_numbers_db [None req-c80b83c2-7281-43f8-a935-ffcaff93354b c1de8ce17d46418e9cbd03e866e6a2e5 bb63ba028b234e68a6f4dd0b30aed900 - - default default] Successfully bumped revision number for resource fd87e78e-c103-491f-9d0d-9f0cf3520fdc (type: router_ports) to 2 [pid: 8|app: 0|req: 712/1502] 10.0.0.163 () {34 vars in 783 bytes} [Thu Apr 16 18:40:08 2026] PUT /v2.0/routers/f334e729-3d96-41fa-81b5-32a2c4bcc15a/add_router_interface => generated 309 bytes in 1418 msecs (HTTP/1.1 200) 4 headers in 157 bytes (1 switches on core 0) /var/lib/openstack/lib/python3.12/site-packages/pycadf/identifier.py:70: UserWarning: Invalid uuid: neutron. To ensure interoperability, identifiers should be a valid uuid. warnings.warn(('Invalid uuid: %s. To ensure interoperability, '
2026-04-16 18:40:10.613 8 INFO neutron.db.ovn_revision_numbers_db [None req-5cfd58b0-a997-499a-91d8-f691e1edf1f1 6da2eff5f4fe4e93b5700c478d27cf98 937a9226b4b7413f8b3427005f0aed77 - - default default] Successfully bumped revision number for resource ef4f43e1-e1c6-4392-8ede-f17757d0f5d0 (type: security_groups) to 1
2026-04-16 18:40:10.628 8 INFO neutron.db.ovn_revision_numbers_db [None req-5cfd58b0-a997-499a-91d8-f691e1edf1f1 6da2eff5f4fe4e93b5700c478d27cf98 937a9226b4b7413f8b3427005f0aed77 - - default default] Successfully bumped revision number for resource 0f82316e-6356-4755-946e-68f6e2a13526 (type: security_group_rules) to 0
2026-04-16 18:40:10.639 8 INFO neutron.db.ovn_revision_numbers_db [None req-5cfd58b0-a997-499a-91d8-f691e1edf1f1 6da2eff5f4fe4e93b5700c478d27cf98 937a9226b4b7413f8b3427005f0aed77 - - default default] Successfully bumped revision number for resource 723a0379-5e33-4a60-b5b6-0ff326ad77b3 (type: security_group_rules) to 0
2026-04-16 18:40:10.651 8 INFO neutron.db.ovn_revision_numbers_db [None req-5cfd58b0-a997-499a-91d8-f691e1edf1f1 6da2eff5f4fe4e93b5700c478d27cf98 937a9226b4b7413f8b3427005f0aed77 - - default default] Successfully bumped revision number for resource c33a84d8-978a-41f4-8738-2c9333aa6cb4 (type: security_group_rules) to 0
