2026-04-16 18:39:22.433 7 INFO neutron.db.ovn_revision_numbers_db [None req-fc6c9c6e-0d4b-4dd8-b4bc-dbf25f61ef73 6da2eff5f4fe4e93b5700c478d27cf98 937a9226b4b7413f8b3427005f0aed77 - - default default] Successfully bumped revision number for resource a036f76e-43fa-453c-ba4c-059e3b824ea7 (type: security_group_rules) to 0
2026-04-16 18:39:22.446 7 INFO neutron.db.ovn_revision_numbers_db [None req-fc6c9c6e-0d4b-4dd8-b4bc-dbf25f61ef73 6da2eff5f4fe4e93b5700c478d27cf98 937a9226b4b7413f8b3427005f0aed77 - - default default] Successfully bumped revision number for resource ad03df1b-0557-45f6-90b3-ec2a7aa2a5ab (type: security_group_rules) to 0
2026-04-16 18:39:22.460 7 INFO neutron.db.ovn_revision_numbers_db [None req-fc6c9c6e-0d4b-4dd8-b4bc-dbf25f61ef73 6da2eff5f4fe4e93b5700c478d27cf98 937a9226b4b7413f8b3427005f0aed77 - - default default] Successfully bumped revision number for resource b2089bfb-2a2f-4644-9afa-c51ec31bfddf (type: security_group_rules) to 0 [pid: 7|app: 0|req: 529/1080] 10.0.0.163 () {32 vars in 774 bytes} [Thu Apr 16 18:39:22 2026] GET /v2.0/security-groups?tenant_id=e588a3d3d4284b77b525070863364e90&name=default => generated 2925 bytes in 357 msecs (HTTP/1.1 200) 4 headers in 158 bytes (1 switches on core 0)
2026-04-16 18:39:22.570 8 INFO neutron.db.ovn_revision_numbers_db [None req-5a48d6dc-edcf-447e-ab71-0b2c9be54329 6da2eff5f4fe4e93b5700c478d27cf98 937a9226b4b7413f8b3427005f0aed77 - - default default] Successfully bumped revision number for resource 28054fa0-f9f3-49eb-ba5a-ba3c45746e99 (type: security_groups) to 1
2026-04-16 18:39:22.594 8 INFO neutron.db.ovn_revision_numbers_db [None req-5a48d6dc-edcf-447e-ab71-0b2c9be54329 6da2eff5f4fe4e93b5700c478d27cf98 937a9226b4b7413f8b3427005f0aed77 - - default default] Successfully bumped revision number for resource 03801233-a610-4ea9-83f5-9f5db074ec5e (type: security_group_rules) to 0
2026-04-16 18:39:22.609 8 INFO neutron.db.ovn_revision_numbers_db [None req-5a48d6dc-edcf-447e-ab71-0b2c9be54329 6da2eff5f4fe4e93b5700c478d27cf98 937a9226b4b7413f8b3427005f0aed77 - - default default] Successfully bumped revision number for resource 1a216b0a-352c-4fdd-b551-25bbc3598ad4 (type: security_group_rules) to 0
2026-04-16 18:39:22.620 8 INFO neutron.db.ovn_revision_numbers_db [None req-5a48d6dc-edcf-447e-ab71-0b2c9be54329 6da2eff5f4fe4e93b5700c478d27cf98 937a9226b4b7413f8b3427005f0aed77 - - default default] Successfully bumped revision number for resource 6ad3943a-cb6c-4c71-9e31-c99757bd231d (type: security_group_rules) to 0
2026-04-16 18:39:22.631 8 INFO neutron.db.ovn_revision_numbers_db [None req-5a48d6dc-edcf-447e-ab71-0b2c9be54329 6da2eff5f4fe4e93b5700c478d27cf98 937a9226b4b7413f8b3427005f0aed77 - - default default] Successfully bumped revision number for resource 7dfbce5c-d508-4505-88e1-b25d41c6a9d0 (type: security_group_rules) to 0 [pid: 8|app: 0|req: 552/1081] 10.0.0.163 () {32 vars in 774 bytes} [Thu Apr 16 18:39:22 2026] GET /v2.0/security-groups?tenant_id=404c19f277154d3098914f6c6149caa7&name=default => generated 2925 bytes in 304 msecs (HTTP/1.1 200) 4 headers in 158 bytes (1 switches on core 0) [pid: 8|app: 0|req: 553/1082] 10.0.0.163 () {32 vars in 740 bytes} [Thu Apr 16 18:39:22 2026] DELETE /v2.0/security-groups/a2b4b01a-1eca-4dce-a11a-7203b3e7ab61 => generated 0 bytes in 209 msecs (HTTP/1.1 204) 2 headers in 112 bytes (1 switches on core 0)
2026-04-16 18:39:22.973 7 WARNING neutron.scheduler.dhcp_agent_scheduler [None req-b7c4c526-19bc-4ee2-906c-811ad41d32c1 9adabf1420eb4afa9f5a05d3ce0488db 9eeedefa0a1f481ca89d22c76413e578 - - default default] No more DHCP agents
2026-04-16 18:39:22.975 7 WARNING neutron.api.rpc.agentnotifiers.dhcp_rpc_agent_api [None req-b7c4c526-19bc-4ee2-906c-811ad41d32c1 9adabf1420eb4afa9f5a05d3ce0488db 9eeedefa0a1f481ca89d22c76413e578 - - default default] Unable to schedule network 68c07e7a-abc1-4fb8-83af-7071eb76dd80: no agents available; will retry on subsequent port and subnet creation events.
2026-04-16 18:39:23.091 8 INFO neutron.plugins.ml2.drivers.ovn.mech_driver.mech_driver [None req-f8b5d007-8a4f-4e1e-a78e-53ba1448f4b6 - - - - - -] OVN reports status down for port: 3639e290-7bed-4621-a627-f3b0128fa055
2026-04-16 18:39:23.150 7 INFO neutron.db.ovn_revision_numbers_db [None req-b7c4c526-19bc-4ee2-906c-811ad41d32c1 9adabf1420eb4afa9f5a05d3ce0488db 9eeedefa0a1f481ca89d22c76413e578 - - default default] Successfully bumped revision number for resource 3639e290-7bed-4621-a627-f3b0128fa055 (type: ports) to 1 [pid: 8|app: 0|req: 554/1083] 10.0.0.163 () {32 vars in 740 bytes} [Thu Apr 16 18:39:22 2026] DELETE /v2.0/security-groups/28054fa0-f9f3-49eb-ba5a-ba3c45746e99 => generated 0 bytes in 300 msecs (HTTP/1.1 204) 2 headers in 112 bytes (1 switches on core 0)
2026-04-16 18:39:23.320 8 INFO neutron.db.ovn_revision_numbers_db [None req-7fb9f52e-ca74-4cfb-a7ee-ed8109bc6d67 6da2eff5f4fe4e93b5700c478d27cf98 937a9226b4b7413f8b3427005f0aed77 - - default default] Successfully bumped revision number for resource b3313733-ab4a-44f1-9503-b819f71bc679 (type: security_groups) to 1
2026-04-16 18:39:23.332 8 INFO neutron.db.ovn_revision_numbers_db [None req-7fb9f52e-ca74-4cfb-a7ee-ed8109bc6d67 6da2eff5f4fe4e93b5700c478d27cf98 937a9226b4b7413f8b3427005f0aed77 - - default default] Successfully bumped revision number for resource 9d65af2f-900e-4aa9-a986-16c08e135a77 (type: security_group_rules) to 0
2026-04-16 18:39:23.344 8 INFO neutron.db.ovn_revision_numbers_db [None req-7fb9f52e-ca74-4cfb-a7ee-ed8109bc6d67 6da2eff5f4fe4e93b5700c478d27cf98 937a9226b4b7413f8b3427005f0aed77 - - default default] Successfully bumped revision number for resource b6cd4854-d61f-4693-8ac9-ad5413e5766d (type: security_group_rules) to 0
2026-04-16 18:39:23.353 8 INFO neutron.db.ovn_revision_numbers_db [None req-7fb9f52e-ca74-4cfb-a7ee-ed8109bc6d67 6da2eff5f4fe4e93b5700c478d27cf98 937a9226b4b7413f8b3427005f0aed77 - - default default] Successfully bumped revision number for resource bcde217d-dd07-43ea-ab06-5e81178f162e (type: security_group_rules) to 0
2026-04-16 18:39:23.365 8 INFO neutron.db.ovn_revision_numbers_db [None req-7fb9f52e-ca74-4cfb-a7ee-ed8109bc6d67 6da2eff5f4fe4e93b5700c478d27cf98 937a9226b4b7413f8b3427005f0aed77 - - default default] Successfully bumped revision number for resource c45eb83e-dfee-4fff-98a9-f96b86c73bcb (type: security_group_rules) to 0 [pid: 8|app: 0|req: 555/1084] 10.0.0.163 () {32 vars in 774 bytes} [Thu Apr 16 18:39:23 2026] GET /v2.0/security-groups?tenant_id=cb7a2a07582f42dc986292e848a88737&name=default => generated 2925 bytes in 233 msecs (HTTP/1.1 200) 4 headers in 158 bytes (1 switches on core 0)
2026-04-16 18:39:23.774 8 INFO neutron.db.ovn_revision_numbers_db [None req-21011c96-e81d-4e8d-8670-26e3757a2671 6da2eff5f4fe4e93b5700c478d27cf98 937a9226b4b7413f8b3427005f0aed77 - - default default] Successfully bumped revision number for resource 5a159bec-891a-4766-a34a-06b5bd997b1f (type: security_groups) to 1
2026-04-16 18:39:23.785 8 INFO neutron.db.ovn_revision_numbers_db [None req-21011c96-e81d-4e8d-8670-26e3757a2671 6da2eff5f4fe4e93b5700c478d27cf98 937a9226b4b7413f8b3427005f0aed77 - - default default] Successfully bumped revision number for resource 2bcadcda-e891-4f92-b310-6a9c59cf7ca8 (type: security_group_rules) to 0
2026-04-16 18:39:23.798 8 INFO neutron.db.ovn_revision_numbers_db [None req-21011c96-e81d-4e8d-8670-26e3757a2671 6da2eff5f4fe4e93b5700c478d27cf98 937a9226b4b7413f8b3427005f0aed77 - - default default] Successfully bumped revision number for resource 8315c55f-8802-41c6-a9b7-64ff6f8df1c0 (type: security_group_rules) to 0
2026-04-16 18:39:23.808 7 INFO neutron.plugins.ml2.drivers.ovn.mech_driver.ovsdb.commands [None req-3f611ae8-6a75-456a-b8c0-6544379c5fe6 - - - - - -] Schedule LRP lrp-3639e290-7bed-4621-a627-f3b0128fa055 on gateway dce26197-3cc9-4351-8387-5e0134b49f1e with priority 1
2026-04-16 18:39:23.810 8 INFO neutron.db.ovn_revision_numbers_db [None req-21011c96-e81d-4e8d-8670-26e3757a2671 6da2eff5f4fe4e93b5700c478d27cf98 937a9226b4b7413f8b3427005f0aed77 - - default default] Successfully bumped revision number for resource 8cba5e2b-c24d-4742-a729-771fb6fb2218 (type: security_group_rules) to 0
2026-04-16 18:39:23.845 8 INFO neutron.db.ovn_revision_numbers_db [None req-21011c96-e81d-4e8d-8670-26e3757a2671 6da2eff5f4fe4e93b5700c478d27cf98 937a9226b4b7413f8b3427005f0aed77 - - default default] Successfully bumped revision number for resource dd5c0c49-fb48-494a-93f1-8349168dc5ae (type: security_group_rules) to 0
2026-04-16 18:39:23.867 7 INFO neutron.db.ovn_revision_numbers_db [None req-b7c4c526-19bc-4ee2-906c-811ad41d32c1 9adabf1420eb4afa9f5a05d3ce0488db 9eeedefa0a1f481ca89d22c76413e578 - - default default] Successfully bumped revision number for resource 3639e290-7bed-4621-a627-f3b0128fa055 (type: router_ports) to 1
2026-04-16 18:39:23.869 8 INFO neutron.plugins.ml2.drivers.ovn.mech_driver.mech_driver [None req-f8b5d007-8a4f-4e1e-a78e-53ba1448f4b6 - - - - - -] OVN reports status up for port: 3639e290-7bed-4621-a627-f3b0128fa055
2026-04-16 18:39:23.897 8 INFO neutron.plugins.ml2.plugin [None req-f8b5d007-8a4f-4e1e-a78e-53ba1448f4b6 - - - - - -] Attempt 1 to provision port 3639e290-7bed-4621-a627-f3b0128fa055
2026-04-16 18:39:23.938 7 INFO neutron.db.ovn_revision_numbers_db [None req-b7c4c526-19bc-4ee2-906c-811ad41d32c1 9adabf1420eb4afa9f5a05d3ce0488db 9eeedefa0a1f481ca89d22c76413e578 - - default default] Successfully bumped revision number for resource aba05218-e70d-48aa-ab16-c1554e80f2f3 (type: routers) to 2 [pid: 7|app: 0|req: 530/1085] 10.0.0.163 () {34 vars in 669 bytes} [Thu Apr 16 18:39:22 2026] POST /v2.0/routers => generated 955 bytes in 1463 msecs (HTTP/1.1 201) 4 headers in 162 bytes (1 switches on core 0)
2026-04-16 18:39:23.968 8 INFO neutron.db.segments_db [None req-21011c96-e81d-4e8d-8670-26e3757a2671 6da2eff5f4fe4e93b5700c478d27cf98 937a9226b4b7413f8b3427005f0aed77 - - default default] Added segment 9320490e-80ba-4bc7-8633-655998019ffb of type geneve for network 68674c07-6c6c-43a0-b427-176d6d9a497a
2026-04-16 18:39:24.079 7 INFO neutron.db.ovn_revision_numbers_db [None req-f85713fd-cd6a-4345-91f9-cf5ffaa4d460 6da2eff5f4fe4e93b5700c478d27cf98 937a9226b4b7413f8b3427005f0aed77 - - default default] Successfully bumped revision number for resource e65dbe93-8eaa-4ced-93f5-bbd2e351cdfc (type: security_groups) to 1
2026-04-16 18:39:24.090 7 INFO neutron.db.ovn_revision_numbers_db [None req-f85713fd-cd6a-4345-91f9-cf5ffaa4d460 6da2eff5f4fe4e93b5700c478d27cf98 937a9226b4b7413f8b3427005f0aed77 - - default default] Successfully bumped revision number for resource 4366cac6-a00f-4810-af09-6e5d1a5e76a4 (type: security_group_rules) to 0
2026-04-16 18:39:24.103 7 INFO neutron.db.ovn_revision_numbers_db [None req-f85713fd-cd6a-4345-91f9-cf5ffaa4d460 6da2eff5f4fe4e93b5700c478d27cf98 937a9226b4b7413f8b3427005f0aed77 - - default default] Successfully bumped revision number for resource 65cb27e8-df09-4f29-b5c0-4760adea74b3 (type: security_group_rules) to 0
2026-04-16 18:39:24.117 7 INFO neutron.db.ovn_revision_numbers_db [None req-f85713fd-cd6a-4345-91f9-cf5ffaa4d460 6da2eff5f4fe4e93b5700c478d27cf98 937a9226b4b7413f8b3427005f0aed77 - - default default] Successfully bumped revision number for resource cb68d3ba-8ce2-4af2-886f-232b2dbce16e (type: security_group_rules) to 0
2026-04-16 18:39:24.134 7 INFO neutron.db.ovn_revision_numbers_db [None req-f85713fd-cd6a-4345-91f9-cf5ffaa4d460 6da2eff5f4fe4e93b5700c478d27cf98 937a9226b4b7413f8b3427005f0aed77 - - default default] Successfully bumped revision number for resource ce85f813-8add-4b78-964e-92497ae4d90a (type: security_group_rules) to 0
2026-04-16 18:39:24.149 8 INFO neutron.db.ovn_revision_numbers_db [None req-21011c96-e81d-4e8d-8670-26e3757a2671 6da2eff5f4fe4e93b5700c478d27cf98 937a9226b4b7413f8b3427005f0aed77 - - default default] Successfully bumped revision number for resource 68674c07-6c6c-43a0-b427-176d6d9a497a (type: networks) to 1 [pid: 7|app: 0|req: 531/1086] 10.0.0.163 () {32 vars in 774 bytes} [Thu Apr 16 18:39:23 2026] GET /v2.0/security-groups?tenant_id=2d245ba67e734050bed0e3f2ae3f083b&name=default => generated 2925 bytes in 213 msecs (HTTP/1.1 200) 4 headers in 158 bytes (1 switches on core 0)
2026-04-16 18:39:24.327 8 WARNING neutron.scheduler.dhcp_agent_scheduler [None req-21011c96-e81d-4e8d-8670-26e3757a2671 6da2eff5f4fe4e93b5700c478d27cf98 937a9226b4b7413f8b3427005f0aed77 - - default default] No more DHCP agents
2026-04-16 18:39:24.329 8 WARNING neutron.api.rpc.agentnotifiers.dhcp_rpc_agent_api [None req-21011c96-e81d-4e8d-8670-26e3757a2671 6da2eff5f4fe4e93b5700c478d27cf98 937a9226b4b7413f8b3427005f0aed77 - - default default] Unable to schedule network 68674c07-6c6c-43a0-b427-176d6d9a497a: no agents available; will retry on subsequent port and subnet creation events. [pid: 7|app: 0|req: 532/1087] 10.0.0.163 () {32 vars in 740 bytes} [Thu Apr 16 18:39:24 2026] DELETE /v2.0/security-groups/b3313733-ab4a-44f1-9503-b819f71bc679 => generated 0 bytes in 230 msecs (HTTP/1.1 204) 2 headers in 112 bytes (1 switches on core 0)
2026-04-16 18:39:24.421 8 INFO neutron.db.ovn_revision_numbers_db [None req-21011c96-e81d-4e8d-8670-26e3757a2671 6da2eff5f4fe4e93b5700c478d27cf98 937a9226b4b7413f8b3427005f0aed77 - - default default] Successfully bumped revision number for resource e9c9068a-d222-4152-a7e9-21cfc4cca0fa (type: ports) to 1 [pid: 8|app: 0|req: 556/1088] 10.0.0.163 () {34 vars in 671 bytes} [Thu Apr 16 18:39:23 2026] POST /v2.0/networks => generated 760 bytes in 1038 msecs (HTTP/1.1 201) 4 headers in 162 bytes (1 switches on core 0) [pid: 8|app: 0|req: 557/1089] 10.0.0.163 () {32 vars in 740 bytes} [Thu Apr 16 18:39:24 2026] DELETE /v2.0/security-groups/e65dbe93-8eaa-4ced-93f5-bbd2e351cdfc => generated 0 bytes in 305 msecs (HTTP/1.1 204) 2 headers in 112 bytes (1 switches on core 0)
2026-04-16 18:39:24.934 8 WARNING neutron.scheduler.dhcp_agent_scheduler [None req-c4291116-7106-4f61-a2f9-7a7a421ef090 6da2eff5f4fe4e93b5700c478d27cf98 937a9226b4b7413f8b3427005f0aed77 - - default default] No more DHCP agents
2026-04-16 18:39:24.955 8 WARNING neutron.api.rpc.agentnotifiers.dhcp_rpc_agent_api [None req-c4291116-7106-4f61-a2f9-7a7a421ef090 6da2eff5f4fe4e93b5700c478d27cf98 937a9226b4b7413f8b3427005f0aed77 - - default default] Unable to schedule network 68674c07-6c6c-43a0-b427-176d6d9a497a: no agents available; will retry on subsequent port and subnet creation events.
2026-04-16 18:39:24.956 7 WARNING neutron.scheduler.dhcp_agent_scheduler [None req-fbc6647e-111c-4893-9ada-ea426bca009e 9adabf1420eb4afa9f5a05d3ce0488db 9eeedefa0a1f481ca89d22c76413e578 - - default default] No more DHCP agents
2026-04-16 18:39:24.959 7 WARNING neutron.api.rpc.agentnotifiers.dhcp_rpc_agent_api [None req-fbc6647e-111c-4893-9ada-ea426bca009e 9adabf1420eb4afa9f5a05d3ce0488db 9eeedefa0a1f481ca89d22c76413e578 - - default default] Unable to schedule network 628f87af-3e5a-4d44-8dc4-722289c022b3: no agents available; will retry on subsequent port and subnet creation events.
2026-04-16 18:39:25.102 7 INFO neutron.db.ovn_revision_numbers_db [None req-fbc6647e-111c-4893-9ada-ea426bca009e 9adabf1420eb4afa9f5a05d3ce0488db 9eeedefa0a1f481ca89d22c76413e578 - - default default] Successfully bumped revision number for resource c43c140e-837d-4bfa-8286-b2a0be89ff23 (type: ports) to 1
2026-04-16 18:39:25.434 8 INFO neutron.db.ovn_revision_numbers_db [None req-daa11ce8-c2e0-4c1e-8690-1299b1154fc3 - - - - - -] Successfully bumped revision number for resource e9c9068a-d222-4152-a7e9-21cfc4cca0fa (type: ports) to 2
2026-04-16 18:39:25.462 8 INFO neutron.db.ovn_revision_numbers_db [None req-daa11ce8-c2e0-4c1e-8690-1299b1154fc3 - - - - - -] Successfully bumped revision number for resource 619cb1c4-c4fa-44d8-b51d-de7f4bd142e2 (type: subnets) to 0 [pid: 8|app: 0|req: 558/1090] 10.0.0.163 () {34 vars in 669 bytes} [Thu Apr 16 18:39:24 2026] POST /v2.0/subnets => generated 685 bytes in 759 msecs (HTTP/1.1 201) 4 headers in 162 bytes (1 switches on core 0)
2026-04-16 18:39:25.843 7 WARNING neutron.scheduler.dhcp_agent_scheduler [None req-fbc6647e-111c-4893-9ada-ea426bca009e 9adabf1420eb4afa9f5a05d3ce0488db 9eeedefa0a1f481ca89d22c76413e578 - - default default] No more DHCP agents
2026-04-16 18:39:25.844 7 WARNING neutron.api.rpc.agentnotifiers.dhcp_rpc_agent_api [None req-fbc6647e-111c-4893-9ada-ea426bca009e 9adabf1420eb4afa9f5a05d3ce0488db 9eeedefa0a1f481ca89d22c76413e578 - - default default] Unable to schedule network 628f87af-3e5a-4d44-8dc4-722289c022b3: no agents available; will retry on subsequent port and subnet creation events.
2026-04-16 18:39:25.994 8 WARNING neutron.scheduler.dhcp_agent_scheduler [None req-8fe82f9d-2fa4-4c5a-b1ff-70a06dbb581c 6da2eff5f4fe4e93b5700c478d27cf98 937a9226b4b7413f8b3427005f0aed77 - - default default] No more DHCP agents
2026-04-16 18:39:25.996 8 WARNING neutron.api.rpc.agentnotifiers.dhcp_rpc_agent_api [None req-8fe82f9d-2fa4-4c5a-b1ff-70a06dbb581c 6da2eff5f4fe4e93b5700c478d27cf98 937a9226b4b7413f8b3427005f0aed77 - - default default] Unable to schedule network 68c07e7a-abc1-4fb8-83af-7071eb76dd80: no agents available; will retry on subsequent port and subnet creation events.
2026-04-16 18:39:26.134 8 INFO neutron.db.ovn_revision_numbers_db [None req-8fe82f9d-2fa4-4c5a-b1ff-70a06dbb581c 6da2eff5f4fe4e93b5700c478d27cf98 937a9226b4b7413f8b3427005f0aed77 - - default default] Successfully bumped revision number for resource b440ad1f-2e01-4f98-9db1-3cd109c38148 (type: ports) to 1
2026-04-16 18:39:26.721 7 INFO neutron.db.ovn_revision_numbers_db [None req-fbc6647e-111c-4893-9ada-ea426bca009e 9adabf1420eb4afa9f5a05d3ce0488db 9eeedefa0a1f481ca89d22c76413e578 - - default default] Successfully bumped revision number for resource c43c140e-837d-4bfa-8286-b2a0be89ff23 (type: router_ports) to 1 [pid: 7|app: 0|req: 533/1091] 10.0.0.163 () {34 vars in 783 bytes} [Thu Apr 16 18:39:24 2026] PUT /v2.0/routers/aba05218-e70d-48aa-ab16-c1554e80f2f3/add_router_interface => generated 309 bytes in 2322 msecs (HTTP/1.1 200) 4 headers in 157 bytes (1 switches on core 0)
2026-04-16 18:39:26.869 8 INFO neutron.plugins.ml2.drivers.ovn.mech_driver.ovsdb.commands [None req-eb066beb-ea71-4272-bc97-c3efb4db155f - - - - - -] Schedule LRP lrp-b440ad1f-2e01-4f98-9db1-3cd109c38148 on gateway dce26197-3cc9-4351-8387-5e0134b49f1e with priority 1
2026-04-16 18:39:26.953 8 INFO neutron.plugins.ml2.drivers.ovn.mech_driver.ovsdb.ovsdb_monitor [None req-8685adc9-c9c4-446f-bb01-9df8f2d86db9 - - - - - -] Router 0557b26d-3326-4db3-829f-19a0ee30d046 is bound to host instance
2026-04-16 18:39:27.035 8 INFO neutron.db.ovn_revision_numbers_db [None req-8fe82f9d-2fa4-4c5a-b1ff-70a06dbb581c 6da2eff5f4fe4e93b5700c478d27cf98 937a9226b4b7413f8b3427005f0aed77 - - default default] Successfully bumped revision number for resource b440ad1f-2e01-4f98-9db1-3cd109c38148 (type: router_ports) to 1
2026-04-16 18:39:27.086 7 WARNING neutron.scheduler.dhcp_agent_scheduler [None req-a36a8719-2e9f-4864-9274-dd9c495508a5 9adabf1420eb4afa9f5a05d3ce0488db 9eeedefa0a1f481ca89d22c76413e578 - - default default] No more DHCP agents
2026-04-16 18:39:27.088 7 WARNING neutron.api.rpc.agentnotifiers.dhcp_rpc_agent_api [None req-a36a8719-2e9f-4864-9274-dd9c495508a5 9adabf1420eb4afa9f5a05d3ce0488db 9eeedefa0a1f481ca89d22c76413e578 - - default default] Unable to schedule network 628f87af-3e5a-4d44-8dc4-722289c022b3: no agents available; will retry on subsequent port and subnet creation events.
2026-04-16 18:39:27.189 8 INFO neutron.db.ovn_revision_numbers_db [None req-8fe82f9d-2fa4-4c5a-b1ff-70a06dbb581c 6da2eff5f4fe4e93b5700c478d27cf98 937a9226b4b7413f8b3427005f0aed77 - - default default] Successfully bumped revision number for resource 0557b26d-3326-4db3-829f-19a0ee30d046 (type: routers) to 2
2026-04-16 18:39:27.246 7 INFO neutron.db.ovn_revision_numbers_db [None req-a36a8719-2e9f-4864-9274-dd9c495508a5 9adabf1420eb4afa9f5a05d3ce0488db 9eeedefa0a1f481ca89d22c76413e578 - - default default] Successfully bumped revision number for resource 04d21002-1dd3-4647-b18f-0eaec27e82b2 (type: ports) to 1 [pid: 8|app: 0|req: 559/1092] 10.0.0.163 () {34 vars in 669 bytes} [Thu Apr 16 18:39:25 2026] POST /v2.0/routers => generated 963 bytes in 1743 msecs (HTTP/1.1 201) 4 headers in 162 bytes (1 switches on core 0) [pid: 7|app: 0|req: 534/1093] 10.0.0.163 () {34 vars in 665 bytes} [Thu Apr 16 18:39:26 2026] POST /v2.0/ports => generated 954 bytes in 582 msecs (HTTP/1.1 201) 4 headers in 162 bytes (1 switches on core 0) /var/lib/openstack/lib/python3.12/site-packages/pycadf/identifier.py:70: UserWarning: Invalid uuid: neutron. To ensure interoperability, identifiers should be a valid uuid. warnings.warn(('Invalid uuid: %s. To ensure interoperability, '
2026-04-16 18:39:27.654 7 WARNING neutron.scheduler.dhcp_agent_scheduler [None req-26bdcd04-583e-4559-afd1-69217f59c3a3 9adabf1420eb4afa9f5a05d3ce0488db 9eeedefa0a1f481ca89d22c76413e578 - - default default] No more DHCP agents
2026-04-16 18:39:27.655 7 WARNING neutron.api.rpc.agentnotifiers.dhcp_rpc_agent_api [None req-26bdcd04-583e-4559-afd1-69217f59c3a3 9adabf1420eb4afa9f5a05d3ce0488db 9eeedefa0a1f481ca89d22c76413e578 - - default default] Unable to schedule network 628f87af-3e5a-4d44-8dc4-722289c022b3: no agents available; will retry on subsequent port and subnet creation events.
2026-04-16 18:39:27.777 7 INFO neutron.plugins.ml2.drivers.ovn.mech_driver.mech_driver [None req-dce676ab-bb30-4a6b-a684-5ef180e2ce45 - - - - - -] OVN reports status down for port: 13b85195-85db-4bc0-a574-f9a421092de5
2026-04-16 18:39:27.855 7 INFO neutron.db.ovn_revision_numbers_db [None req-26bdcd04-583e-4559-afd1-69217f59c3a3 9adabf1420eb4afa9f5a05d3ce0488db 9eeedefa0a1f481ca89d22c76413e578 - - default default] Successfully bumped revision number for resource 13b85195-85db-4bc0-a574-f9a421092de5 (type: ports) to 1 [pid: 7|app: 0|req: 535/1094] 10.0.0.163 () {34 vars in 665 bytes} [Thu Apr 16 18:39:27 2026] POST /v2.0/ports => generated 958 bytes in 596 msecs (HTTP/1.1 201) 4 headers in 162 bytes (1 switches on core 0) /var/lib/openstack/lib/python3.12/site-packages/pycadf/identifier.py:70: UserWarning: Invalid uuid: neutron. To ensure interoperability, identifiers should be a valid uuid. warnings.warn(('Invalid uuid: %s. To ensure interoperability, '
2026-04-16 18:39:28.298 7 WARNING neutron.scheduler.dhcp_agent_scheduler [None req-98bac7c3-8e82-43cb-b794-f78f16b83f84 9adabf1420eb4afa9f5a05d3ce0488db 9eeedefa0a1f481ca89d22c76413e578 - - default default] No more DHCP agents
2026-04-16 18:39:28.299 7 WARNING neutron.api.rpc.agentnotifiers.dhcp_rpc_agent_api [None req-98bac7c3-8e82-43cb-b794-f78f16b83f84 9adabf1420eb4afa9f5a05d3ce0488db 9eeedefa0a1f481ca89d22c76413e578 - - default default] Unable to schedule network 68c07e7a-abc1-4fb8-83af-7071eb76dd80: no agents available; will retry on subsequent port and subnet creation events.
2026-04-16 18:39:28.802 8 WARNING neutron.scheduler.dhcp_agent_scheduler [None req-80658fb5-c2df-4b9c-8346-dd1d2c2aa8c8 6da2eff5f4fe4e93b5700c478d27cf98 937a9226b4b7413f8b3427005f0aed77 - - default default] No more DHCP agents
2026-04-16 18:39:28.813 8 WARNING neutron.api.rpc.agentnotifiers.dhcp_rpc_agent_api [None req-80658fb5-c2df-4b9c-8346-dd1d2c2aa8c8 6da2eff5f4fe4e93b5700c478d27cf98 937a9226b4b7413f8b3427005f0aed77 - - default default] Unable to schedule network 68674c07-6c6c-43a0-b427-176d6d9a497a: no agents available; will retry on subsequent port and subnet creation events.
2026-04-16 18:39:29.064 7 INFO neutron.plugins.ml2.drivers.ovn.mech_driver.mech_driver [None req-dce676ab-bb30-4a6b-a684-5ef180e2ce45 - - - - - -] OVN reports status down for port: 1ff78d61-dbd3-4807-9a1b-c7c196acdc50
2026-04-16 18:39:29.109 8 INFO neutron.db.ovn_revision_numbers_db [None req-80658fb5-c2df-4b9c-8346-dd1d2c2aa8c8 6da2eff5f4fe4e93b5700c478d27cf98 937a9226b4b7413f8b3427005f0aed77 - - default default] Successfully bumped revision number for resource 1ff78d61-dbd3-4807-9a1b-c7c196acdc50 (type: ports) to 1
2026-04-16 18:39:29.228 7 INFO neutron.db.ovn_revision_numbers_db [None req-98bac7c3-8e82-43cb-b794-f78f16b83f84 9adabf1420eb4afa9f5a05d3ce0488db 9eeedefa0a1f481ca89d22c76413e578 - - default default] Successfully bumped revision number for resource b84787af-333a-42bc-b4ac-b56cc9ec4ffc (type: floatingips) to 1
2026-04-16 18:39:29.229 7 INFO neutron.db.l3_db [None req-98bac7c3-8e82-43cb-b794-f78f16b83f84 9adabf1420eb4afa9f5a05d3ce0488db 9eeedefa0a1f481ca89d22c76413e578 - - default default] Floating IP b84787af-333a-42bc-b4ac-b56cc9ec4ffc associated. External IP: 10.96.250.201, port: 13b85195-85db-4bc0-a574-f9a421092de5. [pid: 7|app: 0|req: 536/1095] 10.0.0.163 () {34 vars in 677 bytes} [Thu Apr 16 18:39:27 2026] POST /v2.0/floatingips => generated 842 bytes in 1358 msecs (HTTP/1.1 201) 4 headers in 162 bytes (1 switches on core 0)
2026-04-16 18:39:29.369 8 INFO neutron.db.ovn_revision_numbers_db [None req-9ec8d575-8395-460f-a911-5bd2bc358dd9 - - - - - -] Successfully bumped revision number for resource b440ad1f-2e01-4f98-9db1-3cd109c38148 (type: ports) to 4 /var/lib/openstack/lib/python3.12/site-packages/pycadf/identifier.py:70: UserWarning: Invalid uuid: neutron. To ensure interoperability, identifiers should be a valid uuid. warnings.warn(('Invalid uuid: %s. To ensure interoperability, '
2026-04-16 18:39:29.626 8 WARNING neutron.plugins.ml2.drivers.ovn.mech_driver.ovsdb.ovn_client [None req-f8b5d007-8a4f-4e1e-a78e-53ba1448f4b6 - - - - - -] No hosting information found for port 3639e290-7bed-4621-a627-f3b0128fa055: RuntimeError: No hosting information found for port 3639e290-7bed-4621-a627-f3b0128fa055
2026-04-16 18:39:29.628 8 INFO neutron.plugins.ml2.drivers.ovn.mech_driver.mech_driver [None req-f8b5d007-8a4f-4e1e-a78e-53ba1448f4b6 - - - - - -] OVN reports status down for port: e9c9068a-d222-4152-a7e9-21cfc4cca0fa
2026-04-16 18:39:29.702 7 INFO neutron.db.ovn_revision_numbers_db [None req-645a36a7-4d51-42a4-a298-f7a952b6e2a6 6da2eff5f4fe4e93b5700c478d27cf98 937a9226b4b7413f8b3427005f0aed77 - - default default] Successfully bumped revision number for resource d21da3f4-bfa1-4ef1-8e0b-43db78344439 (type: security_groups) to 1
2026-04-16 18:39:29.714 7 INFO neutron.db.ovn_revision_numbers_db [None req-645a36a7-4d51-42a4-a298-f7a952b6e2a6 6da2eff5f4fe4e93b5700c478d27cf98 937a9226b4b7413f8b3427005f0aed77 - - default default] Successfully bumped revision number for resource 7bb96d6b-0585-400a-85f8-6b8e9c82cbdd (type: security_group_rules) to 0
2026-04-16 18:39:29.726 7 INFO neutron.db.ovn_revision_numbers_db [None req-645a36a7-4d51-42a4-a298-f7a952b6e2a6 6da2eff5f4fe4e93b5700c478d27cf98 937a9226b4b7413f8b3427005f0aed77 - - default default] Successfully bumped revision number for resource 90d3b653-4e57-4707-9fa7-c9679372d89c (type: security_group_rules) to 0
2026-04-16 18:39:29.737 7 INFO neutron.db.ovn_revision_numbers_db [None req-645a36a7-4d51-42a4-a298-f7a952b6e2a6 6da2eff5f4fe4e93b5700c478d27cf98 937a9226b4b7413f8b3427005f0aed77 - - default default] Successfully bumped revision number for resource bd78c313-bcd9-41ec-a983-e6f5e19917b6 (type: security_group_rules) to 0
2026-04-16 18:39:29.749 7 INFO neutron.db.ovn_revision_numbers_db [None req-645a36a7-4d51-42a4-a298-f7a952b6e2a6 6da2eff5f4fe4e93b5700c478d27cf98 937a9226b4b7413f8b3427005f0aed77 - - default default] Successfully bumped revision number for resource defcbb2a-d8a7-4080-8933-e1802ad1ae42 (type: security_group_rules) to 0 [pid: 7|app: 0|req: 537/1096] 10.0.0.163 () {32 vars in 774 bytes} [Thu Apr 16 18:39:29 2026] GET /v2.0/security-groups?tenant_id=7b534d63b13d4c0a8a7381322f788a4c&name=default => generated 2925 bytes in 497 msecs (HTTP/1.1 200) 4 headers in 158 bytes (1 switches on core 0)
2026-04-16 18:39:29.867 8 INFO neutron.plugins.ml2.drivers.ovn.mech_driver.mech_driver [None req-f8b5d007-8a4f-4e1e-a78e-53ba1448f4b6 - - - - - -] OVN reports status down for port: c43c140e-837d-4bfa-8286-b2a0be89ff23
2026-04-16 18:39:29.988 7 INFO neutron.db.ovn_revision_numbers_db [None req-e7a5fe71-f73b-43fb-8de2-cef987cb4fc3 9adabf1420eb4afa9f5a05d3ce0488db 9eeedefa0a1f481ca89d22c76413e578 - - default default] Successfully bumped revision number for resource b84787af-333a-42bc-b4ac-b56cc9ec4ffc (type: floatingips) to 2
2026-04-16 18:39:30.044 7 INFO neutron.db.l3_db [None req-e7a5fe71-f73b-43fb-8de2-cef987cb4fc3 9adabf1420eb4afa9f5a05d3ce0488db 9eeedefa0a1f481ca89d22c76413e578 - - default default] Floating IP b84787af-333a-42bc-b4ac-b56cc9ec4ffc disassociated. External IP: 10.96.250.201, port: 13b85195-85db-4bc0-a574-f9a421092de5. [pid: 7|app: 0|req: 538/1097] 10.0.0.163 () {34 vars in 749 bytes} [Thu Apr 16 18:39:29 2026] PUT /v2.0/floatingips/b84787af-333a-42bc-b4ac-b56cc9ec4ffc => generated 554 bytes in 298 msecs (HTTP/1.1 200) 4 headers in 157 bytes (1 switches on core 0) /var/lib/openstack/lib/python3.12/site-packages/pycadf/identifier.py:70: UserWarning: Invalid uuid: neutron. To ensure interoperability, identifiers should be a valid uuid. warnings.warn(('Invalid uuid: %s. To ensure interoperability, '
2026-04-16 18:39:30.163 8 WARNING neutron.plugins.ml2.drivers.ovn.mech_driver.ovsdb.ovn_client [None req-f8b5d007-8a4f-4e1e-a78e-53ba1448f4b6 - - - - - -] Logical_Switch_Port %s host information not removed, the port state is up
2026-04-16 18:39:30.164 8 INFO neutron.plugins.ml2.drivers.ovn.mech_driver.mech_driver [None req-f8b5d007-8a4f-4e1e-a78e-53ba1448f4b6 - - - - - -] OVN reports status up for port: c43c140e-837d-4bfa-8286-b2a0be89ff23
2026-04-16 18:39:30.206 8 INFO neutron.plugins.ml2.plugin [None req-f8b5d007-8a4f-4e1e-a78e-53ba1448f4b6 - - - - - -] Attempt 1 to provision port c43c140e-837d-4bfa-8286-b2a0be89ff23 [pid: 7|app: 0|req: 539/1098] 10.0.0.163 () {32 vars in 740 bytes} [Thu Apr 16 18:39:30 2026] DELETE /v2.0/security-groups/d21da3f4-bfa1-4ef1-8e0b-43db78344439 => generated 0 bytes in 248 msecs (HTTP/1.1 204) 2 headers in 112 bytes (1 switches on core 0)
2026-04-16 18:39:30.422 8 INFO neutron.db.ovn_revision_numbers_db [None req-9ec8d575-8395-460f-a911-5bd2bc358dd9 - - - - - -] Successfully bumped revision number for resource b440ad1f-2e01-4f98-9db1-3cd109c38148 (type: ports) to 5
2026-04-16 18:39:30.462 7 INFO neutron_taas.services.taas.taas_plugin [None req-1db3a38e-0f6f-4042-a060-0cd8b2a5c041 9adabf1420eb4afa9f5a05d3ce0488db 9eeedefa0a1f481ca89d22c76413e578 - - default default] TaaS: Handle Delete Port: 41dd2fa6-cee2-4f07-a4f3-2fb3f2a96132
2026-04-16 18:39:30.466 7 INFO neutron_taas.services.taas.tap_mirror_plugin [None req-1db3a38e-0f6f-4042-a060-0cd8b2a5c041 9adabf1420eb4afa9f5a05d3ce0488db 9eeedefa0a1f481ca89d22c76413e578 - - default default] Tap Mirror: Handle Delete Port: 41dd2fa6-cee2-4f07-a4f3-2fb3f2a96132 [pid: 7|app: 0|req: 540/1099] 10.0.0.163 () {32 vars in 732 bytes} [Thu Apr 16 18:39:30 2026] DELETE /v2.0/floatingips/b84787af-333a-42bc-b4ac-b56cc9ec4ffc => generated 0 bytes in 300 msecs (HTTP/1.1 204) 2 headers in 112 bytes (1 switches on core 0)
2026-04-16 18:39:30.751 7 INFO neutron.plugins.ml2.drivers.ovn.mech_driver.mech_driver [None req-dce676ab-bb30-4a6b-a684-5ef180e2ce45 - - - - - -] OVN reports status up for port: 1ff78d61-dbd3-4807-9a1b-c7c196acdc50
2026-04-16 18:39:30.780 7 INFO neutron.plugins.ml2.plugin [None req-dce676ab-bb30-4a6b-a684-5ef180e2ce45 - - - - - -] Attempt 1 to provision port 1ff78d61-dbd3-4807-9a1b-c7c196acdc50
2026-04-16 18:39:30.835 7 INFO neutron.db.ovn_revision_numbers_db [None req-d59ae18e-5cc4-44cf-a198-eb03cc28fc07 6da2eff5f4fe4e93b5700c478d27cf98 937a9226b4b7413f8b3427005f0aed77 - - default default] Successfully bumped revision number for resource 20e89f31-e15d-4c27-84af-ad652e5ba52c (type: security_groups) to 1
2026-04-16 18:39:30.857 7 INFO neutron.db.ovn_revision_numbers_db [None req-d59ae18e-5cc4-44cf-a198-eb03cc28fc07 6da2eff5f4fe4e93b5700c478d27cf98 937a9226b4b7413f8b3427005f0aed77 - - default default] Successfully bumped revision number for resource 378c0980-904b-4133-8fd3-bc9fbb8f37be (type: security_group_rules) to 0
2026-04-16 18:39:30.873 7 INFO neutron.db.ovn_revision_numbers_db [None req-d59ae18e-5cc4-44cf-a198-eb03cc28fc07 6da2eff5f4fe4e93b5700c478d27cf98 937a9226b4b7413f8b3427005f0aed77 - - default default] Successfully bumped revision number for resource 7062ca48-c5ed-47b7-8e2e-1cf9ec2a531b (type: security_group_rules) to 0
2026-04-16 18:39:30.899 7 INFO neutron.db.ovn_revision_numbers_db [None req-d59ae18e-5cc4-44cf-a198-eb03cc28fc07 6da2eff5f4fe4e93b5700c478d27cf98 937a9226b4b7413f8b3427005f0aed77 - - default default] Successfully bumped revision number for resource a1ce30ca-db4f-49b8-a33a-f764f1cb4425 (type: security_group_rules) to 0
2026-04-16 18:39:30.918 7 INFO neutron.db.ovn_revision_numbers_db [None req-d59ae18e-5cc4-44cf-a198-eb03cc28fc07 6da2eff5f4fe4e93b5700c478d27cf98 937a9226b4b7413f8b3427005f0aed77 - - default default] Successfully bumped revision number for resource add33ca4-d806-4006-bb81-13eac7ed01b5 (type: security_group_rules) to 0
2026-04-16 18:39:30.918 8 WARNING neutron.scheduler.dhcp_agent_scheduler [None req-80658fb5-c2df-4b9c-8346-dd1d2c2aa8c8 6da2eff5f4fe4e93b5700c478d27cf98 937a9226b4b7413f8b3427005f0aed77 - - default default] No more DHCP agents
2026-04-16 18:39:30.920 8 WARNING neutron.api.rpc.agentnotifiers.dhcp_rpc_agent_api [None req-80658fb5-c2df-4b9c-8346-dd1d2c2aa8c8 6da2eff5f4fe4e93b5700c478d27cf98 937a9226b4b7413f8b3427005f0aed77 - - default default] Unable to schedule network 68674c07-6c6c-43a0-b427-176d6d9a497a: no agents available; will retry on subsequent port and subnet creation events. [pid: 7|app: 0|req: 543/1102] 10.0.0.163 () {32 vars in 774 bytes} [Thu Apr 16 18:39:30 2026] GET /v2.0/security-groups?tenant_id=8a733a56b1f947d790f99f77c32af97e&name=default => generated 2925 bytes in 365 msecs (HTTP/1.1 200) 4 headers in 158 bytes (1 switches on core 0)
2026-04-16 18:39:31.254 8 INFO neutron.db.ovn_revision_numbers_db [None req-f8b5d007-8a4f-4e1e-a78e-53ba1448f4b6 - - - - - -] Successfully bumped revision number for resource c43c140e-837d-4bfa-8286-b2a0be89ff23 (type: ports) to 2
2026-04-16 18:39:31.477 7 WARNING neutron.scheduler.dhcp_agent_scheduler [None req-c1785a41-349e-41db-93f4-558afa480bd4 9adabf1420eb4afa9f5a05d3ce0488db 9eeedefa0a1f481ca89d22c76413e578 - - default default] No more DHCP agents
2026-04-16 18:39:31.479 7 WARNING neutron.api.rpc.agentnotifiers.dhcp_rpc_agent_api [None req-c1785a41-349e-41db-93f4-558afa480bd4 9adabf1420eb4afa9f5a05d3ce0488db 9eeedefa0a1f481ca89d22c76413e578 - - default default] Unable to schedule network 68c07e7a-abc1-4fb8-83af-7071eb76dd80: no agents available; will retry on subsequent port and subnet creation events.
2026-04-16 18:39:31.546 7 INFO neutron.db.ovn_revision_numbers_db [None req-dce676ab-bb30-4a6b-a684-5ef180e2ce45 - - - - - -] Successfully bumped revision number for resource 1ff78d61-dbd3-4807-9a1b-c7c196acdc50 (type: ports) to 2
2026-04-16 18:39:31.693 8 INFO neutron.db.ovn_revision_numbers_db [None req-80658fb5-c2df-4b9c-8346-dd1d2c2aa8c8 6da2eff5f4fe4e93b5700c478d27cf98 937a9226b4b7413f8b3427005f0aed77 - - default default] Successfully bumped revision number for resource 1ff78d61-dbd3-4807-9a1b-c7c196acdc50 (type: router_ports) to 1 [pid: 8|app: 0|req: 560/1103] 10.0.0.163 () {34 vars in 783 bytes} [Thu Apr 16 18:39:27 2026] PUT /v2.0/routers/0557b26d-3326-4db3-829f-19a0ee30d046/add_router_interface => generated 309 bytes in 4438 msecs (HTTP/1.1 200) 4 headers in 157 bytes (1 switches on core 0) [pid: 8|app: 0|req: 561/1104] 10.0.0.163 () {32 vars in 740 bytes} [Thu Apr 16 18:39:31 2026] DELETE /v2.0/security-groups/20e89f31-e15d-4c27-84af-ad652e5ba52c => generated 0 bytes in 236 msecs (HTTP/1.1 204) 2 headers in 112 bytes (1 switches on core 0)
2026-04-16 18:39:32.376 8 INFO neutron.db.ovn_revision_numbers_db [None req-0d19f994-4d94-41e9-a45f-54b5083c0f0a 6da2eff5f4fe4e93b5700c478d27cf98 937a9226b4b7413f8b3427005f0aed77 - - default default] Successfully bumped revision number for resource 0fdbcc60-1416-4b23-9b42-b3524cba9f87 (type: security_groups) to 1
2026-04-16 18:39:32.419 8 INFO neutron.db.ovn_revision_numbers_db [None req-0d19f994-4d94-41e9-a45f-54b5083c0f0a 6da2eff5f4fe4e93b5700c478d27cf98 937a9226b4b7413f8b3427005f0aed77 - - default default] Successfully bumped revision number for resource 60d38e8f-e37f-454f-b192-94027d1fa2e0 (type: security_group_rules) to 0
2026-04-16 18:39:32.432 8 INFO neutron.db.ovn_revision_numbers_db [None req-0d19f994-4d94-41e9-a45f-54b5083c0f0a 6da2eff5f4fe4e93b5700c478d27cf98 937a9226b4b7413f8b3427005f0aed77 - - default default] Successfully bumped revision number for resource 854b6813-4a6f-4a53-ba14-249330231664 (type: security_group_rules) to 0
2026-04-16 18:39:32.449 8 INFO neutron.db.ovn_revision_numbers_db [None req-0d19f994-4d94-41e9-a45f-54b5083c0f0a 6da2eff5f4fe4e93b5700c478d27cf98 937a9226b4b7413f8b3427005f0aed77 - - default default] Successfully bumped revision number for resource b2584c86-ef48-4eda-8958-45f3469c516d (type: security_group_rules) to 0
2026-04-16 18:39:32.461 8 INFO neutron.db.ovn_revision_numbers_db [None req-0d19f994-4d94-41e9-a45f-54b5083c0f0a 6da2eff5f4fe4e93b5700c478d27cf98 937a9226b4b7413f8b3427005f0aed77 - - default default] Successfully bumped revision number for resource cf712eb1-29b5-4b86-bea7-30a6e2eb6728 (type: security_group_rules) to 0 [pid: 8|app: 0|req: 562/1105] 10.0.0.163 () {32 vars in 774 bytes} [Thu Apr 16 18:39:31 2026] GET /v2.0/security-groups?tenant_id=91c3a7db65fc42959790078063249844&name=default => generated 2925 bytes in 555 msecs (HTTP/1.1 200) 4 headers in 158 bytes (1 switches on core 0)
2026-04-16 18:39:32.547 7 INFO neutron.db.ovn_revision_numbers_db [None req-c1785a41-349e-41db-93f4-558afa480bd4 9adabf1420eb4afa9f5a05d3ce0488db 9eeedefa0a1f481ca89d22c76413e578 - - default default] Successfully bumped revision number for resource 710b3a83-9f96-437c-91ee-bef40462e25b (type: floatingips) to 1
2026-04-16 18:39:32.547 7 INFO neutron.db.l3_db [None req-c1785a41-349e-41db-93f4-558afa480bd4 9adabf1420eb4afa9f5a05d3ce0488db 9eeedefa0a1f481ca89d22c76413e578 - - default default] Floating IP 710b3a83-9f96-437c-91ee-bef40462e25b associated. External IP: 10.96.250.209, port: 04d21002-1dd3-4647-b18f-0eaec27e82b2. [pid: 7|app: 0|req: 544/1106] 10.0.0.163 () {34 vars in 677 bytes} [Thu Apr 16 18:39:31 2026] POST /v2.0/floatingips => generated 841 bytes in 1583 msecs (HTTP/1.1 201) 4 headers in 162 bytes (1 switches on core 0)
2026-04-16 18:39:32.635 8 INFO neutron.db.ovn_revision_numbers_db [None req-01e20072-a8aa-43cc-b8b8-2d4cc9fbd570 8422df668b704316addca09c18699455 1aac1744b75c445e900b80891809040e - - default default] Successfully bumped revision number for resource f4eb5038-f49a-4504-a4b5-2bde0bd15bd0 (type: security_groups) to 1
2026-04-16 18:39:32.647 8 INFO neutron.db.ovn_revision_numbers_db [None req-01e20072-a8aa-43cc-b8b8-2d4cc9fbd570 8422df668b704316addca09c18699455 1aac1744b75c445e900b80891809040e - - default default] Successfully bumped revision number for resource 4ae1441c-bc21-4e8d-836c-046c6ebfa866 (type: security_group_rules) to 0
2026-04-16 18:39:32.658 8 INFO neutron.db.ovn_revision_numbers_db [None req-01e20072-a8aa-43cc-b8b8-2d4cc9fbd570 8422df668b704316addca09c18699455 1aac1744b75c445e900b80891809040e - - default default] Successfully bumped revision number for resource fe975eb6-5071-4fa6-b2eb-dd7880a13355 (type: security_group_rules) to 0 [pid: 8|app: 0|req: 563/1107] 10.0.0.163 () {34 vars in 685 bytes} [Thu Apr 16 18:39:32 2026] POST /v2.0/security-groups => generated 1660 bytes in 200 msecs (HTTP/1.1 201) 4 headers in 163 bytes (1 switches on core 0) [pid: 8|app: 0|req: 564/1108] 10.0.0.163 () {32 vars in 729 bytes} [Thu Apr 16 18:39:32 2026] GET /v2.0/floatingips/710b3a83-9f96-437c-91ee-bef40462e25b => generated 843 bytes in 46 msecs (HTTP/1.1 200) 4 headers in 157 bytes (1 switches on core 0) [pid: 7|app: 0|req: 545/1109] 10.0.0.163 () {32 vars in 740 bytes} [Thu Apr 16 18:39:32 2026] DELETE /v2.0/security-groups/0fdbcc60-1416-4b23-9b42-b3524cba9f87 => generated 0 bytes in 255 msecs (HTTP/1.1 204) 2 headers in 112 bytes (1 switches on core 0)
2026-04-16 18:39:32.856 8 INFO neutron.db.ovn_revision_numbers_db [None req-1e20e3f2-cd53-473b-8b72-a3d5aade8bfe 8422df668b704316addca09c18699455 1aac1744b75c445e900b80891809040e - - default default] Successfully bumped revision number for resource d772b735-7a83-4c5c-9b57-a42a6cfb2aa8 (type: security_group_rules) to 0 [pid: 8|app: 0|req: 565/1110] 10.0.0.163 () {34 vars in 695 bytes} [Thu Apr 16 18:39:32 2026] POST /v2.0/security-group-rules => generated 597 bytes in 147 msecs (HTTP/1.1 201) 4 headers in 162 bytes (1 switches on core 0) [pid: 7|app: 0|req: 546/1111] 10.0.0.163 () {32 vars in 655 bytes} [Thu Apr 16 18:39:32 2026] GET /v2.0/floatingips => generated 846 bytes in 76 msecs (HTTP/1.1 200) 4 headers in 157 bytes (1 switches on core 0)
2026-04-16 18:39:33.023 8 INFO neutron.db.ovn_revision_numbers_db [None req-45995638-94a3-444a-89be-c0aa5b055e98 8422df668b704316addca09c18699455 1aac1744b75c445e900b80891809040e - - default default] Successfully bumped revision number for resource adfd5413-8fb7-4cda-9126-4090420c8b95 (type: security_group_rules) to 0 [pid: 8|app: 0|req: 566/1112] 10.0.0.163 () {34 vars in 695 bytes} [Thu Apr 16 18:39:32 2026] POST /v2.0/security-group-rules => generated 602 bytes in 159 msecs (HTTP/1.1 201) 4 headers in 162 bytes (1 switches on core 0)
2026-04-16 18:39:33.179 8 INFO neutron.db.ovn_revision_numbers_db [None req-07c021fc-25b7-43d4-9585-115024551b45 6da2eff5f4fe4e93b5700c478d27cf98 937a9226b4b7413f8b3427005f0aed77 - - default default] Successfully bumped revision number for resource 27230b1d-43b6-4fb2-a01b-a780f4b10e5d (type: security_groups) to 1
2026-04-16 18:39:33.191 8 INFO neutron.db.ovn_revision_numbers_db [None req-07c021fc-25b7-43d4-9585-115024551b45 6da2eff5f4fe4e93b5700c478d27cf98 937a9226b4b7413f8b3427005f0aed77 - - default default] Successfully bumped revision number for resource 22e8c033-531c-4892-9545-33f20df20b67 (type: security_group_rules) to 0
2026-04-16 18:39:33.206 8 INFO neutron.db.ovn_revision_numbers_db [None req-07c021fc-25b7-43d4-9585-115024551b45 6da2eff5f4fe4e93b5700c478d27cf98 937a9226b4b7413f8b3427005f0aed77 - - default default] Successfully bumped revision number for resource 931a3a29-f240-4709-8f9b-2f423da4e081 (type: security_group_rules) to 0
2026-04-16 18:39:33.218 8 INFO neutron.db.ovn_revision_numbers_db [None req-07c021fc-25b7-43d4-9585-115024551b45 6da2eff5f4fe4e93b5700c478d27cf98 937a9226b4b7413f8b3427005f0aed77 - - default default] Successfully bumped revision number for resource 966d63b1-b6d5-4eac-84d5-aef261ec8f96 (type: security_group_rules) to 0
2026-04-16 18:39:33.229 8 INFO neutron.db.ovn_revision_numbers_db [None req-07c021fc-25b7-43d4-9585-115024551b45 6da2eff5f4fe4e93b5700c478d27cf98 937a9226b4b7413f8b3427005f0aed77 - - default default] Successfully bumped revision number for resource 9b5f4c6b-707b-4d89-bc71-ffcdddaeafde (type: security_group_rules) to 0 [pid: 8|app: 0|req: 567/1113] 10.0.0.163 () {32 vars in 774 bytes} [Thu Apr 16 18:39:33 2026] GET /v2.0/security-groups?tenant_id=02e4e7c638e144dab643d8afd917eacc&name=default => generated 2925 bytes in 217 msecs (HTTP/1.1 200) 4 headers in 158 bytes (1 switches on core 0)
2026-04-16 18:39:33.438 7 INFO neutron.db.ovn_revision_numbers_db [None req-938cdde2-9075-4d4f-a6ac-0285cd0bdab5 9adabf1420eb4afa9f5a05d3ce0488db 9eeedefa0a1f481ca89d22c76413e578 - - default default] Successfully bumped revision number for resource 710b3a83-9f96-437c-91ee-bef40462e25b (type: floatingips) to 2
2026-04-16 18:39:33.526 8 WARNING neutron.scheduler.dhcp_agent_scheduler [None req-962aae66-2966-4b9f-8c6d-bb9e8b38a6bd 8422df668b704316addca09c18699455 1aac1744b75c445e900b80891809040e - - default default] No more DHCP agents
2026-04-16 18:39:33.528 8 WARNING neutron.api.rpc.agentnotifiers.dhcp_rpc_agent_api [None req-962aae66-2966-4b9f-8c6d-bb9e8b38a6bd 8422df668b704316addca09c18699455 1aac1744b75c445e900b80891809040e - - default default] Unable to schedule network 68c07e7a-abc1-4fb8-83af-7071eb76dd80: no agents available; will retry on subsequent port and subnet creation events.
2026-04-16 18:39:33.549 7 INFO neutron.db.l3_db [None req-938cdde2-9075-4d4f-a6ac-0285cd0bdab5 9adabf1420eb4afa9f5a05d3ce0488db 9eeedefa0a1f481ca89d22c76413e578 - - default default] Floating IP 710b3a83-9f96-437c-91ee-bef40462e25b associated. External IP: 10.96.250.209, port: 04d21002-1dd3-4647-b18f-0eaec27e82b2. [pid: 7|app: 0|req: 547/1114] 10.0.0.163 () {34 vars in 749 bytes} [Thu Apr 16 18:39:32 2026] PUT /v2.0/floatingips/710b3a83-9f96-437c-91ee-bef40462e25b => generated 844 bytes in 669 msecs (HTTP/1.1 200) 4 headers in 157 bytes (1 switches on core 0) [pid: 8|app: 0|req: 568/1115] 10.0.0.163 () {34 vars in 676 bytes} [Thu Apr 16 18:39:33 2026] POST /v2.0/floatingips => generated 552 bytes in 563 msecs (HTTP/1.1 201) 4 headers in 162 bytes (1 switches on core 0) [pid: 7|app: 0|req: 548/1116] 10.0.0.163 () {32 vars in 740 bytes} [Thu Apr 16 18:39:33 2026] DELETE /v2.0/security-groups/27230b1d-43b6-4fb2-a01b-a780f4b10e5d => generated 0 bytes in 240 msecs (HTTP/1.1 204) 2 headers in 112 bytes (1 switches on core 0)
2026-04-16 18:39:34.027 7 INFO neutron.db.ovn_revision_numbers_db [None req-e1470292-6729-48a8-bd43-4894277d8d3d 9adabf1420eb4afa9f5a05d3ce0488db 9eeedefa0a1f481ca89d22c76413e578 - - default default] Successfully bumped revision number for resource 710b3a83-9f96-437c-91ee-bef40462e25b (type: floatingips) to 3
2026-04-16 18:39:34.071 7 INFO neutron.db.l3_db [None req-e1470292-6729-48a8-bd43-4894277d8d3d 9adabf1420eb4afa9f5a05d3ce0488db 9eeedefa0a1f481ca89d22c76413e578 - - default default] Floating IP 710b3a83-9f96-437c-91ee-bef40462e25b disassociated. External IP: 10.96.250.209, port: 13b85195-85db-4bc0-a574-f9a421092de5. [pid: 7|app: 0|req: 549/1117] 10.0.0.163 () {34 vars in 749 bytes} [Thu Apr 16 18:39:33 2026] PUT /v2.0/floatingips/710b3a83-9f96-437c-91ee-bef40462e25b => generated 554 bytes in 270 msecs (HTTP/1.1 200) 4 headers in 157 bytes (1 switches on core 0)
2026-04-16 18:39:34.166 8 INFO neutron.db.ovn_revision_numbers_db [None req-6c0e6ca5-4dfd-4b8a-8908-31ad40a13b9e 37c2154c70144caa8d544e964aaf4320 173837d2cf094329bbacceacd715f581 - - default default] Successfully bumped revision number for resource 3136eb59-5446-498e-b2dc-5eea7cf1ce42 (type: security_groups) to 1
2026-04-16 18:39:34.182 8 INFO neutron.db.ovn_revision_numbers_db [None req-6c0e6ca5-4dfd-4b8a-8908-31ad40a13b9e 37c2154c70144caa8d544e964aaf4320 173837d2cf094329bbacceacd715f581 - - default default] Successfully bumped revision number for resource 03ff7057-a5db-4056-8308-dd246f1788a7 (type: security_group_rules) to 0
2026-04-16 18:39:34.196 8 INFO neutron.db.ovn_revision_numbers_db [None req-6c0e6ca5-4dfd-4b8a-8908-31ad40a13b9e 37c2154c70144caa8d544e964aaf4320 173837d2cf094329bbacceacd715f581 - - default default] Successfully bumped revision number for resource 0ede1f14-212d-40e0-b62f-6d7ebf8a24e5 (type: security_group_rules) to 0
2026-04-16 18:39:34.208 8 INFO neutron.db.ovn_revision_numbers_db [None req-6c0e6ca5-4dfd-4b8a-8908-31ad40a13b9e 37c2154c70144caa8d544e964aaf4320 173837d2cf094329bbacceacd715f581 - - default default] Successfully bumped revision number for resource afb0f754-4cef-471b-88d5-64a0cb8ee398 (type: security_group_rules) to 0
2026-04-16 18:39:34.231 8 INFO neutron.db.ovn_revision_numbers_db [None req-6c0e6ca5-4dfd-4b8a-8908-31ad40a13b9e 37c2154c70144caa8d544e964aaf4320 173837d2cf094329bbacceacd715f581 - - default default] Successfully bumped revision number for resource ffb1052c-a129-408b-80c7-ec18a56df89a (type: security_group_rules) to 0
2026-04-16 18:39:34.305 7 INFO neutron_taas.services.taas.taas_plugin [None req-5cec9730-305d-4963-a530-79d3d0a1f246 9adabf1420eb4afa9f5a05d3ce0488db 9eeedefa0a1f481ca89d22c76413e578 - - default default] TaaS: Handle Delete Port: 6b461816-be9b-4dde-8850-5975f191303b
2026-04-16 18:39:34.309 7 INFO neutron_taas.services.taas.tap_mirror_plugin [None req-5cec9730-305d-4963-a530-79d3d0a1f246 9adabf1420eb4afa9f5a05d3ce0488db 9eeedefa0a1f481ca89d22c76413e578 - - default default] Tap Mirror: Handle Delete Port: 6b461816-be9b-4dde-8850-5975f191303b
2026-04-16 18:39:34.339 8 INFO neutron.db.segments_db [None req-6c0e6ca5-4dfd-4b8a-8908-31ad40a13b9e 37c2154c70144caa8d544e964aaf4320 173837d2cf094329bbacceacd715f581 - - default default] Added segment 91d2d404-8d6d-4873-8436-2b15e235ac91 of type geneve for network def566bf-6ef0-44db-be63-4657d705f741
2026-04-16 18:39:34.443 8 INFO neutron.db.segments_db [None req-6c0e6ca5-4dfd-4b8a-8908-31ad40a13b9e 37c2154c70144caa8d544e964aaf4320 173837d2cf094329bbacceacd715f581 - - default default] Added segment ca904e2d-6e2a-42db-8207-078be5a54ba4 of type geneve for network 6330fd31-ddf4-4211-ac67-4ea6290db5b4 [pid: 7|app: 0|req: 550/1118] 10.0.0.163 () {32 vars in 732 bytes} [Thu Apr 16 18:39:34 2026] DELETE /v2.0/floatingips/710b3a83-9f96-437c-91ee-bef40462e25b => generated 0 bytes in 343 msecs (HTTP/1.1 204) 2 headers in 112 bytes (1 switches on core 0) [pid: 7|app: 0|req: 551/1119] 10.0.0.89 () {34 vars in 1097 bytes} [Thu Apr 16 18:39:34 2026] GET /v2.0/security-groups?name=tempest-securitygroup--258553569&fields=id&tenant_id=1aac1744b75c445e900b80891809040e => generated 69 bytes in 27 msecs (HTTP/1.1 200) 4 headers in 156 bytes (1 switches on core 0)
2026-04-16 18:39:34.501 7 INFO neutron.api.v2.resource [None req-12df4637-2921-49a5-9866-0d64b38ed7f3 9adabf1420eb4afa9f5a05d3ce0488db 9eeedefa0a1f481ca89d22c76413e578 - - default default] delete failed (client error): The resource could not be found. [pid: 7|app: 0|req: 552/1120] 10.0.0.163 () {32 vars in 732 bytes} [Thu Apr 16 18:39:34 2026] DELETE /v2.0/floatingips/710b3a83-9f96-437c-91ee-bef40462e25b => generated 144 bytes in 16 msecs (HTTP/1.1 404) 4 headers in 164 bytes (1 switches on core 0)
