2026-04-16 18:42:25.684 8 WARNING neutron.scheduler.dhcp_agent_scheduler [None req-e2cdd6fd-1cf0-40e3-a457-931a51b96cae 1abd59c987884f6cade85eea314ed229 a6360cb6846c47a3917697451908763b - - default default] No more DHCP agents
2026-04-16 18:42:25.685 8 WARNING neutron.api.rpc.agentnotifiers.dhcp_rpc_agent_api [None req-e2cdd6fd-1cf0-40e3-a457-931a51b96cae 1abd59c987884f6cade85eea314ed229 a6360cb6846c47a3917697451908763b - - default default] Unable to schedule network f06be3d6-0203-4398-ad92-2496026e5a4c: no agents available; will retry on subsequent port and subnet creation events.
2026-04-16 18:42:25.746 8 INFO neutron.plugins.ml2.drivers.ovn.mech_driver.mech_driver [None req-25f39a8c-90da-4ac7-91d4-cf72bcb38bd3 - - - - - -] OVN reports status down for port: 28e2c1a0-ed1a-4895-9791-b841ee23393d
2026-04-16 18:42:25.810 8 INFO neutron.db.ovn_revision_numbers_db [None req-e2cdd6fd-1cf0-40e3-a457-931a51b96cae 1abd59c987884f6cade85eea314ed229 a6360cb6846c47a3917697451908763b - - default default] Successfully bumped revision number for resource 28e2c1a0-ed1a-4895-9791-b841ee23393d (type: ports) to 1 [pid: 8|app: 0|req: 1134/2404] 10.0.0.163 () {34 vars in 664 bytes} [Thu Apr 16 18:42:25 2026] POST /v2.0/ports => generated 743 bytes in 401 msecs (HTTP/1.1 201) 4 headers in 162 bytes (1 switches on core 0)
2026-04-16 18:42:25.978 7 INFO neutron.db.segments_db [None req-bd77c6a3-16bc-4822-81c1-85973abecc7e 1abd59c987884f6cade85eea314ed229 a6360cb6846c47a3917697451908763b - - default default] Added segment 24d3d474-bc3c-4aa7-8ecc-55dc86f77e0c of type geneve for network a5f0b33d-76dd-495b-90d4-1f9031f3665a
2026-04-16 18:42:26.074 7 INFO neutron.db.ovn_revision_numbers_db [None req-bd77c6a3-16bc-4822-81c1-85973abecc7e 1abd59c987884f6cade85eea314ed229 a6360cb6846c47a3917697451908763b - - default default] Successfully bumped revision number for resource a5f0b33d-76dd-495b-90d4-1f9031f3665a (type: networks) to 1
2026-04-16 18:42:26.225 7 WARNING neutron.scheduler.dhcp_agent_scheduler [None req-bd77c6a3-16bc-4822-81c1-85973abecc7e 1abd59c987884f6cade85eea314ed229 a6360cb6846c47a3917697451908763b - - default default] No more DHCP agents
2026-04-16 18:42:26.227 7 WARNING neutron.api.rpc.agentnotifiers.dhcp_rpc_agent_api [None req-bd77c6a3-16bc-4822-81c1-85973abecc7e 1abd59c987884f6cade85eea314ed229 a6360cb6846c47a3917697451908763b - - default default] Unable to schedule network a5f0b33d-76dd-495b-90d4-1f9031f3665a: no agents available; will retry on subsequent port and subnet creation events.
2026-04-16 18:42:26.292 8 INFO neutron.plugins.ml2.drivers.ovn.mech_driver.mech_driver [None req-25f39a8c-90da-4ac7-91d4-cf72bcb38bd3 - - - - - -] OVN reports status down for port: 0c35a77b-3f25-4df9-b91d-72b283644183
2026-04-16 18:42:26.304 7 INFO neutron.db.ovn_revision_numbers_db [None req-bd77c6a3-16bc-4822-81c1-85973abecc7e 1abd59c987884f6cade85eea314ed229 a6360cb6846c47a3917697451908763b - - default default] Successfully bumped revision number for resource 0c35a77b-3f25-4df9-b91d-72b283644183 (type: ports) to 1 [pid: 7|app: 0|req: 1271/2405] 10.0.0.163 () {34 vars in 670 bytes} [Thu Apr 16 18:42:25 2026] POST /v2.0/networks => generated 651 bytes in 432 msecs (HTTP/1.1 201) 4 headers in 162 bytes (1 switches on core 0) /var/lib/openstack/lib/python3.12/site-packages/pycadf/identifier.py:70: UserWarning: Invalid uuid: neutron. To ensure interoperability, identifiers should be a valid uuid. warnings.warn(('Invalid uuid: %s. To ensure interoperability, '
2026-04-16 18:42:26.594 8 WARNING neutron.scheduler.dhcp_agent_scheduler [None req-0c4dff30-9744-4ff2-a73e-961b1451d9b2 1abd59c987884f6cade85eea314ed229 a6360cb6846c47a3917697451908763b - - default default] No more DHCP agents
2026-04-16 18:42:26.595 8 WARNING neutron.api.rpc.agentnotifiers.dhcp_rpc_agent_api [None req-0c4dff30-9744-4ff2-a73e-961b1451d9b2 1abd59c987884f6cade85eea314ed229 a6360cb6846c47a3917697451908763b - - default default] Unable to schedule network a5f0b33d-76dd-495b-90d4-1f9031f3665a: no agents available; will retry on subsequent port and subnet creation events.
2026-04-16 18:42:26.695 8 INFO neutron.plugins.ml2.drivers.ovn.mech_driver.mech_driver [None req-25f39a8c-90da-4ac7-91d4-cf72bcb38bd3 - - - - - -] OVN reports status down for port: 0c521563-d1a5-4189-a3be-436ebd0b63e7
2026-04-16 18:42:26.760 8 INFO neutron.db.ovn_revision_numbers_db [None req-0c4dff30-9744-4ff2-a73e-961b1451d9b2 1abd59c987884f6cade85eea314ed229 a6360cb6846c47a3917697451908763b - - default default] Successfully bumped revision number for resource 0c521563-d1a5-4189-a3be-436ebd0b63e7 (type: ports) to 1 [pid: 8|app: 0|req: 1135/2406] 10.0.0.163 () {34 vars in 664 bytes} [Thu Apr 16 18:42:26 2026] POST /v2.0/ports => generated 743 bytes in 502 msecs (HTTP/1.1 201) 4 headers in 162 bytes (1 switches on core 0)
2026-04-16 18:42:26.935 7 INFO neutron.db.segments_db [None req-bfd7d162-fd1d-479d-a1b6-0c6dd2b6381e 1abd59c987884f6cade85eea314ed229 a6360cb6846c47a3917697451908763b - - default default] Added segment c3094bb6-4150-4967-a4cf-f4761ae66e23 of type geneve for network 37d59a85-4a19-4280-89ca-0160bc8ef128
2026-04-16 18:42:27.049 7 INFO neutron.db.ovn_revision_numbers_db [None req-bfd7d162-fd1d-479d-a1b6-0c6dd2b6381e 1abd59c987884f6cade85eea314ed229 a6360cb6846c47a3917697451908763b - - default default] Successfully bumped revision number for resource 37d59a85-4a19-4280-89ca-0160bc8ef128 (type: networks) to 1
2026-04-16 18:42:27.219 7 WARNING neutron.scheduler.dhcp_agent_scheduler [None req-bfd7d162-fd1d-479d-a1b6-0c6dd2b6381e 1abd59c987884f6cade85eea314ed229 a6360cb6846c47a3917697451908763b - - default default] No more DHCP agents
2026-04-16 18:42:27.220 7 WARNING neutron.api.rpc.agentnotifiers.dhcp_rpc_agent_api [None req-bfd7d162-fd1d-479d-a1b6-0c6dd2b6381e 1abd59c987884f6cade85eea314ed229 a6360cb6846c47a3917697451908763b - - default default] Unable to schedule network 37d59a85-4a19-4280-89ca-0160bc8ef128: no agents available; will retry on subsequent port and subnet creation events.
2026-04-16 18:42:27.275 7 INFO neutron.plugins.ml2.drivers.ovn.mech_driver.mech_driver [None req-9f2f5420-b927-442f-8bf7-bb742153e421 - - - - - -] OVN reports status down for port: e92c4236-04f7-411a-80a8-2260dcf108ef /var/lib/openstack/lib/python3.12/site-packages/pycadf/identifier.py:70: UserWarning: Invalid uuid: neutron. To ensure interoperability, identifiers should be a valid uuid. warnings.warn(('Invalid uuid: %s. To ensure interoperability, '
2026-04-16 18:42:27.332 7 INFO neutron.db.ovn_revision_numbers_db [None req-bfd7d162-fd1d-479d-a1b6-0c6dd2b6381e 1abd59c987884f6cade85eea314ed229 a6360cb6846c47a3917697451908763b - - default default] Successfully bumped revision number for resource e92c4236-04f7-411a-80a8-2260dcf108ef (type: ports) to 1 [pid: 7|app: 0|req: 1272/2407] 10.0.0.163 () {34 vars in 670 bytes} [Thu Apr 16 18:42:26 2026] POST /v2.0/networks => generated 651 bytes in 533 msecs (HTTP/1.1 201) 4 headers in 162 bytes (1 switches on core 0)
2026-04-16 18:42:27.481 8 INFO neutron.db.ovn_revision_numbers_db [None req-ebf48421-f709-44a1-8144-2fdf9b7f8704 d89589d986544e86aa01b23a689db32b c8fc30ae51774d21a325a51c55d1e764 - - default default] Successfully bumped revision number for resource 43daed11-936e-49b3-b418-ebc4c79ee956 (type: security_groups) to 1
2026-04-16 18:42:27.495 8 INFO neutron.db.ovn_revision_numbers_db [None req-ebf48421-f709-44a1-8144-2fdf9b7f8704 d89589d986544e86aa01b23a689db32b c8fc30ae51774d21a325a51c55d1e764 - - default default] Successfully bumped revision number for resource 5af1a4d4-80c7-453e-af7d-c413ab1275af (type: security_group_rules) to 0
2026-04-16 18:42:27.505 8 INFO neutron.db.ovn_revision_numbers_db [None req-ebf48421-f709-44a1-8144-2fdf9b7f8704 d89589d986544e86aa01b23a689db32b c8fc30ae51774d21a325a51c55d1e764 - - default default] Successfully bumped revision number for resource 8bf9de26-08b2-41c6-8097-e80cd9c2c922 (type: security_group_rules) to 0
2026-04-16 18:42:27.518 8 INFO neutron.db.ovn_revision_numbers_db [None req-ebf48421-f709-44a1-8144-2fdf9b7f8704 d89589d986544e86aa01b23a689db32b c8fc30ae51774d21a325a51c55d1e764 - - default default] Successfully bumped revision number for resource ae1222fc-ab71-4454-8528-8e3384442aa8 (type: security_group_rules) to 0
2026-04-16 18:42:27.529 8 INFO neutron.db.ovn_revision_numbers_db [None req-ebf48421-f709-44a1-8144-2fdf9b7f8704 d89589d986544e86aa01b23a689db32b c8fc30ae51774d21a325a51c55d1e764 - - default default] Successfully bumped revision number for resource afb7c0c5-6977-4772-8668-c8672c918ddf (type: security_group_rules) to 0
2026-04-16 18:42:27.627 8 INFO neutron.db.segments_db [None req-ebf48421-f709-44a1-8144-2fdf9b7f8704 d89589d986544e86aa01b23a689db32b c8fc30ae51774d21a325a51c55d1e764 - - default default] Added segment dca31b08-20b0-4474-b5a7-f91f2165f00f of type geneve for network 209c5bdd-e0a5-47d8-a0f8-6254da61be11
2026-04-16 18:42:27.641 7 WARNING neutron.scheduler.dhcp_agent_scheduler [None req-49838773-b8a2-4e2f-aa5d-317681dc1df7 1abd59c987884f6cade85eea314ed229 a6360cb6846c47a3917697451908763b - - default default] No more DHCP agents
2026-04-16 18:42:27.642 7 WARNING neutron.api.rpc.agentnotifiers.dhcp_rpc_agent_api [None req-49838773-b8a2-4e2f-aa5d-317681dc1df7 1abd59c987884f6cade85eea314ed229 a6360cb6846c47a3917697451908763b - - default default] Unable to schedule network 37d59a85-4a19-4280-89ca-0160bc8ef128: no agents available; will retry on subsequent port and subnet creation events.
2026-04-16 18:42:27.745 7 INFO neutron.plugins.ml2.drivers.ovn.mech_driver.mech_driver [None req-9f2f5420-b927-442f-8bf7-bb742153e421 - - - - - -] OVN reports status down for port: 6308d852-0836-4c63-a53a-d54d2d6351ac
2026-04-16 18:42:27.770 8 INFO neutron.db.ovn_revision_numbers_db [None req-ebf48421-f709-44a1-8144-2fdf9b7f8704 d89589d986544e86aa01b23a689db32b c8fc30ae51774d21a325a51c55d1e764 - - default default] Successfully bumped revision number for resource 209c5bdd-e0a5-47d8-a0f8-6254da61be11 (type: networks) to 1
2026-04-16 18:42:27.821 7 INFO neutron.db.ovn_revision_numbers_db [None req-49838773-b8a2-4e2f-aa5d-317681dc1df7 1abd59c987884f6cade85eea314ed229 a6360cb6846c47a3917697451908763b - - default default] Successfully bumped revision number for resource 6308d852-0836-4c63-a53a-d54d2d6351ac (type: ports) to 1 [pid: 7|app: 0|req: 1273/2408] 10.0.0.163 () {34 vars in 664 bytes} [Thu Apr 16 18:42:27 2026] POST /v2.0/ports => generated 743 bytes in 524 msecs (HTTP/1.1 201) 4 headers in 162 bytes (1 switches on core 0) /var/lib/openstack/lib/python3.12/site-packages/pycadf/identifier.py:70: UserWarning: Invalid uuid: neutron. To ensure interoperability, identifiers should be a valid uuid. warnings.warn(('Invalid uuid: %s. To ensure interoperability, '
2026-04-16 18:42:27.920 8 WARNING neutron.scheduler.dhcp_agent_scheduler [None req-ebf48421-f709-44a1-8144-2fdf9b7f8704 d89589d986544e86aa01b23a689db32b c8fc30ae51774d21a325a51c55d1e764 - - default default] No more DHCP agents
2026-04-16 18:42:27.922 8 WARNING neutron.api.rpc.agentnotifiers.dhcp_rpc_agent_api [None req-ebf48421-f709-44a1-8144-2fdf9b7f8704 d89589d986544e86aa01b23a689db32b c8fc30ae51774d21a325a51c55d1e764 - - default default] Unable to schedule network 209c5bdd-e0a5-47d8-a0f8-6254da61be11: no agents available; will retry on subsequent port and subnet creation events.
2026-04-16 18:42:27.979 8 INFO neutron.plugins.ml2.drivers.ovn.mech_driver.mech_driver [None req-25f39a8c-90da-4ac7-91d4-cf72bcb38bd3 - - - - - -] OVN reports status down for port: 97c220c8-461b-43d8-8243-969a8c77a7c5
2026-04-16 18:42:28.002 7 INFO neutron.db.segments_db [None req-a3d0d2ca-aa2e-4324-b4b6-6105b20a4758 1abd59c987884f6cade85eea314ed229 a6360cb6846c47a3917697451908763b - - default default] Added segment 8af36fbc-5c86-4ac5-856d-67914be89709 of type geneve for network 10a9a21b-80de-4319-a668-60f29c1d6cda
2026-04-16 18:42:28.041 8 INFO neutron.db.ovn_revision_numbers_db [None req-ebf48421-f709-44a1-8144-2fdf9b7f8704 d89589d986544e86aa01b23a689db32b c8fc30ae51774d21a325a51c55d1e764 - - default default] Successfully bumped revision number for resource 97c220c8-461b-43d8-8243-969a8c77a7c5 (type: ports) to 1 [pid: 8|app: 0|req: 1136/2409] 10.0.0.163 () {34 vars in 670 bytes} [Thu Apr 16 18:42:27 2026] POST /v2.0/networks => generated 659 bytes in 1006 msecs (HTTP/1.1 201) 4 headers in 162 bytes (1 switches on core 0)
2026-04-16 18:42:28.115 7 INFO neutron.db.ovn_revision_numbers_db [None req-a3d0d2ca-aa2e-4324-b4b6-6105b20a4758 1abd59c987884f6cade85eea314ed229 a6360cb6846c47a3917697451908763b - - default default] Successfully bumped revision number for resource 10a9a21b-80de-4319-a668-60f29c1d6cda (type: networks) to 1
2026-04-16 18:42:28.309 7 WARNING neutron.scheduler.dhcp_agent_scheduler [None req-a3d0d2ca-aa2e-4324-b4b6-6105b20a4758 1abd59c987884f6cade85eea314ed229 a6360cb6846c47a3917697451908763b - - default default] No more DHCP agents
2026-04-16 18:42:28.310 7 WARNING neutron.api.rpc.agentnotifiers.dhcp_rpc_agent_api [None req-a3d0d2ca-aa2e-4324-b4b6-6105b20a4758 1abd59c987884f6cade85eea314ed229 a6360cb6846c47a3917697451908763b - - default default] Unable to schedule network 10a9a21b-80de-4319-a668-60f29c1d6cda: no agents available; will retry on subsequent port and subnet creation events.
2026-04-16 18:42:28.334 8 WARNING neutron.scheduler.dhcp_agent_scheduler [None req-3581cad1-bd13-4fe5-9ffa-558c34b2cded d89589d986544e86aa01b23a689db32b c8fc30ae51774d21a325a51c55d1e764 - - default default] No more DHCP agents
2026-04-16 18:42:28.336 8 WARNING neutron.api.rpc.agentnotifiers.dhcp_rpc_agent_api [None req-3581cad1-bd13-4fe5-9ffa-558c34b2cded d89589d986544e86aa01b23a689db32b c8fc30ae51774d21a325a51c55d1e764 - - default default] Unable to schedule network 209c5bdd-e0a5-47d8-a0f8-6254da61be11: no agents available; will retry on subsequent port and subnet creation events.
2026-04-16 18:42:28.371 8 INFO neutron.plugins.ml2.drivers.ovn.mech_driver.mech_driver [None req-25f39a8c-90da-4ac7-91d4-cf72bcb38bd3 - - - - - -] OVN reports status down for port: f391ffe0-1d34-402e-95ce-f90094d144e0
2026-04-16 18:42:28.392 7 INFO neutron.db.ovn_revision_numbers_db [None req-a3d0d2ca-aa2e-4324-b4b6-6105b20a4758 1abd59c987884f6cade85eea314ed229 a6360cb6846c47a3917697451908763b - - default default] Successfully bumped revision number for resource f391ffe0-1d34-402e-95ce-f90094d144e0 (type: ports) to 1 [pid: 7|app: 0|req: 1274/2410] 10.0.0.163 () {34 vars in 670 bytes} [Thu Apr 16 18:42:27 2026] POST /v2.0/networks => generated 651 bytes in 507 msecs (HTTP/1.1 201) 4 headers in 162 bytes (1 switches on core 0)
2026-04-16 18:42:28.670 7 WARNING neutron.scheduler.dhcp_agent_scheduler [None req-6b48d5c5-eeca-4490-a76c-b481389688a8 1abd59c987884f6cade85eea314ed229 a6360cb6846c47a3917697451908763b - - default default] No more DHCP agents
2026-04-16 18:42:28.675 7 WARNING neutron.api.rpc.agentnotifiers.dhcp_rpc_agent_api [None req-6b48d5c5-eeca-4490-a76c-b481389688a8 1abd59c987884f6cade85eea314ed229 a6360cb6846c47a3917697451908763b - - default default] Unable to schedule network 10a9a21b-80de-4319-a668-60f29c1d6cda: no agents available; will retry on subsequent port and subnet creation events.
2026-04-16 18:42:28.752 8 INFO neutron.plugins.ml2.drivers.ovn.mech_driver.mech_driver [None req-25f39a8c-90da-4ac7-91d4-cf72bcb38bd3 - - - - - -] OVN reports status down for port: 934cd6e3-a587-4688-8218-d2f87dccb862
2026-04-16 18:42:28.781 7 INFO neutron.db.ovn_revision_numbers_db [None req-6b48d5c5-eeca-4490-a76c-b481389688a8 1abd59c987884f6cade85eea314ed229 a6360cb6846c47a3917697451908763b - - default default] Successfully bumped revision number for resource 934cd6e3-a587-4688-8218-d2f87dccb862 (type: ports) to 1 [pid: 7|app: 0|req: 1275/2411] 10.0.0.163 () {34 vars in 664 bytes} [Thu Apr 16 18:42:28 2026] POST /v2.0/ports => generated 743 bytes in 414 msecs (HTTP/1.1 201) 4 headers in 162 bytes (1 switches on core 0) /var/lib/openstack/lib/python3.12/site-packages/pycadf/identifier.py:70: UserWarning: Invalid uuid: neutron. To ensure interoperability, identifiers should be a valid uuid. warnings.warn(('Invalid uuid: %s. To ensure interoperability, '
2026-04-16 18:42:28.930 7 INFO neutron.db.segments_db [None req-13b38031-581f-4ffe-b58e-af242f2b0f33 1abd59c987884f6cade85eea314ed229 a6360cb6846c47a3917697451908763b - - default default] Added segment f6eb7f9a-ca8c-4121-9a45-ea7112ef495c of type geneve for network f480f709-4b0f-429e-98c1-e378bc73223d
2026-04-16 18:42:28.985 8 INFO neutron.db.ovn_revision_numbers_db [None req-0bd763fc-ba71-4043-a349-65b01020ae7a - - - - - -] Successfully bumped revision number for resource 97c220c8-461b-43d8-8243-969a8c77a7c5 (type: ports) to 2
2026-04-16 18:42:29.019 8 INFO neutron.db.ovn_revision_numbers_db [None req-0bd763fc-ba71-4043-a349-65b01020ae7a - - - - - -] Successfully bumped revision number for resource 38093726-5b20-48b1-b1aa-ef2a686d91e8 (type: subnets) to 0 [pid: 8|app: 0|req: 1137/2412] 10.0.0.163 () {34 vars in 669 bytes} [Thu Apr 16 18:42:28 2026] POST /v2.0/subnets => generated 658 bytes in 953 msecs (HTTP/1.1 201) 4 headers in 162 bytes (1 switches on core 0)
2026-04-16 18:42:29.059 7 INFO neutron.db.ovn_revision_numbers_db [None req-13b38031-581f-4ffe-b58e-af242f2b0f33 1abd59c987884f6cade85eea314ed229 a6360cb6846c47a3917697451908763b - - default default] Successfully bumped revision number for resource f480f709-4b0f-429e-98c1-e378bc73223d (type: networks) to 1 [pid: 8|app: 0|req: 1138/2413] 10.0.0.163 () {32 vars in 722 bytes} [Thu Apr 16 18:42:29 2026] GET /v2.0/subnetpools?name=shared-default-subnetpool-v6 => generated 19 bytes in 36 msecs (HTTP/1.1 200) 4 headers in 156 bytes (1 switches on core 0)
2026-04-16 18:42:29.231 7 WARNING neutron.scheduler.dhcp_agent_scheduler [None req-13b38031-581f-4ffe-b58e-af242f2b0f33 1abd59c987884f6cade85eea314ed229 a6360cb6846c47a3917697451908763b - - default default] No more DHCP agents
2026-04-16 18:42:29.232 7 WARNING neutron.api.rpc.agentnotifiers.dhcp_rpc_agent_api [None req-13b38031-581f-4ffe-b58e-af242f2b0f33 1abd59c987884f6cade85eea314ed229 a6360cb6846c47a3917697451908763b - - default default] Unable to schedule network f480f709-4b0f-429e-98c1-e378bc73223d: no agents available; will retry on subsequent port and subnet creation events.
2026-04-16 18:42:29.283 8 WARNING neutron.scheduler.dhcp_agent_scheduler [None req-217e8f26-4d05-4349-9c3d-e13776990359 d89589d986544e86aa01b23a689db32b c8fc30ae51774d21a325a51c55d1e764 - - default default] No more DHCP agents
2026-04-16 18:42:29.288 8 WARNING neutron.api.rpc.agentnotifiers.dhcp_rpc_agent_api [None req-217e8f26-4d05-4349-9c3d-e13776990359 d89589d986544e86aa01b23a689db32b c8fc30ae51774d21a325a51c55d1e764 - - default default] Unable to schedule network 209c5bdd-e0a5-47d8-a0f8-6254da61be11: no agents available; will retry on subsequent port and subnet creation events.
2026-04-16 18:42:29.294 8 INFO neutron.plugins.ml2.drivers.ovn.mech_driver.mech_driver [None req-25f39a8c-90da-4ac7-91d4-cf72bcb38bd3 - - - - - -] OVN reports status down for port: 117fa6f7-1a81-43f2-a624-f70b4a6eb7ee
2026-04-16 18:42:29.332 7 INFO neutron.db.ovn_revision_numbers_db [None req-13b38031-581f-4ffe-b58e-af242f2b0f33 1abd59c987884f6cade85eea314ed229 a6360cb6846c47a3917697451908763b - - default default] Successfully bumped revision number for resource 117fa6f7-1a81-43f2-a624-f70b4a6eb7ee (type: ports) to 1 [pid: 7|app: 0|req: 1276/2414] 10.0.0.163 () {34 vars in 670 bytes} [Thu Apr 16 18:42:28 2026] POST /v2.0/networks => generated 650 bytes in 515 msecs (HTTP/1.1 201) 4 headers in 162 bytes (1 switches on core 0)
2026-04-16 18:42:29.359 8 INFO neutron.db.ovn_revision_numbers_db [None req-217e8f26-4d05-4349-9c3d-e13776990359 d89589d986544e86aa01b23a689db32b c8fc30ae51774d21a325a51c55d1e764 - - default default] Successfully bumped revision number for resource 706c3410-434a-466b-9092-6d68caf3fe97 (type: subnets) to 0 [pid: 8|app: 0|req: 1139/2415] 10.0.0.163 () {34 vars in 669 bytes} [Thu Apr 16 18:42:29 2026] POST /v2.0/subnets => generated 731 bytes in 303 msecs (HTTP/1.1 201) 4 headers in 162 bytes (1 switches on core 0)
2026-04-16 18:42:29.505 8 INFO neutron.db.segments_db [None req-e235d384-bdb5-43c7-862d-0dfee800d300 d89589d986544e86aa01b23a689db32b c8fc30ae51774d21a325a51c55d1e764 - - default default] Added segment 4178f408-9bfc-4f99-b544-43c7e5ffcd3f of type geneve for network 6844212d-2b0f-4b38-8426-90f553700527
2026-04-16 18:42:29.597 7 WARNING neutron.scheduler.dhcp_agent_scheduler [None req-f0cdf264-1c7f-48fa-977c-9d5e0979cb2a 1abd59c987884f6cade85eea314ed229 a6360cb6846c47a3917697451908763b - - default default] No more DHCP agents
2026-04-16 18:42:29.602 7 WARNING neutron.api.rpc.agentnotifiers.dhcp_rpc_agent_api [None req-f0cdf264-1c7f-48fa-977c-9d5e0979cb2a 1abd59c987884f6cade85eea314ed229 a6360cb6846c47a3917697451908763b - - default default] Unable to schedule network f480f709-4b0f-429e-98c1-e378bc73223d: no agents available; will retry on subsequent port and subnet creation events.
2026-04-16 18:42:29.626 8 INFO neutron.db.ovn_revision_numbers_db [None req-e235d384-bdb5-43c7-862d-0dfee800d300 d89589d986544e86aa01b23a689db32b c8fc30ae51774d21a325a51c55d1e764 - - default default] Successfully bumped revision number for resource 6844212d-2b0f-4b38-8426-90f553700527 (type: networks) to 1
2026-04-16 18:42:29.686 8 INFO neutron.plugins.ml2.drivers.ovn.mech_driver.mech_driver [None req-25f39a8c-90da-4ac7-91d4-cf72bcb38bd3 - - - - - -] OVN reports status down for port: aaada546-4fef-4207-a624-bfaf0b943743
2026-04-16 18:42:29.703 7 INFO neutron.db.ovn_revision_numbers_db [None req-f0cdf264-1c7f-48fa-977c-9d5e0979cb2a 1abd59c987884f6cade85eea314ed229 a6360cb6846c47a3917697451908763b - - default default] Successfully bumped revision number for resource aaada546-4fef-4207-a624-bfaf0b943743 (type: ports) to 1 [pid: 7|app: 0|req: 1277/2416] 10.0.0.163 () {34 vars in 664 bytes} [Thu Apr 16 18:42:29 2026] POST /v2.0/ports => generated 743 bytes in 390 msecs (HTTP/1.1 201) 4 headers in 162 bytes (1 switches on core 0) /var/lib/openstack/lib/python3.12/site-packages/pycadf/identifier.py:70: UserWarning: Invalid uuid: neutron. To ensure interoperability, identifiers should be a valid uuid. warnings.warn(('Invalid uuid: %s. To ensure interoperability, ' [pid: 7|app: 0|req: 1278/2417] 10.0.0.163 () {34 vars in 747 bytes} [Thu Apr 16 18:42:29 2026] PUT /v2.0/ports/28e2c1a0-ed1a-4895-9791-b841ee23393d/tags => generated 17 bytes in 70 msecs (HTTP/1.1 200) 4 headers in 156 bytes (1 switches on core 0) /var/lib/openstack/lib/python3.12/site-packages/pycadf/identifier.py:70: UserWarning: Invalid uuid: neutron. To ensure interoperability, identifiers should be a valid uuid. warnings.warn(('Invalid uuid: %s. To ensure interoperability, '
2026-04-16 18:42:29.884 8 WARNING neutron.scheduler.dhcp_agent_scheduler [None req-e235d384-bdb5-43c7-862d-0dfee800d300 d89589d986544e86aa01b23a689db32b c8fc30ae51774d21a325a51c55d1e764 - - default default] No more DHCP agents
2026-04-16 18:42:29.885 8 WARNING neutron.api.rpc.agentnotifiers.dhcp_rpc_agent_api [None req-e235d384-bdb5-43c7-862d-0dfee800d300 d89589d986544e86aa01b23a689db32b c8fc30ae51774d21a325a51c55d1e764 - - default default] Unable to schedule network 6844212d-2b0f-4b38-8426-90f553700527: no agents available; will retry on subsequent port and subnet creation events. [pid: 7|app: 0|req: 1279/2418] 10.0.0.163 () {34 vars in 747 bytes} [Thu Apr 16 18:42:29 2026] PUT /v2.0/ports/0c521563-d1a5-4189-a3be-436ebd0b63e7/tags => generated 25 bytes in 59 msecs (HTTP/1.1 200) 4 headers in 156 bytes (1 switches on core 0) /var/lib/openstack/lib/python3.12/site-packages/pycadf/identifier.py:70: UserWarning: Invalid uuid: neutron. To ensure interoperability, identifiers should be a valid uuid. warnings.warn(('Invalid uuid: %s. To ensure interoperability, '
2026-04-16 18:42:29.942 8 INFO neutron.plugins.ml2.drivers.ovn.mech_driver.mech_driver [None req-25f39a8c-90da-4ac7-91d4-cf72bcb38bd3 - - - - - -] OVN reports status down for port: 74e14213-cc25-41ff-a552-313bc2b6fb61 [pid: 7|app: 0|req: 1280/2419] 10.0.0.163 () {34 vars in 747 bytes} [Thu Apr 16 18:42:29 2026] PUT /v2.0/ports/6308d852-0836-4c63-a53a-d54d2d6351ac/tags => generated 34 bytes in 97 msecs (HTTP/1.1 200) 4 headers in 156 bytes (1 switches on core 0) /var/lib/openstack/lib/python3.12/site-packages/pycadf/identifier.py:70: UserWarning: Invalid uuid: neutron. To ensure interoperability, identifiers should be a valid uuid. warnings.warn(('Invalid uuid: %s. To ensure interoperability, '
2026-04-16 18:42:30.003 8 INFO neutron.db.ovn_revision_numbers_db [None req-e235d384-bdb5-43c7-862d-0dfee800d300 d89589d986544e86aa01b23a689db32b c8fc30ae51774d21a325a51c55d1e764 - - default default] Successfully bumped revision number for resource 74e14213-cc25-41ff-a552-313bc2b6fb61 (type: ports) to 1 [pid: 8|app: 0|req: 1140/2420] 10.0.0.163 () {34 vars in 670 bytes} [Thu Apr 16 18:42:29 2026] POST /v2.0/networks => generated 656 bytes in 656 msecs (HTTP/1.1 201) 4 headers in 162 bytes (1 switches on core 0) [pid: 7|app: 0|req: 1281/2421] 10.0.0.163 () {34 vars in 747 bytes} [Thu Apr 16 18:42:29 2026] PUT /v2.0/ports/934cd6e3-a587-4688-8218-d2f87dccb862/tags => generated 19 bytes in 62 msecs (HTTP/1.1 200) 4 headers in 156 bytes (1 switches on core 0) /var/lib/openstack/lib/python3.12/site-packages/pycadf/identifier.py:70: UserWarning: Invalid uuid: neutron. To ensure interoperability, identifiers should be a valid uuid. warnings.warn(('Invalid uuid: %s. To ensure interoperability, ' [pid: 7|app: 0|req: 1282/2422] 10.0.0.163 () {32 vars in 660 bytes} [Thu Apr 16 18:42:30 2026] GET /v2.0/ports?tags=red => generated 2253 bytes in 130 msecs (HTTP/1.1 200) 4 headers in 158 bytes (1 switches on core 0)
2026-04-16 18:42:30.242 8 WARNING neutron.scheduler.dhcp_agent_scheduler [None req-d679d618-9f52-47ad-802d-ed63c4a1ade1 d89589d986544e86aa01b23a689db32b c8fc30ae51774d21a325a51c55d1e764 - - default default] No more DHCP agents
2026-04-16 18:42:30.244 8 WARNING neutron.api.rpc.agentnotifiers.dhcp_rpc_agent_api [None req-d679d618-9f52-47ad-802d-ed63c4a1ade1 d89589d986544e86aa01b23a689db32b c8fc30ae51774d21a325a51c55d1e764 - - default default] Unable to schedule network 6844212d-2b0f-4b38-8426-90f553700527: no agents available; will retry on subsequent port and subnet creation events. [pid: 7|app: 0|req: 1283/2423] 10.0.0.163 () {32 vars in 674 bytes} [Thu Apr 16 18:42:30 2026] GET /v2.0/ports?tags=red%2Cblue => generated 1513 bytes in 65 msecs (HTTP/1.1 200) 4 headers in 158 bytes (1 switches on core 0) [pid: 7|app: 0|req: 1286/2426] 10.0.0.163 () {32 vars in 670 bytes} [Thu Apr 16 18:42:30 2026] GET /v2.0/ports?tags-any=blue => generated 1513 bytes in 61 msecs (HTTP/1.1 200) 4 headers in 158 bytes (1 switches on core 0) [pid: 7|app: 0|req: 1287/2427] 10.0.0.163 () {32 vars in 682 bytes} [Thu Apr 16 18:42:30 2026] GET /v2.0/ports?tags-any=red%2Cblue => generated 2253 bytes in 40 msecs (HTTP/1.1 200) 4 headers in 158 bytes (1 switches on core 0) [pid: 7|app: 0|req: 1288/2428] 10.0.0.163 () {32 vars in 668 bytes} [Thu Apr 16 18:42:30 2026] GET /v2.0/ports?not-tags=red => generated 5268 bytes in 82 msecs (HTTP/1.1 200) 4 headers in 158 bytes (1 switches on core 0) [pid: 7|app: 0|req: 1289/2429] 10.0.0.163 () {32 vars in 682 bytes} [Thu Apr 16 18:42:30 2026] GET /v2.0/ports?not-tags=red%2Cblue => generated 6008 bytes in 88 msecs (HTTP/1.1 200) 4 headers in 158 bytes (1 switches on core 0) [pid: 7|app: 0|req: 1290/2430] 10.0.0.191 () {34 vars in 990 bytes} [Thu Apr 16 18:42:30 2026] GET /v2.0/ports?device_id=3d584ae3-0e3a-411b-9b45-a0d28dc870c7 => generated 1213 bytes in 32 msecs (HTTP/1.1 200) 4 headers in 158 bytes (1 switches on core 0) [pid: 7|app: 0|req: 1291/2431] 10.0.0.163 () {32 vars in 678 bytes} [Thu Apr 16 18:42:30 2026] GET /v2.0/ports?not-tags-any=blue => generated 6008 bytes in 94 msecs (HTTP/1.1 200) 4 headers in 158 bytes (1 switches on core 0) [pid: 7|app: 0|req: 1292/2432] 10.0.0.191 () {34 vars in 1040 bytes} [Thu Apr 16 18:42:30 2026] GET /v2.0/security-groups?id=c20a7743-f3ba-4552-b135-e509e652b356&fields=id&fields=name => generated 113 bytes in 30 msecs (HTTP/1.1 200) 4 headers in 157 bytes (1 switches on core 0)
2026-04-16 18:42:30.742 8 INFO neutron.db.ovn_revision_numbers_db [None req-90b9373d-e6fa-448d-96fa-bcc90e54ec6f - - - - - -] Successfully bumped revision number for resource 74e14213-cc25-41ff-a552-313bc2b6fb61 (type: ports) to 2
2026-04-16 18:42:30.776 8 INFO neutron.db.ovn_revision_numbers_db [None req-90b9373d-e6fa-448d-96fa-bcc90e54ec6f - - - - - -] Successfully bumped revision number for resource 421f9c6a-2c73-4133-a077-5c497990a9c4 (type: subnets) to 0 [pid: 7|app: 0|req: 1293/2433] 10.0.0.163 () {32 vars in 690 bytes} [Thu Apr 16 18:42:30 2026] GET /v2.0/ports?not-tags-any=red%2Cblue => generated 5268 bytes in 64 msecs (HTTP/1.1 200) 4 headers in 158 bytes (1 switches on core 0) [pid: 8|app: 0|req: 1141/2434] 10.0.0.163 () {34 vars in 669 bytes} [Thu Apr 16 18:42:30 2026] POST /v2.0/subnets => generated 655 bytes in 746 msecs (HTTP/1.1 201) 4 headers in 162 bytes (1 switches on core 0)
2026-04-16 18:42:30.900 7 INFO neutron_taas.services.taas.taas_plugin [None req-427cfcd2-7db3-4538-8f3a-b62dcd834f9d 1abd59c987884f6cade85eea314ed229 a6360cb6846c47a3917697451908763b - - default default] TaaS: Handle Delete Port: 28e2c1a0-ed1a-4895-9791-b841ee23393d
2026-04-16 18:42:30.904 7 INFO neutron_taas.services.taas.tap_mirror_plugin [None req-427cfcd2-7db3-4538-8f3a-b62dcd834f9d 1abd59c987884f6cade85eea314ed229 a6360cb6846c47a3917697451908763b - - default default] Tap Mirror: Handle Delete Port: 28e2c1a0-ed1a-4895-9791-b841ee23393d [pid: 7|app: 0|req: 1294/2435] 10.0.0.163 () {32 vars in 720 bytes} [Thu Apr 16 18:42:30 2026] DELETE /v2.0/ports/28e2c1a0-ed1a-4895-9791-b841ee23393d => generated 0 bytes in 235 msecs (HTTP/1.1 204) 3 headers in 131 bytes (1 switches on core 0)
2026-04-16 18:42:31.032 8 WARNING neutron.scheduler.dhcp_agent_scheduler [None req-2c1ecbcc-ab99-4fa0-8058-2539e95b2f8a d89589d986544e86aa01b23a689db32b c8fc30ae51774d21a325a51c55d1e764 - - default default] No more DHCP agents
2026-04-16 18:42:31.033 8 WARNING neutron.api.rpc.agentnotifiers.dhcp_rpc_agent_api [None req-2c1ecbcc-ab99-4fa0-8058-2539e95b2f8a d89589d986544e86aa01b23a689db32b c8fc30ae51774d21a325a51c55d1e764 - - default default] Unable to schedule network 6844212d-2b0f-4b38-8426-90f553700527: no agents available; will retry on subsequent port and subnet creation events.
2026-04-16 18:42:31.067 8 INFO neutron.db.ovn_revision_numbers_db [None req-2c1ecbcc-ab99-4fa0-8058-2539e95b2f8a d89589d986544e86aa01b23a689db32b c8fc30ae51774d21a325a51c55d1e764 - - default default] Successfully bumped revision number for resource e0660d7e-ca59-41a6-aabe-4b8db204df43 (type: subnets) to 0 [pid: 8|app: 0|req: 1142/2436] 10.0.0.163 () {34 vars in 669 bytes} [Thu Apr 16 18:42:30 2026] POST /v2.0/subnets => generated 725 bytes in 289 msecs (HTTP/1.1 201) 4 headers in 162 bytes (1 switches on core 0)
2026-04-16 18:42:31.142 7 INFO neutron_taas.services.taas.taas_plugin [None req-a46f75df-8f43-4fb5-946d-0f9a18a47df8 1abd59c987884f6cade85eea314ed229 a6360cb6846c47a3917697451908763b - - default default] TaaS: Handle Delete Port: 0c521563-d1a5-4189-a3be-436ebd0b63e7
2026-04-16 18:42:31.144 7 INFO neutron_taas.services.taas.tap_mirror_plugin [None req-a46f75df-8f43-4fb5-946d-0f9a18a47df8 1abd59c987884f6cade85eea314ed229 a6360cb6846c47a3917697451908763b - - default default] Tap Mirror: Handle Delete Port: 0c521563-d1a5-4189-a3be-436ebd0b63e7
2026-04-16 18:42:31.210 8 INFO neutron.db.segments_db [None req-60ba38d4-0795-4116-9417-68684052b5e7 d89589d986544e86aa01b23a689db32b c8fc30ae51774d21a325a51c55d1e764 - - default default] Added segment fe594888-51d6-4832-aff6-f6ecfb5e2876 of type geneve for network da0b9bd8-d029-4758-987a-3c8bf8c443fb [pid: 7|app: 0|req: 1295/2437] 10.0.0.163 () {32 vars in 720 bytes} [Thu Apr 16 18:42:31 2026] DELETE /v2.0/ports/0c521563-d1a5-4189-a3be-436ebd0b63e7 => generated 0 bytes in 241 msecs (HTTP/1.1 204) 3 headers in 131 bytes (1 switches on core 0)
2026-04-16 18:42:31.354 8 INFO neutron.db.ovn_revision_numbers_db [None req-60ba38d4-0795-4116-9417-68684052b5e7 d89589d986544e86aa01b23a689db32b c8fc30ae51774d21a325a51c55d1e764 - - default default] Successfully bumped revision number for resource da0b9bd8-d029-4758-987a-3c8bf8c443fb (type: networks) to 1
2026-04-16 18:42:31.400 7 INFO neutron_taas.services.taas.taas_plugin [None req-daeb4c54-2102-4246-a70e-24504a7a4e30 1abd59c987884f6cade85eea314ed229 a6360cb6846c47a3917697451908763b - - default default] TaaS: Handle Delete Port: 6308d852-0836-4c63-a53a-d54d2d6351ac
2026-04-16 18:42:31.411 7 INFO neutron_taas.services.taas.tap_mirror_plugin [None req-daeb4c54-2102-4246-a70e-24504a7a4e30 1abd59c987884f6cade85eea314ed229 a6360cb6846c47a3917697451908763b - - default default] Tap Mirror: Handle Delete Port: 6308d852-0836-4c63-a53a-d54d2d6351ac
2026-04-16 18:42:31.571 8 WARNING neutron.scheduler.dhcp_agent_scheduler [None req-60ba38d4-0795-4116-9417-68684052b5e7 d89589d986544e86aa01b23a689db32b c8fc30ae51774d21a325a51c55d1e764 - - default default] No more DHCP agents [pid: 7|app: 0|req: 1296/2438] 10.0.0.163 () {32 vars in 720 bytes} [Thu Apr 16 18:42:31 2026] DELETE /v2.0/ports/6308d852-0836-4c63-a53a-d54d2d6351ac => generated 0 bytes in 297 msecs (HTTP/1.1 204) 3 headers in 131 bytes (1 switches on core 0)
2026-04-16 18:42:31.572 8 WARNING neutron.api.rpc.agentnotifiers.dhcp_rpc_agent_api [None req-60ba38d4-0795-4116-9417-68684052b5e7 d89589d986544e86aa01b23a689db32b c8fc30ae51774d21a325a51c55d1e764 - - default default] Unable to schedule network da0b9bd8-d029-4758-987a-3c8bf8c443fb: no agents available; will retry on subsequent port and subnet creation events.
2026-04-16 18:42:31.644 7 INFO neutron.plugins.ml2.drivers.ovn.mech_driver.mech_driver [None req-9f2f5420-b927-442f-8bf7-bb742153e421 - - - - - -] OVN reports status down for port: 71ce4742-4ee0-43a0-a2a2-936cfed10407
2026-04-16 18:42:31.648 8 INFO neutron.db.ovn_revision_numbers_db [None req-60ba38d4-0795-4116-9417-68684052b5e7 d89589d986544e86aa01b23a689db32b c8fc30ae51774d21a325a51c55d1e764 - - default default] Successfully bumped revision number for resource 71ce4742-4ee0-43a0-a2a2-936cfed10407 (type: ports) to 1 [pid: 8|app: 0|req: 1143/2439] 10.0.0.163 () {34 vars in 670 bytes} [Thu Apr 16 18:42:31 2026] POST /v2.0/networks => generated 657 bytes in 573 msecs (HTTP/1.1 201) 4 headers in 162 bytes (1 switches on core 0)
2026-04-16 18:42:31.766 7 INFO neutron_taas.services.taas.taas_plugin [None req-0d9448dc-3fee-421d-9cec-6f4c4ad566e7 1abd59c987884f6cade85eea314ed229 a6360cb6846c47a3917697451908763b - - default default] TaaS: Handle Delete Port: 934cd6e3-a587-4688-8218-d2f87dccb862
2026-04-16 18:42:31.770 7 INFO neutron_taas.services.taas.tap_mirror_plugin [None req-0d9448dc-3fee-421d-9cec-6f4c4ad566e7 1abd59c987884f6cade85eea314ed229 a6360cb6846c47a3917697451908763b - - default default] Tap Mirror: Handle Delete Port: 934cd6e3-a587-4688-8218-d2f87dccb862
2026-04-16 18:42:31.893 8 WARNING neutron.scheduler.dhcp_agent_scheduler [None req-7ab46fe5-fd1f-4257-976a-86bc0a397303 d89589d986544e86aa01b23a689db32b c8fc30ae51774d21a325a51c55d1e764 - - default default] No more DHCP agents
2026-04-16 18:42:31.894 8 WARNING neutron.api.rpc.agentnotifiers.dhcp_rpc_agent_api [None req-7ab46fe5-fd1f-4257-976a-86bc0a397303 d89589d986544e86aa01b23a689db32b c8fc30ae51774d21a325a51c55d1e764 - - default default] Unable to schedule network da0b9bd8-d029-4758-987a-3c8bf8c443fb: no agents available; will retry on subsequent port and subnet creation events. [pid: 7|app: 0|req: 1297/2440] 10.0.0.163 () {32 vars in 720 bytes} [Thu Apr 16 18:42:31 2026] DELETE /v2.0/ports/934cd6e3-a587-4688-8218-d2f87dccb862 => generated 0 bytes in 326 msecs (HTTP/1.1 204) 3 headers in 131 bytes (1 switches on core 0)
2026-04-16 18:42:32.049 7 INFO neutron_taas.services.taas.taas_plugin [None req-dd93c2a3-b695-4696-8a97-f20ec7853b38 1abd59c987884f6cade85eea314ed229 a6360cb6846c47a3917697451908763b - - default default] TaaS: Handle Delete Port: aaada546-4fef-4207-a624-bfaf0b943743
2026-04-16 18:42:32.052 7 INFO neutron_taas.services.taas.tap_mirror_plugin [None req-dd93c2a3-b695-4696-8a97-f20ec7853b38 1abd59c987884f6cade85eea314ed229 a6360cb6846c47a3917697451908763b - - default default] Tap Mirror: Handle Delete Port: aaada546-4fef-4207-a624-bfaf0b943743 [pid: 7|app: 0|req: 1298/2441] 10.0.0.163 () {32 vars in 720 bytes} [Thu Apr 16 18:42:31 2026] DELETE /v2.0/ports/aaada546-4fef-4207-a624-bfaf0b943743 => generated 0 bytes in 257 msecs (HTTP/1.1 204) 3 headers in 131 bytes (1 switches on core 0)
2026-04-16 18:42:32.290 7 INFO neutron_taas.services.taas.taas_plugin [None req-56a74f5f-3972-4eaf-b19a-b4cec2b5541b 1abd59c987884f6cade85eea314ed229 a6360cb6846c47a3917697451908763b - - default default] TaaS: Handle Delete Port: fe3be75b-9909-4dc2-82c4-1d1352e4e992
2026-04-16 18:42:32.294 7 INFO neutron_taas.services.taas.tap_mirror_plugin [None req-56a74f5f-3972-4eaf-b19a-b4cec2b5541b 1abd59c987884f6cade85eea314ed229 a6360cb6846c47a3917697451908763b - - default default] Tap Mirror: Handle Delete Port: fe3be75b-9909-4dc2-82c4-1d1352e4e992
2026-04-16 18:42:32.329 8 INFO neutron.db.ovn_revision_numbers_db [None req-8e199b7b-3e20-42db-9ab8-c04bf581508a - - - - - -] Successfully bumped revision number for resource 71ce4742-4ee0-43a0-a2a2-936cfed10407 (type: ports) to 2
2026-04-16 18:42:32.359 8 INFO neutron.db.ovn_revision_numbers_db [None req-8e199b7b-3e20-42db-9ab8-c04bf581508a - - - - - -] Successfully bumped revision number for resource 69290e83-4ca4-49c1-ae42-22afb8f65ea7 (type: subnets) to 0 [pid: 8|app: 0|req: 1144/2442] 10.0.0.163 () {34 vars in 669 bytes} [Thu Apr 16 18:42:31 2026] POST /v2.0/subnets => generated 656 bytes in 695 msecs (HTTP/1.1 201) 4 headers in 162 bytes (1 switches on core 0)
2026-04-16 18:42:32.506 7 INFO neutron.services.segments.plugin [-] Segment 60f43fee-f511-416d-9173-9135de68b5f5 resource provider aggregate not found
2026-04-16 18:42:32.510 7 INFO neutron.services.segments.plugin [-] Segment 60f43fee-f511-416d-9173-9135de68b5f5 resource provider aggregate not found
2026-04-16 18:42:32.529 7 INFO neutron.services.segments.plugin [-] Segment 60f43fee-f511-416d-9173-9135de68b5f5 resource provider not found; error: Placement Client Error (4xx): {"errors": [{"status": 404, "title": "Not Found", "detail": "The resource could not be found.\n\n No resource provider with uuid 60f43fee-f511-416d-9173-9135de68b5f5 found for delete ", "request_id": "req-9b43c2ff-31f8-4897-9b85-f93977d73d31"}]}
2026-04-16 18:42:32.535 7 INFO neutron.services.segments.plugin [-] Segment 60f43fee-f511-416d-9173-9135de68b5f5 resource provider not found; error: Placement Client Error (4xx): {"errors": [{"status": 404, "title": "Not Found", "detail": "The resource could not be found.\n\n No resource provider with uuid 60f43fee-f511-416d-9173-9135de68b5f5 found for delete ", "request_id": "req-f3403e75-4faf-4536-bc53-a161d8239e90"}]} [pid: 7|app: 0|req: 1299/2443] 10.0.0.163 () {32 vars in 726 bytes} [Thu Apr 16 18:42:32 2026] DELETE /v2.0/networks/f06be3d6-0203-4398-ad92-2496026e5a4c => generated 0 bytes in 389 msecs (HTTP/1.1 204) 3 headers in 131 bytes (1 switches on core 0)
2026-04-16 18:42:32.601 8 WARNING neutron.scheduler.dhcp_agent_scheduler [None req-aa1a562e-ac07-47b2-87c2-48c636379710 d89589d986544e86aa01b23a689db32b c8fc30ae51774d21a325a51c55d1e764 - - default default] No more DHCP agents
2026-04-16 18:42:32.603 8 WARNING neutron.api.rpc.agentnotifiers.dhcp_rpc_agent_api [None req-aa1a562e-ac07-47b2-87c2-48c636379710 d89589d986544e86aa01b23a689db32b c8fc30ae51774d21a325a51c55d1e764 - - default default] Unable to schedule network da0b9bd8-d029-4758-987a-3c8bf8c443fb: no agents available; will retry on subsequent port and subnet creation events.
2026-04-16 18:42:32.629 8 INFO neutron.db.ovn_revision_numbers_db [None req-aa1a562e-ac07-47b2-87c2-48c636379710 d89589d986544e86aa01b23a689db32b c8fc30ae51774d21a325a51c55d1e764 - - default default] Successfully bumped revision number for resource 77662d61-00d6-4fc5-b4b3-54f13c7531b5 (type: subnets) to 0 [pid: 8|app: 0|req: 1145/2444] 10.0.0.163 () {34 vars in 669 bytes} [Thu Apr 16 18:42:32 2026] POST /v2.0/subnets => generated 729 bytes in 261 msecs (HTTP/1.1 201) 4 headers in 162 bytes (1 switches on core 0)
2026-04-16 18:42:32.705 7 INFO neutron_taas.services.taas.taas_plugin [None req-7ddfeea0-c079-4f44-958a-75b74005e5c1 1abd59c987884f6cade85eea314ed229 a6360cb6846c47a3917697451908763b - - default default] TaaS: Handle Delete Port: 0c35a77b-3f25-4df9-b91d-72b283644183
2026-04-16 18:42:32.709 7 INFO neutron_taas.services.taas.tap_mirror_plugin [None req-7ddfeea0-c079-4f44-958a-75b74005e5c1 1abd59c987884f6cade85eea314ed229 a6360cb6846c47a3917697451908763b - - default default] Tap Mirror: Handle Delete Port: 0c35a77b-3f25-4df9-b91d-72b283644183 [pid: 8|app: 0|req: 1146/2445] 10.0.0.163 () {32 vars in 826 bytes} [Thu Apr 16 18:42:32 2026] GET /v2.0/ports?project_id=9681cc00c4264621b250c5eb659bd124&network_id=4fb7f3ea-25bb-40bc-b431-2ba2c0d450a9 => generated 3319 bytes in 73 msecs (HTTP/1.1 200) 4 headers in 158 bytes (1 switches on core 0) [pid: 7|app: 0|req: 1300/2446] 10.0.0.163 () {32 vars in 726 bytes} [Thu Apr 16 18:42:32 2026] DELETE /v2.0/networks/a5f0b33d-76dd-495b-90d4-1f9031f3665a => generated 0 bytes in 344 msecs (HTTP/1.1 204) 3 headers in 131 bytes (1 switches on core 0)
2026-04-16 18:42:33.016 7 INFO neutron_taas.services.taas.taas_plugin [None req-5c7ca94e-5581-4c10-9ccb-25ff1d04d7d9 1abd59c987884f6cade85eea314ed229 a6360cb6846c47a3917697451908763b - - default default] TaaS: Handle Delete Port: e92c4236-04f7-411a-80a8-2260dcf108ef
2026-04-16 18:42:33.019 7 INFO neutron_taas.services.taas.tap_mirror_plugin [None req-5c7ca94e-5581-4c10-9ccb-25ff1d04d7d9 1abd59c987884f6cade85eea314ed229 a6360cb6846c47a3917697451908763b - - default default] Tap Mirror: Handle Delete Port: e92c4236-04f7-411a-80a8-2260dcf108ef
2026-04-16 18:42:33.201 8 WARNING neutron.scheduler.dhcp_agent_scheduler [None req-5bb3a241-21d8-4d5e-ac5c-65d66d5b3333 d89589d986544e86aa01b23a689db32b c8fc30ae51774d21a325a51c55d1e764 - - default default] No more DHCP agents
2026-04-16 18:42:33.203 8 WARNING neutron.api.rpc.agentnotifiers.dhcp_rpc_agent_api [None req-5bb3a241-21d8-4d5e-ac5c-65d66d5b3333 d89589d986544e86aa01b23a689db32b c8fc30ae51774d21a325a51c55d1e764 - - default default] Unable to schedule network 68c07e7a-abc1-4fb8-83af-7071eb76dd80: no agents available; will retry on subsequent port and subnet creation events. [pid: 7|app: 0|req: 1301/2447] 10.0.0.163 () {32 vars in 726 bytes} [Thu Apr 16 18:42:32 2026] DELETE /v2.0/networks/37d59a85-4a19-4280-89ca-0160bc8ef128 => generated 0 bytes in 299 msecs (HTTP/1.1 204) 3 headers in 131 bytes (1 switches on core 0) [pid: 7|app: 0|req: 1302/2448] 10.0.0.163 () {32 vars in 742 bytes} [Thu Apr 16 18:42:33 2026] GET /v2.0/subnets?network_id=68c07e7a-abc1-4fb8-83af-7071eb76dd80 => generated 667 bytes in 28 msecs (HTTP/1.1 200) 4 headers in 157 bytes (1 switches on core 0)
2026-04-16 18:42:33.322 8 INFO neutron.plugins.ml2.drivers.ovn.mech_driver.mech_driver [None req-25f39a8c-90da-4ac7-91d4-cf72bcb38bd3 - - - - - -] OVN reports status down for port: 5608e888-33a0-44a0-a43b-c57b7c17f79b
2026-04-16 18:42:33.367 7 INFO neutron_taas.services.taas.taas_plugin [None req-83f02651-8f8d-4229-a1c4-ed494253eb38 1abd59c987884f6cade85eea314ed229 a6360cb6846c47a3917697451908763b - - default default] TaaS: Handle Delete Port: f391ffe0-1d34-402e-95ce-f90094d144e0
2026-04-16 18:42:33.370 7 INFO neutron_taas.services.taas.tap_mirror_plugin [None req-83f02651-8f8d-4229-a1c4-ed494253eb38 1abd59c987884f6cade85eea314ed229 a6360cb6846c47a3917697451908763b - - default default] Tap Mirror: Handle Delete Port: f391ffe0-1d34-402e-95ce-f90094d144e0
2026-04-16 18:42:33.378 8 INFO neutron.db.ovn_revision_numbers_db [None req-5bb3a241-21d8-4d5e-ac5c-65d66d5b3333 d89589d986544e86aa01b23a689db32b c8fc30ae51774d21a325a51c55d1e764 - - default default] Successfully bumped revision number for resource 5608e888-33a0-44a0-a43b-c57b7c17f79b (type: ports) to 1 [pid: 7|app: 0|req: 1303/2449] 10.0.0.163 () {32 vars in 726 bytes} [Thu Apr 16 18:42:33 2026] DELETE /v2.0/networks/10a9a21b-80de-4319-a668-60f29c1d6cda => generated 0 bytes in 369 msecs (HTTP/1.1 204) 3 headers in 131 bytes (1 switches on core 0)
2026-04-16 18:42:33.781 7 INFO neutron.db.ovn_revision_numbers_db [None req-94930016-4820-4430-beb2-9a64a5ca1870 e1d4f511b48948839eff76ae30c17f74 9681cc00c4264621b250c5eb659bd124 - - default default] Successfully bumped revision number for resource 9543d366-7813-4db1-a129-7850569b6977 (type: floatingips) to 2
2026-04-16 18:42:33.849 7 INFO neutron.db.l3_db [None req-94930016-4820-4430-beb2-9a64a5ca1870 e1d4f511b48948839eff76ae30c17f74 9681cc00c4264621b250c5eb659bd124 - - default default] Floating IP 9543d366-7813-4db1-a129-7850569b6977 disassociated. External IP: 10.96.250.207, port: 5041e663-b9d9-42e7-91e0-e44635bcd514. [pid: 7|app: 0|req: 1304/2450] 10.0.0.163 () {34 vars in 749 bytes} [Thu Apr 16 18:42:33 2026] PUT /v2.0/floatingips/9543d366-7813-4db1-a129-7850569b6977 => generated 554 bytes in 271 msecs (HTTP/1.1 200) 4 headers in 157 bytes (1 switches on core 0) /var/lib/openstack/lib/python3.12/site-packages/pycadf/identifier.py:70: UserWarning: Invalid uuid: neutron. To ensure interoperability, identifiers should be a valid uuid. warnings.warn(('Invalid uuid: %s. To ensure interoperability, '
2026-04-16 18:42:33.922 7 INFO neutron.notifiers.nova [-] Nova event matching ['req-f271a27b-e653-4466-a6d8-96a5050f09b3'] response: {'name': 'network-changed', 'server_uuid': '3d584ae3-0e3a-411b-9b45-a0d28dc870c7', 'tag': '5041e663-b9d9-42e7-91e0-e44635bcd514', 'status': 'completed', 'code': 200}
2026-04-16 18:42:33.999 7 INFO neutron_taas.services.taas.taas_plugin [None req-16787efe-0b14-422d-86be-c76c3018fcf3 1abd59c987884f6cade85eea314ed229 a6360cb6846c47a3917697451908763b - - default default] TaaS: Handle Delete Port: 117fa6f7-1a81-43f2-a624-f70b4a6eb7ee
2026-04-16 18:42:34.002 7 INFO neutron_taas.services.taas.tap_mirror_plugin [None req-16787efe-0b14-422d-86be-c76c3018fcf3 1abd59c987884f6cade85eea314ed229 a6360cb6846c47a3917697451908763b - - default default] Tap Mirror: Handle Delete Port: 117fa6f7-1a81-43f2-a624-f70b4a6eb7ee
2026-04-16 18:42:34.034 8 INFO neutron.plugins.ml2.drivers.ovn.mech_driver.ovsdb.commands [None req-eb066beb-ea71-4272-bc97-c3efb4db155f - - - - - -] Schedule LRP lrp-5608e888-33a0-44a0-a43b-c57b7c17f79b on gateway dce26197-3cc9-4351-8387-5e0134b49f1e with priority 1
2026-04-16 18:42:34.086 8 INFO neutron.plugins.ml2.drivers.ovn.mech_driver.mech_driver [None req-25f39a8c-90da-4ac7-91d4-cf72bcb38bd3 - - - - - -] OVN reports status up for port: 5608e888-33a0-44a0-a43b-c57b7c17f79b
2026-04-16 18:42:34.088 8 INFO neutron.plugins.ml2.drivers.ovn.mech_driver.ovsdb.ovsdb_monitor [None req-bb3f2522-b6e5-4c75-a0d6-be5b9677ca65 - - - - - -] Router 1fdfa5d2-dc97-4dda-a548-3a0817a92f4d is bound to host instance
2026-04-16 18:42:34.133 8 INFO neutron.plugins.ml2.plugin [None req-25f39a8c-90da-4ac7-91d4-cf72bcb38bd3 - - - - - -] Attempt 1 to provision port 5608e888-33a0-44a0-a43b-c57b7c17f79b
2026-04-16 18:42:34.191 8 INFO neutron.db.ovn_revision_numbers_db [None req-5bb3a241-21d8-4d5e-ac5c-65d66d5b3333 d89589d986544e86aa01b23a689db32b c8fc30ae51774d21a325a51c55d1e764 - - default default] Successfully bumped revision number for resource 5608e888-33a0-44a0-a43b-c57b7c17f79b (type: router_ports) to 1 [pid: 7|app: 0|req: 1305/2451] 10.0.0.163 () {32 vars in 726 bytes} [Thu Apr 16 18:42:33 2026] DELETE /v2.0/networks/f480f709-4b0f-429e-98c1-e378bc73223d => generated 0 bytes in 373 msecs (HTTP/1.1 204) 3 headers in 131 bytes (1 switches on core 0) [pid: 7|app: 0|req: 1306/2452] 10.0.0.163 () {32 vars in 729 bytes} [Thu Apr 16 18:42:34 2026] GET /v2.0/floatingips/9543d366-7813-4db1-a129-7850569b6977 => generated 552 bytes in 24 msecs (HTTP/1.1 200) 4 headers in 157 bytes (1 switches on core 0)
2026-04-16 18:42:34.359 8 INFO neutron.db.ovn_revision_numbers_db [None req-5bb3a241-21d8-4d5e-ac5c-65d66d5b3333 d89589d986544e86aa01b23a689db32b c8fc30ae51774d21a325a51c55d1e764 - - default default] Successfully bumped revision number for resource 1fdfa5d2-dc97-4dda-a548-3a0817a92f4d (type: routers) to 2 [pid: 8|app: 0|req: 1147/2453] 10.0.0.163 () {34 vars in 669 bytes} [Thu Apr 16 18:42:32 2026] POST /v2.0/routers => generated 945 bytes in 1689 msecs (HTTP/1.1 201) 4 headers in 162 bytes (1 switches on core 0) [pid: 8|app: 0|req: 1148/2454] 199.204.45.22 () {34 vars in 1079 bytes} [Thu Apr 16 18:42:34 2026] GET /v2.0/ports?tenant_id=9681cc00c4264621b250c5eb659bd124&device_id=3d584ae3-0e3a-411b-9b45-a0d28dc870c7 => generated 1213 bytes in 69 msecs (HTTP/1.1 200) 4 headers in 158 bytes (1 switches on core 0)
2026-04-16 18:42:34.552 7 INFO neutron.services.segments.plugin [-] Segment 24d3d474-bc3c-4aa7-8ecc-55dc86f77e0c resource provider aggregate not found
2026-04-16 18:42:34.560 7 INFO neutron.services.segments.plugin [-] Segment 24d3d474-bc3c-4aa7-8ecc-55dc86f77e0c resource provider aggregate not found
2026-04-16 18:42:34.568 7 INFO neutron.services.segments.plugin [-] Segment 24d3d474-bc3c-4aa7-8ecc-55dc86f77e0c resource provider not found; error: Placement Client Error (4xx): {"errors": [{"status": 404, "title": "Not Found", "detail": "The resource could not be found.\n\n No resource provider with uuid 24d3d474-bc3c-4aa7-8ecc-55dc86f77e0c found for delete ", "request_id": "req-e25c1346-41f8-40ed-9be3-360e21ca3483"}]}
