2026-04-16 18:40:10.662 8 INFO neutron.db.ovn_revision_numbers_db [None req-5cfd58b0-a997-499a-91d8-f691e1edf1f1 6da2eff5f4fe4e93b5700c478d27cf98 937a9226b4b7413f8b3427005f0aed77 - - default default] Successfully bumped revision number for resource e41f5518-f8f1-47bf-9390-e3f99594a9ac (type: security_group_rules) to 0 [pid: 8|app: 0|req: 713/1503] 10.0.0.163 () {32 vars in 774 bytes} [Thu Apr 16 18:40:10 2026] GET /v2.0/security-groups?tenant_id=a7c61330d5e54f378e3f0b401b7f4aa9&name=default => generated 2925 bytes in 314 msecs (HTTP/1.1 200) 4 headers in 158 bytes (1 switches on core 0) [pid: 8|app: 0|req: 714/1504] 10.0.0.163 () {32 vars in 717 bytes} [Thu Apr 16 18:40:10 2026] GET /v2.0/ports/fd87e78e-c103-491f-9d0d-9f0cf3520fdc => generated 1026 bytes in 30 msecs (HTTP/1.1 200) 4 headers in 158 bytes (1 switches on core 0) [pid: 8|app: 0|req: 715/1505] 10.0.0.163 () {32 vars in 740 bytes} [Thu Apr 16 18:40:10 2026] DELETE /v2.0/security-groups/ef4f43e1-e1c6-4392-8ede-f17757d0f5d0 => generated 0 bytes in 236 msecs (HTTP/1.1 204) 2 headers in 112 bytes (1 switches on core 0)
2026-04-16 18:40:11.056 7 WARNING neutron.scheduler.dhcp_agent_scheduler [None req-456f662a-090f-446f-ba45-fc9ae403b0b6 6da2eff5f4fe4e93b5700c478d27cf98 937a9226b4b7413f8b3427005f0aed77 - - default default] No more DHCP agents
2026-04-16 18:40:11.061 7 WARNING neutron.api.rpc.agentnotifiers.dhcp_rpc_agent_api [None req-456f662a-090f-446f-ba45-fc9ae403b0b6 6da2eff5f4fe4e93b5700c478d27cf98 937a9226b4b7413f8b3427005f0aed77 - - default default] Unable to schedule network 68c07e7a-abc1-4fb8-83af-7071eb76dd80: no agents available; will retry on subsequent port and subnet creation events.
2026-04-16 18:40:11.091 7 INFO neutron.db.ovn_revision_numbers_db [None req-f3260144-37de-4d0f-b634-6eeeefc9dff4 - - - - - -] Successfully bumped revision number for resource fd87e78e-c103-491f-9d0d-9f0cf3520fdc (type: ports) to 3
2026-04-16 18:40:11.222 8 INFO neutron.plugins.ml2.drivers.ovn.mech_driver.mech_driver [None req-049f5335-e080-47bd-9d9a-1cbd50283f38 - - - - - -] OVN reports status down for port: 9f47c02c-4f79-43a6-a361-03021c9fe532
2026-04-16 18:40:11.273 7 INFO neutron.db.ovn_revision_numbers_db [None req-456f662a-090f-446f-ba45-fc9ae403b0b6 6da2eff5f4fe4e93b5700c478d27cf98 937a9226b4b7413f8b3427005f0aed77 - - default default] Successfully bumped revision number for resource 9f47c02c-4f79-43a6-a361-03021c9fe532 (type: ports) to 1
2026-04-16 18:40:11.322 8 INFO neutron_taas.services.taas.taas_plugin [None req-6f675b72-50cb-4285-aeaa-5cb864924922 c1de8ce17d46418e9cbd03e866e6a2e5 bb63ba028b234e68a6f4dd0b30aed900 - - default default] TaaS: Handle Delete Port: fd87e78e-c103-491f-9d0d-9f0cf3520fdc
2026-04-16 18:40:11.325 8 INFO neutron_taas.services.taas.tap_mirror_plugin [None req-6f675b72-50cb-4285-aeaa-5cb864924922 c1de8ce17d46418e9cbd03e866e6a2e5 bb63ba028b234e68a6f4dd0b30aed900 - - default default] Tap Mirror: Handle Delete Port: fd87e78e-c103-491f-9d0d-9f0cf3520fdc [pid: 8|app: 0|req: 716/1506] 10.0.0.163 () {34 vars in 789 bytes} [Thu Apr 16 18:40:10 2026] PUT /v2.0/routers/f334e729-3d96-41fa-81b5-32a2c4bcc15a/remove_router_interface => generated 309 bytes in 645 msecs (HTTP/1.1 200) 4 headers in 157 bytes (1 switches on core 0) /var/lib/openstack/lib/python3.12/site-packages/pycadf/identifier.py:70: UserWarning: Invalid uuid: neutron. To ensure interoperability, identifiers should be a valid uuid. warnings.warn(('Invalid uuid: %s. To ensure interoperability, '
2026-04-16 18:40:11.664 8 INFO neutron.api.v2.resource [None req-09a662ef-2f17-473a-8128-c4042748e020 c1de8ce17d46418e9cbd03e866e6a2e5 bb63ba028b234e68a6f4dd0b30aed900 - - default default] remove_router_interface failed (client error): The resource could not be found. [pid: 8|app: 0|req: 717/1507] 10.0.0.163 () {34 vars in 789 bytes} [Thu Apr 16 18:40:11 2026] PUT /v2.0/routers/f334e729-3d96-41fa-81b5-32a2c4bcc15a/remove_router_interface => generated 197 bytes in 49 msecs (HTTP/1.1 404) 4 headers in 164 bytes (1 switches on core 0) [pid: 8|app: 0|req: 718/1508] 10.0.0.163 () {32 vars in 736 bytes} [Thu Apr 16 18:40:11 2026] GET /v2.0/ports?device_id=f334e729-3d96-41fa-81b5-32a2c4bcc15a => generated 12 bytes in 20 msecs (HTTP/1.1 200) 4 headers in 156 bytes (1 switches on core 0)
2026-04-16 18:40:11.880 7 INFO neutron.plugins.ml2.drivers.ovn.mech_driver.ovsdb.commands [None req-3f611ae8-6a75-456a-b8c0-6544379c5fe6 - - - - - -] Schedule LRP lrp-9f47c02c-4f79-43a6-a361-03021c9fe532 on gateway dce26197-3cc9-4351-8387-5e0134b49f1e with priority 1 [pid: 8|app: 0|req: 719/1509] 10.0.0.163 () {32 vars in 724 bytes} [Thu Apr 16 18:40:11 2026] DELETE /v2.0/routers/f334e729-3d96-41fa-81b5-32a2c4bcc15a => generated 0 bytes in 174 msecs (HTTP/1.1 204) 2 headers in 112 bytes (1 switches on core 0)
2026-04-16 18:40:11.908 8 INFO neutron.plugins.ml2.drivers.ovn.mech_driver.ovsdb.ovsdb_monitor [None req-9ec8d575-8395-460f-a911-5bd2bc358dd9 - - - - - -] Router 376ce5fe-aa02-4b3c-ab24-231f31a1a479 is bound to host instance
2026-04-16 18:40:11.949 7 INFO neutron.db.ovn_revision_numbers_db [None req-456f662a-090f-446f-ba45-fc9ae403b0b6 6da2eff5f4fe4e93b5700c478d27cf98 937a9226b4b7413f8b3427005f0aed77 - - default default] Successfully bumped revision number for resource 9f47c02c-4f79-43a6-a361-03021c9fe532 (type: router_ports) to 1
2026-04-16 18:40:12.014 8 INFO neutron.plugins.ml2.drivers.ovn.mech_driver.mech_driver [None req-049f5335-e080-47bd-9d9a-1cbd50283f38 - - - - - -] OVN reports status up for port: 9f47c02c-4f79-43a6-a361-03021c9fe532
2026-04-16 18:40:12.019 7 INFO neutron.db.ovn_revision_numbers_db [None req-456f662a-090f-446f-ba45-fc9ae403b0b6 6da2eff5f4fe4e93b5700c478d27cf98 937a9226b4b7413f8b3427005f0aed77 - - default default] Successfully bumped revision number for resource 376ce5fe-aa02-4b3c-ab24-231f31a1a479 (type: routers) to 2 [pid: 7|app: 0|req: 791/1510] 10.0.0.163 () {34 vars in 669 bytes} [Thu Apr 16 18:40:10 2026] POST /v2.0/routers => generated 968 bytes in 1838 msecs (HTTP/1.1 201) 4 headers in 162 bytes (1 switches on core 0) /var/lib/openstack/lib/python3.12/site-packages/pycadf/identifier.py:70: UserWarning: Invalid uuid: neutron. To ensure interoperability, identifiers should be a valid uuid. warnings.warn(('Invalid uuid: %s. To ensure interoperability, '
2026-04-16 18:40:12.055 8 INFO neutron.plugins.ml2.plugin [None req-049f5335-e080-47bd-9d9a-1cbd50283f38 - - - - - -] Attempt 1 to provision port 9f47c02c-4f79-43a6-a361-03021c9fe532 [pid: 8|app: 0|req: 720/1511] 10.0.0.163 () {32 vars in 724 bytes} [Thu Apr 16 18:40:11 2026] DELETE /v2.0/subnets/995f0a6e-c331-4dce-8c08-0a28b580d9a6 => generated 0 bytes in 477 msecs (HTTP/1.1 204) 3 headers in 131 bytes (1 switches on core 0)
2026-04-16 18:40:12.478 7 WARNING neutron.scheduler.dhcp_agent_scheduler [None req-0c7b312d-15b9-411f-9f4a-46ee67195a6e 6da2eff5f4fe4e93b5700c478d27cf98 937a9226b4b7413f8b3427005f0aed77 - - default default] No more DHCP agents
2026-04-16 18:40:12.480 7 WARNING neutron.api.rpc.agentnotifiers.dhcp_rpc_agent_api [None req-0c7b312d-15b9-411f-9f4a-46ee67195a6e 6da2eff5f4fe4e93b5700c478d27cf98 937a9226b4b7413f8b3427005f0aed77 - - default default] Unable to schedule network 581889dd-caf8-42bc-a689-ce338645ca43: no agents available; will retry on subsequent port and subnet creation events.
2026-04-16 18:40:12.640 7 INFO neutron.db.ovn_revision_numbers_db [None req-0c7b312d-15b9-411f-9f4a-46ee67195a6e 6da2eff5f4fe4e93b5700c478d27cf98 937a9226b4b7413f8b3427005f0aed77 - - default default] Successfully bumped revision number for resource 1cb3f410-aa67-412e-9e22-547abbabcf0a (type: ports) to 1
2026-04-16 18:40:12.661 8 INFO neutron_taas.services.taas.taas_plugin [None req-b09ddd7d-1b35-426a-8c02-56af60ceabf1 c1de8ce17d46418e9cbd03e866e6a2e5 bb63ba028b234e68a6f4dd0b30aed900 - - default default] TaaS: Handle Delete Port: f9936358-434f-4b19-825c-024928bbb0c3
2026-04-16 18:40:12.669 8 INFO neutron_taas.services.taas.tap_mirror_plugin [None req-b09ddd7d-1b35-426a-8c02-56af60ceabf1 c1de8ce17d46418e9cbd03e866e6a2e5 bb63ba028b234e68a6f4dd0b30aed900 - - default default] Tap Mirror: Handle Delete Port: f9936358-434f-4b19-825c-024928bbb0c3
2026-04-16 18:40:13.005 8 INFO neutron.services.segments.plugin [-] Segment 5cd8b1aa-b63d-470a-96da-3cde51e85be5 resource provider aggregate not found
2026-04-16 18:40:13.010 8 INFO neutron.services.segments.plugin [-] Segment 5cd8b1aa-b63d-470a-96da-3cde51e85be5 resource provider aggregate not found
2026-04-16 18:40:13.036 8 INFO neutron.services.segments.plugin [-] Segment 5cd8b1aa-b63d-470a-96da-3cde51e85be5 resource provider not found; error: Placement Client Error (4xx): {"errors": [{"status": 404, "title": "Not Found", "detail": "The resource could not be found.\n\n No resource provider with uuid 5cd8b1aa-b63d-470a-96da-3cde51e85be5 found for delete ", "request_id": "req-f889e6ea-c781-4a99-be47-ce10ba8c4f7d"}]}
2026-04-16 18:40:13.037 8 INFO neutron.services.segments.plugin [-] Segment 5cd8b1aa-b63d-470a-96da-3cde51e85be5 resource provider not found; error: Placement Client Error (4xx): {"errors": [{"status": 404, "title": "Not Found", "detail": "The resource could not be found.\n\n No resource provider with uuid 5cd8b1aa-b63d-470a-96da-3cde51e85be5 found for delete ", "request_id": "req-c4b1d564-3e3c-4d72-8fa3-b242b28b7e68"}]} [pid: 8|app: 0|req: 721/1512] 10.0.0.163 () {32 vars in 726 bytes} [Thu Apr 16 18:40:12 2026] DELETE /v2.0/networks/55dfa4b9-415c-4a7d-9370-d1eebbc1c868 => generated 0 bytes in 725 msecs (HTTP/1.1 204) 3 headers in 131 bytes (1 switches on core 0)
2026-04-16 18:40:13.239 8 INFO neutron.db.segments_db [None req-3df1127f-e801-418c-8064-d17c09fa5cab c1de8ce17d46418e9cbd03e866e6a2e5 bb63ba028b234e68a6f4dd0b30aed900 - - default default] Added segment fdf772a5-a6f7-4769-9635-158e80d52497 of type geneve for network 3ef48105-be27-4527-8f52-f73303f4b803
2026-04-16 18:40:13.280 7 WARNING neutron.scheduler.dhcp_agent_scheduler [None req-0c7b312d-15b9-411f-9f4a-46ee67195a6e 6da2eff5f4fe4e93b5700c478d27cf98 937a9226b4b7413f8b3427005f0aed77 - - default default] No more DHCP agents
2026-04-16 18:40:13.282 7 WARNING neutron.api.rpc.agentnotifiers.dhcp_rpc_agent_api [None req-0c7b312d-15b9-411f-9f4a-46ee67195a6e 6da2eff5f4fe4e93b5700c478d27cf98 937a9226b4b7413f8b3427005f0aed77 - - default default] Unable to schedule network 581889dd-caf8-42bc-a689-ce338645ca43: no agents available; will retry on subsequent port and subnet creation events.
2026-04-16 18:40:13.460 8 INFO neutron.db.ovn_revision_numbers_db [None req-3df1127f-e801-418c-8064-d17c09fa5cab c1de8ce17d46418e9cbd03e866e6a2e5 bb63ba028b234e68a6f4dd0b30aed900 - - default default] Successfully bumped revision number for resource 3ef48105-be27-4527-8f52-f73303f4b803 (type: networks) to 1
2026-04-16 18:40:13.604 8 INFO neutron.db.ovn_revision_numbers_db [None req-40dbe90f-68d2-46b4-98da-02a61750f2e6 - - - - - -] Successfully bumped revision number for resource 9f47c02c-4f79-43a6-a361-03021c9fe532 (type: ports) to 4
2026-04-16 18:40:13.751 7 INFO neutron.db.ovn_revision_numbers_db [None req-0c7b312d-15b9-411f-9f4a-46ee67195a6e 6da2eff5f4fe4e93b5700c478d27cf98 937a9226b4b7413f8b3427005f0aed77 - - default default] Successfully bumped revision number for resource 1cb3f410-aa67-412e-9e22-547abbabcf0a (type: router_ports) to 1 [pid: 7|app: 0|req: 792/1513] 10.0.0.163 () {34 vars in 783 bytes} [Thu Apr 16 18:40:12 2026] PUT /v2.0/routers/376ce5fe-aa02-4b3c-ab24-231f31a1a479/add_router_interface => generated 309 bytes in 1717 msecs (HTTP/1.1 200) 4 headers in 157 bytes (1 switches on core 0)
2026-04-16 18:40:13.828 8 WARNING neutron.scheduler.dhcp_agent_scheduler [None req-3df1127f-e801-418c-8064-d17c09fa5cab c1de8ce17d46418e9cbd03e866e6a2e5 bb63ba028b234e68a6f4dd0b30aed900 - - default default] No more DHCP agents
2026-04-16 18:40:13.833 8 WARNING neutron.api.rpc.agentnotifiers.dhcp_rpc_agent_api [None req-3df1127f-e801-418c-8064-d17c09fa5cab c1de8ce17d46418e9cbd03e866e6a2e5 bb63ba028b234e68a6f4dd0b30aed900 - - default default] Unable to schedule network 3ef48105-be27-4527-8f52-f73303f4b803: no agents available; will retry on subsequent port and subnet creation events.
2026-04-16 18:40:14.054 8 INFO neutron.db.ovn_revision_numbers_db [None req-3df1127f-e801-418c-8064-d17c09fa5cab c1de8ce17d46418e9cbd03e866e6a2e5 bb63ba028b234e68a6f4dd0b30aed900 - - default default] Successfully bumped revision number for resource 40e3c6eb-b185-4c99-b03b-c15a217232b6 (type: ports) to 1 [pid: 8|app: 0|req: 722/1514] 10.0.0.163 () {34 vars in 670 bytes} [Thu Apr 16 18:40:13 2026] POST /v2.0/networks => generated 653 bytes in 994 msecs (HTTP/1.1 201) 4 headers in 162 bytes (1 switches on core 0)
2026-04-16 18:40:14.199 8 INFO neutron.db.ovn_revision_numbers_db [None req-40dbe90f-68d2-46b4-98da-02a61750f2e6 - - - - - -] Successfully bumped revision number for resource 9f47c02c-4f79-43a6-a361-03021c9fe532 (type: ports) to 5
2026-04-16 18:40:14.272 7 WARNING neutron.scheduler.dhcp_agent_scheduler [None req-1f3a1376-27f8-4c33-9a6c-d1128c9e9754 c1de8ce17d46418e9cbd03e866e6a2e5 bb63ba028b234e68a6f4dd0b30aed900 - - default default] No more DHCP agents
2026-04-16 18:40:14.273 7 WARNING neutron.api.rpc.agentnotifiers.dhcp_rpc_agent_api [None req-1f3a1376-27f8-4c33-9a6c-d1128c9e9754 c1de8ce17d46418e9cbd03e866e6a2e5 bb63ba028b234e68a6f4dd0b30aed900 - - default default] Unable to schedule network 3ef48105-be27-4527-8f52-f73303f4b803: no agents available; will retry on subsequent port and subnet creation events.
2026-04-16 18:40:14.299 7 INFO neutron.db.ovn_revision_numbers_db [None req-1f3a1376-27f8-4c33-9a6c-d1128c9e9754 c1de8ce17d46418e9cbd03e866e6a2e5 bb63ba028b234e68a6f4dd0b30aed900 - - default default] Successfully bumped revision number for resource 622d8f29-19ab-4efd-8c4a-aa48375b8ecb (type: subnets) to 0 [pid: 7|app: 0|req: 793/1515] 10.0.0.163 () {34 vars in 669 bytes} [Thu Apr 16 18:40:14 2026] POST /v2.0/subnets => generated 646 bytes in 213 msecs (HTTP/1.1 201) 4 headers in 162 bytes (1 switches on core 0)
2026-04-16 18:40:14.438 8 INFO neutron.db.ovn_revision_numbers_db [None req-b951ffdb-eff5-4411-85ed-33e378e2cf58 c1de8ce17d46418e9cbd03e866e6a2e5 bb63ba028b234e68a6f4dd0b30aed900 - - default default] Successfully bumped revision number for resource 929ee33f-1732-481f-b7d7-4aa48ec7b4ca (type: routers) to 1 [pid: 8|app: 0|req: 723/1516] 10.0.0.163 () {34 vars in 669 bytes} [Thu Apr 16 18:40:14 2026] POST /v2.0/routers => generated 606 bytes in 135 msecs (HTTP/1.1 201) 4 headers in 162 bytes (1 switches on core 0)
2026-04-16 18:40:14.486 7 INFO neutron.db.ovn_revision_numbers_db [None req-39fd2b26-66b6-49f8-981d-2d3d79f975fd 70c0ea4a0d744fd7ad417b1c6dc3cbad 5579ea3657244a52aa9ec3e881e819f1 - - default default] Successfully bumped revision number for resource 6635f1b4-6857-4251-a9e9-b01d4a23f28c (type: security_groups) to 1
2026-04-16 18:40:14.498 7 INFO neutron.db.ovn_revision_numbers_db [None req-39fd2b26-66b6-49f8-981d-2d3d79f975fd 70c0ea4a0d744fd7ad417b1c6dc3cbad 5579ea3657244a52aa9ec3e881e819f1 - - default default] Successfully bumped revision number for resource 0c3e0703-1f0a-47b0-bf13-6eefa23fb701 (type: security_group_rules) to 0
2026-04-16 18:40:14.512 7 INFO neutron.db.ovn_revision_numbers_db [None req-39fd2b26-66b6-49f8-981d-2d3d79f975fd 70c0ea4a0d744fd7ad417b1c6dc3cbad 5579ea3657244a52aa9ec3e881e819f1 - - default default] Successfully bumped revision number for resource 8145de4d-5a54-491a-97a8-6ae3425d1947 (type: security_group_rules) to 0 [pid: 7|app: 0|req: 794/1517] 10.0.0.163 () {34 vars in 685 bytes} [Thu Apr 16 18:40:14 2026] POST /v2.0/security-groups => generated 1660 bytes in 168 msecs (HTTP/1.1 201) 4 headers in 163 bytes (1 switches on core 0)
2026-04-16 18:40:14.672 7 INFO neutron.db.ovn_revision_numbers_db [None req-70badc5f-e97f-4da5-a368-af20f5c515f4 70c0ea4a0d744fd7ad417b1c6dc3cbad 5579ea3657244a52aa9ec3e881e819f1 - - default default] Successfully bumped revision number for resource f7d21f31-79d9-4e27-8f7d-0fd8fc803f2f (type: security_group_rules) to 0 [pid: 7|app: 0|req: 795/1518] 10.0.0.163 () {34 vars in 695 bytes} [Thu Apr 16 18:40:14 2026] POST /v2.0/security-group-rules => generated 597 bytes in 150 msecs (HTTP/1.1 201) 4 headers in 162 bytes (1 switches on core 0)
2026-04-16 18:40:14.720 8 INFO neutron.plugins.ml2.drivers.ovn.mech_driver.mech_driver [None req-049f5335-e080-47bd-9d9a-1cbd50283f38 - - - - - -] OVN reports status down for port: 1cb3f410-aa67-412e-9e22-547abbabcf0a
2026-04-16 18:40:14.799 7 INFO neutron.db.ovn_revision_numbers_db [None req-9417ccaf-4645-40a0-9408-2679cb1d653e 70c0ea4a0d744fd7ad417b1c6dc3cbad 5579ea3657244a52aa9ec3e881e819f1 - - default default] Successfully bumped revision number for resource bb9ae41c-d3e3-4377-8d89-7ba8ea81062f (type: security_group_rules) to 0 [pid: 7|app: 0|req: 796/1519] 10.0.0.163 () {34 vars in 695 bytes} [Thu Apr 16 18:40:14 2026] POST /v2.0/security-group-rules => generated 602 bytes in 122 msecs (HTTP/1.1 201) 4 headers in 162 bytes (1 switches on core 0)
2026-04-16 18:40:14.838 8 WARNING neutron.plugins.ml2.drivers.ovn.mech_driver.ovsdb.ovn_client [None req-049f5335-e080-47bd-9d9a-1cbd50283f38 - - - - - -] Logical_Switch_Port %s host information not removed, the port state is up
2026-04-16 18:40:14.846 8 INFO neutron.plugins.ml2.drivers.ovn.mech_driver.mech_driver [None req-049f5335-e080-47bd-9d9a-1cbd50283f38 - - - - - -] OVN reports status up for port: 1cb3f410-aa67-412e-9e22-547abbabcf0a
2026-04-16 18:40:14.870 8 INFO neutron.plugins.ml2.plugin [None req-049f5335-e080-47bd-9d9a-1cbd50283f38 - - - - - -] Attempt 1 to provision port 1cb3f410-aa67-412e-9e22-547abbabcf0a
2026-04-16 18:40:14.928 8 WARNING neutron.scheduler.dhcp_agent_scheduler [None req-9fb27bc8-f69b-4968-a611-c8d326c2f085 c1de8ce17d46418e9cbd03e866e6a2e5 bb63ba028b234e68a6f4dd0b30aed900 - - default default] No more DHCP agents
2026-04-16 18:40:14.931 8 WARNING neutron.api.rpc.agentnotifiers.dhcp_rpc_agent_api [None req-9fb27bc8-f69b-4968-a611-c8d326c2f085 c1de8ce17d46418e9cbd03e866e6a2e5 bb63ba028b234e68a6f4dd0b30aed900 - - default default] Unable to schedule network 3ef48105-be27-4527-8f52-f73303f4b803: no agents available; will retry on subsequent port and subnet creation events.
2026-04-16 18:40:14.977 7 WARNING neutron.scheduler.dhcp_agent_scheduler [None req-3ecf1fee-b1a6-4cc6-828b-d5b2127e7bf6 70c0ea4a0d744fd7ad417b1c6dc3cbad 5579ea3657244a52aa9ec3e881e819f1 - - default default] No more DHCP agents
2026-04-16 18:40:14.978 7 WARNING neutron.api.rpc.agentnotifiers.dhcp_rpc_agent_api [None req-3ecf1fee-b1a6-4cc6-828b-d5b2127e7bf6 70c0ea4a0d744fd7ad417b1c6dc3cbad 5579ea3657244a52aa9ec3e881e819f1 - - default default] Unable to schedule network 68c07e7a-abc1-4fb8-83af-7071eb76dd80: no agents available; will retry on subsequent port and subnet creation events.
2026-04-16 18:40:15.106 8 INFO neutron.db.ovn_revision_numbers_db [None req-9fb27bc8-f69b-4968-a611-c8d326c2f085 c1de8ce17d46418e9cbd03e866e6a2e5 bb63ba028b234e68a6f4dd0b30aed900 - - default default] Successfully bumped revision number for resource d2262ed5-4502-42e7-be88-76674f970a66 (type: ports) to 1 [pid: 7|app: 0|req: 797/1520] 10.0.0.163 () {34 vars in 676 bytes} [Thu Apr 16 18:40:14 2026] POST /v2.0/floatingips => generated 552 bytes in 400 msecs (HTTP/1.1 201) 4 headers in 162 bytes (1 switches on core 0)
2026-04-16 18:40:15.500 7 INFO neutron.db.ovn_revision_numbers_db [None req-7648718f-a4e3-4416-80b6-6b7d64a32235 b5f69704d26f4b7f92d1402586d96ea3 297029f91772495f8b657419c05917ed - - default default] Successfully bumped revision number for resource c0fcfccd-6bd3-405e-90c7-036d31974ce9 (type: security_groups) to 1
2026-04-16 18:40:15.513 7 INFO neutron.db.ovn_revision_numbers_db [None req-7648718f-a4e3-4416-80b6-6b7d64a32235 b5f69704d26f4b7f92d1402586d96ea3 297029f91772495f8b657419c05917ed - - default default] Successfully bumped revision number for resource 85b4ff4f-47f6-41c0-866f-992c1a29d8e3 (type: security_group_rules) to 0
2026-04-16 18:40:15.525 7 INFO neutron.db.ovn_revision_numbers_db [None req-7648718f-a4e3-4416-80b6-6b7d64a32235 b5f69704d26f4b7f92d1402586d96ea3 297029f91772495f8b657419c05917ed - - default default] Successfully bumped revision number for resource b6113fcb-bd64-4d7e-ba61-e05d55196ed5 (type: security_group_rules) to 0
2026-04-16 18:40:15.536 7 INFO neutron.db.ovn_revision_numbers_db [None req-7648718f-a4e3-4416-80b6-6b7d64a32235 b5f69704d26f4b7f92d1402586d96ea3 297029f91772495f8b657419c05917ed - - default default] Successfully bumped revision number for resource b99ad3a8-3fcd-45e6-bec2-8cc231a10a62 (type: security_group_rules) to 0
2026-04-16 18:40:15.546 7 INFO neutron.db.ovn_revision_numbers_db [None req-7648718f-a4e3-4416-80b6-6b7d64a32235 b5f69704d26f4b7f92d1402586d96ea3 297029f91772495f8b657419c05917ed - - default default] Successfully bumped revision number for resource de06fb8e-a7dd-44b9-8d5a-2bfa6aa8076f (type: security_group_rules) to 0
2026-04-16 18:40:15.579 8 INFO neutron.db.ovn_revision_numbers_db [None req-049f5335-e080-47bd-9d9a-1cbd50283f38 - - - - - -] Successfully bumped revision number for resource 1cb3f410-aa67-412e-9e22-547abbabcf0a (type: ports) to 2
2026-04-16 18:40:15.621 7 INFO neutron.db.segments_db [None req-7648718f-a4e3-4416-80b6-6b7d64a32235 b5f69704d26f4b7f92d1402586d96ea3 297029f91772495f8b657419c05917ed - - default default] Added segment 94ce22bc-1ac3-46f0-9976-b0889b56bacf of type geneve for network 7881c5d1-74d0-4eec-a84f-9e75bb995de9
2026-04-16 18:40:15.699 7 WARNING neutron.plugins.ml2.drivers.ovn.mech_driver.ovsdb.ovn_client [None req-8ba421dc-74ef-4b3a-9a21-1c68d38696f7 - - - - - -] No port found with ID fd87e78e-c103-491f-9d0d-9f0cf3520fdc: RuntimeError: No port found with ID fd87e78e-c103-491f-9d0d-9f0cf3520fdc
2026-04-16 18:40:15.728 7 INFO neutron.plugins.ml2.drivers.ovn.mech_driver.mech_driver [None req-8ba421dc-74ef-4b3a-9a21-1c68d38696f7 - - - - - -] OVN reports status down for port: 40e3c6eb-b185-4c99-b03b-c15a217232b6
2026-04-16 18:40:15.819 7 INFO neutron.db.ovn_revision_numbers_db [None req-7648718f-a4e3-4416-80b6-6b7d64a32235 b5f69704d26f4b7f92d1402586d96ea3 297029f91772495f8b657419c05917ed - - default default] Successfully bumped revision number for resource 7881c5d1-74d0-4eec-a84f-9e75bb995de9 (type: networks) to 1
2026-04-16 18:40:15.866 7 INFO neutron.plugins.ml2.drivers.ovn.mech_driver.mech_driver [None req-8ba421dc-74ef-4b3a-9a21-1c68d38696f7 - - - - - -] OVN reports status down for port: d2262ed5-4502-42e7-be88-76674f970a66
2026-04-16 18:40:16.018 7 WARNING neutron.plugins.ml2.drivers.ovn.mech_driver.ovsdb.ovn_client [None req-8ba421dc-74ef-4b3a-9a21-1c68d38696f7 - - - - - -] Logical_Switch_Port %s host information not removed, the port state is up
2026-04-16 18:40:16.020 7 INFO neutron.plugins.ml2.drivers.ovn.mech_driver.mech_driver [None req-8ba421dc-74ef-4b3a-9a21-1c68d38696f7 - - - - - -] OVN reports status up for port: d2262ed5-4502-42e7-be88-76674f970a66
2026-04-16 18:40:16.042 7 INFO neutron.plugins.ml2.plugin [None req-8ba421dc-74ef-4b3a-9a21-1c68d38696f7 - - - - - -] Attempt 1 to provision port d2262ed5-4502-42e7-be88-76674f970a66
2026-04-16 18:40:16.126 7 WARNING neutron.scheduler.dhcp_agent_scheduler [None req-7648718f-a4e3-4416-80b6-6b7d64a32235 b5f69704d26f4b7f92d1402586d96ea3 297029f91772495f8b657419c05917ed - - default default] No more DHCP agents
2026-04-16 18:40:16.134 7 WARNING neutron.api.rpc.agentnotifiers.dhcp_rpc_agent_api [None req-7648718f-a4e3-4416-80b6-6b7d64a32235 b5f69704d26f4b7f92d1402586d96ea3 297029f91772495f8b657419c05917ed - - default default] Unable to schedule network 7881c5d1-74d0-4eec-a84f-9e75bb995de9: no agents available; will retry on subsequent port and subnet creation events.
2026-04-16 18:40:16.344 7 INFO neutron.db.ovn_revision_numbers_db [None req-7648718f-a4e3-4416-80b6-6b7d64a32235 b5f69704d26f4b7f92d1402586d96ea3 297029f91772495f8b657419c05917ed - - default default] Successfully bumped revision number for resource fbbbebfc-d1f6-4b0d-9ef5-d55c94633dff (type: ports) to 1 [pid: 7|app: 0|req: 798/1521] 10.0.0.163 () {34 vars in 670 bytes} [Thu Apr 16 18:40:15 2026] POST /v2.0/networks => generated 749 bytes in 1165 msecs (HTTP/1.1 201) 4 headers in 162 bytes (1 switches on core 0)
2026-04-16 18:40:16.461 8 WARNING neutron.scheduler.dhcp_agent_scheduler [None req-9fb27bc8-f69b-4968-a611-c8d326c2f085 c1de8ce17d46418e9cbd03e866e6a2e5 bb63ba028b234e68a6f4dd0b30aed900 - - default default] No more DHCP agents
2026-04-16 18:40:16.463 8 WARNING neutron.api.rpc.agentnotifiers.dhcp_rpc_agent_api [None req-9fb27bc8-f69b-4968-a611-c8d326c2f085 c1de8ce17d46418e9cbd03e866e6a2e5 bb63ba028b234e68a6f4dd0b30aed900 - - default default] Unable to schedule network 3ef48105-be27-4527-8f52-f73303f4b803: no agents available; will retry on subsequent port and subnet creation events.
2026-04-16 18:40:16.582 7 INFO neutron.db.ovn_revision_numbers_db [None req-8ba421dc-74ef-4b3a-9a21-1c68d38696f7 - - - - - -] Successfully bumped revision number for resource d2262ed5-4502-42e7-be88-76674f970a66 (type: ports) to 2
2026-04-16 18:40:16.653 8 INFO neutron.db.ovn_revision_numbers_db [None req-9fb27bc8-f69b-4968-a611-c8d326c2f085 c1de8ce17d46418e9cbd03e866e6a2e5 bb63ba028b234e68a6f4dd0b30aed900 - - default default] Successfully bumped revision number for resource d2262ed5-4502-42e7-be88-76674f970a66 (type: router_ports) to 2 [pid: 8|app: 0|req: 724/1522] 10.0.0.163 () {34 vars in 783 bytes} [Thu Apr 16 18:40:14 2026] PUT /v2.0/routers/929ee33f-1732-481f-b7d7-4aa48ec7b4ca/add_router_interface => generated 309 bytes in 2197 msecs (HTTP/1.1 200) 4 headers in 157 bytes (1 switches on core 0) [pid: 8|app: 0|req: 727/1525] 10.0.0.89 () {34 vars in 1099 bytes} [Thu Apr 16 18:40:16 2026] GET /v2.0/security-groups?name=tempest-securitygroup--1242505257&fields=id&tenant_id=5579ea3657244a52aa9ec3e881e819f1 => generated 69 bytes in 36 msecs (HTTP/1.1 200) 4 headers in 156 bytes (1 switches on core 0)
2026-04-16 18:40:16.760 7 INFO neutron.db.ovn_revision_numbers_db [None req-745e2c9d-42e3-4024-8b2b-564cd587c355 6da2eff5f4fe4e93b5700c478d27cf98 937a9226b4b7413f8b3427005f0aed77 - - default default] Successfully bumped revision number for resource 7bef189c-faca-44fe-8345-b2f910efdd0a (type: security_groups) to 1
2026-04-16 18:40:16.772 7 INFO neutron.db.ovn_revision_numbers_db [None req-745e2c9d-42e3-4024-8b2b-564cd587c355 6da2eff5f4fe4e93b5700c478d27cf98 937a9226b4b7413f8b3427005f0aed77 - - default default] Successfully bumped revision number for resource 02c18053-c054-4088-930d-82c64190d200 (type: security_group_rules) to 0
2026-04-16 18:40:16.783 7 INFO neutron.db.ovn_revision_numbers_db [None req-745e2c9d-42e3-4024-8b2b-564cd587c355 6da2eff5f4fe4e93b5700c478d27cf98 937a9226b4b7413f8b3427005f0aed77 - - default default] Successfully bumped revision number for resource 0eaadd03-c458-4e63-9d5a-5b44a4b8b6a5 (type: security_group_rules) to 0
2026-04-16 18:40:16.794 7 INFO neutron.db.ovn_revision_numbers_db [None req-745e2c9d-42e3-4024-8b2b-564cd587c355 6da2eff5f4fe4e93b5700c478d27cf98 937a9226b4b7413f8b3427005f0aed77 - - default default] Successfully bumped revision number for resource 6f243e56-5073-473c-b8f9-d15952821758 (type: security_group_rules) to 0
2026-04-16 18:40:16.805 7 INFO neutron.db.ovn_revision_numbers_db [None req-745e2c9d-42e3-4024-8b2b-564cd587c355 6da2eff5f4fe4e93b5700c478d27cf98 937a9226b4b7413f8b3427005f0aed77 - - default default] Successfully bumped revision number for resource 9ab48608-ef0b-425b-b4e1-9e4658ce3772 (type: security_group_rules) to 0 [pid: 7|app: 0|req: 799/1526] 10.0.0.163 () {32 vars in 774 bytes} [Thu Apr 16 18:40:16 2026] GET /v2.0/security-groups?tenant_id=6eb41b31c2d046728e8bf211d68b40a8&name=default => generated 2925 bytes in 447 msecs (HTTP/1.1 200) 4 headers in 158 bytes (1 switches on core 0)
2026-04-16 18:40:16.849 8 WARNING neutron.scheduler.dhcp_agent_scheduler [None req-42d3590b-4815-4c5a-afe6-d08ee4f7b3d3 b5f69704d26f4b7f92d1402586d96ea3 297029f91772495f8b657419c05917ed - - default default] No more DHCP agents
2026-04-16 18:40:16.851 8 WARNING neutron.api.rpc.agentnotifiers.dhcp_rpc_agent_api [None req-42d3590b-4815-4c5a-afe6-d08ee4f7b3d3 b5f69704d26f4b7f92d1402586d96ea3 297029f91772495f8b657419c05917ed - - default default] Unable to schedule network 7881c5d1-74d0-4eec-a84f-9e75bb995de9: no agents available; will retry on subsequent port and subnet creation events. [pid: 7|app: 0|req: 800/1527] 10.0.0.163 () {32 vars in 717 bytes} [Thu Apr 16 18:40:16 2026] GET /v2.0/ports/d2262ed5-4502-42e7-be88-76674f970a66 => generated 947 bytes in 47 msecs (HTTP/1.1 200) 4 headers in 157 bytes (1 switches on core 0) [pid: 7|app: 0|req: 801/1528] 10.0.0.89 () {34 vars in 981 bytes} [Thu Apr 16 18:40:16 2026] GET /v2.0/networks?id=581889dd-caf8-42bc-a689-ce338645ca43 => generated 713 bytes in 48 msecs (HTTP/1.1 200) 4 headers in 157 bytes (1 switches on core 0) [pid: 7|app: 0|req: 802/1529] 10.0.0.163 () {32 vars in 740 bytes} [Thu Apr 16 18:40:16 2026] DELETE /v2.0/security-groups/7bef189c-faca-44fe-8345-b2f910efdd0a => generated 0 bytes in 227 msecs (HTTP/1.1 204) 2 headers in 112 bytes (1 switches on core 0) [pid: 7|app: 0|req: 803/1530] 10.0.0.163 () {32 vars in 717 bytes} [Thu Apr 16 18:40:17 2026] GET /v2.0/ports/d2262ed5-4502-42e7-be88-76674f970a66 => generated 947 bytes in 36 msecs (HTTP/1.1 200) 4 headers in 157 bytes (1 switches on core 0) [pid: 7|app: 0|req: 804/1531] 10.0.0.89 () {34 vars in 964 bytes} [Thu Apr 16 18:40:17 2026] GET /v2.0/quotas/5579ea3657244a52aa9ec3e881e819f1 => generated 292 bytes in 8 msecs (HTTP/1.1 200) 4 headers in 157 bytes (1 switches on core 0)
2026-04-16 18:40:17.356 8 INFO neutron.db.ovn_revision_numbers_db [None req-d9ecc5d9-1728-4841-8628-f82e94a1c36b - - - - - -] Successfully bumped revision number for resource fbbbebfc-d1f6-4b0d-9ef5-d55c94633dff (type: ports) to 2
2026-04-16 18:40:17.383 8 INFO neutron.db.ovn_revision_numbers_db [None req-d9ecc5d9-1728-4841-8628-f82e94a1c36b - - - - - -] Successfully bumped revision number for resource 430cf267-6a31-47b3-a90c-4f43e1201b7a (type: subnets) to 0 [pid: 8|app: 0|req: 728/1532] 10.0.0.163 () {34 vars in 669 bytes} [Thu Apr 16 18:40:16 2026] POST /v2.0/subnets => generated 644 bytes in 704 msecs (HTTP/1.1 201) 4 headers in 162 bytes (1 switches on core 0)
2026-04-16 18:40:17.455 7 INFO neutron_taas.services.taas.taas_plugin [None req-44da854a-b000-438d-8094-d3a6394ae748 c1de8ce17d46418e9cbd03e866e6a2e5 bb63ba028b234e68a6f4dd0b30aed900 - - default default] TaaS: Handle Delete Port: d2262ed5-4502-42e7-be88-76674f970a66
2026-04-16 18:40:17.458 7 INFO neutron_taas.services.taas.tap_mirror_plugin [None req-44da854a-b000-438d-8094-d3a6394ae748 c1de8ce17d46418e9cbd03e866e6a2e5 bb63ba028b234e68a6f4dd0b30aed900 - - default default] Tap Mirror: Handle Delete Port: d2262ed5-4502-42e7-be88-76674f970a66 [pid: 8|app: 0|req: 729/1533] 10.0.0.89 () {34 vars in 1001 bytes} [Thu Apr 16 18:40:17 2026] GET /v2.0/ports?tenant_id=5579ea3657244a52aa9ec3e881e819f1&fields=id => generated 103 bytes in 86 msecs (HTTP/1.1 200) 4 headers in 157 bytes (1 switches on core 0)
2026-04-16 18:40:17.496 8 WARNING neutron.api.v2.base [None req-7b849d43-fd35-44e7-958f-c495bc08f5cf b5f69704d26f4b7f92d1402586d96ea3 297029f91772495f8b657419c05917ed - - default default] An exception happened while processing the request body. The exception message is [Invalid input for target_tenant. Reason: 'None' is not a valid string.].: webob.exc.HTTPBadRequest: Invalid input for target_tenant. Reason: 'None' is not a valid string.
2026-04-16 18:40:17.497 8 INFO neutron.api.v2.resource [None req-7b849d43-fd35-44e7-958f-c495bc08f5cf b5f69704d26f4b7f92d1402586d96ea3 297029f91772495f8b657419c05917ed - - default default] create failed (client error): Invalid input for target_tenant. Reason: 'None' is not a valid string. [pid: 8|app: 0|req: 730/1534] 10.0.0.163 () {34 vars in 681 bytes} [Thu Apr 16 18:40:17 2026] POST /v2.0/rbac-policies => generated 143 bytes in 10 msecs (HTTP/1.1 400) 4 headers in 166 bytes (1 switches on core 0)
2026-04-16 18:40:17.694 8 INFO neutron_taas.services.taas.taas_plugin [None req-d4e54a1f-f7b8-4e29-af48-36a17b1dfcea b5f69704d26f4b7f92d1402586d96ea3 297029f91772495f8b657419c05917ed - - default default] TaaS: Handle Delete Port: fbbbebfc-d1f6-4b0d-9ef5-d55c94633dff
2026-04-16 18:40:17.697 8 INFO neutron_taas.services.taas.tap_mirror_plugin [None req-d4e54a1f-f7b8-4e29-af48-36a17b1dfcea b5f69704d26f4b7f92d1402586d96ea3 297029f91772495f8b657419c05917ed - - default default] Tap Mirror: Handle Delete Port: fbbbebfc-d1f6-4b0d-9ef5-d55c94633dff [pid: 7|app: 0|req: 805/1535] 10.0.0.163 () {34 vars in 789 bytes} [Thu Apr 16 18:40:17 2026] PUT /v2.0/routers/929ee33f-1732-481f-b7d7-4aa48ec7b4ca/remove_router_interface => generated 309 bytes in 538 msecs (HTTP/1.1 200) 4 headers in 157 bytes (1 switches on core 0) /var/lib/openstack/lib/python3.12/site-packages/pycadf/identifier.py:70: UserWarning: Invalid uuid: neutron. To ensure interoperability, identifiers should be a valid uuid. warnings.warn(('Invalid uuid: %s. To ensure interoperability, ' [pid: 7|app: 0|req: 806/1536] 10.0.0.89 () {34 vars in 1007 bytes} [Thu Apr 16 18:40:17 2026] GET /v2.0/networks/581889dd-caf8-42bc-a689-ce338645ca43?fields=segments => generated 14 bytes in 52 msecs (HTTP/1.1 200) 4 headers in 156 bytes (1 switches on core 0) [pid: 7|app: 0|req: 807/1537] 10.0.0.163 () {32 vars in 736 bytes} [Thu Apr 16 18:40:17 2026] GET /v2.0/ports?device_id=929ee33f-1732-481f-b7d7-4aa48ec7b4ca => generated 12 bytes in 15 msecs (HTTP/1.1 200) 4 headers in 156 bytes (1 switches on core 0) [pid: 7|app: 0|req: 808/1538] 10.0.0.89 () {34 vars in 1107 bytes} [Thu Apr 16 18:40:17 2026] GET /v2.0/networks/581889dd-caf8-42bc-a689-ce338645ca43?fields=provider%3Aphysical_network&fields=provider%3Anetwork_type => generated 79 bytes in 38 msecs (HTTP/1.1 200) 4 headers in 156 bytes (1 switches on core 0)
2026-04-16 18:40:18.044 8 INFO neutron.services.segments.plugin [-] Segment 94ce22bc-1ac3-46f0-9976-b0889b56bacf resource provider aggregate not found
2026-04-16 18:40:18.050 8 INFO neutron.services.segments.plugin [-] Segment 94ce22bc-1ac3-46f0-9976-b0889b56bacf resource provider aggregate not found
2026-04-16 18:40:18.063 8 INFO neutron.services.segments.plugin [-] Segment 94ce22bc-1ac3-46f0-9976-b0889b56bacf resource provider not found; error: Placement Client Error (4xx): {"errors": [{"status": 404, "title": "Not Found", "detail": "The resource could not be found.\n\n No resource provider with uuid 94ce22bc-1ac3-46f0-9976-b0889b56bacf found for delete ", "request_id": "req-2e14270b-d6bf-4015-ab22-eb2591d15c12"}]}
2026-04-16 18:40:18.069 8 INFO neutron.services.segments.plugin [-] Segment 94ce22bc-1ac3-46f0-9976-b0889b56bacf resource provider not found; error: Placement Client Error (4xx): {"errors": [{"status": 404, "title": "Not Found", "detail": "The resource could not be found.\n\n No resource provider with uuid 94ce22bc-1ac3-46f0-9976-b0889b56bacf found for delete ", "request_id": "req-7db0a993-037a-4e16-a074-77a1174115d4"}]} [pid: 8|app: 0|req: 731/1539] 10.0.0.163 () {32 vars in 726 bytes} [Thu Apr 16 18:40:17 2026] DELETE /v2.0/networks/7881c5d1-74d0-4eec-a84f-9e75bb995de9 => generated 0 bytes in 584 msecs (HTTP/1.1 204) 3 headers in 131 bytes (1 switches on core 0) [pid: 7|app: 0|req: 809/1540] 10.0.0.163 () {32 vars in 724 bytes} [Thu Apr 16 18:40:17 2026] DELETE /v2.0/routers/929ee33f-1732-481f-b7d7-4aa48ec7b4ca => generated 0 bytes in 244 msecs (HTTP/1.1 204) 2 headers in 112 bytes (1 switches on core 0) [pid: 8|app: 0|req: 732/1541] 10.0.0.89 () {34 vars in 989 bytes} [Thu Apr 16 18:40:18 2026] GET /v2.0/ports?device_id=f1e49d64-7494-436b-ad7b-8a42b7cba18f => generated 12 bytes in 15 msecs (HTTP/1.1 200) 4 headers in 156 bytes (1 switches on core 0)
2026-04-16 18:40:18.189 7 INFO neutron.db.segments_db [None req-0c1161e9-65d8-431e-b291-069e18f6ae6d b5f69704d26f4b7f92d1402586d96ea3 297029f91772495f8b657419c05917ed - - default default] Added segment 4bdaac80-8b8e-4237-88df-554d0796843a of type geneve for network 6e22424f-925c-43c4-b1e2-834c778e7c12 [pid: 8|app: 0|req: 733/1542] 10.0.0.163 () {32 vars in 724 bytes} [Thu Apr 16 18:40:18 2026] DELETE /v2.0/subnets/622d8f29-19ab-4efd-8c4a-aa48375b8ecb => generated 0 bytes in 118 msecs (HTTP/1.1 204) 3 headers in 131 bytes (1 switches on core 0)
2026-04-16 18:40:18.301 7 INFO neutron.db.ovn_revision_numbers_db [None req-0c1161e9-65d8-431e-b291-069e18f6ae6d b5f69704d26f4b7f92d1402586d96ea3 297029f91772495f8b657419c05917ed - - default default] Successfully bumped revision number for resource 6e22424f-925c-43c4-b1e2-834c778e7c12 (type: networks) to 1
2026-04-16 18:40:18.340 8 INFO neutron_taas.services.taas.taas_plugin [None req-b971923f-5a9d-4d09-a4ac-44070339d26a c1de8ce17d46418e9cbd03e866e6a2e5 bb63ba028b234e68a6f4dd0b30aed900 - - default default] TaaS: Handle Delete Port: 40e3c6eb-b185-4c99-b03b-c15a217232b6
2026-04-16 18:40:18.350 8 INFO neutron_taas.services.taas.tap_mirror_plugin [None req-b971923f-5a9d-4d09-a4ac-44070339d26a c1de8ce17d46418e9cbd03e866e6a2e5 bb63ba028b234e68a6f4dd0b30aed900 - - default default] Tap Mirror: Handle Delete Port: 40e3c6eb-b185-4c99-b03b-c15a217232b6
2026-04-16 18:40:18.463 7 WARNING neutron.scheduler.dhcp_agent_scheduler [None req-0c1161e9-65d8-431e-b291-069e18f6ae6d b5f69704d26f4b7f92d1402586d96ea3 297029f91772495f8b657419c05917ed - - default default] No more DHCP agents
2026-04-16 18:40:18.466 7 WARNING neutron.api.rpc.agentnotifiers.dhcp_rpc_agent_api [None req-0c1161e9-65d8-431e-b291-069e18f6ae6d b5f69704d26f4b7f92d1402586d96ea3 297029f91772495f8b657419c05917ed - - default default] Unable to schedule network 6e22424f-925c-43c4-b1e2-834c778e7c12: no agents available; will retry on subsequent port and subnet creation events.
2026-04-16 18:40:18.546 7 INFO neutron.db.ovn_revision_numbers_db [None req-0c1161e9-65d8-431e-b291-069e18f6ae6d b5f69704d26f4b7f92d1402586d96ea3 297029f91772495f8b657419c05917ed - - default default] Successfully bumped revision number for resource f8488338-9755-4f2b-b2c6-f04654d45934 (type: ports) to 1 [pid: 7|app: 0|req: 810/1543] 10.0.0.163 () {34 vars in 670 bytes} [Thu Apr 16 18:40:18 2026] POST /v2.0/networks => generated 747 bytes in 476 msecs (HTTP/1.1 201) 4 headers in 162 bytes (1 switches on core 0) [pid: 8|app: 0|req: 734/1544] 10.0.0.163 () {32 vars in 726 bytes} [Thu Apr 16 18:40:18 2026] DELETE /v2.0/networks/3ef48105-be27-4527-8f52-f73303f4b803 => generated 0 bytes in 376 msecs (HTTP/1.1 204) 3 headers in 131 bytes (1 switches on core 0)
2026-04-16 18:40:18.725 7 WARNING neutron.scheduler.dhcp_agent_scheduler [None req-78373996-7cab-4a4a-ab7a-0790a2a8a400 b5f69704d26f4b7f92d1402586d96ea3 297029f91772495f8b657419c05917ed - - default default] No more DHCP agents
2026-04-16 18:40:18.727 7 WARNING neutron.api.rpc.agentnotifiers.dhcp_rpc_agent_api [None req-78373996-7cab-4a4a-ab7a-0790a2a8a400 b5f69704d26f4b7f92d1402586d96ea3 297029f91772495f8b657419c05917ed - - default default] Unable to schedule network 6e22424f-925c-43c4-b1e2-834c778e7c12: no agents available; will retry on subsequent port and subnet creation events.
2026-04-16 18:40:19.031 8 WARNING neutron.scheduler.dhcp_agent_scheduler [None req-2f5e0935-2074-41a3-8ec9-335333f073f1 c1de8ce17d46418e9cbd03e866e6a2e5 bb63ba028b234e68a6f4dd0b30aed900 - - default default] No more DHCP agents
2026-04-16 18:40:19.033 8 WARNING neutron.api.rpc.agentnotifiers.dhcp_rpc_agent_api [None req-2f5e0935-2074-41a3-8ec9-335333f073f1 c1de8ce17d46418e9cbd03e866e6a2e5 bb63ba028b234e68a6f4dd0b30aed900 - - default default] Unable to schedule network 68c07e7a-abc1-4fb8-83af-7071eb76dd80: no agents available; will retry on subsequent port and subnet creation events.
2026-04-16 18:40:19.156 8 INFO neutron.db.ovn_revision_numbers_db [None req-2f5e0935-2074-41a3-8ec9-335333f073f1 c1de8ce17d46418e9cbd03e866e6a2e5 bb63ba028b234e68a6f4dd0b30aed900 - - default default] Successfully bumped revision number for resource 40529d37-2f2b-49e7-8bba-12172a43f672 (type: ports) to 1
2026-04-16 18:40:19.195 7 INFO neutron.db.ovn_revision_numbers_db [None req-d52a5b04-e483-4e4e-bf4c-0864c69f7c87 - - - - - -] Successfully bumped revision number for resource f8488338-9755-4f2b-b2c6-f04654d45934 (type: ports) to 2
2026-04-16 18:40:19.221 7 INFO neutron.db.ovn_revision_numbers_db [None req-d52a5b04-e483-4e4e-bf4c-0864c69f7c87 - - - - - -] Successfully bumped revision number for resource ec303f8d-fef1-4630-8304-8b728a5d3524 (type: subnets) to 0 [pid: 7|app: 0|req: 811/1545] 10.0.0.163 () {34 vars in 669 bytes} [Thu Apr 16 18:40:18 2026] POST /v2.0/subnets => generated 647 bytes in 659 msecs (HTTP/1.1 201) 4 headers in 162 bytes (1 switches on core 0)
2026-04-16 18:40:19.507 7 INFO neutron.db.ovn_revision_numbers_db [None req-c2ecf461-0e9c-42c0-943b-311438d7b386 6da2eff5f4fe4e93b5700c478d27cf98 937a9226b4b7413f8b3427005f0aed77 - - default default] Successfully bumped revision number for resource 5cc7de27-462b-4565-91da-d5eee2a6a3a4 (type: security_groups) to 1
2026-04-16 18:40:19.520 7 INFO neutron.db.ovn_revision_numbers_db [None req-c2ecf461-0e9c-42c0-943b-311438d7b386 6da2eff5f4fe4e93b5700c478d27cf98 937a9226b4b7413f8b3427005f0aed77 - - default default] Successfully bumped revision number for resource 26d2a1f5-c02f-4663-9f77-589040bd27da (type: security_group_rules) to 0
2026-04-16 18:40:19.531 7 INFO neutron.db.ovn_revision_numbers_db [None req-c2ecf461-0e9c-42c0-943b-311438d7b386 6da2eff5f4fe4e93b5700c478d27cf98 937a9226b4b7413f8b3427005f0aed77 - - default default] Successfully bumped revision number for resource 602fb3ca-d6b5-4195-abb5-fee57471104a (type: security_group_rules) to 0
2026-04-16 18:40:19.543 7 INFO neutron.db.ovn_revision_numbers_db [None req-c2ecf461-0e9c-42c0-943b-311438d7b386 6da2eff5f4fe4e93b5700c478d27cf98 937a9226b4b7413f8b3427005f0aed77 - - default default] Successfully bumped revision number for resource ac9e19d3-dd8c-425c-a898-b9411d5c8463 (type: security_group_rules) to 0
2026-04-16 18:40:19.556 7 INFO neutron.db.ovn_revision_numbers_db [None req-c2ecf461-0e9c-42c0-943b-311438d7b386 6da2eff5f4fe4e93b5700c478d27cf98 937a9226b4b7413f8b3427005f0aed77 - - default default] Successfully bumped revision number for resource ae07580f-1b55-4b58-ae0e-5dd7d7d2b430 (type: security_group_rules) to 0
2026-04-16 18:40:19.627 7 INFO neutron.db.segments_db [None req-c2ecf461-0e9c-42c0-943b-311438d7b386 6da2eff5f4fe4e93b5700c478d27cf98 937a9226b4b7413f8b3427005f0aed77 - - default default] Added segment e2febfe8-de38-4007-8fb1-097454603c0a of type geneve for network 64f36648-13bb-4062-bcde-17ddce7c4d16
2026-04-16 18:40:19.724 7 INFO neutron.db.ovn_revision_numbers_db [None req-c2ecf461-0e9c-42c0-943b-311438d7b386 6da2eff5f4fe4e93b5700c478d27cf98 937a9226b4b7413f8b3427005f0aed77 - - default default] Successfully bumped revision number for resource 64f36648-13bb-4062-bcde-17ddce7c4d16 (type: networks) to 1
2026-04-16 18:40:19.791 8 INFO neutron.plugins.ml2.drivers.ovn.mech_driver.ovsdb.commands [None req-eb066beb-ea71-4272-bc97-c3efb4db155f - - - - - -] Schedule LRP lrp-40529d37-2f2b-49e7-8bba-12172a43f672 on gateway dce26197-3cc9-4351-8387-5e0134b49f1e with priority 1
2026-04-16 18:40:19.843 8 INFO neutron.db.ovn_revision_numbers_db [None req-2f5e0935-2074-41a3-8ec9-335333f073f1 c1de8ce17d46418e9cbd03e866e6a2e5 bb63ba028b234e68a6f4dd0b30aed900 - - default default] Successfully bumped revision number for resource 40529d37-2f2b-49e7-8bba-12172a43f672 (type: router_ports) to 1
2026-04-16 18:40:19.908 8 INFO neutron.db.ovn_revision_numbers_db [None req-2f5e0935-2074-41a3-8ec9-335333f073f1 c1de8ce17d46418e9cbd03e866e6a2e5 bb63ba028b234e68a6f4dd0b30aed900 - - default default] Successfully bumped revision number for resource e952b9d3-37da-4bd7-b263-99ba407f8319 (type: routers) to 2 [pid: 8|app: 0|req: 735/1546] 10.0.0.163 () {34 vars in 669 bytes} [Thu Apr 16 18:40:18 2026] POST /v2.0/routers => generated 952 bytes in 1316 msecs (HTTP/1.1 201) 4 headers in 162 bytes (1 switches on core 0)
2026-04-16 18:40:19.933 7 WARNING neutron.scheduler.dhcp_agent_scheduler [None req-c2ecf461-0e9c-42c0-943b-311438d7b386 6da2eff5f4fe4e93b5700c478d27cf98 937a9226b4b7413f8b3427005f0aed77 - - default default] No more DHCP agents
2026-04-16 18:40:19.935 7 WARNING neutron.api.rpc.agentnotifiers.dhcp_rpc_agent_api [None req-c2ecf461-0e9c-42c0-943b-311438d7b386 6da2eff5f4fe4e93b5700c478d27cf98 937a9226b4b7413f8b3427005f0aed77 - - default default] Unable to schedule network 64f36648-13bb-4062-bcde-17ddce7c4d16: no agents available; will retry on subsequent port and subnet creation events. [pid: 8|app: 0|req: 736/1547] 10.0.0.89 () {34 vars in 989 bytes} [Thu Apr 16 18:40:19 2026] GET /v2.0/ports?device_id=f1e49d64-7494-436b-ad7b-8a42b7cba18f => generated 12 bytes in 17 msecs (HTTP/1.1 200) 4 headers in 156 bytes (1 switches on core 0)
2026-04-16 18:40:19.948 8 WARNING neutron.api.v2.base [None req-9f6b9b33-317a-4721-9358-179f881571b6 b5f69704d26f4b7f92d1402586d96ea3 297029f91772495f8b657419c05917ed - - default default] An exception happened while processing the request body. The exception message is [Invalid input for target_tenant. Reason: '1234123412341234123412341234123412341234123412341234123412341234123412341234123412341234123412341234123412341234123412341234123412341234123412341234123412341234123412341234123412341234123412341234123412341234123412341234123412341234123412341234123412341234123412341234123412341234123412341234123412341234123412341234123412341234123412341234123412341234123412341234123412341234123412341234123412341234' exceeds maximum length of 255.].: webob.exc.HTTPBadRequest: Invalid input for target_tenant. Reason: '1234123412341234123412341234123412341234123412341234123412341234123412341234123412341234123412341234123412341234123412341234123412341234123412341234123412341234123412341234123412341234123412341234123412341234123412341234123412341234123412341234123412341234123412341234123412341234123412341234123412341234123412341234123412341234123412341234123412341234123412341234123412341234123412341234123412341234' exceeds maximum length of 255.
2026-04-16 18:40:19.948 8 INFO neutron.api.v2.resource [None req-9f6b9b33-317a-4721-9358-179f881571b6 b5f69704d26f4b7f92d1402586d96ea3 297029f91772495f8b657419c05917ed - - default default] create failed (client error): Invalid input for target_tenant. Reason: '1234123412341234123412341234123412341234123412341234123412341234123412341234123412341234123412341234123412341234123412341234123412341234123412341234123412341234123412341234123412341234123412341234123412341234123412341234123412341234123412341234123412341234123412341234123412341234123412341234123412341234123412341234123412341234123412341234123412341234123412341234123412341234123412341234123412341234' exceeds maximum length of 255. [pid: 8|app: 0|req: 737/1548] 10.0.0.163 () {34 vars in 681 bytes} [Thu Apr 16 18:40:19 2026] POST /v2.0/rbac-policies => generated 547 bytes in 5 msecs (HTTP/1.1 400) 4 headers in 166 bytes (1 switches on core 0) [pid: 8|app: 0|req: 738/1549] 10.0.0.163 () {32 vars in 721 bytes} [Thu Apr 16 18:40:19 2026] GET /v2.0/routers/e952b9d3-37da-4bd7-b263-99ba407f8319 => generated 958 bytes in 72 msecs (HTTP/1.1 200) 4 headers in 157 bytes (1 switches on core 0)
2026-04-16 18:40:20.023 7 INFO neutron.db.ovn_revision_numbers_db [None req-c2ecf461-0e9c-42c0-943b-311438d7b386 6da2eff5f4fe4e93b5700c478d27cf98 937a9226b4b7413f8b3427005f0aed77 - - default default] Successfully bumped revision number for resource 8ef42d37-47c8-45d5-9aaf-a1509279ad79 (type: ports) to 1 [pid: 7|app: 0|req: 812/1550] 10.0.0.163 () {34 vars in 671 bytes} [Thu Apr 16 18:40:19 2026] POST /v2.0/networks => generated 762 bytes in 808 msecs (HTTP/1.1 201) 4 headers in 162 bytes (1 switches on core 0)
2026-04-16 18:40:20.090 8 INFO neutron.services.segments.plugin [-] Segment fdf772a5-a6f7-4769-9635-158e80d52497 resource provider aggregate not found
2026-04-16 18:40:20.093 8 INFO neutron.services.segments.plugin [-] Segment fdf772a5-a6f7-4769-9635-158e80d52497 resource provider aggregate not found
2026-04-16 18:40:20.116 8 INFO neutron.services.segments.plugin [-] Segment fdf772a5-a6f7-4769-9635-158e80d52497 resource provider not found; error: Placement Client Error (4xx): {"errors": [{"status": 404, "title": "Not Found", "detail": "The resource could not be found.\n\n No resource provider with uuid fdf772a5-a6f7-4769-9635-158e80d52497 found for delete ", "request_id": "req-9a80848a-1803-4e03-be3d-d5b17d515078"}]}
2026-04-16 18:40:20.117 8 INFO neutron.services.segments.plugin [-] Segment fdf772a5-a6f7-4769-9635-158e80d52497 resource provider not found; error: Placement Client Error (4xx): {"errors": [{"status": 404, "title": "Not Found", "detail": "The resource could not be found.\n\n No resource provider with uuid fdf772a5-a6f7-4769-9635-158e80d52497 found for delete ", "request_id": "req-66f355af-19b0-4e1c-9450-3a606fc31384"}]} [pid: 7|app: 0|req: 813/1551] 10.0.0.163 () {32 vars in 647 bytes} [Thu Apr 16 18:40:20 2026] GET /v2.0/routers => generated 961 bytes in 89 msecs (HTTP/1.1 200) 4 headers in 157 bytes (1 switches on core 0)
2026-04-16 18:40:20.193 8 INFO neutron_taas.services.taas.taas_plugin [None req-5adac723-ad9e-4ec5-87a0-202efbba3d70 b5f69704d26f4b7f92d1402586d96ea3 297029f91772495f8b657419c05917ed - - default default] TaaS: Handle Delete Port: f8488338-9755-4f2b-b2c6-f04654d45934
2026-04-16 18:40:20.199 8 INFO neutron_taas.services.taas.tap_mirror_plugin [None req-5adac723-ad9e-4ec5-87a0-202efbba3d70 b5f69704d26f4b7f92d1402586d96ea3 297029f91772495f8b657419c05917ed - - default default] Tap Mirror: Handle Delete Port: f8488338-9755-4f2b-b2c6-f04654d45934
2026-04-16 18:40:20.274 7 WARNING neutron.scheduler.dhcp_agent_scheduler [None req-3ccf192e-86b7-43c5-b8e9-242953f4c267 6da2eff5f4fe4e93b5700c478d27cf98 937a9226b4b7413f8b3427005f0aed77 - - default default] No more DHCP agents
