2026-04-16 18:46:46.898 8 INFO neutron.notifiers.nova [-] Nova event matching ['req-c0a115e2-7ff8-47db-9359-b7c353c21837'] response: {'name': 'network-changed', 'server_uuid': 'f8bbc21c-f5a6-4967-bdd0-bfb85db36170', 'tag': 'ab08b646-34b1-4bf6-9e65-625f8bb06301', 'status': 'completed', 'code': 200} /var/lib/openstack/lib/python3.12/site-packages/pycadf/identifier.py:70: UserWarning: Invalid uuid: neutron. To ensure interoperability, identifiers should be a valid uuid. warnings.warn(('Invalid uuid: %s. To ensure interoperability, ' [pid: 8|app: 0|req: 1721/3606] 10.0.0.89 () {34 vars in 989 bytes} [Thu Apr 16 18:46:47 2026] GET /v2.0/ports?device_id=f8bbc21c-f5a6-4967-bdd0-bfb85db36170 => generated 1196 bytes in 93 msecs (HTTP/1.1 200) 4 headers in 158 bytes (1 switches on core 0) [pid: 7|app: 0|req: 1886/3607] 10.0.0.89 () {34 vars in 1039 bytes} [Thu Apr 16 18:46:47 2026] GET /v2.0/security-groups?id=5c94da90-3c4c-4c24-ab7d-e374f97f0d9a&fields=id&fields=name => generated 111 bytes in 38 msecs (HTTP/1.1 200) 4 headers in 157 bytes (1 switches on core 0) [pid: 8|app: 0|req: 1722/3608] 199.204.45.22 () {34 vars in 1079 bytes} [Thu Apr 16 18:46:47 2026] GET /v2.0/ports?tenant_id=c8fc30ae51774d21a325a51c55d1e764&device_id=f8bbc21c-f5a6-4967-bdd0-bfb85db36170 => generated 1434 bytes in 36 msecs (HTTP/1.1 200) 4 headers in 158 bytes (1 switches on core 0) [pid: 7|app: 0|req: 1887/3609] 199.204.45.22 () {34 vars in 985 bytes} [Thu Apr 16 18:46:47 2026] GET /v2.0/networks?id=6844212d-2b0f-4b38-8426-90f553700527 => generated 841 bytes in 56 msecs (HTTP/1.1 200) 4 headers in 157 bytes (1 switches on core 0) [pid: 8|app: 0|req: 1723/3610] 199.204.45.22 () {34 vars in 1055 bytes} [Thu Apr 16 18:46:47 2026] GET /v2.0/floatingips?fixed_ip_address=10.2.1.57&port_id=ab08b646-34b1-4bf6-9e65-625f8bb06301 => generated 19 bytes in 23 msecs (HTTP/1.1 200) 4 headers in 156 bytes (1 switches on core 0) [pid: 7|app: 0|req: 1888/3611] 199.204.45.22 () {34 vars in 1103 bytes} [Thu Apr 16 18:46:47 2026] GET /v2.0/floatingips?fixed_ip_address=fd7b%3Af9f7%3Afff%3A4eca%3A%3A132&port_id=ab08b646-34b1-4bf6-9e65-625f8bb06301 => generated 19 bytes in 24 msecs (HTTP/1.1 200) 4 headers in 156 bytes (1 switches on core 0) [pid: 8|app: 0|req: 1724/3612] 199.204.45.22 () {34 vars in 1063 bytes} [Thu Apr 16 18:46:47 2026] GET /v2.0/subnets?id=421f9c6a-2c73-4133-a077-5c497990a9c4&id=e0660d7e-ca59-41a6-aabe-4b8db204df43 => generated 1409 bytes in 41 msecs (HTTP/1.1 200) 4 headers in 158 bytes (1 switches on core 0) [pid: 7|app: 0|req: 1889/3613] 199.204.45.22 () {34 vars in 1051 bytes} [Thu Apr 16 18:46:47 2026] GET /v2.0/ports?network_id=6844212d-2b0f-4b38-8426-90f553700527&device_owner=network%3Adhcp => generated 12 bytes in 22 msecs (HTTP/1.1 200) 4 headers in 156 bytes (1 switches on core 0) [pid: 8|app: 0|req: 1725/3614] 199.204.45.22 () {34 vars in 1051 bytes} [Thu Apr 16 18:46:47 2026] GET /v2.0/ports?network_id=6844212d-2b0f-4b38-8426-90f553700527&device_owner=network%3Adhcp => generated 12 bytes in 27 msecs (HTTP/1.1 200) 4 headers in 156 bytes (1 switches on core 0) [pid: 7|app: 0|req: 1890/3615] 199.204.45.22 () {34 vars in 1011 bytes} [Thu Apr 16 18:46:47 2026] GET /v2.0/networks/6844212d-2b0f-4b38-8426-90f553700527?fields=segments => generated 14 bytes in 78 msecs (HTTP/1.1 200) 4 headers in 156 bytes (1 switches on core 0) [pid: 8|app: 0|req: 1726/3616] 199.204.45.22 () {34 vars in 1111 bytes} [Thu Apr 16 18:46:47 2026] GET /v2.0/networks/6844212d-2b0f-4b38-8426-90f553700527?fields=provider%3Aphysical_network&fields=provider%3Anetwork_type => generated 79 bytes in 46 msecs (HTTP/1.1 200) 4 headers in 156 bytes (1 switches on core 0)
2026-04-16 18:46:48.131 8 INFO neutron.plugins.ml2.drivers.ovn.mech_driver.mech_driver [None req-0aa08b24-b4be-4a08-9f10-c1b80e733d88 - - - - - -] OVN reports status down for port: ab08b646-34b1-4bf6-9e65-625f8bb06301
2026-04-16 18:46:48.457 8 INFO neutron.db.ovn_revision_numbers_db [None req-0aa08b24-b4be-4a08-9f10-c1b80e733d88 - - - - - -] Successfully bumped revision number for resource ab08b646-34b1-4bf6-9e65-625f8bb06301 (type: ports) to 6
2026-04-16 18:46:48.935 8 INFO neutron.notifiers.nova [-] Nova event matching ['req-0a765958-8fa2-4d68-a155-ff99fadf10bd'] response: {'server_uuid': 'f8bbc21c-f5a6-4967-bdd0-bfb85db36170', 'name': 'network-vif-unplugged', 'status': 'completed', 'tag': 'ab08b646-34b1-4bf6-9e65-625f8bb06301', 'code': 200}
2026-04-16 18:46:48.936 8 INFO neutron.notifiers.nova [-] Nova event matching ['req-0a765958-8fa2-4d68-a155-ff99fadf10bd'] response: {'server_uuid': 'f8bbc21c-f5a6-4967-bdd0-bfb85db36170', 'name': 'network-vif-unplugged', 'status': 'completed', 'tag': 'ab08b646-34b1-4bf6-9e65-625f8bb06301', 'code': 200} [pid: 7|app: 0|req: 1891/3617] 199.204.45.22 () {34 vars in 993 bytes} [Thu Apr 16 18:46:49 2026] GET /v2.0/ports?device_id=f8bbc21c-f5a6-4967-bdd0-bfb85db36170 => generated 1194 bytes in 81 msecs (HTTP/1.1 200) 4 headers in 158 bytes (1 switches on core 0) /var/lib/openstack/lib/python3.12/site-packages/pycadf/identifier.py:70: UserWarning: Invalid uuid: neutron. To ensure interoperability, identifiers should be a valid uuid. warnings.warn(('Invalid uuid: %s. To ensure interoperability, '
2026-04-16 18:46:49.536 8 INFO neutron_taas.services.taas.taas_plugin [req-20fc0cd2-1901-4436-a5e9-616492f7c625 req-c8ac44bf-da44-4395-b714-ff5725a21c2f d89589d986544e86aa01b23a689db32b c8fc30ae51774d21a325a51c55d1e764 - - default default] TaaS: Handle Delete Port: ab08b646-34b1-4bf6-9e65-625f8bb06301
2026-04-16 18:46:49.539 8 INFO neutron_taas.services.taas.tap_mirror_plugin [req-20fc0cd2-1901-4436-a5e9-616492f7c625 req-c8ac44bf-da44-4395-b714-ff5725a21c2f d89589d986544e86aa01b23a689db32b c8fc30ae51774d21a325a51c55d1e764 - - default default] Tap Mirror: Handle Delete Port: ab08b646-34b1-4bf6-9e65-625f8bb06301 [pid: 8|app: 0|req: 1727/3618] 199.204.45.22 () {36 vars in 996 bytes} [Thu Apr 16 18:46:49 2026] DELETE /v2.0/ports/ab08b646-34b1-4bf6-9e65-625f8bb06301 => generated 0 bytes in 344 msecs (HTTP/1.1 204) 3 headers in 131 bytes (1 switches on core 0)
2026-04-16 18:46:50.973 8 INFO neutron.notifiers.nova [-] Nova event matching ['req-3230184e-ab93-449e-a32b-c782ba371786'] response: {'server_uuid': 'f8bbc21c-f5a6-4967-bdd0-bfb85db36170', 'name': 'network-vif-deleted', 'tag': 'ab08b646-34b1-4bf6-9e65-625f8bb06301', 'status': 'completed', 'code': 200} [pid: 7|app: 0|req: 1892/3619] 10.0.0.89 () {34 vars in 989 bytes} [Thu Apr 16 18:46:52 2026] GET /v2.0/ports?device_id=f8bbc21c-f5a6-4967-bdd0-bfb85db36170 => generated 12 bytes in 22 msecs (HTTP/1.1 200) 4 headers in 156 bytes (1 switches on core 0) [pid: 8|app: 0|req: 1728/3620] 10.0.0.163 () {32 vars in 750 bytes} [Thu Apr 16 18:46:57 2026] DELETE /v2.0/security-group-rules/c491bd29-a9f0-472e-a634-1266875c2d32 => generated 0 bytes in 186 msecs (HTTP/1.1 204) 2 headers in 112 bytes (1 switches on core 0)
2026-04-16 18:46:57.533 7 INFO neutron.api.v2.resource [None req-5fe3a04d-4d97-42a1-aa80-e7f56a894441 d89589d986544e86aa01b23a689db32b c8fc30ae51774d21a325a51c55d1e764 - - default default] show failed (client error): The resource could not be found. [pid: 7|app: 0|req: 1893/3621] 10.0.0.163 () {32 vars in 747 bytes} [Thu Apr 16 18:46:57 2026] GET /v2.0/security-group-rules/c491bd29-a9f0-472e-a634-1266875c2d32 => generated 155 bytes in 17 msecs (HTTP/1.1 404) 4 headers in 164 bytes (1 switches on core 0) [pid: 8|app: 0|req: 1729/3622] 10.0.0.163 () {32 vars in 750 bytes} [Thu Apr 16 18:46:57 2026] DELETE /v2.0/security-group-rules/e6d6271c-a52f-4557-a38a-cc5fa0fbdea8 => generated 0 bytes in 143 msecs (HTTP/1.1 204) 2 headers in 112 bytes (1 switches on core 0)
2026-04-16 18:46:57.693 7 INFO neutron.api.v2.resource [None req-99c47005-dd3c-44f1-b8c7-da61862660c6 d89589d986544e86aa01b23a689db32b c8fc30ae51774d21a325a51c55d1e764 - - default default] show failed (client error): The resource could not be found. [pid: 7|app: 0|req: 1894/3623] 10.0.0.163 () {32 vars in 747 bytes} [Thu Apr 16 18:46:57 2026] GET /v2.0/security-group-rules/e6d6271c-a52f-4557-a38a-cc5fa0fbdea8 => generated 155 bytes in 8 msecs (HTTP/1.1 404) 4 headers in 164 bytes (1 switches on core 0) [pid: 8|app: 0|req: 1730/3624] 10.0.0.163 () {32 vars in 750 bytes} [Thu Apr 16 18:46:57 2026] DELETE /v2.0/security-group-rules/ea7653dc-39fb-43fd-9f96-57588428a8d6 => generated 0 bytes in 131 msecs (HTTP/1.1 204) 2 headers in 112 bytes (1 switches on core 0)
2026-04-16 18:46:57.847 7 INFO neutron.api.v2.resource [None req-90eb7e6d-2d21-4d9a-b3e1-3a1b369e7d2c d89589d986544e86aa01b23a689db32b c8fc30ae51774d21a325a51c55d1e764 - - default default] show failed (client error): The resource could not be found. [pid: 7|app: 0|req: 1895/3625] 10.0.0.163 () {32 vars in 747 bytes} [Thu Apr 16 18:46:57 2026] GET /v2.0/security-group-rules/ea7653dc-39fb-43fd-9f96-57588428a8d6 => generated 155 bytes in 12 msecs (HTTP/1.1 404) 4 headers in 164 bytes (1 switches on core 0) [pid: 8|app: 0|req: 1731/3626] 10.0.0.163 () {32 vars in 750 bytes} [Thu Apr 16 18:46:57 2026] DELETE /v2.0/security-group-rules/13cc761d-ab34-45d7-b9f1-0f9dee446aa1 => generated 0 bytes in 141 msecs (HTTP/1.1 204) 2 headers in 112 bytes (1 switches on core 0)
2026-04-16 18:46:58.011 7 INFO neutron.api.v2.resource [None req-397533e5-c1b5-499a-b109-897a2d1113e2 d89589d986544e86aa01b23a689db32b c8fc30ae51774d21a325a51c55d1e764 - - default default] show failed (client error): The resource could not be found. [pid: 7|app: 0|req: 1896/3627] 10.0.0.163 () {32 vars in 747 bytes} [Thu Apr 16 18:46:57 2026] GET /v2.0/security-group-rules/13cc761d-ab34-45d7-b9f1-0f9dee446aa1 => generated 155 bytes in 12 msecs (HTTP/1.1 404) 4 headers in 164 bytes (1 switches on core 0) [pid: 8|app: 0|req: 1732/3628] 10.0.0.163 () {32 vars in 750 bytes} [Thu Apr 16 18:46:58 2026] DELETE /v2.0/security-group-rules/ab525159-ff63-4565-ae09-1e82cfe38ad6 => generated 0 bytes in 134 msecs (HTTP/1.1 204) 2 headers in 112 bytes (1 switches on core 0)
2026-04-16 18:46:58.169 7 INFO neutron.api.v2.resource [None req-7f8696d4-d32f-4f3f-9260-ab8fbcc05de5 d89589d986544e86aa01b23a689db32b c8fc30ae51774d21a325a51c55d1e764 - - default default] show failed (client error): The resource could not be found. [pid: 7|app: 0|req: 1897/3629] 10.0.0.163 () {32 vars in 747 bytes} [Thu Apr 16 18:46:58 2026] GET /v2.0/security-group-rules/ab525159-ff63-4565-ae09-1e82cfe38ad6 => generated 155 bytes in 14 msecs (HTTP/1.1 404) 4 headers in 164 bytes (1 switches on core 0) [pid: 8|app: 0|req: 1733/3630] 10.0.0.163 () {32 vars in 750 bytes} [Thu Apr 16 18:46:58 2026] DELETE /v2.0/security-group-rules/5c1c60e2-a666-446e-bebc-b4271a51e0eb => generated 0 bytes in 132 msecs (HTTP/1.1 204) 2 headers in 112 bytes (1 switches on core 0)
2026-04-16 18:46:58.328 7 INFO neutron.api.v2.resource [None req-94413ec2-2e95-4864-8c6e-cf9c2efb0bdf d89589d986544e86aa01b23a689db32b c8fc30ae51774d21a325a51c55d1e764 - - default default] show failed (client error): The resource could not be found. [pid: 7|app: 0|req: 1898/3631] 10.0.0.163 () {32 vars in 747 bytes} [Thu Apr 16 18:46:58 2026] GET /v2.0/security-group-rules/5c1c60e2-a666-446e-bebc-b4271a51e0eb => generated 155 bytes in 16 msecs (HTTP/1.1 404) 4 headers in 164 bytes (1 switches on core 0) [pid: 8|app: 0|req: 1734/3632] 10.0.0.163 () {32 vars in 750 bytes} [Thu Apr 16 18:46:58 2026] DELETE /v2.0/security-group-rules/ec9a18c5-2515-48f8-9f33-bcb3314dfe77 => generated 0 bytes in 128 msecs (HTTP/1.1 204) 2 headers in 112 bytes (1 switches on core 0)
2026-04-16 18:46:58.482 7 INFO neutron.api.v2.resource [None req-d621dcf4-92d9-484f-8b8e-fb78227374c0 d89589d986544e86aa01b23a689db32b c8fc30ae51774d21a325a51c55d1e764 - - default default] show failed (client error): The resource could not be found. [pid: 7|app: 0|req: 1899/3633] 10.0.0.163 () {32 vars in 747 bytes} [Thu Apr 16 18:46:58 2026] GET /v2.0/security-group-rules/ec9a18c5-2515-48f8-9f33-bcb3314dfe77 => generated 155 bytes in 16 msecs (HTTP/1.1 404) 4 headers in 164 bytes (1 switches on core 0) [pid: 8|app: 0|req: 1735/3634] 10.0.0.163 () {32 vars in 750 bytes} [Thu Apr 16 18:46:58 2026] DELETE /v2.0/security-group-rules/93e4ff47-fd79-4ac4-b036-d9fcdbfd7089 => generated 0 bytes in 140 msecs (HTTP/1.1 204) 2 headers in 112 bytes (1 switches on core 0)
2026-04-16 18:46:58.644 7 INFO neutron.api.v2.resource [None req-39ce3ca5-8a1f-4923-a6ef-8c7986f43843 d89589d986544e86aa01b23a689db32b c8fc30ae51774d21a325a51c55d1e764 - - default default] show failed (client error): The resource could not be found. [pid: 7|app: 0|req: 1900/3635] 10.0.0.163 () {32 vars in 747 bytes} [Thu Apr 16 18:46:58 2026] GET /v2.0/security-group-rules/93e4ff47-fd79-4ac4-b036-d9fcdbfd7089 => generated 155 bytes in 12 msecs (HTTP/1.1 404) 4 headers in 164 bytes (1 switches on core 0) [pid: 8|app: 0|req: 1736/3636] 10.0.0.163 () {32 vars in 750 bytes} [Thu Apr 16 18:46:58 2026] DELETE /v2.0/security-group-rules/73c8a3b3-35b2-45ae-9760-86cf4c9922da => generated 0 bytes in 114 msecs (HTTP/1.1 204) 2 headers in 112 bytes (1 switches on core 0)
2026-04-16 18:46:58.780 7 INFO neutron.api.v2.resource [None req-e5d8e6d5-a6c2-4535-8479-81dd418fb5fe d89589d986544e86aa01b23a689db32b c8fc30ae51774d21a325a51c55d1e764 - - default default] show failed (client error): The resource could not be found. [pid: 7|app: 0|req: 1901/3637] 10.0.0.163 () {32 vars in 747 bytes} [Thu Apr 16 18:46:58 2026] GET /v2.0/security-group-rules/73c8a3b3-35b2-45ae-9760-86cf4c9922da => generated 155 bytes in 10 msecs (HTTP/1.1 404) 4 headers in 164 bytes (1 switches on core 0) [pid: 8|app: 0|req: 1737/3638] 10.0.0.163 () {32 vars in 750 bytes} [Thu Apr 16 18:46:58 2026] DELETE /v2.0/security-group-rules/0e2d978d-e1c3-4365-89f8-da2075844716 => generated 0 bytes in 94 msecs (HTTP/1.1 204) 2 headers in 112 bytes (1 switches on core 0)
2026-04-16 18:46:58.897 7 INFO neutron.api.v2.resource [None req-838dde68-fa84-4d49-b604-09b2a9ab9384 d89589d986544e86aa01b23a689db32b c8fc30ae51774d21a325a51c55d1e764 - - default default] show failed (client error): The resource could not be found. [pid: 7|app: 0|req: 1902/3639] 10.0.0.163 () {32 vars in 747 bytes} [Thu Apr 16 18:46:58 2026] GET /v2.0/security-group-rules/0e2d978d-e1c3-4365-89f8-da2075844716 => generated 155 bytes in 12 msecs (HTTP/1.1 404) 4 headers in 164 bytes (1 switches on core 0) [pid: 8|app: 0|req: 1738/3640] 10.0.0.163 () {32 vars in 750 bytes} [Thu Apr 16 18:46:58 2026] DELETE /v2.0/security-group-rules/ad0ed7c5-ba47-4924-af36-2ac137cdc9b1 => generated 0 bytes in 191 msecs (HTTP/1.1 204) 2 headers in 112 bytes (1 switches on core 0)
2026-04-16 18:46:59.109 7 INFO neutron.api.v2.resource [None req-3baa11be-7e29-407c-9d71-1d71b55713ba d89589d986544e86aa01b23a689db32b c8fc30ae51774d21a325a51c55d1e764 - - default default] show failed (client error): The resource could not be found. [pid: 7|app: 0|req: 1903/3641] 10.0.0.163 () {32 vars in 747 bytes} [Thu Apr 16 18:46:59 2026] GET /v2.0/security-group-rules/ad0ed7c5-ba47-4924-af36-2ac137cdc9b1 => generated 155 bytes in 12 msecs (HTTP/1.1 404) 4 headers in 164 bytes (1 switches on core 0) [pid: 8|app: 0|req: 1739/3642] 10.0.0.163 () {32 vars in 740 bytes} [Thu Apr 16 18:46:59 2026] DELETE /v2.0/security-groups/5c94da90-3c4c-4c24-ab7d-e374f97f0d9a => generated 0 bytes in 117 msecs (HTTP/1.1 204) 2 headers in 112 bytes (1 switches on core 0)
2026-04-16 18:46:59.251 7 INFO neutron.api.v2.resource [None req-b47fbafd-0cd8-4144-a630-b239d0a79fe4 d89589d986544e86aa01b23a689db32b c8fc30ae51774d21a325a51c55d1e764 - - default default] show failed (client error): The resource could not be found. [pid: 7|app: 0|req: 1904/3643] 10.0.0.163 () {32 vars in 737 bytes} [Thu Apr 16 18:46:59 2026] GET /v2.0/security-groups/5c94da90-3c4c-4c24-ab7d-e374f97f0d9a => generated 146 bytes in 16 msecs (HTTP/1.1 404) 4 headers in 164 bytes (1 switches on core 0)
2026-04-16 18:46:59.598 8 INFO neutron_taas.services.taas.taas_plugin [None req-a18b5c6e-ac18-4f0c-9bce-05bef583f36e d89589d986544e86aa01b23a689db32b c8fc30ae51774d21a325a51c55d1e764 - - default default] TaaS: Handle Delete Port: 5e50cf50-7ec3-4989-9b09-e5d1b043b3a0
2026-04-16 18:46:59.600 8 INFO neutron_taas.services.taas.tap_mirror_plugin [None req-a18b5c6e-ac18-4f0c-9bce-05bef583f36e d89589d986544e86aa01b23a689db32b c8fc30ae51774d21a325a51c55d1e764 - - default default] Tap Mirror: Handle Delete Port: 5e50cf50-7ec3-4989-9b09-e5d1b043b3a0 [pid: 8|app: 0|req: 1740/3644] 10.0.0.163 () {34 vars in 789 bytes} [Thu Apr 16 18:46:59 2026] PUT /v2.0/routers/1fdfa5d2-dc97-4dda-a548-3a0817a92f4d/remove_router_interface => generated 309 bytes in 818 msecs (HTTP/1.1 200) 4 headers in 157 bytes (1 switches on core 0)
2026-04-16 18:47:00.221 7 INFO neutron.api.v2.resource [None req-35058ae0-526b-42b4-aa35-6a96b4a7d4cf d89589d986544e86aa01b23a689db32b c8fc30ae51774d21a325a51c55d1e764 - - default default] remove_router_interface failed (client error): The resource could not be found. [pid: 7|app: 0|req: 1905/3645] 10.0.0.163 () {34 vars in 789 bytes} [Thu Apr 16 18:47:00 2026] PUT /v2.0/routers/1fdfa5d2-dc97-4dda-a548-3a0817a92f4d/remove_router_interface => generated 198 bytes in 104 msecs (HTTP/1.1 404) 4 headers in 164 bytes (1 switches on core 0) /var/lib/openstack/lib/python3.12/site-packages/pycadf/identifier.py:70: UserWarning: Invalid uuid: neutron. To ensure interoperability, identifiers should be a valid uuid. warnings.warn(('Invalid uuid: %s. To ensure interoperability, '
2026-04-16 18:47:00.512 8 INFO neutron_taas.services.taas.taas_plugin [None req-bf11831a-357d-4ee2-93e3-9824e528b085 d89589d986544e86aa01b23a689db32b c8fc30ae51774d21a325a51c55d1e764 - - default default] TaaS: Handle Delete Port: dcbd87c2-8187-4816-9c72-bea4dd4a718e
2026-04-16 18:47:00.516 8 INFO neutron_taas.services.taas.tap_mirror_plugin [None req-bf11831a-357d-4ee2-93e3-9824e528b085 d89589d986544e86aa01b23a689db32b c8fc30ae51774d21a325a51c55d1e764 - - default default] Tap Mirror: Handle Delete Port: dcbd87c2-8187-4816-9c72-bea4dd4a718e [pid: 8|app: 0|req: 1741/3648] 10.0.0.163 () {34 vars in 789 bytes} [Thu Apr 16 18:47:00 2026] PUT /v2.0/routers/1fdfa5d2-dc97-4dda-a548-3a0817a92f4d/remove_router_interface => generated 309 bytes in 792 msecs (HTTP/1.1 200) 4 headers in 157 bytes (1 switches on core 0)
2026-04-16 18:47:01.155 7 INFO neutron.api.v2.resource [None req-99b209d9-a262-42e4-ade1-783b7c6a21ad d89589d986544e86aa01b23a689db32b c8fc30ae51774d21a325a51c55d1e764 - - default default] remove_router_interface failed (client error): The resource could not be found. [pid: 7|app: 0|req: 1908/3649] 10.0.0.163 () {34 vars in 789 bytes} [Thu Apr 16 18:47:01 2026] PUT /v2.0/routers/1fdfa5d2-dc97-4dda-a548-3a0817a92f4d/remove_router_interface => generated 198 bytes in 130 msecs (HTTP/1.1 404) 4 headers in 164 bytes (1 switches on core 0) /var/lib/openstack/lib/python3.12/site-packages/pycadf/identifier.py:70: UserWarning: Invalid uuid: neutron. To ensure interoperability, identifiers should be a valid uuid. warnings.warn(('Invalid uuid: %s. To ensure interoperability, '
2026-04-16 18:47:01.450 8 INFO neutron_taas.services.taas.taas_plugin [None req-7656e1e5-6aca-45f6-a521-465b078110be d89589d986544e86aa01b23a689db32b c8fc30ae51774d21a325a51c55d1e764 - - default default] TaaS: Handle Delete Port: be30ce1a-2681-4204-8193-29896ce0c99e
2026-04-16 18:47:01.454 8 INFO neutron_taas.services.taas.tap_mirror_plugin [None req-7656e1e5-6aca-45f6-a521-465b078110be d89589d986544e86aa01b23a689db32b c8fc30ae51774d21a325a51c55d1e764 - - default default] Tap Mirror: Handle Delete Port: be30ce1a-2681-4204-8193-29896ce0c99e [pid: 8|app: 0|req: 1742/3650] 10.0.0.163 () {34 vars in 789 bytes} [Thu Apr 16 18:47:01 2026] PUT /v2.0/routers/1fdfa5d2-dc97-4dda-a548-3a0817a92f4d/remove_router_interface => generated 309 bytes in 844 msecs (HTTP/1.1 200) 4 headers in 157 bytes (1 switches on core 0)
2026-04-16 18:47:02.107 7 INFO neutron.api.v2.resource [None req-2662d9dd-665f-4a97-bc20-c2855eddf2c3 d89589d986544e86aa01b23a689db32b c8fc30ae51774d21a325a51c55d1e764 - - default default] remove_router_interface failed (client error): The resource could not be found. [pid: 7|app: 0|req: 1909/3651] 10.0.0.163 () {34 vars in 789 bytes} [Thu Apr 16 18:47:02 2026] PUT /v2.0/routers/1fdfa5d2-dc97-4dda-a548-3a0817a92f4d/remove_router_interface => generated 198 bytes in 97 msecs (HTTP/1.1 404) 4 headers in 164 bytes (1 switches on core 0) /var/lib/openstack/lib/python3.12/site-packages/pycadf/identifier.py:70: UserWarning: Invalid uuid: neutron. To ensure interoperability, identifiers should be a valid uuid. warnings.warn(('Invalid uuid: %s. To ensure interoperability, '
2026-04-16 18:47:02.446 8 INFO neutron_taas.services.taas.taas_plugin [None req-431cdf75-03bf-407c-be2c-cf7cda37a840 d89589d986544e86aa01b23a689db32b c8fc30ae51774d21a325a51c55d1e764 - - default default] TaaS: Handle Delete Port: 5608e888-33a0-44a0-a43b-c57b7c17f79b
2026-04-16 18:47:02.449 8 INFO neutron_taas.services.taas.tap_mirror_plugin [None req-431cdf75-03bf-407c-be2c-cf7cda37a840 d89589d986544e86aa01b23a689db32b c8fc30ae51774d21a325a51c55d1e764 - - default default] Tap Mirror: Handle Delete Port: 5608e888-33a0-44a0-a43b-c57b7c17f79b [pid: 8|app: 0|req: 1743/3652] 10.0.0.163 () {32 vars in 724 bytes} [Thu Apr 16 18:47:02 2026] DELETE /v2.0/routers/1fdfa5d2-dc97-4dda-a548-3a0817a92f4d => generated 0 bytes in 705 msecs (HTTP/1.1 204) 2 headers in 112 bytes (1 switches on core 0)
2026-04-16 18:47:02.842 7 INFO neutron.api.v2.resource [None req-ef9d7c91-1d43-4d68-ac3c-d171d282dfc3 d89589d986544e86aa01b23a689db32b c8fc30ae51774d21a325a51c55d1e764 - - default default] show failed (client error): The resource could not be found. [pid: 7|app: 0|req: 1910/3653] 10.0.0.163 () {32 vars in 721 bytes} [Thu Apr 16 18:47:02 2026] GET /v2.0/routers/1fdfa5d2-dc97-4dda-a548-3a0817a92f4d => generated 135 bytes in 20 msecs (HTTP/1.1 404) 4 headers in 164 bytes (1 switches on core 0) [pid: 8|app: 0|req: 1744/3654] 10.0.0.163 () {32 vars in 724 bytes} [Thu Apr 16 18:47:02 2026] DELETE /v2.0/subnets/77662d61-00d6-4fc5-b4b3-54f13c7531b5 => generated 0 bytes in 151 msecs (HTTP/1.1 204) 3 headers in 131 bytes (1 switches on core 0)
2026-04-16 18:47:03.017 7 INFO neutron.pecan_wsgi.hooks.translation [None req-c81c4de2-03ad-4ff0-8610-9091e3473180 d89589d986544e86aa01b23a689db32b c8fc30ae51774d21a325a51c55d1e764 - - default default] GET failed (client error): The resource could not be found. [pid: 7|app: 0|req: 1911/3655] 10.0.0.163 () {32 vars in 721 bytes} [Thu Apr 16 18:47:03 2026] GET /v2.0/subnets/77662d61-00d6-4fc5-b4b3-54f13c7531b5 => generated 136 bytes in 14 msecs (HTTP/1.1 404) 4 headers in 164 bytes (1 switches on core 0) [pid: 8|app: 0|req: 1745/3656] 10.0.0.163 () {32 vars in 724 bytes} [Thu Apr 16 18:47:03 2026] DELETE /v2.0/subnets/69290e83-4ca4-49c1-ae42-22afb8f65ea7 => generated 0 bytes in 162 msecs (HTTP/1.1 204) 3 headers in 131 bytes (1 switches on core 0)
2026-04-16 18:47:03.204 7 INFO neutron.pecan_wsgi.hooks.translation [None req-6cf02ba3-2f4e-4578-8a9d-c436d9b7f907 d89589d986544e86aa01b23a689db32b c8fc30ae51774d21a325a51c55d1e764 - - default default] GET failed (client error): The resource could not be found. [pid: 7|app: 0|req: 1912/3657] 10.0.0.163 () {32 vars in 721 bytes} [Thu Apr 16 18:47:03 2026] GET /v2.0/subnets/69290e83-4ca4-49c1-ae42-22afb8f65ea7 => generated 136 bytes in 16 msecs (HTTP/1.1 404) 4 headers in 164 bytes (1 switches on core 0)
2026-04-16 18:47:03.331 8 INFO neutron_taas.services.taas.taas_plugin [None req-ef4ab62d-366c-4c78-b298-9cda85bc07a2 d89589d986544e86aa01b23a689db32b c8fc30ae51774d21a325a51c55d1e764 - - default default] TaaS: Handle Delete Port: 71ce4742-4ee0-43a0-a2a2-936cfed10407
2026-04-16 18:47:03.334 8 INFO neutron_taas.services.taas.tap_mirror_plugin [None req-ef4ab62d-366c-4c78-b298-9cda85bc07a2 d89589d986544e86aa01b23a689db32b c8fc30ae51774d21a325a51c55d1e764 - - default default] Tap Mirror: Handle Delete Port: 71ce4742-4ee0-43a0-a2a2-936cfed10407 [pid: 8|app: 0|req: 1746/3658] 10.0.0.163 () {32 vars in 726 bytes} [Thu Apr 16 18:47:03 2026] DELETE /v2.0/networks/da0b9bd8-d029-4758-987a-3c8bf8c443fb => generated 0 bytes in 338 msecs (HTTP/1.1 204) 3 headers in 131 bytes (1 switches on core 0)
2026-04-16 18:47:03.572 7 INFO neutron.pecan_wsgi.hooks.translation [None req-0dcb036e-358d-4d22-95d5-13aad4485d2e d89589d986544e86aa01b23a689db32b c8fc30ae51774d21a325a51c55d1e764 - - default default] GET failed (client error): The resource could not be found. [pid: 7|app: 0|req: 1913/3659] 10.0.0.163 () {32 vars in 723 bytes} [Thu Apr 16 18:47:03 2026] GET /v2.0/networks/da0b9bd8-d029-4758-987a-3c8bf8c443fb => generated 138 bytes in 21 msecs (HTTP/1.1 404) 4 headers in 164 bytes (1 switches on core 0)
2026-04-16 18:47:03.608 8 INFO neutron.services.segments.plugin [-] Segment fe594888-51d6-4832-aff6-f6ecfb5e2876 resource provider aggregate not found
2026-04-16 18:47:03.617 8 INFO neutron.services.segments.plugin [-] Segment fe594888-51d6-4832-aff6-f6ecfb5e2876 resource provider aggregate not found
2026-04-16 18:47:03.633 8 INFO neutron.services.segments.plugin [-] Segment fe594888-51d6-4832-aff6-f6ecfb5e2876 resource provider not found; error: Placement Client Error (4xx): {"errors": [{"status": 404, "title": "Not Found", "detail": "The resource could not be found.\n\n No resource provider with uuid fe594888-51d6-4832-aff6-f6ecfb5e2876 found for delete ", "request_id": "req-e1813458-0299-44d0-bc6b-7951ca439988"}]}
2026-04-16 18:47:03.637 8 INFO neutron.services.segments.plugin [-] Segment fe594888-51d6-4832-aff6-f6ecfb5e2876 resource provider not found; error: Placement Client Error (4xx): {"errors": [{"status": 404, "title": "Not Found", "detail": "The resource could not be found.\n\n No resource provider with uuid fe594888-51d6-4832-aff6-f6ecfb5e2876 found for delete ", "request_id": "req-21babf8d-aa3b-435a-9df3-4ba607f463e1"}]} [pid: 8|app: 0|req: 1747/3660] 10.0.0.163 () {32 vars in 724 bytes} [Thu Apr 16 18:47:03 2026] DELETE /v2.0/subnets/e0660d7e-ca59-41a6-aabe-4b8db204df43 => generated 0 bytes in 147 msecs (HTTP/1.1 204) 3 headers in 131 bytes (1 switches on core 0)
2026-04-16 18:47:03.750 7 INFO neutron.pecan_wsgi.hooks.translation [None req-46e74531-a0d1-400a-944a-0326858a6b4c d89589d986544e86aa01b23a689db32b c8fc30ae51774d21a325a51c55d1e764 - - default default] GET failed (client error): The resource could not be found. [pid: 7|app: 0|req: 1914/3661] 10.0.0.163 () {32 vars in 721 bytes} [Thu Apr 16 18:47:03 2026] GET /v2.0/subnets/e0660d7e-ca59-41a6-aabe-4b8db204df43 => generated 136 bytes in 19 msecs (HTTP/1.1 404) 4 headers in 164 bytes (1 switches on core 0) [pid: 8|app: 0|req: 1748/3662] 10.0.0.163 () {32 vars in 724 bytes} [Thu Apr 16 18:47:03 2026] DELETE /v2.0/subnets/421f9c6a-2c73-4133-a077-5c497990a9c4 => generated 0 bytes in 163 msecs (HTTP/1.1 204) 3 headers in 131 bytes (1 switches on core 0)
2026-04-16 18:47:03.940 7 INFO neutron.pecan_wsgi.hooks.translation [None req-7902844d-8054-4ee2-9443-87d3e746b08d d89589d986544e86aa01b23a689db32b c8fc30ae51774d21a325a51c55d1e764 - - default default] GET failed (client error): The resource could not be found. [pid: 7|app: 0|req: 1915/3663] 10.0.0.163 () {32 vars in 721 bytes} [Thu Apr 16 18:47:03 2026] GET /v2.0/subnets/421f9c6a-2c73-4133-a077-5c497990a9c4 => generated 136 bytes in 17 msecs (HTTP/1.1 404) 4 headers in 164 bytes (1 switches on core 0)
2026-04-16 18:47:04.087 8 INFO neutron_taas.services.taas.taas_plugin [None req-e44eadf2-ba79-423a-b0f8-ed2e9903ad9a d89589d986544e86aa01b23a689db32b c8fc30ae51774d21a325a51c55d1e764 - - default default] TaaS: Handle Delete Port: 74e14213-cc25-41ff-a552-313bc2b6fb61
2026-04-16 18:47:04.089 8 INFO neutron_taas.services.taas.tap_mirror_plugin [None req-e44eadf2-ba79-423a-b0f8-ed2e9903ad9a d89589d986544e86aa01b23a689db32b c8fc30ae51774d21a325a51c55d1e764 - - default default] Tap Mirror: Handle Delete Port: 74e14213-cc25-41ff-a552-313bc2b6fb61 [pid: 8|app: 0|req: 1749/3664] 10.0.0.163 () {32 vars in 726 bytes} [Thu Apr 16 18:47:03 2026] DELETE /v2.0/networks/6844212d-2b0f-4b38-8426-90f553700527 => generated 0 bytes in 363 msecs (HTTP/1.1 204) 3 headers in 131 bytes (1 switches on core 0)
2026-04-16 18:47:04.328 7 INFO neutron.pecan_wsgi.hooks.translation [None req-b139d954-5792-4e8c-8f41-3baac02933ed d89589d986544e86aa01b23a689db32b c8fc30ae51774d21a325a51c55d1e764 - - default default] GET failed (client error): The resource could not be found. [pid: 7|app: 0|req: 1916/3665] 10.0.0.163 () {32 vars in 723 bytes} [Thu Apr 16 18:47:04 2026] GET /v2.0/networks/6844212d-2b0f-4b38-8426-90f553700527 => generated 138 bytes in 16 msecs (HTTP/1.1 404) 4 headers in 164 bytes (1 switches on core 0) [pid: 8|app: 0|req: 1750/3666] 10.0.0.163 () {32 vars in 724 bytes} [Thu Apr 16 18:47:04 2026] DELETE /v2.0/subnets/706c3410-434a-466b-9092-6d68caf3fe97 => generated 0 bytes in 125 msecs (HTTP/1.1 204) 3 headers in 131 bytes (1 switches on core 0)
2026-04-16 18:47:04.476 7 INFO neutron.pecan_wsgi.hooks.translation [None req-49871eed-2f4f-4979-a267-ba579cddc378 d89589d986544e86aa01b23a689db32b c8fc30ae51774d21a325a51c55d1e764 - - default default] GET failed (client error): The resource could not be found. [pid: 7|app: 0|req: 1917/3667] 10.0.0.163 () {32 vars in 721 bytes} [Thu Apr 16 18:47:04 2026] GET /v2.0/subnets/706c3410-434a-466b-9092-6d68caf3fe97 => generated 136 bytes in 14 msecs (HTTP/1.1 404) 4 headers in 164 bytes (1 switches on core 0) [pid: 8|app: 0|req: 1751/3668] 10.0.0.163 () {32 vars in 724 bytes} [Thu Apr 16 18:47:04 2026] DELETE /v2.0/subnets/38093726-5b20-48b1-b1aa-ef2a686d91e8 => generated 0 bytes in 155 msecs (HTTP/1.1 204) 3 headers in 131 bytes (1 switches on core 0)
2026-04-16 18:47:04.658 7 INFO neutron.pecan_wsgi.hooks.translation [None req-0829379d-d46a-484f-a1be-f65e8f5c6c5e d89589d986544e86aa01b23a689db32b c8fc30ae51774d21a325a51c55d1e764 - - default default] GET failed (client error): The resource could not be found. [pid: 7|app: 0|req: 1918/3669] 10.0.0.163 () {32 vars in 721 bytes} [Thu Apr 16 18:47:04 2026] GET /v2.0/subnets/38093726-5b20-48b1-b1aa-ef2a686d91e8 => generated 136 bytes in 18 msecs (HTTP/1.1 404) 4 headers in 164 bytes (1 switches on core 0)
2026-04-16 18:47:04.782 8 INFO neutron_taas.services.taas.taas_plugin [None req-a17d93fb-0b23-4edb-a15e-8e78be441416 d89589d986544e86aa01b23a689db32b c8fc30ae51774d21a325a51c55d1e764 - - default default] TaaS: Handle Delete Port: 97c220c8-461b-43d8-8243-969a8c77a7c5
2026-04-16 18:47:04.784 8 INFO neutron_taas.services.taas.tap_mirror_plugin [None req-a17d93fb-0b23-4edb-a15e-8e78be441416 d89589d986544e86aa01b23a689db32b c8fc30ae51774d21a325a51c55d1e764 - - default default] Tap Mirror: Handle Delete Port: 97c220c8-461b-43d8-8243-969a8c77a7c5 [pid: 8|app: 0|req: 1752/3670] 10.0.0.163 () {32 vars in 726 bytes} [Thu Apr 16 18:47:04 2026] DELETE /v2.0/networks/209c5bdd-e0a5-47d8-a0f8-6254da61be11 => generated 0 bytes in 322 msecs (HTTP/1.1 204) 3 headers in 131 bytes (1 switches on core 0)
2026-04-16 18:47:05.006 7 INFO neutron.pecan_wsgi.hooks.translation [None req-6b6aeebe-9d88-4c94-8622-bbb7ecbd7ef4 d89589d986544e86aa01b23a689db32b c8fc30ae51774d21a325a51c55d1e764 - - default default] GET failed (client error): The resource could not be found. [pid: 7|app: 0|req: 1919/3671] 10.0.0.163 () {32 vars in 723 bytes} [Thu Apr 16 18:47:04 2026] GET /v2.0/networks/209c5bdd-e0a5-47d8-a0f8-6254da61be11 => generated 138 bytes in 17 msecs (HTTP/1.1 404) 4 headers in 164 bytes (1 switches on core 0)
2026-04-16 18:47:05.654 8 INFO neutron.services.segments.plugin [-] Segment 4178f408-9bfc-4f99-b544-43c7e5ffcd3f resource provider aggregate not found
2026-04-16 18:47:05.659 8 INFO neutron.services.segments.plugin [-] Segment 4178f408-9bfc-4f99-b544-43c7e5ffcd3f resource provider aggregate not found
2026-04-16 18:47:05.672 8 INFO neutron.services.segments.plugin [-] Segment 4178f408-9bfc-4f99-b544-43c7e5ffcd3f resource provider not found; error: Placement Client Error (4xx): {"errors": [{"status": 404, "title": "Not Found", "detail": "The resource could not be found.\n\n No resource provider with uuid 4178f408-9bfc-4f99-b544-43c7e5ffcd3f found for delete ", "request_id": "req-d96cd6ca-e035-46a0-8a51-2b01d514ae4e"}]}
2026-04-16 18:47:05.677 8 INFO neutron.services.segments.plugin [-] Segment 4178f408-9bfc-4f99-b544-43c7e5ffcd3f resource provider not found; error: Placement Client Error (4xx): {"errors": [{"status": 404, "title": "Not Found", "detail": "The resource could not be found.\n\n No resource provider with uuid 4178f408-9bfc-4f99-b544-43c7e5ffcd3f found for delete ", "request_id": "req-ea0c7e41-d089-4e1c-9fe7-cbe6b240243f"}]}
2026-04-16 18:47:05.693 8 INFO neutron.services.segments.plugin [-] Segment dca31b08-20b0-4474-b5a7-f91f2165f00f resource provider aggregate not found
2026-04-16 18:47:05.697 8 INFO neutron.services.segments.plugin [-] Segment dca31b08-20b0-4474-b5a7-f91f2165f00f resource provider aggregate not found
2026-04-16 18:47:05.708 8 INFO neutron.services.segments.plugin [-] Segment dca31b08-20b0-4474-b5a7-f91f2165f00f resource provider not found; error: Placement Client Error (4xx): {"errors": [{"status": 404, "title": "Not Found", "detail": "The resource could not be found.\n\n No resource provider with uuid dca31b08-20b0-4474-b5a7-f91f2165f00f found for delete ", "request_id": "req-f68f1558-17d7-479b-9544-3c6b5b1c7109"}]}
2026-04-16 18:47:05.710 8 INFO neutron.services.segments.plugin [-] Segment dca31b08-20b0-4474-b5a7-f91f2165f00f resource provider not found; error: Placement Client Error (4xx): {"errors": [{"status": 404, "title": "Not Found", "detail": "The resource could not be found.\n\n No resource provider with uuid dca31b08-20b0-4474-b5a7-f91f2165f00f found for delete ", "request_id": "req-63291bcf-41d5-441f-bf3c-7237ae15602a"}]}
2026-04-16 18:47:07.074 8 INFO neutron.db.ovn_revision_numbers_db [None req-3c23315a-b149-410a-9bb2-04272d33dd08 6da2eff5f4fe4e93b5700c478d27cf98 937a9226b4b7413f8b3427005f0aed77 - - default default] Successfully bumped revision number for resource 26de1672-928a-468d-ad46-f77ccd3a2df9 (type: security_groups) to 1
2026-04-16 18:47:07.088 8 INFO neutron.db.ovn_revision_numbers_db [None req-3c23315a-b149-410a-9bb2-04272d33dd08 6da2eff5f4fe4e93b5700c478d27cf98 937a9226b4b7413f8b3427005f0aed77 - - default default] Successfully bumped revision number for resource 0bc62d88-12a9-450e-bdf8-ce05aa73e680 (type: security_group_rules) to 0
2026-04-16 18:47:07.101 8 INFO neutron.db.ovn_revision_numbers_db [None req-3c23315a-b149-410a-9bb2-04272d33dd08 6da2eff5f4fe4e93b5700c478d27cf98 937a9226b4b7413f8b3427005f0aed77 - - default default] Successfully bumped revision number for resource 1558cbd3-e736-4e58-b237-7fff846090e4 (type: security_group_rules) to 0
2026-04-16 18:47:07.113 8 INFO neutron.db.ovn_revision_numbers_db [None req-3c23315a-b149-410a-9bb2-04272d33dd08 6da2eff5f4fe4e93b5700c478d27cf98 937a9226b4b7413f8b3427005f0aed77 - - default default] Successfully bumped revision number for resource 5b396f7a-14b4-46bb-beb0-8e85b452ee4d (type: security_group_rules) to 0
2026-04-16 18:47:07.124 8 INFO neutron.db.ovn_revision_numbers_db [None req-3c23315a-b149-410a-9bb2-04272d33dd08 6da2eff5f4fe4e93b5700c478d27cf98 937a9226b4b7413f8b3427005f0aed77 - - default default] Successfully bumped revision number for resource 9cb1879d-08ab-480e-94fb-d7d40f77f324 (type: security_group_rules) to 0 [pid: 8|app: 0|req: 1753/3672] 10.0.0.163 () {32 vars in 774 bytes} [Thu Apr 16 18:47:06 2026] GET /v2.0/security-groups?tenant_id=d1b9969f137449208f5b4eae14741da0&name=default => generated 2929 bytes in 362 msecs (HTTP/1.1 200) 4 headers in 158 bytes (1 switches on core 0) [pid: 7|app: 0|req: 1920/3673] 10.0.0.163 () {32 vars in 740 bytes} [Thu Apr 16 18:47:07 2026] DELETE /v2.0/security-groups/26de1672-928a-468d-ad46-f77ccd3a2df9 => generated 0 bytes in 229 msecs (HTTP/1.1 204) 2 headers in 112 bytes (1 switches on core 0)
2026-04-16 18:47:07.630 8 INFO neutron.db.ovn_revision_numbers_db [None req-dd2d27c8-3e22-4e09-8593-3dce6e13a0f6 6da2eff5f4fe4e93b5700c478d27cf98 937a9226b4b7413f8b3427005f0aed77 - - default default] Successfully bumped revision number for resource 77754d76-975c-444c-bd0b-108ea2a104fd (type: security_groups) to 1
2026-04-16 18:47:07.642 8 INFO neutron.db.ovn_revision_numbers_db [None req-dd2d27c8-3e22-4e09-8593-3dce6e13a0f6 6da2eff5f4fe4e93b5700c478d27cf98 937a9226b4b7413f8b3427005f0aed77 - - default default] Successfully bumped revision number for resource 0ecb9c4d-aec5-4c27-a928-14a0ee40cddb (type: security_group_rules) to 0
2026-04-16 18:47:07.654 8 INFO neutron.db.ovn_revision_numbers_db [None req-dd2d27c8-3e22-4e09-8593-3dce6e13a0f6 6da2eff5f4fe4e93b5700c478d27cf98 937a9226b4b7413f8b3427005f0aed77 - - default default] Successfully bumped revision number for resource 34628efc-07eb-486a-a5f5-8d9cc3d0acda (type: security_group_rules) to 0
2026-04-16 18:47:07.666 8 INFO neutron.db.ovn_revision_numbers_db [None req-dd2d27c8-3e22-4e09-8593-3dce6e13a0f6 6da2eff5f4fe4e93b5700c478d27cf98 937a9226b4b7413f8b3427005f0aed77 - - default default] Successfully bumped revision number for resource 5da279ca-7ea7-4938-b290-4bb8b16d5553 (type: security_group_rules) to 0
2026-04-16 18:47:07.677 8 INFO neutron.db.ovn_revision_numbers_db [None req-dd2d27c8-3e22-4e09-8593-3dce6e13a0f6 6da2eff5f4fe4e93b5700c478d27cf98 937a9226b4b7413f8b3427005f0aed77 - - default default] Successfully bumped revision number for resource b4f9dee6-868f-4e4d-9a1b-1d0c53b62c3b (type: security_group_rules) to 0 [pid: 8|app: 0|req: 1754/3674] 10.0.0.163 () {32 vars in 774 bytes} [Thu Apr 16 18:47:07 2026] GET /v2.0/security-groups?tenant_id=822fe2e569f24e59ba7ed1b763fe42a9&name=default => generated 2929 bytes in 246 msecs (HTTP/1.1 200) 4 headers in 158 bytes (1 switches on core 0) [pid: 7|app: 0|req: 1921/3675] 10.0.0.163 () {32 vars in 740 bytes} [Thu Apr 16 18:47:07 2026] DELETE /v2.0/security-groups/77754d76-975c-444c-bd0b-108ea2a104fd => generated 0 bytes in 236 msecs (HTTP/1.1 204) 2 headers in 112 bytes (1 switches on core 0)
2026-04-16 18:47:08.240 8 INFO neutron.db.ovn_revision_numbers_db [None req-be2293a7-29ed-4f98-a720-05957abcdb94 6da2eff5f4fe4e93b5700c478d27cf98 937a9226b4b7413f8b3427005f0aed77 - - default default] Successfully bumped revision number for resource bf554e60-e602-482e-bd4f-41aa9a9eba8a (type: security_groups) to 1
2026-04-16 18:47:08.255 8 INFO neutron.db.ovn_revision_numbers_db [None req-be2293a7-29ed-4f98-a720-05957abcdb94 6da2eff5f4fe4e93b5700c478d27cf98 937a9226b4b7413f8b3427005f0aed77 - - default default] Successfully bumped revision number for resource 11f04449-b4ec-4fbb-a88f-2137135996d6 (type: security_group_rules) to 0
2026-04-16 18:47:08.277 8 INFO neutron.db.ovn_revision_numbers_db [None req-be2293a7-29ed-4f98-a720-05957abcdb94 6da2eff5f4fe4e93b5700c478d27cf98 937a9226b4b7413f8b3427005f0aed77 - - default default] Successfully bumped revision number for resource 5c7b1a25-3934-474b-95fd-8d96aa46b615 (type: security_group_rules) to 0
2026-04-16 18:47:08.294 8 INFO neutron.db.ovn_revision_numbers_db [None req-be2293a7-29ed-4f98-a720-05957abcdb94 6da2eff5f4fe4e93b5700c478d27cf98 937a9226b4b7413f8b3427005f0aed77 - - default default] Successfully bumped revision number for resource 94cb3c7b-a8b2-4bff-bcd5-ac03defe4893 (type: security_group_rules) to 0
2026-04-16 18:47:08.308 8 INFO neutron.db.ovn_revision_numbers_db [None req-be2293a7-29ed-4f98-a720-05957abcdb94 6da2eff5f4fe4e93b5700c478d27cf98 937a9226b4b7413f8b3427005f0aed77 - - default default] Successfully bumped revision number for resource ebc25fef-8502-4ac5-a120-0583f5dcb87a (type: security_group_rules) to 0 [pid: 8|app: 0|req: 1755/3676] 10.0.0.163 () {32 vars in 774 bytes} [Thu Apr 16 18:47:08 2026] GET /v2.0/security-groups?tenant_id=5d00386a4f7942a1a028c975508d98f1&name=default => generated 2929 bytes in 234 msecs (HTTP/1.1 200) 4 headers in 158 bytes (1 switches on core 0) [pid: 7|app: 0|req: 1922/3677] 10.0.0.163 () {32 vars in 740 bytes} [Thu Apr 16 18:47:08 2026] DELETE /v2.0/security-groups/bf554e60-e602-482e-bd4f-41aa9a9eba8a => generated 0 bytes in 246 msecs (HTTP/1.1 204) 2 headers in 112 bytes (1 switches on core 0)
2026-04-16 18:47:08.893 8 INFO neutron.db.ovn_revision_numbers_db [None req-bb20e527-f19b-465b-938d-c0a87dc82a74 6da2eff5f4fe4e93b5700c478d27cf98 937a9226b4b7413f8b3427005f0aed77 - - default default] Successfully bumped revision number for resource 1483d730-ec69-41a1-a744-ee45183de35c (type: security_groups) to 1
2026-04-16 18:47:08.906 8 INFO neutron.db.ovn_revision_numbers_db [None req-bb20e527-f19b-465b-938d-c0a87dc82a74 6da2eff5f4fe4e93b5700c478d27cf98 937a9226b4b7413f8b3427005f0aed77 - - default default] Successfully bumped revision number for resource 70853d6c-5e96-4127-980b-d6104dc9df98 (type: security_group_rules) to 0
2026-04-16 18:47:08.918 8 INFO neutron.db.ovn_revision_numbers_db [None req-bb20e527-f19b-465b-938d-c0a87dc82a74 6da2eff5f4fe4e93b5700c478d27cf98 937a9226b4b7413f8b3427005f0aed77 - - default default] Successfully bumped revision number for resource a2b61f15-d9b5-4d0a-9448-0f19d7e026b4 (type: security_group_rules) to 0
2026-04-16 18:47:08.930 8 INFO neutron.db.ovn_revision_numbers_db [None req-bb20e527-f19b-465b-938d-c0a87dc82a74 6da2eff5f4fe4e93b5700c478d27cf98 937a9226b4b7413f8b3427005f0aed77 - - default default] Successfully bumped revision number for resource b8c3bb40-2671-4134-9c65-4a3110973e32 (type: security_group_rules) to 0
2026-04-16 18:47:08.957 8 INFO neutron.db.ovn_revisi