2026-04-16 18:40:20.275 7 WARNING neutron.api.rpc.agentnotifiers.dhcp_rpc_agent_api [None req-3ccf192e-86b7-43c5-b8e9-242953f4c267 6da2eff5f4fe4e93b5700c478d27cf98 937a9226b4b7413f8b3427005f0aed77 - - default default] Unable to schedule network 64f36648-13bb-4062-bcde-17ddce7c4d16: no agents available; will retry on subsequent port and subnet creation events. [pid: 8|app: 0|req: 739/1552] 10.0.0.163 () {32 vars in 726 bytes} [Thu Apr 16 18:40:20 2026] DELETE /v2.0/networks/6e22424f-925c-43c4-b1e2-834c778e7c12 => generated 0 bytes in 492 msecs (HTTP/1.1 204) 3 headers in 131 bytes (1 switches on core 0)
2026-04-16 18:40:20.704 7 INFO neutron.db.ovn_revision_numbers_db [None req-8d3d52fd-8fa5-4ac9-9a06-50b66a0ddc39 - - - - - -] Successfully bumped revision number for resource 8ef42d37-47c8-45d5-9aaf-a1509279ad79 (type: ports) to 2
2026-04-16 18:40:20.733 7 INFO neutron.db.ovn_revision_numbers_db [None req-8d3d52fd-8fa5-4ac9-9a06-50b66a0ddc39 - - - - - -] Successfully bumped revision number for resource e1bed01a-861f-4edf-9c88-cd8b330d19c8 (type: subnets) to 0 [pid: 7|app: 0|req: 814/1553] 10.0.0.163 () {34 vars in 669 bytes} [Thu Apr 16 18:40:20 2026] POST /v2.0/subnets => generated 687 bytes in 615 msecs (HTTP/1.1 201) 4 headers in 162 bytes (1 switches on core 0)
2026-04-16 18:40:20.830 7 INFO neutron.db.segments_db [None req-0cc60243-75f1-4b4b-bb46-54b24d80fb45 b5f69704d26f4b7f92d1402586d96ea3 297029f91772495f8b657419c05917ed - - default default] Added segment 820b527b-f4fc-4329-bbd9-8a0deaeca374 of type geneve for network 4d802621-21db-46c7-a529-2aba053df1f8
2026-04-16 18:40:20.918 8 INFO neutron.db.ovn_revision_numbers_db [None req-50127bf8-18a9-4ab1-af58-6fc6ab673656 c1de8ce17d46418e9cbd03e866e6a2e5 bb63ba028b234e68a6f4dd0b30aed900 - - default default] Successfully bumped revision number for resource e952b9d3-37da-4bd7-b263-99ba407f8319 (type: routers) to 3 [pid: 8|app: 0|req: 740/1554] 10.0.0.163 () {34 vars in 741 bytes} [Thu Apr 16 18:40:20 2026] PUT /v2.0/routers/e952b9d3-37da-4bd7-b263-99ba407f8319 => generated 965 bytes in 413 msecs (HTTP/1.1 200) 4 headers in 157 bytes (1 switches on core 0)
2026-04-16 18:40:20.972 7 INFO neutron.db.ovn_revision_numbers_db [None req-0cc60243-75f1-4b4b-bb46-54b24d80fb45 b5f69704d26f4b7f92d1402586d96ea3 297029f91772495f8b657419c05917ed - - default default] Successfully bumped revision number for resource 4d802621-21db-46c7-a529-2aba053df1f8 (type: networks) to 1
2026-04-16 18:40:21.117 7 WARNING neutron.scheduler.dhcp_agent_scheduler [None req-0cc60243-75f1-4b4b-bb46-54b24d80fb45 b5f69704d26f4b7f92d1402586d96ea3 297029f91772495f8b657419c05917ed - - default default] No more DHCP agents
2026-04-16 18:40:21.118 7 WARNING neutron.api.rpc.agentnotifiers.dhcp_rpc_agent_api [None req-0cc60243-75f1-4b4b-bb46-54b24d80fb45 b5f69704d26f4b7f92d1402586d96ea3 297029f91772495f8b657419c05917ed - - default default] Unable to schedule network 4d802621-21db-46c7-a529-2aba053df1f8: no agents available; will retry on subsequent port and subnet creation events.
2026-04-16 18:40:21.199 7 INFO neutron.db.ovn_revision_numbers_db [None req-0cc60243-75f1-4b4b-bb46-54b24d80fb45 b5f69704d26f4b7f92d1402586d96ea3 297029f91772495f8b657419c05917ed - - default default] Successfully bumped revision number for resource afef0eec-08cf-4685-aaf4-4b701b1a6c40 (type: ports) to 1 [pid: 7|app: 0|req: 815/1555] 10.0.0.163 () {34 vars in 670 bytes} [Thu Apr 16 18:40:20 2026] POST /v2.0/networks => generated 749 bytes in 470 msecs (HTTP/1.1 201) 4 headers in 162 bytes (1 switches on core 0) [pid: 7|app: 0|req: 816/1556] 10.0.0.163 () {32 vars in 721 bytes} [Thu Apr 16 18:40:21 2026] GET /v2.0/routers/e952b9d3-37da-4bd7-b263-99ba407f8319 => generated 965 bytes in 57 msecs (HTTP/1.1 200) 4 headers in 157 bytes (1 switches on core 0) [pid: 7|app: 0|req: 817/1557] 10.0.0.89 () {34 vars in 989 bytes} [Thu Apr 16 18:40:21 2026] GET /v2.0/ports?device_id=f1e49d64-7494-436b-ad7b-8a42b7cba18f => generated 12 bytes in 13 msecs (HTTP/1.1 200) 4 headers in 156 bytes (1 switches on core 0)
2026-04-16 18:40:21.326 8 WARNING neutron.plugins.ml2.drivers.ovn.mech_driver.ovsdb.ovn_client [None req-ebfb2c3c-2ecd-41ec-a3bd-f8de320ad624 - - - - - -] No hosting information found for port 1cb3f410-aa67-412e-9e22-547abbabcf0a: RuntimeError: No hosting information found for port 1cb3f410-aa67-412e-9e22-547abbabcf0a
2026-04-16 18:40:21.394 8 WARNING neutron.scheduler.dhcp_agent_scheduler [None req-d5072925-6b30-4ab0-afc2-13817c044a43 6da2eff5f4fe4e93b5700c478d27cf98 937a9226b4b7413f8b3427005f0aed77 - - default default] No more DHCP agents
2026-04-16 18:40:21.398 8 WARNING neutron.api.rpc.agentnotifiers.dhcp_rpc_agent_api [None req-d5072925-6b30-4ab0-afc2-13817c044a43 6da2eff5f4fe4e93b5700c478d27cf98 937a9226b4b7413f8b3427005f0aed77 - - default default] Unable to schedule network 68c07e7a-abc1-4fb8-83af-7071eb76dd80: no agents available; will retry on subsequent port and subnet creation events.
2026-04-16 18:40:21.410 7 WARNING neutron.scheduler.dhcp_agent_scheduler [None req-0afc57e2-360a-4784-910f-4fbd01a3f5d2 b5f69704d26f4b7f92d1402586d96ea3 297029f91772495f8b657419c05917ed - - default default] No more DHCP agents
2026-04-16 18:40:21.411 7 WARNING neutron.api.rpc.agentnotifiers.dhcp_rpc_agent_api [None req-0afc57e2-360a-4784-910f-4fbd01a3f5d2 b5f69704d26f4b7f92d1402586d96ea3 297029f91772495f8b657419c05917ed - - default default] Unable to schedule network 4d802621-21db-46c7-a529-2aba053df1f8: no agents available; will retry on subsequent port and subnet creation events.
2026-04-16 18:40:21.445 8 INFO neutron.db.ovn_revision_numbers_db [None req-ebfb2c3c-2ecd-41ec-a3bd-f8de320ad624 - - - - - -] Successfully bumped revision number for resource 1cb3f410-aa67-412e-9e22-547abbabcf0a (type: router_ports) to 2
2026-04-16 18:40:21.530 8 INFO neutron.plugins.ml2.drivers.ovn.mech_driver.mech_driver [None req-ebfb2c3c-2ecd-41ec-a3bd-f8de320ad624 - - - - - -] OVN reports status down for port: f8488338-9755-4f2b-b2c6-f04654d45934
2026-04-16 18:40:21.549 8 INFO neutron.plugins.ml2.drivers.ovn.mech_driver.mech_driver [None req-ebfb2c3c-2ecd-41ec-a3bd-f8de320ad624 - - - - - -] OVN reports status down for port: afef0eec-08cf-4685-aaf4-4b701b1a6c40
2026-04-16 18:40:21.665 8 INFO neutron.db.ovn_revision_numbers_db [None req-d5072925-6b30-4ab0-afc2-13817c044a43 6da2eff5f4fe4e93b5700c478d27cf98 937a9226b4b7413f8b3427005f0aed77 - - default default] Successfully bumped revision number for resource 6f85c0aa-a50e-4212-a3c8-9be3d29a49d8 (type: ports) to 1
2026-04-16 18:40:21.693 8 INFO neutron.plugins.ml2.drivers.ovn.mech_driver.mech_driver [None req-ebfb2c3c-2ecd-41ec-a3bd-f8de320ad624 - - - - - -] OVN reports status down for port: 6f85c0aa-a50e-4212-a3c8-9be3d29a49d8
2026-04-16 18:40:21.831 7 INFO neutron.db.ovn_revision_numbers_db [None req-e2500b6c-88f0-4c8a-9174-0c6e964183b9 - - - - - -] Successfully bumped revision number for resource afef0eec-08cf-4685-aaf4-4b701b1a6c40 (type: ports) to 2
2026-04-16 18:40:21.863 7 INFO neutron.db.ovn_revision_numbers_db [None req-e2500b6c-88f0-4c8a-9174-0c6e964183b9 - - - - - -] Successfully bumped revision number for resource 4fecdda3-d632-4ba3-a4ea-930d6c077358 (type: subnets) to 0 [pid: 7|app: 0|req: 818/1558] 10.0.0.163 () {34 vars in 669 bytes} [Thu Apr 16 18:40:21 2026] POST /v2.0/subnets => generated 647 bytes in 587 msecs (HTTP/1.1 201) 4 headers in 162 bytes (1 switches on core 0) [pid: 7|app: 0|req: 819/1559] 10.0.0.163 () {32 vars in 736 bytes} [Thu Apr 16 18:40:21 2026] GET /v2.0/ports?device_id=e952b9d3-37da-4bd7-b263-99ba407f8319 => generated 12 bytes in 17 msecs (HTTP/1.1 200) 4 headers in 156 bytes (1 switches on core 0) [pid: 7|app: 0|req: 820/1560] 10.0.0.163 () {34 vars in 681 bytes} [Thu Apr 16 18:40:21 2026] POST /v2.0/rbac-policies => generated 324 bytes in 235 msecs (HTTP/1.1 201) 4 headers in 162 bytes (1 switches on core 0)
2026-04-16 18:40:22.143 8 INFO neutron.services.segments.plugin [-] Segment 4bdaac80-8b8e-4237-88df-554d0796843a resource provider aggregate not found
2026-04-16 18:40:22.145 8 INFO neutron.services.segments.plugin [-] Segment 4bdaac80-8b8e-4237-88df-554d0796843a resource provider aggregate not found
2026-04-16 18:40:22.164 8 INFO neutron.services.segments.plugin [-] Segment 4bdaac80-8b8e-4237-88df-554d0796843a resource provider not found; error: Placement Client Error (4xx): {"errors": [{"status": 404, "title": "Not Found", "detail": "The resource could not be found.\n\n No resource provider with uuid 4bdaac80-8b8e-4237-88df-554d0796843a found for delete ", "request_id": "req-602a189a-5c81-4445-8847-54a404b8fb34"}]}
2026-04-16 18:40:22.171 8 INFO neutron.services.segments.plugin [-] Segment 4bdaac80-8b8e-4237-88df-554d0796843a resource provider not found; error: Placement Client Error (4xx): {"errors": [{"status": 404, "title": "Not Found", "detail": "The resource could not be found.\n\n No resource provider with uuid 4bdaac80-8b8e-4237-88df-554d0796843a found for delete ", "request_id": "req-0c0e8543-6237-425e-8c4e-6d0f66ffa10a"}]}
2026-04-16 18:40:22.338 8 INFO neutron.plugins.ml2.drivers.ovn.mech_driver.ovsdb.commands [None req-eb066beb-ea71-4272-bc97-c3efb4db155f - - - - - -] Schedule LRP lrp-6f85c0aa-a50e-4212-a3c8-9be3d29a49d8 on gateway dce26197-3cc9-4351-8387-5e0134b49f1e with priority 1
2026-04-16 18:40:22.380 8 INFO neutron.plugins.ml2.drivers.ovn.mech_driver.ovsdb.ovsdb_monitor [None req-40dbe90f-68d2-46b4-98da-02a61750f2e6 - - - - - -] Router 8da4266a-9d21-4500-bd74-bbe077af8c51 is bound to host instance
2026-04-16 18:40:22.433 7 WARNING neutron.plugins.ml2.drivers.ovn.mech_driver.ovsdb.ovn_client [None req-fafa783c-7997-4e71-9df1-6e99e4237ba5 - - - - - -] No port found with ID d2262ed5-4502-42e7-be88-76674f970a66: RuntimeError: No port found with ID d2262ed5-4502-42e7-be88-76674f970a66
2026-04-16 18:40:22.434 7 INFO neutron.plugins.ml2.drivers.ovn.mech_driver.mech_driver [None req-fafa783c-7997-4e71-9df1-6e99e4237ba5 - - - - - -] OVN reports status down for port: fbbbebfc-d1f6-4b0d-9ef5-d55c94633dff
2026-04-16 18:40:22.436 8 INFO neutron.plugins.ml2.drivers.ovn.mech_driver.mech_driver [None req-ebfb2c3c-2ecd-41ec-a3bd-f8de320ad624 - - - - - -] OVN reports status up for port: 6f85c0aa-a50e-4212-a3c8-9be3d29a49d8
2026-04-16 18:40:22.460 7 INFO neutron.plugins.ml2.drivers.ovn.mech_driver.mech_driver [None req-fafa783c-7997-4e71-9df1-6e99e4237ba5 - - - - - -] OVN reports status down for port: 40529d37-2f2b-49e7-8bba-12172a43f672
2026-04-16 18:40:22.493 8 INFO neutron.plugins.ml2.plugin [None req-ebfb2c3c-2ecd-41ec-a3bd-f8de320ad624 - - - - - -] Attempt 1 to provision port 6f85c0aa-a50e-4212-a3c8-9be3d29a49d8
2026-04-16 18:40:22.502 8 INFO neutron.db.ovn_revision_numbers_db [None req-d5072925-6b30-4ab0-afc2-13817c044a43 6da2eff5f4fe4e93b5700c478d27cf98 937a9226b4b7413f8b3427005f0aed77 - - default default] Successfully bumped revision number for resource 6f85c0aa-a50e-4212-a3c8-9be3d29a49d8 (type: router_ports) to 1
2026-04-16 18:40:22.631 7 INFO neutron_taas.services.taas.taas_plugin [None req-9d49dfd4-eae4-4472-ab68-4dc46a7cfb0c c1de8ce17d46418e9cbd03e866e6a2e5 bb63ba028b234e68a6f4dd0b30aed900 - - default default] TaaS: Handle Delete Port: 40529d37-2f2b-49e7-8bba-12172a43f672
2026-04-16 18:40:22.639 7 INFO neutron_taas.services.taas.tap_mirror_plugin [None req-9d49dfd4-eae4-4472-ab68-4dc46a7cfb0c c1de8ce17d46418e9cbd03e866e6a2e5 bb63ba028b234e68a6f4dd0b30aed900 - - default default] Tap Mirror: Handle Delete Port: 40529d37-2f2b-49e7-8bba-12172a43f672
2026-04-16 18:40:22.662 7 WARNING neutron.plugins.ml2.drivers.ovn.mech_driver.ovsdb.ovn_client [None req-fafa783c-7997-4e71-9df1-6e99e4237ba5 - - - - - -] Logical_Switch_Port %s host information not removed, the port state is up
2026-04-16 18:40:22.662 7 INFO neutron.plugins.ml2.drivers.ovn.mech_driver.mech_driver [None req-fafa783c-7997-4e71-9df1-6e99e4237ba5 - - - - - -] OVN reports status up for port: 40529d37-2f2b-49e7-8bba-12172a43f672
2026-04-16 18:40:22.689 7 INFO neutron.plugins.ml2.plugin [None req-fafa783c-7997-4e71-9df1-6e99e4237ba5 - - - - - -] Attempt 1 to provision port 40529d37-2f2b-49e7-8bba-12172a43f672
2026-04-16 18:40:22.784 8 INFO neutron.db.ovn_revision_numbers_db [None req-d5072925-6b30-4ab0-afc2-13817c044a43 6da2eff5f4fe4e93b5700c478d27cf98 937a9226b4b7413f8b3427005f0aed77 - - default default] Successfully bumped revision number for resource 8da4266a-9d21-4500-bd74-bbe077af8c51 (type: routers) to 2 [pid: 8|app: 0|req: 741/1561] 10.0.0.163 () {34 vars in 669 bytes} [Thu Apr 16 18:40:20 2026] POST /v2.0/routers => generated 965 bytes in 1899 msecs (HTTP/1.1 201) 4 headers in 162 bytes (1 switches on core 0) [pid: 8|app: 0|req: 742/1562] 199.204.45.22 () {34 vars in 985 bytes} [Thu Apr 16 18:40:22 2026] GET /v2.0/networks?id=581889dd-caf8-42bc-a689-ce338645ca43 => generated 713 bytes in 88 msecs (HTTP/1.1 200) 4 headers in 157 bytes (1 switches on core 0) [pid: 8|app: 0|req: 743/1563] 10.0.0.89 () {34 vars in 989 bytes} [Thu Apr 16 18:40:22 2026] GET /v2.0/ports?device_id=f1e49d64-7494-436b-ad7b-8a42b7cba18f => generated 12 bytes in 25 msecs (HTTP/1.1 200) 4 headers in 156 bytes (1 switches on core 0) [pid: 8|app: 0|req: 744/1564] 10.0.0.163 () {32 vars in 723 bytes} [Thu Apr 16 18:40:22 2026] GET /v2.0/networks/4d802621-21db-46c7-a529-2aba053df1f8 => generated 693 bytes in 117 msecs (HTTP/1.1 200) 4 headers in 157 bytes (1 switches on core 0) [pid: 7|app: 0|req: 821/1565] 10.0.0.163 () {32 vars in 724 bytes} [Thu Apr 16 18:40:22 2026] DELETE /v2.0/routers/e952b9d3-37da-4bd7-b263-99ba407f8319 => generated 0 bytes in 973 msecs (HTTP/1.1 204) 2 headers in 112 bytes (1 switches on core 0) [pid: 7|app: 0|req: 822/1566] 199.204.45.22 () {34 vars in 1049 bytes} [Thu Apr 16 18:40:23 2026] GET /v2.0/security-groups?fields=id&fields=name&tenant_id=5579ea3657244a52aa9ec3e881e819f1 => generated 181 bytes in 31 msecs (HTTP/1.1 200) 4 headers in 157 bytes (1 switches on core 0) [pid: 7|app: 0|req: 823/1567] 10.0.0.163 () {32 vars in 736 bytes} [Thu Apr 16 18:40:23 2026] GET /v2.0/ports?device_id=e952b9d3-37da-4bd7-b263-99ba407f8319 => generated 12 bytes in 22 msecs (HTTP/1.1 200) 4 headers in 156 bytes (1 switches on core 0)
2026-04-16 18:40:23.442 7 WARNING neutron.scheduler.dhcp_agent_scheduler [req-80cf3619-d10b-4619-89f8-703abdd21cf9 req-c033076f-220c-45e1-95e8-ac393dc739ff 70c0ea4a0d744fd7ad417b1c6dc3cbad 5579ea3657244a52aa9ec3e881e819f1 - - default default] No more DHCP agents
2026-04-16 18:40:23.443 7 WARNING neutron.api.rpc.agentnotifiers.dhcp_rpc_agent_api [req-80cf3619-d10b-4619-89f8-703abdd21cf9 req-c033076f-220c-45e1-95e8-ac393dc739ff 70c0ea4a0d744fd7ad417b1c6dc3cbad 5579ea3657244a52aa9ec3e881e819f1 - - default default] Unable to schedule network 581889dd-caf8-42bc-a689-ce338645ca43: no agents available; will retry on subsequent port and subnet creation events.
2026-04-16 18:40:23.613 7 INFO neutron.db.ovn_revision_numbers_db [req-80cf3619-d10b-4619-89f8-703abdd21cf9 req-c033076f-220c-45e1-95e8-ac393dc739ff 70c0ea4a0d744fd7ad417b1c6dc3cbad 5579ea3657244a52aa9ec3e881e819f1 - - default default] Successfully bumped revision number for resource a0bd3229-bed5-47bc-adcd-821ac2b8ae75 (type: ports) to 1 [pid: 7|app: 0|req: 824/1568] 199.204.45.22 () {38 vars in 954 bytes} [Thu Apr 16 18:40:23 2026] POST /v2.0/ports => generated 954 bytes in 517 msecs (HTTP/1.1 201) 4 headers in 162 bytes (1 switches on core 0) /var/lib/openstack/lib/python3.12/site-packages/pycadf/identifier.py:70: UserWarning: Invalid uuid: neutron. To ensure interoperability, identifiers should be a valid uuid. warnings.warn(('Invalid uuid: %s. To ensure interoperability, '
2026-04-16 18:40:23.694 7 INFO neutron.api.v2.resource [None req-efabe9be-c53e-418b-9c49-fd33c7da5346 c1de8ce17d46418e9cbd03e866e6a2e5 bb63ba028b234e68a6f4dd0b30aed900 - - default default] delete failed (client error): The resource could not be found. [pid: 7|app: 0|req: 825/1569] 10.0.0.163 () {32 vars in 724 bytes} [Thu Apr 16 18:40:23 2026] DELETE /v2.0/routers/e952b9d3-37da-4bd7-b263-99ba407f8319 => generated 135 bytes in 17 msecs (HTTP/1.1 404) 4 headers in 164 bytes (1 switches on core 0)
2026-04-16 18:40:23.743 7 INFO neutron.pecan_wsgi.hooks.translation [None req-73f57e41-9026-4128-99e0-70e08f96135c bb1b62f8bc9147938de329bb3f45547e 954fe7671855448cb965b70ad143977c - - default default] GET failed (client error): The resource could not be found. [pid: 7|app: 0|req: 826/1570] 10.0.0.163 () {32 vars in 723 bytes} [Thu Apr 16 18:40:23 2026] GET /v2.0/networks/4d802621-21db-46c7-a529-2aba053df1f8 => generated 138 bytes in 48 msecs (HTTP/1.1 404) 4 headers in 164 bytes (1 switches on core 0)
2026-04-16 18:40:23.922 8 WARNING neutron.scheduler.dhcp_agent_scheduler [None req-ddafe0b2-abe4-44c4-8c01-ee71b17240a4 6da2eff5f4fe4e93b5700c478d27cf98 937a9226b4b7413f8b3427005f0aed77 - - default default] No more DHCP agents
2026-04-16 18:40:23.926 8 WARNING neutron.api.rpc.agentnotifiers.dhcp_rpc_agent_api [None req-ddafe0b2-abe4-44c4-8c01-ee71b17240a4 6da2eff5f4fe4e93b5700c478d27cf98 937a9226b4b7413f8b3427005f0aed77 - - default default] Unable to schedule network 64f36648-13bb-4062-bcde-17ddce7c4d16: no agents available; will retry on subsequent port and subnet creation events.
2026-04-16 18:40:24.061 8 INFO neutron.db.ovn_revision_numbers_db [None req-8d232eeb-62c2-438a-87e0-55668c94b482 - - - - - -] Successfully bumped revision number for resource 6f85c0aa-a50e-4212-a3c8-9be3d29a49d8 (type: ports) to 4
2026-04-16 18:40:24.232 8 INFO neutron.db.ovn_revision_numbers_db [None req-ddafe0b2-abe4-44c4-8c01-ee71b17240a4 6da2eff5f4fe4e93b5700c478d27cf98 937a9226b4b7413f8b3427005f0aed77 - - default default] Successfully bumped revision number for resource a37c3dab-5292-4a5a-9bc5-686461b4786b (type: ports) to 1
2026-04-16 18:40:24.601 7 INFO neutron.db.ovn_revision_numbers_db [req-80cf3619-d10b-4619-89f8-703abdd21cf9 req-74deb5d9-db1e-4d4a-9123-7e3f9ee3cda6 8272ca262e38493583f635ae7427c1df 1580b525fbe34f0d8026116967c606f9 - - 87820e9d31b94e69a84ea68dad5d91e4 87820e9d31b94e69a84ea68dad5d91e4] Successfully bumped revision number for resource a0bd3229-bed5-47bc-adcd-821ac2b8ae75 (type: ports) to 2
2026-04-16 18:40:24.680 8 INFO neutron.db.ovn_revision_numbers_db [None req-8d232eeb-62c2-438a-87e0-55668c94b482 - - - - - -] Successfully bumped revision number for resource 6f85c0aa-a50e-4212-a3c8-9be3d29a49d8 (type: ports) to 5
2026-04-16 18:40:24.792 7 INFO neutron.db.ovn_revision_numbers_db [req-80cf3619-d10b-4619-89f8-703abdd21cf9 req-74deb5d9-db1e-4d4a-9123-7e3f9ee3cda6 8272ca262e38493583f635ae7427c1df 1580b525fbe34f0d8026116967c606f9 - - 87820e9d31b94e69a84ea68dad5d91e4 87820e9d31b94e69a84ea68dad5d91e4] Successfully bumped revision number for resource a0bd3229-bed5-47bc-adcd-821ac2b8ae75 (type: ports) to 4 [pid: 7|app: 0|req: 827/1571] 199.204.45.22 () {38 vars in 1027 bytes} [Thu Apr 16 18:40:23 2026] PUT /v2.0/ports/a0bd3229-bed5-47bc-adcd-821ac2b8ae75 => generated 1204 bytes in 1074 msecs (HTTP/1.1 200) 4 headers in 158 bytes (1 switches on core 0) /var/lib/openstack/lib/python3.12/site-packages/pycadf/identifier.py:70: UserWarning: Invalid uuid: neutron. To ensure interoperability, identifiers should be a valid uuid. warnings.warn(('Invalid uuid: %s. To ensure interoperability, ' [pid: 7|app: 0|req: 828/1572] 10.0.0.163 () {32 vars in 736 bytes} [Thu Apr 16 18:40:24 2026] GET /v2.0/ports?device_id=929ee33f-1732-481f-b7d7-4aa48ec7b4ca => generated 12 bytes in 22 msecs (HTTP/1.1 200) 4 headers in 156 bytes (1 switches on core 0)
2026-04-16 18:40:24.848 7 INFO neutron.notifiers.nova [-] Nova event matching ['req-97ded493-8bc2-4f57-b9bb-ace066d54ecf'] response: {'name': 'network-changed', 'server_uuid': 'f1e49d64-7494-436b-ad7b-8a42b7cba18f', 'tag': 'a0bd3229-bed5-47bc-adcd-821ac2b8ae75', 'status': 'completed', 'code': 200}
2026-04-16 18:40:24.972 7 INFO neutron_taas.services.taas.taas_plugin [None req-b0df8cc3-7c08-4e17-aab9-c6e13b2c086f b5f69704d26f4b7f92d1402586d96ea3 297029f91772495f8b657419c05917ed - - default default] TaaS: Handle Delete Port: afef0eec-08cf-4685-aaf4-4b701b1a6c40
2026-04-16 18:40:24.975 7 INFO neutron_taas.services.taas.tap_mirror_plugin [None req-b0df8cc3-7c08-4e17-aab9-c6e13b2c086f b5f69704d26f4b7f92d1402586d96ea3 297029f91772495f8b657419c05917ed - - default default] Tap Mirror: Handle Delete Port: afef0eec-08cf-4685-aaf4-4b701b1a6c40
2026-04-16 18:40:25.198 8 WARNING neutron.scheduler.dhcp_agent_scheduler [None req-ddafe0b2-abe4-44c4-8c01-ee71b17240a4 6da2eff5f4fe4e93b5700c478d27cf98 937a9226b4b7413f8b3427005f0aed77 - - default default] No more DHCP agents
2026-04-16 18:40:25.199 8 WARNING neutron.api.rpc.agentnotifiers.dhcp_rpc_agent_api [None req-ddafe0b2-abe4-44c4-8c01-ee71b17240a4 6da2eff5f4fe4e93b5700c478d27cf98 937a9226b4b7413f8b3427005f0aed77 - - default default] Unable to schedule network 64f36648-13bb-4062-bcde-17ddce7c4d16: no agents available; will retry on subsequent port and subnet creation events.
2026-04-16 18:40:25.273 7 INFO neutron.services.segments.plugin [-] Segment 820b527b-f4fc-4329-bbd9-8a0deaeca374 resource provider aggregate not found
2026-04-16 18:40:25.279 7 INFO neutron.services.segments.plugin [-] Segment 820b527b-f4fc-4329-bbd9-8a0deaeca374 resource provider aggregate not found
2026-04-16 18:40:25.281 8 INFO neutron.plugins.ml2.drivers.ovn.mech_driver.mech_driver [None req-ebfb2c3c-2ecd-41ec-a3bd-f8de320ad624 - - - - - -] OVN reports status down for port: a37c3dab-5292-4a5a-9bc5-686461b4786b
2026-04-16 18:40:25.299 7 INFO neutron.services.segments.plugin [-] Segment 820b527b-f4fc-4329-bbd9-8a0deaeca374 resource provider not found; error: Placement Client Error (4xx): {"errors": [{"status": 404, "title": "Not Found", "detail": "The resource could not be found.\n\n No resource provider with uuid 820b527b-f4fc-4329-bbd9-8a0deaeca374 found for delete ", "request_id": "req-6100c69e-c3ca-49f3-8bed-66654e39bd80"}]}
2026-04-16 18:40:25.302 7 INFO neutron.services.segments.plugin [-] Segment 820b527b-f4fc-4329-bbd9-8a0deaeca374 resource provider not found; error: Placement Client Error (4xx): {"errors": [{"status": 404, "title": "Not Found", "detail": "The resource could not be found.\n\n No resource provider with uuid 820b527b-f4fc-4329-bbd9-8a0deaeca374 found for delete ", "request_id": "req-b423c55b-af1d-4feb-a1b9-f056d0fb2ed1"}]} [pid: 7|app: 0|req: 829/1573] 10.0.0.163 () {32 vars in 726 bytes} [Thu Apr 16 18:40:24 2026] DELETE /v2.0/networks/4d802621-21db-46c7-a529-2aba053df1f8 => generated 0 bytes in 493 msecs (HTTP/1.1 204) 3 headers in 131 bytes (1 switches on core 0) [pid: 7|app: 0|req: 830/1574] 10.0.0.89 () {34 vars in 989 bytes} [Thu Apr 16 18:40:25 2026] GET /v2.0/ports?device_id=f1e49d64-7494-436b-ad7b-8a42b7cba18f => generated 969 bytes in 33 msecs (HTTP/1.1 200) 4 headers in 157 bytes (1 switches on core 0)
2026-04-16 18:40:25.382 7 INFO neutron.api.v2.resource [None req-ba9b327c-7317-4db7-91ae-06224221e4af c1de8ce17d46418e9cbd03e866e6a2e5 bb63ba028b234e68a6f4dd0b30aed900 - - default default] delete failed (client error): The resource could not be found. [pid: 7|app: 0|req: 831/1575] 10.0.0.163 () {32 vars in 724 bytes} [Thu Apr 16 18:40:25 2026] DELETE /v2.0/routers/929ee33f-1732-481f-b7d7-4aa48ec7b4ca => generated 135 bytes in 16 msecs (HTTP/1.1 404) 4 headers in 164 bytes (1 switches on core 0)
2026-04-16 18:40:25.394 7 INFO neutron.pecan_wsgi.hooks.translation [None req-b7ae54e7-13b3-4587-b598-e6c95bf68a26 b5f69704d26f4b7f92d1402586d96ea3 297029f91772495f8b657419c05917ed - - default default] DELETE failed (client error): The resource could not be found. [pid: 7|app: 0|req: 832/1576] 10.0.0.163 () {32 vars in 724 bytes} [Thu Apr 16 18:40:25 2026] DELETE /v2.0/subnets/430cf267-6a31-47b3-a90c-4f43e1201b7a => generated 136 bytes in 12 msecs (HTTP/1.1 404) 4 headers in 164 bytes (1 switches on core 0)
2026-04-16 18:40:25.402 8 WARNING neutron.plugins.ml2.drivers.ovn.mech_driver.ovsdb.ovn_client [None req-ebfb2c3c-2ecd-41ec-a3bd-f8de320ad624 - - - - - -] Logical_Switch_Port %s host information not removed, the port state is up
2026-04-16 18:40:25.404 8 INFO neutron.plugins.ml2.drivers.ovn.mech_driver.mech_driver [None req-ebfb2c3c-2ecd-41ec-a3bd-f8de320ad624 - - - - - -] OVN reports status up for port: a37c3dab-5292-4a5a-9bc5-686461b4786b
2026-04-16 18:40:25.424 8 INFO neutron.plugins.ml2.plugin [None req-ebfb2c3c-2ecd-41ec-a3bd-f8de320ad624 - - - - - -] Attempt 1 to provision port a37c3dab-5292-4a5a-9bc5-686461b4786b [pid: 7|app: 0|req: 833/1577] 199.204.45.22 () {34 vars in 1079 bytes} [Thu Apr 16 18:40:25 2026] GET /v2.0/ports?tenant_id=5579ea3657244a52aa9ec3e881e819f1&device_id=f1e49d64-7494-436b-ad7b-8a42b7cba18f => generated 1207 bytes in 31 msecs (HTTP/1.1 200) 4 headers in 158 bytes (1 switches on core 0) [pid: 7|app: 0|req: 834/1578] 10.0.0.89 () {34 vars in 1039 bytes} [Thu Apr 16 18:40:25 2026] GET /v2.0/security-groups?id=6635f1b4-6857-4251-a9e9-b01d4a23f28c&fields=id&fields=name => generated 114 bytes in 26 msecs (HTTP/1.1 200) 4 headers in 157 bytes (1 switches on core 0)
2026-04-16 18:40:25.465 7 INFO neutron.pecan_wsgi.hooks.translation [None req-d336db81-7a22-4f54-99b1-32c45ec9de0d c1de8ce17d46418e9cbd03e866e6a2e5 bb63ba028b234e68a6f4dd0b30aed900 - - default default] DELETE failed (client error): The resource could not be found. [pid: 7|app: 0|req: 835/1579] 10.0.0.163 () {32 vars in 724 bytes} [Thu Apr 16 18:40:25 2026] DELETE /v2.0/subnets/622d8f29-19ab-4efd-8c4a-aa48375b8ecb => generated 136 bytes in 13 msecs (HTTP/1.1 404) 4 headers in 164 bytes (1 switches on core 0)
2026-04-16 18:40:25.491 7 INFO neutron.pecan_wsgi.hooks.translation [None req-15840db9-c86c-4761-b946-bebeab8b7e61 b5f69704d26f4b7f92d1402586d96ea3 297029f91772495f8b657419c05917ed - - default default] DELETE failed (client error): The resource could not be found. [pid: 7|app: 0|req: 836/1580] 10.0.0.163 () {32 vars in 724 bytes} [Thu Apr 16 18:40:25 2026] DELETE /v2.0/subnets/ec303f8d-fef1-4630-8304-8b728a5d3524 => generated 136 bytes in 28 msecs (HTTP/1.1 404) 4 headers in 164 bytes (1 switches on core 0) [pid: 7|app: 0|req: 837/1581] 199.204.45.22 () {34 vars in 1017 bytes} [Thu Apr 16 18:40:25 2026] GET /v2.0/networks?tenant_id=5579ea3657244a52aa9ec3e881e819f1&shared=False => generated 811 bytes in 54 msecs (HTTP/1.1 200) 4 headers in 157 bytes (1 switches on core 0) [pid: 7|app: 0|req: 838/1582] 10.0.0.163 () {32 vars in 736 bytes} [Thu Apr 16 18:40:25 2026] GET /v2.0/ports?device_id=f334e729-3d96-41fa-81b5-32a2c4bcc15a => generated 12 bytes in 19 msecs (HTTP/1.1 200) 4 headers in 156 bytes (1 switches on core 0)
2026-04-16 18:40:25.580 7 INFO neutron.pecan_wsgi.hooks.translation [None req-bcb7d4c4-0664-44cd-ab89-c45cbfeebdf8 b5f69704d26f4b7f92d1402586d96ea3 297029f91772495f8b657419c05917ed - - default default] DELETE failed (client error): The resource could not be found. [pid: 7|app: 0|req: 839/1583] 10.0.0.163 () {32 vars in 724 bytes} [Thu Apr 16 18:40:25 2026] DELETE /v2.0/subnets/4fecdda3-d632-4ba3-a4ea-930d6c077358 => generated 136 bytes in 13 msecs (HTTP/1.1 404) 4 headers in 164 bytes (1 switches on core 0) [pid: 7|app: 0|req: 840/1584] 199.204.45.22 () {34 vars in 929 bytes} [Thu Apr 16 18:40:25 2026] GET /v2.0/networks?shared=True => generated 791 bytes in 43 msecs (HTTP/1.1 200) 4 headers in 157 bytes (1 switches on core 0)
2026-04-16 18:40:25.648 7 INFO neutron.api.v2.resource [None req-551abf22-5826-4a81-9ff3-59d6be459a20 c1de8ce17d46418e9cbd03e866e6a2e5 bb63ba028b234e68a6f4dd0b30aed900 - - default default] delete failed (client error): The resource could not be found. [pid: 7|app: 0|req: 841/1585] 10.0.0.163 () {32 vars in 724 bytes} [Thu Apr 16 18:40:25 2026] DELETE /v2.0/routers/f334e729-3d96-41fa-81b5-32a2c4bcc15a => generated 135 bytes in 22 msecs (HTTP/1.1 404) 4 headers in 164 bytes (1 switches on core 0)
2026-04-16 18:40:25.670 7 INFO neutron.pecan_wsgi.hooks.translation [None req-3690b3ce-462a-4a4d-9abd-f46453a1b654 c1de8ce17d46418e9cbd03e866e6a2e5 bb63ba028b234e68a6f4dd0b30aed900 - - default default] DELETE failed (client error): The resource could not be found. [pid: 7|app: 0|req: 842/1586] 10.0.0.163 () {32 vars in 724 bytes} [Thu Apr 16 18:40:25 2026] DELETE /v2.0/subnets/995f0a6e-c331-4dce-8c08-0a28b580d9a6 => generated 136 bytes in 19 msecs (HTTP/1.1 404) 4 headers in 164 bytes (1 switches on core 0) [pid: 7|app: 0|req: 843/1587] 10.0.0.163 () {32 vars in 736 bytes} [Thu Apr 16 18:40:25 2026] GET /v2.0/ports?device_id=e0a670fb-9814-4d09-b70b-81e1e15812c5 => generated 12 bytes in 22 msecs (HTTP/1.1 200) 4 headers in 156 bytes (1 switches on core 0)
2026-04-16 18:40:25.721 7 INFO neutron.api.v2.resource [None req-d77bb3c9-3637-4778-a002-154094ca9409 c1de8ce17d46418e9cbd03e866e6a2e5 bb63ba028b234e68a6f4dd0b30aed900 - - default default] delete failed (client error): The resource could not be found. [pid: 7|app: 0|req: 844/1588] 10.0.0.163 () {32 vars in 724 bytes} [Thu Apr 16 18:40:25 2026] DELETE /v2.0/routers/e0a670fb-9814-4d09-b70b-81e1e15812c5 => generated 135 bytes in 18 msecs (HTTP/1.1 404) 4 headers in 164 bytes (1 switches on core 0)
2026-04-16 18:40:25.739 7 INFO neutron.pecan_wsgi.hooks.translation [None req-7c1814b0-a90a-4b7b-85d1-a541c4cc8ef1 c1de8ce17d46418e9cbd03e866e6a2e5 bb63ba028b234e68a6f4dd0b30aed900 - - default default] DELETE failed (client error): The resource could not be found. [pid: 7|app: 0|req: 845/1589] 10.0.0.163 () {32 vars in 724 bytes} [Thu Apr 16 18:40:25 2026] DELETE /v2.0/subnets/f29c0d37-ab00-4db6-b856-75646d6f8865 => generated 136 bytes in 14 msecs (HTTP/1.1 404) 4 headers in 164 bytes (1 switches on core 0)
2026-04-16 18:40:25.759 7 INFO neutron.pecan_wsgi.hooks.translation [None req-2195ab53-a905-4c41-a904-63a6f9a052f3 c1de8ce17d46418e9cbd03e866e6a2e5 bb63ba028b234e68a6f4dd0b30aed900 - - default default] DELETE failed (client error): The resource could not be found. [pid: 7|app: 0|req: 846/1590] 10.0.0.163 () {32 vars in 724 bytes} [Thu Apr 16 18:40:25 2026] DELETE /v2.0/subnets/ba872b08-674f-4740-a21c-95362def740b => generated 136 bytes in 16 msecs (HTTP/1.1 404) 4 headers in 164 bytes (1 switches on core 0)
2026-04-16 18:40:26.040 8 INFO neutron.db.ovn_revision_numbers_db [None req-ddafe0b2-abe4-44c4-8c01-ee71b17240a4 6da2eff5f4fe4e93b5700c478d27cf98 937a9226b4b7413f8b3427005f0aed77 - - default default] Successfully bumped revision number for resource a37c3dab-5292-4a5a-9bc5-686461b4786b (type: router_ports) to 1 [pid: 8|app: 0|req: 745/1591] 10.0.0.163 () {34 vars in 783 bytes} [Thu Apr 16 18:40:23 2026] PUT /v2.0/routers/8da4266a-9d21-4500-bd74-bbe077af8c51/add_router_interface => generated 309 bytes in 2997 msecs (HTTP/1.1 200) 4 headers in 157 bytes (1 switches on core 0)
2026-04-16 18:40:26.199 8 INFO neutron.db.ovn_revision_numbers_db [None req-ebfb2c3c-2ecd-41ec-a3bd-f8de320ad624 - - - - - -] Successfully bumped revision number for resource a37c3dab-5292-4a5a-9bc5-686461b4786b (type: ports) to 2 [pid: 7|app: 0|req: 847/1592] 10.0.0.163 () {32 vars in 774 bytes} [Thu Apr 16 18:40:26 2026] GET /v2.0/security-groups?tenant_id=bb63ba028b234e68a6f4dd0b30aed900&name=default => generated 2925 bytes in 109 msecs (HTTP/1.1 200) 4 headers in 158 bytes (1 switches on core 0)
2026-04-16 18:40:26.524 7 INFO neutron.db.ovn_revision_numbers_db [None req-3b8d6615-1f1b-45a2-9c7d-ec250e9e2243 6da2eff5f4fe4e93b5700c478d27cf98 937a9226b4b7413f8b3427005f0aed77 - - default default] Successfully bumped revision number for resource 8e358738-cde3-4628-9954-7fa00a46ee64 (type: security_groups) to 1
2026-04-16 18:40:26.557 7 INFO neutron.db.ovn_revision_numbers_db [None req-3b8d6615-1f1b-45a2-9c7d-ec250e9e2243 6da2eff5f4fe4e93b5700c478d27cf98 937a9226b4b7413f8b3427005f0aed77 - - default default] Successfully bumped revision number for resource 362693e8-a79e-4c8c-9a8e-43043b321fee (type: security_group_rules) to 0
2026-04-16 18:40:26.571 7 INFO neutron.db.ovn_revision_numbers_db [None req-3b8d6615-1f1b-45a2-9c7d-ec250e9e2243 6da2eff5f4fe4e93b5700c478d27cf98 937a9226b4b7413f8b3427005f0aed77 - - default default] Successfully bumped revision number for resource 4487e4f4-8f81-4ee5-b6bb-4fcd13c98855 (type: security_group_rules) to 0
2026-04-16 18:40:26.590 7 INFO neutron.db.ovn_revision_numbers_db [None req-3b8d6615-1f1b-45a2-9c7d-ec250e9e2243 6da2eff5f4fe4e93b5700c478d27cf98 937a9226b4b7413f8b3427005f0aed77 - - default default] Successfully bumped revision number for resource 57bd8a86-54df-4968-a15b-dd27112edc94 (type: security_group_rules) to 0
2026-04-16 18:40:26.610 7 INFO neutron.db.ovn_revision_numbers_db [None req-3b8d6615-1f1b-45a2-9c7d-ec250e9e2243 6da2eff5f4fe4e93b5700c478d27cf98 937a9226b4b7413f8b3427005f0aed77 - - default default] Successfully bumped revision number for resource b368ac95-251d-48b8-bc00-4b562dd51da5 (type: security_group_rules) to 0 [pid: 8|app: 0|req: 746/1593] 10.0.0.163 () {32 vars in 740 bytes} [Thu Apr 16 18:40:26 2026] DELETE /v2.0/security-groups/60f1f363-1166-4d5e-9140-3402d6d45b06 => generated 0 bytes in 312 msecs (HTTP/1.1 204) 2 headers in 112 bytes (1 switches on core 0) [pid: 7|app: 0|req: 848/1594] 10.0.0.163 () {32 vars in 774 bytes} [Thu Apr 16 18:40:26 2026] GET /v2.0/security-groups?tenant_id=6cd1c755033f4862ad96ac93b6180a4d&name=default => generated 2925 bytes in 337 msecs (HTTP/1.1 200) 4 headers in 158 bytes (1 switches on core 0) [pid: 7|app: 0|req: 849/1595] 199.204.45.22 () {34 vars in 1079 bytes} [Thu Apr 16 18:40:26 2026] GET /v2.0/ports?tenant_id=5579ea3657244a52aa9ec3e881e819f1&device_id=f1e49d64-7494-436b-ad7b-8a42b7cba18f => generated 1207 bytes in 37 msecs (HTTP/1.1 200) 4 headers in 158 bytes (1 switches on core 0) [pid: 8|app: 0|req: 747/1596] 10.0.0.89 () {34 vars in 989 bytes} [Thu Apr 16 18:40:26 2026] GET /v2.0/ports?device_id=f1e49d64-7494-436b-ad7b-8a42b7cba18f => generated 969 bytes in 84 msecs (HTTP/1.1 200) 4 headers in 157 bytes (1 switches on core 0) [pid: 8|app: 0|req: 748/1597] 199.204.45.22 () {34 vars in 1057 bytes} [Thu Apr 16 18:40:26 2026] GET /v2.0/floatingips?fixed_ip_address=10.100.0.6&port_id=a0bd3229-bed5-47bc-adcd-821ac2b8ae75 => generated 19 bytes in 23 msecs (HTTP/1.1 200) 4 headers in 156 bytes (1 switches on core 0) [pid: 8|app: 0|req: 749/1598] 10.0.0.89 () {34 vars in 1039 bytes} [Thu Apr 16 18:40:26 2026] GET /v2.0/security-groups?id=6635f1b4-6857-4251-a9e9-b01d4a23f28c&fields=id&fields=name => generated 114 bytes in 23 msecs (HTTP/1.1 200) 4 headers in 157 bytes (1 switches on core 0) [pid: 8|app: 0|req: 750/1599] 199.204.45.22 () {34 vars in 983 bytes} [Thu Apr 16 18:40:26 2026] GET /v2.0/subnets?id=ba4e2d9e-b9f2-4546-8dbd-13ed623b4efa => generated 693 bytes in 34 msecs (HTTP/1.1 200) 4 headers in 157 bytes (1 switches on core 0) [pid: 8|app: 0|req: 751/1600] 199.204.45.22 () {34 vars in 1051 bytes} [Thu Apr 16 18:40:26 2026] GET /v2.0/ports?network_id=581889dd-caf8-42bc-a689-ce338645ca43&device_owner=network%3Adhcp => generated 12 bytes in 32 msecs (HTTP/1.1 200) 4 headers in 156 bytes (1 switches on core 0) [pid: 8|app: 0|req: 752/1601] 199.204.45.22 () {34 vars in 1011 bytes} [Thu Apr 16 18:40:26 2026] GET /v2.0/networks/581889dd-caf8-42bc-a689-ce338645ca43?fields=segments => generated 14 bytes in 38 msecs (HTTP/1.1 200) 4 headers in 156 bytes (1 switches on core 0) [pid: 8|app: 0|req: 753/1602] 199.204.45.22 () {34 vars in 1111 bytes} [Thu Apr 16 18:40:26 2026] GET /v2.0/networks/581889dd-caf8-42bc-a689-ce338645ca43?fields=provider%3Aphysical_network&fields=provider%3Anetwork_type => generated 79 bytes in 44 msecs (HTTP/1.1 200) 4 headers in 156 bytes (1 switches on core 0) [pid: 7|app: 0|req: 850/1603] 10.0.0.163 () {32 vars in 740 bytes} [Thu Apr 16 18:40:26 2026] DELETE /v2.0/security-groups/8e358738-cde3-4628-9954-7fa00a46ee64 => generated 0 bytes in 272 msecs (HTTP/1.1 204) 2 headers in 112 bytes (1 switches on core 0)
2026-04-16 18:40:27.362 8 INFO neutron.db.ovn_revision_numbers_db [None req-dc873f2c-4e64-4bb3-8dcf-142319f0e3c3 6da2eff5f4fe4e93b5700c478d27cf98 937a9226b4b7413f8b3427005f0aed77 - - default default] Successfully bumped revision number for resource df3b3b5d-2f53-441c-8b34-033323555fb9 (type: security_groups) to 1
2026-04-16 18:40:27.375 8 INFO neutron.db.ovn_revision_numbers_db [None req-dc873f2c-4e64-4bb3-8dcf-142319f0e3c3 6da2eff5f4fe4e93b5700c478d27cf98 937a9226b4b7413f8b3427005f0aed77 - - default default] Successfully bumped revision number for resource 48549b01-33e0-4cea-a2e3-25cf419937b4 (type: security_group_rules) to 0
2026-04-16 18:40:27.399 8 INFO neutron.db.ovn_revision_numbers_db [None req-dc873f2c-4e64-4bb3-8dcf-142319f0e3c3 6da2eff5f4fe4e93b5700c478d27cf98 937a9226b4b7413f8b3427005f0aed77 - - default default] Successfully bumped revision number for resource 7a3c0a3f-f1a1-4933-ad59-0fe7635e51c4 (type: security_group_rules) to 0
2026-04-16 18:40:27.413 8 INFO neutron.db.ovn_revision_numbers_db [None req-dc873f2c-4e64-4bb3-8dcf-142319f0e3c3 6da2eff5f4fe4e93b5700c478d27cf98 937a9226b4b7413f8b3427005f0aed77 - - default default] Successfully bumped revision number for resource 92c25ba2-3176-4e51-9cce-4a6550ab7279 (type: security_group_rules) to 0
2026-04-16 18:40:27.435 8 INFO neutron.db.ovn_revision_numbers_db [None req-dc873f2c-4e64-4bb3-8dcf-142319f0e3c3 6da2eff5f4fe4e93b5700c478d27cf98 937a9226b4b7413f8b3427005f0aed77 - - default default] Successfully bumped revision number for resource be61afe6-6b10-4d94-a363-89d3fee9aa7f (type: security_group_rules) to 0
2026-04-16 18:40:27.453 7 INFO neutron.db.ovn_revision_numbers_db [None req-bcb2c263-3094-4936-af44-de2ebd8a19a3 6da2eff5f4fe4e93b5700c478d27cf98 937a9226b4b7413f8b3427005f0aed77 - - default default] Successfully bumped revision number for resource f0c1cdfc-6db7-42c5-b3ff-94c39e11c9ce (type: security_groups) to 1
2026-04-16 18:40:27.464 7 INFO neutron.db.ovn_revision_numbers_db [None req-bcb2c263-3094-4936-af44-de2ebd8a19a3 6da2eff5f4fe4e93b5700c478d27cf98 937a9226b4b7413f8b3427005f0aed77 - - default default] Successfully bumped revision number for resource 583aa437-cc01-4853-8961-3cf28b737028 (type: security_group_rules) to 0
2026-04-16 18:40:27.473 7 INFO neutron.db.ovn_revision_numbers_db [None req-bcb2c263-3094-4936-af44-de2ebd8a19a3 6da2eff5f4fe4e93b5700c478d27cf98 937a9226b4b7413f8b3427005f0aed77 - - default default] Successfully bumped revision number for resource aede4601-9f24-4a42-b4cf-197d6e52ce0d (type: security_group_rules) to 0
2026-04-16 18:40:27.487 7 INFO neutron.db.ovn_revision_numbers_db [None req-bcb2c263-3094-4936-af44-de2ebd8a19a3 6da2eff5f4fe4e93b5700c478d27cf98 937a9226b4b7413f8b3427005f0aed77 - - default default] Successfully bumped revision number for resource dc82893c-6c8a-438f-acc7-fc5520ea7b28 (type: security_group_rules) to 0 [pid: 8|app: 0|req: 754/1604] 10.0.0.163 () {32 vars in 774 bytes} [Thu Apr 16 18:40:27 2026] GET /v2.0/security-groups?tenant_id=954fe7671855448cb965b70ad143977c&name=default => generated 2925 bytes in 266 msecs (HTTP/1.1 200) 4 headers in 158 bytes (1 switches on core 0)
2026-04-16 18:40:27.502 7 INFO neutron.db.ovn_revision_numbers_db [None req-bcb2c263-3094-4936-af44-de2ebd8a19a3 6da2eff5f4fe4e93b5700c478d27cf98 937a9226b4b7413f8b3427005f0aed77 - - default default] Successfully bumped revision number for resource dc84a8d3-bddc-4486-9bd3-4379a85272f7 (type: security_group_rules) to 0
2026-04-16 18:40:27.576 7 INFO neutron.db.segments_db [None req-bcb2c263-3094-4936-af44-de2ebd8a19a3 6da2eff5f4fe4e93b5700c478d27cf98 937a9226b4b7413f8b3427005f0aed77 - - default default] Added segment 2a0773b5-8128-419c-a170-18fbeefeca70 of type geneve for network 410fc99c-7685-485d-9df4-d76e85ab88c4
2026-04-16 18:40:27.713 7 INFO neutron.db.ovn_revision_numbers_db [None req-bcb2c263-3094-4936-af44-de2ebd8a19a3 6da2eff5f4fe4e93b5700c478d27cf98 937a9226b4b7413f8b3427005f0aed77 - - default default] Successfully bumped revision number for resource 410fc99c-7685-485d-9df4-d76e85ab88c4 (type: networks) to 1 [pid: 8|app: 0|req: 755/1605] 10.0.0.163 () {32 vars in 740 bytes} [Thu Apr 16 18:40:27 2026] DELETE /v2.0/security-groups/df3b3b5d-2f53-441c-8b34-033323555fb9 => generated 0 bytes in 277 msecs (HTTP/1.1 204) 2 headers in 112 bytes (1 switches on core 0)
2026-04-16 18:40:27.894 7 WARNING neutron.scheduler.dhcp_agent_scheduler [None req-bcb2c263-3094-4936-af44-de2ebd8a19a3 6da2eff5f4fe4e93b5700c478d27cf98 937a9226b4b7413f8b3427005f0aed77 - - default default] No more DHCP agents
2026-04-16 18:40:27.896 7 WARNING neutron.api.rpc.agentnotifiers.dhcp_rpc_agent_api [None req-bcb2c263-3094-4936-af44-de2ebd8a19a3 6da2eff5f4fe4e93b5700c478d27cf98 937a9226b4b7413f8b3427005f0aed77 - - default default] Unable to schedule network 410fc99c-7685-485d-9df4-d76e85ab88c4: no agents available; will retry on subsequent port and subnet creation events. [pid: 8|app: 0|req: 756/1606] 10.0.0.89 () {34 vars in 989 bytes} [Thu Apr 16 18:40:27 2026] GET /v2.0/ports?device_id=f1e49d64-7494-436b-ad7b-8a42b7cba18f => generated 969 bytes in 82 msecs (HTTP/1.1 200) 4 headers in 157 bytes (1 switches on core 0)
2026-04-16 18:40:27.987 7 WARNING neutron.plugins.ml2.drivers.ovn.mech_driver.ovsdb.ovn_client [None req-fafa783c-7997-4e71-9df1-6e99e4237ba5 - - - - - -] No port found with ID 40529d37-2f2b-49e7-8bba-12172a43f672: RuntimeError: No port found with ID 40529d37-2f2b-49e7-8bba-12172a43f672
2026-04-16 18:40:27.988 7 INFO neutron.plugins.ml2.drivers.ovn.mech_driver.mech_driver [None req-fafa783c-7997-4e71-9df1-6e99e4237ba5 - - - - - -] OVN reports status down for port: 8ef42d37-47c8-45d5-9aaf-a1509279ad79
2026-04-16 18:40:27.992 7 INFO neutron.db.ovn_revision_numbers_db [None req-bcb2c263-3094-4936-af44-de2ebd8a19a3 6da2eff5f4fe4e93b5700c478d27cf98 937a9226b4b7413f8b3427005f0aed77 - - default default] Successfully bumped revision number for resource 651ebcfe-1b2f-40bf-90e6-2c561cfbff57 (type: ports) to 1 [pid: 8|app: 0|req: 757/1607] 10.0.0.89 () {34 vars in 1039 bytes} [Thu Apr 16 18:40:27 2026] GET /v2.0/security-groups?id=6635f1b4-6857-4251-a9e9-b01d4a23f28c&fields=id&fields=name => generated 114 bytes in 32 msecs (HTTP/1.1 200) 4 headers in 157 bytes (1 switches on core 0) [pid: 7|app: 0|req: 851/1608] 10.0.0.163 () {34 vars in 671 bytes} [Thu Apr 16 18:40:27 2026] POST /v2.0/networks => generated 762 bytes in 733 msecs (HTTP/1.1 201) 4 headers in 162 bytes (1 switches on core 0) [pid: 8|app: 0|req: 758/1609] 10.0.0.163 () {32 vars in 774 bytes} [Thu Apr 16 18:40:28 2026] GET /v2.0/security-groups?tenant_id=297029f91772495f8b657419c05917ed&name=default => generated 2925 bytes in 25 msecs (HTTP/1.1 200) 4 headers in 158 bytes (1 switches on core 0)
2026-04-16 18:40:28.081 7 INFO neutron.plugins.ml2.drivers.ovn.mech_driver.mech_driver [None req-fafa783c-7997-4e71-9df1-6e99e4237ba5 - - - - - -] OVN reports status down for port: a0bd3229-bed5-47bc-adcd-821ac2b8ae75
2026-04-16 18:40:28.265 7 INFO neutron.notifiers.nova [-] Nova event matching ['req-605f0d86-8ba1-4b1d-9220-b0881e562b41'] response: {'server_uuid': 'f1e49d64-7494-436b-ad7b-8a42b7cba18f', 'name': 'network-vif-unplugged', 'status': 'completed', 'tag': 'a0bd3229-bed5-47bc-adcd-821ac2b8ae75', 'code': 200}
2026-04-16 18:40:28.304 7 WARNING neutron.scheduler.dhcp_agent_scheduler [None req-05b5cb91-c20f-4542-8959-86d624ac09f8 6da2eff5f4fe4e93b5700c478d27cf98 937a9226b4b7413f8b3427005f0aed77 - - default default] No more DHCP agents
2026-04-16 18:40:28.305 7 WARNING neutron.api.rpc.agentnotifiers.dhcp_rpc_agent_api [None req-05b5cb91-c20f-4542-8959-86d624ac09f8 6da2eff5f4fe4e93b5700c478d27cf98 937a9226b4b7413f8b3427005f0aed77 - - default default] Unable to schedule network 410fc99c-7685-485d-9df4-d76e85ab88c4: no agents available; will retry on subsequent port and subnet creation events. [pid: 8|app: 0|req: 759/1610] 10.0.0.163 () {32 vars in 740 bytes} [Thu Apr 16 18:40:28 2026] DELETE /v2.0/security-groups/c0fcfccd-6bd3-405e-90c7-036d31974ce9 => generated 0 bytes in 278 msecs (HTTP/1.1 204) 2 headers in 112 bytes (1 switches on core 0)
2026-04-16 18:40:28.804 7 INFO neutron.db.ovn_revision_numbers_db [None req-448b9ec7-decc-482b-88f4-761ebe1febb0 - - - - - -] Successfully bumped revision number for resource 651ebcfe-1b2f-40bf-90e6-2c561cfbff57 (type: ports) to 2
2026-04-16 18:40:28.831 7 INFO neutron.db.ovn_revision_numbers_db [None req-448b9ec7-decc-482b-88f4-761ebe1febb0 - - - - - -] Successfully bumped revision number for resource c018eae7-5c22-4dd1-be95-d17d91cd6567 (type: subnets) to 0 [pid: 7|app: 0|req: 852/1611] 10.0.0.163 () {34 vars in 669 bytes} [Thu Apr 16 18:40:28 2026] POST /v2.0/subnets => generated 688 bytes in 812 msecs (HTTP/1.1 201) 4 headers in 162 bytes (1 switches on core 0)
2026-04-16 18:40:29.175 8 INFO neutron.db.ovn_revision_numbers_db [None req-772b37a7-55a5-4e0c-8fd9-3890c902ac5b 36ba3693d7134ccd8d2496da65321fe7 1e73fd981c664c4da0447384486dbfeb - - default default] Successfully bumped revision number for resource 6c42ba2c-9504-4624-a9f6-904af9d8e689 (type: security_groups) to 1
2026-04-16 18:40:29.187 8 INFO neutron.db.ovn_revision_numbers_db [None req-772b37a7-55a5-4e0c-8fd9-3890c902ac5b 36ba3693d7134ccd8d2496da65321fe7 1e73fd981c664c4da0447384486dbfeb - - default default] Successfully bumped revision number for resource 5e9f5e1c-2eb2-4efb-b6cc-09b246102abc (type: security_group_rules) to 0
2026-04-16 18:40:29.205 8 INFO neutron.db.ovn_revision_numbers_db [None req-772b37a7-55a5-4e0c-8fd9-3890c902ac5b 36ba3693d7134ccd8d2496da65321fe7 1e73fd981c664c4da0447384486dbfeb - - default default] Successfully bumped revision number for resource 74684c75-0b8a-4b25-a6eb-0ac317680a80 (type: security_group_rules) to 0
2026-04-16 18:40:29.224 8 INFO neutron.db.ovn_revision_numbers_db [None req-772b37a7-55a5-4e0c-8fd9-3890c902ac5b 36ba3693d7134ccd8d2496da65321fe7 1e73fd981c664c4da0447384486dbfeb - - default default] Successfully bumped revision number for resource ca312d31-bc01-42c7-8166-e2b15195e0dd (type: security_group_rules) to 0
2026-04-16 18:40:29.236 8 INFO neutron.db.ovn_revision_numbers_db [None req-772b37a7-55a5-4e0c-8fd9-3890c902ac5b 36ba3693d7134ccd8d2496da65321fe7 1e73fd981c664c4da0447384486dbfeb - - default default] Successfully bumped revision number for resource cb0a5573-3911-4527-972c-73af8cb25242 (type: security_group_rules) to 0
2026-04-16 18:40:29.312 8 INFO neutron.db.segments_db [None req-772b37a7-55a5-4e0c-8fd9-3890c902ac5b 36ba3693d7134ccd8d2496da65321fe7 1e73fd981c664c4da0447384486dbfeb - - default default] Added segment 44f5ca40-01bb-4427-9d16-c2fc6ce49697 of type geneve for network 8560f4bf-373c-4cad-a93b-2b6e350db978
2026-04-16 18:40:29.359 7 WARNING neutron.scheduler.dhcp_agent_scheduler [None req-03ee9977-b0ae-4585-854a-db68f192385f 6da2eff5f4fe4e93b5700c478d27cf98 937a9226b4b7413f8b3427005f0aed77 - - default default] No more DHCP agents
2026-04-16 18:40:29.367 7 WARNING neutron.api.rpc.agentnotifiers.dhcp_rpc_agent_api [None req-03ee9977-b0ae-4585-854a-db68f192385f 6da2eff5f4fe4e93b5700c478d27cf98 937a9226b4b7413f8b3427005f0aed77 - - default default] Unable to schedule network 68c07e7a-abc1-4fb8-83af-7071eb76dd80: no agents available; will retry on subsequent port and subnet creation events.
2026-04-16 18:40:29.428 8 INFO neutron.db.ovn_revision_numbers_db [None req-772b37a7-55a5-4e0c-8fd9-3890c902ac5b 36ba3693d7134ccd8d2496da65321fe7 1e73fd981c664c4da0447384486dbfeb - - default default] Successfully bumped revision number for resource 8560f4bf-373c-4cad-a93b-2b6e350db978 (type: networks) to 1
2026-04-16 18:40:29.530 7 INFO neutron.db.ovn_revision_numbers_db [None req-03ee9977-b0ae-4585-854a-db68f192385f 6da2eff5f4fe4e93b5700c478d27cf98 937a9226b4b7413f8b3427005f0aed77 - - default default] Successfully bumped revision number for resource 7cf7f9bb-d38a-4446-a8cc-85c17cd72776 (type: ports) to 1
2026-04-16 18:40:29.697 8 WARNING neutron.scheduler.dhcp_agent_scheduler [None req-772b37a7-55a5-4e0c-8fd9-3890c902ac5b 36ba3693d7134ccd8d2496da65321fe7 1e73fd981c664c4da0447384486dbfeb - - default default] No more DHCP agents
2026-04-16 18:40:29.700 8 WARNING neutron.api.rpc.agentnotifiers.dhcp_rpc_agent_api [None req-772b37a7-55a5-4e0c-8fd9-3890c902ac5b 36ba3693d7134ccd8d2496da65321fe7 1e73fd981c664c4da0447384486dbfeb - - default default] Unable to schedule network 8560f4bf-373c-4cad-a93b-2b6e350db978: no agents available; will retry on subsequent port and subnet creation events.
2026-04-16 18:40:29.700 7 INFO neutron.plugins.ml2.drivers.ovn.mech_driver.mech_driver [None req-fafa783c-7997-4e71-9df1-6e99e4237ba5 - - - - - -] OVN reports status up for port: a0bd3229-bed5-47bc-adcd-821ac2b8ae75
2026-04-16 18:40:29.734 7 INFO neutron.plugins.ml2.plugin [None req-fafa783c-7997-4e71-9df1-6e99e4237ba5 - - - - - -] Attempt 1 to provision port a0bd3229-bed5-47bc-adcd-821ac2b8ae75
2026-04-16 18:40:29.826 8 INFO neutron.db.ovn_revision_numbers_db [None req-772b37a7-55a5-4e0c-8fd9-3890c902ac5b 36ba3693d7134ccd8d2496da65321fe7 1e73fd981c664c4da0447384486dbfeb - - default default] Successfully bumped revision number for resource f6fb570e-0740-467a-810f-7a30dd94dace (type: ports) to 1 [pid: 8|app: 0|req: 760/1612] 10.0.0.163 () {34 vars in 670 bytes} [Thu Apr 16 18:40:28 2026] POST /v2.0/networks => generated 648 bytes in 1078 msecs (HTTP/1.1 201) 4 headers in 162 bytes (1 switches on core 0) [pid: 8|app: 0|req: 761/1613] 10.0.0.89 () {34 vars in 989 bytes} [Thu Apr 16 18:40:29 2026] GET /v2.0/ports?device_id=f1e49d64-7494-436b-ad7b-8a42b7cba18f => generated 969 bytes in 48 msecs (HTTP/1.1 200) 4 headers in 157 bytes (1 switches on core 0)
2026-04-16 18:40:30.017 8 INFO neutron.db.segments_db [None req-9c6ec468-70bd-4ca1-a8b1-2d326adaaebf 36ba3693d7134ccd8d2496da65321fe7 1e73fd981c664c4da0447384486dbfeb - - default default] Added segment 942db17a-a875-4fc1-9bdc-e0620b9f4379 of type geneve for network 0f061a98-55f8-4895-94ca-23016c25586c
