2026-09-01 05:09:43.217 10 INFO neutron.wsgi [req-e8dabc36-0428-4eea-9706-708eab93ac19 req-f8fbc0f1-a0c4-4757-ba79-8c6048d78f02 1f9ad229c5df4c2881e9713ccef803bf f51fbbd613c94a36b1e89ad6bee911d9 - - default default] 10.0.0.14 "GET /v2.0/quotas/f51fbbd613c94a36b1e89ad6bee911d9 HTTP/1.1" status: 200 len: 386 time: 0.0098372
2026-09-01 05:09:43.314 10 INFO neutron.wsgi [req-e8dabc36-0428-4eea-9706-708eab93ac19 req-2d079339-2e43-4f27-a236-ff07b798b303 1f9ad229c5df4c2881e9713ccef803bf f51fbbd613c94a36b1e89ad6bee911d9 - - default default] 10.0.0.14 "GET /v2.0/ports?tenant_id=f51fbbd613c94a36b1e89ad6bee911d9&fields=id HTTP/1.1" status: 200 len: 302 time: 0.0772851
2026-09-01 05:09:43.374 10 INFO neutron.wsgi [req-e8dabc36-0428-4eea-9706-708eab93ac19 req-d3a80f7c-4c94-4c61-9b9d-914c81142e25 0568ba353edf431bb4df1eb291ec363a 5538a1eea2c1451388551514fdf16ac3 - - c01138d4964944efb48f4cf40c282d0c c01138d4964944efb48f4cf40c282d0c] 10.0.0.14 "GET /v2.0/networks/108bf741-40a0-4c15-aed9-9767bfa924ab?fields=segments HTTP/1.1" status: 200 len: 212 time: 0.0505354
2026-09-01 05:09:43.429 10 INFO neutron.wsgi [req-e8dabc36-0428-4eea-9706-708eab93ac19 req-b767bd33-3965-400f-aeb0-c7f3c6460c14 0568ba353edf431bb4df1eb291ec363a 5538a1eea2c1451388551514fdf16ac3 - - c01138d4964944efb48f4cf40c282d0c c01138d4964944efb48f4cf40c282d0c] 10.0.0.14 "GET /v2.0/networks/108bf741-40a0-4c15-aed9-9767bfa924ab?fields=provider%3Aphysical_network&fields=provider%3Anetwork_type HTTP/1.1" status: 200 len: 277 time: 0.0467248
2026-09-01 05:09:43.488 9 WARNING neutron.scheduler.dhcp_agent_scheduler [None req-b6ec643a-27f5-49fe-9d24-6d927719f6db 426c3e48ed064212b6acbac372c2f7f3 1570f373e48b468aaabd2adb0974e337 - - default default] No more DHCP agents
2026-09-01 05:09:43.491 9 WARNING neutron.api.rpc.agentnotifiers.dhcp_rpc_agent_api [None req-b6ec643a-27f5-49fe-9d24-6d927719f6db 426c3e48ed064212b6acbac372c2f7f3 1570f373e48b468aaabd2adb0974e337 - - default default] Unable to schedule network ecf307c8-2fa9-4488-b46d-de07c0ad2f2e: no agents available; will retry on subsequent port and subnet creation events.
2026-09-01 05:09:43.541 9 INFO neutron.db.ovn_revision_numbers_db [None req-b3363d7b-56b2-415e-a536-132696a98281 20f45880a3d641df9aaeabe63f6015fe fdde9091cbea44ae8558bb37fa265712 - - default default] Successfully bumped revision number for resource 1f723275-6b32-4e8e-a7b3-ca660b893b1f (type: security_groups) to 1
2026-09-01 05:09:43.543 9 INFO neutron.db.ovn_revision_numbers_db [None req-b6ec643a-27f5-49fe-9d24-6d927719f6db 426c3e48ed064212b6acbac372c2f7f3 1570f373e48b468aaabd2adb0974e337 - - default default] Successfully bumped revision number for resource 289db008-0995-47dc-9a60-a093e41963c3 (type: subnets) to 0
2026-09-01 05:09:43.560 9 INFO neutron.wsgi [None req-b6ec643a-27f5-49fe-9d24-6d927719f6db 426c3e48ed064212b6acbac372c2f7f3 1570f373e48b468aaabd2adb0974e337 - - default default] 10.0.0.181 "POST /v2.0/subnets HTTP/1.1" status: 201 len: 821 time: 0.5558958
2026-09-01 05:09:43.561 9 INFO neutron.db.ovn_revision_numbers_db [None req-b3363d7b-56b2-415e-a536-132696a98281 20f45880a3d641df9aaeabe63f6015fe fdde9091cbea44ae8558bb37fa265712 - - default default] Successfully bumped revision number for resource 4b2581ed-d354-4565-accb-653538916ac2 (type: security_group_rules) to 0
2026-09-01 05:09:43.589 9 INFO neutron.db.ovn_revision_numbers_db [None req-b3363d7b-56b2-415e-a536-132696a98281 20f45880a3d641df9aaeabe63f6015fe fdde9091cbea44ae8558bb37fa265712 - - default default] Successfully bumped revision number for resource 78ec530b-0eff-428a-a676-fc9ed00edd79 (type: security_group_rules) to 0
2026-09-01 05:09:43.606 9 INFO neutron.db.ovn_revision_numbers_db [None req-b3363d7b-56b2-415e-a536-132696a98281 20f45880a3d641df9aaeabe63f6015fe fdde9091cbea44ae8558bb37fa265712 - - default default] Successfully bumped revision number for resource bb00b418-ca6f-485a-8b88-ca59f22f5fcd (type: security_group_rules) to 0
2026-09-01 05:09:43.610 10 INFO neutron.wsgi [req-6cc6d777-8bbf-4d20-ab61-f207f4a2df72 req-5dbe64ec-7e82-417e-a76e-4916b40fa4a1 1f9ad229c5df4c2881e9713ccef803bf f51fbbd613c94a36b1e89ad6bee911d9 - - default default] 10.0.0.14 "GET /v2.0/ports?device_id=637b3628-ee24-4497-b3d8-29fb1a03bbe9 HTTP/1.1" status: 200 len: 210 time: 0.0209749
2026-09-01 05:09:43.619 9 INFO neutron.db.ovn_revision_numbers_db [None req-b3363d7b-56b2-415e-a536-132696a98281 20f45880a3d641df9aaeabe63f6015fe fdde9091cbea44ae8558bb37fa265712 - - default default] Successfully bumped revision number for resource d9b73378-a7a4-42f5-a3f1-000a5b83f181 (type: security_group_rules) to 0
2026-09-01 05:09:43.682 9 INFO neutron.db.segments_db [None req-b3363d7b-56b2-415e-a536-132696a98281 20f45880a3d641df9aaeabe63f6015fe fdde9091cbea44ae8558bb37fa265712 - - default default] Added segment 662eff63-2761-491d-9e33-e96298478ac2 of type geneve for network 8c0a2405-f526-4f3c-8f63-6498097315fb
2026-09-01 05:09:43.727 10 INFO neutron.db.ovn_revision_numbers_db [None req-e965db1d-c6e1-4b39-89ad-ac321f17d05e 426c3e48ed064212b6acbac372c2f7f3 1570f373e48b468aaabd2adb0974e337 - - default default] Successfully bumped revision number for resource 72197e3a-e5a9-4c05-bcc9-aee4cc34c774 (type: routers) to 1
2026-09-01 05:09:43.740 10 INFO neutron.wsgi [None req-e965db1d-c6e1-4b39-89ad-ac321f17d05e 426c3e48ed064212b6acbac372c2f7f3 1570f373e48b468aaabd2adb0974e337 - - default default] 10.0.0.181 "POST /v2.0/routers HTTP/1.1" status: 201 len: 691 time: 0.1753871
2026-09-01 05:09:43.851 9 INFO neutron.db.ovn_revision_numbers_db [None req-b3363d7b-56b2-415e-a536-132696a98281 20f45880a3d641df9aaeabe63f6015fe fdde9091cbea44ae8558bb37fa265712 - - default default] Successfully bumped revision number for resource 8c0a2405-f526-4f3c-8f63-6498097315fb (type: networks) to 1
2026-09-01 05:09:44.055 9 WARNING neutron.scheduler.dhcp_agent_scheduler [None req-b3363d7b-56b2-415e-a536-132696a98281 20f45880a3d641df9aaeabe63f6015fe fdde9091cbea44ae8558bb37fa265712 - - default default] No more DHCP agents
2026-09-01 05:09:44.058 9 WARNING neutron.api.rpc.agentnotifiers.dhcp_rpc_agent_api [None req-b3363d7b-56b2-415e-a536-132696a98281 20f45880a3d641df9aaeabe63f6015fe fdde9091cbea44ae8558bb37fa265712 - - default default] Unable to schedule network 8c0a2405-f526-4f3c-8f63-6498097315fb: no agents available; will retry on subsequent port and subnet creation events.
2026-09-01 05:09:44.154 9 INFO neutron.db.ovn_revision_numbers_db [None req-b3363d7b-56b2-415e-a536-132696a98281 20f45880a3d641df9aaeabe63f6015fe fdde9091cbea44ae8558bb37fa265712 - - default default] Successfully bumped revision number for resource b6dda8b7-a1ea-4f02-b6bb-6113756730d4 (type: ports) to 1
2026-09-01 05:09:44.188 9 INFO neutron.wsgi [None req-b3363d7b-56b2-415e-a536-132696a98281 20f45880a3d641df9aaeabe63f6015fe fdde9091cbea44ae8558bb37fa265712 - - default default] 10.0.0.181 "POST /v2.0/networks HTTP/1.1" status: 201 len: 943 time: 1.1466482
2026-09-01 05:09:44.266 10 WARNING neutron.plugins.ml2.drivers.ovn.mech_driver.ovsdb.ovn_client [None req-4d6dcb05-16f5-462e-8166-6b9945689c2c - - - - - -] No port found with ID 21f9fcd4-f168-4de6-904f-f430eacfd8ce: RuntimeError: No port found with ID 21f9fcd4-f168-4de6-904f-f430eacfd8ce
2026-09-01 05:09:44.271 10 WARNING neutron.scheduler.dhcp_agent_scheduler [None req-a96e9689-99aa-4f80-80e8-bf38157f98b7 426c3e48ed064212b6acbac372c2f7f3 1570f373e48b468aaabd2adb0974e337 - - default default] No more DHCP agents
2026-09-01 05:09:44.272 10 WARNING neutron.api.rpc.agentnotifiers.dhcp_rpc_agent_api [None req-a96e9689-99aa-4f80-80e8-bf38157f98b7 426c3e48ed064212b6acbac372c2f7f3 1570f373e48b468aaabd2adb0974e337 - - default default] Unable to schedule network ecf307c8-2fa9-4488-b46d-de07c0ad2f2e: no agents available; will retry on subsequent port and subnet creation events. /var/lib/openstack/lib/python3.10/site-packages/pycadf/identifier.py:71: UserWarning: Invalid uuid: neutron. To ensure interoperability, identifiers should be a valid uuid. warnings.warn(('Invalid uuid: %s. To ensure interoperability, '
2026-09-01 05:09:44.374 10 INFO neutron.wsgi [req-e8dabc36-0428-4eea-9706-708eab93ac19 req-d5110362-9af1-4d74-b44e-63a1feef2824 1f9ad229c5df4c2881e9713ccef803bf f51fbbd613c94a36b1e89ad6bee911d9 - - default default] 162.253.55.243 "GET /v2.0/networks?id=108bf741-40a0-4c15-aed9-9767bfa924ab HTTP/1.1" status: 200 len: 877 time: 0.0745876
2026-09-01 05:09:44.401 10 INFO neutron.db.ovn_revision_numbers_db [None req-a96e9689-99aa-4f80-80e8-bf38157f98b7 426c3e48ed064212b6acbac372c2f7f3 1570f373e48b468aaabd2adb0974e337 - - default default] Successfully bumped revision number for resource a5b946d9-3114-476d-8000-a0f3c72729da (type: ports) to 1
2026-09-01 05:09:44.402 9 WARNING neutron.scheduler.dhcp_agent_scheduler [None req-0f9c9626-211c-4b82-a6d2-23df02e8421d 20f45880a3d641df9aaeabe63f6015fe fdde9091cbea44ae8558bb37fa265712 - - default default] No more DHCP agents
2026-09-01 05:09:44.405 9 WARNING neutron.api.rpc.agentnotifiers.dhcp_rpc_agent_api [None req-0f9c9626-211c-4b82-a6d2-23df02e8421d 20f45880a3d641df9aaeabe63f6015fe fdde9091cbea44ae8558bb37fa265712 - - default default] Unable to schedule network 8c0a2405-f526-4f3c-8f63-6498097315fb: no agents available; will retry on subsequent port and subnet creation events.
2026-09-01 05:09:44.428 10 INFO neutron.wsgi [None req-a96e9689-99aa-4f80-80e8-bf38157f98b7 426c3e48ed064212b6acbac372c2f7f3 1570f373e48b468aaabd2adb0974e337 - - default default] 10.0.0.181 "POST /v2.0/ports HTTP/1.1" status: 201 len: 1162 time: 0.6813087
2026-09-01 05:09:44.695 10 INFO neutron.wsgi [req-32836776-3882-44ad-9cb4-617a90d3d074 req-5adbd609-92ce-42d0-9cf3-55c11c1a0aa9 1f9ad229c5df4c2881e9713ccef803bf f51fbbd613c94a36b1e89ad6bee911d9 - - default default] 10.0.0.14 "GET /v2.0/ports?device_id=637b3628-ee24-4497-b3d8-29fb1a03bbe9 HTTP/1.1" status: 200 len: 210 time: 0.0246334
2026-09-01 05:09:44.727 10 WARNING neutron.scheduler.dhcp_agent_scheduler [req-e8dabc36-0428-4eea-9706-708eab93ac19 req-4df809ba-f001-46bf-84ec-03724f8a2bbf 1f9ad229c5df4c2881e9713ccef803bf f51fbbd613c94a36b1e89ad6bee911d9 - - default default] No more DHCP agents
2026-09-01 05:09:44.730 10 WARNING neutron.api.rpc.agentnotifiers.dhcp_rpc_agent_api [req-e8dabc36-0428-4eea-9706-708eab93ac19 req-4df809ba-f001-46bf-84ec-03724f8a2bbf 1f9ad229c5df4c2881e9713ccef803bf f51fbbd613c94a36b1e89ad6bee911d9 - - default default] Unable to schedule network 108bf741-40a0-4c15-aed9-9767bfa924ab: no agents available; will retry on subsequent port and subnet creation events.
2026-09-01 05:09:44.878 10 INFO neutron.db.ovn_revision_numbers_db [req-e8dabc36-0428-4eea-9706-708eab93ac19 req-4df809ba-f001-46bf-84ec-03724f8a2bbf 1f9ad229c5df4c2881e9713ccef803bf f51fbbd613c94a36b1e89ad6bee911d9 - - default default] Successfully bumped revision number for resource 1fa14bc7-db14-42c2-b06e-3a8b5f510a0c (type: ports) to 1
2026-09-01 05:09:44.904 10 INFO neutron.wsgi [req-e8dabc36-0428-4eea-9706-708eab93ac19 req-4df809ba-f001-46bf-84ec-03724f8a2bbf 1f9ad229c5df4c2881e9713ccef803bf f51fbbd613c94a36b1e89ad6bee911d9 - - default default] 162.253.55.243 "POST /v2.0/ports HTTP/1.1" status: 201 len: 1158 time: 0.5231719 /var/lib/openstack/lib/python3.10/site-packages/pycadf/identifier.py:71: UserWarning: Invalid uuid: neutron. To ensure interoperability, identifiers should be a valid uuid. warnings.warn(('Invalid uuid: %s. To ensure interoperability, '
2026-09-01 05:09:44.947 10 INFO neutron.plugins.ml2.drivers.ovn.mech_driver.mech_driver [None req-4d6dcb05-16f5-462e-8166-6b9945689c2c - - - - - -] OVN reports status up for port: a5b946d9-3114-476d-8000-a0f3c72729da
2026-09-01 05:09:44.963 10 INFO neutron.plugins.ml2.plugin [None req-4d6dcb05-16f5-462e-8166-6b9945689c2c - - - - - -] Attempt 1 to provision port a5b946d9-3114-476d-8000-a0f3c72729da
2026-09-01 05:09:45.011 9 INFO neutron.db.ovn_revision_numbers_db [None req-4fddb933-4d5b-490e-8d25-98d1cb5a571d 426c3e48ed064212b6acbac372c2f7f3 1570f373e48b468aaabd2adb0974e337 - - default default] Successfully bumped revision number for resource a5b946d9-3114-476d-8000-a0f3c72729da (type: router_ports) to 2
2026-09-01 05:09:45.185 9 INFO neutron.db.ovn_revision_numbers_db [None req-0f9c9626-211c-4b82-a6d2-23df02e8421d 20f45880a3d641df9aaeabe63f6015fe fdde9091cbea44ae8558bb37fa265712 - - default default] Successfully bumped revision number for resource b6dda8b7-a1ea-4f02-b6bb-6113756730d4 (type: ports) to 2
2026-09-01 05:09:45.217 9 INFO neutron.db.ovn_revision_numbers_db [None req-4fddb933-4d5b-490e-8d25-98d1cb5a571d 426c3e48ed064212b6acbac372c2f7f3 1570f373e48b468aaabd2adb0974e337 - - default default] Successfully bumped revision number for resource a5b946d9-3114-476d-8000-a0f3c72729da (type: ports) to 2
2026-09-01 05:09:45.223 9 INFO neutron.db.ovn_revision_numbers_db [None req-0f9c9626-211c-4b82-a6d2-23df02e8421d 20f45880a3d641df9aaeabe63f6015fe fdde9091cbea44ae8558bb37fa265712 - - default default] Successfully bumped revision number for resource c847e73c-3c8f-4446-abbc-aea0e8465a2b (type: subnets) to 0
2026-09-01 05:09:45.241 9 INFO neutron.wsgi [None req-0f9c9626-211c-4b82-a6d2-23df02e8421d 20f45880a3d641df9aaeabe63f6015fe fdde9091cbea44ae8558bb37fa265712 - - default default] 10.0.0.181 "POST /v2.0/subnets HTTP/1.1" status: 201 len: 863 time: 1.0464327 /var/lib/openstack/lib/python3.10/site-packages/pycadf/identifier.py:71: UserWarning: Invalid uuid: neutron. To ensure interoperability, identifiers should be a valid uuid. warnings.warn(('Invalid uuid: %s. To ensure interoperability, '
2026-09-01 05:09:45.325 10 INFO neutron.db.ovn_revision_numbers_db [None req-4d6dcb05-16f5-462e-8166-6b9945689c2c - - - - - -] Successfully bumped revision number for resource a5b946d9-3114-476d-8000-a0f3c72729da (type: ports) to 3
2026-09-01 05:09:45.508 10 INFO neutron.db.ovn_revision_numbers_db [req-e8dabc36-0428-4eea-9706-708eab93ac19 req-d4ab7c55-e8c9-4220-861e-95e872834544 0568ba353edf431bb4df1eb291ec363a 5538a1eea2c1451388551514fdf16ac3 - - c01138d4964944efb48f4cf40c282d0c c01138d4964944efb48f4cf40c282d0c] Successfully bumped revision number for resource 1fa14bc7-db14-42c2-b06e-3a8b5f510a0c (type: ports) to 2
2026-09-01 05:09:45.607 10 INFO neutron.db.ovn_revision_numbers_db [None req-4d6dcb05-16f5-462e-8166-6b9945689c2c - - - - - -] Successfully bumped revision number for resource a5b946d9-3114-476d-8000-a0f3c72729da (type: router_ports) to 3
2026-09-01 05:09:45.754 9 INFO neutron.db.ovn_revision_numbers_db [None req-4fddb933-4d5b-490e-8d25-98d1cb5a571d 426c3e48ed064212b6acbac372c2f7f3 1570f373e48b468aaabd2adb0974e337 - - default default] Successfully bumped revision number for resource a5b946d9-3114-476d-8000-a0f3c72729da (type: ports) to 3 /var/lib/openstack/lib/python3.10/site-packages/pycadf/identifier.py:71: UserWarning: Invalid uuid: neutron. To ensure interoperability, identifiers should be a valid uuid. warnings.warn(('Invalid uuid: %s. To ensure interoperability, '
2026-09-01 05:09:45.804 9 WARNING neutron.scheduler.dhcp_agent_scheduler [None req-4fddb933-4d5b-490e-8d25-98d1cb5a571d 426c3e48ed064212b6acbac372c2f7f3 1570f373e48b468aaabd2adb0974e337 - - default default] No more DHCP agents
2026-09-01 05:09:45.805 9 WARNING neutron.api.rpc.agentnotifiers.dhcp_rpc_agent_api [None req-4fddb933-4d5b-490e-8d25-98d1cb5a571d 426c3e48ed064212b6acbac372c2f7f3 1570f373e48b468aaabd2adb0974e337 - - default default] Unable to schedule network ecf307c8-2fa9-4488-b46d-de07c0ad2f2e: no agents available; will retry on subsequent port and subnet creation events.
2026-09-01 05:09:45.829 10 INFO neutron.wsgi [req-5338ef44-8e36-47fc-9588-d67871b24a92 req-697cbc2a-1f1a-48f7-968e-1f4639bb655c 1f9ad229c5df4c2881e9713ccef803bf f51fbbd613c94a36b1e89ad6bee911d9 - - default default] 10.0.0.14 "GET /v2.0/ports?device_id=637b3628-ee24-4497-b3d8-29fb1a03bbe9 HTTP/1.1" status: 200 len: 1168 time: 0.0596642
2026-09-01 05:09:45.868 10 INFO neutron.db.ovn_revision_numbers_db [req-e8dabc36-0428-4eea-9706-708eab93ac19 req-d4ab7c55-e8c9-4220-861e-95e872834544 0568ba353edf431bb4df1eb291ec363a 5538a1eea2c1451388551514fdf16ac3 - - c01138d4964944efb48f4cf40c282d0c c01138d4964944efb48f4cf40c282d0c] Successfully bumped revision number for resource 1fa14bc7-db14-42c2-b06e-3a8b5f510a0c (type: ports) to 2
2026-09-01 05:09:45.895 10 INFO neutron.wsgi [req-e8dabc36-0428-4eea-9706-708eab93ac19 req-d4ab7c55-e8c9-4220-861e-95e872834544 0568ba353edf431bb4df1eb291ec363a 5538a1eea2c1451388551514fdf16ac3 - - c01138d4964944efb48f4cf40c282d0c c01138d4964944efb48f4cf40c282d0c] 162.253.55.243 "PUT /v2.0/ports/1fa14bc7-db14-42c2-b06e-3a8b5f510a0c HTTP/1.1" status: 200 len: 1376 time: 0.9789326
2026-09-01 05:09:45.905 10 INFO neutron.wsgi [req-5338ef44-8e36-47fc-9588-d67871b24a92 req-0573645d-2285-4d46-b80b-dbc3577425bc 1f9ad229c5df4c2881e9713ccef803bf f51fbbd613c94a36b1e89ad6bee911d9 - - default default] 10.0.0.14 "GET /v2.0/security-groups?id=b293728e-be2f-4de9-a1de-a502dc88dde8&fields=id&fields=name HTTP/1.1" status: 200 len: 286 time: 0.0684927
2026-09-01 05:09:45.936 10 WARNING neutron.scheduler.dhcp_agent_scheduler [None req-4f879d2e-f913-43c8-a0c1-b210f6a67411 20f45880a3d641df9aaeabe63f6015fe fdde9091cbea44ae8558bb37fa265712 - - default default] No more DHCP agents
2026-09-01 05:09:45.942 10 WARNING neutron.api.rpc.agentnotifiers.dhcp_rpc_agent_api [None req-4f879d2e-f913-43c8-a0c1-b210f6a67411 20f45880a3d641df9aaeabe63f6015fe fdde9091cbea44ae8558bb37fa265712 - - default default] Unable to schedule network ba4a3643-dee1-4302-95ad-cabbc9fe1134: no agents available; will retry on subsequent port and subnet creation events.
2026-09-01 05:09:45.956 10 INFO neutron.notifiers.nova [-] Nova event matching ['req-b7198e42-ad26-49d6-8f87-8a380ea3596c'] response: {'name': 'network-changed', 'server_uuid': '637b3628-ee24-4497-b3d8-29fb1a03bbe9', 'tag': '1fa14bc7-db14-42c2-b06e-3a8b5f510a0c', 'status': 'completed', 'code': 200}
2026-09-01 05:09:45.958 9 INFO neutron.db.ovn_revision_numbers_db [None req-4fddb933-4d5b-490e-8d25-98d1cb5a571d 426c3e48ed064212b6acbac372c2f7f3 1570f373e48b468aaabd2adb0974e337 - - default default] Successfully bumped revision number for resource a5b946d9-3114-476d-8000-a0f3c72729da (type: router_ports) to 3
2026-09-01 05:09:45.960 9 INFO neutron.wsgi [None req-4fddb933-4d5b-490e-8d25-98d1cb5a571d 426c3e48ed064212b6acbac372c2f7f3 1570f373e48b468aaabd2adb0974e337 - - default default] 10.0.0.181 "PUT /v2.0/routers/72197e3a-e5a9-4c05-bcc9-aee4cc34c774/add_router_interface HTTP/1.1" status: 200 len: 503 time: 1.5263658 /var/lib/openstack/lib/python3.10/site-packages/pycadf/identifier.py:71: UserWarning: Invalid uuid: neutron. To ensure interoperability, identifiers should be a valid uuid. warnings.warn(('Invalid uuid: %s. To ensure interoperability, '
2026-09-01 05:09:45.980 10 INFO neutron.wsgi [req-e8dabc36-0428-4eea-9706-708eab93ac19 req-7b1623b8-7a26-417a-855e-a0b242e1bc32 0568ba353edf431bb4df1eb291ec363a 5538a1eea2c1451388551514fdf16ac3 - - c01138d4964944efb48f4cf40c282d0c c01138d4964944efb48f4cf40c282d0c] 162.253.55.243 "GET /v2.0/ports?tenant_id=f51fbbd613c94a36b1e89ad6bee911d9&device_id=637b3628-ee24-4497-b3d8-29fb1a03bbe9 HTTP/1.1" status: 200 len: 1407 time: 0.0361395
2026-09-01 05:09:45.991 9 INFO neutron.wsgi [None req-d6c0c0d8-e324-4eaf-b9a6-e575104d89da 426c3e48ed064212b6acbac372c2f7f3 1570f373e48b468aaabd2adb0974e337 - - default default] 10.0.0.181 "GET /v2.0/ports/a5b946d9-3114-476d-8000-a0f3c72729da HTTP/1.1" status: 200 len: 1220 time: 0.0260191
2026-09-01 05:09:46.006 10 INFO neutron.wsgi [req-e8dabc36-0428-4eea-9706-708eab93ac19 req-209ee6ab-98e7-418b-a841-f869c19296ae 0568ba353edf431bb4df1eb291ec363a 5538a1eea2c1451388551514fdf16ac3 - - c01138d4964944efb48f4cf40c282d0c c01138d4964944efb48f4cf40c282d0c] 162.253.55.243 "GET /v2.0/floatingips?fixed_ip_address=10.100.0.4&port_id=1fa14bc7-db14-42c2-b06e-3a8b5f510a0c HTTP/1.1" status: 200 len: 217 time: 0.0184841
2026-09-01 05:09:46.048 10 INFO neutron.wsgi [req-e8dabc36-0428-4eea-9706-708eab93ac19 req-305b632d-be94-4cff-96af-f998fa5ddd46 0568ba353edf431bb4df1eb291ec363a 5538a1eea2c1451388551514fdf16ac3 - - c01138d4964944efb48f4cf40c282d0c c01138d4964944efb48f4cf40c282d0c] 162.253.55.243 "GET /v2.0/subnets?id=79f6d4a2-933e-47c0-8064-6de18c909087 HTTP/1.1" status: 200 len: 871 time: 0.0328925
2026-09-01 05:09:46.076 10 INFO neutron.wsgi [req-e8dabc36-0428-4eea-9706-708eab93ac19 req-c1ff05b5-f6cd-4edf-8291-c27efba3eda6 0568ba353edf431bb4df1eb291ec363a 5538a1eea2c1451388551514fdf16ac3 - - c01138d4964944efb48f4cf40c282d0c c01138d4964944efb48f4cf40c282d0c] 162.253.55.243 "GET /v2.0/ports?network_id=108bf741-40a0-4c15-aed9-9767bfa924ab&device_owner=network%3Adhcp HTTP/1.1" status: 200 len: 210 time: 0.0174305
2026-09-01 05:09:46.136 10 INFO neutron.db.ovn_revision_numbers_db [None req-4f879d2e-f913-43c8-a0c1-b210f6a67411 20f45880a3d641df9aaeabe63f6015fe fdde9091cbea44ae8558bb37fa265712 - - default default] Successfully bumped revision number for resource f134e283-90a6-437e-ac71-2641bdfa9ad0 (type: ports) to 1
2026-09-01 05:09:46.141 10 INFO neutron.wsgi [req-e8dabc36-0428-4eea-9706-708eab93ac19 req-17442d1f-07ae-4d54-8ec5-03a5ba3a59de 0568ba353edf431bb4df1eb291ec363a 5538a1eea2c1451388551514fdf16ac3 - - c01138d4964944efb48f4cf40c282d0c c01138d4964944efb48f4cf40c282d0c] 162.253.55.243 "GET /v2.0/networks/108bf741-40a0-4c15-aed9-9767bfa924ab?fields=segments HTTP/1.1" status: 200 len: 212 time: 0.0586212
2026-09-01 05:09:46.214 10 INFO neutron.wsgi [req-e8dabc36-0428-4eea-9706-708eab93ac19 req-68e8a2c4-8041-4b51-ad50-e9a326b8b84c 0568ba353edf431bb4df1eb291ec363a 5538a1eea2c1451388551514fdf16ac3 - - c01138d4964944efb48f4cf40c282d0c c01138d4964944efb48f4cf40c282d0c] 162.253.55.243 "GET /v2.0/networks/108bf741-40a0-4c15-aed9-9767bfa924ab?fields=provider%3Aphysical_network&fields=provider%3Anetwork_type HTTP/1.1" status: 200 len: 277 time: 0.0607824
2026-09-01 05:09:46.545 10 INFO neutron.wsgi [req-fb80cb97-35ae-4843-b049-ef851bc6ec0f req-8fa1c5f2-d560-41ab-8740-801b5e0ee554 0568ba353edf431bb4df1eb291ec363a 5538a1eea2c1451388551514fdf16ac3 - - c01138d4964944efb48f4cf40c282d0c c01138d4964944efb48f4cf40c282d0c] 162.253.55.243 "GET /v2.0/ports?tenant_id=f51fbbd613c94a36b1e89ad6bee911d9&device_id=637b3628-ee24-4497-b3d8-29fb1a03bbe9 HTTP/1.1" status: 200 len: 1407 time: 0.2811124
2026-09-01 05:09:46.619 10 INFO neutron.wsgi [req-fb80cb97-35ae-4843-b049-ef851bc6ec0f req-0c89fee3-7a4a-4ac8-9ee0-3ccbd74149c0 0568ba353edf431bb4df1eb291ec363a 5538a1eea2c1451388551514fdf16ac3 - - c01138d4964944efb48f4cf40c282d0c c01138d4964944efb48f4cf40c282d0c] 162.253.55.243 "GET /v2.0/networks?id=108bf741-40a0-4c15-aed9-9767bfa924ab HTTP/1.1" status: 200 len: 976 time: 0.0672438
2026-09-01 05:09:46.654 10 INFO neutron.wsgi [req-fb80cb97-35ae-4843-b049-ef851bc6ec0f req-3c7324fc-cf01-46aa-88db-ae27fb671fa0 0568ba353edf431bb4df1eb291ec363a 5538a1eea2c1451388551514fdf16ac3 - - c01138d4964944efb48f4cf40c282d0c c01138d4964944efb48f4cf40c282d0c] 162.253.55.243 "GET /v2.0/floatingips?fixed_ip_address=10.100.0.4&port_id=1fa14bc7-db14-42c2-b06e-3a8b5f510a0c HTTP/1.1" status: 200 len: 217 time: 0.0284259
2026-09-01 05:09:46.700 10 INFO neutron.wsgi [req-fb80cb97-35ae-4843-b049-ef851bc6ec0f req-d8daea73-f5e2-4afe-957b-a313f8436cfe 0568ba353edf431bb4df1eb291ec363a 5538a1eea2c1451388551514fdf16ac3 - - c01138d4964944efb48f4cf40c282d0c c01138d4964944efb48f4cf40c282d0c] 162.253.55.243 "GET /v2.0/subnets?id=79f6d4a2-933e-47c0-8064-6de18c909087 HTTP/1.1" status: 200 len: 871 time: 0.0398147
2026-09-01 05:09:46.737 10 INFO neutron.wsgi [req-fb80cb97-35ae-4843-b049-ef851bc6ec0f req-6d322d98-7aa0-48d5-ab23-a9a5ebe94548 0568ba353edf431bb4df1eb291ec363a 5538a1eea2c1451388551514fdf16ac3 - - c01138d4964944efb48f4cf40c282d0c c01138d4964944efb48f4cf40c282d0c] 162.253.55.243 "GET /v2.0/ports?network_id=108bf741-40a0-4c15-aed9-9767bfa924ab&device_owner=network%3Adhcp HTTP/1.1" status: 200 len: 210 time: 0.0247824
2026-09-01 05:09:46.811 10 INFO neutron.wsgi [req-fb80cb97-35ae-4843-b049-ef851bc6ec0f req-a23d925f-c4e8-43c2-8465-f679fe5bbe86 0568ba353edf431bb4df1eb291ec363a 5538a1eea2c1451388551514fdf16ac3 - - c01138d4964944efb48f4cf40c282d0c c01138d4964944efb48f4cf40c282d0c] 162.253.55.243 "GET /v2.0/networks/108bf741-40a0-4c15-aed9-9767bfa924ab?fields=segments HTTP/1.1" status: 200 len: 212 time: 0.0668395
2026-09-01 05:09:46.857 9 INFO neutron.wsgi [None req-339fffa4-ad34-4078-b62c-20a424729048 426c3e48ed064212b6acbac372c2f7f3 1570f373e48b468aaabd2adb0974e337 - - default default] 10.0.0.181 "PUT /v2.0/routers/72197e3a-e5a9-4c05-bcc9-aee4cc34c774/remove_router_interface HTTP/1.1" status: 200 len: 503 time: 0.8613412 /var/lib/openstack/lib/python3.10/site-packages/pycadf/identifier.py:71: UserWarning: Invalid uuid: neutron. To ensure interoperability, identifiers should be a valid uuid. warnings.warn(('Invalid uuid: %s. To ensure interoperability, '
2026-09-01 05:09:46.912 10 INFO neutron.wsgi [req-fb80cb97-35ae-4843-b049-ef851bc6ec0f req-f3f8d528-7117-488e-8143-817ebe1e38c3 0568ba353edf431bb4df1eb291ec363a 5538a1eea2c1451388551514fdf16ac3 - - c01138d4964944efb48f4cf40c282d0c c01138d4964944efb48f4cf40c282d0c] 162.253.55.243 "GET /v2.0/networks/108bf741-40a0-4c15-aed9-9767bfa924ab?fields=provider%3Aphysical_network&fields=provider%3Anetwork_type HTTP/1.1" status: 200 len: 277 time: 0.0942132
2026-09-01 05:09:46.946 9 INFO neutron.api.v2.resource [None req-79f02538-7c04-4d23-9557-16c364f0c6f9 426c3e48ed064212b6acbac372c2f7f3 1570f373e48b468aaabd2adb0974e337 - - default default] remove_router_interface failed (client error): The resource could not be found.
2026-09-01 05:09:46.948 9 INFO neutron.wsgi [None req-79f02538-7c04-4d23-9557-16c364f0c6f9 426c3e48ed064212b6acbac372c2f7f3 1570f373e48b468aaabd2adb0974e337 - - default default] 10.0.0.181 "PUT /v2.0/routers/72197e3a-e5a9-4c05-bcc9-aee4cc34c774/remove_router_interface HTTP/1.1" status: 404 len: 398 time: 0.0856557
2026-09-01 05:09:46.985 9 INFO neutron.wsgi [None req-4cdbb39b-41a9-495a-8b9a-a236a8ed7023 426c3e48ed064212b6acbac372c2f7f3 1570f373e48b468aaabd2adb0974e337 - - default default] 10.0.0.181 "GET /v2.0/ports?device_id=72197e3a-e5a9-4c05-bcc9-aee4cc34c774 HTTP/1.1" status: 200 len: 205 time: 0.0310953
2026-09-01 05:09:47.023 10 INFO neutron.wsgi [req-bdaced18-6234-4393-ac4a-4dcc0226f4d1 req-8ff2ef10-e9a9-474c-8d69-f3faf555e58b 1f9ad229c5df4c2881e9713ccef803bf f51fbbd613c94a36b1e89ad6bee911d9 - - default default] 10.0.0.14 "GET /v2.0/ports?device_id=637b3628-ee24-4497-b3d8-29fb1a03bbe9 HTTP/1.1" status: 200 len: 1168 time: 0.0396767
2026-09-01 05:09:47.083 10 INFO neutron.wsgi [req-bdaced18-6234-4393-ac4a-4dcc0226f4d1 req-4e2ccc56-a1d0-4545-92c5-77498199441f 1f9ad229c5df4c2881e9713ccef803bf f51fbbd613c94a36b1e89ad6bee911d9 - - default default] 10.0.0.14 "GET /v2.0/security-groups?id=b293728e-be2f-4de9-a1de-a502dc88dde8&fields=id&fields=name HTTP/1.1" status: 200 len: 286 time: 0.0498874
2026-09-01 05:09:47.103 10 INFO neutron.plugins.ml2.drivers.ovn.mech_driver.ovsdb.ovsdb_monitor [None req-9cf2dbba-29c8-4658-af4a-a2a854a5afc3 - - - - - -] Router cc0e6eb5-f316-4e41-826e-3c4aa1d99d04 is bound to host instance
2026-09-01 05:09:47.127 10 INFO neutron.db.ovn_revision_numbers_db [None req-4f879d2e-f913-43c8-a0c1-b210f6a67411 20f45880a3d641df9aaeabe63f6015fe fdde9091cbea44ae8558bb37fa265712 - - default default] Successfully bumped revision number for resource f134e283-90a6-437e-ac71-2641bdfa9ad0 (type: router_ports) to 1
2026-09-01 05:09:47.218 10 INFO neutron.db.ovn_revision_numbers_db [None req-4f879d2e-f913-43c8-a0c1-b210f6a67411 20f45880a3d641df9aaeabe63f6015fe fdde9091cbea44ae8558bb37fa265712 - - default default] Successfully bumped revision number for resource cc0e6eb5-f316-4e41-826e-3c4aa1d99d04 (type: routers) to 2
2026-09-01 05:09:47.228 9 INFO neutron.wsgi [None req-87f5902e-180c-4544-96c5-189f5752b5a3 426c3e48ed064212b6acbac372c2f7f3 1570f373e48b468aaabd2adb0974e337 - - default default] 10.0.0.181 "DELETE /v2.0/routers/72197e3a-e5a9-4c05-bcc9-aee4cc34c774 HTTP/1.1" status: 204 len: 168 time: 0.2379246
2026-09-01 05:09:47.238 10 INFO neutron.wsgi [None req-4f879d2e-f913-43c8-a0c1-b210f6a67411 20f45880a3d641df9aaeabe63f6015fe fdde9091cbea44ae8558bb37fa265712 - - default default] 10.0.0.181 "POST /v2.0/routers HTTP/1.1" status: 201 len: 874 time: 1.9869628
2026-09-01 05:09:47.318 9 WARNING neutron.plugins.ml2.drivers.ovn.mech_driver.ovsdb.ovn_client [None req-6452699a-3ba3-46ae-a8c0-ee12f844254f - - - - - -] No hosting information found for port af24c8ac-7e3e-4675-a3a1-a0295e050352: RuntimeError: No hosting information found for port af24c8ac-7e3e-4675-a3a1-a0295e050352
2026-09-01 05:09:47.386 9 INFO neutron.wsgi [None req-a8eabcb2-2201-4b90-adef-184640f31b40 426c3e48ed064212b6acbac372c2f7f3 1570f373e48b468aaabd2adb0974e337 - - default default] 10.0.0.181 "DELETE /v2.0/subnets/289db008-0995-47dc-9a60-a093e41963c3 HTTP/1.1" status: 204 len: 168 time: 0.1532025
2026-09-01 05:09:47.895 10 INFO neutron.db.ovn_revision_numbers_db [None req-9cf2dbba-29c8-4658-af4a-a2a854a5afc3 - - - - - -] Successfully bumped revision number for resource f134e283-90a6-437e-ac71-2641bdfa9ad0 (type: ports) to 1
2026-09-01 05:09:47.933 10 WARNING neutron.scheduler.dhcp_agent_scheduler [None req-cf70ed81-4fbd-4db4-a267-628b7c00fb82 20f45880a3d641df9aaeabe63f6015fe fdde9091cbea44ae8558bb37fa265712 - - default default] No more DHCP agents
2026-09-01 05:09:47.940 10 WARNING neutron.api.rpc.agentnotifiers.dhcp_rpc_agent_api [None req-cf70ed81-4fbd-4db4-a267-628b7c00fb82 20f45880a3d641df9aaeabe63f6015fe fdde9091cbea44ae8558bb37fa265712 - - default default] Unable to schedule network 8c0a2405-f526-4f3c-8f63-6498097315fb: no agents available; will retry on subsequent port and subnet creation events.
2026-09-01 05:09:47.952 10 INFO neutron.services.segments.plugin [-] Segment 0521df90-e2b9-434d-9b58-191f3874b03d resource provider aggregate not found
2026-09-01 05:09:47.964 10 INFO neutron.services.segments.plugin [-] Segment 0521df90-e2b9-434d-9b58-191f3874b03d resource provider aggregate not found
2026-09-01 05:09:47.977 10 INFO neutron.services.segments.plugin [-] Segment 0521df90-e2b9-434d-9b58-191f3874b03d resource provider not found; error: Placement Client Error (4xx): {"errors": [{"status": 404, "title": "Not Found", "detail": "The resource could not be found.\n\n No resource provider with uuid 0521df90-e2b9-434d-9b58-191f3874b03d found for delete ", "request_id": "req-95d32a80-c74a-46ae-b008-8b18754c37a4"}]}
2026-09-01 05:09:47.988 10 INFO neutron.services.segments.plugin [-] Segment 0521df90-e2b9-434d-9b58-191f3874b03d resource provider not found; error: Placement Client Error (4xx): {"errors": [{"status": 404, "title": "Not Found", "detail": "The resource could not be found.\n\n No resource provider with uuid 0521df90-e2b9-434d-9b58-191f3874b03d found for delete ", "request_id": "req-43a5f0ad-7fbb-4bc4-9d24-a7488a14d809"}]}
2026-09-01 05:09:48.003 9 INFO neutron.db.ovn_revision_numbers_db [None req-abc7d642-11e2-402f-a954-bcfaf58c6e07 20f45880a3d641df9aaeabe63f6015fe fdde9091cbea44ae8558bb37fa265712 - - default default] Successfully bumped revision number for resource d86f056d-a46a-41e7-a1f5-3bd0779a6793 (type: security_groups) to 1
2026-09-01 05:09:48.016 9 INFO neutron.db.ovn_revision_numbers_db [None req-abc7d642-11e2-402f-a954-bcfaf58c6e07 20f45880a3d641df9aaeabe63f6015fe fdde9091cbea44ae8558bb37fa265712 - - default default] Successfully bumped revision number for resource 080cc036-0e38-433f-b596-7983d6bb403b (type: security_group_rules) to 0
2026-09-01 05:09:48.040 9 INFO neutron.db.ovn_revision_numbers_db [None req-abc7d642-11e2-402f-a954-bcfaf58c6e07 20f45880a3d641df9aaeabe63f6015fe fdde9091cbea44ae8558bb37fa265712 - - default default] Successfully bumped revision number for resource 197891b5-b3d7-4582-847b-5301f2f51dd0 (type: security_group_rules) to 0
2026-09-01 05:09:48.048 10 INFO neutron.wsgi [None req-4124e5ad-aa8d-4b2a-8dd4-c6283ed1333e 426c3e48ed064212b6acbac372c2f7f3 1570f373e48b468aaabd2adb0974e337 - - default default] 10.0.0.181 "DELETE /v2.0/networks/ecf307c8-2fa9-4488-b46d-de07c0ad2f2e HTTP/1.1" status: 204 len: 168 time: 0.6578641
2026-09-01 05:09:48.059 9 INFO neutron.db.ovn_revision_numbers_db [None req-abc7d642-11e2-402f-a954-bcfaf58c6e07 20f45880a3d641df9aaeabe63f6015fe fdde9091cbea44ae8558bb37fa265712 - - default default] Successfully bumped revision number for resource 24bddee1-8e71-4b70-803c-5b77bfe6a1ee (type: security_group_rules) to 0
2026-09-01 05:09:48.074 9 INFO neutron.db.ovn_revision_numbers_db [None req-abc7d642-11e2-402f-a954-bcfaf58c6e07 20f45880a3d641df9aaeabe63f6015fe fdde9091cbea44ae8558bb37fa265712 - - default default] Successfully bumped revision number for resource beef4d0c-2242-436f-be25-28f12a679c19 (type: security_group_rules) to 0
2026-09-01 05:09:48.104 9 INFO neutron.wsgi [None req-abc7d642-11e2-402f-a954-bcfaf58c6e07 20f45880a3d641df9aaeabe63f6015fe fdde9091cbea44ae8558bb37fa265712 - - default default] 10.0.0.181 "GET /v2.0/security-groups?tenant_id=3d5ea7d2b5fd44498603be4e7fd81fa2&name=default HTTP/1.1" status: 200 len: 2996 time: 0.3792846
2026-09-01 05:09:48.161 9 INFO neutron.db.segments_db [None req-490589ce-e1ec-45dd-a97b-dd9bca6e45c8 426c3e48ed064212b6acbac372c2f7f3 1570f373e48b468aaabd2adb0974e337 - - default default] Added segment caf60d5a-8b31-4616-a109-c5ae953b4938 of type geneve for network 3a0b60d5-97f4-481b-ab2e-189511b586d3
2026-09-01 05:09:48.262 10 INFO neutron.db.ovn_revision_numbers_db [None req-cf70ed81-4fbd-4db4-a267-628b7c00fb82 20f45880a3d641df9aaeabe63f6015fe fdde9091cbea44ae8558bb37fa265712 - - default default] Successfully bumped revision number for resource 9686cefd-47fd-4468-b746-040a211d9c87 (type: ports) to 1
2026-09-01 05:09:48.266 10 INFO neutron.wsgi [req-f0105332-0db2-4113-9a08-5835bed72b83 req-f695ac84-aa88-4e03-b79e-b3882957d166 1f9ad229c5df4c2881e9713ccef803bf f51fbbd613c94a36b1e89ad6bee911d9 - - default default] 10.0.0.14 "GET /v2.0/ports?device_id=637b3628-ee24-4497-b3d8-29fb1a03bbe9 HTTP/1.1" status: 200 len: 1168 time: 0.0622673
2026-09-01 05:09:48.338 10 INFO neutron.wsgi [req-f0105332-0db2-4113-9a08-5835bed72b83 req-5830ac0f-13ee-4c56-9c8a-0c8940bef036 1f9ad229c5df4c2881e9713ccef803bf f51fbbd613c94a36b1e89ad6bee911d9 - - default default] 10.0.0.14 "GET /v2.0/security-groups?id=b293728e-be2f-4de9-a1de-a502dc88dde8&fields=id&fields=name HTTP/1.1" status: 200 len: 286 time: 0.0634327
2026-09-01 05:09:48.354 9 INFO neutron.db.ovn_revision_numbers_db [None req-490589ce-e1ec-45dd-a97b-dd9bca6e45c8 426c3e48ed064212b6acbac372c2f7f3 1570f373e48b468aaabd2adb0974e337 - - default default] Successfully bumped revision number for resource 3a0b60d5-97f4-481b-ab2e-189511b586d3 (type: networks) to 1
2026-09-01 05:09:48.354 10 INFO neutron.db.ovn_revision_numbers_db [None req-9cf2dbba-29c8-4658-af4a-a2a854a5afc3 - - - - - -] Successfully bumped revision number for resource f134e283-90a6-437e-ac71-2641bdfa9ad0 (type: router_ports) to 3
2026-09-01 05:09:48.424 9 INFO neutron.wsgi [None req-98437c92-c525-4852-a236-0d9be1e0384f 20f45880a3d641df9aaeabe63f6015fe fdde9091cbea44ae8558bb37fa265712 - - default default] 10.0.0.181 "DELETE /v2.0/security-groups/d86f056d-a46a-41e7-a1f5-3bd0779a6793 HTTP/1.1" status: 204 len: 168 time: 0.3145287
2026-09-01 05:09:48.508 9 WARNING neutron.scheduler.dhcp_agent_scheduler [None req-490589ce-e1ec-45dd-a97b-dd9bca6e45c8 426c3e48ed064212b6acbac372c2f7f3 1570f373e48b468aaabd2adb0974e337 - - default default] No more DHCP agents
2026-09-01 05:09:48.512 9 WARNING neutron.api.rpc.agentnotifiers.dhcp_rpc_agent_api [None req-490589ce-e1ec-45dd-a97b-dd9bca6e45c8 426c3e48ed064212b6acbac372c2f7f3 1570f373e48b468aaabd2adb0974e337 - - default default] Unable to schedule network 3a0b60d5-97f4-481b-ab2e-189511b586d3: no agents available; will retry on subsequent port and subnet creation events.
2026-09-01 05:09:48.607 9 INFO neutron.db.ovn_revision_numbers_db [None req-490589ce-e1ec-45dd-a97b-dd9bca6e45c8 426c3e48ed064212b6acbac372c2f7f3 1570f373e48b468aaabd2adb0974e337 - - default default] Successfully bumped revision number for resource 7966ba48-147c-4cf7-b24a-9a7c1ee75ef4 (type: ports) to 1
2026-09-01 05:09:48.625 9 INFO neutron.wsgi [None req-490589ce-e1ec-45dd-a97b-dd9bca6e45c8 426c3e48ed064212b6acbac372c2f7f3 1570f373e48b468aaabd2adb0974e337 - - default default] 10.0.0.181 "POST /v2.0/networks HTTP/1.1" status: 201 len: 833 time: 0.5706739
2026-09-01 05:09:48.690 9 INFO neutron.db.ovn_revision_numbers_db [None req-b4bd0510-65a8-4d49-b726-9baa8d709602 20f45880a3d641df9aaeabe63f6015fe fdde9091cbea44ae8558bb37fa265712 - - default default] Successfully bumped revision number for resource da3e2062-f496-42e7-926b-2af2043d6e4e (type: security_groups) to 1
2026-09-01 05:09:48.709 9 INFO neutron.db.ovn_revision_numbers_db [None req-b4bd0510-65a8-4d49-b726-9baa8d709602 20f45880a3d641df9aaeabe63f6015fe fdde9091cbea44ae8558bb37fa265712 - - default default] Successfully bumped revision number for resource 1a4e69bb-e08a-46c3-86f5-1f67f8a4ea8a (type: security_group_rules) to 0
2026-09-01 05:09:48.733 9 INFO neutron.db.ovn_revision_numbers_db [None req-b4bd0510-65a8-4d49-b726-9baa8d709602 20f45880a3d641df9aaeabe63f6015fe fdde9091cbea44ae8558bb37fa265712 - - default default] Successfully bumped revision number for resource 232f9205-2720-4bcd-a62b-3ef9834cb35f (type: security_group_rules) to 0
2026-09-01 05:09:48.758 9 INFO neutron.db.ovn_revision_numbers_db [None req-b4bd0510-65a8-4d49-b726-9baa8d709602 20f45880a3d641df9aaeabe63f6015fe fdde9091cbea44ae8558bb37fa265712 - - default default] Successfully bumped revision number for resource ca3e944d-34ea-4afe-b1b4-7bd03857a520 (type: security_group_rules) to 0
2026-09-01 05:09:48.771 10 INFO neutron.db.ovn_revision_numbers_db [None req-9cf2dbba-29c8-4658-af4a-a2a854a5afc3 - - - - - -] Successfully bumped revision number for resource f134e283-90a6-437e-ac71-2641bdfa9ad0 (type: ports) to 2
2026-09-01 05:09:48.775 9 INFO neutron.db.ovn_revision_numbers_db [None req-b4bd0510-65a8-4d49-b726-9baa8d709602 20f45880a3d641df9aaeabe63f6015fe fdde9091cbea44ae8558bb37fa265712 - - default default] Successfully bumped revision number for resource cc86b644-375f-4bd9-8801-2ec289f8da7a (type: security_group_rules) to 0
2026-09-01 05:09:48.803 9 INFO neutron.wsgi [None req-b4bd0510-65a8-4d49-b726-9baa8d709602 20f45880a3d641df9aaeabe63f6015fe fdde9091cbea44ae8558bb37fa265712 - - default default] 10.0.0.181 "GET /v2.0/security-groups?tenant_id=d32a947d3771462b84709b8521624584&name=default HTTP/1.1" status: 200 len: 2996 time: 0.2535231
2026-09-01 05:09:48.885 9 WARNING neutron.scheduler.dhcp_agent_scheduler [None req-1c3fc3f6-1599-4f5e-a5d9-8e5d5a2051c5 426c3e48ed064212b6acbac372c2f7f3 1570f373e48b468aaabd2adb0974e337 - - default default] No more DHCP agents
2026-09-01 05:09:48.890 9 WARNING neutron.api.rpc.agentnotifiers.dhcp_rpc_agent_api [None req-1c3fc3f6-1599-4f5e-a5d9-8e5d5a2051c5 426c3e48ed064212b6acbac372c2f7f3 1570f373e48b468aaabd2adb0974e337 - - default default] Unable to schedule network 3a0b60d5-97f4-481b-ab2e-189511b586d3: no agents available; will retry on subsequent port and subnet creation events.
2026-09-01 05:09:48.927 9 INFO neutron.db.ovn_revision_numbers_db [None req-1c3fc3f6-1599-4f5e-a5d9-8e5d5a2051c5 426c3e48ed064212b6acbac372c2f7f3 1570f373e48b468aaabd2adb0974e337 - - default default] Successfully bumped revision number for resource 1646e4d3-213e-455a-b400-98722d540d32 (type: subnets) to 0
2026-09-01 05:09:48.941 9 INFO neutron.wsgi [None req-1c3fc3f6-1599-4f5e-a5d9-8e5d5a2051c5 426c3e48ed064212b6acbac372c2f7f3 1570f373e48b468aaabd2adb0974e337 - - default default] 10.0.0.181 "POST /v2.0/subnets HTTP/1.1" status: 201 len: 821 time: 0.3115880
2026-09-01 05:09:48.993 10 INFO neutron.db.ovn_revision_numbers_db [None req-cf70ed81-4fbd-4db4-a267-628b7c00fb82 20f45880a3d641df9aaeabe63f6015fe fdde9091cbea44ae8558bb37fa265712 - - default default] Successfully bumped revision number for resource 9686cefd-47fd-4468-b746-040a211d9c87 (type: router_ports) to 1
2026-09-01 05:09:49.021 9 INFO neutron.wsgi [None req-bec6879e-ca50-445e-a90c-d6a660101ac6 20f45880a3d641df9aaeabe63f6015fe fdde9091cbea44ae8558bb37fa265712 - - default default] 10.0.0.181 "DELETE /v2.0/security-groups/da3e2062-f496-42e7-926b-2af2043d6e4e HTTP/1.1" status: 204 len: 168 time: 0.2079191
2026-09-01 05:09:49.132 10 INFO neutron.db.ovn_revision_numbers_db [None req-9cf2dbba-29c8-4658-af4a-a2a854a5afc3 - - - - - -] Successfully bumped revision number for resource f134e283-90a6-437e-ac71-2641bdfa9ad0 (type: ports) to 4
2026-09-01 05:09:49.180 10 INFO neutron.db.ovn_revision_numbers_db [None req-fdf9dbb0-7777-4434-b2fe-51641e71a201 426c3e48ed064212b6acbac372c2f7f3 1570f373e48b468aaabd2adb0974e337 - - default default] Successfully bumped revision number for resource c3a07805-ea89-476f-8863-f5584a406cde (type: routers) to 1
2026-09-01 05:09:49.209 10 INFO neutron.wsgi [None req-fdf9dbb0-7777-4434-b2fe-51641e71a201 426c3e48ed064212b6acbac372c2f7f3 1570f373e48b468aaabd2adb0974e337 - - default default] 10.0.0.181 "POST /v2.0/routers HTTP/1.1" status: 201 len: 690 time: 0.2603807
2026-09-01 05:09:49.262 10 INFO neutron.db.ovn_revision_numbers_db [None req-cf70ed81-4fbd-4db4-a267-628b7c00fb82 20f45880a3d641df9aaeabe63f6015fe fdde9091cbea44ae8558bb37fa265712 - - default default] Successfully bumped revision number for resource 9686cefd-47fd-4468-b746-040a211d9c87 (type: ports) to 1
2026-09-01 05:09:49.391 10 WARNING neutron.scheduler.dhcp_agent_scheduler [None req-cf70ed81-4fbd-4db4-a267-628b7c00fb82 20f45880a3d641df9aaeabe63f6015fe fdde9091cbea44ae8558bb37fa265712 - - default default] No more DHCP agents
2026-09-01 05:09:49.393 10 WARNING neutron.api.rpc.agentnotifiers.dhcp_rpc_agent_api [None req-cf70ed81-4fbd-4db4-a267-628b7c00fb82 20f45880a3d641df9aaeabe63f6015fe fdde9091cbea44ae8558bb37fa265712 - - default default] Unable to schedule network 8c0a2405-f526-4f3c-8f63-6498097315fb: no agents available; will retry on subsequent port and subnet creation events.
2026-09-01 05:09:49.511 10 INFO neutron.db.ovn_revision_numbers_db [None req-9cf2dbba-29c8-4658-af4a-a2a854a5afc3 - - - - - -] Successfully bumped revision number for resource f134e283-90a6-437e-ac71-2641bdfa9ad0 (type: router_ports) to 4
2026-09-01 05:09:49.558 10 INFO neutron.wsgi [req-60d16d44-c94d-42e8-87ba-644658559709 req-46bf4cb4-027a-4d52-a323-b71a552e8879 1f9ad229c5df4c2881e9713ccef803bf f51fbbd613c94a36b1e89ad6bee911d9 - - default default] 10.0.0.14 "GET /v2.0/ports?device_id=637b3628-ee24-4497-b3d8-29fb1a03bbe9 HTTP/1.1" status: 200 len: 1168 time: 0.1214337
2026-09-01 05:09:49.629 10 INFO neutron.wsgi [req-60d16d44-c94d-42e8-87ba-644658559709 req-a1c3e0aa-5c56-460f-bbee-786f5a8823cc 1f9ad229c5df4c2881e9713ccef803bf f51fbbd613c94a36b1e89ad6bee911d9 - - default default] 10.0.0.14 "GET /v2.0/security-groups?id=b293728e-be2f-4de9-a1de-a502dc88dde8&fields=id&fields=name HTTP/1.1" status: 200 len: 286 time: 0.0584881
2026-09-01 05:09:49.703 9 WARNING neutron.scheduler.dhcp_agent_scheduler [None req-467dcdca-e80a-4878-a3e5-482fbcd98fcb 426c3e48ed064212b6acbac372c2f7f3 1570f373e48b468aaabd2adb0974e337 - - default default] No more DHCP agents
2026-09-01 05:09:49.705 9 WARNING neutron.api.rpc.agentnotifiers.dhcp_rpc_agent_api [None req-467dcdca-e80a-4878-a3e5-482fbcd98fcb 426c3e48ed064212b6acbac372c2f7f3 1570f373e48b468aaabd2adb0974e337 - - default default] Unable to schedule network 3a0b60d5-97f4-481b-ab2e-189511b586d3: no agents available; will retry on subsequent port and subnet creation events.
2026-09-01 05:09:49.837 9 INFO neutron.db.ovn_revision_numbers_db [None req-467dcdca-e80a-4878-a3e5-482fbcd98fcb 426c3e48ed064212b6acbac372c2f7f3 1570f373e48b468aaabd2adb0974e337 - - default default] Successfully bumped revision number for resource fd4a2833-3ee5-4fa2-b4da-2fd9a5d7d1bc (type: ports) to 1
2026-09-01 05:09:50.005 10 INFO neutron.db.ovn_revision_numbers_db [None req-cf70ed81-4fbd-4db4-a267-628b7c00fb82 20f45880a3d641df9aaeabe63f6015fe fdde9091cbea44ae8558bb37fa265712 - - default default] Successfully bumped revision number for resource 9686cefd-47fd-4468-b746-040a211d9c87 (type: router_ports) to 1
2026-09-01 05:09:50.007 10 INFO neutron.wsgi [None req-cf70ed81-4fbd-4db4-a267-628b7c00fb82 20f45880a3d641df9aaeabe63f6015fe fdde9091cbea44ae8558bb37fa265712 - - default default] 10.0.0.181 "PUT /v2.0/routers/cc0e6eb5-f316-4e41-826e-3c4aa1d99d04/add_router_interface HTTP/1.1" status: 200 len: 503 time: 2.7612815
2026-09-01 05:09:50.249 9 INFO neutron.plugins.ml2.drivers.ovn.mech_driver.mech_driver [None req-6452699a-3ba3-46ae-a8c0-ee12f844254f - - - - - -] OVN reports status up for port: fd4a2833-3ee5-4fa2-b4da-2fd9a5d7d1bc
2026-09-01 05:09:50.257 9 INFO neutron.plugins.ml2.plugin [None req-6452699a-3ba3-46ae-a8c0-ee12f844254f - - - - - -] Attempt 1 to provision port fd4a2833-3ee5-4fa2-b4da-2fd9a5d7d1bc
2026-09-01 05:09:50.285 9 INFO neutron.db.ovn_revision_numbers_db [None req-467dcdca-e80a-4878-a3e5-482fbcd98fcb 426c3e48ed064212b6acbac372c2f7f3 1570f373e48b468aaabd2adb0974e337 - - default default] Successfully bumped revision number for resource fd4a2833-3ee5-4fa2-b4da-2fd9a5d7d1bc (type: router_ports) to 1
2026-09-01 05:09:50.395 9 INFO neutron.db.ovn_revision_numbers_db [None req-467dcdca-e80a-4878-a3e5-482fbcd98fcb 426c3e48ed064212b6acbac372c2f7f3 1570f373e48b468aaabd2adb0974e337 - - default default] Successfully bumped revision number for resource fd4a2833-3ee5-4fa2-b4da-2fd9a5d7d1bc (type: ports) to 1
2026-09-01 05:09:50.540 9 WARNING neutron.scheduler.dhcp_agent_scheduler [None req-467dcdca-e80a-4878-a3e5-482fbcd98fcb 426c3e48ed064212b6acbac372c2f7f3 1570f373e48b468aaabd2adb0974e337 - - default default] No more DHCP agents
2026-09-01 05:09:50.544 9 WARNING neutron.api.rpc.agentnotifiers.dhcp_rpc_agent_api [None req-467dcdca-e80a-4878-a3e5-482fbcd98fcb 426c3e48ed064212b6acbac372c2f7f3 1570f373e48b468aaabd2adb0974e337 - - default default] Unable to schedule network 3a0b60d5-97f4-481b-ab2e-189511b586d3: no agents available; will retry on subsequent port and subnet creation events.
2026-09-01 05:09:50.591 10 WARNING neutron.plugins.ml2.drivers.ovn.mech_driver.ovsdb.ovn_client [None req-4d6dcb05-16f5-462e-8166-6b9945689c2c - - - - - -] No port found with ID a5b946d9-3114-476d-8000-a0f3c72729da: RuntimeError: No port found with ID a5b946d9-3114-476d-8000-a0f3c72729da
2026-09-01 05:09:50.592 10 INFO neutron.plugins.ml2.drivers.ovn.mech_driver.mech_driver [None req-4d6dcb05-16f5-462e-8166-6b9945689c2c - - - - - -] OVN reports status up for port: 1fa14bc7-db14-42c2-b06e-3a8b5f510a0c
2026-09-01 05:09:50.611 10 INFO neutron.plugins.ml2.plugin [None req-4d6dcb05-16f5-462e-8166-6b9945689c2c - - - - - -] Attempt 1 to provision port 1fa14bc7-db14-42c2-b06e-3a8b5f510a0c
2026-09-01 05:09:50.751 10 INFO neutron.wsgi [req-e4b9c7c6-434c-4ceb-8cbb-7f25af927f6e req-3e2b5ce4-469e-41ce-8c18-86908921390a 1f9ad229c5df4c2881e9713ccef803bf f51fbbd613c94a36b1e89ad6bee911d9 - - default default] 10.0.0.14 "GET /v2.0/ports?device_id=637b3628-ee24-4497-b3d8-29fb1a03bbe9 HTTP/1.1" status: 200 len: 1168 time: 0.0346715
2026-09-01 05:09:50.772 10 INFO neutron.notifiers.nova [-] Nova event matching ['req-640c3399-a1b2-4bdb-b6bf-19c369547d14'] response: {'server_uuid': '637b3628-ee24-4497-b3d8-29fb1a03bbe9', 'name': 'network-vif-plugged', 'status': 'completed', 'tag': '1fa14bc7-db14-42c2-b06e-3a8b5f510a0c', 'code': 200}
2026-09-01 05:09:50.819 10 INFO neutron.wsgi [req-e4b9c7c6-434c-4ceb-8cbb-7f25af927f6e req-ccf1c602-8dee-41f6-82ae-80c09da7ef83 1f9ad229c5df4c2881e9713ccef803bf f51fbbd613c94a36b1e89ad6bee911d9 - - default default] 10.0.0.14 "GET /v2.0/security-groups?id=b293728e-be2f-4de9-a1de-a502dc88dde8&fields=id&fields=name HTTP/1.1" status: 200 len: 286 time: 0.0629053
2026-09-01 05:09:50.854 9 INFO neutron.db.ovn_revision_numbers_db [None req-6452699a-3ba3-46ae-a8c0-ee12f844254f - - - - - -] Successfully bumped revision number for resource fd4a2833-3ee5-4fa2-b4da-2fd9a5d7d1bc (type: ports) to 2
2026-09-01 05:09:50.990 10 INFO neutron.db.ovn_revision_numbers_db [None req-4d6dcb05-16f5-462e-8166-6b9945689c2c - - - - - -] Successfully bumped revision number for resource 1fa14bc7-db14-42c2-b06e-3a8b5f510a0c (type: ports) to 4
2026-09-01 05:09:51.006 9 INFO neutron.db.ovn_revision_numbers_db [None req-6452699a-3ba3-46ae-a8c0-ee12f844254f - - - - - -] Successfully bumped revision number for resource fd4a2833-3ee5-4fa2-b4da-2fd9a5d7d1bc (type: router_ports) to 2
2026-09-01 05:09:51.008 9 INFO neutron.db.ovn_revision_numbers_db [None req-467dcdca-e80a-4878-a3e5-482fbcd98fcb 426c3e48ed064212b6acbac372c2f7f3 1570f373e48b468aaabd2adb0974e337 - - default default] Successfully bumped revision number for resource fd4a2833-3ee5-4fa2-b4da-2fd9a5d7d1bc (type: router_ports) to 2
2026-09-01 05:09:51.010 9 INFO neutron.wsgi [None req-467dcdca-e80a-4878-a3e5-482fbcd98fcb 426c3e48ed064212b6acbac372c2f7f3 1570f373e48b468aaabd2adb0974e337 - - default default] 10.0.0.181 "PUT /v2.0/routers/c3a07805-ea89-476f-8863-f5584a406cde/add_router_interface HTTP/1.1" status: 200 len: 503 time: 1.7948475
2026-09-01 05:09:51.056 10 INFO neutron.plugins.ml2.drivers.ovn.mech_driver.mech_driver [None req-4d6dcb05-16f5-462e-8166-6b9945689c2c - - - - - -] OVN reports status up for port: f134e283-90a6-437e-ac71-2641bdfa9ad0
2026-09-01 05:09:51.082 10 INFO neutron.plugins.ml2.plugin [None req-4d6dcb05-16f5-462e-8166-6b9945689c2c - - - - - -] Attempt 1 to provision port f134e283-90a6-437e-ac71-2641bdfa9ad0
