2026-09-01 05:10:44.321 10 INFO neutron.db.ovn_revision_numbers_db [None req-0df3bb1e-0954-4e05-95e9-b668220f5966 20f45880a3d641df9aaeabe63f6015fe fdde9091cbea44ae8558bb37fa265712 - - default default] Successfully bumped revision number for resource 49eb09ed-4a0b-4e87-96b5-b4c25a557bb4 (type: security_groups) to 1
2026-09-01 05:10:44.344 10 INFO neutron.db.ovn_revision_numbers_db [None req-0df3bb1e-0954-4e05-95e9-b668220f5966 20f45880a3d641df9aaeabe63f6015fe fdde9091cbea44ae8558bb37fa265712 - - default default] Successfully bumped revision number for resource 3dfa2c4c-67bf-488f-8387-547732171184 (type: security_group_rules) to 0
2026-09-01 05:10:44.357 10 INFO neutron.db.ovn_revision_numbers_db [None req-0df3bb1e-0954-4e05-95e9-b668220f5966 20f45880a3d641df9aaeabe63f6015fe fdde9091cbea44ae8558bb37fa265712 - - default default] Successfully bumped revision number for resource 6de56646-bb13-4cab-be7e-05a944920c5d (type: security_group_rules) to 0
2026-09-01 05:10:44.378 10 INFO neutron.db.ovn_revision_numbers_db [None req-0df3bb1e-0954-4e05-95e9-b668220f5966 20f45880a3d641df9aaeabe63f6015fe fdde9091cbea44ae8558bb37fa265712 - - default default] Successfully bumped revision number for resource e4281e08-694f-42be-b94c-5996d68f47e6 (type: security_group_rules) to 0
2026-09-01 05:10:44.390 10 INFO neutron.db.ovn_revision_numbers_db [None req-0df3bb1e-0954-4e05-95e9-b668220f5966 20f45880a3d641df9aaeabe63f6015fe fdde9091cbea44ae8558bb37fa265712 - - default default] Successfully bumped revision number for resource f64acaf3-579b-454e-8cf8-93d5253f35c9 (type: security_group_rules) to 0
2026-09-01 05:10:44.422 10 INFO neutron.wsgi [None req-0df3bb1e-0954-4e05-95e9-b668220f5966 20f45880a3d641df9aaeabe63f6015fe fdde9091cbea44ae8558bb37fa265712 - - default default] 10.0.0.181 "GET /v2.0/security-groups?tenant_id=9506de2bd2044834b7c063b3313eaabb&name=default HTTP/1.1" status: 200 len: 2996 time: 0.4290469
2026-09-01 05:10:44.669 10 INFO neutron.wsgi [None req-42da16c0-5749-4b8b-aab2-5daef69adc7b 20f45880a3d641df9aaeabe63f6015fe fdde9091cbea44ae8558bb37fa265712 - - default default] 10.0.0.181 "DELETE /v2.0/security-groups/49eb09ed-4a0b-4e87-96b5-b4c25a557bb4 HTTP/1.1" status: 204 len: 168 time: 0.2407839
2026-09-01 05:10:44.780 9 INFO neutron.db.ovn_revision_numbers_db [None req-e6f37142-7913-4109-b76e-01851ddcd65b 20f45880a3d641df9aaeabe63f6015fe fdde9091cbea44ae8558bb37fa265712 - - default default] Successfully bumped revision number for resource 11857cb8-3387-4e5b-b05b-6b86fd58ddd8 (type: security_groups) to 1
2026-09-01 05:10:44.800 9 INFO neutron.db.ovn_revision_numbers_db [None req-e6f37142-7913-4109-b76e-01851ddcd65b 20f45880a3d641df9aaeabe63f6015fe fdde9091cbea44ae8558bb37fa265712 - - default default] Successfully bumped revision number for resource 5d719b8e-206b-4944-a5c8-7e5465255abd (type: security_group_rules) to 0
2026-09-01 05:10:44.819 9 INFO neutron.db.ovn_revision_numbers_db [None req-e6f37142-7913-4109-b76e-01851ddcd65b 20f45880a3d641df9aaeabe63f6015fe fdde9091cbea44ae8558bb37fa265712 - - default default] Successfully bumped revision number for resource 64bfbb44-38ac-4dca-8ec8-a7804f957acf (type: security_group_rules) to 0
2026-09-01 05:10:44.838 9 INFO neutron.db.ovn_revision_numbers_db [None req-e6f37142-7913-4109-b76e-01851ddcd65b 20f45880a3d641df9aaeabe63f6015fe fdde9091cbea44ae8558bb37fa265712 - - default default] Successfully bumped revision number for resource 936f311a-13f9-4515-a925-d199d4c87b03 (type: security_group_rules) to 0
2026-09-01 05:10:44.856 9 INFO neutron.db.ovn_revision_numbers_db [None req-e6f37142-7913-4109-b76e-01851ddcd65b 20f45880a3d641df9aaeabe63f6015fe fdde9091cbea44ae8558bb37fa265712 - - default default] Successfully bumped revision number for resource ce70dd6d-fe2c-43c4-8a69-c4e5496b7d1f (type: security_group_rules) to 0
2026-09-01 05:10:44.893 9 INFO neutron.wsgi [None req-e6f37142-7913-4109-b76e-01851ddcd65b 20f45880a3d641df9aaeabe63f6015fe fdde9091cbea44ae8558bb37fa265712 - - default default] 10.0.0.181 "GET /v2.0/security-groups?tenant_id=12fffa6f5cf241379561a50d7852c1c6&name=default HTTP/1.1" status: 200 len: 2996 time: 0.4406545
2026-09-01 05:10:45.109 9 INFO neutron.wsgi [None req-bc754ec1-f46c-4167-a4eb-92af6b0f67d3 20f45880a3d641df9aaeabe63f6015fe fdde9091cbea44ae8558bb37fa265712 - - default default] 10.0.0.181 "DELETE /v2.0/security-groups/11857cb8-3387-4e5b-b05b-6b86fd58ddd8 HTTP/1.1" status: 204 len: 168 time: 0.2123432
2026-09-01 05:10:45.221 10 INFO neutron.wsgi [req-571a35a7-6458-49c8-b27b-7987950b928a req-8b5d8a31-688c-42e0-86c5-f12d2c05139c 0568ba353edf431bb4df1eb291ec363a 5538a1eea2c1451388551514fdf16ac3 - - c01138d4964944efb48f4cf40c282d0c c01138d4964944efb48f4cf40c282d0c] 162.253.55.243 "GET /v2.0/ports?device_id=256525a6-961f-4ed7-a27b-dd1c55fe34ce&fields=binding%3Ahost_id&fields=binding%3Avif_type HTTP/1.1" status: 200 len: 265 time: 0.0448456
2026-09-01 05:10:45.307 10 INFO neutron.wsgi [req-571a35a7-6458-49c8-b27b-7987950b928a req-bd049332-ab24-4ae8-ba79-94e5377b40d0 0568ba353edf431bb4df1eb291ec363a 5538a1eea2c1451388551514fdf16ac3 - - c01138d4964944efb48f4cf40c282d0c c01138d4964944efb48f4cf40c282d0c] 162.253.55.243 "GET /v2.0/ports?tenant_id=785b1f463e9c4bf68163b8d65008e6b2&device_id=256525a6-961f-4ed7-a27b-dd1c55fe34ce HTTP/1.1" status: 200 len: 1413 time: 0.0457075
2026-09-01 05:10:45.406 10 INFO neutron.wsgi [req-571a35a7-6458-49c8-b27b-7987950b928a req-f351e704-36d5-4d82-9a11-814bd6cc79df 0568ba353edf431bb4df1eb291ec363a 5538a1eea2c1451388551514fdf16ac3 - - c01138d4964944efb48f4cf40c282d0c c01138d4964944efb48f4cf40c282d0c] 162.253.55.243 "GET /v2.0/networks?id=14036582-3bc8-4046-b40c-e8a180b315a4 HTTP/1.1" status: 200 len: 959 time: 0.0807283
2026-09-01 05:10:45.708 10 INFO neutron.wsgi [req-571a35a7-6458-49c8-b27b-7987950b928a req-ae03a65a-62e2-4f6c-844a-d6b9a3ed1b04 0568ba353edf431bb4df1eb291ec363a 5538a1eea2c1451388551514fdf16ac3 - - c01138d4964944efb48f4cf40c282d0c c01138d4964944efb48f4cf40c282d0c] 162.253.55.243 "GET /v2.0/floatingips?fixed_ip_address=10.100.0.14&port_id=e0f9e6ac-61f9-4de4-ac2a-08d2d5f6d3bb HTTP/1.1" status: 200 len: 1060 time: 0.2919602
2026-09-01 05:10:45.741 10 INFO neutron.wsgi [req-571a35a7-6458-49c8-b27b-7987950b928a req-9beed246-0bcb-4471-8db9-78dbc1085aa2 0568ba353edf431bb4df1eb291ec363a 5538a1eea2c1451388551514fdf16ac3 - - c01138d4964944efb48f4cf40c282d0c c01138d4964944efb48f4cf40c282d0c] 162.253.55.243 "GET /v2.0/subnets?id=e35217c4-6fc8-41db-b151-fef08e58798f HTTP/1.1" status: 200 len: 853 time: 0.0258451
2026-09-01 05:10:45.761 10 INFO neutron.wsgi [req-571a35a7-6458-49c8-b27b-7987950b928a req-029f66c4-1502-4d8b-873b-2c601ec54889 0568ba353edf431bb4df1eb291ec363a 5538a1eea2c1451388551514fdf16ac3 - - c01138d4964944efb48f4cf40c282d0c c01138d4964944efb48f4cf40c282d0c] 162.253.55.243 "GET /v2.0/ports?network_id=14036582-3bc8-4046-b40c-e8a180b315a4&device_owner=network%3Adhcp HTTP/1.1" status: 200 len: 210 time: 0.0145974
2026-09-01 05:10:45.808 10 INFO neutron.wsgi [req-571a35a7-6458-49c8-b27b-7987950b928a req-f53f1c4d-4294-4aae-8263-6a6f2ef60ee8 0568ba353edf431bb4df1eb291ec363a 5538a1eea2c1451388551514fdf16ac3 - - c01138d4964944efb48f4cf40c282d0c c01138d4964944efb48f4cf40c282d0c] 162.253.55.243 "GET /v2.0/networks/14036582-3bc8-4046-b40c-e8a180b315a4?fields=segments HTTP/1.1" status: 200 len: 212 time: 0.0410280
2026-09-01 05:10:45.858 10 INFO neutron.wsgi [req-571a35a7-6458-49c8-b27b-7987950b928a req-f8793840-5e11-486f-a0c4-6bd8528af8d1 0568ba353edf431bb4df1eb291ec363a 5538a1eea2c1451388551514fdf16ac3 - - c01138d4964944efb48f4cf40c282d0c c01138d4964944efb48f4cf40c282d0c] 162.253.55.243 "GET /v2.0/networks/14036582-3bc8-4046-b40c-e8a180b315a4?fields=provider%3Aphysical_network&fields=provider%3Anetwork_type HTTP/1.1" status: 200 len: 277 time: 0.0443895
2026-09-01 05:10:47.208 9 INFO neutron.db.ovn_revision_numbers_db [None req-6beb2337-9f2a-4359-aba6-30af145e3871 20f45880a3d641df9aaeabe63f6015fe fdde9091cbea44ae8558bb37fa265712 - - default default] Successfully bumped revision number for resource 0cf2e014-4504-42e0-b108-b3858f149151 (type: security_groups) to 1
2026-09-01 05:10:47.220 9 INFO neutron.db.ovn_revision_numbers_db [None req-6beb2337-9f2a-4359-aba6-30af145e3871 20f45880a3d641df9aaeabe63f6015fe fdde9091cbea44ae8558bb37fa265712 - - default default] Successfully bumped revision number for resource 03da6733-2a57-4223-b130-e257a4b0a199 (type: security_group_rules) to 0
2026-09-01 05:10:47.234 9 INFO neutron.db.ovn_revision_numbers_db [None req-6beb2337-9f2a-4359-aba6-30af145e3871 20f45880a3d641df9aaeabe63f6015fe fdde9091cbea44ae8558bb37fa265712 - - default default] Successfully bumped revision number for resource 447cc96d-5dd5-413e-ac48-08f33ded5a6f (type: security_group_rules) to 0
2026-09-01 05:10:47.251 9 INFO neutron.db.ovn_revision_numbers_db [None req-6beb2337-9f2a-4359-aba6-30af145e3871 20f45880a3d641df9aaeabe63f6015fe fdde9091cbea44ae8558bb37fa265712 - - default default] Successfully bumped revision number for resource ecb65cb1-b047-4348-9f47-8d3e0655a516 (type: security_group_rules) to 0
2026-09-01 05:10:47.266 9 INFO neutron.db.ovn_revision_numbers_db [None req-6beb2337-9f2a-4359-aba6-30af145e3871 20f45880a3d641df9aaeabe63f6015fe fdde9091cbea44ae8558bb37fa265712 - - default default] Successfully bumped revision number for resource f0584882-a274-4114-9ad2-aea9acb6e47b (type: security_group_rules) to 0
2026-09-01 05:10:47.287 9 INFO neutron.wsgi [None req-6beb2337-9f2a-4359-aba6-30af145e3871 20f45880a3d641df9aaeabe63f6015fe fdde9091cbea44ae8558bb37fa265712 - - default default] 10.0.0.181 "GET /v2.0/security-groups?tenant_id=7a2a1bd099174a58adec1e06456d9d88&name=default HTTP/1.1" status: 200 len: 2996 time: 0.4342868
2026-09-01 05:10:47.533 9 INFO neutron.wsgi [None req-27dfd326-065e-4e31-80c2-4a09d69cb52b 20f45880a3d641df9aaeabe63f6015fe fdde9091cbea44ae8558bb37fa265712 - - default default] 10.0.0.181 "DELETE /v2.0/security-groups/0cf2e014-4504-42e0-b108-b3858f149151 HTTP/1.1" status: 204 len: 168 time: 0.2414856
2026-09-01 05:10:48.041 10 INFO neutron.db.ovn_revision_numbers_db [None req-88de9092-9592-4ef3-a6cb-bc0fa544abb0 20f45880a3d641df9aaeabe63f6015fe fdde9091cbea44ae8558bb37fa265712 - - default default] Successfully bumped revision number for resource 7ea9c112-509f-42b6-9a6b-64aea07db049 (type: security_groups) to 1
2026-09-01 05:10:48.055 10 INFO neutron.db.ovn_revision_numbers_db [None req-88de9092-9592-4ef3-a6cb-bc0fa544abb0 20f45880a3d641df9aaeabe63f6015fe fdde9091cbea44ae8558bb37fa265712 - - default default] Successfully bumped revision number for resource 82d57309-abaf-46ca-88c2-46d7936304ea (type: security_group_rules) to 0
2026-09-01 05:10:48.069 10 INFO neutron.db.ovn_revision_numbers_db [None req-88de9092-9592-4ef3-a6cb-bc0fa544abb0 20f45880a3d641df9aaeabe63f6015fe fdde9091cbea44ae8558bb37fa265712 - - default default] Successfully bumped revision number for resource 9d553d8e-d506-4db2-b1a2-1034db85abcc (type: security_group_rules) to 0
2026-09-01 05:10:48.082 10 INFO neutron.db.ovn_revision_numbers_db [None req-88de9092-9592-4ef3-a6cb-bc0fa544abb0 20f45880a3d641df9aaeabe63f6015fe fdde9091cbea44ae8558bb37fa265712 - - default default] Successfully bumped revision number for resource af1099e4-4768-45a3-8848-e59bdb87a0dc (type: security_group_rules) to 0
2026-09-01 05:10:48.098 10 INFO neutron.db.ovn_revision_numbers_db [None req-88de9092-9592-4ef3-a6cb-bc0fa544abb0 20f45880a3d641df9aaeabe63f6015fe fdde9091cbea44ae8558bb37fa265712 - - default default] Successfully bumped revision number for resource d46f3981-fbe2-4eb0-baa7-8af0e6e087d7 (type: security_group_rules) to 0
2026-09-01 05:10:48.120 10 INFO neutron.wsgi [None req-88de9092-9592-4ef3-a6cb-bc0fa544abb0 20f45880a3d641df9aaeabe63f6015fe fdde9091cbea44ae8558bb37fa265712 - - default default] 10.0.0.181 "GET /v2.0/security-groups?tenant_id=5615759180f74944a20c37c1db103953&name=default HTTP/1.1" status: 200 len: 2996 time: 0.3115087
2026-09-01 05:10:48.367 10 INFO neutron.wsgi [None req-b54fba82-901c-4849-9828-4e193ffc3954 20f45880a3d641df9aaeabe63f6015fe fdde9091cbea44ae8558bb37fa265712 - - default default] 10.0.0.181 "DELETE /v2.0/security-groups/7ea9c112-509f-42b6-9a6b-64aea07db049 HTTP/1.1" status: 204 len: 168 time: 0.2425225
2026-09-01 05:10:48.672 10 INFO neutron.wsgi [req-90edaabb-430f-4c6d-bcd2-1d6175b9fb0a req-55f0298b-c22c-4f83-8811-6e5aacd66e8a 0568ba353edf431bb4df1eb291ec363a 5538a1eea2c1451388551514fdf16ac3 - - c01138d4964944efb48f4cf40c282d0c c01138d4964944efb48f4cf40c282d0c] 10.0.0.179 "GET /v2.0/ports?device_id=256525a6-961f-4ed7-a27b-dd1c55fe34ce HTTP/1.1" status: 200 len: 1413 time: 0.0520005
2026-09-01 05:10:48.728 10 INFO neutron.wsgi [req-90edaabb-430f-4c6d-bcd2-1d6175b9fb0a req-4812612e-9505-4d46-918a-4b39af3fc0c0 0568ba353edf431bb4df1eb291ec363a 5538a1eea2c1451388551514fdf16ac3 - - c01138d4964944efb48f4cf40c282d0c c01138d4964944efb48f4cf40c282d0c] 10.0.0.179 "GET /v2.0/security-groups?id=214c85aa-955b-4e49-908b-c5cddffeeeac&fields=id&fields=name HTTP/1.1" status: 200 len: 312 time: 0.0470889
2026-09-01 05:10:49.605 9 INFO neutron.db.ovn_revision_numbers_db [None req-2bfb89a8-2194-4e2e-97d4-f8e3b8ce583e 37f8ba98d74c4a24a6e1c2296e8728d8 f193bdc4380542688dd7dc0d5218a6eb - - default default] Successfully bumped revision number for resource 64ba3fb3-7b73-409a-8853-f455ef38d3c1 (type: security_groups) to 1
2026-09-01 05:10:49.617 9 INFO neutron.db.ovn_revision_numbers_db [None req-2bfb89a8-2194-4e2e-97d4-f8e3b8ce583e 37f8ba98d74c4a24a6e1c2296e8728d8 f193bdc4380542688dd7dc0d5218a6eb - - default default] Successfully bumped revision number for resource 06489f6b-c469-4c33-ae19-3182c1115c27 (type: security_group_rules) to 0
2026-09-01 05:10:49.631 9 INFO neutron.db.ovn_revision_numbers_db [None req-2bfb89a8-2194-4e2e-97d4-f8e3b8ce583e 37f8ba98d74c4a24a6e1c2296e8728d8 f193bdc4380542688dd7dc0d5218a6eb - - default default] Successfully bumped revision number for resource 0c1a991a-cd63-41d0-b4cd-4c6c0d6f3865 (type: security_group_rules) to 0
2026-09-01 05:10:49.645 9 INFO neutron.db.ovn_revision_numbers_db [None req-2bfb89a8-2194-4e2e-97d4-f8e3b8ce583e 37f8ba98d74c4a24a6e1c2296e8728d8 f193bdc4380542688dd7dc0d5218a6eb - - default default] Successfully bumped revision number for resource 710bb279-ca6b-4380-a969-1442701e3158 (type: security_group_rules) to 0
2026-09-01 05:10:49.656 9 INFO neutron.db.ovn_revision_numbers_db [None req-2bfb89a8-2194-4e2e-97d4-f8e3b8ce583e 37f8ba98d74c4a24a6e1c2296e8728d8 f193bdc4380542688dd7dc0d5218a6eb - - default default] Successfully bumped revision number for resource a78b3b21-1bac-4ae9-b496-413d0fc211ff (type: security_group_rules) to 0
2026-09-01 05:10:49.719 9 INFO neutron.db.segments_db [None req-2bfb89a8-2194-4e2e-97d4-f8e3b8ce583e 37f8ba98d74c4a24a6e1c2296e8728d8 f193bdc4380542688dd7dc0d5218a6eb - - default default] Added segment cb837437-5e00-4e2b-9da8-a7d10b7a0b1b of type geneve for network e1c61083-ee3b-452b-ad41-c769bcaee9be
2026-09-01 05:10:49.836 9 INFO neutron.db.ovn_revision_numbers_db [None req-2bfb89a8-2194-4e2e-97d4-f8e3b8ce583e 37f8ba98d74c4a24a6e1c2296e8728d8 f193bdc4380542688dd7dc0d5218a6eb - - default default] Successfully bumped revision number for resource e1c61083-ee3b-452b-ad41-c769bcaee9be (type: networks) to 1
2026-09-01 05:10:49.979 9 WARNING neutron.scheduler.dhcp_agent_scheduler [None req-2bfb89a8-2194-4e2e-97d4-f8e3b8ce583e 37f8ba98d74c4a24a6e1c2296e8728d8 f193bdc4380542688dd7dc0d5218a6eb - - default default] No more DHCP agents
2026-09-01 05:10:49.981 9 WARNING neutron.api.rpc.agentnotifiers.dhcp_rpc_agent_api [None req-2bfb89a8-2194-4e2e-97d4-f8e3b8ce583e 37f8ba98d74c4a24a6e1c2296e8728d8 f193bdc4380542688dd7dc0d5218a6eb - - default default] Unable to schedule network e1c61083-ee3b-452b-ad41-c769bcaee9be: no agents available; will retry on subsequent port and subnet creation events.
2026-09-01 05:10:50.050 9 INFO neutron.db.ovn_revision_numbers_db [None req-2bfb89a8-2194-4e2e-97d4-f8e3b8ce583e 37f8ba98d74c4a24a6e1c2296e8728d8 f193bdc4380542688dd7dc0d5218a6eb - - default default] Successfully bumped revision number for resource 4e3c3ec5-d262-4256-ac74-fa4dc7816548 (type: ports) to 1
2026-09-01 05:10:50.065 9 INFO neutron.wsgi [None req-2bfb89a8-2194-4e2e-97d4-f8e3b8ce583e 37f8ba98d74c4a24a6e1c2296e8728d8 f193bdc4380542688dd7dc0d5218a6eb - - default default] 10.0.0.181 "POST /v2.0/networks HTTP/1.1" status: 201 len: 929 time: 0.7834103
2026-09-01 05:10:50.205 10 WARNING neutron.scheduler.dhcp_agent_scheduler [None req-231e446b-924a-4450-9f84-fc0666ea454a 37f8ba98d74c4a24a6e1c2296e8728d8 f193bdc4380542688dd7dc0d5218a6eb - - default default] No more DHCP agents
2026-09-01 05:10:50.206 10 WARNING neutron.api.rpc.agentnotifiers.dhcp_rpc_agent_api [None req-231e446b-924a-4450-9f84-fc0666ea454a 37f8ba98d74c4a24a6e1c2296e8728d8 f193bdc4380542688dd7dc0d5218a6eb - - default default] Unable to schedule network e1c61083-ee3b-452b-ad41-c769bcaee9be: no agents available; will retry on subsequent port and subnet creation events.
2026-09-01 05:10:50.667 10 INFO neutron.db.ovn_revision_numbers_db [None req-231e446b-924a-4450-9f84-fc0666ea454a 37f8ba98d74c4a24a6e1c2296e8728d8 f193bdc4380542688dd7dc0d5218a6eb - - default default] Successfully bumped revision number for resource 4e3c3ec5-d262-4256-ac74-fa4dc7816548 (type: ports) to 2
2026-09-01 05:10:50.685 9 INFO neutron.db.ovn_revision_numbers_db [None req-c28036db-c931-471b-a6b4-9267c9c6db07 20f45880a3d641df9aaeabe63f6015fe fdde9091cbea44ae8558bb37fa265712 - - default default] Successfully bumped revision number for resource 9f41f3a6-2b1c-483d-b8fd-2155dde55762 (type: security_groups) to 1
2026-09-01 05:10:50.694 10 INFO neutron.db.ovn_revision_numbers_db [None req-231e446b-924a-4450-9f84-fc0666ea454a 37f8ba98d74c4a24a6e1c2296e8728d8 f193bdc4380542688dd7dc0d5218a6eb - - default default] Successfully bumped revision number for resource 3b844b19-d899-4e60-b854-668423fabc6e (type: subnets) to 0
2026-09-01 05:10:50.700 9 INFO neutron.db.ovn_revision_numbers_db [None req-c28036db-c931-471b-a6b4-9267c9c6db07 20f45880a3d641df9aaeabe63f6015fe fdde9091cbea44ae8558bb37fa265712 - - default default] Successfully bumped revision number for resource 24eaa88a-0436-4389-82f2-c2252515e278 (type: security_group_rules) to 0
2026-09-01 05:10:50.707 10 INFO neutron.wsgi [None req-231e446b-924a-4450-9f84-fc0666ea454a 37f8ba98d74c4a24a6e1c2296e8728d8 f193bdc4380542688dd7dc0d5218a6eb - - default default] 10.0.0.181 "POST /v2.0/subnets HTTP/1.1" status: 201 len: 819 time: 0.6378164
2026-09-01 05:10:50.714 9 INFO neutron.db.ovn_revision_numbers_db [None req-c28036db-c931-471b-a6b4-9267c9c6db07 20f45880a3d641df9aaeabe63f6015fe fdde9091cbea44ae8558bb37fa265712 - - default default] Successfully bumped revision number for resource 36f6b8de-46bb-4037-9e31-96ce36b24555 (type: security_group_rules) to 0
2026-09-01 05:10:50.715 10 WARNING neutron.api.v2.base [None req-779e417c-b9fa-43e2-a12e-b605aebb50a6 37f8ba98d74c4a24a6e1c2296e8728d8 f193bdc4380542688dd7dc0d5218a6eb - - default default] An exception happened while processing the request body. The exception message is [Invalid input for target_tenant. Reason: 'None' is not a valid string.].: webob.exc.HTTPBadRequest: Invalid input for target_tenant. Reason: 'None' is not a valid string.
2026-09-01 05:10:50.716 10 INFO neutron.api.v2.resource [None req-779e417c-b9fa-43e2-a12e-b605aebb50a6 37f8ba98d74c4a24a6e1c2296e8728d8 f193bdc4380542688dd7dc0d5218a6eb - - default default] create failed (client error): Invalid input for target_tenant. Reason: 'None' is not a valid string.
2026-09-01 05:10:50.716 10 INFO neutron.wsgi [None req-779e417c-b9fa-43e2-a12e-b605aebb50a6 37f8ba98d74c4a24a6e1c2296e8728d8 f193bdc4380542688dd7dc0d5218a6eb - - default default] 10.0.0.181 "POST /v2.0/rbac-policies HTTP/1.1" status: 400 len: 346 time: 0.0041292
2026-09-01 05:10:50.730 9 INFO neutron.db.ovn_revision_numbers_db [None req-c28036db-c931-471b-a6b4-9267c9c6db07 20f45880a3d641df9aaeabe63f6015fe fdde9091cbea44ae8558bb37fa265712 - - default default] Successfully bumped revision number for resource 49543fd8-889c-4cfe-b8ac-5d447cb3cd07 (type: security_group_rules) to 0
2026-09-01 05:10:50.742 9 INFO neutron.db.ovn_revision_numbers_db [None req-c28036db-c931-471b-a6b4-9267c9c6db07 20f45880a3d641df9aaeabe63f6015fe fdde9091cbea44ae8558bb37fa265712 - - default default] Successfully bumped revision number for resource a086fb31-adf0-434f-8951-40ebc5950ce6 (type: security_group_rules) to 0
2026-09-01 05:10:50.804 9 INFO neutron.db.segments_db [None req-c28036db-c931-471b-a6b4-9267c9c6db07 20f45880a3d641df9aaeabe63f6015fe fdde9091cbea44ae8558bb37fa265712 - - default default] Added segment 5ca22956-c96a-4620-acef-8ff4f54bc919 of type geneve for network f5a8bb06-f5b1-4eb1-8ab0-cf9f6430dbbd
2026-09-01 05:10:50.943 9 INFO neutron.db.ovn_revision_numbers_db [None req-c28036db-c931-471b-a6b4-9267c9c6db07 20f45880a3d641df9aaeabe63f6015fe fdde9091cbea44ae8558bb37fa265712 - - default default] Successfully bumped revision number for resource f5a8bb06-f5b1-4eb1-8ab0-cf9f6430dbbd (type: networks) to 1
2026-09-01 05:10:51.068 9 WARNING neutron.scheduler.dhcp_agent_scheduler [None req-c28036db-c931-471b-a6b4-9267c9c6db07 20f45880a3d641df9aaeabe63f6015fe fdde9091cbea44ae8558bb37fa265712 - - default default] No more DHCP agents
2026-09-01 05:10:51.069 9 WARNING neutron.api.rpc.agentnotifiers.dhcp_rpc_agent_api [None req-c28036db-c931-471b-a6b4-9267c9c6db07 20f45880a3d641df9aaeabe63f6015fe fdde9091cbea44ae8558bb37fa265712 - - default default] Unable to schedule network f5a8bb06-f5b1-4eb1-8ab0-cf9f6430dbbd: no agents available; will retry on subsequent port and subnet creation events.
2026-09-01 05:10:51.131 9 INFO neutron.db.ovn_revision_numbers_db [None req-c28036db-c931-471b-a6b4-9267c9c6db07 20f45880a3d641df9aaeabe63f6015fe fdde9091cbea44ae8558bb37fa265712 - - default default] Successfully bumped revision number for resource c6e38980-c487-4224-8a16-7f7191a90900 (type: ports) to 1
2026-09-01 05:10:51.146 9 INFO neutron.wsgi [None req-c28036db-c931-471b-a6b4-9267c9c6db07 20f45880a3d641df9aaeabe63f6015fe fdde9091cbea44ae8558bb37fa265712 - - default default] 10.0.0.181 "POST /v2.0/networks HTTP/1.1" status: 201 len: 941 time: 0.8419256
2026-09-01 05:10:51.150 10 INFO neutron.services.segments.plugin [-] Segment cb837437-5e00-4e2b-9da8-a7d10b7a0b1b resource provider aggregate not found
2026-09-01 05:10:51.155 10 INFO neutron.services.segments.plugin [-] Segment cb837437-5e00-4e2b-9da8-a7d10b7a0b1b resource provider aggregate not found
2026-09-01 05:10:51.172 10 INFO neutron.services.segments.plugin [-] Segment cb837437-5e00-4e2b-9da8-a7d10b7a0b1b resource provider not found; error: Placement Client Error (4xx): {"errors": [{"status": 404, "title": "Not Found", "detail": "The resource could not be found.\n\n No resource provider with uuid cb837437-5e00-4e2b-9da8-a7d10b7a0b1b found for delete ", "request_id": "req-c787e086-dabe-4e76-95d3-922dafa893c0"}]}
2026-09-01 05:10:51.174 10 INFO neutron.services.segments.plugin [-] Segment cb837437-5e00-4e2b-9da8-a7d10b7a0b1b resource provider not found; error: Placement Client Error (4xx): {"errors": [{"status": 404, "title": "Not Found", "detail": "The resource could not be found.\n\n No resource provider with uuid cb837437-5e00-4e2b-9da8-a7d10b7a0b1b found for delete ", "request_id": "req-cc961266-f610-4784-97a9-2da970497bc4"}]}
2026-09-01 05:10:51.199 10 INFO neutron.wsgi [None req-e8a68180-8ad6-45cf-be4d-3ebb45157a2f 37f8ba98d74c4a24a6e1c2296e8728d8 f193bdc4380542688dd7dc0d5218a6eb - - default default] 10.0.0.181 "DELETE /v2.0/networks/e1c61083-ee3b-452b-ad41-c769bcaee9be HTTP/1.1" status: 204 len: 168 time: 0.4780061
2026-09-01 05:10:51.291 9 WARNING neutron.scheduler.dhcp_agent_scheduler [None req-d5616ece-78a5-4482-9c98-ece0a396246e 20f45880a3d641df9aaeabe63f6015fe fdde9091cbea44ae8558bb37fa265712 - - default default] No more DHCP agents
2026-09-01 05:10:51.294 9 WARNING neutron.api.rpc.agentnotifiers.dhcp_rpc_agent_api [None req-d5616ece-78a5-4482-9c98-ece0a396246e 20f45880a3d641df9aaeabe63f6015fe fdde9091cbea44ae8558bb37fa265712 - - default default] Unable to schedule network f5a8bb06-f5b1-4eb1-8ab0-cf9f6430dbbd: no agents available; will retry on subsequent port and subnet creation events.
2026-09-01 05:10:51.324 9 INFO neutron.db.segments_db [None req-405c79f3-b6e2-447f-a3da-09c464c220da 37f8ba98d74c4a24a6e1c2296e8728d8 f193bdc4380542688dd7dc0d5218a6eb - - default default] Added segment feb8aea8-539d-4942-97c4-a7efefa0d193 of type geneve for network 582a4c80-8f4c-4e69-a044-8b8da368f59b
2026-09-01 05:10:51.475 9 INFO neutron.db.ovn_revision_numbers_db [None req-405c79f3-b6e2-447f-a3da-09c464c220da 37f8ba98d74c4a24a6e1c2296e8728d8 f193bdc4380542688dd7dc0d5218a6eb - - default default] Successfully bumped revision number for resource 582a4c80-8f4c-4e69-a044-8b8da368f59b (type: networks) to 1
2026-09-01 05:10:51.705 9 WARNING neutron.scheduler.dhcp_agent_scheduler [None req-405c79f3-b6e2-447f-a3da-09c464c220da 37f8ba98d74c4a24a6e1c2296e8728d8 f193bdc4380542688dd7dc0d5218a6eb - - default default] No more DHCP agents
2026-09-01 05:10:51.707 9 WARNING neutron.api.rpc.agentnotifiers.dhcp_rpc_agent_api [None req-405c79f3-b6e2-447f-a3da-09c464c220da 37f8ba98d74c4a24a6e1c2296e8728d8 f193bdc4380542688dd7dc0d5218a6eb - - default default] Unable to schedule network 582a4c80-8f4c-4e69-a044-8b8da368f59b: no agents available; will retry on subsequent port and subnet creation events.
2026-09-01 05:10:51.831 9 INFO neutron.db.ovn_revision_numbers_db [None req-405c79f3-b6e2-447f-a3da-09c464c220da 37f8ba98d74c4a24a6e1c2296e8728d8 f193bdc4380542688dd7dc0d5218a6eb - - default default] Successfully bumped revision number for resource af17790b-4e8d-4526-8397-4efa704c5783 (type: ports) to 1
2026-09-01 05:10:51.856 9 INFO neutron.wsgi [None req-405c79f3-b6e2-447f-a3da-09c464c220da 37f8ba98d74c4a24a6e1c2296e8728d8 f193bdc4380542688dd7dc0d5218a6eb - - default default] 10.0.0.181 "POST /v2.0/networks HTTP/1.1" status: 201 len: 929 time: 0.6503963
2026-09-01 05:10:51.860 10 INFO neutron.wsgi [None req-6d9493ff-6c39-4b2c-9e5e-93a38022c0f6 ceb2d5df492244bdab81093e552d32c0 e1ecd41d0bea4536ae50d509b673339a - - default default] 10.0.0.181 "GET /v2.0/ports?project_id=785b1f463e9c4bf68163b8d65008e6b2&network_id=14036582-3bc8-4046-b40c-e8a180b315a4 HTTP/1.1" status: 200 len: 3514 time: 0.0755749
2026-09-01 05:10:51.931 9 INFO neutron.db.ovn_revision_numbers_db [None req-d5616ece-78a5-4482-9c98-ece0a396246e 20f45880a3d641df9aaeabe63f6015fe fdde9091cbea44ae8558bb37fa265712 - - default default] Successfully bumped revision number for resource c6e38980-c487-4224-8a16-7f7191a90900 (type: ports) to 2
2026-09-01 05:10:51.958 9 INFO neutron.db.ovn_revision_numbers_db [None req-d5616ece-78a5-4482-9c98-ece0a396246e 20f45880a3d641df9aaeabe63f6015fe fdde9091cbea44ae8558bb37fa265712 - - default default] Successfully bumped revision number for resource 333b4769-2cbe-401f-88c6-17fa01dcd708 (type: subnets) to 0
2026-09-01 05:10:51.980 9 INFO neutron.wsgi [None req-d5616ece-78a5-4482-9c98-ece0a396246e 20f45880a3d641df9aaeabe63f6015fe fdde9091cbea44ae8558bb37fa265712 - - default default] 10.0.0.181 "POST /v2.0/subnets HTTP/1.1" status: 201 len: 862 time: 0.8293633
2026-09-01 05:10:52.009 10 WARNING neutron.scheduler.dhcp_agent_scheduler [None req-ade9760c-5e23-4cca-a709-10f617dc2708 37f8ba98d74c4a24a6e1c2296e8728d8 f193bdc4380542688dd7dc0d5218a6eb - - default default] No more DHCP agents
2026-09-01 05:10:52.012 10 WARNING neutron.api.rpc.agentnotifiers.dhcp_rpc_agent_api [None req-ade9760c-5e23-4cca-a709-10f617dc2708 37f8ba98d74c4a24a6e1c2296e8728d8 f193bdc4380542688dd7dc0d5218a6eb - - default default] Unable to schedule network 582a4c80-8f4c-4e69-a044-8b8da368f59b: no agents available; will retry on subsequent port and subnet creation events.
2026-09-01 05:10:52.205 10 INFO neutron.wsgi [None req-003ae692-949f-4c6d-821e-a0f401f82a3d ceb2d5df492244bdab81093e552d32c0 e1ecd41d0bea4536ae50d509b673339a - - default default] 10.0.0.181 "GET /v2.0/subnets?network_id=ba4a3643-dee1-4302-95ad-cabbc9fe1134 HTTP/1.1" status: 200 len: 838 time: 0.0310245
2026-09-01 05:10:52.468 9 WARNING neutron.scheduler.dhcp_agent_scheduler [None req-c97d9cf9-a80c-4d0b-96f4-49f67bb0390e 20f45880a3d641df9aaeabe63f6015fe fdde9091cbea44ae8558bb37fa265712 - - default default] No more DHCP agents
2026-09-01 05:10:52.471 9 WARNING neutron.api.rpc.agentnotifiers.dhcp_rpc_agent_api [None req-c97d9cf9-a80c-4d0b-96f4-49f67bb0390e 20f45880a3d641df9aaeabe63f6015fe fdde9091cbea44ae8558bb37fa265712 - - default default] Unable to schedule network ba4a3643-dee1-4302-95ad-cabbc9fe1134: no agents available; will retry on subsequent port and subnet creation events.
2026-09-01 05:10:52.510 10 INFO neutron.db.l3_db [None req-94ecf484-a83c-4743-95b5-7168cd11238c ccd8b092ab33418587ea1819e90fb733 785b1f463e9c4bf68163b8d65008e6b2 - - default default] Floating IP 2ab01313-823c-4733-9a87-6f8825e550c4 disassociated. External IP: 10.96.250.209, port: e0f9e6ac-61f9-4de4-ac2a-08d2d5f6d3bb.
2026-09-01 05:10:52.553 10 INFO neutron.db.ovn_revision_numbers_db [None req-ade9760c-5e23-4cca-a709-10f617dc2708 37f8ba98d74c4a24a6e1c2296e8728d8 f193bdc4380542688dd7dc0d5218a6eb - - default default] Successfully bumped revision number for resource af17790b-4e8d-4526-8397-4efa704c5783 (type: ports) to 2
2026-09-01 05:10:52.562 10 INFO neutron.db.ovn_revision_numbers_db [None req-94ecf484-a83c-4743-95b5-7168cd11238c ccd8b092ab33418587ea1819e90fb733 785b1f463e9c4bf68163b8d65008e6b2 - - default default] Successfully bumped revision number for resource 2ab01313-823c-4733-9a87-6f8825e550c4 (type: floatingips) to 2
2026-09-01 05:10:52.613 10 INFO neutron.db.ovn_revision_numbers_db [None req-ade9760c-5e23-4cca-a709-10f617dc2708 37f8ba98d74c4a24a6e1c2296e8728d8 f193bdc4380542688dd7dc0d5218a6eb - - default default] Successfully bumped revision number for resource b4d4297d-9673-46ba-8a57-531431a15fce (type: subnets) to 0
2026-09-01 05:10:52.643 10 INFO neutron.wsgi [None req-94ecf484-a83c-4743-95b5-7168cd11238c ccd8b092ab33418587ea1819e90fb733 785b1f463e9c4bf68163b8d65008e6b2 - - default default] 10.0.0.181 "PUT /v2.0/floatingips/2ab01313-823c-4733-9a87-6f8825e550c4 HTTP/1.1" status: 200 len: 748 time: 0.2977540
2026-09-01 05:10:52.652 10 INFO neutron.wsgi [None req-ade9760c-5e23-4cca-a709-10f617dc2708 37f8ba98d74c4a24a6e1c2296e8728d8 f193bdc4380542688dd7dc0d5218a6eb - - default default] 10.0.0.181 "POST /v2.0/subnets HTTP/1.1" status: 201 len: 822 time: 0.7897942 /var/lib/openstack/lib/python3.10/site-packages/pycadf/identifier.py:71: UserWarning: Invalid uuid: neutron. To ensure interoperability, identifiers should be a valid uuid. warnings.warn(('Invalid uuid: %s. To ensure interoperability, '
2026-09-01 05:10:52.662 10 WARNING neutron.api.v2.base [None req-799e9fdd-b140-4d1e-b811-11f50d39ed55 37f8ba98d74c4a24a6e1c2296e8728d8 f193bdc4380542688dd7dc0d5218a6eb - - default default] An exception happened while processing the request body. The exception message is [Invalid input for target_tenant. Reason: '1234123412341234123412341234123412341234123412341234123412341234123412341234123412341234123412341234123412341234123412341234123412341234123412341234123412341234123412341234123412341234123412341234123412341234123412341234123412341234123412341234123412341234123412341234123412341234123412341234123412341234123412341234123412341234123412341234123412341234123412341234123412341234123412341234123412341234' exceeds maximum length of 255.].: webob.exc.HTTPBadRequest: Invalid input for target_tenant. Reason: '1234123412341234123412341234123412341234123412341234123412341234123412341234123412341234123412341234123412341234123412341234123412341234123412341234123412341234123412341234123412341234123412341234123412341234123412341234123412341234123412341234123412341234123412341234123412341234123412341234123412341234123412341234123412341234123412341234123412341234123412341234123412341234123412341234123412341234' exceeds maximum length of 255.
2026-09-01 05:10:52.663 10 INFO neutron.api.v2.resource [None req-799e9fdd-b140-4d1e-b811-11f50d39ed55 37f8ba98d74c4a24a6e1c2296e8728d8 f193bdc4380542688dd7dc0d5218a6eb - - default default] create failed (client error): Invalid input for target_tenant. Reason: '1234123412341234123412341234123412341234123412341234123412341234123412341234123412341234123412341234123412341234123412341234123412341234123412341234123412341234123412341234123412341234123412341234123412341234123412341234123412341234123412341234123412341234123412341234123412341234123412341234123412341234123412341234123412341234123412341234123412341234123412341234123412341234123412341234123412341234' exceeds maximum length of 255.
2026-09-01 05:10:52.664 10 INFO neutron.wsgi [None req-799e9fdd-b140-4d1e-b811-11f50d39ed55 37f8ba98d74c4a24a6e1c2296e8728d8 f193bdc4380542688dd7dc0d5218a6eb - - default default] 10.0.0.181 "POST /v2.0/rbac-policies HTTP/1.1" status: 400 len: 750 time: 0.0058887
2026-09-01 05:10:52.694 9 INFO neutron.wsgi [None req-b5512b86-3846-4fd2-a129-6ef8bced47ff ccd8b092ab33418587ea1819e90fb733 785b1f463e9c4bf68163b8d65008e6b2 - - default default] 10.0.0.181 "GET /v2.0/floatingips/2ab01313-823c-4733-9a87-6f8825e550c4 HTTP/1.1" status: 200 len: 746 time: 0.0401676
2026-09-01 05:10:52.698 10 INFO neutron.notifiers.nova [-] Nova event matching ['req-a70c05ce-d065-43df-83b1-d2308ba9f176'] response: {'name': 'network-changed', 'server_uuid': '256525a6-961f-4ed7-a27b-dd1c55fe34ce', 'tag': 'e0f9e6ac-61f9-4de4-ac2a-08d2d5f6d3bb', 'status': 'completed', 'code': 200}
2026-09-01 05:10:52.698 9 INFO neutron.db.ovn_revision_numbers_db [None req-c97d9cf9-a80c-4d0b-96f4-49f67bb0390e 20f45880a3d641df9aaeabe63f6015fe fdde9091cbea44ae8558bb37fa265712 - - default default] Successfully bumped revision number for resource 6b9534ca-a903-4f30-9940-7a1841ee5cc8 (type: ports) to 1
2026-09-01 05:10:52.713 10 WARNING neutron.scheduler.dhcp_agent_scheduler [None req-6e6d9896-7eef-4b5f-96be-5707432c7e26 67cedb06772448b08d34c43ea15672ba e59b15a3117e440c8828376c7274ea51 - - default default] No more DHCP agents
2026-09-01 05:10:52.716 10 WARNING neutron.api.rpc.agentnotifiers.dhcp_rpc_agent_api [None req-6e6d9896-7eef-4b5f-96be-5707432c7e26 67cedb06772448b08d34c43ea15672ba e59b15a3117e440c8828376c7274ea51 - - default default] Unable to schedule network ba4a3643-dee1-4302-95ad-cabbc9fe1134: no agents available; will retry on subsequent port and subnet creation events.
2026-09-01 05:10:52.763 10 INFO neutron.wsgi [req-81a73ed8-fcc9-469c-ad30-158aa1eeeca6 req-50e0e63c-e1b0-435c-b5ba-37ac07bdcd6e 0568ba353edf431bb4df1eb291ec363a 5538a1eea2c1451388551514fdf16ac3 - - c01138d4964944efb48f4cf40c282d0c c01138d4964944efb48f4cf40c282d0c] 162.253.55.243 "GET /v2.0/ports?tenant_id=785b1f463e9c4bf68163b8d65008e6b2&device_id=256525a6-961f-4ed7-a27b-dd1c55fe34ce HTTP/1.1" status: 200 len: 1413 time: 0.0331213
2026-09-01 05:10:52.839 10 INFO neutron.wsgi [req-81a73ed8-fcc9-469c-ad30-158aa1eeeca6 req-0d629a7e-3a09-4636-aed0-ed97c68540b4 0568ba353edf431bb4df1eb291ec363a 5538a1eea2c1451388551514fdf16ac3 - - c01138d4964944efb48f4cf40c282d0c c01138d4964944efb48f4cf40c282d0c] 162.253.55.243 "GET /v2.0/networks?id=14036582-3bc8-4046-b40c-e8a180b315a4 HTTP/1.1" status: 200 len: 959 time: 0.0702441
2026-09-01 05:10:52.872 10 INFO neutron.wsgi [req-81a73ed8-fcc9-469c-ad30-158aa1eeeca6 req-6ca6c40c-1afe-4469-bd48-b28894128aed 0568ba353edf431bb4df1eb291ec363a 5538a1eea2c1451388551514fdf16ac3 - - c01138d4964944efb48f4cf40c282d0c c01138d4964944efb48f4cf40c282d0c] 162.253.55.243 "GET /v2.0/floatingips?fixed_ip_address=10.100.0.14&port_id=e0f9e6ac-61f9-4de4-ac2a-08d2d5f6d3bb HTTP/1.1" status: 200 len: 217 time: 0.0254238
2026-09-01 05:10:52.927 10 INFO neutron.wsgi [req-81a73ed8-fcc9-469c-ad30-158aa1eeeca6 req-f7e87ba3-fa51-4a0b-8ca2-f806ee3d63b5 0568ba353edf431bb4df1eb291ec363a 5538a1eea2c1451388551514fdf16ac3 - - c01138d4964944efb48f4cf40c282d0c c01138d4964944efb48f4cf40c282d0c] 162.253.55.243 "GET /v2.0/subnets?id=e35217c4-6fc8-41db-b151-fef08e58798f HTTP/1.1" status: 200 len: 853 time: 0.0466897
2026-09-01 05:10:52.963 10 INFO neutron.wsgi [req-81a73ed8-fcc9-469c-ad30-158aa1eeeca6 req-8265e013-8b05-49c8-a432-58493673a632 0568ba353edf431bb4df1eb291ec363a 5538a1eea2c1451388551514fdf16ac3 - - c01138d4964944efb48f4cf40c282d0c c01138d4964944efb48f4cf40c282d0c] 162.253.55.243 "GET /v2.0/ports?network_id=14036582-3bc8-4046-b40c-e8a180b315a4&device_owner=network%3Adhcp HTTP/1.1" status: 200 len: 210 time: 0.0245874
2026-09-01 05:10:53.076 10 INFO neutron.wsgi [req-81a73ed8-fcc9-469c-ad30-158aa1eeeca6 req-6ee2ad55-3d3c-42a4-8e62-db9d208977e9 0568ba353edf431bb4df1eb291ec363a 5538a1eea2c1451388551514fdf16ac3 - - c01138d4964944efb48f4cf40c282d0c c01138d4964944efb48f4cf40c282d0c] 162.253.55.243 "GET /v2.0/networks/14036582-3bc8-4046-b40c-e8a180b315a4?fields=segments HTTP/1.1" status: 200 len: 212 time: 0.1063972
2026-09-01 05:10:53.172 10 INFO neutron.wsgi [req-81a73ed8-fcc9-469c-ad30-158aa1eeeca6 req-80e81bf1-9f6a-48d7-a686-641be935953f 0568ba353edf431bb4df1eb291ec363a 5538a1eea2c1451388551514fdf16ac3 - - c01138d4964944efb48f4cf40c282d0c c01138d4964944efb48f4cf40c282d0c] 162.253.55.243 "GET /v2.0/networks/14036582-3bc8-4046-b40c-e8a180b315a4?fields=provider%3Aphysical_network&fields=provider%3Anetwork_type HTTP/1.1" status: 200 len: 277 time: 0.0842795
2026-09-01 05:10:53.180 10 INFO neutron.db.ovn_revision_numbers_db [None req-6e6d9896-7eef-4b5f-96be-5707432c7e26 67cedb06772448b08d34c43ea15672ba e59b15a3117e440c8828376c7274ea51 - - default default] Successfully bumped revision number for resource 9f9146d7-76b6-442c-97f9-fd04b0c2dc74 (type: floatingips) to 0
2026-09-01 05:10:53.197 10 INFO neutron.wsgi [None req-6e6d9896-7eef-4b5f-96be-5707432c7e26 67cedb06772448b08d34c43ea15672ba e59b15a3117e440c8828376c7274ea51 - - default default] 10.0.0.181 "POST /v2.0/floatingips HTTP/1.1" status: 201 len: 751 time: 1.0749724
2026-09-01 05:10:53.376 10 INFO neutron.services.segments.plugin [-] Segment feb8aea8-539d-4942-97c4-a7efefa0d193 resource provider aggregate not found
2026-09-01 05:10:53.378 9 INFO neutron.plugins.ml2.drivers.ovn.mech_driver.mech_driver [None req-6452699a-3ba3-46ae-a8c0-ee12f844254f - - - - - -] OVN reports status up for port: 6b9534ca-a903-4f30-9940-7a1841ee5cc8
2026-09-01 05:10:53.382 10 INFO neutron.services.segments.plugin [-] Segment feb8aea8-539d-4942-97c4-a7efefa0d193 resource provider aggregate not found
2026-09-01 05:10:53.394 9 INFO neutron.plugins.ml2.plugin [None req-6452699a-3ba3-46ae-a8c0-ee12f844254f - - - - - -] Attempt 1 to provision port 6b9534ca-a903-4f30-9940-7a1841ee5cc8
2026-09-01 05:10:53.395 10 INFO neutron.services.segments.plugin [-] Segment feb8aea8-539d-4942-97c4-a7efefa0d193 resource provider not found; error: Placement Client Error (4xx): {"errors": [{"status": 404, "title": "Not Found", "detail": "The resource could not be found.\n\n No resource provider with uuid feb8aea8-539d-4942-97c4-a7efefa0d193 found for delete ", "request_id": "req-a1cc03ee-ed61-46f6-946c-eb4a82b3b5d9"}]}
2026-09-01 05:10:53.399 9 INFO neutron.plugins.ml2.drivers.ovn.mech_driver.ovsdb.ovsdb_monitor [None req-2a519af8-777c-4a36-bdac-45c08c847afc - - - - - -] Router 57da8a0b-6339-40f6-864a-5cbf2d86164b is bound to host instance
2026-09-01 05:10:53.403 10 INFO neutron.services.segments.plugin [-] Segment feb8aea8-539d-4942-97c4-a7efefa0d193 resource provider not found; error: Placement Client Error (4xx): {"errors": [{"status": 404, "title": "Not Found", "detail": "The resource could not be found.\n\n No resource provider with uuid feb8aea8-539d-4942-97c4-a7efefa0d193 found for delete ", "request_id": "req-e5c88fa3-dc86-4a19-b5fe-8532bcddea5d"}]}
2026-09-01 05:10:53.422 9 INFO neutron.db.ovn_revision_numbers_db [None req-c97d9cf9-a80c-4d0b-96f4-49f67bb0390e 20f45880a3d641df9aaeabe63f6015fe fdde9091cbea44ae8558bb37fa265712 - - default default] Successfully bumped revision number for resource 6b9534ca-a903-4f30-9940-7a1841ee5cc8 (type: router_ports) to 1
2026-09-01 05:10:53.434 10 INFO neutron.wsgi [None req-217ebe23-1f43-4172-8c36-b6d07172260c 37f8ba98d74c4a24a6e1c2296e8728d8 f193bdc4380542688dd7dc0d5218a6eb - - default default] 10.0.0.181 "DELETE /v2.0/networks/582a4c80-8f4c-4e69-a044-8b8da368f59b HTTP/1.1" status: 204 len: 168 time: 0.7637141
2026-09-01 05:10:53.513 10 WARNING neutron.scheduler.dhcp_agent_scheduler [None req-250e6f80-3f5e-46af-b34d-679f17987720 67cedb06772448b08d34c43ea15672ba e59b15a3117e440c8828376c7274ea51 - - default default] No more DHCP agents
2026-09-01 05:10:53.514 10 WARNING neutron.api.rpc.agentnotifiers.dhcp_rpc_agent_api [None req-250e6f80-3f5e-46af-b34d-679f17987720 67cedb06772448b08d34c43ea15672ba e59b15a3117e440c8828376c7274ea51 - - default default] Unable to schedule network ba4a3643-dee1-4302-95ad-cabbc9fe1134: no agents available; will retry on subsequent port and subnet creation events.
2026-09-01 05:10:53.524 9 INFO neutron.db.ovn_revision_numbers_db [None req-c97d9cf9-a80c-4d0b-96f4-49f67bb0390e 20f45880a3d641df9aaeabe63f6015fe fdde9091cbea44ae8558bb37fa265712 - - default default] Successfully bumped revision number for resource 57da8a0b-6339-40f6-864a-5cbf2d86164b (type: routers) to 2
2026-09-01 05:10:53.544 9 INFO neutron.wsgi [None req-c97d9cf9-a80c-4d0b-96f4-49f67bb0390e 20f45880a3d641df9aaeabe63f6015fe fdde9091cbea44ae8558bb37fa265712 - - default default] 10.0.0.181 "POST /v2.0/routers HTTP/1.1" status: 201 len: 873 time: 1.5557895
2026-09-01 05:10:53.575 10 INFO neutron.db.segments_db [None req-fa563b3b-f1c4-4f5a-a9a0-5d31d0c81a90 37f8ba98d74c4a24a6e1c2296e8728d8 f193bdc4380542688dd7dc0d5218a6eb - - default default] Added segment d668589f-45b1-4249-b607-5d28b5515345 of type geneve for network 3f625e08-24d2-4db9-a062-4d0fd8a3273c
2026-09-01 05:10:53.913 9 INFO neutron.db.ovn_revision_numbers_db [None req-f224d1d9-ddc1-4daf-95d3-72da88e34b87 ccd8b092ab33418587ea1819e90fb733 785b1f463e9c4bf68163b8d65008e6b2 - - default default] Successfully bumped revision number for resource e60aa52e-b89b-418e-85d6-925b30192eec (type: security_groups) to 1
2026-09-01 05:10:53.930 9 INFO neutron.db.ovn_revision_numbers_db [None req-f224d1d9-ddc1-4daf-95d3-72da88e34b87 ccd8b092ab33418587ea1819e90fb733 785b1f463e9c4bf68163b8d65008e6b2 - - default default] Successfully bumped revision number for resource 04cd65bb-d388-4b7f-ba59-4c3eb3263818 (type: security_group_rules) to 0
2026-09-01 05:10:53.936 9 INFO neutron.db.ovn_revision_numbers_db [None req-2a519af8-777c-4a36-bdac-45c08c847afc - - - - - -] Successfully bumped revision number for resource 6b9534ca-a903-4f30-9940-7a1841ee5cc8 (type: ports) to 1
2026-09-01 05:10:53.945 9 INFO neutron.db.ovn_revision_numbers_db [None req-f224d1d9-ddc1-4daf-95d3-72da88e34b87 ccd8b092ab33418587ea1819e90fb733 785b1f463e9c4bf68163b8d65008e6b2 - - default default] Successfully bumped revision number for resource 37792321-d56a-4ccd-b30d-9f451c90123b (type: security_group_rules) to 0
2026-09-01 05:10:53.965 9 INFO neutron.wsgi [None req-f224d1d9-ddc1-4daf-95d3-72da88e34b87 ccd8b092ab33418587ea1819e90fb733 785b1f463e9c4bf68163b8d65008e6b2 - - default default] 10.0.0.181 "POST /v2.0/security-groups HTTP/1.1" status: 201 len: 1809 time: 0.1815224
2026-09-01 05:10:54.050 10 INFO neutron.db.ovn_revision_numbers_db [None req-fa563b3b-f1c4-4f5a-a9a0-5d31d0c81a90 37f8ba98d74c4a24a6e1c2296e8728d8 f193bdc4380542688dd7dc0d5218a6eb - - default default] Successfully bumped revision number for resource 3f625e08-24d2-4db9-a062-4d0fd8a3273c (type: networks) to 1
2026-09-01 05:10:54.134 10 INFO neutron.wsgi [-] 10.0.0.79 "GET / HTTP/1.1" status: 200 len: 247 time: 0.0012693
2026-09-01 05:10:54.136 10 INFO neutron.wsgi [-] 10.0.0.79 "GET / HTTP/1.1" status: 200 len: 247 time: 0.0008545
2026-09-01 05:10:54.179 9 INFO neutron.db.ovn_revision_numbers_db [None req-2a519af8-777c-4a36-bdac-45c08c847afc - - - - - -] Successfully bumped revision number for resource 6b9534ca-a903-4f30-9940-7a1841ee5cc8 (type: router_ports) to 3
2026-09-01 05:10:54.313 10 INFO neutron.db.ovn_revision_numbers_db [None req-7b377c45-c6c4-4b27-8c07-32a481e3006b ccd8b092ab33418587ea1819e90fb733 785b1f463e9c4bf68163b8d65008e6b2 - - default default] Successfully bumped revision number for resource 4520c3e6-a42f-409d-86f6-a023b11a9943 (type: security_group_rules) to 0
2026-09-01 05:10:54.321 9 INFO neutron.db.ovn_revision_numbers_db [None req-2a519af8-777c-4a36-bdac-45c08c847afc - - - - - -] Successfully bumped revision number for resource 6b9534ca-a903-4f30-9940-7a1841ee5cc8 (type: ports) to 2
2026-09-01 05:10:54.330 10 INFO neutron.db.ovn_revision_numbers_db [None req-250e6f80-3f5e-46af-b34d-679f17987720 67cedb06772448b08d34c43ea15672ba e59b15a3117e440c8828376c7274ea51 - - default default] Successfully bumped revision number for resource c70dfe9b-f7a8-4228-b430-3cf2cf994e9c (type: floatingips) to 0
2026-09-01 05:10:54.363 10 INFO neutron.wsgi [None req-250e6f80-3f5e-46af-b34d-679f17987720 67cedb06772448b08d34c43ea15672ba e59b15a3117e440c8828376c7274ea51 - - default default] 10.0.0.181 "POST /v2.0/floatingips HTTP/1.1" status: 201 len: 751 time: 1.1600323
2026-09-01 05:10:54.368 10 INFO neutron.wsgi [None req-7b377c45-c6c4-4b27-8c07-32a481e3006b ccd8b092ab33418587ea1819e90fb733 785b1f463e9c4bf68163b8d65008e6b2 - - default default] 10.0.0.181 "POST /v2.0/security-group-rules HTTP/1.1" status: 201 len: 764 time: 0.3918660
2026-09-01 05:10:54.385 10 WARNING neutron.scheduler.dhcp_agent_scheduler [None req-fa563b3b-f1c4-4f5a-a9a0-5d31d0c81a90 37f8ba98d74c4a24a6e1c2296e8728d8 f193bdc4380542688dd7dc0d5218a6eb - - default default] No more DHCP agents
2026-09-01 05:10:54.390 10 WARNING neutron.api.rpc.agentnotifiers.dhcp_rpc_agent_api [None req-fa563b3b-f1c4-4f5a-a9a0-5d31d0c81a90 37f8ba98d74c4a24a6e1c2296e8728d8 f193bdc4380542688dd7dc0d5218a6eb - - default default] Unable to schedule network 3f625e08-24d2-4db9-a062-4d0fd8a3273c: no agents available; will retry on subsequent port and subnet creation events.
2026-09-01 05:10:54.569 10 INFO neutron.db.ovn_revision_numbers_db [None req-fa563b3b-f1c4-4f5a-a9a0-5d31d0c81a90 37f8ba98d74c4a24a6e1c2296e8728d8 f193bdc4380542688dd7dc0d5218a6eb - - default default] Successfully bumped revision number for resource d38f5c95-b204-4b97-8f92-26a4e4637371 (type: ports) to 1
2026-09-01 05:10:54.595 9 INFO neutron.db.ovn_revision_numbers_db [None req-2a519af8-777c-4a36-bdac-45c08c847afc - - - - - -] Successfully bumped revision number for resource 6b9534ca-a903-4f30-9940-7a1841ee5cc8 (type: ports) to 4
2026-09-01 05:10:54.610 10 WARNING neutron.scheduler.dhcp_agent_scheduler [None req-b41ad223-046c-4a6d-a4d2-e727fe5e6526 20f45880a3d641df9aaeabe63f6015fe fdde9091cbea44ae8558bb37fa265712 - - default default] No more DHCP agents
2026-09-01 05:10:54.615 10 INFO neutron.wsgi [None req-fa563b3b-f1c4-4f5a-a9a0-5d31d0c81a90 37f8ba98d74c4a24a6e1c2296e8728d8 f193bdc4380542688dd7dc0d5218a6eb - - default default] 10.0.0.181 "POST /v2.0/networks HTTP/1.1" status: 201 len: 928 time: 1.1743083
2026-09-01 05:10:54.617 10 WARNING neutron.api.rpc.agentnotifiers.dhcp_rpc_agent_api [None req-b41ad223-046c-4a6d-a4d2-e727fe5e6526 20f45880a3d641df9aaeabe63f6015fe fdde9091cbea44ae8558bb37fa265712 - - default default] Unable to schedule network f5a8bb06-f5b1-4eb1-8ab0-cf9f6430dbbd: no agents available; will retry on subsequent port and subnet creation events.
2026-09-01 05:10:54.656 10 INFO neutron.db.ovn_revision_numbers_db [None req-737ae73e-3ff4-4d58-9afa-3db6604c5a9c ccd8b092ab33418587ea1819e90fb733 785b1f463e9c4bf68163b8d65008e6b2 - - default default] Successfully bumped revision number for resource 2c2dbb3f-fa76-4cb6-9c98-c9fa4de9373b (type: security_group_rules) to 0
2026-09-01 05:10:54.693 10 INFO neutron.wsgi [None req-737ae73e-3ff4-4d58-9afa-3db6604c5a9c ccd8b092ab33418587ea1819e90fb733 785b1f463e9c4bf68163b8d65008e6b2 - - default default] 10.0.0.181 "POST /v2.0/security-group-rules HTTP/1.1" status: 201 len: 763 time: 0.3196914
2026-09-01 05:10:54.739 9 WARNING neutron.scheduler.dhcp_agent_scheduler [None req-7d8759b3-74eb-4bf4-843a-1ffba537ab3e 67cedb06772448b08d34c43ea15672ba e59b15a3117e440c8828376c7274ea51 - - default default] No more DHCP agents
2026-09-01 05:10:54.747 9 WARNING neutron.api.rpc.agentnotifiers.dhcp_rpc_agent_api [None req-7d8759b3-74eb-4bf4-843a-1ffba537ab3e 67cedb06772448b08d34c43ea15672ba e59b15a3117e440c8828376c7274ea51 - - default default] Unable to schedule network ba4a3643-dee1-4302-95ad-cabbc9fe1134: no agents available; will retry on subsequent port and subnet creation events.
2026-09-01 05:10:54.801 10 INFO neutron.db.ovn_revision_numbers_db [None req-b41ad223-046c-4a6d-a4d2-e727fe5e6526 20f45880a3d641df9aaeabe63f6015fe fdde9091cbea44ae8558bb37fa265712 - - default default] Successfully bumped revision number for resource 5bd82c48-8447-41e5-863c-aa38e9787582 (type: ports) to 1
2026-09-01 05:10:54.863 10 INFO neutron.db.ovn_revision_numbers_db [None req-045aacaa-c1bc-4b0a-93fc-344874d3acfd ccd8b092ab33418587ea1819e90fb733 785b1f463e9c4bf68163b8d65008e6b2 - - default default] Successfully bumped revision number for resource 875efaf6-23be-417f-8da6-2a472d003d0a (type: security_group_rules) to 0
2026-09-01 05:10:54.901 10 INFO neutron.wsgi [None req-045aacaa-c1bc-4b0a-93fc-344874d3acfd ccd8b092ab33418587ea1819e90fb733 785b1f463e9c4bf68163b8d65008e6b2 - - default default] 10.0.0.181 "POST /v2.0/security-group-rules HTTP/1.1" status: 201 len: 769 time: 0.2020507
2026-09-01 05:10:54.906 9 WARNING neutron.scheduler.dhcp_agent_scheduler [None req-747feda5-6b7f-4998-99f8-ce198c8142a8 37f8ba98d74c4a24a6e1c2296e8728d8 f193bdc4380542688dd7dc0d5218a6eb - - default default] No more DHCP agents
