2026-09-01 05:08:24.611 9 WARNING neutron.scheduler.dhcp_agent_scheduler [None req-089e9b13-fcf9-4b9f-9c8c-d1aac910e1a1 20f45880a3d641df9aaeabe63f6015fe fdde9091cbea44ae8558bb37fa265712 - - default default] No more DHCP agents
2026-09-01 05:08:24.613 9 WARNING neutron.api.rpc.agentnotifiers.dhcp_rpc_agent_api [None req-089e9b13-fcf9-4b9f-9c8c-d1aac910e1a1 20f45880a3d641df9aaeabe63f6015fe fdde9091cbea44ae8558bb37fa265712 - - default default] Unable to schedule network b4d9645b-658a-4cf4-ad6e-034204c5e271: no agents available; will retry on subsequent port and subnet creation events.
2026-09-01 05:08:24.668 10 INFO neutron.db.ovn_revision_numbers_db [None req-9cf2dbba-29c8-4658-af4a-a2a854a5afc3 - - - - - -] Successfully bumped revision number for resource 55cc6de8-2c5b-43ea-8414-4b44f74e3caa (type: ports) to 1
2026-09-01 05:08:24.741 9 INFO neutron.db.ovn_revision_numbers_db [None req-089e9b13-fcf9-4b9f-9c8c-d1aac910e1a1 20f45880a3d641df9aaeabe63f6015fe fdde9091cbea44ae8558bb37fa265712 - - default default] Successfully bumped revision number for resource 5dab42de-844f-47b7-9318-fb5fce6dfead (type: ports) to 1
2026-09-01 05:08:25.027 10 INFO neutron.db.ovn_revision_numbers_db [None req-9cf2dbba-29c8-4658-af4a-a2a854a5afc3 - - - - - -] Successfully bumped revision number for resource 55cc6de8-2c5b-43ea-8414-4b44f74e3caa (type: router_ports) to 3
2026-09-01 05:08:25.045 10 INFO neutron.notifiers.nova [-] Nova event matching ['req-95c949b6-9c7e-4ab8-bd53-1fb5e5ef7cb9'] response: {'name': 'network-changed', 'server_uuid': 'fcd10bef-96f0-4c69-af0c-7a8f8e91a503', 'tag': 'c54cc408-ae6d-4b3a-a207-282ba4f0a4f1', 'status': 'completed', 'code': 200}
2026-09-01 05:08:25.089 9 INFO neutron.db.ovn_revision_numbers_db [None req-089e9b13-fcf9-4b9f-9c8c-d1aac910e1a1 20f45880a3d641df9aaeabe63f6015fe fdde9091cbea44ae8558bb37fa265712 - - default default] Successfully bumped revision number for resource 5dab42de-844f-47b7-9318-fb5fce6dfead (type: router_ports) to 1
2026-09-01 05:08:25.114 10 INFO neutron.wsgi [req-505ea437-9224-45f6-8521-8f930ff3bdc2 req-d143fac6-4740-489d-a796-f38cfaa075ca 0568ba353edf431bb4df1eb291ec363a 5538a1eea2c1451388551514fdf16ac3 - - c01138d4964944efb48f4cf40c282d0c c01138d4964944efb48f4cf40c282d0c] 162.253.55.243 "GET /v2.0/ports?tenant_id=3bcd6ace99294ecfbf6e7a041f771a6c&device_id=fcd10bef-96f0-4c69-af0c-7a8f8e91a503 HTTP/1.1" status: 200 len: 1407 time: 0.0554245
2026-09-01 05:08:25.210 10 INFO neutron.wsgi [req-34c8f1ef-b707-4260-9344-282d99417b7c req-adccd3ab-e4c6-48c2-9f1e-3208bd399042 d0b82c8235d1440a9dc097768bcf4a76 882bfe83d801474585f311e7d1329a63 - - default default] 10.0.0.14 "GET /v2.0/ports?device_id=31e9780f-4a13-42f9-ad46-1c28057bd77d HTTP/1.1" status: 200 len: 1168 time: 0.0710578
2026-09-01 05:08:25.230 10 INFO neutron.wsgi [req-94138ba5-b484-42cc-9125-a3cc7fc30d17 req-bebeef94-8cd7-4ce5-9c9c-20ff2626f888 cea8bcf929c44a9f9e694c0d169d0087 3bcd6ace99294ecfbf6e7a041f771a6c - - default default] 10.0.0.14 "GET /v2.0/ports?device_id=fcd10bef-96f0-4c69-af0c-7a8f8e91a503 HTTP/1.1" status: 200 len: 1168 time: 0.0629828
2026-09-01 05:08:25.257 10 INFO neutron.wsgi [req-505ea437-9224-45f6-8521-8f930ff3bdc2 req-f8364450-e8df-4ea4-a038-a40efa36c40c 0568ba353edf431bb4df1eb291ec363a 5538a1eea2c1451388551514fdf16ac3 - - c01138d4964944efb48f4cf40c282d0c c01138d4964944efb48f4cf40c282d0c] 162.253.55.243 "GET /v2.0/networks?id=0775fcbd-be65-46e4-aabd-1d110562067c HTTP/1.1" status: 200 len: 974 time: 0.1348424
2026-09-01 05:08:25.317 10 INFO neutron.wsgi [req-505ea437-9224-45f6-8521-8f930ff3bdc2 req-78740dec-d2b5-48be-8927-0d437a487c6e 0568ba353edf431bb4df1eb291ec363a 5538a1eea2c1451388551514fdf16ac3 - - c01138d4964944efb48f4cf40c282d0c c01138d4964944efb48f4cf40c282d0c] 162.253.55.243 "GET /v2.0/floatingips?fixed_ip_address=10.100.0.5&port_id=c54cc408-ae6d-4b3a-a207-282ba4f0a4f1 HTTP/1.1" status: 200 len: 217 time: 0.0531111
2026-09-01 05:08:25.322 10 INFO neutron.wsgi [req-34c8f1ef-b707-4260-9344-282d99417b7c req-f1533733-a30f-4f2a-9f01-37b7f31f107e d0b82c8235d1440a9dc097768bcf4a76 882bfe83d801474585f311e7d1329a63 - - default default] 10.0.0.14 "GET /v2.0/security-groups?id=61f9b4ab-9c1b-457e-b7dd-a638731cd5d8&fields=id&fields=name HTTP/1.1" status: 200 len: 310 time: 0.1023355
2026-09-01 05:08:25.361 10 INFO neutron.wsgi [req-94138ba5-b484-42cc-9125-a3cc7fc30d17 req-17a1e54d-7ff4-489d-b73c-5d34c21ed9e1 cea8bcf929c44a9f9e694c0d169d0087 3bcd6ace99294ecfbf6e7a041f771a6c - - default default] 10.0.0.14 "GET /v2.0/security-groups?id=17a0f2cd-2fac-4a64-bf2e-94911a145f2f&fields=id&fields=name HTTP/1.1" status: 200 len: 312 time: 0.1198595
2026-09-01 05:08:25.366 9 INFO neutron.db.ovn_revision_numbers_db [None req-089e9b13-fcf9-4b9f-9c8c-d1aac910e1a1 20f45880a3d641df9aaeabe63f6015fe fdde9091cbea44ae8558bb37fa265712 - - default default] Successfully bumped revision number for resource 5dab42de-844f-47b7-9318-fb5fce6dfead (type: ports) to 1
2026-09-01 05:08:25.376 10 INFO neutron.db.ovn_revision_numbers_db [None req-9cf2dbba-29c8-4658-af4a-a2a854a5afc3 - - - - - -] Successfully bumped revision number for resource 55cc6de8-2c5b-43ea-8414-4b44f74e3caa (type: ports) to 2
2026-09-01 05:08:25.381 10 INFO neutron.wsgi [req-505ea437-9224-45f6-8521-8f930ff3bdc2 req-89f48fcd-2f6c-45c6-9692-e4abcb2fea2c 0568ba353edf431bb4df1eb291ec363a 5538a1eea2c1451388551514fdf16ac3 - - c01138d4964944efb48f4cf40c282d0c c01138d4964944efb48f4cf40c282d0c] 162.253.55.243 "GET /v2.0/subnets?id=82c4abe0-1359-4058-ac00-1490d9735c9b HTTP/1.1" status: 200 len: 869 time: 0.0490570
2026-09-01 05:08:25.429 9 WARNING neutron.scheduler.dhcp_agent_scheduler [None req-089e9b13-fcf9-4b9f-9c8c-d1aac910e1a1 20f45880a3d641df9aaeabe63f6015fe fdde9091cbea44ae8558bb37fa265712 - - default default] No more DHCP agents
2026-09-01 05:08:25.430 9 WARNING neutron.api.rpc.agentnotifiers.dhcp_rpc_agent_api [None req-089e9b13-fcf9-4b9f-9c8c-d1aac910e1a1 20f45880a3d641df9aaeabe63f6015fe fdde9091cbea44ae8558bb37fa265712 - - default default] Unable to schedule network b4d9645b-658a-4cf4-ad6e-034204c5e271: no agents available; will retry on subsequent port and subnet creation events.
2026-09-01 05:08:25.431 10 INFO neutron.wsgi [req-505ea437-9224-45f6-8521-8f930ff3bdc2 req-de9645ee-fb5d-48a6-8149-9e8185b7fdfa 0568ba353edf431bb4df1eb291ec363a 5538a1eea2c1451388551514fdf16ac3 - - c01138d4964944efb48f4cf40c282d0c c01138d4964944efb48f4cf40c282d0c] 162.253.55.243 "GET /v2.0/ports?network_id=0775fcbd-be65-46e4-aabd-1d110562067c&device_owner=network%3Adhcp HTTP/1.1" status: 200 len: 210 time: 0.0347178
2026-09-01 05:08:25.536 10 INFO neutron.wsgi [req-505ea437-9224-45f6-8521-8f930ff3bdc2 req-1e5ffaef-ef61-482d-bdfa-58628e4f0b48 0568ba353edf431bb4df1eb291ec363a 5538a1eea2c1451388551514fdf16ac3 - - c01138d4964944efb48f4cf40c282d0c c01138d4964944efb48f4cf40c282d0c] 162.253.55.243 "GET /v2.0/networks/0775fcbd-be65-46e4-aabd-1d110562067c?fields=segments HTTP/1.1" status: 200 len: 212 time: 0.0787246
2026-09-01 05:08:25.607 10 INFO neutron.wsgi [req-505ea437-9224-45f6-8521-8f930ff3bdc2 req-6c784cd0-d86b-45d2-962b-dcbd75d933dd 0568ba353edf431bb4df1eb291ec363a 5538a1eea2c1451388551514fdf16ac3 - - c01138d4964944efb48f4cf40c282d0c c01138d4964944efb48f4cf40c282d0c] 162.253.55.243 "GET /v2.0/networks/0775fcbd-be65-46e4-aabd-1d110562067c?fields=provider%3Aphysical_network&fields=provider%3Anetwork_type HTTP/1.1" status: 200 len: 277 time: 0.0654747
2026-09-01 05:08:25.726 10 INFO neutron.db.ovn_revision_numbers_db [None req-9cf2dbba-29c8-4658-af4a-a2a854a5afc3 - - - - - -] Successfully bumped revision number for resource 55cc6de8-2c5b-43ea-8414-4b44f74e3caa (type: ports) to 4
2026-09-01 05:08:25.977 10 INFO neutron.db.ovn_revision_numbers_db [None req-9cf2dbba-29c8-4658-af4a-a2a854a5afc3 - - - - - -] Successfully bumped revision number for resource 55cc6de8-2c5b-43ea-8414-4b44f74e3caa (type: router_ports) to 4
2026-09-01 05:08:26.105 9 INFO neutron.db.ovn_revision_numbers_db [None req-089e9b13-fcf9-4b9f-9c8c-d1aac910e1a1 20f45880a3d641df9aaeabe63f6015fe fdde9091cbea44ae8558bb37fa265712 - - default default] Successfully bumped revision number for resource 5dab42de-844f-47b7-9318-fb5fce6dfead (type: router_ports) to 1
2026-09-01 05:08:26.108 9 INFO neutron.wsgi [None req-089e9b13-fcf9-4b9f-9c8c-d1aac910e1a1 20f45880a3d641df9aaeabe63f6015fe fdde9091cbea44ae8558bb37fa265712 - - default default] 10.0.0.181 "PUT /v2.0/routers/6461d850-fa32-4bd4-8114-1c9469f9d41b/add_router_interface HTTP/1.1" status: 200 len: 503 time: 1.8988910
2026-09-01 05:08:26.505 10 INFO neutron.wsgi [req-8edc2f03-fd27-457f-ad5e-382c257dfb8b req-72dc8f91-9274-4ec2-a766-f9a0f7ebd113 d0b82c8235d1440a9dc097768bcf4a76 882bfe83d801474585f311e7d1329a63 - - default default] 10.0.0.14 "GET /v2.0/ports?device_id=31e9780f-4a13-42f9-ad46-1c28057bd77d HTTP/1.1" status: 200 len: 1168 time: 0.0734305
2026-09-01 05:08:26.534 10 INFO neutron.wsgi [req-b49bfca4-9246-448f-87ff-1ecb33d0d015 req-271d6eb7-0bc4-4702-8e6b-7dc58c703cf3 cea8bcf929c44a9f9e694c0d169d0087 3bcd6ace99294ecfbf6e7a041f771a6c - - default default] 10.0.0.14 "GET /v2.0/ports?device_id=fcd10bef-96f0-4c69-af0c-7a8f8e91a503 HTTP/1.1" status: 200 len: 1168 time: 0.0515733
2026-09-01 05:08:26.578 10 INFO neutron.wsgi [req-8edc2f03-fd27-457f-ad5e-382c257dfb8b req-fcd572af-2a03-43a4-8036-8843281b4931 d0b82c8235d1440a9dc097768bcf4a76 882bfe83d801474585f311e7d1329a63 - - default default] 10.0.0.14 "GET /v2.0/security-groups?id=61f9b4ab-9c1b-457e-b7dd-a638731cd5d8&fields=id&fields=name HTTP/1.1" status: 200 len: 310 time: 0.0618541
2026-09-01 05:08:26.591 9 INFO neutron.plugins.ml2.drivers.ovn.mech_driver.mech_driver [None req-6452699a-3ba3-46ae-a8c0-ee12f844254f - - - - - -] OVN reports status up for port: 5dab42de-844f-47b7-9318-fb5fce6dfead
2026-09-01 05:08:26.593 10 INFO neutron.wsgi [req-b49bfca4-9246-448f-87ff-1ecb33d0d015 req-23a1099e-6481-49d3-aa04-0889cde0534c cea8bcf929c44a9f9e694c0d169d0087 3bcd6ace99294ecfbf6e7a041f771a6c - - default default] 10.0.0.14 "GET /v2.0/security-groups?id=17a0f2cd-2fac-4a64-bf2e-94911a145f2f&fields=id&fields=name HTTP/1.1" status: 200 len: 312 time: 0.0455267
2026-09-01 05:08:26.603 9 INFO neutron.plugins.ml2.plugin [None req-6452699a-3ba3-46ae-a8c0-ee12f844254f - - - - - -] Attempt 1 to provision port 5dab42de-844f-47b7-9318-fb5fce6dfead
2026-09-01 05:08:26.732 9 INFO neutron.db.ovn_revision_numbers_db [None req-0d6a99f1-17b0-4f0d-afe4-a9190b8891e9 20f45880a3d641df9aaeabe63f6015fe fdde9091cbea44ae8558bb37fa265712 - - default default] Successfully bumped revision number for resource 87ef89eb-b954-445d-8995-faaea844f637 (type: security_groups) to 1
2026-09-01 05:08:26.759 9 INFO neutron.db.ovn_revision_numbers_db [None req-0d6a99f1-17b0-4f0d-afe4-a9190b8891e9 20f45880a3d641df9aaeabe63f6015fe fdde9091cbea44ae8558bb37fa265712 - - default default] Successfully bumped revision number for resource 6548e8c2-244e-43c7-95e9-cf32fd276df1 (type: security_group_rules) to 0
2026-09-01 05:08:26.777 9 INFO neutron.db.ovn_revision_numbers_db [None req-0d6a99f1-17b0-4f0d-afe4-a9190b8891e9 20f45880a3d641df9aaeabe63f6015fe fdde9091cbea44ae8558bb37fa265712 - - default default] Successfully bumped revision number for resource 88449283-83d3-4430-914f-032437985bc7 (type: security_group_rules) to 0
2026-09-01 05:08:26.791 9 INFO neutron.db.ovn_revision_numbers_db [None req-0d6a99f1-17b0-4f0d-afe4-a9190b8891e9 20f45880a3d641df9aaeabe63f6015fe fdde9091cbea44ae8558bb37fa265712 - - default default] Successfully bumped revision number for resource 8bd1c997-1604-4904-b322-8c014a352b03 (type: security_group_rules) to 0
2026-09-01 05:08:26.817 9 INFO neutron.db.ovn_revision_numbers_db [None req-0d6a99f1-17b0-4f0d-afe4-a9190b8891e9 20f45880a3d641df9aaeabe63f6015fe fdde9091cbea44ae8558bb37fa265712 - - default default] Successfully bumped revision number for resource b4d6463c-44bf-4966-8446-deff22ccc590 (type: security_group_rules) to 0
2026-09-01 05:08:26.862 10 INFO neutron.db.ovn_revision_numbers_db [None req-442d4ba3-4b2e-42c4-8479-f05be9555807 18a4bc32efcd44f89b2e01f5e5ab8582 7b24e62d3c8d4da5abdbee729bc7c3a5 - - default default] Successfully bumped revision number for resource 6737f9e6-b488-4361-a9d0-21ec8253f13c (type: security_groups) to 1
2026-09-01 05:08:26.874 10 INFO neutron.db.ovn_revision_numbers_db [None req-442d4ba3-4b2e-42c4-8479-f05be9555807 18a4bc32efcd44f89b2e01f5e5ab8582 7b24e62d3c8d4da5abdbee729bc7c3a5 - - default default] Successfully bumped revision number for resource 9385f06c-fc8c-4a03-9a81-9dd48cfff529 (type: security_group_rules) to 0
2026-09-01 05:08:26.879 9 INFO neutron.db.ovn_revision_numbers_db [None req-6452699a-3ba3-46ae-a8c0-ee12f844254f - - - - - -] Successfully bumped revision number for resource 5dab42de-844f-47b7-9318-fb5fce6dfead (type: ports) to 2
2026-09-01 05:08:26.894 10 INFO neutron.db.ovn_revision_numbers_db [None req-442d4ba3-4b2e-42c4-8479-f05be9555807 18a4bc32efcd44f89b2e01f5e5ab8582 7b24e62d3c8d4da5abdbee729bc7c3a5 - - default default] Successfully bumped revision number for resource a6dc190e-3f21-4cc5-87f2-c77386843685 (type: security_group_rules) to 0
2026-09-01 05:08:26.902 9 INFO neutron.db.segments_db [None req-0d6a99f1-17b0-4f0d-afe4-a9190b8891e9 20f45880a3d641df9aaeabe63f6015fe fdde9091cbea44ae8558bb37fa265712 - - default default] Added segment 7b1a1213-08e1-4ea3-bd2e-f74cd5be12e6 of type geneve for network d4429a7f-e72b-413d-bf95-42ff83af8e45
2026-09-01 05:08:26.910 10 INFO neutron.wsgi [None req-442d4ba3-4b2e-42c4-8479-f05be9555807 18a4bc32efcd44f89b2e01f5e5ab8582 7b24e62d3c8d4da5abdbee729bc7c3a5 - - default default] 10.0.0.181 "POST /v2.0/security-groups HTTP/1.1" status: 201 len: 1797 time: 0.1768637
2026-09-01 05:08:27.014 10 INFO neutron.db.ovn_revision_numbers_db [None req-bce30c59-89a6-41c4-8297-7f1ca000a813 18a4bc32efcd44f89b2e01f5e5ab8582 7b24e62d3c8d4da5abdbee729bc7c3a5 - - default default] Successfully bumped revision number for resource 2c7d655e-2ed9-498e-a2ef-ac434c3ea256 (type: security_group_rules) to 0
2026-09-01 05:08:27.027 9 INFO neutron.db.ovn_revision_numbers_db [None req-6452699a-3ba3-46ae-a8c0-ee12f844254f - - - - - -] Successfully bumped revision number for resource 5dab42de-844f-47b7-9318-fb5fce6dfead (type: router_ports) to 2
2026-09-01 05:08:27.040 10 INFO neutron.wsgi [None req-bce30c59-89a6-41c4-8297-7f1ca000a813 18a4bc32efcd44f89b2e01f5e5ab8582 7b24e62d3c8d4da5abdbee729bc7c3a5 - - default default] 10.0.0.181 "POST /v2.0/security-group-rules HTTP/1.1" status: 201 len: 764 time: 0.1248546
2026-09-01 05:08:27.055 9 INFO neutron.db.ovn_revision_numbers_db [None req-0d6a99f1-17b0-4f0d-afe4-a9190b8891e9 20f45880a3d641df9aaeabe63f6015fe fdde9091cbea44ae8558bb37fa265712 - - default default] Successfully bumped revision number for resource d4429a7f-e72b-413d-bf95-42ff83af8e45 (type: networks) to 1
2026-09-01 05:08:27.147 10 INFO neutron.db.ovn_revision_numbers_db [None req-65104fde-f1f9-43b0-8a83-f428d21c0392 18a4bc32efcd44f89b2e01f5e5ab8582 7b24e62d3c8d4da5abdbee729bc7c3a5 - - default default] Successfully bumped revision number for resource 4aaa400e-1c7f-4d13-ba2f-765d3522499e (type: security_group_rules) to 0
2026-09-01 05:08:27.170 10 INFO neutron.wsgi [None req-65104fde-f1f9-43b0-8a83-f428d21c0392 18a4bc32efcd44f89b2e01f5e5ab8582 7b24e62d3c8d4da5abdbee729bc7c3a5 - - default default] 10.0.0.181 "POST /v2.0/security-group-rules HTTP/1.1" status: 201 len: 769 time: 0.1259103
2026-09-01 05:08:27.210 9 WARNING neutron.scheduler.dhcp_agent_scheduler [None req-0d6a99f1-17b0-4f0d-afe4-a9190b8891e9 20f45880a3d641df9aaeabe63f6015fe fdde9091cbea44ae8558bb37fa265712 - - default default] No more DHCP agents
2026-09-01 05:08:27.211 9 WARNING neutron.api.rpc.agentnotifiers.dhcp_rpc_agent_api [None req-0d6a99f1-17b0-4f0d-afe4-a9190b8891e9 20f45880a3d641df9aaeabe63f6015fe fdde9091cbea44ae8558bb37fa265712 - - default default] Unable to schedule network d4429a7f-e72b-413d-bf95-42ff83af8e45: no agents available; will retry on subsequent port and subnet creation events.
2026-09-01 05:08:27.277 9 INFO neutron.db.ovn_revision_numbers_db [None req-0d6a99f1-17b0-4f0d-afe4-a9190b8891e9 20f45880a3d641df9aaeabe63f6015fe fdde9091cbea44ae8558bb37fa265712 - - default default] Successfully bumped revision number for resource 1e7c0ccc-3340-4192-90fc-a306b2b98f11 (type: ports) to 1
2026-09-01 05:08:27.292 9 INFO neutron.wsgi [None req-0d6a99f1-17b0-4f0d-afe4-a9190b8891e9 20f45880a3d641df9aaeabe63f6015fe fdde9091cbea44ae8558bb37fa265712 - - default default] 10.0.0.181 "POST /v2.0/networks HTTP/1.1" status: 201 len: 946 time: 0.9868627
2026-09-01 05:08:27.401 10 WARNING neutron.scheduler.dhcp_agent_scheduler [None req-db023cba-a969-42c5-964b-211491e7e2d0 18a4bc32efcd44f89b2e01f5e5ab8582 7b24e62d3c8d4da5abdbee729bc7c3a5 - - default default] No more DHCP agents
2026-09-01 05:08:27.402 10 WARNING neutron.api.rpc.agentnotifiers.dhcp_rpc_agent_api [None req-db023cba-a969-42c5-964b-211491e7e2d0 18a4bc32efcd44f89b2e01f5e5ab8582 7b24e62d3c8d4da5abdbee729bc7c3a5 - - default default] Unable to schedule network ba4a3643-dee1-4302-95ad-cabbc9fe1134: no agents available; will retry on subsequent port and subnet creation events.
2026-09-01 05:08:27.442 9 WARNING neutron.scheduler.dhcp_agent_scheduler [None req-2a5e687d-644d-4f46-9e8f-4b1e11bb68d2 20f45880a3d641df9aaeabe63f6015fe fdde9091cbea44ae8558bb37fa265712 - - default default] No more DHCP agents
2026-09-01 05:08:27.446 9 WARNING neutron.api.rpc.agentnotifiers.dhcp_rpc_agent_api [None req-2a5e687d-644d-4f46-9e8f-4b1e11bb68d2 20f45880a3d641df9aaeabe63f6015fe fdde9091cbea44ae8558bb37fa265712 - - default default] Unable to schedule network d4429a7f-e72b-413d-bf95-42ff83af8e45: no agents available; will retry on subsequent port and subnet creation events.
2026-09-01 05:08:27.739 10 INFO neutron.wsgi [req-8aeb86f6-3ffb-4898-bc58-2b316855771a req-39cf879d-bf8a-4dca-b499-bdbdddbfa765 cea8bcf929c44a9f9e694c0d169d0087 3bcd6ace99294ecfbf6e7a041f771a6c - - default default] 10.0.0.14 "GET /v2.0/ports?device_id=fcd10bef-96f0-4c69-af0c-7a8f8e91a503 HTTP/1.1" status: 200 len: 1168 time: 0.0479815
2026-09-01 05:08:27.809 10 INFO neutron.wsgi [req-38960b67-f2c3-4d99-9c96-7f923b055ce4 req-3524d9a5-5609-4b0f-9190-fc97050fc724 d0b82c8235d1440a9dc097768bcf4a76 882bfe83d801474585f311e7d1329a63 - - default default] 10.0.0.14 "GET /v2.0/ports?device_id=31e9780f-4a13-42f9-ad46-1c28057bd77d HTTP/1.1" status: 200 len: 1168 time: 0.1440358
2026-09-01 05:08:27.812 10 INFO neutron.wsgi [req-8aeb86f6-3ffb-4898-bc58-2b316855771a req-ce4cd5de-47b7-4452-964b-99543f8c534c cea8bcf929c44a9f9e694c0d169d0087 3bcd6ace99294ecfbf6e7a041f771a6c - - default default] 10.0.0.14 "GET /v2.0/security-groups?id=17a0f2cd-2fac-4a64-bf2e-94911a145f2f&fields=id&fields=name HTTP/1.1" status: 200 len: 312 time: 0.0622070
2026-09-01 05:08:27.852 10 INFO neutron.wsgi [req-38960b67-f2c3-4d99-9c96-7f923b055ce4 req-8c75e684-05b2-41d8-bf2c-ad1f3bd049bd d0b82c8235d1440a9dc097768bcf4a76 882bfe83d801474585f311e7d1329a63 - - default default] 10.0.0.14 "GET /v2.0/security-groups?id=61f9b4ab-9c1b-457e-b7dd-a638731cd5d8&fields=id&fields=name HTTP/1.1" status: 200 len: 310 time: 0.0373592
2026-09-01 05:08:27.924 10 INFO neutron.db.ovn_revision_numbers_db [None req-db023cba-a969-42c5-964b-211491e7e2d0 18a4bc32efcd44f89b2e01f5e5ab8582 7b24e62d3c8d4da5abdbee729bc7c3a5 - - default default] Successfully bumped revision number for resource 22069e00-a36e-49b3-8fab-9ff3465bd536 (type: floatingips) to 0
2026-09-01 05:08:27.939 10 INFO neutron.wsgi [None req-db023cba-a969-42c5-964b-211491e7e2d0 18a4bc32efcd44f89b2e01f5e5ab8582 7b24e62d3c8d4da5abdbee729bc7c3a5 - - default default] 10.0.0.181 "POST /v2.0/floatingips HTTP/1.1" status: 201 len: 751 time: 0.7641327
2026-09-01 05:08:27.961 9 INFO neutron.db.ovn_revision_numbers_db [None req-2a5e687d-644d-4f46-9e8f-4b1e11bb68d2 20f45880a3d641df9aaeabe63f6015fe fdde9091cbea44ae8558bb37fa265712 - - default default] Successfully bumped revision number for resource 1e7c0ccc-3340-4192-90fc-a306b2b98f11 (type: ports) to 2
2026-09-01 05:08:28.015 9 INFO neutron.db.ovn_revision_numbers_db [None req-2a5e687d-644d-4f46-9e8f-4b1e11bb68d2 20f45880a3d641df9aaeabe63f6015fe fdde9091cbea44ae8558bb37fa265712 - - default default] Successfully bumped revision number for resource abf53cc4-83ad-4e1a-9fcd-6ae05fc41c8f (type: subnets) to 0
2026-09-01 05:08:28.039 9 INFO neutron.wsgi [None req-2a5e687d-644d-4f46-9e8f-4b1e11bb68d2 20f45880a3d641df9aaeabe63f6015fe fdde9091cbea44ae8558bb37fa265712 - - default default] 10.0.0.181 "POST /v2.0/subnets HTTP/1.1" status: 201 len: 866 time: 0.7421076
2026-09-01 05:08:28.457 10 INFO neutron.wsgi [req-02adcebe-768c-421a-819d-2ac9f5742546 req-295a106d-34ba-4871-93cd-6788bc244dd9 18a4bc32efcd44f89b2e01f5e5ab8582 7b24e62d3c8d4da5abdbee729bc7c3a5 - - default default] 10.0.0.14 "GET /v2.0/security-groups?name=tempest-securitygroup--1810498222&fields=id&tenant_id=7b24e62d3c8d4da5abdbee729bc7c3a5 HTTP/1.1" status: 200 len: 267 time: 0.0601630
2026-09-01 05:08:28.582 10 INFO neutron.wsgi [req-02adcebe-768c-421a-819d-2ac9f5742546 req-b36ed91f-7e28-4813-9832-6e4f2c4e25c7 18a4bc32efcd44f89b2e01f5e5ab8582 7b24e62d3c8d4da5abdbee729bc7c3a5 - - default default] 10.0.0.14 "GET /v2.0/networks?id=b4d9645b-658a-4cf4-ad6e-034204c5e271 HTTP/1.1" status: 200 len: 883 time: 0.1147411
2026-09-01 05:08:28.584 9 WARNING neutron.scheduler.dhcp_agent_scheduler [None req-b737bee3-65dc-4fe9-a9a3-da411ebb32b0 20f45880a3d641df9aaeabe63f6015fe fdde9091cbea44ae8558bb37fa265712 - - default default] No more DHCP agents
2026-09-01 05:08:28.585 9 WARNING neutron.api.rpc.agentnotifiers.dhcp_rpc_agent_api [None req-b737bee3-65dc-4fe9-a9a3-da411ebb32b0 20f45880a3d641df9aaeabe63f6015fe fdde9091cbea44ae8558bb37fa265712 - - default default] Unable to schedule network ba4a3643-dee1-4302-95ad-cabbc9fe1134: no agents available; will retry on subsequent port and subnet creation events.
2026-09-01 05:08:28.600 10 INFO neutron.wsgi [req-02adcebe-768c-421a-819d-2ac9f5742546 req-ffa7797e-9123-4c06-9c49-1bdcd4f7052d 18a4bc32efcd44f89b2e01f5e5ab8582 7b24e62d3c8d4da5abdbee729bc7c3a5 - - default default] 10.0.0.14 "GET /v2.0/quotas/7b24e62d3c8d4da5abdbee729bc7c3a5 HTTP/1.1" status: 200 len: 386 time: 0.0105634
2026-09-01 05:08:28.694 10 INFO neutron.wsgi [req-02adcebe-768c-421a-819d-2ac9f5742546 req-7329af85-a9c9-480d-8caa-2f22b89fded7 18a4bc32efcd44f89b2e01f5e5ab8582 7b24e62d3c8d4da5abdbee729bc7c3a5 - - default default] 10.0.0.14 "GET /v2.0/ports?tenant_id=7b24e62d3c8d4da5abdbee729bc7c3a5&fields=id HTTP/1.1" status: 200 len: 302 time: 0.0822785
2026-09-01 05:08:28.712 9 INFO neutron.db.ovn_revision_numbers_db [None req-b737bee3-65dc-4fe9-a9a3-da411ebb32b0 20f45880a3d641df9aaeabe63f6015fe fdde9091cbea44ae8558bb37fa265712 - - default default] Successfully bumped revision number for resource 8dc6ab7e-99a8-45a8-b471-4cbe5b3660d0 (type: ports) to 1
2026-09-01 05:08:28.755 10 INFO neutron.wsgi [req-02adcebe-768c-421a-819d-2ac9f5742546 req-7fd23d49-64a5-4d4a-9380-64ccd04f66e0 0568ba353edf431bb4df1eb291ec363a 5538a1eea2c1451388551514fdf16ac3 - - c01138d4964944efb48f4cf40c282d0c c01138d4964944efb48f4cf40c282d0c] 10.0.0.14 "GET /v2.0/networks/b4d9645b-658a-4cf4-ad6e-034204c5e271?fields=segments HTTP/1.1" status: 200 len: 212 time: 0.0463395
2026-09-01 05:08:28.812 10 INFO neutron.wsgi [req-02adcebe-768c-421a-819d-2ac9f5742546 req-24b049da-93dc-48b6-9290-99ee79b7d68d 0568ba353edf431bb4df1eb291ec363a 5538a1eea2c1451388551514fdf16ac3 - - c01138d4964944efb48f4cf40c282d0c c01138d4964944efb48f4cf40c282d0c] 10.0.0.14 "GET /v2.0/networks/b4d9645b-658a-4cf4-ad6e-034204c5e271?fields=provider%3Aphysical_network&fields=provider%3Anetwork_type HTTP/1.1" status: 200 len: 277 time: 0.0465257
2026-09-01 05:08:29.008 10 INFO neutron.wsgi [req-2787d118-0389-45ba-b1ff-753204007b5f req-3a55cdfa-2d11-4d8e-bb6a-5e3898a53565 d0b82c8235d1440a9dc097768bcf4a76 882bfe83d801474585f311e7d1329a63 - - default default] 10.0.0.14 "GET /v2.0/ports?device_id=31e9780f-4a13-42f9-ad46-1c28057bd77d HTTP/1.1" status: 200 len: 1168 time: 0.0363700
2026-09-01 05:08:29.013 10 INFO neutron.wsgi [req-0c2273bc-8297-4ba2-bb62-e342e3b1f072 req-0352df4b-e67e-416f-86c0-f3506d8c8571 cea8bcf929c44a9f9e694c0d169d0087 3bcd6ace99294ecfbf6e7a041f771a6c - - default default] 10.0.0.14 "GET /v2.0/ports?device_id=fcd10bef-96f0-4c69-af0c-7a8f8e91a503 HTTP/1.1" status: 200 len: 1168 time: 0.1195092
2026-09-01 05:08:29.081 10 INFO neutron.wsgi [req-2787d118-0389-45ba-b1ff-753204007b5f req-73cf85aa-d38b-481e-97ef-4602d10bfa82 d0b82c8235d1440a9dc097768bcf4a76 882bfe83d801474585f311e7d1329a63 - - default default] 10.0.0.14 "GET /v2.0/security-groups?id=61f9b4ab-9c1b-457e-b7dd-a638731cd5d8&fields=id&fields=name HTTP/1.1" status: 200 len: 310 time: 0.0657136
2026-09-01 05:08:29.084 10 INFO neutron.wsgi [req-0c2273bc-8297-4ba2-bb62-e342e3b1f072 req-4e260a65-52e8-412a-9394-2fd7d8b0cdfd cea8bcf929c44a9f9e694c0d169d0087 3bcd6ace99294ecfbf6e7a041f771a6c - - default default] 10.0.0.14 "GET /v2.0/security-groups?id=17a0f2cd-2fac-4a64-bf2e-94911a145f2f&fields=id&fields=name HTTP/1.1" status: 200 len: 312 time: 0.0636995
2026-09-01 05:08:29.149 10 INFO neutron.wsgi [req-24c5bdac-56d4-4896-b757-5bb8880a0008 req-1b7aed19-f634-48fd-ba72-a42276e1a929 18a4bc32efcd44f89b2e01f5e5ab8582 7b24e62d3c8d4da5abdbee729bc7c3a5 - - default default] 10.0.0.14 "GET /v2.0/ports?device_id=26025c3f-b14c-40ba-868d-fd2e90a53220 HTTP/1.1" status: 200 len: 210 time: 0.0267467
2026-09-01 05:08:29.183 9 INFO neutron.plugins.ml2.drivers.ovn.mech_driver.ovsdb.ovsdb_monitor [None req-2a519af8-777c-4a36-bdac-45c08c847afc - - - - - -] Router ddf7037e-70c3-4965-9615-952c8c4f3b2c is bound to host instance
2026-09-01 05:08:29.201 9 INFO neutron.db.ovn_revision_numbers_db [None req-b737bee3-65dc-4fe9-a9a3-da411ebb32b0 20f45880a3d641df9aaeabe63f6015fe fdde9091cbea44ae8558bb37fa265712 - - default default] Successfully bumped revision number for resource 8dc6ab7e-99a8-45a8-b471-4cbe5b3660d0 (type: router_ports) to 1
2026-09-01 05:08:29.304 10 WARNING neutron.plugins.ml2.drivers.ovn.mech_driver.ovsdb.ovn_client [None req-4d6dcb05-16f5-462e-8166-6b9945689c2c - - - - - -] No hosting information found for port 1c8954b0-d164-4e3b-806a-3c3b1f4ef33a: RuntimeError: No hosting information found for port 1c8954b0-d164-4e3b-806a-3c3b1f4ef33a
2026-09-01 05:08:29.305 10 INFO neutron.plugins.ml2.drivers.ovn.mech_driver.mech_driver [None req-4d6dcb05-16f5-462e-8166-6b9945689c2c - - - - - -] OVN reports status up for port: 5f52c3a8-74fd-4811-83a1-c9f3e0d161b9
2026-09-01 05:08:29.316 9 INFO neutron.db.ovn_revision_numbers_db [None req-b737bee3-65dc-4fe9-a9a3-da411ebb32b0 20f45880a3d641df9aaeabe63f6015fe fdde9091cbea44ae8558bb37fa265712 - - default default] Successfully bumped revision number for resource ddf7037e-70c3-4965-9615-952c8c4f3b2c (type: routers) to 2
2026-09-01 05:08:29.328 10 INFO neutron.plugins.ml2.drivers.ovn.mech_driver.mech_driver [None req-4d6dcb05-16f5-462e-8166-6b9945689c2c - - - - - -] OVN reports status up for port: c54cc408-ae6d-4b3a-a207-282ba4f0a4f1
2026-09-01 05:08:29.333 9 INFO neutron.wsgi [None req-b737bee3-65dc-4fe9-a9a3-da411ebb32b0 20f45880a3d641df9aaeabe63f6015fe fdde9091cbea44ae8558bb37fa265712 - - default default] 10.0.0.181 "POST /v2.0/routers HTTP/1.1" status: 201 len: 877 time: 1.2890210
2026-09-01 05:08:29.348 10 INFO neutron.plugins.ml2.plugin [None req-4d6dcb05-16f5-462e-8166-6b9945689c2c - - - - - -] Attempt 1 to provision port c54cc408-ae6d-4b3a-a207-282ba4f0a4f1
2026-09-01 05:08:29.520 10 INFO neutron.notifiers.nova [-] Nova event matching ['req-937901e7-4265-4df6-b168-10e7eeaee8a0'] response: {'server_uuid': 'fcd10bef-96f0-4c69-af0c-7a8f8e91a503', 'name': 'network-vif-plugged', 'status': 'completed', 'tag': 'c54cc408-ae6d-4b3a-a207-282ba4f0a4f1', 'code': 200}
2026-09-01 05:08:29.809 10 INFO neutron.db.ovn_revision_numbers_db [None req-4d6dcb05-16f5-462e-8166-6b9945689c2c - - - - - -] Successfully bumped revision number for resource c54cc408-ae6d-4b3a-a207-282ba4f0a4f1 (type: ports) to 4
2026-09-01 05:08:29.824 9 INFO neutron.db.ovn_revision_numbers_db [None req-2a519af8-777c-4a36-bdac-45c08c847afc - - - - - -] Successfully bumped revision number for resource 8dc6ab7e-99a8-45a8-b471-4cbe5b3660d0 (type: ports) to 1
2026-09-01 05:08:29.866 10 INFO neutron.plugins.ml2.drivers.ovn.mech_driver.mech_driver [None req-4d6dcb05-16f5-462e-8166-6b9945689c2c - - - - - -] OVN reports status up for port: 0200e3cf-9353-4331-9948-70e71c4755a3
2026-09-01 05:08:29.886 10 INFO neutron.plugins.ml2.plugin [None req-4d6dcb05-16f5-462e-8166-6b9945689c2c - - - - - -] Attempt 1 to provision port 0200e3cf-9353-4331-9948-70e71c4755a3 /var/lib/openstack/lib/python3.10/site-packages/pycadf/identifier.py:71: UserWarning: Invalid uuid: neutron. To ensure interoperability, identifiers should be a valid uuid. warnings.warn(('Invalid uuid: %s. To ensure interoperability, '
2026-09-01 05:08:30.077 9 INFO neutron.db.ovn_revision_numbers_db [None req-2a519af8-777c-4a36-bdac-45c08c847afc - - - - - -] Successfully bumped revision number for resource 8dc6ab7e-99a8-45a8-b471-4cbe5b3660d0 (type: router_ports) to 3
2026-09-01 05:08:30.105 10 WARNING neutron.scheduler.dhcp_agent_scheduler [None req-28725494-88dd-4e44-ab99-05c769045045 20f45880a3d641df9aaeabe63f6015fe fdde9091cbea44ae8558bb37fa265712 - - default default] No more DHCP agents
2026-09-01 05:08:30.121 10 WARNING neutron.api.rpc.agentnotifiers.dhcp_rpc_agent_api [None req-28725494-88dd-4e44-ab99-05c769045045 20f45880a3d641df9aaeabe63f6015fe fdde9091cbea44ae8558bb37fa265712 - - default default] Unable to schedule network d4429a7f-e72b-413d-bf95-42ff83af8e45: no agents available; will retry on subsequent port and subnet creation events.
2026-09-01 05:08:30.140 10 INFO neutron.wsgi [req-02adcebe-768c-421a-819d-2ac9f5742546 req-fe626f30-5235-4392-89f0-3da9fc585a9b 18a4bc32efcd44f89b2e01f5e5ab8582 7b24e62d3c8d4da5abdbee729bc7c3a5 - - default default] 162.253.55.243 "GET /v2.0/networks?id=b4d9645b-658a-4cf4-ad6e-034204c5e271 HTTP/1.1" status: 200 len: 883 time: 0.2471850
2026-09-01 05:08:30.255 9 INFO neutron.db.ovn_revision_numbers_db [None req-2a519af8-777c-4a36-bdac-45c08c847afc - - - - - -] Successfully bumped revision number for resource 8dc6ab7e-99a8-45a8-b471-4cbe5b3660d0 (type: ports) to 2
2026-09-01 05:08:30.256 10 INFO neutron.wsgi [req-02adcebe-768c-421a-819d-2ac9f5742546 req-1a2fbede-5f1e-48ae-9dbc-48f7ac675ae7 18a4bc32efcd44f89b2e01f5e5ab8582 7b24e62d3c8d4da5abdbee729bc7c3a5 - - default default] 162.253.55.243 "GET /v2.0/security-groups?fields=id&fields=name&tenant_id=7b24e62d3c8d4da5abdbee729bc7c3a5 HTTP/1.1" status: 200 len: 380 time: 0.1065063
2026-09-01 05:08:30.263 10 INFO neutron.wsgi [req-044b4365-bcec-4bdb-b9cd-14ac2230e7bd req-9bc621ae-cfdd-433e-a248-6e7abcd3b709 cea8bcf929c44a9f9e694c0d169d0087 3bcd6ace99294ecfbf6e7a041f771a6c - - default default] 10.0.0.14 "GET /v2.0/ports?device_id=fcd10bef-96f0-4c69-af0c-7a8f8e91a503 HTTP/1.1" status: 200 len: 1170 time: 0.0776439
2026-09-01 05:08:30.275 10 INFO neutron.wsgi [req-5db7b3d2-d6ae-45bd-9d87-8c9fc4ce4707 req-61ac031e-8cb5-4f09-b4d1-0a9f51151b41 d0b82c8235d1440a9dc097768bcf4a76 882bfe83d801474585f311e7d1329a63 - - default default] 10.0.0.14 "GET /v2.0/ports?device_id=31e9780f-4a13-42f9-ad46-1c28057bd77d HTTP/1.1" status: 200 len: 1168 time: 0.0802674
2026-09-01 05:08:30.413 10 INFO neutron.wsgi [req-044b4365-bcec-4bdb-b9cd-14ac2230e7bd req-2b863173-789c-410d-98f7-b86fcf5df071 cea8bcf929c44a9f9e694c0d169d0087 3bcd6ace99294ecfbf6e7a041f771a6c - - default default] 10.0.0.14 "GET /v2.0/security-groups?id=17a0f2cd-2fac-4a64-bf2e-94911a145f2f&fields=id&fields=name HTTP/1.1" status: 200 len: 312 time: 0.1363862
2026-09-01 05:08:30.415 10 INFO neutron.wsgi [req-5db7b3d2-d6ae-45bd-9d87-8c9fc4ce4707 req-85e4eb8b-8899-4f34-984c-6ede6d8d51e2 d0b82c8235d1440a9dc097768bcf4a76 882bfe83d801474585f311e7d1329a63 - - default default] 10.0.0.14 "GET /v2.0/security-groups?id=61f9b4ab-9c1b-457e-b7dd-a638731cd5d8&fields=id&fields=name HTTP/1.1" status: 200 len: 310 time: 0.1249981
2026-09-01 05:08:30.457 10 INFO neutron.db.ovn_revision_numbers_db [None req-28725494-88dd-4e44-ab99-05c769045045 20f45880a3d641df9aaeabe63f6015fe fdde9091cbea44ae8558bb37fa265712 - - default default] Successfully bumped revision number for resource 57d63827-1127-4c8c-ba62-2f03e34aa5f3 (type: ports) to 1
2026-09-01 05:08:30.516 9 INFO neutron.db.ovn_revision_numbers_db [None req-2a519af8-777c-4a36-bdac-45c08c847afc - - - - - -] Successfully bumped revision number for resource 8dc6ab7e-99a8-45a8-b471-4cbe5b3660d0 (type: ports) to 4
2026-09-01 05:08:30.532 10 INFO neutron.wsgi [req-a6378703-d26e-4c5e-9d22-e473d2fa2e09 req-1d15641c-deb1-4c8d-bbfb-06f47e6392e3 18a4bc32efcd44f89b2e01f5e5ab8582 7b24e62d3c8d4da5abdbee729bc7c3a5 - - default default] 10.0.0.14 "GET /v2.0/ports?device_id=26025c3f-b14c-40ba-868d-fd2e90a53220 HTTP/1.1" status: 200 len: 210 time: 0.0462449
2026-09-01 05:08:30.603 10 INFO neutron.wsgi [req-379655fa-c0bf-4c9e-94ce-9f441e3515ca req-6d50c700-a976-45f7-b1ae-e42fdde83139 cea8bcf929c44a9f9e694c0d169d0087 3bcd6ace99294ecfbf6e7a041f771a6c - - default default] 10.0.0.14 "GET /v2.0/ports?device_id=fcd10bef-96f0-4c69-af0c-7a8f8e91a503 HTTP/1.1" status: 200 len: 1170 time: 0.0773127
2026-09-01 05:08:30.739 9 INFO neutron.db.ovn_revision_numbers_db [None req-2a519af8-777c-4a36-bdac-45c08c847afc - - - - - -] Successfully bumped revision number for resource 8dc6ab7e-99a8-45a8-b471-4cbe5b3660d0 (type: router_ports) to 4
2026-09-01 05:08:30.777 10 INFO neutron.db.ovn_revision_numbers_db [None req-4d6dcb05-16f5-462e-8166-6b9945689c2c - - - - - -] Successfully bumped revision number for resource 0200e3cf-9353-4331-9948-70e71c4755a3 (type: ports) to 4
2026-09-01 05:08:31.060 10 INFO neutron.plugins.ml2.drivers.ovn.mech_driver.mech_driver [None req-4d6dcb05-16f5-462e-8166-6b9945689c2c - - - - - -] OVN reports status up for port: 8dc6ab7e-99a8-45a8-b471-4cbe5b3660d0
2026-09-01 05:08:31.097 10 INFO neutron.plugins.ml2.plugin [None req-4d6dcb05-16f5-462e-8166-6b9945689c2c - - - - - -] Attempt 1 to provision port 8dc6ab7e-99a8-45a8-b471-4cbe5b3660d0
2026-09-01 05:08:31.229 10 WARNING neutron.scheduler.dhcp_agent_scheduler [req-02adcebe-768c-421a-819d-2ac9f5742546 req-2742c53c-8eb7-4c6e-8947-8970286b9a6d 18a4bc32efcd44f89b2e01f5e5ab8582 7b24e62d3c8d4da5abdbee729bc7c3a5 - - default default] No more DHCP agents
2026-09-01 05:08:31.231 10 INFO neutron.db.l3_db [None req-4db24281-566b-4553-974f-de2bc240b78d cea8bcf929c44a9f9e694c0d169d0087 3bcd6ace99294ecfbf6e7a041f771a6c - - default default] Floating IP 4465da48-261d-4277-bfe5-fb45c77b3d2d associated. External IP: 10.96.250.208, port: c54cc408-ae6d-4b3a-a207-282ba4f0a4f1.
2026-09-01 05:08:31.237 10 WARNING neutron.api.rpc.agentnotifiers.dhcp_rpc_agent_api [req-02adcebe-768c-421a-819d-2ac9f5742546 req-2742c53c-8eb7-4c6e-8947-8970286b9a6d 18a4bc32efcd44f89b2e01f5e5ab8582 7b24e62d3c8d4da5abdbee729bc7c3a5 - - default default] Unable to schedule network b4d9645b-658a-4cf4-ad6e-034204c5e271: no agents available; will retry on subsequent port and subnet creation events.
2026-09-01 05:08:31.493 9 WARNING neutron.plugins.ml2.drivers.ovn.mech_driver.ovsdb.ovn_client [None req-6452699a-3ba3-46ae-a8c0-ee12f844254f - - - - - -] No hosting information found for port 5dab42de-844f-47b7-9318-fb5fce6dfead: RuntimeError: No hosting information found for port 5dab42de-844f-47b7-9318-fb5fce6dfead /var/lib/openstack/lib/python3.10/site-packages/pycadf/identifier.py:71: UserWarning: Invalid uuid: neutron. To ensure interoperability, identifiers should be a valid uuid. warnings.warn(('Invalid uuid: %s. To ensure interoperability, '
2026-09-01 05:08:31.563 10 INFO neutron.db.ovn_revision_numbers_db [req-02adcebe-768c-421a-819d-2ac9f5742546 req-2742c53c-8eb7-4c6e-8947-8970286b9a6d 18a4bc32efcd44f89b2e01f5e5ab8582 7b24e62d3c8d4da5abdbee729bc7c3a5 - - default default] Successfully bumped revision number for resource bfc7caec-5d50-4afd-9468-52766e8857e4 (type: ports) to 1
2026-09-01 05:08:31.608 10 INFO neutron.notifiers.nova [-] Nova event matching ['req-f5e3d1d4-7418-4743-9b1b-f681bde66ea9'] response: {'server_uuid': 'fcd10bef-96f0-4c69-af0c-7a8f8e91a503', 'name': 'network-vif-plugged', 'status': 'completed', 'tag': 'c54cc408-ae6d-4b3a-a207-282ba4f0a4f1', 'code': 200}
2026-09-01 05:08:31.609 10 INFO neutron.notifiers.nova [-] Nova event matching ['req-f5e3d1d4-7418-4743-9b1b-f681bde66ea9'] response: {'server_uuid': '31e9780f-4a13-42f9-ad46-1c28057bd77d', 'name': 'network-vif-plugged', 'status': 'completed', 'tag': '0200e3cf-9353-4331-9948-70e71c4755a3', 'code': 200}
2026-09-01 05:08:31.610 10 INFO neutron.notifiers.nova [-] Nova event matching ['req-f5e3d1d4-7418-4743-9b1b-f681bde66ea9'] response: {'server_uuid': '31e9780f-4a13-42f9-ad46-1c28057bd77d', 'name': 'network-vif-plugged', 'status': 'completed', 'tag': '0200e3cf-9353-4331-9948-70e71c4755a3', 'code': 200} /var/lib/openstack/lib/python3.10/site-packages/pycadf/identifier.py:71: UserWarning: Invalid uuid: neutron. To ensure interoperability, identifiers should be a valid uuid. warnings.warn(('Invalid uuid: %s. To ensure interoperability, '
2026-09-01 05:08:31.677 10 INFO neutron.wsgi [req-835fb710-410e-4ae9-ba2f-6966dbee3c0e req-ea426e92-c74a-41b4-8028-d974a9c5fdd2 d0b82c8235d1440a9dc097768bcf4a76 882bfe83d801474585f311e7d1329a63 - - default default] 10.0.0.14 "GET /v2.0/ports?device_id=31e9780f-4a13-42f9-ad46-1c28057bd77d HTTP/1.1" status: 200 len: 1170 time: 0.1445720
2026-09-01 05:08:31.740 10 INFO neutron.wsgi [req-02adcebe-768c-421a-819d-2ac9f5742546 req-2742c53c-8eb7-4c6e-8947-8970286b9a6d 18a4bc32efcd44f89b2e01f5e5ab8582 7b24e62d3c8d4da5abdbee729bc7c3a5 - - default default] 162.253.55.243 "POST /v2.0/ports HTTP/1.1" status: 201 len: 1162 time: 1.4761794
2026-09-01 05:08:31.746 10 INFO neutron.wsgi [req-3a0da70e-4fbb-4654-a38c-7f5f4479f9fc req-c4573c67-18e3-402c-a3e5-7441bae8cb0f 18a4bc32efcd44f89b2e01f5e5ab8582 7b24e62d3c8d4da5abdbee729bc7c3a5 - - default default] 10.0.0.14 "GET /v2.0/ports?device_id=26025c3f-b14c-40ba-868d-fd2e90a53220 HTTP/1.1" status: 200 len: 1160 time: 0.1179290
2026-09-01 05:08:31.768 10 INFO neutron.db.ovn_revision_numbers_db [None req-4db24281-566b-4553-974f-de2bc240b78d cea8bcf929c44a9f9e694c0d169d0087 3bcd6ace99294ecfbf6e7a041f771a6c - - default default] Successfully bumped revision number for resource 4465da48-261d-4277-bfe5-fb45c77b3d2d (type: floatingips) to 1
2026-09-01 05:08:31.773 9 INFO neutron.plugins.ml2.drivers.ovn.mech_driver.mech_driver [None req-6452699a-3ba3-46ae-a8c0-ee12f844254f - - - - - -] OVN reports status up for port: 57d63827-1127-4c8c-ba62-2f03e34aa5f3
2026-09-01 05:08:31.787 9 INFO neutron.plugins.ml2.plugin [None req-6452699a-3ba3-46ae-a8c0-ee12f844254f - - - - - -] Attempt 1 to provision port 57d63827-1127-4c8c-ba62-2f03e34aa5f3
2026-09-01 05:08:31.800 10 INFO neutron.wsgi [req-835fb710-410e-4ae9-ba2f-6966dbee3c0e req-720c6c7f-a74a-4216-ab2f-2cc95d798796 d0b82c8235d1440a9dc097768bcf4a76 882bfe83d801474585f311e7d1329a63 - - default default] 10.0.0.14 "GET /v2.0/security-groups?id=61f9b4ab-9c1b-457e-b7dd-a638731cd5d8&fields=id&fields=name HTTP/1.1" status: 200 len: 310 time: 0.1085117
2026-09-01 05:08:32.016 10 INFO neutron.db.ovn_revision_numbers_db [None req-28725494-88dd-4e44-ab99-05c769045045 20f45880a3d641df9aaeabe63f6015fe fdde9091cbea44ae8558bb37fa265712 - - default default] Successfully bumped revision number for resource 57d63827-1127-4c8c-ba62-2f03e34aa5f3 (type: router_ports) to 1
2026-09-01 05:08:32.022 10 INFO neutron.wsgi [req-3a0da70e-4fbb-4654-a38c-7f5f4479f9fc req-0f188ba0-6c7f-4dcb-9c86-6387eead0cc4 18a4bc32efcd44f89b2e01f5e5ab8582 7b24e62d3c8d4da5abdbee729bc7c3a5 - - default default] 10.0.0.14 "GET /v2.0/security-groups?id=6737f9e6-b488-4361-a9d0-21ec8253f13c&fields=id&fields=name HTTP/1.1" status: 200 len: 313 time: 0.2632415
2026-09-01 05:08:32.141 10 INFO neutron.db.ovn_revision_numbers_db [None req-4db24281-566b-4553-974f-de2bc240b78d cea8bcf929c44a9f9e694c0d169d0087 3bcd6ace99294ecfbf6e7a041f771a6c - - default default] Successfully bumped revision number for resource 4465da48-261d-4277-bfe5-fb45c77b3d2d (type: floatingips) to 2
2026-09-01 05:08:32.188 10 INFO neutron.wsgi [None req-4db24281-566b-4553-974f-de2bc240b78d cea8bcf929c44a9f9e694c0d169d0087 3bcd6ace99294ecfbf6e7a041f771a6c - - default default] 10.0.0.181 "PUT /v2.0/floatingips/4465da48-261d-4277-bfe5-fb45c77b3d2d HTTP/1.1" status: 200 len: 1049 time: 1.5715029
2026-09-01 05:08:32.249 9 INFO neutron.db.ovn_revision_numbers_db [None req-6452699a-3ba3-46ae-a8c0-ee12f844254f - - - - - -] Successfully bumped revision number for resource 57d63827-1127-4c8c-ba62-2f03e34aa5f3 (type: ports) to 2
2026-09-01 05:08:32.257 10 INFO neutron.db.ovn_revision_numbers_db [None req-28725494-88dd-4e44-ab99-05c769045045 20f45880a3d641df9aaeabe63f6015fe fdde9091cbea44ae8558bb37fa265712 - - default default] Successfully bumped revision number for resource 57d63827-1127-4c8c-ba62-2f03e34aa5f3 (type: ports) to 1
2026-09-01 05:08:32.334 10 INFO neutron.wsgi [req-56e941c6-8d4b-4e88-9579-d78217bc1f73 req-e5ea4b03-1814-43c9-a63d-9d6af90dd8e3 cea8bcf929c44a9f9e694c0d169d0087 3bcd6ace99294ecfbf6e7a041f771a6c - - default default] 10.0.0.14 "GET /v2.0/ports?device_id=fcd10bef-96f0-4c69-af0c-7a8f8e91a503 HTTP/1.1" status: 200 len: 1170 time: 0.0933478
2026-09-01 05:08:32.359 9 INFO neutron.db.ovn_revision_numbers_db [None req-6452699a-3ba3-46ae-a8c0-ee12f844254f - - - - - -] Successfully bumped revision number for resource 57d63827-1127-4c8c-ba62-2f03e34aa5f3 (type: router_ports) to 2
2026-09-01 05:08:32.404 10 INFO neutron.wsgi [req-56e941c6-8d4b-4e88-9579-d78217bc1f73 req-f3928e34-116c-4248-be64-2f9e00c037e8 cea8bcf929c44a9f9e694c0d169d0087 3bcd6ace99294ecfbf6e7a041f771a6c - - default default] 10.0.0.14 "GET /v2.0/security-groups?id=17a0f2cd-2fac-4a64-bf2e-94911a145f2f&fields=id&fields=name HTTP/1.1" status: 200 len: 312 time: 0.0640950
2026-09-01 05:08:32.413 10 WARNING neutron.scheduler.dhcp_agent_scheduler [None req-28725494-88dd-4e44-ab99-05c769045045 20f45880a3d641df9aaeabe63f6015fe fdde9091cbea44ae8558bb37fa265712 - - default default] No more DHCP agents
2026-09-01 05:08:32.416 10 WARNING neutron.api.rpc.agentnotifiers.dhcp_rpc_agent_api [None req-28725494-88dd-4e44-ab99-05c769045045 20f45880a3d641df9aaeabe63f6015fe fdde9091cbea44ae8558bb37fa265712 - - default default] Unable to schedule network d4429a7f-e72b-413d-bf95-42ff83af8e45: no agents available; will retry on subsequent port and subnet creation events.
2026-09-01 05:08:32.524 10 INFO neutron.db.ovn_revision_numbers_db [req-02adcebe-768c-421a-819d-2ac9f5742546 req-204b4170-060a-41f0-b68a-6a440b72dfac 0568ba353edf431bb4df1eb291ec363a 5538a1eea2c1451388551514fdf16ac3 - - c01138d4964944efb48f4cf40c282d0c c01138d4964944efb48f4cf40c282d0c] Successfully bumped revision number for resource bfc7caec-5d50-4afd-9468-52766e8857e4 (type: ports) to 2
2026-09-01 05:08:32.792 10 INFO neutron.db.ovn_revision_numbers_db [req-02adcebe-768c-421a-819d-2ac9f5742546 req-204b4170-060a-41f0-b68a-6a440b72dfac 0568ba353edf431bb4df1eb291ec363a 5538a1eea2c1451388551514fdf16ac3 - - c01138d4964944efb48f4cf40c282d0c c01138d4964944efb48f4cf40c282d0c] Successfully bumped revision number for resource bfc7caec-5d50-4afd-9468-52766e8857e4 (type: ports) to 2
2026-09-01 05:08:32.813 10 INFO neutron.wsgi [req-02adcebe-768c-421a-819d-2ac9f5742546 req-204b4170-060a-41f0-b68a-6a440b72dfac 0568ba353edf431bb4df1eb291ec363a 5538a1eea2c1451388551514fdf16ac3 - - c01138d4964944efb48f4cf40c282d0c c01138d4964944efb48f4cf40c282d0c] 162.253.55.243 "PUT /v2.0/ports/bfc7caec-5d50-4afd-9468-52766e8857e4 HTTP/1.1" status: 200 len: 1380 time: 1.0641911 /var/lib/openstack/lib/python3.10/site-packages/pycadf/identifier.py:71: UserWarning: Invalid uuid: neutron. To ensure interoperability, identifiers should be a valid uuid. warnings.warn(('Invalid uuid: %s. To ensure interoperability, '
2026-09-01 05:08:32.909 10 INFO neutron.plugins.ml2.drivers.ovn.mech_driver.mech_driver [None req-4d6dcb05-16f5-462e-8166-6b9945689c2c - - - - - -] OVN reports status down for port: c54cc408-ae6d-4b3a-a207-282ba4f0a4f1
2026-09-01 05:08:32.932 10 INFO neutron.wsgi [req-02adcebe-768c-421a-819d-2ac9f5742546 req-f7b916c4-4709-49d5-bc6b-3d6e39488a7e 0568ba353edf431bb4df1eb291ec363a 5538a1eea2c1451388551514fdf16ac3 - - c01138d4964944efb48f4cf40c282d0c c01138d4964944efb48f4cf40c282d0c] 162.253.55.243 "GET /v2.0/ports?tenant_id=7b24e62d3c8d4da5abdbee729bc7c3a5&device_id=26025c3f-b14c-40ba-868d-fd2e90a53220 HTTP/1.1" status: 200 len: 1411 time: 0.0694878
2026-09-01 05:08:32.966 10 INFO neutron.wsgi [req-f192c39b-b42d-4264-88ee-046c526ab79a req-fbecebd2-c604-43fa-9704-30c97caa4990 cea8bcf929c44a9f9e694c0d169d0087 3bcd6ace99294ecfbf6e7a041f771a6c - - default default] 10.0.0.14 "GET /v2.0/ports?device_id=fcd10bef-96f0-4c69-af0c-7a8f8e91a503 HTTP/1.1" status: 200 len: 1170 time: 0.0775056
2026-09-01 05:08:32.984 10 INFO neutron.wsgi [req-02adcebe-768c-421a-819d-2ac9f5742546 req-3385612b-dcf2-4005-b301-216bdc7115c2 0568ba353edf431bb4df1eb291ec363a 5538a1eea2c1451388551514fdf16ac3 - - c01138d4964944efb48f4cf40c282d0c c01138d4964944efb48f4cf40c282d0c] 162.253.55.243 "GET /v2.0/floatingips?fixed_ip_address=10.100.0.12&port_id=bfc7caec-5d50-4afd-9468-52766e8857e4 HTTP/1.1" status: 200 len: 217 time: 0.0410826
2026-09-01 05:08:33.236 10 INFO neutron.wsgi [req-02adcebe-768c-421a-819d-2ac9f5742546 req-e3955fff-365e-40b7-b197-6431aa0b09f8 0568ba353edf431bb4df1eb291ec363a 5538a1eea2c1451388551514fdf16ac3 - - c01138d4964944efb48f4cf40c282d0c c01138d4964944efb48f4cf40c282d0c] 162.253.55.243 "GET /v2.0/subnets?id=81285a42-33ae-45a3-8f21-e63d7f5701dd HTTP/1.1" status: 200 len: 877 time: 0.2457614
2026-09-01 05:08:33.263 10 INFO neutron.wsgi [req-f192c39b-b42d-4264-88ee-046c526ab79a req-35051c6e-e59d-4aa6-b7d6-69e472f15ace cea8bcf929c44a9f9e694c0d169d0087 3bcd6ace99294ecfbf6e7a041f771a6c - - default default] 10.0.0.14 "GET /v2.0/security-groups?id=17a0f2cd-2fac-4a64-bf2e-94911a145f2f&fields=id&fields=name HTTP/1.1" status: 200 len: 312 time: 0.2840230
2026-09-01 05:08:33.279 10 INFO neutron.wsgi [req-02adcebe-768c-421a-819d-2ac9f5742546 req-dd939b80-2e17-49c9-a53b-9cecbd6f4a47 0568ba353edf431bb4df1eb291ec363a 5538a1eea2c1451388551514fdf16ac3 - - c01138d4964944efb48f4cf40c282d0c c01138d4964944efb48f4cf40c282d0c] 162.253.55.243 "GET /v2.0/ports?network_id=b4d9645b-658a-4cf4-ad6e-034204c5e271&device_owner=network%3Adhcp HTTP/1.1" status: 200 len: 210 time: 0.0316777
2026-09-01 05:08:33.344 10 INFO neutron.wsgi [req-a9f98ab4-0170-4be4-93da-b7248a9e89bb req-ca0b3421-9460-471b-8d3a-0777fb86ebe1 cea8bcf929c44a9f9e694c0d169d0087 3bcd6ace99294ecfbf6e7a041f771a6c - - default default] 162.253.55.243 "GET /v2.0/ports?device_id=fcd10bef-96f0-4c69-af0c-7a8f8e91a503 HTTP/1.1" status: 200 len: 1170 time: 0.0913417
2026-09-01 05:08:33.365 10 INFO neutron.wsgi [req-0ebc0e81-4ecf-49f2-b668-6c5c3255b577 req-8a1116e3-23d6-4b18-97d4-91ae3bc94dfe d0b82c8235d1440a9dc097768bcf4a76 882bfe83d801474585f311e7d1329a63 - - default default] 10.0.0.14 "GET /v2.0/ports?device_id=31e9780f-4a13-42f9-ad46-1c28057bd77d HTTP/1.1" status: 200 len: 1170 time: 0.4358389
2026-09-01 05:08:33.433 10 INFO neutron.wsgi [req-abd72288-d348-4fc7-b7cb-4bde4d765a45 req-b8eb4075-9578-4335-9ac0-900914edfd25 18a4bc32efcd44f89b2e01f5e5ab8582 7b24e62d3c8d4da5abdbee729bc7c3a5 - - default default] 10.0.0.14 "GET /v2.0/ports?device_id=26025c3f-b14c-40ba-868d-fd2e90a53220 HTTP/1.1" status: 200 len: 1172 time: 0.0956385
2026-09-01 05:08:33.455 10 INFO neutron.wsgi [req-02adcebe-768c-421a-819d-2ac9f5742546 req-c85c6af5-f0ae-4092-89fa-f2a454ca4455 0568ba353edf431bb4df1eb291ec363a 5538a1eea2c1451388551514fdf16ac3 - - c01138d4964944efb48f4cf40c282d0c c01138d4964944efb48f4cf40c282d0c] 162.253.55.243 "GET /v2.0/networks/b4d9645b-658a-4cf4-ad6e-034204c5e271?fields=segments HTTP/1.1" status: 200 len: 212 time: 0.1631083
2026-09-01 05:08:33.595 10 INFO neutron.wsgi [req-0ebc0e81-4ecf-49f2-b668-6c5c3255b577 req-03addbdd-e819-4855-93a1-d51e0556e3f6 d0b82c8235d1440a9dc097768bcf4a76 882bfe83d801474585f311e7d1329a63 - - default default] 10.0.0.14 "GET /v2.0/security-groups?id=61f9b4ab-9c1b-457e-b7dd-a638731cd5d8&fields=id&fields=name HTTP/1.1" status: 200 len: 310 time: 0.2053082
2026-09-01 05:08:33.645 10 INFO neutron.wsgi [req-abd72288-d348-4fc7-b7cb-4bde4d765a45 req-4c02c2b9-8c6e-488a-b741-869b2995480c 18a4bc32efcd44f89b2e01f5e5ab8582 7b24e62d3c8d4da5abdbee729bc7c3a5 - - default default] 10.0.0.14 "GET /v2.0/security-groups?id=6737f9e6-b488-4361-a9d0-21ec8253f13c&fields=id&fields=name HTTP/1.1" status: 200 len: 313 time: 0.1974487
2026-09-01 05:08:33.675 10 INFO neutron.notifiers.nova [-] Nova event matching ['req-f445219b-73c1-48fb-9761-e0e50883797f'] response: {'name': 'network-changed', 'server_uuid': 'fcd10bef-96f0-4c69-af0c-7a8f8e91a503', 'tag': 'c54cc408-ae6d-4b3a-a207-282ba4f0a4f1', 'status': 'completed', 'code': 200}
2026-09-01 05:08:33.675 10 INFO neutron.notifiers.nova [-] Nova event matching ['req-f445219b-73c1-48fb-9761-e0e50883797f'] response: {'name': 'network-changed', 'server_uuid': '26025c3f-b14c-40ba-868d-fd2e90a53220', 'tag': 'bfc7caec-5d50-4afd-9468-52766e8857e4', 'status': 'completed', 'code': 200}
2026-09-01 05:08:33.675 10 INFO neutron.notifiers.nova [-] Nova event matching ['req-f445219b-73c1-48fb-9761-e0e50883797f'] response: {'server_uuid': 'fcd10bef-96f0-4c69-af0c-7a8f8e91a503', 'name': 'network-vif-unplugged', 'status': 'completed', 'tag': 'c54cc408-ae6d-4b3a-a207-282ba4f0a4f1', 'code': 200}
2026-09-01 05:08:33.684 10 INFO neutron.wsgi [req-02adcebe-768c-421a-819d-2ac9f5742546 req-53e6366c-14ac-405b-9537-3af683de1dc0 0568ba353edf431bb4df1eb291ec363a 5538a1eea2c1451388551514fdf16ac3 - - c01138d4964944efb48f4cf40c282d0c c01138d4964944efb48f4cf40c282d0c] 162.253.55.243 "GET /v2.0/networks/b4d9645b-658a-4cf4-ad6e-034204c5e271?fields=provider%3Aphysical_network&fields=provider%3Anetwork_type HTTP/1.1" status: 200 len: 277 time: 0.2067502
