2026-09-01 05:09:25.612 9 WARNING neutron.api.rpc.agentnotifiers.dhcp_rpc_agent_api [None req-1cdfd5f5-b8e0-469d-90e3-d13053e66e03 e429e609e3e444c394bf281ba0695321 bfc4d8ffc4954dbb8a5caeacca9581c5 - - default default] Unable to schedule network a118c398-6764-417c-b0f9-19dfc89545f7: no agents available; will retry on subsequent port and subnet creation events.
2026-09-01 05:09:25.683 10 INFO neutron.wsgi [req-8f7176e1-eeb4-486a-9454-8039a35f1c8a req-8ccf91ea-ff3b-4697-95ec-4138ccb12696 0a69f4497b97402d851a51e5dd50ef5d d75c9d7b41ad4d7cacfa6dd1a2832c66 - - default default] 10.0.0.14 "GET /v2.0/ports?device_id=4b875140-2056-4039-a911-571de78b65a6 HTTP/1.1" status: 200 len: 1174 time: 0.0890417
2026-09-01 05:09:25.714 9 INFO neutron.db.ovn_revision_numbers_db [None req-1cdfd5f5-b8e0-469d-90e3-d13053e66e03 e429e609e3e444c394bf281ba0695321 bfc4d8ffc4954dbb8a5caeacca9581c5 - - default default] Successfully bumped revision number for resource f960e136-aa6b-4565-87fa-119b82b53666 (type: ports) to 1
2026-09-01 05:09:25.714 10 INFO neutron.wsgi [req-8f7176e1-eeb4-486a-9454-8039a35f1c8a req-c35c9519-e01b-41f9-aafc-e8cc6895eb8f 0a69f4497b97402d851a51e5dd50ef5d d75c9d7b41ad4d7cacfa6dd1a2832c66 - - default default] 10.0.0.14 "GET /v2.0/security-groups?id=2ba11371-7b13-4c05-8c8e-1628b6194808&fields=id&fields=name HTTP/1.1" status: 200 len: 312 time: 0.0258303
2026-09-01 05:09:25.809 9 INFO neutron.db.ovn_revision_numbers_db [None req-1cdfd5f5-b8e0-469d-90e3-d13053e66e03 e429e609e3e444c394bf281ba0695321 bfc4d8ffc4954dbb8a5caeacca9581c5 - - default default] Successfully bumped revision number for resource 55de3edd-226c-4e26-ae4e-a3ed8014ea09 (type: networks) to 1
2026-09-01 05:09:25.872 9 INFO neutron.wsgi [None req-f80fa6ab-40da-4b8c-acda-02b08913d0f6 d29e5b4a2ea248d68b1e598d7a636f65 a827f847afbe4d19a831d43057724bd0 - - default default] 10.0.0.181 "DELETE /v2.0/ports/5964b25f-9d96-4dcc-8d93-d076098cae1c HTTP/1.1" status: 204 len: 168 time: 0.4417968
2026-09-01 05:09:25.904 10 INFO neutron.pecan_wsgi.hooks.translation [None req-e897f9cf-ac22-4d33-9bd1-8ddb8fb198c9 d29e5b4a2ea248d68b1e598d7a636f65 a827f847afbe4d19a831d43057724bd0 - - default default] GET failed (client error): The resource could not be found.
2026-09-01 05:09:25.907 10 INFO neutron.wsgi [None req-e897f9cf-ac22-4d33-9bd1-8ddb8fb198c9 d29e5b4a2ea248d68b1e598d7a636f65 a827f847afbe4d19a831d43057724bd0 - - default default] 10.0.0.181 "GET /v2.0/ports/5964b25f-9d96-4dcc-8d93-d076098cae1c HTTP/1.1" status: 404 len: 333 time: 0.0288446 /var/lib/openstack/lib/python3.10/site-packages/pycadf/identifier.py:71: UserWarning: Invalid uuid: neutron. To ensure interoperability, identifiers should be a valid uuid. warnings.warn(('Invalid uuid: %s. To ensure interoperability, '
2026-09-01 05:09:26.165 9 WARNING neutron.scheduler.dhcp_agent_scheduler [None req-1cdfd5f5-b8e0-469d-90e3-d13053e66e03 e429e609e3e444c394bf281ba0695321 bfc4d8ffc4954dbb8a5caeacca9581c5 - - default default] No more DHCP agents
2026-09-01 05:09:26.173 9 WARNING neutron.api.rpc.agentnotifiers.dhcp_rpc_agent_api [None req-1cdfd5f5-b8e0-469d-90e3-d13053e66e03 e429e609e3e444c394bf281ba0695321 bfc4d8ffc4954dbb8a5caeacca9581c5 - - default default] Unable to schedule network 55de3edd-226c-4e26-ae4e-a3ed8014ea09: no agents available; will retry on subsequent port and subnet creation events.
2026-09-01 05:09:26.271 9 INFO neutron.db.ovn_revision_numbers_db [None req-1cdfd5f5-b8e0-469d-90e3-d13053e66e03 e429e609e3e444c394bf281ba0695321 bfc4d8ffc4954dbb8a5caeacca9581c5 - - default default] Successfully bumped revision number for resource 7a8aba52-12da-4cea-8882-318f677c79b6 (type: ports) to 1
2026-09-01 05:09:26.295 9 INFO neutron.wsgi [None req-1cdfd5f5-b8e0-469d-90e3-d13053e66e03 e429e609e3e444c394bf281ba0695321 bfc4d8ffc4954dbb8a5caeacca9581c5 - - default default] 10.0.0.181 "POST /v2.0/networks HTTP/1.1" status: 201 len: 1444 time: 1.8062928
2026-09-01 05:09:26.337 9 INFO neutron.wsgi [None req-e8d43c1a-3ba7-45b1-a973-5a7dcd119421 d29e5b4a2ea248d68b1e598d7a636f65 a827f847afbe4d19a831d43057724bd0 - - default default] 10.0.0.181 "DELETE /v2.0/subnets/3c45711e-d281-4639-9476-6a71f71f3d70 HTTP/1.1" status: 204 len: 168 time: 0.4264097
2026-09-01 05:09:26.406 9 INFO neutron.wsgi [None req-34076bf4-a97a-40e7-9785-ae9562ea91bd e429e609e3e444c394bf281ba0695321 bfc4d8ffc4954dbb8a5caeacca9581c5 - - default default] 10.0.0.181 "GET /v2.0/networks HTTP/1.1" status: 200 len: 2050 time: 0.1027594
2026-09-01 05:09:26.777 10 INFO neutron.services.segments.plugin [-] Segment f426d735-7e5f-4f6a-bc15-66db2d8ef804 resource provider aggregate not found
2026-09-01 05:09:26.784 10 INFO neutron.services.segments.plugin [-] Segment f426d735-7e5f-4f6a-bc15-66db2d8ef804 resource provider aggregate not found
2026-09-01 05:09:26.807 9 INFO neutron.wsgi [None req-e2c8498c-903e-4b5d-b3ce-bc5461c857fe e429e609e3e444c394bf281ba0695321 bfc4d8ffc4954dbb8a5caeacca9581c5 - - default default] 10.0.0.181 "DELETE /v2.0/networks/a118c398-6764-417c-b0f9-19dfc89545f7 HTTP/1.1" status: 204 len: 168 time: 0.3887658
2026-09-01 05:09:26.813 10 INFO neutron.services.segments.plugin [-] Segment f426d735-7e5f-4f6a-bc15-66db2d8ef804 resource provider not found; error: Placement Client Error (4xx): {"errors": [{"status": 404, "title": "Not Found", "detail": "The resource could not be found.\n\n No resource provider with uuid f426d735-7e5f-4f6a-bc15-66db2d8ef804 found for delete ", "request_id": "req-1e4e81bb-aa79-4527-bf29-fa7c64743994"}]}
2026-09-01 05:09:26.814 10 INFO neutron.services.segments.plugin [-] Segment f426d735-7e5f-4f6a-bc15-66db2d8ef804 resource provider not found; error: Placement Client Error (4xx): {"errors": [{"status": 404, "title": "Not Found", "detail": "The resource could not be found.\n\n No resource provider with uuid f426d735-7e5f-4f6a-bc15-66db2d8ef804 found for delete ", "request_id": "req-9b2b2e85-5fd7-4cb4-84de-541ddac2ebf8"}]}
2026-09-01 05:09:26.843 10 INFO neutron.wsgi [None req-e8384b81-f7b6-4b46-9866-3f0f226d4bad d29e5b4a2ea248d68b1e598d7a636f65 a827f847afbe4d19a831d43057724bd0 - - default default] 10.0.0.181 "DELETE /v2.0/networks/7050b682-e160-4bac-9697-b8ab555148ef HTTP/1.1" status: 204 len: 168 time: 0.4988153
2026-09-01 05:09:26.878 10 INFO neutron.wsgi [req-cf9b04a1-c374-4b74-be86-1e1e06a5c708 req-f4c23118-0a74-48e5-af0b-198b0d1c183d 0a69f4497b97402d851a51e5dd50ef5d d75c9d7b41ad4d7cacfa6dd1a2832c66 - - default default] 10.0.0.14 "GET /v2.0/ports?device_id=4b875140-2056-4039-a911-571de78b65a6 HTTP/1.1" status: 200 len: 1174 time: 0.0511770
2026-09-01 05:09:26.912 10 INFO neutron.wsgi [req-cf9b04a1-c374-4b74-be86-1e1e06a5c708 req-67f1eb89-c3c8-4f3e-b34c-e731d33503aa 0a69f4497b97402d851a51e5dd50ef5d d75c9d7b41ad4d7cacfa6dd1a2832c66 - - default default] 10.0.0.14 "GET /v2.0/security-groups?id=2ba11371-7b13-4c05-8c8e-1628b6194808&fields=id&fields=name HTTP/1.1" status: 200 len: 312 time: 0.0296545
2026-09-01 05:09:27.006 9 INFO neutron.services.segments.plugin [-] Segment c5b4f978-353c-4e9d-a89b-e3340da60074 resource provider aggregate not found
2026-09-01 05:09:27.018 9 INFO neutron.services.segments.plugin [-] Segment c5b4f978-353c-4e9d-a89b-e3340da60074 resource provider aggregate not found
2026-09-01 05:09:27.020 10 INFO neutron.wsgi [req-9c5ed47f-a9d1-45c8-957c-ff7b18643e83 req-135a4f86-669e-497d-8f12-cfb50d369820 0a69f4497b97402d851a51e5dd50ef5d d75c9d7b41ad4d7cacfa6dd1a2832c66 - - default default] 10.0.0.14 "GET /v2.0/ports?device_id=4b875140-2056-4039-a911-571de78b65a6 HTTP/1.1" status: 200 len: 1174 time: 0.0531683
2026-09-01 05:09:27.028 9 INFO neutron.services.segments.plugin [-] Segment c5b4f978-353c-4e9d-a89b-e3340da60074 resource provider not found; error: Placement Client Error (4xx): {"errors": [{"status": 404, "title": "Not Found", "detail": "The resource could not be found.\n\n No resource provider with uuid c5b4f978-353c-4e9d-a89b-e3340da60074 found for delete ", "request_id": "req-61f90a81-c100-4528-b091-735565543840"}]}
2026-09-01 05:09:27.056 9 INFO neutron.services.segments.plugin [-] Segment c5b4f978-353c-4e9d-a89b-e3340da60074 resource provider not found; error: Placement Client Error (4xx): {"errors": [{"status": 404, "title": "Not Found", "detail": "The resource could not be found.\n\n No resource provider with uuid c5b4f978-353c-4e9d-a89b-e3340da60074 found for delete ", "request_id": "req-684237f1-72fb-42dc-bf51-32909084bbeb"}]}
2026-09-01 05:09:27.211 9 WARNING neutron.scheduler.dhcp_agent_scheduler [None req-a58d8052-35f2-4abe-8e01-6f2dac4baf89 d29e5b4a2ea248d68b1e598d7a636f65 a827f847afbe4d19a831d43057724bd0 - - default default] No more DHCP agents
2026-09-01 05:09:27.216 9 WARNING neutron.api.rpc.agentnotifiers.dhcp_rpc_agent_api [None req-a58d8052-35f2-4abe-8e01-6f2dac4baf89 d29e5b4a2ea248d68b1e598d7a636f65 a827f847afbe4d19a831d43057724bd0 - - default default] Unable to schedule network f2cf4a73-d01d-4c25-b35a-eb1b0a7503ec: no agents available; will retry on subsequent port and subnet creation events.
2026-09-01 05:09:27.261 10 INFO neutron.db.l3_db [None req-bd29f35f-fb19-4d46-9a53-58b00ad20360 0a69f4497b97402d851a51e5dd50ef5d d75c9d7b41ad4d7cacfa6dd1a2832c66 - - default default] Floating IP 63d66b6e-d27c-42c8-b939-9aceefc64ce2 associated. External IP: 10.96.250.203, port: 5efbfc6c-3bdc-444e-bed7-a3e8905fe6cc.
2026-09-01 05:09:27.345 9 INFO neutron.notifiers.nova [-] Nova event matching ['req-6ceb14cb-e4a4-4d6c-ae60-80f9ee7672ee'] response: {'server_uuid': '4b875140-2056-4039-a911-571de78b65a6', 'name': 'network-vif-plugged', 'status': 'completed', 'tag': '5efbfc6c-3bdc-444e-bed7-a3e8905fe6cc', 'code': 200}
2026-09-01 05:09:27.360 9 INFO neutron.db.ovn_revision_numbers_db [None req-a58d8052-35f2-4abe-8e01-6f2dac4baf89 d29e5b4a2ea248d68b1e598d7a636f65 a827f847afbe4d19a831d43057724bd0 - - default default] Successfully bumped revision number for resource cdcada2d-abc5-4523-b108-3e32d7eeb343 (type: ports) to 1
2026-09-01 05:09:27.403 9 INFO neutron.wsgi [None req-a58d8052-35f2-4abe-8e01-6f2dac4baf89 d29e5b4a2ea248d68b1e598d7a636f65 a827f847afbe4d19a831d43057724bd0 - - default default] 10.0.0.181 "POST /v2.0/ports HTTP/1.1" status: 201 len: 973 time: 0.5531332 /var/lib/openstack/lib/python3.10/site-packages/pycadf/identifier.py:71: UserWarning: Invalid uuid: neutron. To ensure interoperability, identifiers should be a valid uuid. warnings.warn(('Invalid uuid: %s. To ensure interoperability, '
2026-09-01 05:09:27.438 9 INFO neutron.wsgi [None req-3ef4b19d-8de2-4a23-9415-09d35bff90da e429e609e3e444c394bf281ba0695321 bfc4d8ffc4954dbb8a5caeacca9581c5 - - default default] 10.0.0.181 "DELETE /v2.0/networks/55de3edd-226c-4e26-ae4e-a3ed8014ea09 HTTP/1.1" status: 204 len: 168 time: 0.6240270
2026-09-01 05:09:27.440 10 INFO neutron.db.ovn_revision_numbers_db [None req-bd29f35f-fb19-4d46-9a53-58b00ad20360 0a69f4497b97402d851a51e5dd50ef5d d75c9d7b41ad4d7cacfa6dd1a2832c66 - - default default] Successfully bumped revision number for resource 63d66b6e-d27c-42c8-b939-9aceefc64ce2 (type: floatingips) to 1 /var/lib/openstack/lib/python3.10/site-packages/pycadf/identifier.py:71: UserWarning: Invalid uuid: neutron. To ensure interoperability, identifiers should be a valid uuid. warnings.warn(('Invalid uuid: %s. To ensure interoperability, '
2026-09-01 05:09:27.566 10 INFO neutron.wsgi [None req-ba6be0d3-347c-4ccc-ba99-702eb8d24af8 e429e609e3e444c394bf281ba0695321 bfc4d8ffc4954dbb8a5caeacca9581c5 - - default default] 10.0.0.181 "GET /v2.0/networks HTTP/1.1" status: 200 len: 845 time: 0.1239364
2026-09-01 05:09:27.608 10 INFO neutron.db.ovn_revision_numbers_db [None req-bd29f35f-fb19-4d46-9a53-58b00ad20360 0a69f4497b97402d851a51e5dd50ef5d d75c9d7b41ad4d7cacfa6dd1a2832c66 - - default default] Successfully bumped revision number for resource 63d66b6e-d27c-42c8-b939-9aceefc64ce2 (type: floatingips) to 2
2026-09-01 05:09:27.635 10 INFO neutron.wsgi [None req-bd29f35f-fb19-4d46-9a53-58b00ad20360 0a69f4497b97402d851a51e5dd50ef5d d75c9d7b41ad4d7cacfa6dd1a2832c66 - - default default] 10.0.0.181 "PUT /v2.0/floatingips/63d66b6e-d27c-42c8-b939-9aceefc64ce2 HTTP/1.1" status: 200 len: 1050 time: 0.5965846
2026-09-01 05:09:27.666 9 INFO neutron.plugins.ml2.drivers.ovn.mech_driver.mech_driver [None req-6452699a-3ba3-46ae-a8c0-ee12f844254f - - - - - -] OVN reports status down for port: cdcada2d-abc5-4523-b108-3e32d7eeb343
2026-09-01 05:09:27.671 10 INFO neutron.notifiers.nova [-] Nova event matching ['req-3fce5eb8-dad5-4649-b223-822622c0526b'] response: {'name': 'network-changed', 'server_uuid': '4b875140-2056-4039-a911-571de78b65a6', 'tag': '5efbfc6c-3bdc-444e-bed7-a3e8905fe6cc', 'status': 'completed', 'code': 200}
2026-09-01 05:09:27.701 9 INFO neutron.db.segments_db [None req-098bd8e2-1ebb-4987-ade2-ed2d5e60b4d0 e429e609e3e444c394bf281ba0695321 bfc4d8ffc4954dbb8a5caeacca9581c5 - - default default] Added segment 9fa6e314-c581-4f77-bf01-a612ab4b0590 of type geneve for network 08ebe731-9bfd-457d-bd44-c1e0c411e541
2026-09-01 05:09:27.715 9 INFO neutron.db.ovn_revision_numbers_db [None req-fef77723-d0fd-4bef-8813-69430b958b08 d29e5b4a2ea248d68b1e598d7a636f65 a827f847afbe4d19a831d43057724bd0 - - default default] Successfully bumped revision number for resource cdcada2d-abc5-4523-b108-3e32d7eeb343 (type: ports) to 2
2026-09-01 05:09:27.748 9 INFO neutron.wsgi [None req-fef77723-d0fd-4bef-8813-69430b958b08 d29e5b4a2ea248d68b1e598d7a636f65 a827f847afbe4d19a831d43057724bd0 - - default default] 10.0.0.181 "PUT /v2.0/ports/cdcada2d-abc5-4523-b108-3e32d7eeb343 HTTP/1.1" status: 200 len: 946 time: 0.3394806 /var/lib/openstack/lib/python3.10/site-packages/pycadf/identifier.py:71: UserWarning: Invalid uuid: neutron. To ensure interoperability, identifiers should be a valid uuid. warnings.warn(('Invalid uuid: %s. To ensure interoperability, '
2026-09-01 05:09:27.897 9 INFO neutron.db.ovn_revision_numbers_db [None req-098bd8e2-1ebb-4987-ade2-ed2d5e60b4d0 e429e609e3e444c394bf281ba0695321 bfc4d8ffc4954dbb8a5caeacca9581c5 - - default default] Successfully bumped revision number for resource 08ebe731-9bfd-457d-bd44-c1e0c411e541 (type: networks) to 1
2026-09-01 05:09:27.977 10 INFO neutron.wsgi [req-c5194504-59f8-49fb-a813-47c5eb949e47 req-3bb2c2ae-9483-4e8c-9743-90831055cf57 0568ba353edf431bb4df1eb291ec363a 5538a1eea2c1451388551514fdf16ac3 - - c01138d4964944efb48f4cf40c282d0c c01138d4964944efb48f4cf40c282d0c] 162.253.55.243 "GET /v2.0/ports?tenant_id=d75c9d7b41ad4d7cacfa6dd1a2832c66&device_id=4b875140-2056-4039-a911-571de78b65a6 HTTP/1.1" status: 200 len: 1413 time: 0.2838175
2026-09-01 05:09:27.988 10 INFO neutron.wsgi [req-2d1ace56-1591-4acd-b0e7-53f6ac1490ff req-4d300da8-5da4-4e7a-bb04-401813ebe006 0a69f4497b97402d851a51e5dd50ef5d d75c9d7b41ad4d7cacfa6dd1a2832c66 - - default default] 10.0.0.14 "GET /v2.0/ports?device_id=4b875140-2056-4039-a911-571de78b65a6 HTTP/1.1" status: 200 len: 1174 time: 0.2730386
2026-09-01 05:09:28.041 10 INFO neutron.wsgi [req-2d1ace56-1591-4acd-b0e7-53f6ac1490ff req-be896d05-3148-43de-9fae-e0419c8ccdd9 0a69f4497b97402d851a51e5dd50ef5d d75c9d7b41ad4d7cacfa6dd1a2832c66 - - default default] 10.0.0.14 "GET /v2.0/security-groups?id=2ba11371-7b13-4c05-8c8e-1628b6194808&fields=id&fields=name HTTP/1.1" status: 200 len: 312 time: 0.0436704
2026-09-01 05:09:28.044 10 INFO neutron.wsgi [req-c5194504-59f8-49fb-a813-47c5eb949e47 req-ba0487dd-42d1-4f4e-8056-c3758831d70a 0568ba353edf431bb4df1eb291ec363a 5538a1eea2c1451388551514fdf16ac3 - - c01138d4964944efb48f4cf40c282d0c c01138d4964944efb48f4cf40c282d0c] 162.253.55.243 "GET /v2.0/networks?id=40c07bbc-1d44-4857-81ff-b632b8095922 HTTP/1.1" status: 200 len: 976 time: 0.0603447
2026-09-01 05:09:28.068 9 INFO neutron.wsgi [None req-4afe0fb4-e9ca-48f0-98e7-9dad55e15afa d29e5b4a2ea248d68b1e598d7a636f65 a827f847afbe4d19a831d43057724bd0 - - default default] 10.0.0.181 "DELETE /v2.0/ports/cdcada2d-abc5-4523-b108-3e32d7eeb343 HTTP/1.1" status: 204 len: 168 time: 0.3146410
2026-09-01 05:09:28.099 10 INFO neutron.wsgi [req-c5194504-59f8-49fb-a813-47c5eb949e47 req-d9f241e0-ed0a-46a3-9adc-29744e5f4613 0568ba353edf431bb4df1eb291ec363a 5538a1eea2c1451388551514fdf16ac3 - - c01138d4964944efb48f4cf40c282d0c c01138d4964944efb48f4cf40c282d0c] 162.253.55.243 "GET /v2.0/floatingips?fixed_ip_address=10.100.0.10&port_id=5efbfc6c-3bdc-444e-bed7-a3e8905fe6cc HTTP/1.1" status: 200 len: 1060 time: 0.0489783
2026-09-01 05:09:28.107 9 WARNING neutron.scheduler.dhcp_agent_scheduler [None req-098bd8e2-1ebb-4987-ade2-ed2d5e60b4d0 e429e609e3e444c394bf281ba0695321 bfc4d8ffc4954dbb8a5caeacca9581c5 - - default default] No more DHCP agents
2026-09-01 05:09:28.110 9 WARNING neutron.api.rpc.agentnotifiers.dhcp_rpc_agent_api [None req-098bd8e2-1ebb-4987-ade2-ed2d5e60b4d0 e429e609e3e444c394bf281ba0695321 bfc4d8ffc4954dbb8a5caeacca9581c5 - - default default] Unable to schedule network 08ebe731-9bfd-457d-bd44-c1e0c411e541: no agents available; will retry on subsequent port and subnet creation events.
2026-09-01 05:09:28.135 10 INFO neutron.wsgi [req-c5194504-59f8-49fb-a813-47c5eb949e47 req-1a91e2f4-91cc-4668-bd04-429e3b856920 0568ba353edf431bb4df1eb291ec363a 5538a1eea2c1451388551514fdf16ac3 - - c01138d4964944efb48f4cf40c282d0c c01138d4964944efb48f4cf40c282d0c] 162.253.55.243 "GET /v2.0/subnets?id=f7cbb51f-31fd-4b56-b106-edb30dddf19c HTTP/1.1" status: 200 len: 872 time: 0.0287426
2026-09-01 05:09:28.168 10 INFO neutron.wsgi [req-c5194504-59f8-49fb-a813-47c5eb949e47 req-d3bbf70e-9d37-45ac-9ab2-212ae7dadc20 0568ba353edf431bb4df1eb291ec363a 5538a1eea2c1451388551514fdf16ac3 - - c01138d4964944efb48f4cf40c282d0c c01138d4964944efb48f4cf40c282d0c] 162.253.55.243 "GET /v2.0/ports?network_id=40c07bbc-1d44-4857-81ff-b632b8095922&device_owner=network%3Adhcp HTTP/1.1" status: 200 len: 210 time: 0.0265782
2026-09-01 05:09:28.193 10 INFO neutron.wsgi [None req-79a12c57-989a-4f86-a48e-d3ce38d25ebc d29e5b4a2ea248d68b1e598d7a636f65 a827f847afbe4d19a831d43057724bd0 - - default default] 10.0.0.181 "GET /v2.0/ports HTTP/1.1" status: 200 len: 1728 time: 0.1198621
2026-09-01 05:09:28.201 9 INFO neutron.db.ovn_revision_numbers_db [None req-098bd8e2-1ebb-4987-ade2-ed2d5e60b4d0 e429e609e3e444c394bf281ba0695321 bfc4d8ffc4954dbb8a5caeacca9581c5 - - default default] Successfully bumped revision number for resource 7972f26a-1daf-4dbf-aa7e-84c15f297197 (type: ports) to 1
2026-09-01 05:09:28.226 10 INFO neutron.pecan_wsgi.hooks.translation [None req-a8d63813-8ed4-4b2c-a15a-7ca9823a4897 d29e5b4a2ea248d68b1e598d7a636f65 a827f847afbe4d19a831d43057724bd0 - - default default] GET failed (client error): The resource could not be found.
2026-09-01 05:09:28.227 10 INFO neutron.wsgi [None req-a8d63813-8ed4-4b2c-a15a-7ca9823a4897 d29e5b4a2ea248d68b1e598d7a636f65 a827f847afbe4d19a831d43057724bd0 - - default default] 10.0.0.181 "GET /v2.0/ports/cdcada2d-abc5-4523-b108-3e32d7eeb343 HTTP/1.1" status: 404 len: 333 time: 0.0296695
2026-09-01 05:09:28.228 9 INFO neutron.wsgi [None req-098bd8e2-1ebb-4987-ade2-ed2d5e60b4d0 e429e609e3e444c394bf281ba0695321 bfc4d8ffc4954dbb8a5caeacca9581c5 - - default default] 10.0.0.181 "POST /v2.0/networks HTTP/1.1" status: 201 len: 849 time: 0.6513832
2026-09-01 05:09:28.251 10 INFO neutron.wsgi [req-c5194504-59f8-49fb-a813-47c5eb949e47 req-310c254a-e78c-4426-85ab-28060552a585 0568ba353edf431bb4df1eb291ec363a 5538a1eea2c1451388551514fdf16ac3 - - c01138d4964944efb48f4cf40c282d0c c01138d4964944efb48f4cf40c282d0c] 162.253.55.243 "GET /v2.0/networks/40c07bbc-1d44-4857-81ff-b632b8095922?fields=segments HTTP/1.1" status: 200 len: 212 time: 0.0773299
2026-09-01 05:09:28.311 10 INFO neutron.wsgi [req-c5194504-59f8-49fb-a813-47c5eb949e47 req-be4e9081-67ea-43ab-b756-48cf3b1cb09b 0568ba353edf431bb4df1eb291ec363a 5538a1eea2c1451388551514fdf16ac3 - - c01138d4964944efb48f4cf40c282d0c c01138d4964944efb48f4cf40c282d0c] 162.253.55.243 "GET /v2.0/networks/40c07bbc-1d44-4857-81ff-b632b8095922?fields=provider%3Aphysical_network&fields=provider%3Anetwork_type HTTP/1.1" status: 200 len: 277 time: 0.0521605
2026-09-01 05:09:28.336 9 INFO neutron.wsgi [None req-c0e69f8c-1a3a-4316-a0b1-d71d34b44dc2 d29e5b4a2ea248d68b1e598d7a636f65 a827f847afbe4d19a831d43057724bd0 - - default default] 10.0.0.181 "GET /v2.0/ports HTTP/1.1" status: 200 len: 1728 time: 0.1011624
2026-09-01 05:09:28.359 10 INFO neutron.wsgi [req-67a5f08f-6bd5-4f6f-85fe-635a4e5b42b7 req-4d2af9a1-8faf-4a3c-951b-87d454eef110 0a69f4497b97402d851a51e5dd50ef5d d75c9d7b41ad4d7cacfa6dd1a2832c66 - - default default] 10.0.0.14 "GET /v2.0/ports?device_id=4b875140-2056-4039-a911-571de78b65a6 HTTP/1.1" status: 200 len: 1174 time: 0.0466638
2026-09-01 05:09:28.369 9 INFO neutron.plugins.ml2.drivers.ovn.mech_driver.mech_driver [None req-6452699a-3ba3-46ae-a8c0-ee12f844254f - - - - - -] OVN reports status down for port: 5efbfc6c-3bdc-444e-bed7-a3e8905fe6cc
2026-09-01 05:09:28.385 10 INFO neutron.db.segments_db [None req-c56663f2-0aee-4f12-b511-31cc01f3935f e429e609e3e444c394bf281ba0695321 bfc4d8ffc4954dbb8a5caeacca9581c5 - - default default] Added segment 144ceb72-932e-4fda-8144-0aab5f1f362e of type geneve for network 3f3b9b57-9d6d-4695-9431-b5d016fd84e6
2026-09-01 05:09:28.425 10 INFO neutron.wsgi [None req-fe5df953-9741-4d79-9787-2ac8f8a2fdb7 d29e5b4a2ea248d68b1e598d7a636f65 a827f847afbe4d19a831d43057724bd0 - - default default] 10.0.0.181 "GET /v2.0/ports/7539568e-fffd-461b-b677-6a6778038a55 HTTP/1.1" status: 200 len: 968 time: 0.0783396
2026-09-01 05:09:28.473 10 INFO neutron.pecan_wsgi.hooks.translation [None req-d94d816f-84b6-4a1e-a20e-a0eb3ee14537 d29e5b4a2ea248d68b1e598d7a636f65 a827f847afbe4d19a831d43057724bd0 - - default default] DELETE failed (client error): The resource could not be found.
2026-09-01 05:09:28.476 10 INFO neutron.wsgi [None req-d94d816f-84b6-4a1e-a20e-a0eb3ee14537 d29e5b4a2ea248d68b1e598d7a636f65 a827f847afbe4d19a831d43057724bd0 - - default default] 10.0.0.181 "DELETE /v2.0/ports/5964b25f-9d96-4dcc-8d93-d076098cae1c HTTP/1.1" status: 404 len: 333 time: 0.0396657
2026-09-01 05:09:28.491 10 INFO neutron.wsgi [req-67a5f08f-6bd5-4f6f-85fe-635a4e5b42b7 req-9db85526-1b31-4d69-9565-d7fc370494e0 0a69f4497b97402d851a51e5dd50ef5d d75c9d7b41ad4d7cacfa6dd1a2832c66 - - default default] 10.0.0.14 "GET /v2.0/security-groups?id=2ba11371-7b13-4c05-8c8e-1628b6194808&fields=id&fields=name HTTP/1.1" status: 200 len: 312 time: 0.1255376
2026-09-01 05:09:28.531 10 INFO neutron.pecan_wsgi.hooks.translation [None req-3b2fb584-fde7-4d24-b417-b48c6ad079b9 d29e5b4a2ea248d68b1e598d7a636f65 a827f847afbe4d19a831d43057724bd0 - - default default] DELETE failed (client error): The resource could not be found.
2026-09-01 05:09:28.534 10 INFO neutron.wsgi [None req-3b2fb584-fde7-4d24-b417-b48c6ad079b9 d29e5b4a2ea248d68b1e598d7a636f65 a827f847afbe4d19a831d43057724bd0 - - default default] 10.0.0.181 "DELETE /v2.0/subnets/3c45711e-d281-4639-9476-6a71f71f3d70 HTTP/1.1" status: 404 len: 337 time: 0.0505466
2026-09-01 05:09:28.561 9 INFO neutron.pecan_wsgi.hooks.translation [None req-7f61f5c0-9109-4986-8087-0009ab82931e d29e5b4a2ea248d68b1e598d7a636f65 a827f847afbe4d19a831d43057724bd0 - - default default] DELETE failed (client error): The resource could not be found.
2026-09-01 05:09:28.563 9 INFO neutron.wsgi [None req-7f61f5c0-9109-4986-8087-0009ab82931e d29e5b4a2ea248d68b1e598d7a636f65 a827f847afbe4d19a831d43057724bd0 - - default default] 10.0.0.181 "DELETE /v2.0/subnets/40c47b7e-8b55-42b4-8f55-c6aad1ee2440 HTTP/1.1" status: 404 len: 337 time: 0.0197830
2026-09-01 05:09:28.683 9 INFO neutron.db.ovn_revision_numbers_db [None req-6452699a-3ba3-46ae-a8c0-ee12f844254f - - - - - -] Successfully bumped revision number for resource 5efbfc6c-3bdc-444e-bed7-a3e8905fe6cc (type: ports) to 5
2026-09-01 05:09:28.696 10 INFO neutron.wsgi [req-b9aeef0a-7fbb-43a8-9eb2-b46ecccc6554 req-64fac021-6d57-4dae-979d-1bc55c2a5687 0a69f4497b97402d851a51e5dd50ef5d d75c9d7b41ad4d7cacfa6dd1a2832c66 - - default default] 162.253.55.243 "GET /v2.0/ports?device_id=4b875140-2056-4039-a911-571de78b65a6 HTTP/1.1" status: 200 len: 1172 time: 0.0652742
2026-09-01 05:09:28.704 10 INFO neutron.db.ovn_revision_numbers_db [None req-c56663f2-0aee-4f12-b511-31cc01f3935f e429e609e3e444c394bf281ba0695321 bfc4d8ffc4954dbb8a5caeacca9581c5 - - default default] Successfully bumped revision number for resource 3f3b9b57-9d6d-4695-9431-b5d016fd84e6 (type: networks) to 1
2026-09-01 05:09:28.959 10 WARNING neutron.scheduler.dhcp_agent_scheduler [None req-c56663f2-0aee-4f12-b511-31cc01f3935f e429e609e3e444c394bf281ba0695321 bfc4d8ffc4954dbb8a5caeacca9581c5 - - default default] No more DHCP agents
2026-09-01 05:09:28.966 10 WARNING neutron.api.rpc.agentnotifiers.dhcp_rpc_agent_api [None req-c56663f2-0aee-4f12-b511-31cc01f3935f e429e609e3e444c394bf281ba0695321 bfc4d8ffc4954dbb8a5caeacca9581c5 - - default default] Unable to schedule network 3f3b9b57-9d6d-4695-9431-b5d016fd84e6: no agents available; will retry on subsequent port and subnet creation events.
2026-09-01 05:09:28.993 10 INFO neutron.wsgi [None req-abc0b64e-8044-4562-a007-bec668f2fa3a d29e5b4a2ea248d68b1e598d7a636f65 a827f847afbe4d19a831d43057724bd0 - - default default] 10.0.0.181 "DELETE /v2.0/ports/7539568e-fffd-461b-b677-6a6778038a55 HTTP/1.1" status: 204 len: 168 time: 0.4233317 /var/lib/openstack/lib/python3.10/site-packages/pycadf/identifier.py:71: UserWarning: Invalid uuid: neutron. To ensure interoperability, identifiers should be a valid uuid. warnings.warn(('Invalid uuid: %s. To ensure interoperability, '
2026-09-01 05:09:29.058 9 INFO neutron.services.segments.plugin [-] Segment 1996c174-734f-478c-b773-8bde253476f7 resource provider aggregate not found
2026-09-01 05:09:29.079 10 INFO neutron.db.ovn_revision_numbers_db [None req-c56663f2-0aee-4f12-b511-31cc01f3935f e429e609e3e444c394bf281ba0695321 bfc4d8ffc4954dbb8a5caeacca9581c5 - - default default] Successfully bumped revision number for resource c8619932-3e81-4ec2-9228-27b46b247401 (type: ports) to 1
2026-09-01 05:09:29.083 9 INFO neutron.services.segments.plugin [-] Segment 1996c174-734f-478c-b773-8bde253476f7 resource provider not found; error: Placement Client Error (4xx): {"errors": [{"status": 404, "title": "Not Found", "detail": "The resource could not be found.\n\n No resource provider with uuid 1996c174-734f-478c-b773-8bde253476f7 found for delete ", "request_id": "req-21353503-3aed-4756-9630-7ac6fa1e8c8f"}]}
2026-09-01 05:09:29.087 9 INFO neutron.services.segments.plugin [-] Segment 1996c174-734f-478c-b773-8bde253476f7 resource provider aggregate not found
2026-09-01 05:09:29.105 9 INFO neutron.services.segments.plugin [-] Segment 1996c174-734f-478c-b773-8bde253476f7 resource provider not found; error: Placement Client Error (4xx): {"errors": [{"status": 404, "title": "Not Found", "detail": "The resource could not be found.\n\n No resource provider with uuid 1996c174-734f-478c-b773-8bde253476f7 found for delete ", "request_id": "req-d6f26c33-ef2c-41f7-97a9-da297bc54461"}]}
2026-09-01 05:09:29.110 10 INFO neutron.wsgi [None req-c56663f2-0aee-4f12-b511-31cc01f3935f e429e609e3e444c394bf281ba0695321 bfc4d8ffc4954dbb8a5caeacca9581c5 - - default default] 10.0.0.181 "POST /v2.0/networks HTTP/1.1" status: 201 len: 848 time: 0.8713019
2026-09-01 05:09:29.113 10 INFO neutron.db.l3_db [req-b9aeef0a-7fbb-43a8-9eb2-b46ecccc6554 req-187aa9bf-33ba-49f1-926d-c834b0c0bb33 0a69f4497b97402d851a51e5dd50ef5d d75c9d7b41ad4d7cacfa6dd1a2832c66 - - default default] Floating IP 63d66b6e-d27c-42c8-b939-9aceefc64ce2 disassociated. External IP: 10.96.250.203, port: 5efbfc6c-3bdc-444e-bed7-a3e8905fe6cc.
2026-09-01 05:09:29.291 10 INFO neutron.wsgi [req-b9aeef0a-7fbb-43a8-9eb2-b46ecccc6554 req-187aa9bf-33ba-49f1-926d-c834b0c0bb33 0a69f4497b97402d851a51e5dd50ef5d d75c9d7b41ad4d7cacfa6dd1a2832c66 - - default default] 162.253.55.243 "DELETE /v2.0/ports/5efbfc6c-3bdc-444e-bed7-a3e8905fe6cc HTTP/1.1" status: 204 len: 173 time: 0.5903766
2026-09-01 05:09:29.399 9 INFO neutron.notifiers.nova [-] Nova event matching ['req-073d99fa-7dd3-42f8-b42f-700c05aaabad'] response: {'server_uuid': '4b875140-2056-4039-a911-571de78b65a6', 'name': 'network-vif-unplugged', 'status': 'completed', 'tag': '5efbfc6c-3bdc-444e-bed7-a3e8905fe6cc', 'code': 200}
2026-09-01 05:09:29.399 9 INFO neutron.notifiers.nova [-] Nova event matching ['req-073d99fa-7dd3-42f8-b42f-700c05aaabad'] response: {'server_uuid': '4b875140-2056-4039-a911-571de78b65a6', 'name': 'network-vif-plugged', 'status': 'completed', 'tag': '5efbfc6c-3bdc-444e-bed7-a3e8905fe6cc', 'code': 200}
2026-09-01 05:09:29.468 9 INFO neutron.wsgi [None req-0d2fd4d8-0309-408b-b87e-155fc44d4aaf d29e5b4a2ea248d68b1e598d7a636f65 a827f847afbe4d19a831d43057724bd0 - - default default] 10.0.0.181 "DELETE /v2.0/networks/f2cf4a73-d01d-4c25-b35a-eb1b0a7503ec HTTP/1.1" status: 204 len: 168 time: 0.4702735 /var/lib/openstack/lib/python3.10/site-packages/pycadf/identifier.py:71: UserWarning: Invalid uuid: neutron. To ensure interoperability, identifiers should be a valid uuid. warnings.warn(('Invalid uuid: %s. To ensure interoperability, '
2026-09-01 05:09:29.636 10 INFO neutron.wsgi [req-3ca6c5fc-ff7b-45bb-9f16-e1d4446b5378 req-644d47db-1f42-4286-b756-5f7a5c0de8a0 0a69f4497b97402d851a51e5dd50ef5d d75c9d7b41ad4d7cacfa6dd1a2832c66 - - default default] 10.0.0.14 "GET /v2.0/ports?device_id=4b875140-2056-4039-a911-571de78b65a6 HTTP/1.1" status: 200 len: 210 time: 0.0298510
2026-09-01 05:09:29.687 9 WARNING neutron.scheduler.dhcp_agent_scheduler [None req-2b4cb007-38fa-413c-8418-9036f2214732 e429e609e3e444c394bf281ba0695321 bfc4d8ffc4954dbb8a5caeacca9581c5 - - default default] No more DHCP agents
2026-09-01 05:09:29.690 9 WARNING neutron.api.rpc.agentnotifiers.dhcp_rpc_agent_api [None req-2b4cb007-38fa-413c-8418-9036f2214732 e429e609e3e444c394bf281ba0695321 bfc4d8ffc4954dbb8a5caeacca9581c5 - - default default] Unable to schedule network 08ebe731-9bfd-457d-bd44-c1e0c411e541: no agents available; will retry on subsequent port and subnet creation events.
2026-09-01 05:09:29.707 10 INFO neutron.notifiers.nova [-] Nova event matching ['req-b7669c7b-075b-4c00-ad9d-f91482abff28'] response: {'server_uuid': '4b875140-2056-4039-a911-571de78b65a6', 'name': 'network-vif-deleted', 'tag': '5efbfc6c-3bdc-444e-bed7-a3e8905fe6cc', 'status': 'completed', 'code': 200}
2026-09-01 05:09:29.958 9 INFO neutron.db.ovn_revision_numbers_db [None req-2b4cb007-38fa-413c-8418-9036f2214732 e429e609e3e444c394bf281ba0695321 bfc4d8ffc4954dbb8a5caeacca9581c5 - - default default] Successfully bumped revision number for resource 0e527956-3da5-40bd-92c9-2ddcd19df078 (type: ports) to 1
2026-09-01 05:09:29.979 9 WARNING neutron.scheduler.dhcp_agent_scheduler [None req-2b4cb007-38fa-413c-8418-9036f2214732 e429e609e3e444c394bf281ba0695321 bfc4d8ffc4954dbb8a5caeacca9581c5 - - default default] No more DHCP agents
2026-09-01 05:09:29.983 9 WARNING neutron.api.rpc.agentnotifiers.dhcp_rpc_agent_api [None req-2b4cb007-38fa-413c-8418-9036f2214732 e429e609e3e444c394bf281ba0695321 bfc4d8ffc4954dbb8a5caeacca9581c5 - - default default] Unable to schedule network 3f3b9b57-9d6d-4695-9431-b5d016fd84e6: no agents available; will retry on subsequent port and subnet creation events.
2026-09-01 05:09:30.049 9 INFO neutron.db.ovn_revision_numbers_db [None req-2b4cb007-38fa-413c-8418-9036f2214732 e429e609e3e444c394bf281ba0695321 bfc4d8ffc4954dbb8a5caeacca9581c5 - - default default] Successfully bumped revision number for resource 25af30c6-c763-45e3-a802-4503dfc2e35e (type: ports) to 1
2026-09-01 05:09:30.078 9 INFO neutron.wsgi [None req-2b4cb007-38fa-413c-8418-9036f2214732 e429e609e3e444c394bf281ba0695321 bfc4d8ffc4954dbb8a5caeacca9581c5 - - default default] 10.0.0.181 "POST /v2.0/ports HTTP/1.1" status: 201 len: 1705 time: 0.9625678 /var/lib/openstack/lib/python3.10/site-packages/pycadf/identifier.py:71: UserWarning: Invalid uuid: neutron. To ensure interoperability, identifiers should be a valid uuid. warnings.warn(('Invalid uuid: %s. To ensure interoperability, '
2026-09-01 05:09:30.187 9 INFO neutron.wsgi [None req-2d5d82ce-f1b2-4ee7-b7f5-943b87963160 e429e609e3e444c394bf281ba0695321 bfc4d8ffc4954dbb8a5caeacca9581c5 - - default default] 10.0.0.181 "GET /v2.0/ports HTTP/1.1" status: 200 len: 3212 time: 0.0975220
2026-09-01 05:09:30.346 10 INFO neutron.wsgi [None req-5ca6739e-fc5f-46d4-bb92-0d4c5b9718a3 20f45880a3d641df9aaeabe63f6015fe fdde9091cbea44ae8558bb37fa265712 - - default default] 10.0.0.181 "GET /v2.0/security-groups?tenant_id=a827f847afbe4d19a831d43057724bd0&name=default HTTP/1.1" status: 200 len: 2996 time: 0.1421039
2026-09-01 05:09:30.377 9 INFO neutron.wsgi [None req-fe7b1a3b-a15c-4c5b-a7d7-155eaff9d42d e429e609e3e444c394bf281ba0695321 bfc4d8ffc4954dbb8a5caeacca9581c5 - - default default] 10.0.0.181 "DELETE /v2.0/ports/0e527956-3da5-40bd-92c9-2ddcd19df078 HTTP/1.1" status: 204 len: 168 time: 0.1857815
2026-09-01 05:09:30.621 10 INFO neutron.wsgi [None req-9533f6f4-3183-4324-bc2a-7b69c393ebac e429e609e3e444c394bf281ba0695321 bfc4d8ffc4954dbb8a5caeacca9581c5 - - default default] 10.0.0.181 "DELETE /v2.0/ports/25af30c6-c763-45e3-a802-4503dfc2e35e HTTP/1.1" status: 204 len: 168 time: 0.2390251
2026-09-01 05:09:30.645 10 INFO neutron.wsgi [None req-af36e099-20f7-4721-95e1-cb0d92f1f5dc 20f45880a3d641df9aaeabe63f6015fe fdde9091cbea44ae8558bb37fa265712 - - default default] 10.0.0.181 "DELETE /v2.0/security-groups/a77e30c6-003f-4f8c-a3b4-e5bf08b8cbc0 HTTP/1.1" status: 204 len: 168 time: 0.2955155
2026-09-01 05:09:30.676 9 INFO neutron.wsgi [None req-329ab38c-a829-4fb1-9051-e960db2dd478 e429e609e3e444c394bf281ba0695321 bfc4d8ffc4954dbb8a5caeacca9581c5 - - default default] 10.0.0.181 "GET /v2.0/ports HTTP/1.1" status: 200 len: 1718 time: 0.0462575
2026-09-01 05:09:30.755 10 INFO neutron.db.segments_db [None req-ffe6041b-49aa-46c1-96d8-993d79b5e485 e429e609e3e444c394bf281ba0695321 bfc4d8ffc4954dbb8a5caeacca9581c5 - - default default] Added segment f43e6a55-5790-44b5-a5ec-bad7d415b9ce of type geneve for network cd38231a-c47c-4cf1-b0cf-e3408e531b19
2026-09-01 05:09:30.840 9 INFO neutron.wsgi [None req-2284226e-57e6-4b61-82f5-d2b9632ba9cf 0a69f4497b97402d851a51e5dd50ef5d d75c9d7b41ad4d7cacfa6dd1a2832c66 - - default default] 10.0.0.181 "DELETE /v2.0/security-groups/2ba11371-7b13-4c05-8c8e-1628b6194808 HTTP/1.1" status: 204 len: 168 time: 0.1344173
2026-09-01 05:09:30.857 9 INFO neutron.api.v2.resource [None req-cdd0fa14-f720-4f63-955f-9a4af6a760af 0a69f4497b97402d851a51e5dd50ef5d d75c9d7b41ad4d7cacfa6dd1a2832c66 - - default default] show failed (client error): The resource could not be found.
2026-09-01 05:09:30.858 9 INFO neutron.wsgi [None req-cdd0fa14-f720-4f63-955f-9a4af6a760af 0a69f4497b97402d851a51e5dd50ef5d d75c9d7b41ad4d7cacfa6dd1a2832c66 - - default default] 10.0.0.181 "GET /v2.0/security-groups/2ba11371-7b13-4c05-8c8e-1628b6194808 HTTP/1.1" status: 404 len: 347 time: 0.0130255
2026-09-01 05:09:30.887 10 INFO neutron.db.ovn_revision_numbers_db [None req-ffe6041b-49aa-46c1-96d8-993d79b5e485 e429e609e3e444c394bf281ba0695321 bfc4d8ffc4954dbb8a5caeacca9581c5 - - default default] Successfully bumped revision number for resource cd38231a-c47c-4cf1-b0cf-e3408e531b19 (type: networks) to 1
2026-09-01 05:09:31.083 10 WARNING neutron.scheduler.dhcp_agent_scheduler [None req-ffe6041b-49aa-46c1-96d8-993d79b5e485 e429e609e3e444c394bf281ba0695321 bfc4d8ffc4954dbb8a5caeacca9581c5 - - default default] No more DHCP agents
2026-09-01 05:09:31.085 10 WARNING neutron.api.rpc.agentnotifiers.dhcp_rpc_agent_api [None req-ffe6041b-49aa-46c1-96d8-993d79b5e485 e429e609e3e444c394bf281ba0695321 bfc4d8ffc4954dbb8a5caeacca9581c5 - - default default] Unable to schedule network cd38231a-c47c-4cf1-b0cf-e3408e531b19: no agents available; will retry on subsequent port and subnet creation events.
2026-09-01 05:09:31.104 9 INFO neutron.services.segments.plugin [-] Segment 06b901f8-7b7d-4015-9c5c-187810fa1a25 resource provider aggregate not found
2026-09-01 05:09:31.127 9 INFO neutron.services.segments.plugin [-] Segment 06b901f8-7b7d-4015-9c5c-187810fa1a25 resource provider aggregate not found
2026-09-01 05:09:31.137 9 INFO neutron.services.segments.plugin [-] Segment 06b901f8-7b7d-4015-9c5c-187810fa1a25 resource provider not found; error: Placement Client Error (4xx): {"errors": [{"status": 404, "title": "Not Found", "detail": "The resource could not be found.\n\n No resource provider with uuid 06b901f8-7b7d-4015-9c5c-187810fa1a25 found for delete ", "request_id": "req-15bd1265-98a0-41b2-9ffa-b20b88426b35"}]}
2026-09-01 05:09:31.148 9 INFO neutron.services.segments.plugin [-] Segment 06b901f8-7b7d-4015-9c5c-187810fa1a25 resource provider not found; error: Placement Client Error (4xx): {"errors": [{"status": 404, "title": "Not Found", "detail": "The resource could not be found.\n\n No resource provider with uuid 06b901f8-7b7d-4015-9c5c-187810fa1a25 found for delete ", "request_id": "req-7ef9af53-4898-4b2f-bc22-9062dbaa0e56"}]}
2026-09-01 05:09:31.174 10 INFO neutron.db.ovn_revision_numbers_db [None req-ffe6041b-49aa-46c1-96d8-993d79b5e485 e429e609e3e444c394bf281ba0695321 bfc4d8ffc4954dbb8a5caeacca9581c5 - - default default] Successfully bumped revision number for resource df0b05bf-766c-49a2-9e8c-45d6acaa880e (type: ports) to 1
2026-09-01 05:09:31.203 10 INFO neutron.wsgi [None req-ffe6041b-49aa-46c1-96d8-993d79b5e485 e429e609e3e444c394bf281ba0695321 bfc4d8ffc4954dbb8a5caeacca9581c5 - - default default] 10.0.0.181 "POST /v2.0/networks HTTP/1.1" status: 201 len: 849 time: 0.5230379
2026-09-01 05:09:31.208 9 INFO neutron.wsgi [None req-1a53bfab-8bc2-4457-b159-62f9d4e03dba 0a69f4497b97402d851a51e5dd50ef5d d75c9d7b41ad4d7cacfa6dd1a2832c66 - - default default] 10.0.0.181 "DELETE /v2.0/floatingips/63d66b6e-d27c-42c8-b939-9aceefc64ce2 HTTP/1.1" status: 204 len: 168 time: 0.3445132
2026-09-01 05:09:31.320 10 INFO neutron.db.segments_db [None req-45d218c6-66ec-41fe-a5a4-c2ff1150b985 e429e609e3e444c394bf281ba0695321 bfc4d8ffc4954dbb8a5caeacca9581c5 - - default default] Added segment 1baa628b-398a-4fb1-b3f0-629c663ca2e3 of type geneve for network 38465471-31d5-46c9-87c8-029be59df07a
2026-09-01 05:09:31.473 10 INFO neutron.db.ovn_revision_numbers_db [None req-45d218c6-66ec-41fe-a5a4-c2ff1150b985 e429e609e3e444c394bf281ba0695321 bfc4d8ffc4954dbb8a5caeacca9581c5 - - default default] Successfully bumped revision number for resource 38465471-31d5-46c9-87c8-029be59df07a (type: networks) to 1
2026-09-01 05:09:31.743 10 WARNING neutron.scheduler.dhcp_agent_scheduler [None req-45d218c6-66ec-41fe-a5a4-c2ff1150b985 e429e609e3e444c394bf281ba0695321 bfc4d8ffc4954dbb8a5caeacca9581c5 - - default default] No more DHCP agents
2026-09-01 05:09:31.746 10 WARNING neutron.api.rpc.agentnotifiers.dhcp_rpc_agent_api [None req-45d218c6-66ec-41fe-a5a4-c2ff1150b985 e429e609e3e444c394bf281ba0695321 bfc4d8ffc4954dbb8a5caeacca9581c5 - - default default] Unable to schedule network 38465471-31d5-46c9-87c8-029be59df07a: no agents available; will retry on subsequent port and subnet creation events.
2026-09-01 05:09:31.833 10 INFO neutron.db.ovn_revision_numbers_db [None req-45d218c6-66ec-41fe-a5a4-c2ff1150b985 e429e609e3e444c394bf281ba0695321 bfc4d8ffc4954dbb8a5caeacca9581c5 - - default default] Successfully bumped revision number for resource c6f5982f-583a-4870-8f5c-01fe14d66461 (type: ports) to 1
2026-09-01 05:09:31.854 10 INFO neutron.wsgi [None req-45d218c6-66ec-41fe-a5a4-c2ff1150b985 e429e609e3e444c394bf281ba0695321 bfc4d8ffc4954dbb8a5caeacca9581c5 - - default default] 10.0.0.181 "POST /v2.0/networks HTTP/1.1" status: 201 len: 849 time: 0.6460164
2026-09-01 05:09:32.089 9 INFO neutron.wsgi [None req-7080c4ac-bcea-4d3f-9d7a-4dbee213574d 20f45880a3d641df9aaeabe63f6015fe fdde9091cbea44ae8558bb37fa265712 - - default default] 10.0.0.181 "PUT /v2.0/routers/00c715d0-0977-41f3-b436-f7595b95a336/remove_router_interface HTTP/1.1" status: 200 len: 503 time: 0.8758974 /var/lib/openstack/lib/python3.10/site-packages/pycadf/identifier.py:71: UserWarning: Invalid uuid: neutron. To ensure interoperability, identifiers should be a valid uuid. warnings.warn(('Invalid uuid: %s. To ensure interoperability, '
2026-09-01 05:09:32.297 10 WARNING neutron.scheduler.dhcp_agent_scheduler [None req-21b0f61a-1792-49f2-92ae-b92f9dea8c6b e429e609e3e444c394bf281ba0695321 bfc4d8ffc4954dbb8a5caeacca9581c5 - - default default] No more DHCP agents
2026-09-01 05:09:32.298 10 WARNING neutron.api.rpc.agentnotifiers.dhcp_rpc_agent_api [None req-21b0f61a-1792-49f2-92ae-b92f9dea8c6b e429e609e3e444c394bf281ba0695321 bfc4d8ffc4954dbb8a5caeacca9581c5 - - default default] Unable to schedule network cd38231a-c47c-4cf1-b0cf-e3408e531b19: no agents available; will retry on subsequent port and subnet creation events.
2026-09-01 05:09:32.495 9 INFO neutron.db.ovn_revision_numbers_db [None req-0495caf7-0eca-4c25-8b04-86847b585d5e 20f45880a3d641df9aaeabe63f6015fe fdde9091cbea44ae8558bb37fa265712 - - default default] Successfully bumped revision number for resource 6316100f-9fa0-4f8a-adab-f09135526471 (type: security_groups) to 1
2026-09-01 05:09:32.513 9 INFO neutron.db.ovn_revision_numbers_db [None req-0495caf7-0eca-4c25-8b04-86847b585d5e 20f45880a3d641df9aaeabe63f6015fe fdde9091cbea44ae8558bb37fa265712 - - default default] Successfully bumped revision number for resource 2902679c-af81-43f3-9396-887be9bc7827 (type: security_group_rules) to 0
2026-09-01 05:09:32.528 9 INFO neutron.db.ovn_revision_numbers_db [None req-0495caf7-0eca-4c25-8b04-86847b585d5e 20f45880a3d641df9aaeabe63f6015fe fdde9091cbea44ae8558bb37fa265712 - - default default] Successfully bumped revision number for resource 382194a7-820e-47b4-8519-e3e299b656f6 (type: security_group_rules) to 0
2026-09-01 05:09:32.552 9 INFO neutron.db.ovn_revision_numbers_db [None req-0495caf7-0eca-4c25-8b04-86847b585d5e 20f45880a3d641df9aaeabe63f6015fe fdde9091cbea44ae8558bb37fa265712 - - default default] Successfully bumped revision number for resource 5c287652-9bf7-4817-a2af-c07d3dd7ab1c (type: security_group_rules) to 0
2026-09-01 05:09:32.569 9 INFO neutron.db.ovn_revision_numbers_db [None req-0495caf7-0eca-4c25-8b04-86847b585d5e 20f45880a3d641df9aaeabe63f6015fe fdde9091cbea44ae8558bb37fa265712 - - default default] Successfully bumped revision number for resource 8ea055e4-0586-4daa-9d62-551ed14a9af6 (type: security_group_rules) to 0
2026-09-01 05:09:32.596 9 INFO neutron.wsgi [None req-0495caf7-0eca-4c25-8b04-86847b585d5e 20f45880a3d641df9aaeabe63f6015fe fdde9091cbea44ae8558bb37fa265712 - - default default] 10.0.0.181 "GET /v2.0/security-groups?tenant_id=876377908c354c929beb97344ac719c3&name=default HTTP/1.1" status: 200 len: 2996 time: 0.4684327
2026-09-01 05:09:32.742 9 INFO neutron.wsgi [None req-73189dae-54f0-4875-b7c6-f416c4b1f722 20f45880a3d641df9aaeabe63f6015fe fdde9091cbea44ae8558bb37fa265712 - - default default] 10.0.0.181 "DELETE /v2.0/routers/00c715d0-0977-41f3-b436-f7595b95a336 HTTP/1.1" status: 204 len: 168 time: 0.6474953
2026-09-01 05:09:32.743 10 INFO neutron.db.ovn_revision_numbers_db [None req-21b0f61a-1792-49f2-92ae-b92f9dea8c6b e429e609e3e444c394bf281ba0695321 bfc4d8ffc4954dbb8a5caeacca9581c5 - - default default] Successfully bumped revision number for resource df0b05bf-766c-49a2-9e8c-45d6acaa880e (type: ports) to 2
2026-09-01 05:09:32.781 10 INFO neutron.db.ovn_revision_numbers_db [None req-21b0f61a-1792-49f2-92ae-b92f9dea8c6b e429e609e3e444c394bf281ba0695321 bfc4d8ffc4954dbb8a5caeacca9581c5 - - default default] Successfully bumped revision number for resource 0b8a4a07-bde5-4655-8b5a-562d08115799 (type: subnets) to 0
2026-09-01 05:09:32.802 10 WARNING neutron.scheduler.dhcp_agent_scheduler [None req-21b0f61a-1792-49f2-92ae-b92f9dea8c6b e429e609e3e444c394bf281ba0695321 bfc4d8ffc4954dbb8a5caeacca9581c5 - - default default] No more DHCP agents
2026-09-01 05:09:32.806 10 WARNING neutron.api.rpc.agentnotifiers.dhcp_rpc_agent_api [None req-21b0f61a-1792-49f2-92ae-b92f9dea8c6b e429e609e3e444c394bf281ba0695321 bfc4d8ffc4954dbb8a5caeacca9581c5 - - default default] Unable to schedule network 38465471-31d5-46c9-87c8-029be59df07a: no agents available; will retry on subsequent port and subnet creation events.
2026-09-01 05:09:32.862 10 INFO neutron.wsgi [None req-ee9c6ea4-42b0-46ee-b27b-771d2b03f755 20f45880a3d641df9aaeabe63f6015fe fdde9091cbea44ae8558bb37fa265712 - - default default] 10.0.0.181 "DELETE /v2.0/security-groups/6316100f-9fa0-4f8a-adab-f09135526471 HTTP/1.1" status: 204 len: 168 time: 0.2594042
2026-09-01 05:09:32.942 9 INFO neutron.wsgi [None req-bafa6763-4ae5-4cf8-90bb-a16cd8e4381e 20f45880a3d641df9aaeabe63f6015fe fdde9091cbea44ae8558bb37fa265712 - - default default] 10.0.0.181 "DELETE /v2.0/subnets/f7cbb51f-31fd-4b56-b106-edb30dddf19c HTTP/1.1" status: 204 len: 168 time: 0.1940608
2026-09-01 05:09:33.028 9 INFO neutron.db.ovn_revision_numbers_db [None req-ed21eb3c-48bf-4e95-a720-8f072917a9c0 426c3e48ed064212b6acbac372c2f7f3 1570f373e48b468aaabd2adb0974e337 - - default default] Successfully bumped revision number for resource da019baa-66e4-446d-ab12-a14a8d63212b (type: security_groups) to 1
2026-09-01 05:09:33.072 9 INFO neutron.db.ovn_revision_numbers_db [None req-ed21eb3c-48bf-4e95-a720-8f072917a9c0 426c3e48ed064212b6acbac372c2f7f3 1570f373e48b468aaabd2adb0974e337 - - default default] Successfully bumped revision number for resource 10644df1-831a-44e0-991c-c96ec6f3ca89 (type: security_group_rules) to 0
2026-09-01 05:09:33.098 9 INFO neutron.db.ovn_revision_numbers_db [None req-ed21eb3c-48bf-4e95-a720-8f072917a9c0 426c3e48ed064212b6acbac372c2f7f3 1570f373e48b468aaabd2adb0974e337 - - default default] Successfully bumped revision number for resource 5e7c44d2-e4f5-487f-9d01-656bfb3bcb84 (type: security_group_rules) to 0
2026-09-01 05:09:33.119 9 INFO neutron.db.ovn_revision_numbers_db [None req-ed21eb3c-48bf-4e95-a720-8f072917a9c0 426c3e48ed064212b6acbac372c2f7f3 1570f373e48b468aaabd2adb0974e337 - - default default] Successfully bumped revision number for resource 956bb1d0-73b5-4ea3-a288-4f1337aebb10 (type: security_group_rules) to 0
2026-09-01 05:09:33.138 9 INFO neutron.db.ovn_revision_numbers_db [None req-ed21eb3c-48bf-4e95-a720-8f072917a9c0 426c3e48ed064212b6acbac372c2f7f3 1570f373e48b468aaabd2adb0974e337 - - default default] Successfully bumped revision number for resource 9fb0209b-e123-47ee-a840-f47a03dd7d0e (type: security_group_rules) to 0
2026-09-01 05:09:33.206 9 INFO neutron.db.segments_db [None req-ed21eb3c-48bf-4e95-a720-8f072917a9c0 426c3e48ed064212b6acbac372c2f7f3 1570f373e48b468aaabd2adb0974e337 - - default default] Added segment 9088a54f-3658-4e3d-a5f1-4b0f475bb795 of type geneve for network 7b5ee656-78b9-4461-8990-f68f9194510e
2026-09-01 05:09:33.212 9 INFO neutron.db.ovn_revision_numbers_db [None req-5cd0bfd9-30a9-4a27-a41a-15b650cbecd5 20f45880a3d641df9aaeabe63f6015fe fdde9091cbea44ae8558bb37fa265712 - - default default] Successfully bumped revision number for resource 580319a5-c132-41fb-81c8-861031ef3023 (type: security_groups) to 1
2026-09-01 05:09:33.238 9 INFO neutron.db.ovn_revision_numbers_db [None req-5cd0bfd9-30a9-4a27-a41a-15b650cbecd5 20f45880a3d641df9aaeabe63f6015fe fdde9091cbea44ae8558bb37fa265712 - - default default] Successfully bumped revision number for resource 660088d9-76ec-46a7-9da7-00b27747895b (type: security_group_rules) to 0
2026-09-01 05:09:33.266 9 INFO neutron.db.ovn_revision_numbers_db [None req-5cd0bfd9-30a9-4a27-a41a-15b650cbecd5 20f45880a3d641df9aaeabe63f6015fe fdde9091cbea44ae8558bb37fa265712 - - default default] Successfully bumped revision number for resource 6e6ba26b-0206-45bd-8042-4e311c4117d6 (type: security_group_rules) to 0
2026-09-01 05:09:33.286 9 INFO neutron.db.ovn_revision_numbers_db [None req-5cd0bfd9-30a9-4a27-a41a-15b650cbecd5 20f45880a3d641df9aaeabe63f6015fe fdde9091cbea44ae8558bb37fa265712 - - default default] Successfully bumped revision number for resource 741683a3-2902-4bc8-a93e-3f3d8608289b (type: security_group_rules) to 0
2026-09-01 05:09:33.312 9 INFO neutron.db.ovn_revision_numbers_db [None req-5cd0bfd9-30a9-4a27-a41a-15b650cbecd5 20f45880a3d641df9aaeabe63f6015fe fdde9091cbea44ae8558bb37fa265712 - - default default] Successfully bumped revision number for resource ba60f769-a94b-492e-9da7-904d6f0a0247 (type: security_group_rules) to 0
2026-09-01 05:09:33.347 9 INFO neutron.wsgi [None req-5cd0bfd9-30a9-4a27-a41a-15b650cbecd5 20f45880a3d641df9aaeabe63f6015fe fdde9091cbea44ae8558bb37fa265712 - - default default] 10.0.0.181 "GET /v2.0/security-groups?tenant_id=223558db4d2641789be4a5cff4685770&name=default HTTP/1.1" status: 200 len: 2996 time: 0.2861941
2026-09-01 05:09:33.357 9 INFO neutron.db.ovn_revision_numbers_db [None req-ed21eb3c-48bf-4e95-a720-8f072917a9c0 426c3e48ed064212b6acbac372c2f7f3 1570f373e48b468aaabd2adb0974e337 - - default default] Successfully bumped revision number for resource 7b5ee656-78b9-4461-8990-f68f9194510e (type: networks) to 1
2026-09-01 05:09:33.493 10 INFO neutron.db.ovn_revision_numbers_db [None req-21b0f61a-1792-49f2-92ae-b92f9dea8c6b e429e609e3e444c394bf281ba0695321 bfc4d8ffc4954dbb8a5caeacca9581c5 - - default default] Successfully bumped revision number for resource c6f5982f-583a-4870-8f5c-01fe14d66461 (type: ports) to 2
2026-09-01 05:09:33.536 9 WARNING neutron.scheduler.dhcp_agent_scheduler [None req-ed21eb3c-48bf-4e95-a720-8f072917a9c0 426c3e48ed064212b6acbac372c2f7f3 1570f373e48b468aaabd2adb0974e337 - - default default] No more DHCP agents
2026-09-01 05:09:33.540 9 WARNING neutron.api.rpc.agentnotifiers.dhcp_rpc_agent_api [None req-ed21eb3c-48bf-4e95-a720-8f072917a9c0 426c3e48ed064212b6acbac372c2f7f3 1570f373e48b468aaabd2adb0974e337 - - default default] Unable to schedule network 7b5ee656-78b9-4461-8990-f68f9194510e: no agents available; will retry on subsequent port and subnet creation events.
2026-09-01 05:09:33.548 10 INFO neutron.db.ovn_revision_numbers_db [None req-21b0f61a-1792-49f2-92ae-b92f9dea8c6b e429e609e3e444c394bf281ba0695321 bfc4d8ffc4954dbb8a5caeacca9581c5 - - default default] Successfully bumped revision number for resource c0bb2f76-70cc-41fd-a529-4f2358cda53f (type: subnets) to 0
