2026-09-01 05:23:25.505 9 INFO neutron.wsgi [None req-158a1573-1255-4705-95ae-e04c99884e9e 05b544b9c0b641629a173227e45b4a31 db9b2e4c5a31492399160a4d164ae3d3 - - default default] 10.0.0.181 "GET /v2.0/subnetpools?tags=red HTTP/1.1" status: 200 len: 1758 time: 0.0280924
2026-09-01 05:23:25.538 9 INFO neutron.wsgi [None req-84e01bc0-82b8-4deb-9841-feacf744263b 05b544b9c0b641629a173227e45b4a31 db9b2e4c5a31492399160a4d164ae3d3 - - default default] 10.0.0.181 "GET /v2.0/subnetpools?tags=red%2Cblue HTTP/1.1" status: 200 len: 1251 time: 0.0270855
2026-09-01 05:23:25.567 9 INFO neutron.wsgi [None req-9ec68e90-8b33-4c0d-bc4a-236bc08840ea 05b544b9c0b641629a173227e45b4a31 db9b2e4c5a31492399160a4d164ae3d3 - - default default] 10.0.0.181 "GET /v2.0/subnetpools?tags-any=blue HTTP/1.1" status: 200 len: 1251 time: 0.0205202
2026-09-01 05:23:25.599 9 INFO neutron.wsgi [None req-238b075b-0360-4125-ac37-3d7d188dc41a 05b544b9c0b641629a173227e45b4a31 db9b2e4c5a31492399160a4d164ae3d3 - - default default] 10.0.0.181 "GET /v2.0/subnetpools?tags-any=red%2Cblue HTTP/1.1" status: 200 len: 1758 time: 0.0248616
2026-09-01 05:23:25.631 9 INFO neutron.wsgi [None req-15503c9b-8e09-42ff-9e51-09136337fff7 05b544b9c0b641629a173227e45b4a31 db9b2e4c5a31492399160a4d164ae3d3 - - default default] 10.0.0.181 "GET /v2.0/subnetpools?not-tags=red HTTP/1.1" status: 200 len: 1223 time: 0.0191433
2026-09-01 05:23:25.658 9 INFO neutron.wsgi [None req-7dcff836-4c15-495e-a0de-eb49bdd166a0 05b544b9c0b641629a173227e45b4a31 db9b2e4c5a31492399160a4d164ae3d3 - - default default] 10.0.0.181 "GET /v2.0/subnetpools?not-tags=red%2Cblue HTTP/1.1" status: 200 len: 1730 time: 0.0216045
2026-09-01 05:23:25.685 9 INFO neutron.wsgi [None req-cc106058-c9ab-4669-a8f9-f2ced76229ca 05b544b9c0b641629a173227e45b4a31 db9b2e4c5a31492399160a4d164ae3d3 - - default default] 10.0.0.181 "GET /v2.0/subnetpools?not-tags-any=blue HTTP/1.1" status: 200 len: 1730 time: 0.0223505
2026-09-01 05:23:25.705 9 INFO neutron.wsgi [None req-db83981e-b3fd-4f5c-b1ac-1c228bd864f0 05b544b9c0b641629a173227e45b4a31 db9b2e4c5a31492399160a4d164ae3d3 - - default default] 10.0.0.181 "GET /v2.0/subnetpools?not-tags-any=red%2Cblue HTTP/1.1" status: 200 len: 1223 time: 0.0161564
2026-09-01 05:23:25.754 9 INFO neutron.wsgi [None req-ff4e8177-e8d4-49d5-961d-65c4d1314758 05b544b9c0b641629a173227e45b4a31 db9b2e4c5a31492399160a4d164ae3d3 - - default default] 10.0.0.181 "DELETE /v2.0/subnetpools/c861b8cf-8d68-4fbe-9669-a215728db783 HTTP/1.1" status: 204 len: 168 time: 0.0443203
2026-09-01 05:23:25.806 9 INFO neutron.wsgi [None req-d365b8cd-daca-439f-9b09-fc1542a27f05 05b544b9c0b641629a173227e45b4a31 db9b2e4c5a31492399160a4d164ae3d3 - - default default] 10.0.0.181 "DELETE /v2.0/subnetpools/2c5f82a7-dd9b-4472-af55-46ea2356cadb HTTP/1.1" status: 204 len: 168 time: 0.0467401
2026-09-01 05:23:25.854 9 INFO neutron.wsgi [None req-249ba246-ef09-4b3d-8816-470ad26cd26e 05b544b9c0b641629a173227e45b4a31 db9b2e4c5a31492399160a4d164ae3d3 - - default default] 10.0.0.181 "DELETE /v2.0/subnetpools/12078f9f-ae1d-48d0-9c34-1f96943c3e62 HTTP/1.1" status: 204 len: 168 time: 0.0426776
2026-09-01 05:23:25.901 9 INFO neutron.wsgi [None req-3a069e8e-4d6b-48c0-9313-87455d21b15b 05b544b9c0b641629a173227e45b4a31 db9b2e4c5a31492399160a4d164ae3d3 - - default default] 10.0.0.181 "DELETE /v2.0/subnetpools/e5872be1-8b0a-41bd-b711-6c23a29f4e39 HTTP/1.1" status: 204 len: 168 time: 0.0424826
2026-09-01 05:23:25.944 9 INFO neutron.wsgi [None req-436aa48e-0a22-4b96-8e48-e5a074a5eec7 05b544b9c0b641629a173227e45b4a31 db9b2e4c5a31492399160a4d164ae3d3 - - default default] 10.0.0.181 "DELETE /v2.0/subnetpools/4ada046f-9418-44c7-aaf9-c41f412f2af2 HTTP/1.1" status: 204 len: 168 time: 0.0382578
2026-09-01 05:23:27.232 10 INFO neutron.db.ovn_revision_numbers_db [None req-baedd31e-8cad-4c71-96a1-25e9904fac57 20f45880a3d641df9aaeabe63f6015fe fdde9091cbea44ae8558bb37fa265712 - - default default] Successfully bumped revision number for resource 743acf86-c5ba-45cc-b2fe-377f84892e22 (type: security_groups) to 1
2026-09-01 05:23:27.248 10 INFO neutron.db.ovn_revision_numbers_db [None req-baedd31e-8cad-4c71-96a1-25e9904fac57 20f45880a3d641df9aaeabe63f6015fe fdde9091cbea44ae8558bb37fa265712 - - default default] Successfully bumped revision number for resource 09e41e3a-3080-41a4-9221-400d843c0eb0 (type: security_group_rules) to 0
2026-09-01 05:23:27.269 10 INFO neutron.db.ovn_revision_numbers_db [None req-baedd31e-8cad-4c71-96a1-25e9904fac57 20f45880a3d641df9aaeabe63f6015fe fdde9091cbea44ae8558bb37fa265712 - - default default] Successfully bumped revision number for resource 9dcf84e3-6018-4ca3-ba64-1f082cc85a7e (type: security_group_rules) to 0
2026-09-01 05:23:27.287 10 INFO neutron.db.ovn_revision_numbers_db [None req-baedd31e-8cad-4c71-96a1-25e9904fac57 20f45880a3d641df9aaeabe63f6015fe fdde9091cbea44ae8558bb37fa265712 - - default default] Successfully bumped revision number for resource d50f440a-fab9-4234-864b-b7b4862e57ad (type: security_group_rules) to 0
2026-09-01 05:23:27.305 10 INFO neutron.db.ovn_revision_numbers_db [None req-baedd31e-8cad-4c71-96a1-25e9904fac57 20f45880a3d641df9aaeabe63f6015fe fdde9091cbea44ae8558bb37fa265712 - - default default] Successfully bumped revision number for resource fb228fdb-95f3-4488-8fe5-e011435ffd97 (type: security_group_rules) to 0
2026-09-01 05:23:27.342 10 INFO neutron.wsgi [None req-baedd31e-8cad-4c71-96a1-25e9904fac57 20f45880a3d641df9aaeabe63f6015fe fdde9091cbea44ae8558bb37fa265712 - - default default] 10.0.0.181 "GET /v2.0/security-groups?tenant_id=db9b2e4c5a31492399160a4d164ae3d3&name=default HTTP/1.1" status: 200 len: 3000 time: 0.4310467
2026-09-01 05:23:27.624 9 INFO neutron.wsgi [None req-a3feaa98-888f-4518-8031-38e4fc2bb99c 20f45880a3d641df9aaeabe63f6015fe fdde9091cbea44ae8558bb37fa265712 - - default default] 10.0.0.181 "DELETE /v2.0/security-groups/743acf86-c5ba-45cc-b2fe-377f84892e22 HTTP/1.1" status: 204 len: 168 time: 0.2726109
2026-09-01 05:23:27.886 10 INFO neutron.db.ovn_revision_numbers_db [None req-4f9dc4da-77ab-4362-91af-4871f555f084 20f45880a3d641df9aaeabe63f6015fe fdde9091cbea44ae8558bb37fa265712 - - default default] Successfully bumped revision number for resource 22feda4c-d12f-483b-9757-12f5a0c6a818 (type: security_groups) to 1
2026-09-01 05:23:27.908 10 INFO neutron.db.ovn_revision_numbers_db [None req-4f9dc4da-77ab-4362-91af-4871f555f084 20f45880a3d641df9aaeabe63f6015fe fdde9091cbea44ae8558bb37fa265712 - - default default] Successfully bumped revision number for resource 78ab6ff3-c166-4304-a51c-f3ff11770350 (type: security_group_rules) to 0
2026-09-01 05:23:27.931 10 INFO neutron.db.ovn_revision_numbers_db [None req-4f9dc4da-77ab-4362-91af-4871f555f084 20f45880a3d641df9aaeabe63f6015fe fdde9091cbea44ae8558bb37fa265712 - - default default] Successfully bumped revision number for resource 8296a023-3e74-4a99-83c7-66e98037d156 (type: security_group_rules) to 0
2026-09-01 05:23:27.952 10 INFO neutron.db.ovn_revision_numbers_db [None req-4f9dc4da-77ab-4362-91af-4871f555f084 20f45880a3d641df9aaeabe63f6015fe fdde9091cbea44ae8558bb37fa265712 - - default default] Successfully bumped revision number for resource b3dd8ac9-221a-444b-bc7e-28e62bd4d9a0 (type: security_group_rules) to 0
2026-09-01 05:23:27.971 10 INFO neutron.db.ovn_revision_numbers_db [None req-4f9dc4da-77ab-4362-91af-4871f555f084 20f45880a3d641df9aaeabe63f6015fe fdde9091cbea44ae8558bb37fa265712 - - default default] Successfully bumped revision number for resource c4ecafe2-5d1d-4279-a9ad-d7d3164691ef (type: security_group_rules) to 0
2026-09-01 05:23:27.999 10 INFO neutron.wsgi [None req-4f9dc4da-77ab-4362-91af-4871f555f084 20f45880a3d641df9aaeabe63f6015fe fdde9091cbea44ae8558bb37fa265712 - - default default] 10.0.0.181 "GET /v2.0/security-groups?tenant_id=1408c2b2da884340b0c786f88330c4dc&name=default HTTP/1.1" status: 200 len: 3000 time: 0.2561176
2026-09-01 05:23:28.175 10 INFO neutron.wsgi [None req-5106a965-b611-4dcc-93e1-963125c9f472 20f45880a3d641df9aaeabe63f6015fe fdde9091cbea44ae8558bb37fa265712 - - default default] 10.0.0.181 "DELETE /v2.0/security-groups/22feda4c-d12f-483b-9757-12f5a0c6a818 HTTP/1.1" status: 204 len: 168 time: 0.1708574
2026-09-01 05:23:28.469 9 INFO neutron.db.ovn_revision_numbers_db [None req-098b4b28-4c8c-450a-b440-1cfa98063486 20f45880a3d641df9aaeabe63f6015fe fdde9091cbea44ae8558bb37fa265712 - - default default] Successfully bumped revision number for resource f910a1a6-82e6-489d-9051-4acc366d94f4 (type: security_groups) to 1
2026-09-01 05:23:28.494 9 INFO neutron.db.ovn_revision_numbers_db [None req-098b4b28-4c8c-450a-b440-1cfa98063486 20f45880a3d641df9aaeabe63f6015fe fdde9091cbea44ae8558bb37fa265712 - - default default] Successfully bumped revision number for resource 07f55360-2cc7-43fe-997a-fc0bb9ababd0 (type: security_group_rules) to 0
2026-09-01 05:23:28.520 9 INFO neutron.db.ovn_revision_numbers_db [None req-098b4b28-4c8c-450a-b440-1cfa98063486 20f45880a3d641df9aaeabe63f6015fe fdde9091cbea44ae8558bb37fa265712 - - default default] Successfully bumped revision number for resource 94140193-ab99-4bf5-835e-cc2440ef00d5 (type: security_group_rules) to 0
2026-09-01 05:23:28.554 9 INFO neutron.db.ovn_revision_numbers_db [None req-098b4b28-4c8c-450a-b440-1cfa98063486 20f45880a3d641df9aaeabe63f6015fe fdde9091cbea44ae8558bb37fa265712 - - default default] Successfully bumped revision number for resource 96bcedf6-2345-4a60-bd39-7c38836b7c89 (type: security_group_rules) to 0
2026-09-01 05:23:28.584 9 INFO neutron.db.ovn_revision_numbers_db [None req-098b4b28-4c8c-450a-b440-1cfa98063486 20f45880a3d641df9aaeabe63f6015fe fdde9091cbea44ae8558bb37fa265712 - - default default] Successfully bumped revision number for resource b5debbd4-c6c7-4a09-82d6-4c5227439999 (type: security_group_rules) to 0
2026-09-01 05:23:28.627 9 INFO neutron.wsgi [None req-098b4b28-4c8c-450a-b440-1cfa98063486 20f45880a3d641df9aaeabe63f6015fe fdde9091cbea44ae8558bb37fa265712 - - default default] 10.0.0.181 "GET /v2.0/security-groups?tenant_id=7f7e4d451cb645ab9b3382116ab208e7&name=default HTTP/1.1" status: 200 len: 3000 time: 0.2969961
2026-09-01 05:23:28.844 9 INFO neutron.wsgi [None req-70196b5c-73b1-475b-afcf-3aa5aca503a8 20f45880a3d641df9aaeabe63f6015fe fdde9091cbea44ae8558bb37fa265712 - - default default] 10.0.0.181 "DELETE /v2.0/security-groups/f910a1a6-82e6-489d-9051-4acc366d94f4 HTTP/1.1" status: 204 len: 168 time: 0.2107365
2026-09-01 05:23:32.724 10 INFO neutron.db.ovn_revision_numbers_db [None req-1e304a4c-ae46-4631-8208-8c9e10c4cddc 9f0810bf65b34af6b2ba260c456746b0 b62eec9da7244b69b9bd08f652057406 - - default default] Successfully bumped revision number for resource fb786946-9046-472e-957f-177518defc99 (type: security_groups) to 1
2026-09-01 05:23:32.745 10 INFO neutron.db.ovn_revision_numbers_db [None req-1e304a4c-ae46-4631-8208-8c9e10c4cddc 9f0810bf65b34af6b2ba260c456746b0 b62eec9da7244b69b9bd08f652057406 - - default default] Successfully bumped revision number for resource 27f37723-6ea6-48e2-b882-0fe38a08a0c0 (type: security_group_rules) to 0
2026-09-01 05:23:32.759 10 INFO neutron.db.ovn_revision_numbers_db [None req-1e304a4c-ae46-4631-8208-8c9e10c4cddc 9f0810bf65b34af6b2ba260c456746b0 b62eec9da7244b69b9bd08f652057406 - - default default] Successfully bumped revision number for resource 4dceb211-6171-421a-a322-3094ef6bc665 (type: security_group_rules) to 0
2026-09-01 05:23:32.773 10 INFO neutron.db.ovn_revision_numbers_db [None req-1e304a4c-ae46-4631-8208-8c9e10c4cddc 9f0810bf65b34af6b2ba260c456746b0 b62eec9da7244b69b9bd08f652057406 - - default default] Successfully bumped revision number for resource 6da3e3a2-17aa-4f06-ac86-319223af4b91 (type: security_group_rules) to 0
2026-09-01 05:23:32.796 10 INFO neutron.db.ovn_revision_numbers_db [None req-1e304a4c-ae46-4631-8208-8c9e10c4cddc 9f0810bf65b34af6b2ba260c456746b0 b62eec9da7244b69b9bd08f652057406 - - default default] Successfully bumped revision number for resource b66fc225-0b80-46f7-b410-a927d31274a5 (type: security_group_rules) to 0
2026-09-01 05:23:32.869 10 INFO neutron.db.segments_db [None req-1e304a4c-ae46-4631-8208-8c9e10c4cddc 9f0810bf65b34af6b2ba260c456746b0 b62eec9da7244b69b9bd08f652057406 - - default default] Added segment f621b7dd-27c7-4fc2-8cf2-73e927297c06 of type geneve for network 8e71a2de-4f3a-4545-93f8-02b362343990
2026-09-01 05:23:33.017 10 INFO neutron.db.ovn_revision_numbers_db [None req-1e304a4c-ae46-4631-8208-8c9e10c4cddc 9f0810bf65b34af6b2ba260c456746b0 b62eec9da7244b69b9bd08f652057406 - - default default] Successfully bumped revision number for resource 8e71a2de-4f3a-4545-93f8-02b362343990 (type: networks) to 1
2026-09-01 05:23:33.151 10 WARNING neutron.scheduler.dhcp_agent_scheduler [None req-1e304a4c-ae46-4631-8208-8c9e10c4cddc 9f0810bf65b34af6b2ba260c456746b0 b62eec9da7244b69b9bd08f652057406 - - default default] No more DHCP agents
2026-09-01 05:23:33.153 10 WARNING neutron.api.rpc.agentnotifiers.dhcp_rpc_agent_api [None req-1e304a4c-ae46-4631-8208-8c9e10c4cddc 9f0810bf65b34af6b2ba260c456746b0 b62eec9da7244b69b9bd08f652057406 - - default default] Unable to schedule network 8e71a2de-4f3a-4545-93f8-02b362343990: no agents available; will retry on subsequent port and subnet creation events.
2026-09-01 05:23:33.259 10 INFO neutron.db.ovn_revision_numbers_db [None req-1e304a4c-ae46-4631-8208-8c9e10c4cddc 9f0810bf65b34af6b2ba260c456746b0 b62eec9da7244b69b9bd08f652057406 - - default default] Successfully bumped revision number for resource 85a64202-4ac2-493e-b9f5-b656b745a07b (type: ports) to 1
2026-09-01 05:23:33.280 10 INFO neutron.wsgi [None req-1e304a4c-ae46-4631-8208-8c9e10c4cddc 9f0810bf65b34af6b2ba260c456746b0 b62eec9da7244b69b9bd08f652057406 - - default default] 10.0.0.181 "POST /v2.0/networks HTTP/1.1" status: 201 len: 831 time: 0.9998534
2026-09-01 05:23:33.534 10 WARNING neutron.scheduler.dhcp_agent_scheduler [None req-e4082bd4-d2dd-444a-a6e9-fcb373fd2dea 9f0810bf65b34af6b2ba260c456746b0 b62eec9da7244b69b9bd08f652057406 - - default default] No more DHCP agents
2026-09-01 05:23:33.540 10 WARNING neutron.api.rpc.agentnotifiers.dhcp_rpc_agent_api [None req-e4082bd4-d2dd-444a-a6e9-fcb373fd2dea 9f0810bf65b34af6b2ba260c456746b0 b62eec9da7244b69b9bd08f652057406 - - default default] Unable to schedule network 8e71a2de-4f3a-4545-93f8-02b362343990: no agents available; will retry on subsequent port and subnet creation events.
2026-09-01 05:23:34.021 10 INFO neutron.db.ovn_revision_numbers_db [None req-e4082bd4-d2dd-444a-a6e9-fcb373fd2dea 9f0810bf65b34af6b2ba260c456746b0 b62eec9da7244b69b9bd08f652057406 - - default default] Successfully bumped revision number for resource 85a64202-4ac2-493e-b9f5-b656b745a07b (type: ports) to 2
2026-09-01 05:23:34.055 10 INFO neutron.db.ovn_revision_numbers_db [None req-e4082bd4-d2dd-444a-a6e9-fcb373fd2dea 9f0810bf65b34af6b2ba260c456746b0 b62eec9da7244b69b9bd08f652057406 - - default default] Successfully bumped revision number for resource 12d42ab2-48d8-42fd-b5ee-51c1dc4f36df (type: subnets) to 0
2026-09-01 05:23:34.067 10 INFO neutron.wsgi [None req-e4082bd4-d2dd-444a-a6e9-fcb373fd2dea 9f0810bf65b34af6b2ba260c456746b0 b62eec9da7244b69b9bd08f652057406 - - default default] 10.0.0.181 "POST /v2.0/subnets HTTP/1.1" status: 201 len: 801 time: 0.7813835
2026-09-01 05:23:34.119 10 INFO neutron.wsgi [None req-cea7fd03-ec71-4270-ae87-2a738c869897 9f0810bf65b34af6b2ba260c456746b0 b62eec9da7244b69b9bd08f652057406 - - default default] 10.0.0.181 "PUT /v2.0/subnets/12d42ab2-48d8-42fd-b5ee-51c1dc4f36df/tags HTTP/1.1" status: 200 len: 218 time: 0.0456917
2026-09-01 05:23:34.148 10 INFO neutron.wsgi [None req-cdeb09c4-3e47-420f-a650-c38df7c476ce 9f0810bf65b34af6b2ba260c456746b0 b62eec9da7244b69b9bd08f652057406 - - default default] 10.0.0.181 "GET /v2.0/subnets/12d42ab2-48d8-42fd-b5ee-51c1dc4f36df/tags HTTP/1.1" status: 200 len: 218 time: 0.0236282
2026-09-01 05:23:34.188 10 INFO neutron.wsgi [None req-a6d51799-a71e-45e4-8808-d274d8ef0059 9f0810bf65b34af6b2ba260c456746b0 b62eec9da7244b69b9bd08f652057406 - - default default] 10.0.0.181 "PUT /v2.0/subnets/12d42ab2-48d8-42fd-b5ee-51c1dc4f36df/tags/green HTTP/1.1" status: 201 len: 201 time: 0.0348928
2026-09-01 05:23:34.218 10 INFO neutron.wsgi [None req-31c9aa70-7cd2-4498-8c99-68afaec57a81 9f0810bf65b34af6b2ba260c456746b0 b62eec9da7244b69b9bd08f652057406 - - default default] 10.0.0.181 "GET /v2.0/subnets/12d42ab2-48d8-42fd-b5ee-51c1dc4f36df/tags HTTP/1.1" status: 200 len: 227 time: 0.0236676
2026-09-01 05:23:34.247 10 INFO neutron.wsgi [None req-c53ca4fc-daa2-4c6d-8277-c0637447ab4e 9f0810bf65b34af6b2ba260c456746b0 b62eec9da7244b69b9bd08f652057406 - - default default] 10.0.0.181 "PUT /v2.0/subnets/12d42ab2-48d8-42fd-b5ee-51c1dc4f36df/tags/red HTTP/1.1" status: 201 len: 201 time: 0.0239456
2026-09-01 05:23:34.275 10 INFO neutron.wsgi [None req-5ef33ed6-0b34-498c-ab5c-1a6247aea7a0 9f0810bf65b34af6b2ba260c456746b0 b62eec9da7244b69b9bd08f652057406 - - default default] 10.0.0.181 "GET /v2.0/subnets/12d42ab2-48d8-42fd-b5ee-51c1dc4f36df/tags HTTP/1.1" status: 200 len: 227 time: 0.0236776
2026-09-01 05:23:34.314 10 INFO neutron.wsgi [None req-bbf2683f-eb88-4cab-9bbc-97c44e5bed6f 9f0810bf65b34af6b2ba260c456746b0 b62eec9da7244b69b9bd08f652057406 - - default default] 10.0.0.181 "PUT /v2.0/subnets/12d42ab2-48d8-42fd-b5ee-51c1dc4f36df/tags/black.or.white HTTP/1.1" status: 201 len: 201 time: 0.0345066
2026-09-01 05:23:34.342 10 INFO neutron.wsgi [None req-390050d2-9ef2-4692-b088-354d939581ea 9f0810bf65b34af6b2ba260c456746b0 b62eec9da7244b69b9bd08f652057406 - - default default] 10.0.0.181 "GET /v2.0/subnets/12d42ab2-48d8-42fd-b5ee-51c1dc4f36df/tags HTTP/1.1" status: 200 len: 245 time: 0.0232806
2026-09-01 05:23:34.382 10 INFO neutron.wsgi [None req-d31e0731-4b5a-4839-8614-c5b1d6245a23 9f0810bf65b34af6b2ba260c456746b0 b62eec9da7244b69b9bd08f652057406 - - default default] 10.0.0.181 "PUT /v2.0/subnets/12d42ab2-48d8-42fd-b5ee-51c1dc4f36df/tags HTTP/1.1" status: 200 len: 230 time: 0.0355668
2026-09-01 05:23:34.412 10 INFO neutron.wsgi [None req-eef4a415-0d76-446b-99ea-105713b52f82 9f0810bf65b34af6b2ba260c456746b0 b62eec9da7244b69b9bd08f652057406 - - default default] 10.0.0.181 "GET /v2.0/subnets/12d42ab2-48d8-42fd-b5ee-51c1dc4f36df/tags HTTP/1.1" status: 200 len: 230 time: 0.0257893
2026-09-01 05:23:34.440 10 INFO neutron.wsgi [None req-cb3ea8e2-117f-4416-b177-925bd31549c6 9f0810bf65b34af6b2ba260c456746b0 b62eec9da7244b69b9bd08f652057406 - - default default] 10.0.0.181 "GET /v2.0/subnets/12d42ab2-48d8-42fd-b5ee-51c1dc4f36df/tags/red HTTP/1.1" status: 204 len: 168 time: 0.0230105
2026-09-01 05:23:34.472 10 INFO neutron.api.v2.resource [None req-651b3821-579d-41b8-ad8a-bffffc4c9b7a 9f0810bf65b34af6b2ba260c456746b0 b62eec9da7244b69b9bd08f652057406 - - default default] show failed (client error): The resource could not be found.
2026-09-01 05:23:34.473 10 INFO neutron.wsgi [None req-651b3821-579d-41b8-ad8a-bffffc4c9b7a 9f0810bf65b34af6b2ba260c456746b0 b62eec9da7244b69b9bd08f652057406 - - default default] 10.0.0.181 "GET /v2.0/subnets/12d42ab2-48d8-42fd-b5ee-51c1dc4f36df/tags/green HTTP/1.1" status: 404 len: 299 time: 0.0262303
2026-09-01 05:23:34.518 10 INFO neutron.wsgi [None req-12e57831-196c-454a-872f-bd242b04a76f 9f0810bf65b34af6b2ba260c456746b0 b62eec9da7244b69b9bd08f652057406 - - default default] 10.0.0.181 "DELETE /v2.0/subnets/12d42ab2-48d8-42fd-b5ee-51c1dc4f36df/tags/red HTTP/1.1" status: 204 len: 168 time: 0.0392933
2026-09-01 05:23:34.547 10 INFO neutron.wsgi [None req-e02b5c01-b56c-4774-9544-d8cff6701e3c 9f0810bf65b34af6b2ba260c456746b0 b62eec9da7244b69b9bd08f652057406 - - default default] 10.0.0.181 "GET /v2.0/subnets/12d42ab2-48d8-42fd-b5ee-51c1dc4f36df/tags HTTP/1.1" status: 200 len: 223 time: 0.0238526
2026-09-01 05:23:34.591 10 INFO neutron.api.v2.resource [None req-77114488-e46e-473d-8414-0149edb5eccb 9f0810bf65b34af6b2ba260c456746b0 b62eec9da7244b69b9bd08f652057406 - - default default] delete failed (client error): The resource could not be found.
2026-09-01 05:23:34.592 10 INFO neutron.wsgi [None req-77114488-e46e-473d-8414-0149edb5eccb 9f0810bf65b34af6b2ba260c456746b0 b62eec9da7244b69b9bd08f652057406 - - default default] 10.0.0.181 "DELETE /v2.0/subnets/12d42ab2-48d8-42fd-b5ee-51c1dc4f36df/tags/green HTTP/1.1" status: 404 len: 299 time: 0.0387509
2026-09-01 05:23:34.644 10 INFO neutron.wsgi [None req-921c7bff-0f11-44cd-be30-0f47257205c5 9f0810bf65b34af6b2ba260c456746b0 b62eec9da7244b69b9bd08f652057406 - - default default] 10.0.0.181 "DELETE /v2.0/subnets/12d42ab2-48d8-42fd-b5ee-51c1dc4f36df/tags HTTP/1.1" status: 204 len: 168 time: 0.0410016
2026-09-01 05:23:34.674 10 INFO neutron.wsgi [None req-74ec9d2c-5ff8-4abc-a602-fef9417cf1e4 9f0810bf65b34af6b2ba260c456746b0 b62eec9da7244b69b9bd08f652057406 - - default default] 10.0.0.181 "GET /v2.0/subnets/12d42ab2-48d8-42fd-b5ee-51c1dc4f36df/tags HTTP/1.1" status: 200 len: 205 time: 0.0239871
2026-09-01 05:23:34.848 10 INFO neutron.wsgi [None req-6c1c7dc8-66c2-4206-b87d-8dac10fe1c71 9f0810bf65b34af6b2ba260c456746b0 b62eec9da7244b69b9bd08f652057406 - - default default] 10.0.0.181 "DELETE /v2.0/subnets/12d42ab2-48d8-42fd-b5ee-51c1dc4f36df HTTP/1.1" status: 204 len: 168 time: 0.1610546
2026-09-01 05:23:35.121 10 INFO neutron.services.segments.plugin [-] Segment f621b7dd-27c7-4fc2-8cf2-73e927297c06 resource provider aggregate not found
2026-09-01 05:23:35.125 10 INFO neutron.services.segments.plugin [-] Segment f621b7dd-27c7-4fc2-8cf2-73e927297c06 resource provider aggregate not found
2026-09-01 05:23:35.145 10 INFO neutron.services.segments.plugin [-] Segment f621b7dd-27c7-4fc2-8cf2-73e927297c06 resource provider not found; error: Placement Client Error (4xx): {"errors": [{"status": 404, "title": "Not Found", "detail": "The resource could not be found.\n\n No resource provider with uuid f621b7dd-27c7-4fc2-8cf2-73e927297c06 found for delete ", "request_id": "req-fb8b72f8-cbbb-438c-be41-7accc959321a"}]}
2026-09-01 05:23:35.148 10 INFO neutron.services.segments.plugin [-] Segment f621b7dd-27c7-4fc2-8cf2-73e927297c06 resource provider not found; error: Placement Client Error (4xx): {"errors": [{"status": 404, "title": "Not Found", "detail": "The resource could not be found.\n\n No resource provider with uuid f621b7dd-27c7-4fc2-8cf2-73e927297c06 found for delete ", "request_id": "req-3a656746-e148-4f66-bbae-90b978171e5a"}]}
2026-09-01 05:23:35.164 10 INFO neutron.wsgi [None req-db9e23f4-70ac-45ed-ad02-04bd501f7934 9f0810bf65b34af6b2ba260c456746b0 b62eec9da7244b69b9bd08f652057406 - - default default] 10.0.0.181 "DELETE /v2.0/networks/8e71a2de-4f3a-4545-93f8-02b362343990 HTTP/1.1" status: 204 len: 168 time: 0.3091784
2026-09-01 05:23:36.159 9 INFO neutron.db.ovn_revision_numbers_db [None req-5510f4fe-e6ca-4f4c-84c8-75567a618e29 20f45880a3d641df9aaeabe63f6015fe fdde9091cbea44ae8558bb37fa265712 - - default default] Successfully bumped revision number for resource e401a69e-fd73-4229-aa01-85547a252346 (type: security_groups) to 1
2026-09-01 05:23:36.174 9 INFO neutron.db.ovn_revision_numbers_db [None req-5510f4fe-e6ca-4f4c-84c8-75567a618e29 20f45880a3d641df9aaeabe63f6015fe fdde9091cbea44ae8558bb37fa265712 - - default default] Successfully bumped revision number for resource 24fa66fb-fa46-4d26-aa32-af31d8299bf6 (type: security_group_rules) to 0
2026-09-01 05:23:36.189 9 INFO neutron.db.ovn_revision_numbers_db [None req-5510f4fe-e6ca-4f4c-84c8-75567a618e29 20f45880a3d641df9aaeabe63f6015fe fdde9091cbea44ae8558bb37fa265712 - - default default] Successfully bumped revision number for resource 3b3725c7-6d97-49dc-8bfc-3742f2ebecd5 (type: security_group_rules) to 0
2026-09-01 05:23:36.211 9 INFO neutron.db.ovn_revision_numbers_db [None req-5510f4fe-e6ca-4f4c-84c8-75567a618e29 20f45880a3d641df9aaeabe63f6015fe fdde9091cbea44ae8558bb37fa265712 - - default default] Successfully bumped revision number for resource ac988df4-a18d-4e67-890a-dc98106f1f86 (type: security_group_rules) to 0
2026-09-01 05:23:36.230 9 INFO neutron.db.ovn_revision_numbers_db [None req-5510f4fe-e6ca-4f4c-84c8-75567a618e29 20f45880a3d641df9aaeabe63f6015fe fdde9091cbea44ae8558bb37fa265712 - - default default] Successfully bumped revision number for resource ea08001e-0063-4a59-a9bc-17995d4464ec (type: security_group_rules) to 0
2026-09-01 05:23:36.261 9 INFO neutron.wsgi [None req-5510f4fe-e6ca-4f4c-84c8-75567a618e29 20f45880a3d641df9aaeabe63f6015fe fdde9091cbea44ae8558bb37fa265712 - - default default] 10.0.0.181 "GET /v2.0/security-groups?tenant_id=e33bf17907db42b391782f8623a325cd&name=default HTTP/1.1" status: 200 len: 3000 time: 0.3411901
2026-09-01 05:23:36.494 10 INFO neutron.wsgi [None req-8cff8eb4-c2e4-43f2-8136-1f4dd4f7ce0e 20f45880a3d641df9aaeabe63f6015fe fdde9091cbea44ae8558bb37fa265712 - - default default] 10.0.0.181 "DELETE /v2.0/security-groups/e401a69e-fd73-4229-aa01-85547a252346 HTTP/1.1" status: 204 len: 168 time: 0.2272449
2026-09-01 05:23:36.702 9 INFO neutron.wsgi [None req-bf89deeb-937e-4ec2-88ee-545f87b94225 20f45880a3d641df9aaeabe63f6015fe fdde9091cbea44ae8558bb37fa265712 - - default default] 10.0.0.181 "GET /v2.0/security-groups?tenant_id=b62eec9da7244b69b9bd08f652057406&name=default HTTP/1.1" status: 200 len: 3000 time: 0.0512311
2026-09-01 05:23:36.899 9 INFO neutron.wsgi [None req-0f041c19-5c9e-4f72-a81e-d35f5735a51d 20f45880a3d641df9aaeabe63f6015fe fdde9091cbea44ae8558bb37fa265712 - - default default] 10.0.0.181 "DELETE /v2.0/security-groups/fb786946-9046-472e-957f-177518defc99 HTTP/1.1" status: 204 len: 168 time: 0.1917577
2026-09-01 05:23:39.134 9 INFO neutron.wsgi [-] 10.0.0.79 "GET / HTTP/1.1" status: 200 len: 247 time: 0.0031488
2026-09-01 05:23:39.135 10 INFO neutron.wsgi [-] 10.0.0.79 "GET / HTTP/1.1" status: 200 len: 247 time: 0.0031853
2026-09-01 05:23:54.134 9 INFO neutron.wsgi [-] 10.0.0.79 "GET / HTTP/1.1" status: 200 len: 247 time: 0.0024357
2026-09-01 05:23:54.135 10 INFO neutron.wsgi [-] 10.0.0.79 "GET / HTTP/1.1" status: 200 len: 247 time: 0.0027478
2026-09-01 05:24:09.133 10 INFO neutron.wsgi [-] 10.0.0.79 "GET / HTTP/1.1" status: 200 len: 247 time: 0.0024555
2026-09-01 05:24:09.133 9 INFO neutron.wsgi [-] 10.0.0.79 "GET / HTTP/1.1" status: 200 len: 247 time: 0.0024786
2026-09-01 05:24:15.071 9 INFO neutron.wsgi [None req-06de5636-80ba-4248-96f1-d88598a84caf 20f45880a3d641df9aaeabe63f6015fe fdde9091cbea44ae8558bb37fa265712 - - default default] 10.0.0.149 "GET /v2.0/subnets HTTP/1.1" status: 200 len: 1437 time: 0.2202053
2026-09-01 05:24:15.088 9 INFO neutron.wsgi [None req-60ab363a-2306-4958-a3e4-2d25de6440e0 20f45880a3d641df9aaeabe63f6015fe fdde9091cbea44ae8558bb37fa265712 - - default default] 10.0.0.149 "GET /v2.0/subnetpools HTTP/1.1" status: 200 len: 193 time: 0.0154862
2026-09-01 05:24:15.111 9 INFO neutron.wsgi [None req-c06e7b6c-c67f-4c47-b3df-07e593c4c0d9 20f45880a3d641df9aaeabe63f6015fe fdde9091cbea44ae8558bb37fa265712 - - default default] 10.0.0.149 "GET /v2.0/floatingips HTTP/1.1" status: 200 len: 193 time: 0.0216069
2026-09-01 05:24:15.205 9 INFO neutron.wsgi [None req-b3f28f54-ab7d-44b4-ad59-fbb14e4cbbe7 20f45880a3d641df9aaeabe63f6015fe fdde9091cbea44ae8558bb37fa265712 - - default default] 10.0.0.149 "GET /v2.0/networks HTTP/1.1" status: 200 len: 2350 time: 0.0934091
2026-09-01 05:24:15.243 9 INFO neutron.wsgi [None req-ed2795a2-2bc0-42b2-99bf-cf44ca4883c2 20f45880a3d641df9aaeabe63f6015fe fdde9091cbea44ae8558bb37fa265712 - - default default] 10.0.0.149 "GET /v2.0/subnets HTTP/1.1" status: 200 len: 1437 time: 0.0352764
2026-09-01 05:24:15.273 9 INFO neutron.wsgi [None req-14d82417-ded5-425a-81bf-fc8313565186 20f45880a3d641df9aaeabe63f6015fe fdde9091cbea44ae8558bb37fa265712 - - default default] 10.0.0.149 "GET /v2.0/ports HTTP/1.1" status: 200 len: 5345 time: 0.0285211
2026-09-01 05:24:15.319 9 INFO neutron.wsgi [None req-25485c1e-ed38-4ae1-ad1d-95bd0331b844 20f45880a3d641df9aaeabe63f6015fe fdde9091cbea44ae8558bb37fa265712 - - default default] 10.0.0.149 "GET /v2.0/security-groups HTTP/1.1" status: 200 len: 16799 time: 0.0424469
2026-09-01 05:24:15.337 9 INFO neutron.wsgi [None req-8e727675-cec0-43be-bb0f-dc61bdeb6e71 20f45880a3d641df9aaeabe63f6015fe fdde9091cbea44ae8558bb37fa265712 - - default default] 10.0.0.149 "GET /v2.0/network-ip-availabilities HTTP/1.1" status: 200 len: 1280 time: 0.0095766
2026-09-01 05:24:15.357 9 INFO neutron.wsgi [None req-59197652-1391-46d3-97b5-7872fdccfe0b 20f45880a3d641df9aaeabe63f6015fe fdde9091cbea44ae8558bb37fa265712 - - default default] 10.0.0.149 "GET /v2.0/routers HTTP/1.1" status: 200 len: 189 time: 0.0189707
2026-09-01 05:24:15.389 9 INFO neutron.wsgi [None req-9629dbfe-1347-41e2-8a02-f1947286c14c 20f45880a3d641df9aaeabe63f6015fe fdde9091cbea44ae8558bb37fa265712 - - default default] 10.0.0.149 "GET /v2.0/agents?binary=ovn-controller HTTP/1.1" status: 200 len: 591 time: 0.0310028
2026-09-01 05:24:15.398 9 INFO neutron.wsgi [None req-f8bd5e5b-146c-4236-9aa7-b3b01f2c54eb 20f45880a3d641df9aaeabe63f6015fe fdde9091cbea44ae8558bb37fa265712 - - default default] 10.0.0.149 "GET /v2.0/agents HTTP/1.1" status: 200 len: 997 time: 0.0083618
2026-09-01 05:24:24.134 9 INFO neutron.wsgi [-] 10.0.0.79 "GET / HTTP/1.1" status: 200 len: 247 time: 0.0029855
2026-09-01 05:24:24.136 9 INFO neutron.wsgi [-] 10.0.0.79 "GET / HTTP/1.1" status: 200 len: 247 time: 0.0010471
2026-09-01 05:24:39.134 9 INFO neutron.wsgi [-] 10.0.0.79 "GET / HTTP/1.1" status: 200 len: 247 time: 0.0022922
2026-09-01 05:24:39.134 10 INFO neutron.wsgi [-] 10.0.0.79 "GET / HTTP/1.1" status: 200 len: 247 time: 0.0022912
2026-09-01 05:24:54.135 9 INFO neutron.wsgi [-] 10.0.0.79 "GET / HTTP/1.1" status: 200 len: 247 time: 0.0037334
2026-09-01 05:24:54.137 9 INFO neutron.wsgi [-] 10.0.0.79 "GET / HTTP/1.1" status: 200 len: 247 time: 0.0012093
2026-09-01 05:25:09.132 9 INFO neutron.wsgi [-] 10.0.0.79 "GET / HTTP/1.1" status: 200 len: 247 time: 0.0012314
2026-09-01 05:25:09.134 10 INFO neutron.wsgi [-] 10.0.0.79 "GET / HTTP/1.1" status: 200 len: 247 time: 0.0026002
2026-09-01 05:25:15.009 9 INFO neutron.wsgi [None req-712aaac3-9c85-40e0-b4fb-7371ffd0f5a4 20f45880a3d641df9aaeabe63f6015fe fdde9091cbea44ae8558bb37fa265712 - - default default] 10.0.0.149 "GET /v2.0/networks HTTP/1.1" status: 200 len: 2350 time: 0.2076530
2026-09-01 05:25:15.078 9 INFO neutron.wsgi [None req-05ca4e41-3667-4f0b-ae45-fe980ac1f97f 20f45880a3d641df9aaeabe63f6015fe fdde9091cbea44ae8558bb37fa265712 - - default default] 10.0.0.149 "GET /v2.0/security-groups HTTP/1.1" status: 200 len: 16799 time: 0.0666220
2026-09-01 05:25:15.124 9 INFO neutron.wsgi [None req-f26f34cb-0195-4ea8-8079-2056e0d30aea 20f45880a3d641df9aaeabe63f6015fe fdde9091cbea44ae8558bb37fa265712 - - default default] 10.0.0.149 "GET /v2.0/subnets HTTP/1.1" status: 200 len: 1437 time: 0.0364969
2026-09-01 05:25:15.141 9 INFO neutron.wsgi [None req-8a467d0a-5224-48b0-a728-2145686c1e7e 20f45880a3d641df9aaeabe63f6015fe fdde9091cbea44ae8558bb37fa265712 - - default default] 10.0.0.149 "GET /v2.0/network-ip-availabilities HTTP/1.1" status: 200 len: 1280 time: 0.0160680
2026-09-01 05:25:15.173 9 INFO neutron.wsgi [None req-faa3163c-1c89-4198-856d-60b9cf27d4e6 20f45880a3d641df9aaeabe63f6015fe fdde9091cbea44ae8558bb37fa265712 - - default default] 10.0.0.149 "GET /v2.0/agents HTTP/1.1" status: 200 len: 997 time: 0.0309095
2026-09-01 05:25:15.207 9 INFO neutron.wsgi [None req-9625cbc0-7ec9-4d8b-932f-3a9940ef4821 20f45880a3d641df9aaeabe63f6015fe fdde9091cbea44ae8558bb37fa265712 - - default default] 10.0.0.149 "GET /v2.0/routers HTTP/1.1" status: 200 len: 189 time: 0.0332811
2026-09-01 05:25:15.220 9 INFO neutron.wsgi [None req-c85599f8-3512-44f4-920d-c930da36b98c 20f45880a3d641df9aaeabe63f6015fe fdde9091cbea44ae8558bb37fa265712 - - default default] 10.0.0.149 "GET /v2.0/agents?binary=ovn-controller HTTP/1.1" status: 200 len: 591 time: 0.0112705
2026-09-01 05:25:15.250 9 INFO neutron.wsgi [None req-bdcc9fcf-9f23-4cda-a4a7-26016aa7755d 20f45880a3d641df9aaeabe63f6015fe fdde9091cbea44ae8558bb37fa265712 - - default default] 10.0.0.149 "GET /v2.0/floatingips HTTP/1.1" status: 200 len: 193 time: 0.0249584
2026-09-01 05:25:15.292 9 INFO neutron.wsgi [None req-d0432aa5-8446-4873-8f41-c43255216990 20f45880a3d641df9aaeabe63f6015fe fdde9091cbea44ae8558bb37fa265712 - - default default] 10.0.0.149 "GET /v2.0/ports HTTP/1.1" status: 200 len: 5345 time: 0.0418434
2026-09-01 05:25:15.327 9 INFO neutron.wsgi [None req-87848957-ab19-4009-a9ac-9e314f2e86c9 20f45880a3d641df9aaeabe63f6015fe fdde9091cbea44ae8558bb37fa265712 - - default default] 10.0.0.149 "GET /v2.0/subnets HTTP/1.1" status: 200 len: 1437 time: 0.0321021
2026-09-01 05:25:15.337 9 INFO neutron.wsgi [None req-bdab2fff-cd75-4fdb-bd92-c504b6ce27ca 20f45880a3d641df9aaeabe63f6015fe fdde9091cbea44ae8558bb37fa265712 - - default default] 10.0.0.149 "GET /v2.0/subnetpools HTTP/1.1" status: 200 len: 193 time: 0.0085206
2026-09-01 05:25:24.133 10 INFO neutron.wsgi [-] 10.0.0.79 "GET / HTTP/1.1" status: 200 len: 247 time: 0.0025113
2026-09-01 05:25:24.134 9 INFO neutron.wsgi [-] 10.0.0.79 "GET / HTTP/1.1" status: 200 len: 247 time: 0.0025339
2026-09-01 05:25:39.134 10 INFO neutron.wsgi [-] 10.0.0.79 "GET / HTTP/1.1" status: 200 len: 247 time: 0.0023460
2026-09-01 05:25:39.137 9 INFO neutron.wsgi [-] 10.0.0.79 "GET / HTTP/1.1" status: 200 len: 247 time: 0.0042822
2026-09-01 05:25:54.134 10 INFO neutron.wsgi [-] 10.0.0.79 "GET / HTTP/1.1" status: 200 len: 247 time: 0.0026302
2026-09-01 05:25:54.136 10 INFO neutron.wsgi [-] 10.0.0.79 "GET / HTTP/1.1" status: 200 len: 247 time: 0.0008492
2026-09-01 05:26:09.133 10 INFO neutron.wsgi [-] 10.0.0.79 "GET / HTTP/1.1" status: 200 len: 247 time: 0.0023673
2026-09-01 05:26:09.136 9 INFO neutron.wsgi [-] 10.0.0.79 "GET / HTTP/1.1" status: 200 len: 247 time: 0.0042081
2026-09-01 05:26:14.918 9 INFO neutron.wsgi [None req-643eaa63-9fc3-4b2b-a6a2-67ca1eb46906 20f45880a3d641df9aaeabe63f6015fe fdde9091cbea44ae8558bb37fa265712 - - default default] 10.0.0.149 "GET /v2.0/ports HTTP/1.1" status: 200 len: 5345 time: 0.1225779
2026-09-01 05:26:15.004 9 INFO neutron.wsgi [None req-9735195a-7c2c-4fee-8046-ee61efaff5d7 20f45880a3d641df9aaeabe63f6015fe fdde9091cbea44ae8558bb37fa265712 - - default default] 10.0.0.149 "GET /v2.0/agents HTTP/1.1" status: 200 len: 997 time: 0.0734899
2026-09-01 05:26:15.018 9 INFO neutron.wsgi [None req-f3838769-0558-46ab-bdc4-5e745a096c8a 20f45880a3d641df9aaeabe63f6015fe fdde9091cbea44ae8558bb37fa265712 - - default default] 10.0.0.149 "GET /v2.0/network-ip-availabilities HTTP/1.1" status: 200 len: 1280 time: 0.0119116
2026-09-01 05:26:15.049 9 INFO neutron.wsgi [None req-46d7483d-cb8b-4f17-8046-b43d4c0a3cc0 20f45880a3d641df9aaeabe63f6015fe fdde9091cbea44ae8558bb37fa265712 - - default default] 10.0.0.149 "GET /v2.0/subnets HTTP/1.1" status: 200 len: 1437 time: 0.0313041
2026-09-01 05:26:15.076 9 INFO neutron.wsgi [None req-672566a9-59c6-45c4-a111-808252a460f8 20f45880a3d641df9aaeabe63f6015fe fdde9091cbea44ae8558bb37fa265712 - - default default] 10.0.0.149 "GET /v2.0/routers HTTP/1.1" status: 200 len: 189 time: 0.0249853
2026-09-01 05:26:15.085 9 INFO neutron.wsgi [None req-4038d3d8-02de-49fd-acda-6d4b5574155d 20f45880a3d641df9aaeabe63f6015fe fdde9091cbea44ae8558bb37fa265712 - - default default] 10.0.0.149 "GET /v2.0/agents?binary=ovn-controller HTTP/1.1" status: 200 len: 591 time: 0.0082016
2026-09-01 05:26:15.112 9 INFO neutron.wsgi [None req-396ddfac-8af2-436a-869a-0c5d48a4b0cf 20f45880a3d641df9aaeabe63f6015fe fdde9091cbea44ae8558bb37fa265712 - - default default] 10.0.0.149 "GET /v2.0/subnets HTTP/1.1" status: 200 len: 1437 time: 0.0270543
2026-09-01 05:26:15.122 9 INFO neutron.wsgi [None req-95dac912-eb51-49b1-acd8-e922af632c14 20f45880a3d641df9aaeabe63f6015fe fdde9091cbea44ae8558bb37fa265712 - - default default] 10.0.0.149 "GET /v2.0/subnetpools HTTP/1.1" status: 200 len: 193 time: 0.0083666
2026-09-01 05:26:15.136 9 INFO neutron.wsgi [None req-232cfb34-79fe-482e-896e-f565fd0eced4 20f45880a3d641df9aaeabe63f6015fe fdde9091cbea44ae8558bb37fa265712 - - default default] 10.0.0.149 "GET /v2.0/floatingips HTTP/1.1" status: 200 len: 193 time: 0.0142834
2026-09-01 05:26:15.208 9 INFO neutron.wsgi [None req-68a037f9-38a9-43f9-9ae6-9b7865162707 20f45880a3d641df9aaeabe63f6015fe fdde9091cbea44ae8558bb37fa265712 - - default default] 10.0.0.149 "GET /v2.0/networks HTTP/1.1" status: 200 len: 2350 time: 0.0714204
2026-09-01 05:26:15.457 9 INFO neutron.wsgi [None req-37192c76-d1c3-4f04-963b-e3f05796521c 20f45880a3d641df9aaeabe63f6015fe fdde9091cbea44ae8558bb37fa265712 - - default default] 10.0.0.149 "GET /v2.0/security-groups HTTP/1.1" status: 200 len: 16799 time: 0.2458482
2026-09-01 05:26:24.135 10 INFO neutron.wsgi [-] 10.0.0.79 "GET / HTTP/1.1" status: 200 len: 247 time: 0.0018735
2026-09-01 05:26:24.148 10 INFO neutron.wsgi [-] 10.0.0.79 "GET / HTTP/1.1" status: 200 len: 247 time: 0.0010836
2026-09-01 05:26:28.792 15 INFO neutron.plugins.ml2.drivers.ovn.mech_driver.ovsdb.maintenance [None req-827fb572-57f0-46ee-92d9-b220932d60eb - - - - - -] Maintenance task: Synchronization finished (took 0.58 seconds)
2026-09-01 05:26:39.134 10 INFO neutron.wsgi [-] 10.0.0.79 "GET / HTTP/1.1" status: 200 len: 247 time: 0.0023623
2026-09-01 05:26:39.145 9 INFO neutron.wsgi [-] 10.0.0.79 "GET / HTTP/1.1" status: 200 len: 247 time: 0.0122724
2026-09-01 05:26:54.134 9 INFO neutron.wsgi [-] 10.0.0.79 "GET / HTTP/1.1" status: 200 len: 247 time: 0.0022240
2026-09-01 05:26:54.138 10 INFO neutron.wsgi [-] 10.0.0.79 "GET / HTTP/1.1" status: 200 len: 247 time: 0.0049248
2026-09-01 05:27:09.134 9 INFO neutron.wsgi [-] 10.0.0.79 "GET / HTTP/1.1" status: 200 len: 247 time: 0.0020607
2026-09-01 05:27:09.136 9 INFO neutron.wsgi [-] 10.0.0.79 "GET / HTTP/1.1" status: 200 len: 247 time: 0.0010231
2026-09-01 05:27:14.865 9 INFO neutron.wsgi [None req-863df4a1-fe2d-4f4f-bae4-34fd6e0e4561 20f45880a3d641df9aaeabe63f6015fe fdde9091cbea44ae8558bb37fa265712 - - default default] 10.0.0.149 "GET /v2.0/network-ip-availabilities HTTP/1.1" status: 200 len: 1280 time: 0.0799885
2026-09-01 05:27:14.907 9 INFO neutron.wsgi [None req-35243d98-e585-43d6-8777-86dd8bfa419c 20f45880a3d641df9aaeabe63f6015fe fdde9091cbea44ae8558bb37fa265712 - - default default] 10.0.0.149 "GET /v2.0/subnets HTTP/1.1" status: 200 len: 1437 time: 0.0410132
2026-09-01 05:27:14.918 9 INFO neutron.wsgi [None req-3e69296c-2817-4e6b-afec-bdf995f0f189 20f45880a3d641df9aaeabe63f6015fe fdde9091cbea44ae8558bb37fa265712 - - default default] 10.0.0.149 "GET /v2.0/subnetpools HTTP/1.1" status: 200 len: 193 time: 0.0098977
2026-09-01 05:27:14.970 9 INFO neutron.wsgi [None req-b3b36fef-9d8d-4057-ae06-752f6e5f9d15 20f45880a3d641df9aaeabe63f6015fe fdde9091cbea44ae8558bb37fa265712 - - default default] 10.0.0.149 "GET /v2.0/agents HTTP/1.1" status: 200 len: 997 time: 0.0501521
2026-09-01 05:27:15.011 9 INFO neutron.wsgi [None req-f7d72b3b-54d0-4567-9000-443913023100 20f45880a3d641df9aaeabe63f6015fe fdde9091cbea44ae8558bb37fa265712 - - default default] 10.0.0.149 "GET /v2.0/subnets HTTP/1.1" status: 200 len: 1437 time: 0.0398223
2026-09-01 05:27:15.051 9 INFO neutron.wsgi [None req-57050bf0-8767-4158-9fc1-9d6f0773df47 20f45880a3d641df9aaeabe63f6015fe fdde9091cbea44ae8558bb37fa265712 - - default default] 10.0.0.149 "GET /v2.0/ports HTTP/1.1" status: 200 len: 5345 time: 0.0389197
2026-09-01 05:27:15.083 9 INFO neutron.wsgi [None req-04532eda-23f5-4c32-8e4f-274dbf4c9cae 20f45880a3d641df9aaeabe63f6015fe fdde9091cbea44ae8558bb37fa265712 - - default default] 10.0.0.149 "GET /v2.0/routers HTTP/1.1" status: 200 len: 189 time: 0.0253232
2026-09-01 05:27:15.099 9 INFO neutron.wsgi [None req-3982bf2d-8bd2-4d62-ab79-d2d111143ae0 20f45880a3d641df9aaeabe63f6015fe fdde9091cbea44ae8558bb37fa265712 - - default default] 10.0.0.149 "GET /v2.0/agents?binary=ovn-controller HTTP/1.1" status: 200 len: 591 time: 0.0147693
2026-09-01 05:27:15.155 9 INFO neutron.wsgi [None req-33049836-4c40-47e5-be91-487683af7e15 20f45880a3d641df9aaeabe63f6015fe fdde9091cbea44ae8558bb37fa265712 - - default default] 10.0.0.149 "GET /v2.0/networks HTTP/1.1" status: 200 len: 2350 time: 0.0554183
2026-09-01 05:27:15.200 9 INFO neutron.wsgi [None req-87cf247a-991f-450c-8518-65f9c5589231 20f45880a3d641df9aaeabe63f6015fe fdde9091cbea44ae8558bb37fa265712 - - default default] 10.0.0.149 "GET /v2.0/security-groups HTTP/1.1" status: 200 len: 16799 time: 0.0422611
2026-09-01 05:27:15.220 9 INFO neutron.wsgi [None req-6b24699b-afc5-48ed-bcc4-d83f47edbbab 20f45880a3d641df9aaeabe63f6015fe fdde9091cbea44ae8558bb37fa265712 - - default default] 10.0.0.149 "GET /v2.0/floatingips HTTP/1.1" status: 200 len: 193 time: 0.0150154
2026-09-01 05:27:24.137 10 INFO neutron.wsgi [-] 10.0.0.79 "GET / HTTP/1.1" status: 200 len: 247 time: 0.0044718
2026-09-01 05:27:24.141 9 INFO neutron.wsgi [-] 10.0.0.79 "GET / HTTP/1.1" status: 200 len: 247 time: 0.0095725
2026-09-01 05:27:39.134 9 INFO neutron.wsgi [-] 10.0.0.79 "GET / HTTP/1.1" status: 200 len: 247 time: 0.0024910
2026-09-01 05:27:39.139 9 INFO neutron.wsgi [-] 10.0.0.79 "GET / HTTP/1.1" status: 200 len: 247 time: 0.0037177
2026-09-01 05:27:54.133 9 INFO neutron.wsgi [-] 10.0.0.79 "GET / HTTP/1.1" status: 200 len: 247 time: 0.0017107
2026-09-01 05:27:54.137 10 INFO neutron.wsgi [-] 10.0.0.79 "GET / HTTP/1.1" status: 200 len: 247 time: 0.0051527
2026-09-01 05:28:09.135 9 INFO neutron.wsgi [-] 10.0.0.79 "GET / HTTP/1.1" status: 200 len: 247 time: 0.0030169
2026-09-01 05:28:09.135 10 INFO neutron.wsgi [-] 10.0.0.79 "GET / HTTP/1.1" status: 200 len: 247 time: 0.0030327
2026-09-01 05:28:14.871 9 INFO neutron.wsgi [None req-15e866c9-67a3-4ca2-9ca0-eb941b169c8a 20f45880a3d641df9aaeabe63f6015fe fdde9091cbea44ae8558bb37fa265712 - - default default] 10.0.0.149 "GET /v2.0/routers HTTP/1.1" status: 200 len: 189 time: 0.1091001
2026-09-01 05:28:14.920 9 INFO neutron.wsgi [None req-e9e4bf93-0800-48be-a3a9-83297b6e7b40 20f45880a3d641df9aaeabe63f6015fe fdde9091cbea44ae8558bb37fa265712 - - default default] 10.0.0.149 "GET /v2.0/agents?binary=ovn-controller HTTP/1.1" status: 200 len: 591 time: 0.0479991
2026-09-01 05:28:14.938 9 INFO neutron.wsgi [None req-dc68b2c6-1c9f-4aed-96a4-469821500bc8 20f45880a3d641df9aaeabe63f6015fe fdde9091cbea44ae8558bb37fa265712 - - default default] 10.0.0.149 "GET /v2.0/agents HTTP/1.1" status: 200 len: 997 time: 0.0158262
2026-09-01 05:28:14.988 9 INFO neutron.wsgi [None req-45bbb555-736c-417c-a3e8-752394b2b084 20f45880a3d641df9aaeabe63f6015fe fdde9091cbea44ae8558bb37fa265712 - - default default] 10.0.0.149 "GET /v2.0/security-groups HTTP/1.1" status: 200 len: 16799 time: 0.0496469
2026-09-01 05:28:15.026 9 INFO neutron.wsgi [None req-bf82091e-f087-494c-98d7-815c7209fb23 20f45880a3d641df9aaeabe63f6015fe fdde9091cbea44ae8558bb37fa265712 - - default default] 10.0.0.149 "GET /v2.0/ports HTTP/1.1" status: 200 len: 5345 time: 0.0336633
2026-09-01 05:28:15.079 9 INFO neutron.wsgi [None req-49acc4f5-f6dd-4cce-8aa0-a5d9df40e1be 20f45880a3d641df9aaeabe63f6015fe fdde9091cbea44ae8558bb37fa265712 - - default default] 10.0.0.149 "GET /v2.0/subnets HTTP/1.1" status: 200 len: 1437 time: 0.0480180
2026-09-01 05:28:15.136 9 INFO neutron.wsgi [None req-b75e19f4-c65a-4d4f-aab9-abb118a1e722 20f45880a3d641df9aaeabe63f6015fe fdde9091cbea44ae8558bb37fa265712 - - default default] 10.0.0.149 "GET /v2.0/networks HTTP/1.1" status: 200 len: 2350 time: 0.0550795
2026-09-01 05:28:15.166 9 INFO neutron.wsgi [None req-2e039c2c-3b83-41e4-8147-0a45cc4760b6 20f45880a3d641df9aaeabe63f6015fe fdde9091cbea44ae8558bb37fa265712 - - default default] 10.0.0.149 "GET /v2.0/subnets HTTP/1.1" status: 200 len: 1437 time: 0.0279102
2026-09-01 05:28:15.175 9 INFO neutron.wsgi [None req-627cc763-7589-421d-9283-330b9bcdc000 20f45880a3d641df9aaeabe63f6015fe fdde9091cbea44ae8558bb37fa265712 - - default default] 10.0.0.149 "GET /v2.0/subnetpools HTTP/1.1" status: 200 len: 193 time: 0.0081544
2026-09-01 05:28:15.196 9 INFO neutron.wsgi [None req-9f337602-d058-4490-b3cf-f15ffc5650ee 20f45880a3d641df9aaeabe63f6015fe fdde9091cbea44ae8558bb37fa265712 - - default default] 10.0.0.149 "GET /v2.0/floatingips HTTP/1.1" status: 200 len: 193 time: 0.0194139
2026-09-01 05:28:15.209 9 INFO neutron.wsgi [None req-31579ac8-082f-4af0-856f-e07e472ad31a 20f45880a3d641df9aaeabe63f6015fe fdde9091cbea44ae8558bb37fa265712 - - default default] 10.0.0.149 "GET /v2.0/network-ip-availabilities HTTP/1.1" status: 200 len: 1280 time: 0.0114381
2026-09-01 05:28:24.133 10 INFO neutron.wsgi [-] 10.0.0.79 "GET / HTTP/1.1" status: 200 len: 247 time: 0.0016115
2026-09-01 05:28:24.135 10 INFO neutron.wsgi [-] 10.0.0.79 "GET / HTTP/1.1" status: 200 len: 247 time: 0.0018086
2026-09-01 05:28:39.134 10 INFO neutron.wsgi [-] 10.0.0.79 "GET / HTTP/1.1" status: 200 len: 247 time: 0.0028830
2026-09-01 05:28:39.134 9 INFO neutron.wsgi [-] 10.0.0.79 "GET / HTTP/1.1" status: 200 len: 247 time: 0.0024183
2026-09-01 05:28:54.136 10 INFO neutron.wsgi [-] 10.0.0.79 "GET / HTTP/1.1" status: 200 len: 247 time: 0.0035527
2026-09-01 05:28:54.139 10 INFO neutron.wsgi [-] 10.0.0.79 "GET / HTTP/1.1" status: 200 len: 247 time: 0.0025771
2026-09-01 05:29:09.136 9 INFO neutron.wsgi [-] 10.0.0.79 "GET / HTTP/1.1" status: 200 len: 247 time: 0.0036116
2026-09-01 05:29:09.137 10 INFO neutron.wsgi [-] 10.0.0.79 "GET / HTTP/1.1" status: 200 len: 247 time: 0.0043707
2026-09-01 05:29:14.977 9 INFO neutron.wsgi [None req-aa29eccc-521a-4527-ab9a-cd7e4d05d5f6 20f45880a3d641df9aaeabe63f6015fe fdde9091cbea44ae8558bb37fa265712 - - default default] 10.0.0.149 "GET /v2.0/floatingips HTTP/1.1" status: 200 len: 193 time: 0.1544387
2026-09-01 05:29:15.043 9 INFO neutron.wsgi [None req-72db56e9-06b8-4bd8-a30a-7ae1ea491ad4 20f45880a3d641df9aaeabe63f6015fe fdde9091cbea44ae8558bb37fa265712 - - default default] 10.0.0.149 "GET /v2.0/ports HTTP/1.1" status: 200 len: 5345 time: 0.0652895
2026-09-01 05:29:15.092 9 INFO neutron.wsgi [None req-9861deac-fb06-4fdc-b4e2-f61012ebab91 20f45880a3d641df9aaeabe63f6015fe fdde9091cbea44ae8558bb37fa265712 - - default default] 10.0.0.149 "GET /v2.0/agents HTTP/1.1" status: 200 len: 997 time: 0.0467734
2026-09-01 05:29:15.122 9 INFO neutron.wsgi [None req-4908fe2d-1f2f-41dc-aa29-168653e3af15 20f45880a3d641df9aaeabe63f6015fe fdde9091cbea44ae8558bb37fa265712 - - default default] 10.0.0.149 "GET /v2.0/subnets HTTP/1.1" status: 200 len: 1437 time: 0.0270264
2026-09-01 05:29:15.132 9 INFO neutron.wsgi [None req-1b5b7d2d-3cef-46c4-af51-ae42c7cad7b5 20f45880a3d641df9aaeabe63f6015fe fdde9091cbea44ae8558bb37fa265712 - - default default] 10.0.0.149 "GET /v2.0/subnetpools HTTP/1.1" status: 200 len: 193 time: 0.0090084
2026-09-01 05:29:15.158 9 INFO neutron.wsgi [None req-cb0725de-0f3d-4824-b4a3-063f23876bc8 20f45880a3d641df9aaeabe63f6015fe fdde9091cbea44ae8558bb37fa265712 - - default default] 10.0.0.149 "GET /v2.0/subnets HTTP/1.1" status: 200 len: 1437 time: 0.0246379
2026-09-01 05:29:15.178 9 INFO neutron.wsgi [None req-d39fd82e-1683-468c-96df-47dcfd03c6da 20f45880a3d641df9aaeabe63f6015fe fdde9091cbea44ae8558bb37fa265712 - - default default] 10.0.0.149 "GET /v2.0/routers HTTP/1.1" status: 200 len: 189 time: 0.0174134
2026-09-01 05:29:15.187 9 INFO neutron.wsgi [None req-0b1da4b7-8678-4ead-a515-badf794cbf55 20f45880a3d641df9aaeabe63f6015fe fdde9091cbea44ae8558bb37fa265712 - - default default] 10.0.0.149 "GET /v2.0/agents?binary=ovn-controller HTTP/1.1" status: 200 len: 591 time: 0.0090277
2026-09-01 05:29:15.203 9 INFO neutron.wsgi [None req-80f95fd5-a62b-460d-9fe5-3ee4b5d697aa 20f45880a3d641df9aaeabe63f6015fe fdde9091cbea44ae8558bb37fa265712 - - default default] 10.0.0.149 "GET /v2.0/network-ip-availabilities HTTP/1.1" status: 200 len: 1280 time: 0.0144145
2026-09-01 05:29:15.255 9 INFO neutron.wsgi [None req-eb306efa-833c-4caa-a882-850bead2bac9 20f45880a3d641df9aaeabe63f6015fe fdde9091cbea44ae8558bb37fa265712 - - default default] 10.0.0.149 "GET /v2.0/networks HTTP/1.1" status: 200 len: 2350 time: 0.0511763
2026-09-01 05:29:15.318 9 INFO neutron.wsgi [None req-e34ac4ea-3ec1-416a-b643-377a9fec68b3 20f45880a3d641df9aaeabe63f6015fe fdde9091cbea44ae8558bb37fa265712 - - default default] 10.0.0.149 "GET /v2.0/security-groups HTTP/1.1" status: 200 len: 16799 time: 0.0594573
2026-09-01 05:29:24.133 9 INFO neutron.wsgi [-] 10.0.0.79 "GET / HTTP/1.1" status: 200 len: 247 time: 0.0017500
2026-09-01 05:29:24.134 10 INFO neutron.wsgi [-] 10.0.0.79 "GET / HTTP/1.1" status: 200 len: 247 time: 0.0024893
2026-09-01 05:29:39.134 9 INFO neutron.wsgi [-] 10.0.0.79 "GET / HTTP/1.1" status: 200 len: 247 time: 0.0023057
2026-09-01 05:29:39.135 10 INFO neutron.wsgi [-] 10.0.0.79 "GET / HTTP/1.1" status: 200 len: 247 time: 0.0033658
2026-09-01 05:29:54.134 10 INFO neutron.wsgi [-] 10.0.0.79 "GET / HTTP/1.1" status: 200 len: 247 time: 0.0024207
2026-09-01 05:29:54.138 9 INFO neutron.wsgi [-] 10.0.0.79 "GET / HTTP/1.1" status: 200 len: 247 time: 0.0054834
2026-09-01 05:30:09.134 10 INFO neutron.wsgi [-] 10.0.0.79 "GET / HTTP/1.1" status: 200 len: 247 time: 0.0024202
2026-09-01 05:30:09.134 9 INFO neutron.wsgi [-] 10.0.0.79 "GET / HTTP/1.1" status: 200 len: 247 time: 0.0024457
2026-09-01 05:30:15.039 9 INFO neutron.wsgi [None req-1af39a64-6f00-4860-83c0-1e33b1b34bb0 20f45880a3d641df9aaeabe63f6015fe fdde9091cbea44ae8558bb37fa265712 - - default default] 10.0.0.149 "GET /v2.0/networks HTTP/1.1" status: 200 len: 2350 time: 0.2350838
2026-09-01 05:30:15.100 9 INFO neutron.wsgi [None req-b93c392d-9e4c-49eb-82fa-aa58e3ef03a8 20f45880a3d641df9aaeabe63f6015fe fdde9091cbea44ae8558bb37fa265712 - - default default] 10.0.0.149 "GET /v2.0/security-groups HTTP/1.1" status: 200 len: 16799 time: 0.0591340
2026-09-01 05:30:15.129 9 INFO neutron.wsgi [None req-0386a15b-be77-440b-abcb-f469ccad080c 20f45880a3d641df9aaeabe63f6015fe fdde9091cbea44ae8558bb37fa265712 - - default default] 10.0.0.149 "GET /v2.0/floatingips HTTP/1.1" status: 200 len: 193 time: 0.0243754
2026-09-01 05:30:15.164 9 INFO neutron.wsgi [None req-6bcfac7b-7e74-4c1e-9e5d-cb33511e9f40 20f45880a3d641df9aaeabe63f6015fe fdde9091cbea44ae8558bb37fa265712 - - default default] 10.0.0.149 "GET /v2.0/ports HTTP/1.1" status: 200 len: 5345 time: 0.0333676
