2026-09-01 05:17:24.136 9 INFO neutron.wsgi [-] 10.0.0.79 "GET / HTTP/1.1" status: 200 len: 247 time: 0.0049539
2026-09-01 05:17:39.133 10 INFO neutron.wsgi [-] 10.0.0.79 "GET / HTTP/1.1" status: 200 len: 247 time: 0.0017595
2026-09-01 05:17:39.138 9 INFO neutron.wsgi [-] 10.0.0.79 "GET / HTTP/1.1" status: 200 len: 247 time: 0.0066230
2026-09-01 05:17:54.134 10 INFO neutron.wsgi [-] 10.0.0.79 "GET / HTTP/1.1" status: 200 len: 247 time: 0.0026925
2026-09-01 05:17:54.136 9 INFO neutron.wsgi [-] 10.0.0.79 "GET / HTTP/1.1" status: 200 len: 247 time: 0.0044587
2026-09-01 05:18:09.134 10 INFO neutron.wsgi [-] 10.0.0.79 "GET / HTTP/1.1" status: 200 len: 247 time: 0.0023060
2026-09-01 05:18:09.134 9 INFO neutron.wsgi [-] 10.0.0.79 "GET / HTTP/1.1" status: 200 len: 247 time: 0.0022459
2026-09-01 05:18:14.936 9 INFO neutron.wsgi [None req-b010ae3c-8b9c-47cf-87e2-5af8e72ab56a 20f45880a3d641df9aaeabe63f6015fe fdde9091cbea44ae8558bb37fa265712 - - default default] 10.0.0.149 "GET /v2.0/routers HTTP/1.1" status: 200 len: 189 time: 0.1024301
2026-09-01 05:18:14.981 9 INFO neutron.wsgi [None req-5552a2bc-e481-4720-9d69-54aca9948a5b 20f45880a3d641df9aaeabe63f6015fe fdde9091cbea44ae8558bb37fa265712 - - default default] 10.0.0.149 "GET /v2.0/agents?binary=ovn-controller HTTP/1.1" status: 200 len: 591 time: 0.0442812
2026-09-01 05:18:15.019 9 INFO neutron.wsgi [None req-74f81673-a7b7-43ab-81b3-beb4b5e1d045 20f45880a3d641df9aaeabe63f6015fe fdde9091cbea44ae8558bb37fa265712 - - default default] 10.0.0.149 "GET /v2.0/subnets HTTP/1.1" status: 200 len: 1437 time: 0.0363584
2026-09-01 05:18:15.036 9 INFO neutron.wsgi [None req-fd5837a9-826d-4f45-996f-4c965de0af6e 20f45880a3d641df9aaeabe63f6015fe fdde9091cbea44ae8558bb37fa265712 - - default default] 10.0.0.149 "GET /v2.0/subnetpools HTTP/1.1" status: 200 len: 193 time: 0.0165732
2026-09-01 05:18:15.050 9 INFO neutron.wsgi [None req-1d0c6cef-5df4-4824-97e7-7226fd101af8 20f45880a3d641df9aaeabe63f6015fe fdde9091cbea44ae8558bb37fa265712 - - default default] 10.0.0.149 "GET /v2.0/network-ip-availabilities HTTP/1.1" status: 200 len: 1280 time: 0.0124393
2026-09-01 05:18:15.109 9 INFO neutron.wsgi [None req-f90b4bfc-09ef-42fb-ac42-680622e7a983 20f45880a3d641df9aaeabe63f6015fe fdde9091cbea44ae8558bb37fa265712 - - default default] 10.0.0.149 "GET /v2.0/networks HTTP/1.1" status: 200 len: 2350 time: 0.0580769
2026-09-01 05:18:15.119 9 INFO neutron.wsgi [None req-03f3e6bf-1a58-4b49-9bf1-e6ac7ca965fe 20f45880a3d641df9aaeabe63f6015fe fdde9091cbea44ae8558bb37fa265712 - - default default] 10.0.0.149 "GET /v2.0/agents HTTP/1.1" status: 200 len: 997 time: 0.0074124
2026-09-01 05:18:15.155 9 INFO neutron.wsgi [None req-0c6b6905-744c-416d-9dd0-ac86e61edcd8 20f45880a3d641df9aaeabe63f6015fe fdde9091cbea44ae8558bb37fa265712 - - default default] 10.0.0.149 "GET /v2.0/security-groups HTTP/1.1" status: 200 len: 16799 time: 0.0352447
2026-09-01 05:18:15.186 9 INFO neutron.wsgi [None req-094b06a4-6604-4d38-8f54-6090f633cef3 20f45880a3d641df9aaeabe63f6015fe fdde9091cbea44ae8558bb37fa265712 - - default default] 10.0.0.149 "GET /v2.0/subnets HTTP/1.1" status: 200 len: 1437 time: 0.0248055
2026-09-01 05:18:15.202 9 INFO neutron.wsgi [None req-50408dde-47df-4de4-9e59-0f7146af10ca 20f45880a3d641df9aaeabe63f6015fe fdde9091cbea44ae8558bb37fa265712 - - default default] 10.0.0.149 "GET /v2.0/floatingips HTTP/1.1" status: 200 len: 193 time: 0.0145726
2026-09-01 05:18:15.226 9 INFO neutron.wsgi [None req-6d0ac11e-ace2-4e36-ba9f-aa7e2a60b0d7 20f45880a3d641df9aaeabe63f6015fe fdde9091cbea44ae8558bb37fa265712 - - default default] 10.0.0.149 "GET /v2.0/ports HTTP/1.1" status: 200 len: 5345 time: 0.0232613
2026-09-01 05:18:24.134 9 INFO neutron.wsgi [-] 10.0.0.79 "GET / HTTP/1.1" status: 200 len: 247 time: 0.0023234
2026-09-01 05:18:24.137 9 INFO neutron.wsgi [-] 10.0.0.79 "GET / HTTP/1.1" status: 200 len: 247 time: 0.0018065
2026-09-01 05:18:39.134 10 INFO neutron.wsgi [-] 10.0.0.79 "GET / HTTP/1.1" status: 200 len: 247 time: 0.0024993
2026-09-01 05:18:39.135 9 INFO neutron.wsgi [-] 10.0.0.79 "GET / HTTP/1.1" status: 200 len: 247 time: 0.0034010
2026-09-01 05:18:54.135 9 INFO neutron.wsgi [-] 10.0.0.79 "GET / HTTP/1.1" status: 200 len: 247 time: 0.0043075
2026-09-01 05:18:54.139 9 INFO neutron.wsgi [-] 10.0.0.79 "GET / HTTP/1.1" status: 200 len: 247 time: 0.0021596
2026-09-01 05:19:09.137 10 INFO neutron.wsgi [-] 10.0.0.79 "GET / HTTP/1.1" status: 200 len: 247 time: 0.0045381
2026-09-01 05:19:09.140 10 INFO neutron.wsgi [-] 10.0.0.79 "GET / HTTP/1.1" status: 200 len: 247 time: 0.0019569
2026-09-01 05:19:14.973 9 INFO neutron.wsgi [None req-0f478edb-3980-4051-9eb1-fa2800dc70d9 20f45880a3d641df9aaeabe63f6015fe fdde9091cbea44ae8558bb37fa265712 - - default default] 10.0.0.149 "GET /v2.0/routers HTTP/1.1" status: 200 len: 189 time: 0.1704383
2026-09-01 05:19:15.043 9 INFO neutron.wsgi [None req-46c2378c-764f-4adf-8ecf-50b4158b10c0 20f45880a3d641df9aaeabe63f6015fe fdde9091cbea44ae8558bb37fa265712 - - default default] 10.0.0.149 "GET /v2.0/agents?binary=ovn-controller HTTP/1.1" status: 200 len: 591 time: 0.0695634
2026-09-01 05:19:15.077 9 INFO neutron.wsgi [None req-66590361-f2b3-4cdf-9fe7-ba4a1df2dbf5 20f45880a3d641df9aaeabe63f6015fe fdde9091cbea44ae8558bb37fa265712 - - default default] 10.0.0.149 "GET /v2.0/subnets HTTP/1.1" status: 200 len: 1437 time: 0.0331206
2026-09-01 05:19:15.089 9 INFO neutron.wsgi [None req-86e742fe-09d3-4f5d-bc3b-1f1c020da5f4 20f45880a3d641df9aaeabe63f6015fe fdde9091cbea44ae8558bb37fa265712 - - default default] 10.0.0.149 "GET /v2.0/subnetpools HTTP/1.1" status: 200 len: 193 time: 0.0097589
2026-09-01 05:19:15.099 9 INFO neutron.wsgi [None req-095e9ead-a74d-4041-b3a5-b38cd54e5b86 20f45880a3d641df9aaeabe63f6015fe fdde9091cbea44ae8558bb37fa265712 - - default default] 10.0.0.149 "GET /v2.0/network-ip-availabilities HTTP/1.1" status: 200 len: 1280 time: 0.0098586
2026-09-01 05:19:15.116 9 INFO neutron.wsgi [None req-9079ed5b-84bc-4876-a9d7-259a198711f4 20f45880a3d641df9aaeabe63f6015fe fdde9091cbea44ae8558bb37fa265712 - - default default] 10.0.0.149 "GET /v2.0/floatingips HTTP/1.1" status: 200 len: 193 time: 0.0153971
2026-09-01 05:19:15.142 9 INFO neutron.wsgi [None req-26cc60e3-40ca-4caf-ba49-42257a51b937 20f45880a3d641df9aaeabe63f6015fe fdde9091cbea44ae8558bb37fa265712 - - default default] 10.0.0.149 "GET /v2.0/ports HTTP/1.1" status: 200 len: 5345 time: 0.0257084
2026-09-01 05:19:15.161 9 INFO neutron.wsgi [None req-f9ec84f6-62e4-43a1-9478-2d73903ec24e 20f45880a3d641df9aaeabe63f6015fe fdde9091cbea44ae8558bb37fa265712 - - default default] 10.0.0.149 "GET /v2.0/agents HTTP/1.1" status: 200 len: 997 time: 0.0145128
2026-09-01 05:19:15.240 9 INFO neutron.wsgi [None req-c65372b0-f0d8-4733-9dce-82c8f8e6fe3c 20f45880a3d641df9aaeabe63f6015fe fdde9091cbea44ae8558bb37fa265712 - - default default] 10.0.0.149 "GET /v2.0/networks HTTP/1.1" status: 200 len: 2350 time: 0.0790608
2026-09-01 05:19:15.286 9 INFO neutron.wsgi [None req-a544a864-3253-4755-b46c-81474471966f 20f45880a3d641df9aaeabe63f6015fe fdde9091cbea44ae8558bb37fa265712 - - default default] 10.0.0.149 "GET /v2.0/security-groups HTTP/1.1" status: 200 len: 16799 time: 0.0428045
2026-09-01 05:19:15.320 9 INFO neutron.wsgi [None req-6c37fe54-c20a-47ab-a445-189a9205d76d 20f45880a3d641df9aaeabe63f6015fe fdde9091cbea44ae8558bb37fa265712 - - default default] 10.0.0.149 "GET /v2.0/subnets HTTP/1.1" status: 200 len: 1437 time: 0.0282896
2026-09-01 05:19:24.134 10 INFO neutron.wsgi [-] 10.0.0.79 "GET / HTTP/1.1" status: 200 len: 247 time: 0.0023608
2026-09-01 05:19:24.136 10 INFO neutron.wsgi [-] 10.0.0.79 "GET / HTTP/1.1" status: 200 len: 247 time: 0.0019057
2026-09-01 05:19:39.135 10 INFO neutron.wsgi [-] 10.0.0.79 "GET / HTTP/1.1" status: 200 len: 247 time: 0.0029471
2026-09-01 05:19:39.135 9 INFO neutron.wsgi [-] 10.0.0.79 "GET / HTTP/1.1" status: 200 len: 247 time: 0.0023782
2026-09-01 05:19:54.136 10 INFO neutron.wsgi [-] 10.0.0.79 "GET / HTTP/1.1" status: 200 len: 247 time: 0.0038977
2026-09-01 05:19:54.139 9 INFO neutron.wsgi [-] 10.0.0.79 "GET / HTTP/1.1" status: 200 len: 247 time: 0.0033996
2026-09-01 05:20:09.141 10 INFO neutron.wsgi [-] 10.0.0.79 "GET / HTTP/1.1" status: 200 len: 247 time: 0.0077381
2026-09-01 05:20:09.148 10 INFO neutron.wsgi [-] 10.0.0.79 "GET / HTTP/1.1" status: 200 len: 247 time: 0.0053949
2026-09-01 05:20:15.015 9 INFO neutron.wsgi [None req-035557b3-4063-4bc8-9cbf-0ada4ada0d78 20f45880a3d641df9aaeabe63f6015fe fdde9091cbea44ae8558bb37fa265712 - - default default] 10.0.0.149 "GET /v2.0/floatingips HTTP/1.1" status: 200 len: 193 time: 0.1235452
2026-09-01 05:20:15.139 9 INFO neutron.wsgi [None req-21e2f0e9-7274-4ee6-ad9f-43458a60b3aa 20f45880a3d641df9aaeabe63f6015fe fdde9091cbea44ae8558bb37fa265712 - - default default] 10.0.0.149 "GET /v2.0/networks HTTP/1.1" status: 200 len: 2350 time: 0.1200724
2026-09-01 05:20:15.206 9 INFO neutron.wsgi [None req-c97af7c5-fe54-4ee0-a987-9e63f3aa7fad 20f45880a3d641df9aaeabe63f6015fe fdde9091cbea44ae8558bb37fa265712 - - default default] 10.0.0.149 "GET /v2.0/security-groups HTTP/1.1" status: 200 len: 16799 time: 0.0644367
2026-09-01 05:20:15.226 9 INFO neutron.wsgi [None req-e5f5883b-3ea0-4c66-af7f-f8aed802b38c 20f45880a3d641df9aaeabe63f6015fe fdde9091cbea44ae8558bb37fa265712 - - default default] 10.0.0.149 "GET /v2.0/network-ip-availabilities HTTP/1.1" status: 200 len: 1280 time: 0.0115023
2026-09-01 05:20:15.262 9 INFO neutron.wsgi [None req-860b1e65-e83b-416f-9d46-77a4a38c9d7c 20f45880a3d641df9aaeabe63f6015fe fdde9091cbea44ae8558bb37fa265712 - - default default] 10.0.0.149 "GET /v2.0/subnets HTTP/1.1" status: 200 len: 1437 time: 0.0346000
2026-09-01 05:20:15.272 9 INFO neutron.wsgi [None req-b8d85fb5-3d02-49f0-8ff6-ffca5c3e906b 20f45880a3d641df9aaeabe63f6015fe fdde9091cbea44ae8558bb37fa265712 - - default default] 10.0.0.149 "GET /v2.0/subnetpools HTTP/1.1" status: 200 len: 193 time: 0.0092936
2026-09-01 05:20:15.301 9 INFO neutron.wsgi [None req-e02d192d-9c22-472c-b8c6-6da60cbf4bbc 20f45880a3d641df9aaeabe63f6015fe fdde9091cbea44ae8558bb37fa265712 - - default default] 10.0.0.149 "GET /v2.0/ports HTTP/1.1" status: 200 len: 5345 time: 0.0277324
2026-09-01 05:20:15.324 9 INFO neutron.wsgi [None req-271287e7-2128-42fc-96c7-7e178b7953a7 20f45880a3d641df9aaeabe63f6015fe fdde9091cbea44ae8558bb37fa265712 - - default default] 10.0.0.149 "GET /v2.0/routers HTTP/1.1" status: 200 len: 189 time: 0.0188577
2026-09-01 05:20:15.375 9 INFO neutron.wsgi [None req-908177ae-fafb-4716-aa8f-def2e1478e44 20f45880a3d641df9aaeabe63f6015fe fdde9091cbea44ae8558bb37fa265712 - - default default] 10.0.0.149 "GET /v2.0/agents?binary=ovn-controller HTTP/1.1" status: 200 len: 591 time: 0.0502737
2026-09-01 05:20:15.397 9 INFO neutron.wsgi [None req-43c5e636-dc40-4a43-865e-456c8e626f60 20f45880a3d641df9aaeabe63f6015fe fdde9091cbea44ae8558bb37fa265712 - - default default] 10.0.0.149 "GET /v2.0/agents HTTP/1.1" status: 200 len: 997 time: 0.0201590
2026-09-01 05:20:15.429 9 INFO neutron.wsgi [None req-8ebd5ce4-ac6a-4e8f-8d9a-7a43d7929ab7 20f45880a3d641df9aaeabe63f6015fe fdde9091cbea44ae8558bb37fa265712 - - default default] 10.0.0.149 "GET /v2.0/subnets HTTP/1.1" status: 200 len: 1437 time: 0.0298736
2026-09-01 05:20:24.135 10 INFO neutron.wsgi [-] 10.0.0.79 "GET / HTTP/1.1" status: 200 len: 247 time: 0.0027955
2026-09-01 05:20:24.135 9 INFO neutron.wsgi [-] 10.0.0.79 "GET / HTTP/1.1" status: 200 len: 247 time: 0.0034251
2026-09-01 05:20:39.134 9 INFO neutron.wsgi [-] 10.0.0.79 "GET / HTTP/1.1" status: 200 len: 247 time: 0.0026488
2026-09-01 05:20:39.134 10 INFO neutron.wsgi [-] 10.0.0.79 "GET / HTTP/1.1" status: 200 len: 247 time: 0.0026047
2026-09-01 05:20:54.136 9 INFO neutron.wsgi [-] 10.0.0.79 "GET / HTTP/1.1" status: 200 len: 247 time: 0.0041456
2026-09-01 05:20:54.137 10 INFO neutron.wsgi [-] 10.0.0.79 "GET / HTTP/1.1" status: 200 len: 247 time: 0.0051112
2026-09-01 05:21:09.133 9 INFO neutron.wsgi [-] 10.0.0.79 "GET / HTTP/1.1" status: 200 len: 247 time: 0.0022440
2026-09-01 05:21:09.135 10 INFO neutron.wsgi [-] 10.0.0.79 "GET / HTTP/1.1" status: 200 len: 247 time: 0.0030372
2026-09-01 05:21:14.847 9 INFO neutron.wsgi [None req-fba3dbf0-2fec-4e69-8287-41f414fd151b 20f45880a3d641df9aaeabe63f6015fe fdde9091cbea44ae8558bb37fa265712 - - default default] 10.0.0.149 "GET /v2.0/agents HTTP/1.1" status: 200 len: 997 time: 0.1016033
2026-09-01 05:21:14.874 9 INFO neutron.wsgi [None req-089ad66c-98b3-427a-94b6-d008d124c943 20f45880a3d641df9aaeabe63f6015fe fdde9091cbea44ae8558bb37fa265712 - - default default] 10.0.0.149 "GET /v2.0/subnets HTTP/1.1" status: 200 len: 1437 time: 0.0254266
2026-09-01 05:21:14.942 9 INFO neutron.wsgi [None req-40fb69af-46ae-4e28-8502-5cfdb6afd286 20f45880a3d641df9aaeabe63f6015fe fdde9091cbea44ae8558bb37fa265712 - - default default] 10.0.0.149 "GET /v2.0/subnets HTTP/1.1" status: 200 len: 1437 time: 0.0661657
2026-09-01 05:21:14.963 9 INFO neutron.wsgi [None req-b92519fb-db6f-40d7-93de-1cf54232e04e 20f45880a3d641df9aaeabe63f6015fe fdde9091cbea44ae8558bb37fa265712 - - default default] 10.0.0.149 "GET /v2.0/subnetpools HTTP/1.1" status: 200 len: 193 time: 0.0196738
2026-09-01 05:21:15.005 9 INFO neutron.wsgi [None req-df42fea6-f7b9-488c-96d8-514164ecfe71 20f45880a3d641df9aaeabe63f6015fe fdde9091cbea44ae8558bb37fa265712 - - default default] 10.0.0.149 "GET /v2.0/floatingips HTTP/1.1" status: 200 len: 193 time: 0.0396035
2026-09-01 05:21:15.113 9 INFO neutron.wsgi [None req-55beafb3-436d-49ad-9640-fe4d182e598e 20f45880a3d641df9aaeabe63f6015fe fdde9091cbea44ae8558bb37fa265712 - - default default] 10.0.0.149 "GET /v2.0/networks HTTP/1.1" status: 200 len: 2350 time: 0.1072919
2026-09-01 05:21:15.127 9 INFO neutron.wsgi [None req-92095302-7c45-47f5-9260-a7f742c033f7 20f45880a3d641df9aaeabe63f6015fe fdde9091cbea44ae8558bb37fa265712 - - default default] 10.0.0.149 "GET /v2.0/network-ip-availabilities HTTP/1.1" status: 200 len: 1280 time: 0.0120335
2026-09-01 05:21:15.195 9 INFO neutron.wsgi [None req-11e6baa8-4522-400d-808a-1e78b200150c 20f45880a3d641df9aaeabe63f6015fe fdde9091cbea44ae8558bb37fa265712 - - default default] 10.0.0.149 "GET /v2.0/security-groups HTTP/1.1" status: 200 len: 16799 time: 0.0669608
2026-09-01 05:21:15.235 9 INFO neutron.wsgi [None req-0b250e0c-727e-4e23-b385-c4f529f502ce 20f45880a3d641df9aaeabe63f6015fe fdde9091cbea44ae8558bb37fa265712 - - default default] 10.0.0.149 "GET /v2.0/ports HTTP/1.1" status: 200 len: 5345 time: 0.0328667
2026-09-01 05:21:15.257 9 INFO neutron.wsgi [None req-4b57ed60-d307-45a3-b5bb-3b60adf6ba1a 20f45880a3d641df9aaeabe63f6015fe fdde9091cbea44ae8558bb37fa265712 - - default default] 10.0.0.149 "GET /v2.0/routers HTTP/1.1" status: 200 len: 189 time: 0.0185664
2026-09-01 05:21:15.269 9 INFO neutron.wsgi [None req-bf098303-0878-468a-bc2a-8c015fab44ee 20f45880a3d641df9aaeabe63f6015fe fdde9091cbea44ae8558bb37fa265712 - - default default] 10.0.0.149 "GET /v2.0/agents?binary=ovn-controller HTTP/1.1" status: 200 len: 591 time: 0.0105696
2026-09-01 05:21:24.133 10 INFO neutron.wsgi [-] 10.0.0.79 "GET / HTTP/1.1" status: 200 len: 247 time: 0.0016246
2026-09-01 05:21:24.133 9 INFO neutron.wsgi [-] 10.0.0.79 "GET / HTTP/1.1" status: 200 len: 247 time: 0.0019906
2026-09-01 05:21:39.134 10 INFO neutron.wsgi [-] 10.0.0.79 "GET / HTTP/1.1" status: 200 len: 247 time: 0.0025573
2026-09-01 05:21:39.134 9 INFO neutron.wsgi [-] 10.0.0.79 "GET / HTTP/1.1" status: 200 len: 247 time: 0.0025098
2026-09-01 05:21:54.134 10 INFO neutron.wsgi [-] 10.0.0.79 "GET / HTTP/1.1" status: 200 len: 247 time: 0.0023057
2026-09-01 05:21:54.134 9 INFO neutron.wsgi [-] 10.0.0.79 "GET / HTTP/1.1" status: 200 len: 247 time: 0.0021493
2026-09-01 05:22:09.134 10 INFO neutron.wsgi [-] 10.0.0.79 "GET / HTTP/1.1" status: 200 len: 247 time: 0.0025449
2026-09-01 05:22:09.134 9 INFO neutron.wsgi [-] 10.0.0.79 "GET / HTTP/1.1" status: 200 len: 247 time: 0.0024853
2026-09-01 05:22:14.936 9 INFO neutron.wsgi [None req-5874fda7-5927-45db-9202-5b95fc876759 20f45880a3d641df9aaeabe63f6015fe fdde9091cbea44ae8558bb37fa265712 - - default default] 10.0.0.149 "GET /v2.0/routers HTTP/1.1" status: 200 len: 189 time: 0.1110873
2026-09-01 05:22:14.973 9 INFO neutron.wsgi [None req-771d72be-d477-425f-a2b1-65136cfc07d0 20f45880a3d641df9aaeabe63f6015fe fdde9091cbea44ae8558bb37fa265712 - - default default] 10.0.0.149 "GET /v2.0/agents?binary=ovn-controller HTTP/1.1" status: 200 len: 591 time: 0.0357437
2026-09-01 05:22:15.004 9 INFO neutron.wsgi [None req-ccd03403-be29-42c3-96b9-c49ac820e7c1 20f45880a3d641df9aaeabe63f6015fe fdde9091cbea44ae8558bb37fa265712 - - default default] 10.0.0.149 "GET /v2.0/ports HTTP/1.1" status: 200 len: 5345 time: 0.0292113
2026-09-01 05:22:15.066 9 INFO neutron.wsgi [None req-6430b5d7-49b2-4c74-b4cc-0c0c437f422c 20f45880a3d641df9aaeabe63f6015fe fdde9091cbea44ae8558bb37fa265712 - - default default] 10.0.0.149 "GET /v2.0/networks HTTP/1.1" status: 200 len: 2350 time: 0.0600719
2026-09-01 05:22:15.107 9 INFO neutron.wsgi [None req-c6a2242a-544f-4dc6-84e1-b1be3d7778e1 20f45880a3d641df9aaeabe63f6015fe fdde9091cbea44ae8558bb37fa265712 - - default default] 10.0.0.149 "GET /v2.0/security-groups HTTP/1.1" status: 200 len: 16799 time: 0.0367744
2026-09-01 05:22:15.121 9 INFO neutron.wsgi [None req-f64496d3-2e1c-48fb-8b6a-4ee70c814ba7 20f45880a3d641df9aaeabe63f6015fe fdde9091cbea44ae8558bb37fa265712 - - default default] 10.0.0.149 "GET /v2.0/agents HTTP/1.1" status: 200 len: 997 time: 0.0074668
2026-09-01 05:22:15.130 9 INFO neutron.wsgi [None req-edab3678-7016-4434-8c22-ebb108eea98a 20f45880a3d641df9aaeabe63f6015fe fdde9091cbea44ae8558bb37fa265712 - - default default] 10.0.0.149 "GET /v2.0/network-ip-availabilities HTTP/1.1" status: 200 len: 1280 time: 0.0079215
2026-09-01 05:22:15.158 9 INFO neutron.wsgi [None req-55e963a5-c4b7-41a7-bc83-02da9a40edc2 20f45880a3d641df9aaeabe63f6015fe fdde9091cbea44ae8558bb37fa265712 - - default default] 10.0.0.149 "GET /v2.0/subnets HTTP/1.1" status: 200 len: 1437 time: 0.0271189
2026-09-01 05:22:15.166 9 INFO neutron.wsgi [None req-cf319104-ee3c-46ea-b3f6-114439abd361 20f45880a3d641df9aaeabe63f6015fe fdde9091cbea44ae8558bb37fa265712 - - default default] 10.0.0.149 "GET /v2.0/subnetpools HTTP/1.1" status: 200 len: 193 time: 0.0069594
2026-09-01 05:22:15.193 9 INFO neutron.wsgi [None req-dc3042ea-6bef-45d8-a9e5-d8316fd5dfb5 20f45880a3d641df9aaeabe63f6015fe fdde9091cbea44ae8558bb37fa265712 - - default default] 10.0.0.149 "GET /v2.0/subnets HTTP/1.1" status: 200 len: 1437 time: 0.0264599
2026-09-01 05:22:15.222 9 INFO neutron.wsgi [None req-8d8d7d0b-8be3-45c3-8674-5c15c0da43bb 20f45880a3d641df9aaeabe63f6015fe fdde9091cbea44ae8558bb37fa265712 - - default default] 10.0.0.149 "GET /v2.0/floatingips HTTP/1.1" status: 200 len: 193 time: 0.0273836
2026-09-01 05:22:24.134 9 INFO neutron.wsgi [-] 10.0.0.79 "GET / HTTP/1.1" status: 200 len: 247 time: 0.0023570
2026-09-01 05:22:24.134 10 INFO neutron.wsgi [-] 10.0.0.79 "GET / HTTP/1.1" status: 200 len: 247 time: 0.0022883
2026-09-01 05:22:39.133 9 INFO neutron.wsgi [-] 10.0.0.79 "GET / HTTP/1.1" status: 200 len: 247 time: 0.0014570
2026-09-01 05:22:39.135 9 INFO neutron.wsgi [-] 10.0.0.79 "GET / HTTP/1.1" status: 200 len: 247 time: 0.0020385
2026-09-01 05:22:40.384 10 INFO neutron.db.ovn_revision_numbers_db [None req-e6343de0-7ca9-452a-9b8b-74cc559f2529 20f45880a3d641df9aaeabe63f6015fe fdde9091cbea44ae8558bb37fa265712 - - default default] Successfully bumped revision number for resource 39a72a38-f671-425c-aeb1-b89257139fea (type: security_groups) to 1
2026-09-01 05:22:40.404 10 INFO neutron.db.ovn_revision_numbers_db [None req-e6343de0-7ca9-452a-9b8b-74cc559f2529 20f45880a3d641df9aaeabe63f6015fe fdde9091cbea44ae8558bb37fa265712 - - default default] Successfully bumped revision number for resource 0bf7aa73-243a-49fd-afe7-8c0c2e63f092 (type: security_group_rules) to 0
2026-09-01 05:22:40.423 10 INFO neutron.db.ovn_revision_numbers_db [None req-e6343de0-7ca9-452a-9b8b-74cc559f2529 20f45880a3d641df9aaeabe63f6015fe fdde9091cbea44ae8558bb37fa265712 - - default default] Successfully bumped revision number for resource 1431126f-ca06-4145-afca-9d7d2ff73e4e (type: security_group_rules) to 0
2026-09-01 05:22:40.442 10 INFO neutron.db.ovn_revision_numbers_db [None req-e6343de0-7ca9-452a-9b8b-74cc559f2529 20f45880a3d641df9aaeabe63f6015fe fdde9091cbea44ae8558bb37fa265712 - - default default] Successfully bumped revision number for resource 2806e59f-53de-40d6-aed9-109f6894cea1 (type: security_group_rules) to 0
2026-09-01 05:22:40.463 10 INFO neutron.db.ovn_revision_numbers_db [None req-e6343de0-7ca9-452a-9b8b-74cc559f2529 20f45880a3d641df9aaeabe63f6015fe fdde9091cbea44ae8558bb37fa265712 - - default default] Successfully bumped revision number for resource d9bb592e-9455-42d7-929b-c6c128288aca (type: security_group_rules) to 0
2026-09-01 05:22:40.514 10 INFO neutron.wsgi [None req-e6343de0-7ca9-452a-9b8b-74cc559f2529 20f45880a3d641df9aaeabe63f6015fe fdde9091cbea44ae8558bb37fa265712 - - default default] 10.0.0.181 "GET /v2.0/security-groups?tenant_id=27db62913f3049898d8f41b6172eb17b&name=default HTTP/1.1" status: 200 len: 3000 time: 0.5015509
2026-09-01 05:22:40.817 9 INFO neutron.wsgi [None req-29311e9e-f35f-4518-85ec-dcf50840b57f 20f45880a3d641df9aaeabe63f6015fe fdde9091cbea44ae8558bb37fa265712 - - default default] 10.0.0.181 "DELETE /v2.0/security-groups/39a72a38-f671-425c-aeb1-b89257139fea HTTP/1.1" status: 204 len: 168 time: 0.2960203
2026-09-01 05:22:41.085 9 INFO neutron.db.ovn_revision_numbers_db [None req-bb80f595-8834-4e90-a597-45f25534b7e5 20f45880a3d641df9aaeabe63f6015fe fdde9091cbea44ae8558bb37fa265712 - - default default] Successfully bumped revision number for resource acb42afe-3dce-4fc4-b001-38ba70a596e9 (type: security_groups) to 1
2026-09-01 05:22:41.099 9 INFO neutron.db.ovn_revision_numbers_db [None req-bb80f595-8834-4e90-a597-45f25534b7e5 20f45880a3d641df9aaeabe63f6015fe fdde9091cbea44ae8558bb37fa265712 - - default default] Successfully bumped revision number for resource 1594bdd2-adfe-475e-a5c7-464165325484 (type: security_group_rules) to 0
2026-09-01 05:22:41.113 9 INFO neutron.db.ovn_revision_numbers_db [None req-bb80f595-8834-4e90-a597-45f25534b7e5 20f45880a3d641df9aaeabe63f6015fe fdde9091cbea44ae8558bb37fa265712 - - default default] Successfully bumped revision number for resource 3ce365fb-6e50-4788-86c7-3cd327844c2c (type: security_group_rules) to 0
2026-09-01 05:22:41.126 9 INFO neutron.db.ovn_revision_numbers_db [None req-bb80f595-8834-4e90-a597-45f25534b7e5 20f45880a3d641df9aaeabe63f6015fe fdde9091cbea44ae8558bb37fa265712 - - default default] Successfully bumped revision number for resource 71ba601f-5d29-4f0b-b1b0-aff3fa9d2c80 (type: security_group_rules) to 0
2026-09-01 05:22:41.141 9 INFO neutron.db.ovn_revision_numbers_db [None req-bb80f595-8834-4e90-a597-45f25534b7e5 20f45880a3d641df9aaeabe63f6015fe fdde9091cbea44ae8558bb37fa265712 - - default default] Successfully bumped revision number for resource ab72e98a-0f1e-4e63-94ea-a02a261babb5 (type: security_group_rules) to 0
2026-09-01 05:22:41.163 9 INFO neutron.wsgi [None req-bb80f595-8834-4e90-a597-45f25534b7e5 20f45880a3d641df9aaeabe63f6015fe fdde9091cbea44ae8558bb37fa265712 - - default default] 10.0.0.181 "GET /v2.0/security-groups?tenant_id=cca342298426458fb6ff9a356a779639&name=default HTTP/1.1" status: 200 len: 3000 time: 0.2112782
2026-09-01 05:22:41.370 9 INFO neutron.wsgi [None req-79d35370-ec61-4363-9120-e966a344549a 20f45880a3d641df9aaeabe63f6015fe fdde9091cbea44ae8558bb37fa265712 - - default default] 10.0.0.181 "DELETE /v2.0/security-groups/acb42afe-3dce-4fc4-b001-38ba70a596e9 HTTP/1.1" status: 204 len: 168 time: 0.2010343
2026-09-01 05:22:41.748 10 INFO neutron.db.ovn_revision_numbers_db [None req-f5ca1061-bee9-4761-b5de-76f6a50fefb2 20f45880a3d641df9aaeabe63f6015fe fdde9091cbea44ae8558bb37fa265712 - - default default] Successfully bumped revision number for resource bed68c7b-9453-4c10-a316-42a3a262449a (type: security_groups) to 1
2026-09-01 05:22:41.757 10 INFO neutron.db.ovn_revision_numbers_db [None req-f5ca1061-bee9-4761-b5de-76f6a50fefb2 20f45880a3d641df9aaeabe63f6015fe fdde9091cbea44ae8558bb37fa265712 - - default default] Successfully bumped revision number for resource 4ae936fa-b02c-4d2e-afa6-894401edff9b (type: security_group_rules) to 0
2026-09-01 05:22:41.766 10 INFO neutron.db.ovn_revision_numbers_db [None req-f5ca1061-bee9-4761-b5de-76f6a50fefb2 20f45880a3d641df9aaeabe63f6015fe fdde9091cbea44ae8558bb37fa265712 - - default default] Successfully bumped revision number for resource 5389b738-6fb7-4fb4-b746-185b94f8ebba (type: security_group_rules) to 0
2026-09-01 05:22:41.775 10 INFO neutron.db.ovn_revision_numbers_db [None req-f5ca1061-bee9-4761-b5de-76f6a50fefb2 20f45880a3d641df9aaeabe63f6015fe fdde9091cbea44ae8558bb37fa265712 - - default default] Successfully bumped revision number for resource 96ac61e7-1a53-4248-8223-0bb269c9052e (type: security_group_rules) to 0
2026-09-01 05:22:41.785 10 INFO neutron.db.ovn_revision_numbers_db [None req-f5ca1061-bee9-4761-b5de-76f6a50fefb2 20f45880a3d641df9aaeabe63f6015fe fdde9091cbea44ae8558bb37fa265712 - - default default] Successfully bumped revision number for resource a270a1fe-40a0-40c2-975d-6cf8a8d621d6 (type: security_group_rules) to 0
2026-09-01 05:22:41.801 10 INFO neutron.wsgi [None req-f5ca1061-bee9-4761-b5de-76f6a50fefb2 20f45880a3d641df9aaeabe63f6015fe fdde9091cbea44ae8558bb37fa265712 - - default default] 10.0.0.181 "GET /v2.0/security-groups?tenant_id=391fcf6890dc47bdb91d9f2f76e42d90&name=default HTTP/1.1" status: 200 len: 3000 time: 0.1400294
2026-09-01 05:22:41.997 10 INFO neutron.wsgi [None req-46a27041-a355-49fd-b228-ed1d2f1c2939 20f45880a3d641df9aaeabe63f6015fe fdde9091cbea44ae8558bb37fa265712 - - default default] 10.0.0.181 "DELETE /v2.0/security-groups/bed68c7b-9453-4c10-a316-42a3a262449a HTTP/1.1" status: 204 len: 168 time: 0.1920474
2026-09-01 05:22:42.253 9 INFO neutron.db.ovn_revision_numbers_db [None req-2e3463ef-30fe-4efc-b530-6e49f1e2e454 20f45880a3d641df9aaeabe63f6015fe fdde9091cbea44ae8558bb37fa265712 - - default default] Successfully bumped revision number for resource b1b71c05-622c-4757-b9b9-cda5f6605a50 (type: security_groups) to 1
2026-09-01 05:22:42.266 9 INFO neutron.db.ovn_revision_numbers_db [None req-2e3463ef-30fe-4efc-b530-6e49f1e2e454 20f45880a3d641df9aaeabe63f6015fe fdde9091cbea44ae8558bb37fa265712 - - default default] Successfully bumped revision number for resource 2979b168-cbdb-45a3-8eba-573eb5b0c1bf (type: security_group_rules) to 0
2026-09-01 05:22:42.279 9 INFO neutron.db.ovn_revision_numbers_db [None req-2e3463ef-30fe-4efc-b530-6e49f1e2e454 20f45880a3d641df9aaeabe63f6015fe fdde9091cbea44ae8558bb37fa265712 - - default default] Successfully bumped revision number for resource 988dcfa7-3c6f-49fb-a1e0-b1ee25d6ffa5 (type: security_group_rules) to 0
2026-09-01 05:22:42.294 9 INFO neutron.db.ovn_revision_numbers_db [None req-2e3463ef-30fe-4efc-b530-6e49f1e2e454 20f45880a3d641df9aaeabe63f6015fe fdde9091cbea44ae8558bb37fa265712 - - default default] Successfully bumped revision number for resource 9c34ca50-f282-4bf6-a75d-189b864904dd (type: security_group_rules) to 0
2026-09-01 05:22:42.308 9 INFO neutron.db.ovn_revision_numbers_db [None req-2e3463ef-30fe-4efc-b530-6e49f1e2e454 20f45880a3d641df9aaeabe63f6015fe fdde9091cbea44ae8558bb37fa265712 - - default default] Successfully bumped revision number for resource bfed622f-c51a-4001-986c-5c67e405ef71 (type: security_group_rules) to 0
2026-09-01 05:22:42.332 9 INFO neutron.wsgi [None req-2e3463ef-30fe-4efc-b530-6e49f1e2e454 20f45880a3d641df9aaeabe63f6015fe fdde9091cbea44ae8558bb37fa265712 - - default default] 10.0.0.181 "GET /v2.0/security-groups?tenant_id=a781a104bb6445cfa1b60f4fe3fcad27&name=default HTTP/1.1" status: 200 len: 3000 time: 0.2161586
2026-09-01 05:22:42.600 10 INFO neutron.wsgi [None req-9c7c8e38-4346-4b21-b9d2-b1727329d188 20f45880a3d641df9aaeabe63f6015fe fdde9091cbea44ae8558bb37fa265712 - - default default] 10.0.0.181 "DELETE /v2.0/security-groups/b1b71c05-622c-4757-b9b9-cda5f6605a50 HTTP/1.1" status: 204 len: 168 time: 0.2607346
2026-09-01 05:22:42.943 9 INFO neutron.db.ovn_revision_numbers_db [None req-2f0eeb6b-f980-4b63-9061-ff9024c06e92 20f45880a3d641df9aaeabe63f6015fe fdde9091cbea44ae8558bb37fa265712 - - default default] Successfully bumped revision number for resource d664f857-f722-4e49-a0b6-35ddac827825 (type: security_groups) to 1
2026-09-01 05:22:42.966 9 INFO neutron.db.ovn_revision_numbers_db [None req-2f0eeb6b-f980-4b63-9061-ff9024c06e92 20f45880a3d641df9aaeabe63f6015fe fdde9091cbea44ae8558bb37fa265712 - - default default] Successfully bumped revision number for resource 04ad534d-1d87-41af-aa34-9717cf38ee5c (type: security_group_rules) to 0
2026-09-01 05:22:42.985 9 INFO neutron.db.ovn_revision_numbers_db [None req-2f0eeb6b-f980-4b63-9061-ff9024c06e92 20f45880a3d641df9aaeabe63f6015fe fdde9091cbea44ae8558bb37fa265712 - - default default] Successfully bumped revision number for resource 07353bc6-a471-46d4-8eff-3f9d5e4a282f (type: security_group_rules) to 0
2026-09-01 05:22:43.008 9 INFO neutron.db.ovn_revision_numbers_db [None req-2f0eeb6b-f980-4b63-9061-ff9024c06e92 20f45880a3d641df9aaeabe63f6015fe fdde9091cbea44ae8558bb37fa265712 - - default default] Successfully bumped revision number for resource d461e8b2-0ac8-4ad7-b966-2ccc701177ed (type: security_group_rules) to 0
2026-09-01 05:22:43.026 9 INFO neutron.db.ovn_revision_numbers_db [None req-2f0eeb6b-f980-4b63-9061-ff9024c06e92 20f45880a3d641df9aaeabe63f6015fe fdde9091cbea44ae8558bb37fa265712 - - default default] Successfully bumped revision number for resource db27ed74-6acc-4c9b-9bf7-16cf96ef3c1c (type: security_group_rules) to 0
2026-09-01 05:22:43.054 9 INFO neutron.wsgi [None req-2f0eeb6b-f980-4b63-9061-ff9024c06e92 20f45880a3d641df9aaeabe63f6015fe fdde9091cbea44ae8558bb37fa265712 - - default default] 10.0.0.181 "GET /v2.0/security-groups?tenant_id=060dc335c3d242fba7eee380c0beb72d&name=default HTTP/1.1" status: 200 len: 3000 time: 0.2599809
2026-09-01 05:22:43.229 9 INFO neutron.wsgi [None req-1b5a35d3-2903-4cb0-a7cd-777b94aedcc9 20f45880a3d641df9aaeabe63f6015fe fdde9091cbea44ae8558bb37fa265712 - - default default] 10.0.0.181 "DELETE /v2.0/security-groups/d664f857-f722-4e49-a0b6-35ddac827825 HTTP/1.1" status: 204 len: 168 time: 0.1704111
2026-09-01 05:22:43.553 9 INFO neutron.db.ovn_revision_numbers_db [None req-c3fa2415-4936-43e4-aae7-61f192830a66 20f45880a3d641df9aaeabe63f6015fe fdde9091cbea44ae8558bb37fa265712 - - default default] Successfully bumped revision number for resource d86f705f-dd7e-4273-8044-68cda78db6af (type: security_groups) to 1
2026-09-01 05:22:43.578 9 INFO neutron.db.ovn_revision_numbers_db [None req-c3fa2415-4936-43e4-aae7-61f192830a66 20f45880a3d641df9aaeabe63f6015fe fdde9091cbea44ae8558bb37fa265712 - - default default] Successfully bumped revision number for resource 457944a0-dc48-427e-b281-a06df7e5cc4c (type: security_group_rules) to 0
2026-09-01 05:22:43.601 9 INFO neutron.db.ovn_revision_numbers_db [None req-c3fa2415-4936-43e4-aae7-61f192830a66 20f45880a3d641df9aaeabe63f6015fe fdde9091cbea44ae8558bb37fa265712 - - default default] Successfully bumped revision number for resource 70bf6d9d-3d06-41cc-8267-c8be2cfc4617 (type: security_group_rules) to 0
2026-09-01 05:22:43.627 9 INFO neutron.db.ovn_revision_numbers_db [None req-c3fa2415-4936-43e4-aae7-61f192830a66 20f45880a3d641df9aaeabe63f6015fe fdde9091cbea44ae8558bb37fa265712 - - default default] Successfully bumped revision number for resource e6605049-bb22-4aa2-8b79-670f8e83884e (type: security_group_rules) to 0
2026-09-01 05:22:43.645 9 INFO neutron.db.ovn_revision_numbers_db [None req-c3fa2415-4936-43e4-aae7-61f192830a66 20f45880a3d641df9aaeabe63f6015fe fdde9091cbea44ae8558bb37fa265712 - - default default] Successfully bumped revision number for resource fbf6e6b7-dc44-41a3-8d5a-4dd737696cc1 (type: security_group_rules) to 0
2026-09-01 05:22:43.675 9 INFO neutron.wsgi [None req-c3fa2415-4936-43e4-aae7-61f192830a66 20f45880a3d641df9aaeabe63f6015fe fdde9091cbea44ae8558bb37fa265712 - - default default] 10.0.0.181 "GET /v2.0/security-groups?tenant_id=30585bf2a9074f0eae548dfddd660811&name=default HTTP/1.1" status: 200 len: 3000 time: 0.2722530
2026-09-01 05:22:43.863 9 INFO neutron.wsgi [None req-ecbdda26-3c4d-446d-b478-f09e697be9ab 20f45880a3d641df9aaeabe63f6015fe fdde9091cbea44ae8558bb37fa265712 - - default default] 10.0.0.181 "DELETE /v2.0/security-groups/d86f705f-dd7e-4273-8044-68cda78db6af HTTP/1.1" status: 204 len: 168 time: 0.1840079
2026-09-01 05:22:44.167 9 INFO neutron.db.ovn_revision_numbers_db [None req-aae0f112-cdad-43e9-a069-a19c4b7065bc 20f45880a3d641df9aaeabe63f6015fe fdde9091cbea44ae8558bb37fa265712 - - default default] Successfully bumped revision number for resource 8d2b256a-dde2-4492-9cb8-8b9dd45c584c (type: security_groups) to 1
2026-09-01 05:22:44.187 9 INFO neutron.db.ovn_revision_numbers_db [None req-aae0f112-cdad-43e9-a069-a19c4b7065bc 20f45880a3d641df9aaeabe63f6015fe fdde9091cbea44ae8558bb37fa265712 - - default default] Successfully bumped revision number for resource 50142189-69ce-4ad6-86a2-db4b18ac21f3 (type: security_group_rules) to 0
2026-09-01 05:22:44.204 9 INFO neutron.db.ovn_revision_numbers_db [None req-aae0f112-cdad-43e9-a069-a19c4b7065bc 20f45880a3d641df9aaeabe63f6015fe fdde9091cbea44ae8558bb37fa265712 - - default default] Successfully bumped revision number for resource 619e1ab5-654e-4a9e-8ee3-166d514c2697 (type: security_group_rules) to 0
2026-09-01 05:22:44.223 9 INFO neutron.db.ovn_revision_numbers_db [None req-aae0f112-cdad-43e9-a069-a19c4b7065bc 20f45880a3d641df9aaeabe63f6015fe fdde9091cbea44ae8558bb37fa265712 - - default default] Successfully bumped revision number for resource 814b8a86-fd75-4d8e-a03e-74c7cd8ba03e (type: security_group_rules) to 0
2026-09-01 05:22:44.244 9 INFO neutron.db.ovn_revision_numbers_db [None req-aae0f112-cdad-43e9-a069-a19c4b7065bc 20f45880a3d641df9aaeabe63f6015fe fdde9091cbea44ae8558bb37fa265712 - - default default] Successfully bumped revision number for resource b1e8afed-7a88-4c32-8e07-9b3296d9eabc (type: security_group_rules) to 0
2026-09-01 05:22:44.299 9 INFO neutron.wsgi [None req-aae0f112-cdad-43e9-a069-a19c4b7065bc 20f45880a3d641df9aaeabe63f6015fe fdde9091cbea44ae8558bb37fa265712 - - default default] 10.0.0.181 "GET /v2.0/security-groups?tenant_id=2d6b3df5421e47ef9426264a35d86a19&name=default HTTP/1.1" status: 200 len: 3000 time: 0.2557690
2026-09-01 05:22:44.490 9 INFO neutron.wsgi [None req-d79d28a8-3f80-4cae-bb35-3fc03c70950f 20f45880a3d641df9aaeabe63f6015fe fdde9091cbea44ae8558bb37fa265712 - - default default] 10.0.0.181 "DELETE /v2.0/security-groups/8d2b256a-dde2-4492-9cb8-8b9dd45c584c HTTP/1.1" status: 204 len: 168 time: 0.1862221
2026-09-01 05:22:49.459 10 INFO neutron.db.ovn_revision_numbers_db [None req-0c176751-a1d3-40d9-bee2-1e9d253f78ee f86816e598ba492baee2f7f0662c6a64 7c2d8ae296f64d26a428069388e2a3f2 - - default default] Successfully bumped revision number for resource b97f85f1-d253-4274-b1a7-f9e664b7d16e (type: security_groups) to 1
2026-09-01 05:22:49.471 10 INFO neutron.db.ovn_revision_numbers_db [None req-0c176751-a1d3-40d9-bee2-1e9d253f78ee f86816e598ba492baee2f7f0662c6a64 7c2d8ae296f64d26a428069388e2a3f2 - - default default] Successfully bumped revision number for resource 5371050e-f48a-4c02-b4ff-7d67c1457996 (type: security_group_rules) to 0
2026-09-01 05:22:49.484 10 INFO neutron.db.ovn_revision_numbers_db [None req-0c176751-a1d3-40d9-bee2-1e9d253f78ee f86816e598ba492baee2f7f0662c6a64 7c2d8ae296f64d26a428069388e2a3f2 - - default default] Successfully bumped revision number for resource eae98cfc-630b-40ce-83c8-f3892e190b51 (type: security_group_rules) to 0
2026-09-01 05:22:49.518 10 INFO neutron.db.ovn_revision_numbers_db [None req-0c176751-a1d3-40d9-bee2-1e9d253f78ee f86816e598ba492baee2f7f0662c6a64 7c2d8ae296f64d26a428069388e2a3f2 - - default default] Successfully bumped revision number for resource f77f1707-3d29-4dc4-896e-7264212ebb18 (type: security_group_rules) to 0
2026-09-01 05:22:49.542 10 INFO neutron.db.ovn_revision_numbers_db [None req-0c176751-a1d3-40d9-bee2-1e9d253f78ee f86816e598ba492baee2f7f0662c6a64 7c2d8ae296f64d26a428069388e2a3f2 - - default default] Successfully bumped revision number for resource fc3f8be4-99e5-41ba-a308-2c150148c42f (type: security_group_rules) to 0
2026-09-01 05:22:49.620 10 INFO neutron.db.segments_db [None req-0c176751-a1d3-40d9-bee2-1e9d253f78ee f86816e598ba492baee2f7f0662c6a64 7c2d8ae296f64d26a428069388e2a3f2 - - default default] Added segment 794b2a0f-0917-4588-9798-9c23856ead4c of type geneve for network cbb99442-004e-4a18-ae69-240ee80215fa
2026-09-01 05:22:49.797 10 INFO neutron.db.ovn_revision_numbers_db [None req-0c176751-a1d3-40d9-bee2-1e9d253f78ee f86816e598ba492baee2f7f0662c6a64 7c2d8ae296f64d26a428069388e2a3f2 - - default default] Successfully bumped revision number for resource cbb99442-004e-4a18-ae69-240ee80215fa (type: networks) to 1
2026-09-01 05:22:49.936 10 WARNING neutron.scheduler.dhcp_agent_scheduler [None req-0c176751-a1d3-40d9-bee2-1e9d253f78ee f86816e598ba492baee2f7f0662c6a64 7c2d8ae296f64d26a428069388e2a3f2 - - default default] No more DHCP agents
2026-09-01 05:22:49.938 10 WARNING neutron.api.rpc.agentnotifiers.dhcp_rpc_agent_api [None req-0c176751-a1d3-40d9-bee2-1e9d253f78ee f86816e598ba492baee2f7f0662c6a64 7c2d8ae296f64d26a428069388e2a3f2 - - default default] Unable to schedule network cbb99442-004e-4a18-ae69-240ee80215fa: no agents available; will retry on subsequent port and subnet creation events.
2026-09-01 05:22:50.003 10 INFO neutron.db.ovn_revision_numbers_db [None req-0c176751-a1d3-40d9-bee2-1e9d253f78ee f86816e598ba492baee2f7f0662c6a64 7c2d8ae296f64d26a428069388e2a3f2 - - default default] Successfully bumped revision number for resource 6e407395-ed50-47ab-a0a3-8abbfa6696de (type: ports) to 1
2026-09-01 05:22:50.023 10 INFO neutron.wsgi [None req-0c176751-a1d3-40d9-bee2-1e9d253f78ee f86816e598ba492baee2f7f0662c6a64 7c2d8ae296f64d26a428069388e2a3f2 - - default default] 10.0.0.181 "POST /v2.0/networks HTTP/1.1" status: 201 len: 830 time: 0.8481169
2026-09-01 05:22:50.153 10 INFO neutron.db.segments_db [None req-1a99d878-e9fc-4c32-859f-e507ec5c4711 f86816e598ba492baee2f7f0662c6a64 7c2d8ae296f64d26a428069388e2a3f2 - - default default] Added segment 3f5e2391-01d2-497e-8069-da38fb20f328 of type geneve for network c1a6d958-574e-47a7-a12b-d435681c9c63
2026-09-01 05:22:50.351 10 INFO neutron.db.ovn_revision_numbers_db [None req-1a99d878-e9fc-4c32-859f-e507ec5c4711 f86816e598ba492baee2f7f0662c6a64 7c2d8ae296f64d26a428069388e2a3f2 - - default default] Successfully bumped revision number for resource c1a6d958-574e-47a7-a12b-d435681c9c63 (type: networks) to 1
2026-09-01 05:22:50.503 10 WARNING neutron.scheduler.dhcp_agent_scheduler [None req-1a99d878-e9fc-4c32-859f-e507ec5c4711 f86816e598ba492baee2f7f0662c6a64 7c2d8ae296f64d26a428069388e2a3f2 - - default default] No more DHCP agents
2026-09-01 05:22:50.505 10 WARNING neutron.api.rpc.agentnotifiers.dhcp_rpc_agent_api [None req-1a99d878-e9fc-4c32-859f-e507ec5c4711 f86816e598ba492baee2f7f0662c6a64 7c2d8ae296f64d26a428069388e2a3f2 - - default default] Unable to schedule network c1a6d958-574e-47a7-a12b-d435681c9c63: no agents available; will retry on subsequent port and subnet creation events.
2026-09-01 05:22:50.584 10 INFO neutron.db.ovn_revision_numbers_db [None req-1a99d878-e9fc-4c32-859f-e507ec5c4711 f86816e598ba492baee2f7f0662c6a64 7c2d8ae296f64d26a428069388e2a3f2 - - default default] Successfully bumped revision number for resource 0c812d0c-ef39-4966-aa0e-54e671c27571 (type: ports) to 1
2026-09-01 05:22:50.603 10 INFO neutron.wsgi [None req-1a99d878-e9fc-4c32-859f-e507ec5c4711 f86816e598ba492baee2f7f0662c6a64 7c2d8ae296f64d26a428069388e2a3f2 - - default default] 10.0.0.181 "POST /v2.0/networks HTTP/1.1" status: 201 len: 831 time: 0.5761600
2026-09-01 05:22:50.674 10 INFO neutron.db.segments_db [None req-d3453386-2fc8-47c9-94c8-2829f7dbe253 f86816e598ba492baee2f7f0662c6a64 7c2d8ae296f64d26a428069388e2a3f2 - - default default] Added segment 7e81de82-577d-4acf-9aa4-0a30257d54b4 of type geneve for network 6c0fe5c1-1ae6-4e39-b97a-83a36ce31362
2026-09-01 05:22:50.793 10 INFO neutron.db.ovn_revision_numbers_db [None req-d3453386-2fc8-47c9-94c8-2829f7dbe253 f86816e598ba492baee2f7f0662c6a64 7c2d8ae296f64d26a428069388e2a3f2 - - default default] Successfully bumped revision number for resource 6c0fe5c1-1ae6-4e39-b97a-83a36ce31362 (type: networks) to 1
2026-09-01 05:22:50.931 10 WARNING neutron.scheduler.dhcp_agent_scheduler [None req-d3453386-2fc8-47c9-94c8-2829f7dbe253 f86816e598ba492baee2f7f0662c6a64 7c2d8ae296f64d26a428069388e2a3f2 - - default default] No more DHCP agents
2026-09-01 05:22:50.933 10 WARNING neutron.api.rpc.agentnotifiers.dhcp_rpc_agent_api [None req-d3453386-2fc8-47c9-94c8-2829f7dbe253 f86816e598ba492baee2f7f0662c6a64 7c2d8ae296f64d26a428069388e2a3f2 - - default default] Unable to schedule network 6c0fe5c1-1ae6-4e39-b97a-83a36ce31362: no agents available; will retry on subsequent port and subnet creation events.
2026-09-01 05:22:50.995 10 INFO neutron.db.ovn_revision_numbers_db [None req-d3453386-2fc8-47c9-94c8-2829f7dbe253 f86816e598ba492baee2f7f0662c6a64 7c2d8ae296f64d26a428069388e2a3f2 - - default default] Successfully bumped revision number for resource ead12435-f33d-4892-8dc1-2be2adaa8776 (type: ports) to 1
2026-09-01 05:22:51.012 10 INFO neutron.wsgi [None req-d3453386-2fc8-47c9-94c8-2829f7dbe253 f86816e598ba492baee2f7f0662c6a64 7c2d8ae296f64d26a428069388e2a3f2 - - default default] 10.0.0.181 "POST /v2.0/networks HTTP/1.1" status: 201 len: 831 time: 0.4036610
2026-09-01 05:22:51.077 10 INFO neutron.db.segments_db [None req-6066de78-15f8-4b50-a62a-d4d8f6fd5a06 f86816e598ba492baee2f7f0662c6a64 7c2d8ae296f64d26a428069388e2a3f2 - - default default] Added segment 334410ab-596c-4b17-93d3-6255b08f76b6 of type geneve for network 35c3aeff-8430-48f6-9c2d-70a51c429b19
2026-09-01 05:22:51.198 10 INFO neutron.db.ovn_revision_numbers_db [None req-6066de78-15f8-4b50-a62a-d4d8f6fd5a06 f86816e598ba492baee2f7f0662c6a64 7c2d8ae296f64d26a428069388e2a3f2 - - default default] Successfully bumped revision number for resource 35c3aeff-8430-48f6-9c2d-70a51c429b19 (type: networks) to 1
2026-09-01 05:22:51.388 10 WARNING neutron.scheduler.dhcp_agent_scheduler [None req-6066de78-15f8-4b50-a62a-d4d8f6fd5a06 f86816e598ba492baee2f7f0662c6a64 7c2d8ae296f64d26a428069388e2a3f2 - - default default] No more DHCP agents
2026-09-01 05:22:51.389 10 WARNING neutron.api.rpc.agentnotifiers.dhcp_rpc_agent_api [None req-6066de78-15f8-4b50-a62a-d4d8f6fd5a06 f86816e598ba492baee2f7f0662c6a64 7c2d8ae296f64d26a428069388e2a3f2 - - default default] Unable to schedule network 35c3aeff-8430-48f6-9c2d-70a51c429b19: no agents available; will retry on subsequent port and subnet creation events.
2026-09-01 05:22:51.492 10 INFO neutron.db.ovn_revision_numbers_db [None req-6066de78-15f8-4b50-a62a-d4d8f6fd5a06 f86816e598ba492baee2f7f0662c6a64 7c2d8ae296f64d26a428069388e2a3f2 - - default default] Successfully bumped revision number for resource 4d01806e-8d57-48e4-a828-b2945a0575ca (type: ports) to 1
2026-09-01 05:22:51.532 10 INFO neutron.wsgi [None req-6066de78-15f8-4b50-a62a-d4d8f6fd5a06 f86816e598ba492baee2f7f0662c6a64 7c2d8ae296f64d26a428069388e2a3f2 - - default default] 10.0.0.181 "POST /v2.0/networks HTTP/1.1" status: 201 len: 831 time: 0.5168295
2026-09-01 05:22:51.658 9 INFO neutron.db.segments_db [None req-043380e5-b29d-40c7-b37d-acf7c62fef9c f86816e598ba492baee2f7f0662c6a64 7c2d8ae296f64d26a428069388e2a3f2 - - default default] Added segment 2db5d819-8247-4f3f-a43c-1f8764c718fc of type geneve for network 1b3db238-21f4-4962-a62d-6b26394d4975
2026-09-01 05:22:51.873 9 INFO neutron.db.ovn_revision_numbers_db [None req-043380e5-b29d-40c7-b37d-acf7c62fef9c f86816e598ba492baee2f7f0662c6a64 7c2d8ae296f64d26a428069388e2a3f2 - - default default] Successfully bumped revision number for resource 1b3db238-21f4-4962-a62d-6b26394d4975 (type: networks) to 1
2026-09-01 05:22:52.080 9 WARNING neutron.scheduler.dhcp_agent_scheduler [None req-043380e5-b29d-40c7-b37d-acf7c62fef9c f86816e598ba492baee2f7f0662c6a64 7c2d8ae296f64d26a428069388e2a3f2 - - default default] No more DHCP agents
2026-09-01 05:22:52.082 9 WARNING neutron.api.rpc.agentnotifiers.dhcp_rpc_agent_api [None req-043380e5-b29d-40c7-b37d-acf7c62fef9c f86816e598ba492baee2f7f0662c6a64 7c2d8ae296f64d26a428069388e2a3f2 - - default default] Unable to schedule network 1b3db238-21f4-4962-a62d-6b26394d4975: no agents available; will retry on subsequent port and subnet creation events.
2026-09-01 05:22:52.177 9 INFO neutron.db.ovn_revision_numbers_db [None req-043380e5-b29d-40c7-b37d-acf7c62fef9c f86816e598ba492baee2f7f0662c6a64 7c2d8ae296f64d26a428069388e2a3f2 - - default default] Successfully bumped revision number for resource 78acd125-42b7-4894-b9bb-ae86f8259f97 (type: ports) to 1
2026-09-01 05:22:52.210 9 INFO neutron.wsgi [None req-043380e5-b29d-40c7-b37d-acf7c62fef9c f86816e598ba492baee2f7f0662c6a64 7c2d8ae296f64d26a428069388e2a3f2 - - default default] 10.0.0.181 "POST /v2.0/networks HTTP/1.1" status: 201 len: 830 time: 0.6709204
2026-09-01 05:22:52.304 9 INFO neutron.wsgi [None req-ae124b63-7a71-45b3-89bd-c72c927d8e25 f86816e598ba492baee2f7f0662c6a64 7c2d8ae296f64d26a428069388e2a3f2 - - default default] 10.0.0.181 "PUT /v2.0/networks/cbb99442-004e-4a18-ae69-240ee80215fa/tags HTTP/1.1" status: 200 len: 210 time: 0.0874398
2026-09-01 05:22:52.395 10 INFO neutron.wsgi [None req-9804844f-16bd-4074-b35e-719a5b6d6952 f86816e598ba492baee2f7f0662c6a64 7c2d8ae296f64d26a428069388e2a3f2 - - default default] 10.0.0.181 "PUT /v2.0/networks/c1a6d958-574e-47a7-a12b-d435681c9c63/tags HTTP/1.1" status: 200 len: 218 time: 0.0845218
2026-09-01 05:22:52.466 10 INFO neutron.wsgi [None req-080cdcc9-3c7a-41b8-a040-270201dfb8e0 f86816e598ba492baee2f7f0662c6a64 7c2d8ae296f64d26a428069388e2a3f2 - - default default] 10.0.0.181 "PUT /v2.0/networks/6c0fe5c1-1ae6-4e39-b97a-83a36ce31362/tags HTTP/1.1" status: 200 len: 227 time: 0.0663941
2026-09-01 05:22:52.561 10 INFO neutron.wsgi [None req-4e6a388f-e480-4e07-9a25-30a3a3aea9af f86816e598ba492baee2f7f0662c6a64 7c2d8ae296f64d26a428069388e2a3f2 - - default default] 10.0.0.181 "PUT /v2.0/networks/35c3aeff-8430-48f6-9c2d-70a51c429b19/tags HTTP/1.1" status: 200 len: 212 time: 0.0892122
2026-09-01 05:22:52.673 10 INFO neutron.wsgi [None req-eba3bc36-b28d-4c82-b7d1-1adf954e9e22 f86816e598ba492baee2f7f0662c6a64 7c2d8ae296f64d26a428069388e2a3f2 - - default default] 10.0.0.181 "GET /v2.0/networks?tags=red HTTP/1.1" status: 200 len: 2069 time: 0.1075456
2026-09-01 05:22:52.742 10 INFO neutron.wsgi [None req-340dfc00-5d16-474a-9dbc-cb619ab58009 f86816e598ba492baee2f7f0662c6a64 7c2d8ae296f64d26a428069388e2a3f2 - - default default] 10.0.0.181 "GET /v2.0/networks?tags=red%2Cblue HTTP/1.1" status: 200 len: 1457 time: 0.0645473
2026-09-01 05:22:52.801 10 INFO neutron.wsgi [None req-f06248b4-b955-4303-b44b-a909deb91cd1 f86816e598ba492baee2f7f0662c6a64 7c2d8ae296f64d26a428069388e2a3f2 - - default default] 10.0.0.181 "GET /v2.0/networks?tags-any=blue HTTP/1.1" status: 200 len: 1457 time: 0.0548286
2026-09-01 05:22:52.847 10 INFO neutron.wsgi [None req-56c7aac5-7935-4eb7-b223-d6b3b72f647a f86816e598ba492baee2f7f0662c6a64 7c2d8ae296f64d26a428069388e2a3f2 - - default default] 10.0.0.181 "GET /v2.0/networks?tags-any=red%2Cblue HTTP/1.1" status: 200 len: 2069 time: 0.0423336
2026-09-01 05:22:52.925 10 INFO neutron.wsgi [None req-10ebca85-ce7d-4744-9a1c-1a36cb9547f3 f86816e598ba492baee2f7f0662c6a64 7c2d8ae296f64d26a428069388e2a3f2 - - default default] 10.0.0.181 "GET /v2.0/networks?not-tags=red HTTP/1.1" status: 200 len: 2068 time: 0.0738547
2026-09-01 05:22:53.234 10 INFO neutron.wsgi [None req-86c59270-f92c-49c6-9471-c7d1d2bf7896 f86816e598ba492baee2f7f0662c6a64 7c2d8ae296f64d26a428069388e2a3f2 - - default default] 10.0.0.181 "GET /v2.0/networks?not-tags=red%2Cblue HTTP/1.1" status: 200 len: 2680 time: 0.3038118
2026-09-01 05:22:53.356 10 INFO neutron.wsgi [None req-58cfab68-19b5-4231-813f-da694c644bc1 f86816e598ba492baee2f7f0662c6a64 7c2d8ae296f64d26a428069388e2a3f2 - - default default] 10.0.0.181 "GET /v2.0/networks?not-tags-any=blue HTTP/1.1" status: 200 len: 2680 time: 0.1162848
2026-09-01 05:22:53.435 10 INFO neutron.wsgi [None req-fc795576-ddb2-4b29-953e-7b1ca2ca0f3b f86816e598ba492baee2f7f0662c6a64 7c2d8ae296f64d26a428069388e2a3f2 - - default default] 10.0.0.181 "GET /v2.0/networks?not-tags-any=red%2Cblue HTTP/1.1" status: 200 len: 2068 time: 0.0740776
2026-09-01 05:22:53.890 10 INFO neutron.wsgi [None req-6b8cef32-8c2e-45ea-8d88-dfdf60c21d9c f86816e598ba492baee2f7f0662c6a64 7c2d8ae296f64d26a428069388e2a3f2 - - default default] 10.0.0.181 "DELETE /v2.0/networks/cbb99442-004e-4a18-ae69-240ee80215fa HTTP/1.1" status: 204 len: 168 time: 0.4498885
2026-09-01 05:22:53.986 10 INFO neutron.services.segments.plugin [-] Segment 794b2a0f-0917-4588-9798-9c23856ead4c resource provider aggregate not found
2026-09-01 05:22:54.004 10 INFO neutron.services.segments.plugin [-] Segment 794b2a0f-0917-4588-9798-9c23856ead4c resource provider aggregate not found
2026-09-01 05:22:54.011 10 INFO neutron.services.segments.plugin [-] Segment 794b2a0f-0917-4588-9798-9c23856ead4c resource provider not found; error: Placement Client Error (4xx): {"errors": [{"status": 404, "title": "Not Found", "detail": "The resource could not be found.\n\n No resource provider with uuid 794b2a0f-0917-4588-9798-9c23856ead4c found for delete ", "request_id": "req-8d8147b0-5a16-4509-902d-1a77ab2ddd57"}]}
2026-09-01 05:22:54.028 10 INFO neutron.services.segments.plugin [-] Segment 794b2a0f-0917-4588-9798-9c23856ead4c resource provider not found; error: Placement Client Error (4xx): {"errors": [{"status": 404, "title": "Not Found", "detail": "The resource could not be found.\n\n No resource provider with uuid 794b2a0f-0917-4588-9798-9c23856ead4c found for delete ", "request_id": "req-394c7748-2e8f-4961-8e79-c5447cea6e17"}]}
