2026-09-01 05:09:51.135 10 INFO neutron.wsgi [None req-f1f882cf-8db6-425d-be20-cc8958f9e432 426c3e48ed064212b6acbac372c2f7f3 1570f373e48b468aaabd2adb0974e337 - - default default] 10.0.0.181 "GET /v2.0/ports/fd4a2833-3ee5-4fa2-b4da-2fd9a5d7d1bc HTTP/1.1" status: 200 len: 1141 time: 0.1197870 /var/lib/openstack/lib/python3.10/site-packages/pycadf/identifier.py:71: UserWarning: Invalid uuid: neutron. To ensure interoperability, identifiers should be a valid uuid. warnings.warn(('Invalid uuid: %s. To ensure interoperability, '
2026-09-01 05:09:51.174 10 INFO neutron.wsgi [None req-8a8d865c-cef1-406b-befe-6fb11f06f247 426c3e48ed064212b6acbac372c2f7f3 1570f373e48b468aaabd2adb0974e337 - - default default] 10.0.0.181 "GET /v2.0/ports/fd4a2833-3ee5-4fa2-b4da-2fd9a5d7d1bc HTTP/1.1" status: 200 len: 1141 time: 0.0322502
2026-09-01 05:09:51.176 10 INFO neutron.plugins.ml2.drivers.ovn.mech_driver.mech_driver [None req-4d6dcb05-16f5-462e-8166-6b9945689c2c - - - - - -] OVN reports status up for port: 9686cefd-47fd-4468-b746-040a211d9c87
2026-09-01 05:09:51.188 10 INFO neutron.plugins.ml2.plugin [None req-4d6dcb05-16f5-462e-8166-6b9945689c2c - - - - - -] Attempt 1 to provision port 9686cefd-47fd-4468-b746-040a211d9c87
2026-09-01 05:09:51.811 10 INFO neutron.db.ovn_revision_numbers_db [None req-4d6dcb05-16f5-462e-8166-6b9945689c2c - - - - - -] Successfully bumped revision number for resource 9686cefd-47fd-4468-b746-040a211d9c87 (type: ports) to 2
2026-09-01 05:09:51.937 10 INFO neutron.wsgi [req-24036e26-ff59-4b52-ad5e-b982ebf85f0f req-ffa204ef-28b3-41da-9b00-97e3180a7071 1f9ad229c5df4c2881e9713ccef803bf f51fbbd613c94a36b1e89ad6bee911d9 - - default default] 10.0.0.14 "GET /v2.0/ports?device_id=637b3628-ee24-4497-b3d8-29fb1a03bbe9 HTTP/1.1" status: 200 len: 1170 time: 0.0381925
2026-09-01 05:09:52.000 10 INFO neutron.db.ovn_revision_numbers_db [None req-4d6dcb05-16f5-462e-8166-6b9945689c2c - - - - - -] Successfully bumped revision number for resource 9686cefd-47fd-4468-b746-040a211d9c87 (type: router_ports) to 2
2026-09-01 05:09:52.004 10 INFO neutron.wsgi [req-24036e26-ff59-4b52-ad5e-b982ebf85f0f req-73266f50-3cfb-4605-98c7-a45adaf11e5d 1f9ad229c5df4c2881e9713ccef803bf f51fbbd613c94a36b1e89ad6bee911d9 - - default default] 10.0.0.14 "GET /v2.0/security-groups?id=b293728e-be2f-4de9-a1de-a502dc88dde8&fields=id&fields=name HTTP/1.1" status: 200 len: 286 time: 0.0544536
2026-09-01 05:09:52.144 10 INFO neutron.wsgi [None req-4af0b020-01b8-4d91-a6cd-b8d05b3e56f3 426c3e48ed064212b6acbac372c2f7f3 1570f373e48b468aaabd2adb0974e337 - - default default] 10.0.0.181 "PUT /v2.0/routers/c3a07805-ea89-476f-8863-f5584a406cde/remove_router_interface HTTP/1.1" status: 200 len: 503 time: 0.9651153 /var/lib/openstack/lib/python3.10/site-packages/pycadf/identifier.py:71: UserWarning: Invalid uuid: neutron. To ensure interoperability, identifiers should be a valid uuid. warnings.warn(('Invalid uuid: %s. To ensure interoperability, '
2026-09-01 05:09:52.176 10 INFO neutron.wsgi [None req-fd7a0c34-6629-4d38-af42-10165415c0be 426c3e48ed064212b6acbac372c2f7f3 1570f373e48b468aaabd2adb0974e337 - - default default] 10.0.0.181 "GET /v2.0/ports?device_id=c3a07805-ea89-476f-8863-f5584a406cde HTTP/1.1" status: 200 len: 205 time: 0.0222003
2026-09-01 05:09:52.375 10 INFO neutron.wsgi [None req-09491ebd-3c9d-4470-87d7-b61b60741c98 426c3e48ed064212b6acbac372c2f7f3 1570f373e48b468aaabd2adb0974e337 - - default default] 10.0.0.181 "DELETE /v2.0/routers/c3a07805-ea89-476f-8863-f5584a406cde HTTP/1.1" status: 204 len: 168 time: 0.1931732
2026-09-01 05:09:52.509 10 INFO neutron.wsgi [req-d14b28ee-2fe3-4eb6-ac75-c595e25bcf29 req-09fc3bf2-3ddd-4ea7-b498-90e93267e334 1f9ad229c5df4c2881e9713ccef803bf f51fbbd613c94a36b1e89ad6bee911d9 - - default default] 10.0.0.14 "GET /v2.0/ports?device_id=637b3628-ee24-4497-b3d8-29fb1a03bbe9 HTTP/1.1" status: 200 len: 1170 time: 0.0839987
2026-09-01 05:09:52.592 10 INFO neutron.wsgi [req-d14b28ee-2fe3-4eb6-ac75-c595e25bcf29 req-fcc0c0d7-ae33-4a59-b48f-c3f20c6c66c6 1f9ad229c5df4c2881e9713ccef803bf f51fbbd613c94a36b1e89ad6bee911d9 - - default default] 10.0.0.14 "GET /v2.0/security-groups?id=b293728e-be2f-4de9-a1de-a502dc88dde8&fields=id&fields=name HTTP/1.1" status: 200 len: 286 time: 0.0765059
2026-09-01 05:09:52.621 10 INFO neutron.wsgi [req-9153b0da-bd10-47a6-a187-a1645769411b req-f3b1913e-43eb-4989-990d-8e79703c472a 07bacbe5abdf4be3ab4db21416e154e4 6205ca22190447e9b3d4df802ddd0be9 - - default default] 10.0.0.14 "GET /v2.0/networks?id=8c0a2405-f526-4f3c-8f63-6498097315fb HTTP/1.1" status: 200 len: 872 time: 0.0878208
2026-09-01 05:09:52.634 10 INFO neutron.wsgi [req-9153b0da-bd10-47a6-a187-a1645769411b req-61ac6b19-f791-40ca-bc39-422d460c62a7 07bacbe5abdf4be3ab4db21416e154e4 6205ca22190447e9b3d4df802ddd0be9 - - default default] 10.0.0.14 "GET /v2.0/quotas/6205ca22190447e9b3d4df802ddd0be9 HTTP/1.1" status: 200 len: 386 time: 0.0095251
2026-09-01 05:09:52.680 10 INFO neutron.wsgi [None req-85d7f3b7-bc6f-4155-abef-28cd70a896d1 426c3e48ed064212b6acbac372c2f7f3 1570f373e48b468aaabd2adb0974e337 - - default default] 10.0.0.181 "DELETE /v2.0/subnets/1646e4d3-213e-455a-b400-98722d540d32 HTTP/1.1" status: 204 len: 168 time: 0.2987657
2026-09-01 05:09:52.725 10 INFO neutron.wsgi [req-f646973d-9568-40f1-918d-91dee2087642 req-f412cf4a-9efd-40b3-89d8-36fd7abf44cf 1f9ad229c5df4c2881e9713ccef803bf f51fbbd613c94a36b1e89ad6bee911d9 - - default default] 162.253.55.243 "GET /v2.0/ports?device_id=637b3628-ee24-4497-b3d8-29fb1a03bbe9 HTTP/1.1" status: 200 len: 1170 time: 0.0312936
2026-09-01 05:09:52.727 10 INFO neutron.wsgi [req-9153b0da-bd10-47a6-a187-a1645769411b req-821ab55d-5283-49cc-87e3-97582e010885 07bacbe5abdf4be3ab4db21416e154e4 6205ca22190447e9b3d4df802ddd0be9 - - default default] 10.0.0.14 "GET /v2.0/ports?tenant_id=6205ca22190447e9b3d4df802ddd0be9&fields=id HTTP/1.1" status: 200 len: 302 time: 0.0883095
2026-09-01 05:09:52.824 10 INFO neutron.notifiers.nova [-] Nova event matching ['req-dc159dd2-1c79-4161-b1eb-4b6437376502'] response: {'server_uuid': '637b3628-ee24-4497-b3d8-29fb1a03bbe9', 'name': 'network-vif-plugged', 'status': 'completed', 'tag': '1fa14bc7-db14-42c2-b06e-3a8b5f510a0c', 'code': 200}
2026-09-01 05:09:52.830 10 INFO neutron.wsgi [req-9153b0da-bd10-47a6-a187-a1645769411b req-711016f6-244f-44f3-9baf-fcb127bd7a44 0568ba353edf431bb4df1eb291ec363a 5538a1eea2c1451388551514fdf16ac3 - - c01138d4964944efb48f4cf40c282d0c c01138d4964944efb48f4cf40c282d0c] 10.0.0.14 "GET /v2.0/networks/8c0a2405-f526-4f3c-8f63-6498097315fb?fields=segments HTTP/1.1" status: 200 len: 212 time: 0.0956008
2026-09-01 05:09:52.908 10 INFO neutron.wsgi [req-9153b0da-bd10-47a6-a187-a1645769411b req-0f26c86a-695e-468b-bc63-8bcfdbea2e1c 0568ba353edf431bb4df1eb291ec363a 5538a1eea2c1451388551514fdf16ac3 - - c01138d4964944efb48f4cf40c282d0c c01138d4964944efb48f4cf40c282d0c] 10.0.0.14 "GET /v2.0/networks/8c0a2405-f526-4f3c-8f63-6498097315fb?fields=provider%3Aphysical_network&fields=provider%3Anetwork_type HTTP/1.1" status: 200 len: 277 time: 0.0731041
2026-09-01 05:09:53.039 10 INFO neutron.wsgi [req-53787f9c-fe2d-402d-9465-4ab8af0032ab req-9e6abd89-7e3b-4612-9e73-2289b66e4caa 07bacbe5abdf4be3ab4db21416e154e4 6205ca22190447e9b3d4df802ddd0be9 - - default default] 10.0.0.14 "GET /v2.0/ports?device_id=25897c2b-79fd-48f3-a93a-4a97879b752d HTTP/1.1" status: 200 len: 210 time: 0.0328889
2026-09-01 05:09:53.051 9 INFO neutron.services.segments.plugin [-] Segment caf60d5a-8b31-4616-a109-c5ae953b4938 resource provider aggregate not found
2026-09-01 05:09:53.063 9 INFO neutron.services.segments.plugin [-] Segment caf60d5a-8b31-4616-a109-c5ae953b4938 resource provider aggregate not found
2026-09-01 05:09:53.078 10 INFO neutron.wsgi [req-f646973d-9568-40f1-918d-91dee2087642 req-2c8d85b1-7e9f-4dec-9164-341fbbdaabb9 1f9ad229c5df4c2881e9713ccef803bf f51fbbd613c94a36b1e89ad6bee911d9 - - default default] 162.253.55.243 "DELETE /v2.0/ports/1fa14bc7-db14-42c2-b06e-3a8b5f510a0c HTTP/1.1" status: 204 len: 173 time: 0.3480418
2026-09-01 05:09:53.082 9 INFO neutron.services.segments.plugin [-] Segment caf60d5a-8b31-4616-a109-c5ae953b4938 resource provider not found; error: Placement Client Error (4xx): {"errors": [{"status": 404, "title": "Not Found", "detail": "The resource could not be found.\n\n No resource provider with uuid caf60d5a-8b31-4616-a109-c5ae953b4938 found for delete ", "request_id": "req-8c475d1c-dc81-4dc2-ac71-cfaa9018a7a9"}]}
2026-09-01 05:09:53.084 9 INFO neutron.services.segments.plugin [-] Segment caf60d5a-8b31-4616-a109-c5ae953b4938 resource provider not found; error: Placement Client Error (4xx): {"errors": [{"status": 404, "title": "Not Found", "detail": "The resource could not be found.\n\n No resource provider with uuid caf60d5a-8b31-4616-a109-c5ae953b4938 found for delete ", "request_id": "req-866b8aca-bf63-42cc-8606-d30ee136259f"}]}
2026-09-01 05:09:53.105 9 INFO neutron.wsgi [None req-23c3f728-bb86-4537-8bb9-8876bef89422 426c3e48ed064212b6acbac372c2f7f3 1570f373e48b468aaabd2adb0974e337 - - default default] 10.0.0.181 "DELETE /v2.0/networks/3a0b60d5-97f4-481b-ab2e-189511b586d3 HTTP/1.1" status: 204 len: 168 time: 0.4180286
2026-09-01 05:09:53.658 10 WARNING neutron.scheduler.dhcp_agent_scheduler [None req-36e763a8-4823-40d2-a2cb-3956cb99b0b8 426c3e48ed064212b6acbac372c2f7f3 1570f373e48b468aaabd2adb0974e337 - - default default] No more DHCP agents
2026-09-01 05:09:53.663 10 WARNING neutron.api.rpc.agentnotifiers.dhcp_rpc_agent_api [None req-36e763a8-4823-40d2-a2cb-3956cb99b0b8 426c3e48ed064212b6acbac372c2f7f3 1570f373e48b468aaabd2adb0974e337 - - default default] Unable to schedule network ba4a3643-dee1-4302-95ad-cabbc9fe1134: no agents available; will retry on subsequent port and subnet creation events.
2026-09-01 05:09:53.859 10 INFO neutron.db.ovn_revision_numbers_db [None req-36e763a8-4823-40d2-a2cb-3956cb99b0b8 426c3e48ed064212b6acbac372c2f7f3 1570f373e48b468aaabd2adb0974e337 - - default default] Successfully bumped revision number for resource 65e98e81-c114-4755-a984-7d6580a97b82 (type: ports) to 1
2026-09-01 05:09:53.872 10 INFO neutron.wsgi [req-9153b0da-bd10-47a6-a187-a1645769411b req-8571e0a1-cb74-433b-85cc-91efa88b05db 07bacbe5abdf4be3ab4db21416e154e4 6205ca22190447e9b3d4df802ddd0be9 - - default default] 162.253.55.243 "GET /v2.0/networks?id=8c0a2405-f526-4f3c-8f63-6498097315fb HTTP/1.1" status: 200 len: 872 time: 0.0659370
2026-09-01 05:09:54.139 9 INFO neutron.wsgi [-] 10.0.0.79 "GET / HTTP/1.1" status: 200 len: 247 time: 0.0018649
2026-09-01 05:09:54.141 9 INFO neutron.wsgi [-] 10.0.0.79 "GET / HTTP/1.1" status: 200 len: 247 time: 0.0011864
2026-09-01 05:09:54.157 10 INFO neutron.wsgi [req-6fd548de-787e-450d-bac6-df8d4b876710 req-bb8a4ecc-fb18-490b-a573-0aeb8a855241 07bacbe5abdf4be3ab4db21416e154e4 6205ca22190447e9b3d4df802ddd0be9 - - default default] 10.0.0.14 "GET /v2.0/ports?device_id=25897c2b-79fd-48f3-a93a-4a97879b752d HTTP/1.1" status: 200 len: 210 time: 0.0308719
2026-09-01 05:09:54.691 10 WARNING neutron.scheduler.dhcp_agent_scheduler [req-9153b0da-bd10-47a6-a187-a1645769411b req-d59695ff-f404-481a-bda7-d22f746714ff 07bacbe5abdf4be3ab4db21416e154e4 6205ca22190447e9b3d4df802ddd0be9 - - default default] No more DHCP agents
2026-09-01 05:09:54.694 10 WARNING neutron.api.rpc.agentnotifiers.dhcp_rpc_agent_api [req-9153b0da-bd10-47a6-a187-a1645769411b req-d59695ff-f404-481a-bda7-d22f746714ff 07bacbe5abdf4be3ab4db21416e154e4 6205ca22190447e9b3d4df802ddd0be9 - - default default] Unable to schedule network 8c0a2405-f526-4f3c-8f63-6498097315fb: no agents available; will retry on subsequent port and subnet creation events.
2026-09-01 05:09:54.733 9 INFO neutron.db.ovn_revision_numbers_db [None req-f9542bd3-08fe-413d-8a84-4f7fceaa439c 20f45880a3d641df9aaeabe63f6015fe fdde9091cbea44ae8558bb37fa265712 - - default default] Successfully bumped revision number for resource 43c16de4-bdd1-46c5-a6c4-7a5da5105fbe (type: security_groups) to 1
2026-09-01 05:09:54.771 9 INFO neutron.db.ovn_revision_numbers_db [None req-f9542bd3-08fe-413d-8a84-4f7fceaa439c 20f45880a3d641df9aaeabe63f6015fe fdde9091cbea44ae8558bb37fa265712 - - default default] Successfully bumped revision number for resource 38cf5487-5d1a-4ec0-8fdb-449765c64950 (type: security_group_rules) to 0
2026-09-01 05:09:54.809 9 INFO neutron.db.ovn_revision_numbers_db [None req-f9542bd3-08fe-413d-8a84-4f7fceaa439c 20f45880a3d641df9aaeabe63f6015fe fdde9091cbea44ae8558bb37fa265712 - - default default] Successfully bumped revision number for resource 4ee05642-984a-431e-bbbb-44934a90a5eb (type: security_group_rules) to 0
2026-09-01 05:09:54.830 9 INFO neutron.wsgi [None req-615338a3-a7b5-47e9-9942-67eb0c0b6a50 20f45880a3d641df9aaeabe63f6015fe fdde9091cbea44ae8558bb37fa265712 - - default default] 10.0.0.181 "PUT /v2.0/routers/63cc243c-b451-4047-bf6b-e3c9ea813f0a/remove_router_interface HTTP/1.1" status: 200 len: 503 time: 1.1504114 /var/lib/openstack/lib/python3.10/site-packages/pycadf/identifier.py:71: UserWarning: Invalid uuid: neutron. To ensure interoperability, identifiers should be a valid uuid. warnings.warn(('Invalid uuid: %s. To ensure interoperability, '
2026-09-01 05:09:54.845 9 INFO neutron.db.ovn_revision_numbers_db [None req-f9542bd3-08fe-413d-8a84-4f7fceaa439c 20f45880a3d641df9aaeabe63f6015fe fdde9091cbea44ae8558bb37fa265712 - - default default] Successfully bumped revision number for resource 7ad51f95-961a-438b-a7db-ec528c311c42 (type: security_group_rules) to 0
2026-09-01 05:09:54.885 10 INFO neutron.notifiers.nova [-] Nova event matching ['req-1dd5d27d-0ace-4812-a7f2-1a7c9e631e30'] response: {'server_uuid': '637b3628-ee24-4497-b3d8-29fb1a03bbe9', 'name': 'network-vif-deleted', 'tag': '1fa14bc7-db14-42c2-b06e-3a8b5f510a0c', 'status': 'completed', 'code': 200}
2026-09-01 05:09:54.895 9 INFO neutron.db.ovn_revision_numbers_db [None req-f9542bd3-08fe-413d-8a84-4f7fceaa439c 20f45880a3d641df9aaeabe63f6015fe fdde9091cbea44ae8558bb37fa265712 - - default default] Successfully bumped revision number for resource a7d72fd2-3be4-4b3d-a87f-6285b18e7a80 (type: security_group_rules) to 0
2026-09-01 05:09:54.906 10 INFO neutron.db.ovn_revision_numbers_db [req-9153b0da-bd10-47a6-a187-a1645769411b req-d59695ff-f404-481a-bda7-d22f746714ff 07bacbe5abdf4be3ab4db21416e154e4 6205ca22190447e9b3d4df802ddd0be9 - - default default] Successfully bumped revision number for resource 169e06dd-eca2-4fb7-b509-2c5e149582a9 (type: ports) to 1
2026-09-01 05:09:54.932 9 INFO neutron.wsgi [None req-f9542bd3-08fe-413d-8a84-4f7fceaa439c 20f45880a3d641df9aaeabe63f6015fe fdde9091cbea44ae8558bb37fa265712 - - default default] 10.0.0.181 "GET /v2.0/security-groups?tenant_id=a1e833c55ece4991a119589fe4fa28de&name=default HTTP/1.1" status: 200 len: 2996 time: 0.4881890
2026-09-01 05:09:54.937 10 INFO neutron.wsgi [req-9153b0da-bd10-47a6-a187-a1645769411b req-d59695ff-f404-481a-bda7-d22f746714ff 07bacbe5abdf4be3ab4db21416e154e4 6205ca22190447e9b3d4df802ddd0be9 - - default default] 162.253.55.243 "POST /v2.0/ports HTTP/1.1" status: 201 len: 1162 time: 1.0561614 /var/lib/openstack/lib/python3.10/site-packages/pycadf/identifier.py:71: UserWarning: Invalid uuid: neutron. To ensure interoperability, identifiers should be a valid uuid. warnings.warn(('Invalid uuid: %s. To ensure interoperability, '
2026-09-01 05:09:54.952 10 INFO neutron.db.ovn_revision_numbers_db [None req-36e763a8-4823-40d2-a2cb-3956cb99b0b8 426c3e48ed064212b6acbac372c2f7f3 1570f373e48b468aaabd2adb0974e337 - - default default] Successfully bumped revision number for resource 65e98e81-c114-4755-a984-7d6580a97b82 (type: router_ports) to 1
2026-09-01 05:09:55.025 10 INFO neutron.db.ovn_revision_numbers_db [None req-36e763a8-4823-40d2-a2cb-3956cb99b0b8 426c3e48ed064212b6acbac372c2f7f3 1570f373e48b468aaabd2adb0974e337 - - default default] Successfully bumped revision number for resource 448a81b3-afea-4e0a-9fe6-12415b2f8ff6 (type: routers) to 2
2026-09-01 05:09:55.041 10 INFO neutron.wsgi [None req-36e763a8-4823-40d2-a2cb-3956cb99b0b8 426c3e48ed064212b6acbac372c2f7f3 1570f373e48b468aaabd2adb0974e337 - - default default] 10.0.0.181 "POST /v2.0/routers HTTP/1.1" status: 201 len: 870 time: 1.9294355
2026-09-01 05:09:55.130 10 INFO neutron.wsgi [None req-1e51cf37-961e-405c-be2a-4a1d00105199 426c3e48ed064212b6acbac372c2f7f3 1570f373e48b468aaabd2adb0974e337 - - default default] 10.0.0.181 "GET /v2.0/routers/448a81b3-afea-4e0a-9fe6-12415b2f8ff6 HTTP/1.1" status: 200 len: 871 time: 0.0833998
2026-09-01 05:09:55.197 9 INFO neutron.wsgi [None req-37b89ebe-93b1-4039-b22a-3f745221b7cc 20f45880a3d641df9aaeabe63f6015fe fdde9091cbea44ae8558bb37fa265712 - - default default] 10.0.0.181 "DELETE /v2.0/security-groups/43c16de4-bdd1-46c5-a6c4-7a5da5105fbe HTTP/1.1" status: 204 len: 168 time: 0.2589107
2026-09-01 05:09:55.256 10 INFO neutron.wsgi [None req-984cdc58-0861-4eb6-987b-be94b750dd49 426c3e48ed064212b6acbac372c2f7f3 1570f373e48b468aaabd2adb0974e337 - - default default] 10.0.0.181 "GET /v2.0/routers HTTP/1.1" status: 200 len: 874 time: 0.1205244
2026-09-01 05:09:55.332 10 INFO neutron.wsgi [req-94e5d795-68d1-4656-9aba-12764bf1b92c req-4af63923-c458-472f-9742-9798c44f2650 07bacbe5abdf4be3ab4db21416e154e4 6205ca22190447e9b3d4df802ddd0be9 - - default default] 10.0.0.14 "GET /v2.0/ports?device_id=25897c2b-79fd-48f3-a93a-4a97879b752d HTTP/1.1" status: 200 len: 1172 time: 0.0676632 /var/lib/openstack/lib/python3.10/site-packages/pycadf/identifier.py:71: UserWarning: Invalid uuid: neutron. To ensure interoperability, identifiers should be a valid uuid. warnings.warn(('Invalid uuid: %s. To ensure interoperability, '
2026-09-01 05:09:55.400 10 INFO neutron.wsgi [req-94e5d795-68d1-4656-9aba-12764bf1b92c req-82901bfd-b2c3-4385-8b55-ac01e6fa2eb9 07bacbe5abdf4be3ab4db21416e154e4 6205ca22190447e9b3d4df802ddd0be9 - - default default] 10.0.0.14 "GET /v2.0/security-groups?id=1f723275-6b32-4e8e-a7b3-ca660b893b1f&fields=id&fields=name HTTP/1.1" status: 200 len: 286 time: 0.0618055
2026-09-01 05:09:55.504 10 INFO neutron.db.ovn_revision_numbers_db [req-9153b0da-bd10-47a6-a187-a1645769411b req-5ccac10d-36ca-4b72-aa38-a4e6e64a5a1e 0568ba353edf431bb4df1eb291ec363a 5538a1eea2c1451388551514fdf16ac3 - - c01138d4964944efb48f4cf40c282d0c c01138d4964944efb48f4cf40c282d0c] Successfully bumped revision number for resource 169e06dd-eca2-4fb7-b509-2c5e149582a9 (type: ports) to 2
2026-09-01 05:09:55.707 10 INFO neutron.db.ovn_revision_numbers_db [req-9153b0da-bd10-47a6-a187-a1645769411b req-5ccac10d-36ca-4b72-aa38-a4e6e64a5a1e 0568ba353edf431bb4df1eb291ec363a 5538a1eea2c1451388551514fdf16ac3 - - c01138d4964944efb48f4cf40c282d0c c01138d4964944efb48f4cf40c282d0c] Successfully bumped revision number for resource 169e06dd-eca2-4fb7-b509-2c5e149582a9 (type: ports) to 2
2026-09-01 05:09:55.718 10 INFO neutron.wsgi [req-9153b0da-bd10-47a6-a187-a1645769411b req-5ccac10d-36ca-4b72-aa38-a4e6e64a5a1e 0568ba353edf431bb4df1eb291ec363a 5538a1eea2c1451388551514fdf16ac3 - - c01138d4964944efb48f4cf40c282d0c c01138d4964944efb48f4cf40c282d0c] 162.253.55.243 "PUT /v2.0/ports/169e06dd-eca2-4fb7-b509-2c5e149582a9 HTTP/1.1" status: 200 len: 1380 time: 0.7712657 /var/lib/openstack/lib/python3.10/site-packages/pycadf/identifier.py:71: UserWarning: Invalid uuid: neutron. To ensure interoperability, identifiers should be a valid uuid. warnings.warn(('Invalid uuid: %s. To ensure interoperability, '
2026-09-01 05:09:55.784 9 INFO neutron.wsgi [None req-21b2699c-569d-4a56-90c6-26d2ae8e582f 20f45880a3d641df9aaeabe63f6015fe fdde9091cbea44ae8558bb37fa265712 - - default default] 10.0.0.181 "DELETE /v2.0/routers/63cc243c-b451-4047-bf6b-e3c9ea813f0a HTTP/1.1" status: 204 len: 168 time: 0.9468064
2026-09-01 05:09:55.794 10 INFO neutron.wsgi [req-9153b0da-bd10-47a6-a187-a1645769411b req-4e0041ac-1e81-488e-9035-611c4adcea96 0568ba353edf431bb4df1eb291ec363a 5538a1eea2c1451388551514fdf16ac3 - - c01138d4964944efb48f4cf40c282d0c c01138d4964944efb48f4cf40c282d0c] 162.253.55.243 "GET /v2.0/ports?tenant_id=6205ca22190447e9b3d4df802ddd0be9&device_id=25897c2b-79fd-48f3-a93a-4a97879b752d HTTP/1.1" status: 200 len: 1411 time: 0.0378780
2026-09-01 05:09:55.824 10 INFO neutron.wsgi [req-9153b0da-bd10-47a6-a187-a1645769411b req-f5d63149-1375-4abb-bfd1-3897b18227fd 0568ba353edf431bb4df1eb291ec363a 5538a1eea2c1451388551514fdf16ac3 - - c01138d4964944efb48f4cf40c282d0c c01138d4964944efb48f4cf40c282d0c] 162.253.55.243 "GET /v2.0/floatingips?fixed_ip_address=10.100.0.11&port_id=169e06dd-eca2-4fb7-b509-2c5e149582a9 HTTP/1.1" status: 200 len: 217 time: 0.0233300
2026-09-01 05:09:55.866 10 INFO neutron.wsgi [req-9153b0da-bd10-47a6-a187-a1645769411b req-a0b7aa08-ae29-4ec3-a135-65e76ae18e33 0568ba353edf431bb4df1eb291ec363a 5538a1eea2c1451388551514fdf16ac3 - - c01138d4964944efb48f4cf40c282d0c c01138d4964944efb48f4cf40c282d0c] 162.253.55.243 "GET /v2.0/subnets?id=c847e73c-3c8f-4446-abbc-aea0e8465a2b HTTP/1.1" status: 200 len: 866 time: 0.0315351
2026-09-01 05:09:55.888 10 INFO neutron.wsgi [req-9153b0da-bd10-47a6-a187-a1645769411b req-9fb0ea5e-8b7f-4a5c-b8b0-7f0c23bed82e 0568ba353edf431bb4df1eb291ec363a 5538a1eea2c1451388551514fdf16ac3 - - c01138d4964944efb48f4cf40c282d0c c01138d4964944efb48f4cf40c282d0c] 162.253.55.243 "GET /v2.0/ports?network_id=8c0a2405-f526-4f3c-8f63-6498097315fb&device_owner=network%3Adhcp HTTP/1.1" status: 200 len: 210 time: 0.0174165
2026-09-01 05:09:55.937 10 INFO neutron.wsgi [req-9153b0da-bd10-47a6-a187-a1645769411b req-12be415a-976b-43ce-96e4-52231d8bf7a3 0568ba353edf431bb4df1eb291ec363a 5538a1eea2c1451388551514fdf16ac3 - - c01138d4964944efb48f4cf40c282d0c c01138d4964944efb48f4cf40c282d0c] 162.253.55.243 "GET /v2.0/networks/8c0a2405-f526-4f3c-8f63-6498097315fb?fields=segments HTTP/1.1" status: 200 len: 212 time: 0.0419667
2026-09-01 05:09:55.953 9 INFO neutron.db.ovn_revision_numbers_db [None req-c48e920a-ce71-425e-9b6a-f8bb38908408 426c3e48ed064212b6acbac372c2f7f3 1570f373e48b468aaabd2adb0974e337 - - default default] Successfully bumped revision number for resource 448a81b3-afea-4e0a-9fe6-12415b2f8ff6 (type: routers) to 3
2026-09-01 05:09:55.956 9 INFO neutron.wsgi [None req-c48e920a-ce71-425e-9b6a-f8bb38908408 426c3e48ed064212b6acbac372c2f7f3 1570f373e48b468aaabd2adb0974e337 - - default default] 10.0.0.181 "PUT /v2.0/routers/448a81b3-afea-4e0a-9fe6-12415b2f8ff6 HTTP/1.1" status: 200 len: 878 time: 0.6843565
2026-09-01 05:09:55.992 10 INFO neutron.wsgi [req-9153b0da-bd10-47a6-a187-a1645769411b req-35da6695-e226-4570-b9c5-4a949615a914 0568ba353edf431bb4df1eb291ec363a 5538a1eea2c1451388551514fdf16ac3 - - c01138d4964944efb48f4cf40c282d0c c01138d4964944efb48f4cf40c282d0c] 162.253.55.243 "GET /v2.0/networks/8c0a2405-f526-4f3c-8f63-6498097315fb?fields=provider%3Aphysical_network&fields=provider%3Anetwork_type HTTP/1.1" status: 200 len: 277 time: 0.0494907
2026-09-01 05:09:56.014 9 INFO neutron.wsgi [None req-f1ca062b-74e8-4365-aa38-7688a6f77f7d 426c3e48ed064212b6acbac372c2f7f3 1570f373e48b468aaabd2adb0974e337 - - default default] 10.0.0.181 "GET /v2.0/routers/448a81b3-afea-4e0a-9fe6-12415b2f8ff6 HTTP/1.1" status: 200 len: 878 time: 0.0511878
2026-09-01 05:09:56.024 9 INFO neutron.wsgi [None req-b2ca2bfa-bc5b-44fd-ba4e-480578c237fa 20f45880a3d641df9aaeabe63f6015fe fdde9091cbea44ae8558bb37fa265712 - - default default] 10.0.0.181 "DELETE /v2.0/subnets/79f6d4a2-933e-47c0-8064-6de18c909087 HTTP/1.1" status: 204 len: 168 time: 0.2344375
2026-09-01 05:09:56.046 10 INFO neutron.wsgi [None req-8799d6fd-0088-437f-8e94-76bf0450255c 426c3e48ed064212b6acbac372c2f7f3 1570f373e48b468aaabd2adb0974e337 - - default default] 10.0.0.181 "GET /v2.0/ports?device_id=448a81b3-afea-4e0a-9fe6-12415b2f8ff6 HTTP/1.1" status: 200 len: 205 time: 0.0209861
2026-09-01 05:09:56.463 9 INFO neutron.services.segments.plugin [-] Segment 78051519-06e7-4567-bbc9-0c8b9b3be372 resource provider aggregate not found
2026-09-01 05:09:56.470 9 INFO neutron.services.segments.plugin [-] Segment 78051519-06e7-4567-bbc9-0c8b9b3be372 resource provider aggregate not found
2026-09-01 05:09:56.497 9 INFO neutron.services.segments.plugin [-] Segment 78051519-06e7-4567-bbc9-0c8b9b3be372 resource provider not found; error: Placement Client Error (4xx): {"errors": [{"status": 404, "title": "Not Found", "detail": "The resource could not be found.\n\n No resource provider with uuid 78051519-06e7-4567-bbc9-0c8b9b3be372 found for delete ", "request_id": "req-c1c1d326-c40f-4d3a-a64d-be98f6c4607e"}]}
2026-09-01 05:09:56.499 9 INFO neutron.services.segments.plugin [-] Segment 78051519-06e7-4567-bbc9-0c8b9b3be372 resource provider not found; error: Placement Client Error (4xx): {"errors": [{"status": 404, "title": "Not Found", "detail": "The resource could not be found.\n\n No resource provider with uuid 78051519-06e7-4567-bbc9-0c8b9b3be372 found for delete ", "request_id": "req-7e30ad13-c59e-45e0-ab2d-52d70d4fdb22"}]}
2026-09-01 05:09:56.530 9 INFO neutron.wsgi [None req-4b416088-2cb8-4d83-a287-7a0e01bba04d 20f45880a3d641df9aaeabe63f6015fe fdde9091cbea44ae8558bb37fa265712 - - default default] 10.0.0.181 "DELETE /v2.0/networks/108bf741-40a0-4c15-aed9-9767bfa924ab HTTP/1.1" status: 204 len: 168 time: 0.5009379
2026-09-01 05:09:56.539 10 INFO neutron.wsgi [req-38b5b0b5-793c-4783-8c97-bd345180824f req-fc986395-5c90-4697-9ea8-3147472dc4f0 07bacbe5abdf4be3ab4db21416e154e4 6205ca22190447e9b3d4df802ddd0be9 - - default default] 10.0.0.14 "GET /v2.0/ports?device_id=25897c2b-79fd-48f3-a93a-4a97879b752d HTTP/1.1" status: 200 len: 1172 time: 0.0389566
2026-09-01 05:09:56.586 10 INFO neutron.wsgi [req-38b5b0b5-793c-4783-8c97-bd345180824f req-9ef128c8-f4a7-461b-a231-f7fec29cc1f4 07bacbe5abdf4be3ab4db21416e154e4 6205ca22190447e9b3d4df802ddd0be9 - - default default] 10.0.0.14 "GET /v2.0/security-groups?id=1f723275-6b32-4e8e-a7b3-ca660b893b1f&fields=id&fields=name HTTP/1.1" status: 200 len: 286 time: 0.0323210
2026-09-01 05:09:56.631 9 WARNING neutron.plugins.ml2.drivers.ovn.mech_driver.ovsdb.ovn_client [None req-6452699a-3ba3-46ae-a8c0-ee12f844254f - - - - - -] No port found with ID fd4a2833-3ee5-4fa2-b4da-2fd9a5d7d1bc: RuntimeError: No port found with ID fd4a2833-3ee5-4fa2-b4da-2fd9a5d7d1bc
2026-09-01 05:09:56.682 10 INFO neutron.wsgi [None req-7ce3bb9b-d62e-4b91-948b-ab7672faf851 20f45880a3d641df9aaeabe63f6015fe fdde9091cbea44ae8558bb37fa265712 - - default default] 10.0.0.181 "GET /v2.0/security-groups?tenant_id=f51fbbd613c94a36b1e89ad6bee911d9&name=default HTTP/1.1" status: 200 len: 2996 time: 0.0299077
2026-09-01 05:09:56.763 10 WARNING neutron.plugins.ml2.drivers.ovn.mech_driver.ovsdb.ovn_client [None req-4d6dcb05-16f5-462e-8166-6b9945689c2c - - - - - -] No hosting information found for port 9686cefd-47fd-4468-b746-040a211d9c87: RuntimeError: No hosting information found for port 9686cefd-47fd-4468-b746-040a211d9c87
2026-09-01 05:09:56.763 10 INFO neutron.plugins.ml2.drivers.ovn.mech_driver.mech_driver [None req-4d6dcb05-16f5-462e-8166-6b9945689c2c - - - - - -] OVN reports status down for port: 1fa14bc7-db14-42c2-b06e-3a8b5f510a0c
2026-09-01 05:09:56.770 9 INFO neutron.wsgi [None req-f4a4bef9-3032-4016-a9ba-cc13a11cf32d 426c3e48ed064212b6acbac372c2f7f3 1570f373e48b468aaabd2adb0974e337 - - default default] 10.0.0.181 "DELETE /v2.0/routers/448a81b3-afea-4e0a-9fe6-12415b2f8ff6 HTTP/1.1" status: 204 len: 168 time: 0.7122107
2026-09-01 05:09:56.777 10 INFO neutron.plugins.ml2.drivers.ovn.mech_driver.mech_driver [None req-4d6dcb05-16f5-462e-8166-6b9945689c2c - - - - - -] OVN reports status up for port: 65e98e81-c114-4755-a984-7d6580a97b82
2026-09-01 05:09:56.793 10 INFO neutron.plugins.ml2.drivers.ovn.mech_driver.mech_driver [None req-4d6dcb05-16f5-462e-8166-6b9945689c2c - - - - - -] OVN reports status up for port: 169e06dd-eca2-4fb7-b509-2c5e149582a9
2026-09-01 05:09:56.793 9 INFO neutron.wsgi [None req-f07cf17a-dff9-4c31-bbf5-3ffa06424bbf 426c3e48ed064212b6acbac372c2f7f3 1570f373e48b468aaabd2adb0974e337 - - default default] 10.0.0.181 "GET /v2.0/ports?device_id=448a81b3-afea-4e0a-9fe6-12415b2f8ff6 HTTP/1.1" status: 200 len: 205 time: 0.0175409
2026-09-01 05:09:56.806 10 INFO neutron.plugins.ml2.plugin [None req-4d6dcb05-16f5-462e-8166-6b9945689c2c - - - - - -] Attempt 1 to provision port 169e06dd-eca2-4fb7-b509-2c5e149582a9
2026-09-01 05:09:56.814 9 INFO neutron.api.v2.resource [None req-fefd91b0-4562-41b1-a1a2-85e40b06513f 426c3e48ed064212b6acbac372c2f7f3 1570f373e48b468aaabd2adb0974e337 - - default default] delete failed (client error): The resource could not be found.
2026-09-01 05:09:56.815 9 INFO neutron.wsgi [None req-fefd91b0-4562-41b1-a1a2-85e40b06513f 426c3e48ed064212b6acbac372c2f7f3 1570f373e48b468aaabd2adb0974e337 - - default default] 10.0.0.181 "DELETE /v2.0/routers/448a81b3-afea-4e0a-9fe6-12415b2f8ff6 HTTP/1.1" status: 404 len: 336 time: 0.0182588
2026-09-01 05:09:56.833 9 INFO neutron.wsgi [None req-aa81097b-3d78-46de-abe8-1722fd81abe1 426c3e48ed064212b6acbac372c2f7f3 1570f373e48b468aaabd2adb0974e337 - - default default] 10.0.0.181 "GET /v2.0/ports?device_id=c3a07805-ea89-476f-8863-f5584a406cde HTTP/1.1" status: 200 len: 205 time: 0.0133762
2026-09-01 05:09:56.853 9 INFO neutron.api.v2.resource [None req-87b7a45d-62cb-4326-aa66-ad2e3f2c629d 426c3e48ed064212b6acbac372c2f7f3 1570f373e48b468aaabd2adb0974e337 - - default default] delete failed (client error): The resource could not be found.
2026-09-01 05:09:56.854 9 INFO neutron.wsgi [None req-87b7a45d-62cb-4326-aa66-ad2e3f2c629d 426c3e48ed064212b6acbac372c2f7f3 1570f373e48b468aaabd2adb0974e337 - - default default] 10.0.0.181 "DELETE /v2.0/routers/c3a07805-ea89-476f-8863-f5584a406cde HTTP/1.1" status: 404 len: 336 time: 0.0183167
2026-09-01 05:09:56.870 9 INFO neutron.pecan_wsgi.hooks.translation [None req-24a98d17-0fc5-4a55-bdba-441c4531a246 426c3e48ed064212b6acbac372c2f7f3 1570f373e48b468aaabd2adb0974e337 - - default default] DELETE failed (client error): The resource could not be found.
2026-09-01 05:09:56.872 9 INFO neutron.wsgi [None req-24a98d17-0fc5-4a55-bdba-441c4531a246 426c3e48ed064212b6acbac372c2f7f3 1570f373e48b468aaabd2adb0974e337 - - default default] 10.0.0.181 "DELETE /v2.0/subnets/1646e4d3-213e-455a-b400-98722d540d32 HTTP/1.1" status: 404 len: 337 time: 0.0134597
2026-09-01 05:09:56.890 9 INFO neutron.wsgi [None req-c329dd02-df06-404c-b8ea-91f3c0d2513d 426c3e48ed064212b6acbac372c2f7f3 1570f373e48b468aaabd2adb0974e337 - - default default] 10.0.0.181 "GET /v2.0/ports?device_id=72197e3a-e5a9-4c05-bcc9-aee4cc34c774 HTTP/1.1" status: 200 len: 205 time: 0.0144260
2026-09-01 05:09:56.909 9 INFO neutron.api.v2.resource [None req-b1bbb85a-c79b-4ab8-8a21-7dc64849f9c7 426c3e48ed064212b6acbac372c2f7f3 1570f373e48b468aaabd2adb0974e337 - - default default] delete failed (client error): The resource could not be found.
2026-09-01 05:09:56.910 9 INFO neutron.wsgi [None req-b1bbb85a-c79b-4ab8-8a21-7dc64849f9c7 426c3e48ed064212b6acbac372c2f7f3 1570f373e48b468aaabd2adb0974e337 - - default default] 10.0.0.181 "DELETE /v2.0/routers/72197e3a-e5a9-4c05-bcc9-aee4cc34c774 HTTP/1.1" status: 404 len: 336 time: 0.0173824
2026-09-01 05:09:56.928 9 INFO neutron.pecan_wsgi.hooks.translation [None req-87264a0c-a539-4870-9726-e66cd55fa6a5 426c3e48ed064212b6acbac372c2f7f3 1570f373e48b468aaabd2adb0974e337 - - default default] DELETE failed (client error): The resource could not be found.
2026-09-01 05:09:56.929 10 INFO neutron.wsgi [None req-2e2e5290-a38d-4265-a973-9cdcc44a21fe 20f45880a3d641df9aaeabe63f6015fe fdde9091cbea44ae8558bb37fa265712 - - default default] 10.0.0.181 "DELETE /v2.0/security-groups/b293728e-be2f-4de9-a1de-a502dc88dde8 HTTP/1.1" status: 204 len: 168 time: 0.2402339
2026-09-01 05:09:56.930 9 INFO neutron.wsgi [None req-87264a0c-a539-4870-9726-e66cd55fa6a5 426c3e48ed064212b6acbac372c2f7f3 1570f373e48b468aaabd2adb0974e337 - - default default] 10.0.0.181 "DELETE /v2.0/subnets/289db008-0995-47dc-9a60-a093e41963c3 HTTP/1.1" status: 404 len: 337 time: 0.0140641
2026-09-01 05:09:56.940 10 INFO neutron.notifiers.nova [-] Nova event matching ['req-9c609554-5e18-446e-ac73-c2986e6b19b1'] response: {'name': 'network-changed', 'server_uuid': '25897c2b-79fd-48f3-a93a-4a97879b752d', 'tag': '169e06dd-eca2-4fb7-b509-2c5e149582a9', 'status': 'completed', 'code': 200}
2026-09-01 05:09:56.941 10 INFO neutron.notifiers.nova [-] Nova event matching ['req-9c609554-5e18-446e-ac73-c2986e6b19b1'] response: {'server_uuid': '25897c2b-79fd-48f3-a93a-4a97879b752d', 'name': 'network-vif-plugged', 'status': 'completed', 'tag': '169e06dd-eca2-4fb7-b509-2c5e149582a9', 'code': 200}
2026-09-01 05:09:56.952 10 INFO neutron.wsgi [None req-0b4ec335-dd6d-47e8-ad6d-4c8f6f4f887a 426c3e48ed064212b6acbac372c2f7f3 1570f373e48b468aaabd2adb0974e337 - - default default] 10.0.0.181 "GET /v2.0/ports?device_id=9033626d-d280-46fd-a5e4-2168f29ad66b HTTP/1.1" status: 200 len: 205 time: 0.0171428
2026-09-01 05:09:57.002 9 INFO neutron.api.v2.resource [None req-987b6b70-9b61-4181-8a2d-4a8d7a49e387 426c3e48ed064212b6acbac372c2f7f3 1570f373e48b468aaabd2adb0974e337 - - default default] delete failed (client error): The resource could not be found.
2026-09-01 05:09:57.004 9 INFO neutron.wsgi [None req-987b6b70-9b61-4181-8a2d-4a8d7a49e387 426c3e48ed064212b6acbac372c2f7f3 1570f373e48b468aaabd2adb0974e337 - - default default] 10.0.0.181 "DELETE /v2.0/routers/9033626d-d280-46fd-a5e4-2168f29ad66b HTTP/1.1" status: 404 len: 336 time: 0.0388100
2026-09-01 05:09:57.007 10 INFO neutron.wsgi [req-4b3b9b8c-4300-47e2-b9cf-46e470d37c5b req-b3fdf9a1-0b8e-4ea7-8aeb-249094f43d08 0568ba353edf431bb4df1eb291ec363a 5538a1eea2c1451388551514fdf16ac3 - - c01138d4964944efb48f4cf40c282d0c c01138d4964944efb48f4cf40c282d0c] 162.253.55.243 "GET /v2.0/ports?tenant_id=6205ca22190447e9b3d4df802ddd0be9&device_id=25897c2b-79fd-48f3-a93a-4a97879b752d HTTP/1.1" status: 200 len: 1413 time: 0.0434661
2026-09-01 05:09:57.028 9 INFO neutron.pecan_wsgi.hooks.translation [None req-fc89e567-8622-414a-be90-14cb3ef93185 426c3e48ed064212b6acbac372c2f7f3 1570f373e48b468aaabd2adb0974e337 - - default default] DELETE failed (client error): The resource could not be found.
2026-09-01 05:09:57.030 9 INFO neutron.wsgi [None req-fc89e567-8622-414a-be90-14cb3ef93185 426c3e48ed064212b6acbac372c2f7f3 1570f373e48b468aaabd2adb0974e337 - - default default] 10.0.0.181 "DELETE /v2.0/subnets/eac0438f-bd55-42be-a73b-7950733fb87d HTTP/1.1" status: 404 len: 337 time: 0.0216820
2026-09-01 05:09:57.051 9 INFO neutron.pecan_wsgi.hooks.translation [None req-dfcee6c2-5fd4-4a62-a95f-df5b344bf707 426c3e48ed064212b6acbac372c2f7f3 1570f373e48b468aaabd2adb0974e337 - - default default] DELETE failed (client error): The resource could not be found.
2026-09-01 05:09:57.054 9 INFO neutron.wsgi [None req-dfcee6c2-5fd4-4a62-a95f-df5b344bf707 426c3e48ed064212b6acbac372c2f7f3 1570f373e48b468aaabd2adb0974e337 - - default default] 10.0.0.181 "DELETE /v2.0/subnets/a671a472-b1c8-49fd-bf12-7a4567cdaafa HTTP/1.1" status: 404 len: 337 time: 0.0191314
2026-09-01 05:09:57.076 10 INFO neutron.wsgi [req-4b3b9b8c-4300-47e2-b9cf-46e470d37c5b req-2d9fb39e-1a65-4ab8-b725-11148cba9609 0568ba353edf431bb4df1eb291ec363a 5538a1eea2c1451388551514fdf16ac3 - - c01138d4964944efb48f4cf40c282d0c c01138d4964944efb48f4cf40c282d0c] 162.253.55.243 "GET /v2.0/networks?id=8c0a2405-f526-4f3c-8f63-6498097315fb HTTP/1.1" status: 200 len: 971 time: 0.0626836
2026-09-01 05:09:57.080 10 INFO neutron.db.ovn_revision_numbers_db [None req-4d6dcb05-16f5-462e-8166-6b9945689c2c - - - - - -] Successfully bumped revision number for resource 169e06dd-eca2-4fb7-b509-2c5e149582a9 (type: ports) to 4
2026-09-01 05:09:57.125 10 INFO neutron.wsgi [req-4b3b9b8c-4300-47e2-b9cf-46e470d37c5b req-cbd00591-b732-404b-97cf-3c1ca38c160f 0568ba353edf431bb4df1eb291ec363a 5538a1eea2c1451388551514fdf16ac3 - - c01138d4964944efb48f4cf40c282d0c c01138d4964944efb48f4cf40c282d0c] 162.253.55.243 "GET /v2.0/floatingips?fixed_ip_address=10.100.0.11&port_id=169e06dd-eca2-4fb7-b509-2c5e149582a9 HTTP/1.1" status: 200 len: 217 time: 0.0231929 /var/lib/openstack/lib/python3.10/site-packages/pycadf/identifier.py:71: UserWarning: Invalid uuid: neutron. To ensure interoperability, identifiers should be a valid uuid. warnings.warn(('Invalid uuid: %s. To ensure interoperability, '
2026-09-01 05:09:57.173 10 INFO neutron.wsgi [req-4b3b9b8c-4300-47e2-b9cf-46e470d37c5b req-2ae20e8e-b099-4ded-877e-bfa7e638e58e 0568ba353edf431bb4df1eb291ec363a 5538a1eea2c1451388551514fdf16ac3 - - c01138d4964944efb48f4cf40c282d0c c01138d4964944efb48f4cf40c282d0c] 162.253.55.243 "GET /v2.0/subnets?id=c847e73c-3c8f-4446-abbc-aea0e8465a2b HTTP/1.1" status: 200 len: 866 time: 0.0399845
2026-09-01 05:09:57.216 10 INFO neutron.wsgi [req-4b3b9b8c-4300-47e2-b9cf-46e470d37c5b req-49814ab9-3ba4-49f3-a067-275f781e5b40 0568ba353edf431bb4df1eb291ec363a 5538a1eea2c1451388551514fdf16ac3 - - c01138d4964944efb48f4cf40c282d0c c01138d4964944efb48f4cf40c282d0c] 162.253.55.243 "GET /v2.0/ports?network_id=8c0a2405-f526-4f3c-8f63-6498097315fb&device_owner=network%3Adhcp HTTP/1.1" status: 200 len: 210 time: 0.0350916
2026-09-01 05:09:57.284 10 INFO neutron.wsgi [req-4b3b9b8c-4300-47e2-b9cf-46e470d37c5b req-b639a4e4-5ed0-4c1c-ade8-9cf01961cb9b 0568ba353edf431bb4df1eb291ec363a 5538a1eea2c1451388551514fdf16ac3 - - c01138d4964944efb48f4cf40c282d0c c01138d4964944efb48f4cf40c282d0c] 162.253.55.243 "GET /v2.0/networks/8c0a2405-f526-4f3c-8f63-6498097315fb?fields=segments HTTP/1.1" status: 200 len: 212 time: 0.0614035
2026-09-01 05:09:57.380 10 INFO neutron.wsgi [req-4b3b9b8c-4300-47e2-b9cf-46e470d37c5b req-92a17f38-7625-4542-8683-72fab89a239c 0568ba353edf431bb4df1eb291ec363a 5538a1eea2c1451388551514fdf16ac3 - - c01138d4964944efb48f4cf40c282d0c c01138d4964944efb48f4cf40c282d0c] 162.253.55.243 "GET /v2.0/networks/8c0a2405-f526-4f3c-8f63-6498097315fb?fields=provider%3Aphysical_network&fields=provider%3Anetwork_type HTTP/1.1" status: 200 len: 277 time: 0.0903301
2026-09-01 05:09:57.552 10 INFO neutron.db.ovn_revision_numbers_db [None req-66265d9b-3278-47ab-a984-e74e27640a40 c0dcf00786e64cdcace5ca9f2d562d4e b27ade6b10e341e4a4f540f0d396e354 - - default default] Successfully bumped revision number for resource 9ed4520d-974f-4aed-af6b-2ac9dda90c1b (type: security_groups) to 1
2026-09-01 05:09:57.580 10 INFO neutron.db.ovn_revision_numbers_db [None req-66265d9b-3278-47ab-a984-e74e27640a40 c0dcf00786e64cdcace5ca9f2d562d4e b27ade6b10e341e4a4f540f0d396e354 - - default default] Successfully bumped revision number for resource 1a439b55-7d55-4692-9d4f-afaf0b663af9 (type: security_group_rules) to 0
2026-09-01 05:09:57.603 10 INFO neutron.db.ovn_revision_numbers_db [None req-66265d9b-3278-47ab-a984-e74e27640a40 c0dcf00786e64cdcace5ca9f2d562d4e b27ade6b10e341e4a4f540f0d396e354 - - default default] Successfully bumped revision number for resource 32143f16-1c77-4335-89ee-9b075546d3c1 (type: security_group_rules) to 0
2026-09-01 05:09:57.618 10 INFO neutron.db.ovn_revision_numbers_db [None req-66265d9b-3278-47ab-a984-e74e27640a40 c0dcf00786e64cdcace5ca9f2d562d4e b27ade6b10e341e4a4f540f0d396e354 - - default default] Successfully bumped revision number for resource 68089b05-40ba-4cd4-b023-561f1aed3336 (type: security_group_rules) to 0
2026-09-01 05:09:57.633 10 INFO neutron.db.ovn_revision_numbers_db [None req-66265d9b-3278-47ab-a984-e74e27640a40 c0dcf00786e64cdcace5ca9f2d562d4e b27ade6b10e341e4a4f540f0d396e354 - - default default] Successfully bumped revision number for resource dc0babe7-d3e8-4127-9a53-4c669e177069 (type: security_group_rules) to 0
2026-09-01 05:09:57.688 9 INFO neutron.wsgi [None req-cdfff8e4-3a27-4f3c-abfb-38d8095f7e4f 20f45880a3d641df9aaeabe63f6015fe fdde9091cbea44ae8558bb37fa265712 - - default default] 10.0.0.181 "GET /v2.0/security-groups?tenant_id=1570f373e48b468aaabd2adb0974e337&name=default HTTP/1.1" status: 200 len: 2996 time: 0.1456203
2026-09-01 05:09:57.715 10 INFO neutron.db.segments_db [None req-66265d9b-3278-47ab-a984-e74e27640a40 c0dcf00786e64cdcace5ca9f2d562d4e b27ade6b10e341e4a4f540f0d396e354 - - default default] Added segment 96f8115d-a9c5-4511-8868-025854635f18 of type geneve for network 85ea209e-dd9f-4953-b816-857109eb5c0a
2026-09-01 05:09:57.725 10 INFO neutron.wsgi [req-3b38d9cc-982d-417c-b075-606a1792f81a req-38e218e5-927d-4e7b-b6a9-ceb808405fbf 07bacbe5abdf4be3ab4db21416e154e4 6205ca22190447e9b3d4df802ddd0be9 - - default default] 10.0.0.14 "GET /v2.0/ports?device_id=25897c2b-79fd-48f3-a93a-4a97879b752d HTTP/1.1" status: 200 len: 1174 time: 0.0414727
2026-09-01 05:09:57.791 10 INFO neutron.wsgi [req-3b38d9cc-982d-417c-b075-606a1792f81a req-66259a9d-f22d-4d0a-8ec4-ccb5347c038b 07bacbe5abdf4be3ab4db21416e154e4 6205ca22190447e9b3d4df802ddd0be9 - - default default] 10.0.0.14 "GET /v2.0/security-groups?id=1f723275-6b32-4e8e-a7b3-ca660b893b1f&fields=id&fields=name HTTP/1.1" status: 200 len: 286 time: 0.0574698
2026-09-01 05:09:57.864 10 INFO neutron.db.ovn_revision_numbers_db [None req-66265d9b-3278-47ab-a984-e74e27640a40 c0dcf00786e64cdcace5ca9f2d562d4e b27ade6b10e341e4a4f540f0d396e354 - - default default] Successfully bumped revision number for resource 85ea209e-dd9f-4953-b816-857109eb5c0a (type: networks) to 1
2026-09-01 05:09:57.880 9 INFO neutron.wsgi [None req-c120919a-40ab-4d90-9939-22a8fad3d5af 20f45880a3d641df9aaeabe63f6015fe fdde9091cbea44ae8558bb37fa265712 - - default default] 10.0.0.181 "DELETE /v2.0/security-groups/da019baa-66e4-446d-ab12-a14a8d63212b HTTP/1.1" status: 204 len: 168 time: 0.1851997
2026-09-01 05:09:58.031 10 WARNING neutron.scheduler.dhcp_agent_scheduler [None req-66265d9b-3278-47ab-a984-e74e27640a40 c0dcf00786e64cdcace5ca9f2d562d4e b27ade6b10e341e4a4f540f0d396e354 - - default default] No more DHCP agents
2026-09-01 05:09:58.034 10 WARNING neutron.api.rpc.agentnotifiers.dhcp_rpc_agent_api [None req-66265d9b-3278-47ab-a984-e74e27640a40 c0dcf00786e64cdcace5ca9f2d562d4e b27ade6b10e341e4a4f540f0d396e354 - - default default] Unable to schedule network 85ea209e-dd9f-4953-b816-857109eb5c0a: no agents available; will retry on subsequent port and subnet creation events.
2026-09-01 05:09:58.114 10 INFO neutron.db.ovn_revision_numbers_db [None req-66265d9b-3278-47ab-a984-e74e27640a40 c0dcf00786e64cdcace5ca9f2d562d4e b27ade6b10e341e4a4f540f0d396e354 - - default default] Successfully bumped revision number for resource 6493533b-3dc7-4718-9859-e30073fbeea4 (type: ports) to 1
2026-09-01 05:09:58.169 10 INFO neutron.wsgi [None req-66265d9b-3278-47ab-a984-e74e27640a40 c0dcf00786e64cdcace5ca9f2d562d4e b27ade6b10e341e4a4f540f0d396e354 - - default default] 10.0.0.181 "POST /v2.0/networks HTTP/1.1" status: 201 len: 847 time: 0.9724646
2026-09-01 05:09:58.489 10 INFO neutron.plugins.ml2.drivers.ovn.mech_driver.mech_driver [None req-4d6dcb05-16f5-462e-8166-6b9945689c2c - - - - - -] OVN reports status down for port: 169e06dd-eca2-4fb7-b509-2c5e149582a9
2026-09-01 05:09:58.556 10 INFO neutron.wsgi [req-fad528fe-fd4c-4cfa-ac51-95d70eae23a7 req-eff8e4fe-0bd8-4ecb-895b-2f9e3114e044 07bacbe5abdf4be3ab4db21416e154e4 6205ca22190447e9b3d4df802ddd0be9 - - default default] 10.0.0.14 "GET /v2.0/ports?device_id=25897c2b-79fd-48f3-a93a-4a97879b752d HTTP/1.1" status: 200 len: 1174 time: 0.1205449
2026-09-01 05:09:58.609 10 INFO neutron.wsgi [req-fad528fe-fd4c-4cfa-ac51-95d70eae23a7 req-812c3aaa-d19d-44f5-96f3-c2655f7e8b28 07bacbe5abdf4be3ab4db21416e154e4 6205ca22190447e9b3d4df802ddd0be9 - - default default] 10.0.0.14 "GET /v2.0/security-groups?id=1f723275-6b32-4e8e-a7b3-ca660b893b1f&fields=id&fields=name HTTP/1.1" status: 200 len: 286 time: 0.0436177
2026-09-01 05:09:58.807 10 INFO neutron.wsgi [req-62f9af7c-dbd3-4f64-ab67-11e7dc01a8b2 req-6ec97d27-8d7d-4e30-8a89-d097222b6808 07bacbe5abdf4be3ab4db21416e154e4 6205ca22190447e9b3d4df802ddd0be9 - - default default] 162.253.55.243 "GET /v2.0/ports?device_id=25897c2b-79fd-48f3-a93a-4a97879b752d HTTP/1.1" status: 200 len: 1172 time: 0.0326221
2026-09-01 05:09:58.858 10 INFO neutron.db.ovn_revision_numbers_db [None req-4d6dcb05-16f5-462e-8166-6b9945689c2c - - - - - -] Successfully bumped revision number for resource 169e06dd-eca2-4fb7-b509-2c5e149582a9 (type: ports) to 5
2026-09-01 05:09:58.943 9 WARNING neutron.scheduler.dhcp_agent_scheduler [None req-75adc7e0-a435-411c-8ed6-640614a90c41 c0dcf00786e64cdcace5ca9f2d562d4e b27ade6b10e341e4a4f540f0d396e354 - - default default] No more DHCP agents
2026-09-01 05:09:58.945 9 WARNING neutron.api.rpc.agentnotifiers.dhcp_rpc_agent_api [None req-75adc7e0-a435-411c-8ed6-640614a90c41 c0dcf00786e64cdcace5ca9f2d562d4e b27ade6b10e341e4a4f540f0d396e354 - - default default] Unable to schedule network 85ea209e-dd9f-4953-b816-857109eb5c0a: no agents available; will retry on subsequent port and subnet creation events.
2026-09-01 05:09:58.988 10 INFO neutron.notifiers.nova [-] Nova event matching ['req-082fb22f-db01-4a4a-8bc4-ec7d634eaac2'] response: {'server_uuid': '25897c2b-79fd-48f3-a93a-4a97879b752d', 'name': 'network-vif-plugged', 'status': 'completed', 'tag': '169e06dd-eca2-4fb7-b509-2c5e149582a9', 'code': 200}
2026-09-01 05:09:58.988 10 INFO neutron.notifiers.nova [-] Nova event matching ['req-082fb22f-db01-4a4a-8bc4-ec7d634eaac2'] response: {'server_uuid': '25897c2b-79fd-48f3-a93a-4a97879b752d', 'name': 'network-vif-unplugged', 'status': 'completed', 'tag': '169e06dd-eca2-4fb7-b509-2c5e149582a9', 'code': 200}
2026-09-01 05:09:58.988 10 INFO neutron.notifiers.nova [-] Nova event matching ['req-082fb22f-db01-4a4a-8bc4-ec7d634eaac2'] response: {'server_uuid': '25897c2b-79fd-48f3-a93a-4a97879b752d', 'name': 'network-vif-plugged', 'status': 'completed', 'tag': '169e06dd-eca2-4fb7-b509-2c5e149582a9', 'code': 200}
2026-09-01 05:09:58.998 9 INFO neutron.db.ovn_revision_numbers_db [None req-75adc7e0-a435-411c-8ed6-640614a90c41 c0dcf00786e64cdcace5ca9f2d562d4e b27ade6b10e341e4a4f540f0d396e354 - - default default] Successfully bumped revision number for resource ea25ac74-29cc-4fbf-8e3c-6c986f508747 (type: subnets) to 0
2026-09-01 05:09:59.011 9 INFO neutron.wsgi [None req-75adc7e0-a435-411c-8ed6-640614a90c41 c0dcf00786e64cdcace5ca9f2d562d4e b27ade6b10e341e4a4f540f0d396e354 - - default default] 10.0.0.181 "POST /v2.0/subnets HTTP/1.1" status: 201 len: 848 time: 0.3330588
2026-09-01 05:09:59.092 9 INFO neutron.db.segments_db [None req-1ba11a87-9cbc-4a5a-bcd9-be596702acc1 c0dcf00786e64cdcace5ca9f2d562d4e b27ade6b10e341e4a4f540f0d396e354 - - default default] Added segment 5d18638b-3168-4125-be0c-29be20059733 of type geneve for network e0989ccc-2845-44fa-ba1d-613e0a4c0bc5
2026-09-01 05:09:59.157 10 INFO neutron.wsgi [req-62f9af7c-dbd3-4f64-ab67-11e7dc01a8b2 req-b5f3d17d-8b16-4773-a079-389a2a59eee4 07bacbe5abdf4be3ab4db21416e154e4 6205ca22190447e9b3d4df802ddd0be9 - - default default] 162.253.55.243 "DELETE /v2.0/ports/169e06dd-eca2-4fb7-b509-2c5e149582a9 HTTP/1.1" status: 204 len: 173 time: 0.3447361
2026-09-01 05:09:59.247 9 INFO neutron.db.ovn_revision_numbers_db [None req-1ba11a87-9cbc-4a5a-bcd9-be596702acc1 c0dcf00786e64cdcace5ca9f2d562d4e b27ade6b10e341e4a4f540f0d396e354 - - default default] Successfully bumped revision number for resource e0989ccc-2845-44fa-ba1d-613e0a4c0bc5 (type: networks) to 1
2026-09-01 05:09:59.401 9 WARNING neutron.scheduler.dhcp_agent_scheduler [None req-1ba11a87-9cbc-4a5a-bcd9-be596702acc1 c0dcf00786e64cdcace5ca9f2d562d4e b27ade6b10e341e4a4f540f0d396e354 - - default default] No more DHCP agents
2026-09-01 05:09:59.403 9 WARNING neutron.api.rpc.agentnotifiers.dhcp_rpc_agent_api [None req-1ba11a87-9cbc-4a5a-bcd9-be596702acc1 c0dcf00786e64cdcace5ca9f2d562d4e b27ade6b10e341e4a4f540f0d396e354 - - default default] Unable to schedule network e0989ccc-2845-44fa-ba1d-613e0a4c0bc5: no agents available; will retry on subsequent port and subnet creation events.
2026-09-01 05:09:59.489 9 INFO neutron.db.ovn_revision_numbers_db [None req-1ba11a87-9cbc-4a5a-bcd9-be596702acc1 c0dcf00786e64cdcace5ca9f2d562d4e b27ade6b10e341e4a4f540f0d396e354 - - default default] Successfully bumped revision number for resource 58aa9af8-6413-4e54-9439-04d506e1a25e (type: ports) to 1
2026-09-01 05:09:59.532 9 INFO neutron.wsgi [None req-1ba11a87-9cbc-4a5a-bcd9-be596702acc1 c0dcf00786e64cdcace5ca9f2d562d4e b27ade6b10e341e4a4f540f0d396e354 - - default default] 10.0.0.181 "POST /v2.0/networks HTTP/1.1" status: 201 len: 845 time: 0.5176363 /var/lib/openstack/lib/python3.10/site-packages/pycadf/identifier.py:71: UserWarning: Invalid uuid: neutron. To ensure interoperability, identifiers should be a valid uuid. warnings.warn(('Invalid uuid: %s. To ensure interoperability, '
2026-09-01 05:10:00.065 10 INFO neutron.db.ovn_revision_numbers_db [None req-8eaf3ef4-8691-41a4-9a38-744067f1b4b6 c0dcf00786e64cdcace5ca9f2d562d4e b27ade6b10e341e4a4f540f0d396e354 - - default default] Successfully bumped revision number for resource e0989ccc-2845-44fa-ba1d-613e0a4c0bc5 (type: networks) to 2
2026-09-01 05:10:00.069 10 INFO neutron.wsgi [None req-8eaf3ef4-8691-41a4-9a38-744067f1b4b6 c0dcf00786e64cdcace5ca9f2d562d4e b27ade6b10e341e4a4f540f0d396e354 - - default default] 10.0.0.181 "PUT /v2.0/networks/e0989ccc-2845-44fa-ba1d-613e0a4c0bc5 HTTP/1.1" status: 200 len: 792 time: 0.5269265
2026-09-01 05:10:00.252 9 INFO neutron.db.ovn_revision_numbers_db [None req-b2fe56bb-416c-4c85-9abf-ca3ce582c7e3 9585b55eeff64c10ac881a6284274582 de170ab6f26b4c7caf39cc176ade6fa0 - - default default] Successfully bumped revision number for resource 33b1660f-20cf-4584-a8ae-fab8876cc33d (type: security_groups) to 1
2026-09-01 05:10:00.269 9 INFO neutron.db.ovn_revision_numbers_db [None req-b2fe56bb-416c-4c85-9abf-ca3ce582c7e3 9585b55eeff64c10ac881a6284274582 de170ab6f26b4c7caf39cc176ade6fa0 - - default default] Successfully bumped revision number for resource 3c76a3f0-3216-4bdc-ad11-3531d3458cf6 (type: security_group_rules) to 0
2026-09-01 05:10:00.283 9 INFO neutron.db.ovn_revision_numbers_db [None req-b2fe56bb-416c-4c85-9abf-ca3ce582c7e3 9585b55eeff64c10ac881a6284274582 de170ab6f26b4c7caf39cc176ade6fa0 - - default default] Successfully bumped revision number for resource 435fdc95-f895-456c-9c74-13fbc765ec87 (type: security_group_rules) to 0
