2026-09-01 05:11:10.621 10 INFO neutron.wsgi [req-f844ccfb-f54c-4ef4-a0f3-217d0d23c926 req-215bb0cf-50e0-43c6-b863-aabff337ca8a ebfedf51e0964f8ba00f9900a79543fd ee731640d6bf461fa02f847014385b06 - - default default] 10.0.0.14 "GET /v2.0/security-groups?id=0c272f84-e00e-471c-90bd-95e998c9fd54&id=3eb871bf-f04c-40e1-a21c-85bbc31cfe49&fields=id&fields=name HTTP/1.1" status: 200 len: 404 time: 0.0631988
2026-09-01 05:11:10.633 10 INFO neutron.db.ovn_revision_numbers_db [req-655e2a58-073a-46e0-9be7-68ce7f40c0b4 req-0a715e26-be78-4657-98fc-f40c76144685 0568ba353edf431bb4df1eb291ec363a 5538a1eea2c1451388551514fdf16ac3 - - c01138d4964944efb48f4cf40c282d0c c01138d4964944efb48f4cf40c282d0c] Successfully bumped revision number for resource a23d70a5-7833-4c9b-aaf5-16f049de9d66 (type: ports) to 2
2026-09-01 05:11:10.690 9 WARNING neutron.scheduler.dhcp_agent_scheduler [None req-fa09298e-d20c-4504-b8ec-f9299f5e9bd1 8ad9aab73c12418abd910ae8bc1eab11 a6b20ccb1c2142d08f4730fd6572ef99 - - default default] No more DHCP agents
2026-09-01 05:11:10.694 9 WARNING neutron.api.rpc.agentnotifiers.dhcp_rpc_agent_api [None req-fa09298e-d20c-4504-b8ec-f9299f5e9bd1 8ad9aab73c12418abd910ae8bc1eab11 a6b20ccb1c2142d08f4730fd6572ef99 - - default default] Unable to schedule network 2febd719-eab5-47c9-b73d-92e013b96d3c: no agents available; will retry on subsequent port and subnet creation events.
2026-09-01 05:11:10.805 10 INFO neutron.db.ovn_revision_numbers_db [req-655e2a58-073a-46e0-9be7-68ce7f40c0b4 req-0a715e26-be78-4657-98fc-f40c76144685 0568ba353edf431bb4df1eb291ec363a 5538a1eea2c1451388551514fdf16ac3 - - c01138d4964944efb48f4cf40c282d0c c01138d4964944efb48f4cf40c282d0c] Successfully bumped revision number for resource a23d70a5-7833-4c9b-aaf5-16f049de9d66 (type: ports) to 2
2026-09-01 05:11:10.829 10 INFO neutron.wsgi [req-655e2a58-073a-46e0-9be7-68ce7f40c0b4 req-0a715e26-be78-4657-98fc-f40c76144685 0568ba353edf431bb4df1eb291ec363a 5538a1eea2c1451388551514fdf16ac3 - - c01138d4964944efb48f4cf40c282d0c c01138d4964944efb48f4cf40c282d0c] 162.253.55.243 "PUT /v2.0/ports/a23d70a5-7833-4c9b-aaf5-16f049de9d66 HTTP/1.1" status: 200 len: 1415 time: 0.9118557 /var/lib/openstack/lib/python3.10/site-packages/pycadf/identifier.py:71: UserWarning: Invalid uuid: neutron. To ensure interoperability, identifiers should be a valid uuid. warnings.warn(('Invalid uuid: %s. To ensure interoperability, '
2026-09-01 05:11:10.880 10 INFO neutron.notifiers.nova [-] Nova event matching ['req-cc5be084-380e-4ac6-b6bc-07bbe39c661e'] response: {'name': 'network-changed', 'server_uuid': 'd4f238e6-ca4a-4d25-b4b0-866f3eb3243d', 'tag': 'a23d70a5-7833-4c9b-aaf5-16f049de9d66', 'status': 'completed', 'code': 200}
2026-09-01 05:11:10.910 10 INFO neutron.wsgi [req-655e2a58-073a-46e0-9be7-68ce7f40c0b4 req-2deca780-f91b-4d24-9138-0a6e26276a9e 0568ba353edf431bb4df1eb291ec363a 5538a1eea2c1451388551514fdf16ac3 - - c01138d4964944efb48f4cf40c282d0c c01138d4964944efb48f4cf40c282d0c] 162.253.55.243 "GET /v2.0/ports?tenant_id=ee731640d6bf461fa02f847014385b06&device_id=d4f238e6-ca4a-4d25-b4b0-866f3eb3243d HTTP/1.1" status: 200 len: 1446 time: 0.0406358
2026-09-01 05:11:10.950 10 INFO neutron.wsgi [req-655e2a58-073a-46e0-9be7-68ce7f40c0b4 req-44449ad9-e3a8-4c15-9e53-49885b35164d 0568ba353edf431bb4df1eb291ec363a 5538a1eea2c1451388551514fdf16ac3 - - c01138d4964944efb48f4cf40c282d0c c01138d4964944efb48f4cf40c282d0c] 162.253.55.243 "GET /v2.0/floatingips?fixed_ip_address=10.100.0.9&port_id=a23d70a5-7833-4c9b-aaf5-16f049de9d66 HTTP/1.1" status: 200 len: 217 time: 0.0315714
2026-09-01 05:11:11.002 10 INFO neutron.wsgi [req-655e2a58-073a-46e0-9be7-68ce7f40c0b4 req-bcb3eba8-1ac7-40c6-9a7d-684abfa6c80c 0568ba353edf431bb4df1eb291ec363a 5538a1eea2c1451388551514fdf16ac3 - - c01138d4964944efb48f4cf40c282d0c c01138d4964944efb48f4cf40c282d0c] 162.253.55.243 "GET /v2.0/subnets?id=333b4769-2cbe-401f-88c6-17fa01dcd708 HTTP/1.1" status: 200 len: 865 time: 0.0451894
2026-09-01 05:11:11.036 10 INFO neutron.wsgi [req-655e2a58-073a-46e0-9be7-68ce7f40c0b4 req-b501eeb5-f167-47da-b979-4dc3740af1af 0568ba353edf431bb4df1eb291ec363a 5538a1eea2c1451388551514fdf16ac3 - - c01138d4964944efb48f4cf40c282d0c c01138d4964944efb48f4cf40c282d0c] 162.253.55.243 "GET /v2.0/ports?network_id=f5a8bb06-f5b1-4eb1-8ab0-cf9f6430dbbd&device_owner=network%3Adhcp HTTP/1.1" status: 200 len: 210 time: 0.0242589
2026-09-01 05:11:11.103 10 INFO neutron.wsgi [req-655e2a58-073a-46e0-9be7-68ce7f40c0b4 req-3bef68bd-c080-45b5-9260-4453332c5e5e 0568ba353edf431bb4df1eb291ec363a 5538a1eea2c1451388551514fdf16ac3 - - c01138d4964944efb48f4cf40c282d0c c01138d4964944efb48f4cf40c282d0c] 162.253.55.243 "GET /v2.0/networks/f5a8bb06-f5b1-4eb1-8ab0-cf9f6430dbbd?fields=segments HTTP/1.1" status: 200 len: 212 time: 0.0606191
2026-09-01 05:11:11.152 10 INFO neutron.wsgi [req-655e2a58-073a-46e0-9be7-68ce7f40c0b4 req-5066d274-b3f6-4ead-87c9-629df67fbc38 0568ba353edf431bb4df1eb291ec363a 5538a1eea2c1451388551514fdf16ac3 - - c01138d4964944efb48f4cf40c282d0c c01138d4964944efb48f4cf40c282d0c] 162.253.55.243 "GET /v2.0/networks/f5a8bb06-f5b1-4eb1-8ab0-cf9f6430dbbd?fields=provider%3Aphysical_network&fields=provider%3Anetwork_type HTTP/1.1" status: 200 len: 277 time: 0.0439653
2026-09-01 05:11:11.248 9 INFO neutron.db.ovn_revision_numbers_db [None req-fa09298e-d20c-4504-b8ec-f9299f5e9bd1 8ad9aab73c12418abd910ae8bc1eab11 a6b20ccb1c2142d08f4730fd6572ef99 - - default default] Successfully bumped revision number for resource 7be42f31-c844-4e4b-9716-2522367a9c60 (type: ports) to 2
2026-09-01 05:11:11.249 10 INFO neutron.wsgi [req-64dae697-a0a3-4984-ac7d-48f4e4fc2069 req-9482cb0e-9782-4000-b9cb-4477208e3a46 0568ba353edf431bb4df1eb291ec363a 5538a1eea2c1451388551514fdf16ac3 - - c01138d4964944efb48f4cf40c282d0c c01138d4964944efb48f4cf40c282d0c] 162.253.55.243 "GET /v2.0/ports?tenant_id=ee731640d6bf461fa02f847014385b06&device_id=d4f238e6-ca4a-4d25-b4b0-866f3eb3243d HTTP/1.1" status: 200 len: 1446 time: 0.0440972
2026-09-01 05:11:11.280 9 INFO neutron.db.ovn_revision_numbers_db [None req-fa09298e-d20c-4504-b8ec-f9299f5e9bd1 8ad9aab73c12418abd910ae8bc1eab11 a6b20ccb1c2142d08f4730fd6572ef99 - - default default] Successfully bumped revision number for resource e79d546f-9f2a-4fca-b1d0-b77b242f1949 (type: subnets) to 0
2026-09-01 05:11:11.295 9 INFO neutron.wsgi [None req-fa09298e-d20c-4504-b8ec-f9299f5e9bd1 8ad9aab73c12418abd910ae8bc1eab11 a6b20ccb1c2142d08f4730fd6572ef99 - - default default] 10.0.0.181 "POST /v2.0/subnets HTTP/1.1" status: 201 len: 804 time: 0.8177865
2026-09-01 05:11:11.306 10 INFO neutron.wsgi [req-64dae697-a0a3-4984-ac7d-48f4e4fc2069 req-f0bdb372-1d87-47ff-8ffc-24e8c65b52e3 0568ba353edf431bb4df1eb291ec363a 5538a1eea2c1451388551514fdf16ac3 - - c01138d4964944efb48f4cf40c282d0c c01138d4964944efb48f4cf40c282d0c] 162.253.55.243 "GET /v2.0/networks?id=f5a8bb06-f5b1-4eb1-8ab0-cf9f6430dbbd HTTP/1.1" status: 200 len: 969 time: 0.0525498
2026-09-01 05:11:11.361 10 INFO neutron.wsgi [req-64dae697-a0a3-4984-ac7d-48f4e4fc2069 req-6729b8a0-2fb1-4d27-b3a0-e8dafae8d2fb 0568ba353edf431bb4df1eb291ec363a 5538a1eea2c1451388551514fdf16ac3 - - c01138d4964944efb48f4cf40c282d0c c01138d4964944efb48f4cf40c282d0c] 162.253.55.243 "GET /v2.0/floatingips?fixed_ip_address=10.100.0.9&port_id=a23d70a5-7833-4c9b-aaf5-16f049de9d66 HTTP/1.1" status: 200 len: 217 time: 0.0452304
2026-09-01 05:11:11.400 10 INFO neutron.wsgi [req-dfeefd11-5fdd-475c-b920-37cb4bb81702 req-2858c8a8-fafb-4f7a-81a7-d1bcc2816188 0568ba353edf431bb4df1eb291ec363a 5538a1eea2c1451388551514fdf16ac3 - - c01138d4964944efb48f4cf40c282d0c c01138d4964944efb48f4cf40c282d0c] 162.253.55.243 "GET /v2.0/ports?device_id=d4f238e6-ca4a-4d25-b4b0-866f3eb3243d HTTP/1.1" status: 200 len: 1446 time: 0.0488412
2026-09-01 05:11:11.416 10 INFO neutron.wsgi [req-64dae697-a0a3-4984-ac7d-48f4e4fc2069 req-09b476db-de86-48e5-bb40-a8e55d24ebd0 0568ba353edf431bb4df1eb291ec363a 5538a1eea2c1451388551514fdf16ac3 - - c01138d4964944efb48f4cf40c282d0c c01138d4964944efb48f4cf40c282d0c] 162.253.55.243 "GET /v2.0/subnets?id=333b4769-2cbe-401f-88c6-17fa01dcd708 HTTP/1.1" status: 200 len: 865 time: 0.0447383
2026-09-01 05:11:11.430 9 INFO neutron.db.segments_db [None req-d49ae5d2-ae98-4565-873d-421761187137 8ad9aab73c12418abd910ae8bc1eab11 a6b20ccb1c2142d08f4730fd6572ef99 - - default default] Added segment dcc53fcb-78a3-43e6-a3f2-1ab8e4990a05 of type geneve for network cb0286c6-aa27-4b8e-9f85-f54fd2996aa3
2026-09-01 05:11:11.442 10 INFO neutron.wsgi [req-64dae697-a0a3-4984-ac7d-48f4e4fc2069 req-da6a0e8f-dcbd-45bf-a9ac-b1a8a24151bc 0568ba353edf431bb4df1eb291ec363a 5538a1eea2c1451388551514fdf16ac3 - - c01138d4964944efb48f4cf40c282d0c c01138d4964944efb48f4cf40c282d0c] 162.253.55.243 "GET /v2.0/ports?network_id=f5a8bb06-f5b1-4eb1-8ab0-cf9f6430dbbd&device_owner=network%3Adhcp HTTP/1.1" status: 200 len: 210 time: 0.0175409
2026-09-01 05:11:11.457 10 INFO neutron.wsgi [req-dfeefd11-5fdd-475c-b920-37cb4bb81702 req-18d18cd0-b0b2-484b-86f4-276078e917e0 0568ba353edf431bb4df1eb291ec363a 5538a1eea2c1451388551514fdf16ac3 - - c01138d4964944efb48f4cf40c282d0c c01138d4964944efb48f4cf40c282d0c] 162.253.55.243 "GET /v2.0/security-groups?id=3eb871bf-f04c-40e1-a21c-85bbc31cfe49&id=0c272f84-e00e-471c-90bd-95e998c9fd54&fields=id&fields=name HTTP/1.1" status: 200 len: 404 time: 0.0487788
2026-09-01 05:11:11.552 10 INFO neutron.wsgi [req-64dae697-a0a3-4984-ac7d-48f4e4fc2069 req-149a4ce9-d081-41f4-bc55-561d688dcfdc 0568ba353edf431bb4df1eb291ec363a 5538a1eea2c1451388551514fdf16ac3 - - c01138d4964944efb48f4cf40c282d0c c01138d4964944efb48f4cf40c282d0c] 162.253.55.243 "GET /v2.0/networks/f5a8bb06-f5b1-4eb1-8ab0-cf9f6430dbbd?fields=segments HTTP/1.1" status: 200 len: 212 time: 0.0993178
2026-09-01 05:11:11.566 10 INFO neutron.plugins.ml2.drivers.ovn.mech_driver.mech_driver [None req-4d6dcb05-16f5-462e-8166-6b9945689c2c - - - - - -] OVN reports status up for port: a23d70a5-7833-4c9b-aaf5-16f049de9d66
2026-09-01 05:11:11.604 10 INFO neutron.plugins.ml2.plugin [None req-4d6dcb05-16f5-462e-8166-6b9945689c2c - - - - - -] Attempt 1 to provision port a23d70a5-7833-4c9b-aaf5-16f049de9d66
2026-09-01 05:11:11.684 10 INFO neutron.wsgi [req-64dae697-a0a3-4984-ac7d-48f4e4fc2069 req-20364111-5573-46c3-8fcc-f0f263dfcb8f 0568ba353edf431bb4df1eb291ec363a 5538a1eea2c1451388551514fdf16ac3 - - c01138d4964944efb48f4cf40c282d0c c01138d4964944efb48f4cf40c282d0c] 162.253.55.243 "GET /v2.0/networks/f5a8bb06-f5b1-4eb1-8ab0-cf9f6430dbbd?fields=provider%3Aphysical_network&fields=provider%3Anetwork_type HTTP/1.1" status: 200 len: 277 time: 0.1146736
2026-09-01 05:11:11.710 9 INFO neutron.db.ovn_revision_numbers_db [None req-d49ae5d2-ae98-4565-873d-421761187137 8ad9aab73c12418abd910ae8bc1eab11 a6b20ccb1c2142d08f4730fd6572ef99 - - default default] Successfully bumped revision number for resource cb0286c6-aa27-4b8e-9f85-f54fd2996aa3 (type: networks) to 1
2026-09-01 05:11:11.757 10 INFO neutron.wsgi [req-123f81d2-e4c4-4c1c-aba2-ff72780be07f req-a2a94b63-6399-4c18-a242-78568244ab6d ebfedf51e0964f8ba00f9900a79543fd ee731640d6bf461fa02f847014385b06 - - default default] 10.0.0.14 "GET /v2.0/ports?device_id=d4f238e6-ca4a-4d25-b4b0-866f3eb3243d HTTP/1.1" status: 200 len: 1208 time: 0.0449061
2026-09-01 05:11:11.827 10 INFO neutron.wsgi [req-123f81d2-e4c4-4c1c-aba2-ff72780be07f req-3afe79d8-6790-4a3e-ba83-b39a8a7fea4c ebfedf51e0964f8ba00f9900a79543fd ee731640d6bf461fa02f847014385b06 - - default default] 10.0.0.14 "GET /v2.0/security-groups?id=0c272f84-e00e-471c-90bd-95e998c9fd54&id=3eb871bf-f04c-40e1-a21c-85bbc31cfe49&fields=id&fields=name HTTP/1.1" status: 200 len: 404 time: 0.0623910
2026-09-01 05:11:11.879 9 WARNING neutron.scheduler.dhcp_agent_scheduler [None req-d49ae5d2-ae98-4565-873d-421761187137 8ad9aab73c12418abd910ae8bc1eab11 a6b20ccb1c2142d08f4730fd6572ef99 - - default default] No more DHCP agents
2026-09-01 05:11:11.880 9 WARNING neutron.api.rpc.agentnotifiers.dhcp_rpc_agent_api [None req-d49ae5d2-ae98-4565-873d-421761187137 8ad9aab73c12418abd910ae8bc1eab11 a6b20ccb1c2142d08f4730fd6572ef99 - - default default] Unable to schedule network cb0286c6-aa27-4b8e-9f85-f54fd2996aa3: no agents available; will retry on subsequent port and subnet creation events.
2026-09-01 05:11:11.963 9 INFO neutron.db.ovn_revision_numbers_db [None req-d49ae5d2-ae98-4565-873d-421761187137 8ad9aab73c12418abd910ae8bc1eab11 a6b20ccb1c2142d08f4730fd6572ef99 - - default default] Successfully bumped revision number for resource 0f76cb6d-01dd-439d-a8d3-e2b8446b247e (type: ports) to 1
2026-09-01 05:11:11.973 10 INFO neutron.db.ovn_revision_numbers_db [None req-4d6dcb05-16f5-462e-8166-6b9945689c2c - - - - - -] Successfully bumped revision number for resource a23d70a5-7833-4c9b-aaf5-16f049de9d66 (type: ports) to 4
2026-09-01 05:11:11.978 9 INFO neutron.wsgi [None req-d49ae5d2-ae98-4565-873d-421761187137 8ad9aab73c12418abd910ae8bc1eab11 a6b20ccb1c2142d08f4730fd6572ef99 - - default default] 10.0.0.181 "POST /v2.0/networks HTTP/1.1" status: 201 len: 830 time: 0.6753278
2026-09-01 05:11:12.164 9 WARNING neutron.scheduler.dhcp_agent_scheduler [None req-530dd8de-d7bf-44cb-93e7-8ede6d7e9e6c 8ad9aab73c12418abd910ae8bc1eab11 a6b20ccb1c2142d08f4730fd6572ef99 - - default default] No more DHCP agents
2026-09-01 05:11:12.165 9 WARNING neutron.api.rpc.agentnotifiers.dhcp_rpc_agent_api [None req-530dd8de-d7bf-44cb-93e7-8ede6d7e9e6c 8ad9aab73c12418abd910ae8bc1eab11 a6b20ccb1c2142d08f4730fd6572ef99 - - default default] Unable to schedule network cb0286c6-aa27-4b8e-9f85-f54fd2996aa3: no agents available; will retry on subsequent port and subnet creation events.
2026-09-01 05:11:12.493 9 INFO neutron.wsgi [None req-c1063bb2-0635-4dc4-8bfd-1f09ab1fdba4 5bfb52f5e05d4118bf8461a709b225f8 032f94565ff3422da131f88e065921fe - - default default] 10.0.0.181 "POST /v2.0/qos/policies HTTP/1.1" status: 201 len: 558 time: 0.2388496
2026-09-01 05:11:12.533 9 INFO neutron.wsgi [None req-c0fc2a16-0af5-48e6-80d3-c6ed86499eb8 5bfb52f5e05d4118bf8461a709b225f8 032f94565ff3422da131f88e065921fe - - default default] 10.0.0.181 "PUT /v2.0/policies/754dfd3c-7eef-4485-8b26-ba28cbd5dfa2/tags HTTP/1.1" status: 200 len: 218 time: 0.0324874 /var/lib/openstack/lib/python3.10/site-packages/pycadf/identifier.py:71: UserWarning: Invalid uuid: neutron. To ensure interoperability, identifiers should be a valid uuid. warnings.warn(('Invalid uuid: %s. To ensure interoperability, '
2026-09-01 05:11:12.586 10 INFO neutron.wsgi [None req-5a642df7-b6a2-4410-bc2f-f075ac5607f9 5bfb52f5e05d4118bf8461a709b225f8 032f94565ff3422da131f88e065921fe - - default default] 10.0.0.181 "GET /v2.0/policies/754dfd3c-7eef-4485-8b26-ba28cbd5dfa2/tags HTTP/1.1" status: 200 len: 218 time: 0.0464694
2026-09-01 05:11:12.634 9 INFO neutron.db.ovn_revision_numbers_db [None req-530dd8de-d7bf-44cb-93e7-8ede6d7e9e6c 8ad9aab73c12418abd910ae8bc1eab11 a6b20ccb1c2142d08f4730fd6572ef99 - - default default] Successfully bumped revision number for resource 0f76cb6d-01dd-439d-a8d3-e2b8446b247e (type: ports) to 2
2026-09-01 05:11:12.640 10 INFO neutron.wsgi [None req-b19d5ba6-ef29-479a-8f2d-4a9d99987c0d 5bfb52f5e05d4118bf8461a709b225f8 032f94565ff3422da131f88e065921fe - - default default] 10.0.0.181 "PUT /v2.0/policies/754dfd3c-7eef-4485-8b26-ba28cbd5dfa2/tags/green HTTP/1.1" status: 201 len: 201 time: 0.0357478
2026-09-01 05:11:12.663 10 INFO neutron.wsgi [None req-827f4ac3-efd4-4ad9-b447-b57b0640b24d 5bfb52f5e05d4118bf8461a709b225f8 032f94565ff3422da131f88e065921fe - - default default] 10.0.0.181 "GET /v2.0/policies/754dfd3c-7eef-4485-8b26-ba28cbd5dfa2/tags HTTP/1.1" status: 200 len: 227 time: 0.0185695
2026-09-01 05:11:12.679 10 INFO neutron.wsgi [None req-c67ff0d2-a2ff-41e8-84a0-64263baff4d8 5bfb52f5e05d4118bf8461a709b225f8 032f94565ff3422da131f88e065921fe - - default default] 10.0.0.181 "PUT /v2.0/policies/754dfd3c-7eef-4485-8b26-ba28cbd5dfa2/tags/red HTTP/1.1" status: 201 len: 201 time: 0.0115211
2026-09-01 05:11:12.685 9 INFO neutron.db.ovn_revision_numbers_db [None req-530dd8de-d7bf-44cb-93e7-8ede6d7e9e6c 8ad9aab73c12418abd910ae8bc1eab11 a6b20ccb1c2142d08f4730fd6572ef99 - - default default] Successfully bumped revision number for resource 65ee82b1-d228-4d9b-a9a5-e4681dcbab32 (type: subnets) to 0
2026-09-01 05:11:12.696 10 INFO neutron.wsgi [None req-39586b21-cebe-4463-bfc7-418b200c503b 5bfb52f5e05d4118bf8461a709b225f8 032f94565ff3422da131f88e065921fe - - default default] 10.0.0.181 "GET /v2.0/policies/754dfd3c-7eef-4485-8b26-ba28cbd5dfa2/tags HTTP/1.1" status: 200 len: 227 time: 0.0117743
2026-09-01 05:11:12.714 9 INFO neutron.wsgi [None req-530dd8de-d7bf-44cb-93e7-8ede6d7e9e6c 8ad9aab73c12418abd910ae8bc1eab11 a6b20ccb1c2142d08f4730fd6572ef99 - - default default] 10.0.0.181 "POST /v2.0/subnets HTTP/1.1" status: 201 len: 804 time: 0.7308338
2026-09-01 05:11:12.734 10 INFO neutron.wsgi [None req-c2f0cb25-948c-4d3f-af37-6e7ef4c0773f 5bfb52f5e05d4118bf8461a709b225f8 032f94565ff3422da131f88e065921fe - - default default] 10.0.0.181 "PUT /v2.0/policies/754dfd3c-7eef-4485-8b26-ba28cbd5dfa2/tags/black.or.white HTTP/1.1" status: 201 len: 201 time: 0.0338914
2026-09-01 05:11:12.755 10 INFO neutron.wsgi [None req-e48b412f-7e23-473f-a252-fce54e713dbe 5bfb52f5e05d4118bf8461a709b225f8 032f94565ff3422da131f88e065921fe - - default default] 10.0.0.181 "GET /v2.0/policies/754dfd3c-7eef-4485-8b26-ba28cbd5dfa2/tags HTTP/1.1" status: 200 len: 245 time: 0.0158932
2026-09-01 05:11:12.780 10 INFO neutron.wsgi [None req-a188350e-971c-43ca-a610-205345622168 5bfb52f5e05d4118bf8461a709b225f8 032f94565ff3422da131f88e065921fe - - default default] 10.0.0.181 "PUT /v2.0/policies/754dfd3c-7eef-4485-8b26-ba28cbd5dfa2/tags HTTP/1.1" status: 200 len: 230 time: 0.0207124
2026-09-01 05:11:12.794 10 INFO neutron.wsgi [None req-da85e982-dfbc-4e4b-87eb-89ff1f601200 5bfb52f5e05d4118bf8461a709b225f8 032f94565ff3422da131f88e065921fe - - default default] 10.0.0.181 "GET /v2.0/policies/754dfd3c-7eef-4485-8b26-ba28cbd5dfa2/tags HTTP/1.1" status: 200 len: 230 time: 0.0095005
2026-09-01 05:11:12.811 10 INFO neutron.db.segments_db [None req-d663b25d-56ce-4027-9889-70755c5a7941 8ad9aab73c12418abd910ae8bc1eab11 a6b20ccb1c2142d08f4730fd6572ef99 - - default default] Added segment 67f90984-e8d9-433a-8b25-d6e53b1dc303 of type geneve for network 8d7cf8e6-405f-4de7-9ee8-104600ef362e
2026-09-01 05:11:12.813 10 INFO neutron.wsgi [None req-1b28cbb4-b5c2-4759-a04b-8c2026432f08 5bfb52f5e05d4118bf8461a709b225f8 032f94565ff3422da131f88e065921fe - - default default] 10.0.0.181 "GET /v2.0/policies/754dfd3c-7eef-4485-8b26-ba28cbd5dfa2/tags/red HTTP/1.1" status: 204 len: 168 time: 0.0123596
2026-09-01 05:11:12.842 9 INFO neutron.api.v2.resource [None req-db84b286-a797-4ee6-acdd-039689e3b6a7 5bfb52f5e05d4118bf8461a709b225f8 032f94565ff3422da131f88e065921fe - - default default] show failed (client error): The resource could not be found.
2026-09-01 05:11:12.845 9 INFO neutron.wsgi [None req-db84b286-a797-4ee6-acdd-039689e3b6a7 5bfb52f5e05d4118bf8461a709b225f8 032f94565ff3422da131f88e065921fe - - default default] 10.0.0.181 "GET /v2.0/policies/754dfd3c-7eef-4485-8b26-ba28cbd5dfa2/tags/green HTTP/1.1" status: 404 len: 299 time: 0.0264752
2026-09-01 05:11:12.894 9 INFO neutron.wsgi [None req-c148cfcd-d863-4560-9136-a8497c3e9ead 5bfb52f5e05d4118bf8461a709b225f8 032f94565ff3422da131f88e065921fe - - default default] 10.0.0.181 "DELETE /v2.0/policies/754dfd3c-7eef-4485-8b26-ba28cbd5dfa2/tags/red HTTP/1.1" status: 204 len: 168 time: 0.0430255
2026-09-01 05:11:12.928 9 INFO neutron.wsgi [None req-44db2157-e5be-459e-a7b0-a15cbd402548 5bfb52f5e05d4118bf8461a709b225f8 032f94565ff3422da131f88e065921fe - - default default] 10.0.0.181 "GET /v2.0/policies/754dfd3c-7eef-4485-8b26-ba28cbd5dfa2/tags HTTP/1.1" status: 200 len: 223 time: 0.0284252
2026-09-01 05:11:12.947 10 INFO neutron.notifiers.nova [-] Nova event matching ['req-c40c8564-7dfb-4b36-ac9c-0e7a04b442ba'] response: {'server_uuid': 'd4f238e6-ca4a-4d25-b4b0-866f3eb3243d', 'name': 'network-vif-plugged', 'status': 'completed', 'tag': 'a23d70a5-7833-4c9b-aaf5-16f049de9d66', 'code': 200}
2026-09-01 05:11:12.947 10 INFO neutron.notifiers.nova [-] Nova event matching ['req-c40c8564-7dfb-4b36-ac9c-0e7a04b442ba'] response: {'server_uuid': 'd4f238e6-ca4a-4d25-b4b0-866f3eb3243d', 'name': 'network-vif-plugged', 'status': 'completed', 'tag': 'a23d70a5-7833-4c9b-aaf5-16f049de9d66', 'code': 200}
2026-09-01 05:11:12.961 9 INFO neutron.api.v2.resource [None req-cd3eb9dd-b91a-41ec-b6ad-c5a46dbc2cc6 5bfb52f5e05d4118bf8461a709b225f8 032f94565ff3422da131f88e065921fe - - default default] delete failed (client error): The resource could not be found.
2026-09-01 05:11:12.963 9 INFO neutron.wsgi [None req-cd3eb9dd-b91a-41ec-b6ad-c5a46dbc2cc6 5bfb52f5e05d4118bf8461a709b225f8 032f94565ff3422da131f88e065921fe - - default default] 10.0.0.181 "DELETE /v2.0/policies/754dfd3c-7eef-4485-8b26-ba28cbd5dfa2/tags/green HTTP/1.1" status: 404 len: 299 time: 0.0286489
2026-09-01 05:11:12.964 10 INFO neutron.wsgi [req-5ed2a91b-f9bb-4519-87bb-49869606ad3a req-db3b6e28-8f46-44d1-80b8-565df3c310b7 ebfedf51e0964f8ba00f9900a79543fd ee731640d6bf461fa02f847014385b06 - - default default] 10.0.0.14 "GET /v2.0/ports?device_id=d4f238e6-ca4a-4d25-b4b0-866f3eb3243d HTTP/1.1" status: 200 len: 1210 time: 0.0409176
2026-09-01 05:11:13.004 10 INFO neutron.wsgi [req-5ed2a91b-f9bb-4519-87bb-49869606ad3a req-a503b8d2-1cce-46fc-9274-b2aaaa0a92a5 ebfedf51e0964f8ba00f9900a79543fd ee731640d6bf461fa02f847014385b06 - - default default] 10.0.0.14 "GET /v2.0/security-groups?id=0c272f84-e00e-471c-90bd-95e998c9fd54&id=3eb871bf-f04c-40e1-a21c-85bbc31cfe49&fields=id&fields=name HTTP/1.1" status: 200 len: 404 time: 0.0323231
2026-09-01 05:11:13.005 10 INFO neutron.db.ovn_revision_numbers_db [None req-d663b25d-56ce-4027-9889-70755c5a7941 8ad9aab73c12418abd910ae8bc1eab11 a6b20ccb1c2142d08f4730fd6572ef99 - - default default] Successfully bumped revision number for resource 8d7cf8e6-405f-4de7-9ee8-104600ef362e (type: networks) to 1
2026-09-01 05:11:13.015 10 INFO neutron.wsgi [None req-5149d96e-74cf-47db-95b1-05de454acffc 5bfb52f5e05d4118bf8461a709b225f8 032f94565ff3422da131f88e065921fe - - default default] 10.0.0.181 "DELETE /v2.0/policies/754dfd3c-7eef-4485-8b26-ba28cbd5dfa2/tags HTTP/1.1" status: 204 len: 168 time: 0.0460904
2026-09-01 05:11:13.051 9 INFO neutron.wsgi [None req-fc8f4110-62d9-4786-ba5f-4ea245756a41 5bfb52f5e05d4118bf8461a709b225f8 032f94565ff3422da131f88e065921fe - - default default] 10.0.0.181 "GET /v2.0/policies/754dfd3c-7eef-4485-8b26-ba28cbd5dfa2/tags HTTP/1.1" status: 200 len: 205 time: 0.0222387
2026-09-01 05:11:13.233 10 INFO neutron.wsgi [None req-e667c1eb-d0ec-4bbe-a818-30b7dc18180b 5bfb52f5e05d4118bf8461a709b225f8 032f94565ff3422da131f88e065921fe - - default default] 10.0.0.181 "DELETE /v2.0/qos/policies/754dfd3c-7eef-4485-8b26-ba28cbd5dfa2 HTTP/1.1" status: 204 len: 168 time: 0.1727681
2026-09-01 05:11:13.260 10 WARNING neutron.scheduler.dhcp_agent_scheduler [None req-d663b25d-56ce-4027-9889-70755c5a7941 8ad9aab73c12418abd910ae8bc1eab11 a6b20ccb1c2142d08f4730fd6572ef99 - - default default] No more DHCP agents
2026-09-01 05:11:13.263 10 WARNING neutron.api.rpc.agentnotifiers.dhcp_rpc_agent_api [None req-d663b25d-56ce-4027-9889-70755c5a7941 8ad9aab73c12418abd910ae8bc1eab11 a6b20ccb1c2142d08f4730fd6572ef99 - - default default] Unable to schedule network 8d7cf8e6-405f-4de7-9ee8-104600ef362e: no agents available; will retry on subsequent port and subnet creation events.
2026-09-01 05:11:13.359 10 INFO neutron.db.ovn_revision_numbers_db [None req-d663b25d-56ce-4027-9889-70755c5a7941 8ad9aab73c12418abd910ae8bc1eab11 a6b20ccb1c2142d08f4730fd6572ef99 - - default default] Successfully bumped revision number for resource a74ca1a9-d8fe-4cf3-9539-439b66303321 (type: ports) to 1
2026-09-01 05:11:13.387 10 INFO neutron.wsgi [None req-d663b25d-56ce-4027-9889-70755c5a7941 8ad9aab73c12418abd910ae8bc1eab11 a6b20ccb1c2142d08f4730fd6572ef99 - - default default] 10.0.0.181 "POST /v2.0/networks HTTP/1.1" status: 201 len: 831 time: 0.6682062
2026-09-01 05:11:13.633 10 WARNING neutron.scheduler.dhcp_agent_scheduler [None req-07ac5af9-ef42-4339-a275-73d84da283e2 8ad9aab73c12418abd910ae8bc1eab11 a6b20ccb1c2142d08f4730fd6572ef99 - - default default] No more DHCP agents
2026-09-01 05:11:13.635 10 WARNING neutron.api.rpc.agentnotifiers.dhcp_rpc_agent_api [None req-07ac5af9-ef42-4339-a275-73d84da283e2 8ad9aab73c12418abd910ae8bc1eab11 a6b20ccb1c2142d08f4730fd6572ef99 - - default default] Unable to schedule network 8d7cf8e6-405f-4de7-9ee8-104600ef362e: no agents available; will retry on subsequent port and subnet creation events.
2026-09-01 05:11:14.181 10 INFO neutron.wsgi [req-2ee98acd-a4fe-4cf1-8cc7-fbb5d6a558ef req-e68b6257-3d25-4d5e-8a40-58f2cdea5b18 ebfedf51e0964f8ba00f9900a79543fd ee731640d6bf461fa02f847014385b06 - - default default] 10.0.0.14 "GET /v2.0/ports?device_id=d4f238e6-ca4a-4d25-b4b0-866f3eb3243d HTTP/1.1" status: 200 len: 1210 time: 0.0973380
2026-09-01 05:11:14.220 10 INFO neutron.db.ovn_revision_numbers_db [None req-07ac5af9-ef42-4339-a275-73d84da283e2 8ad9aab73c12418abd910ae8bc1eab11 a6b20ccb1c2142d08f4730fd6572ef99 - - default default] Successfully bumped revision number for resource a74ca1a9-d8fe-4cf3-9539-439b66303321 (type: ports) to 2
2026-09-01 05:11:14.230 10 INFO neutron.wsgi [req-2ee98acd-a4fe-4cf1-8cc7-fbb5d6a558ef req-20bfbd97-62ac-4b1c-a99c-eabb2b91c788 ebfedf51e0964f8ba00f9900a79543fd ee731640d6bf461fa02f847014385b06 - - default default] 10.0.0.14 "GET /v2.0/security-groups?id=0c272f84-e00e-471c-90bd-95e998c9fd54&id=3eb871bf-f04c-40e1-a21c-85bbc31cfe49&fields=id&fields=name HTTP/1.1" status: 200 len: 404 time: 0.0419312
2026-09-01 05:11:14.252 10 INFO neutron.db.ovn_revision_numbers_db [None req-07ac5af9-ef42-4339-a275-73d84da283e2 8ad9aab73c12418abd910ae8bc1eab11 a6b20ccb1c2142d08f4730fd6572ef99 - - default default] Successfully bumped revision number for resource 8d07050d-71ea-421d-9c1e-3841efc63256 (type: subnets) to 0
2026-09-01 05:11:14.269 10 INFO neutron.wsgi [None req-07ac5af9-ef42-4339-a275-73d84da283e2 8ad9aab73c12418abd910ae8bc1eab11 a6b20ccb1c2142d08f4730fd6572ef99 - - default default] 10.0.0.181 "POST /v2.0/subnets HTTP/1.1" status: 201 len: 804 time: 0.8766840
2026-09-01 05:11:14.348 10 INFO neutron.wsgi [req-809d5043-abef-449e-ac60-980be6cbd697 req-1a9cb4d2-0f4b-46b6-9935-3cd1d33fb69a ebfedf51e0964f8ba00f9900a79543fd ee731640d6bf461fa02f847014385b06 - - default default] 10.0.0.14 "GET /v2.0/ports?device_id=d4f238e6-ca4a-4d25-b4b0-866f3eb3243d HTTP/1.1" status: 200 len: 1210 time: 0.0332408
2026-09-01 05:11:14.357 10 INFO neutron.db.segments_db [None req-c3f91f1b-604f-4f58-b855-936f2eb02659 8ad9aab73c12418abd910ae8bc1eab11 a6b20ccb1c2142d08f4730fd6572ef99 - - default default] Added segment 95cda782-d9d6-4805-a5e6-be3bd53e2a61 of type geneve for network b1773b97-e68c-46ce-8d84-d640517fe396
2026-09-01 05:11:14.429 10 INFO neutron.db.ovn_revision_numbers_db [None req-3bc28138-d283-4f57-bca9-800b4f5007bb 20f45880a3d641df9aaeabe63f6015fe fdde9091cbea44ae8558bb37fa265712 - - default default] Successfully bumped revision number for resource 57cc62f9-5c30-4670-b865-a3aebf783d10 (type: security_groups) to 1
2026-09-01 05:11:14.466 10 INFO neutron.db.ovn_revision_numbers_db [None req-3bc28138-d283-4f57-bca9-800b4f5007bb 20f45880a3d641df9aaeabe63f6015fe fdde9091cbea44ae8558bb37fa265712 - - default default] Successfully bumped revision number for resource 6b19629b-aa92-4ed4-9010-e679ef4583a0 (type: security_group_rules) to 0
2026-09-01 05:11:14.511 10 INFO neutron.db.ovn_revision_numbers_db [None req-3bc28138-d283-4f57-bca9-800b4f5007bb 20f45880a3d641df9aaeabe63f6015fe fdde9091cbea44ae8558bb37fa265712 - - default default] Successfully bumped revision number for resource 9bc75fc3-ee80-4128-8516-7bf181eab48a (type: security_group_rules) to 0
2026-09-01 05:11:14.546 10 INFO neutron.db.ovn_revision_numbers_db [None req-3bc28138-d283-4f57-bca9-800b4f5007bb 20f45880a3d641df9aaeabe63f6015fe fdde9091cbea44ae8558bb37fa265712 - - default default] Successfully bumped revision number for resource aaafc71f-e89f-4c2e-a0a4-170e916bd960 (type: security_group_rules) to 0
2026-09-01 05:11:14.563 10 INFO neutron.db.ovn_revision_numbers_db [None req-3bc28138-d283-4f57-bca9-800b4f5007bb 20f45880a3d641df9aaeabe63f6015fe fdde9091cbea44ae8558bb37fa265712 - - default default] Successfully bumped revision number for resource fb77684d-0e3d-4407-a9e1-4ca47ef7d0c0 (type: security_group_rules) to 0
2026-09-01 05:11:14.570 10 INFO neutron.db.ovn_revision_numbers_db [None req-c3f91f1b-604f-4f58-b855-936f2eb02659 8ad9aab73c12418abd910ae8bc1eab11 a6b20ccb1c2142d08f4730fd6572ef99 - - default default] Successfully bumped revision number for resource b1773b97-e68c-46ce-8d84-d640517fe396 (type: networks) to 1
2026-09-01 05:11:14.597 9 INFO neutron.db.l3_db [None req-af8efd74-5719-4fac-ae22-b6fd40a22515 ebfedf51e0964f8ba00f9900a79543fd ee731640d6bf461fa02f847014385b06 - - default default] Floating IP 8f3b8294-a5b5-4fc5-8375-a067e7494c30 associated. External IP: 10.96.250.204, port: a23d70a5-7833-4c9b-aaf5-16f049de9d66.
2026-09-01 05:11:14.597 10 INFO neutron.wsgi [None req-3bc28138-d283-4f57-bca9-800b4f5007bb 20f45880a3d641df9aaeabe63f6015fe fdde9091cbea44ae8558bb37fa265712 - - default default] 10.0.0.181 "GET /v2.0/security-groups?tenant_id=50bb011d36084351b61aeee80b270f6e&name=default HTTP/1.1" status: 200 len: 2996 time: 0.4745805
2026-09-01 05:11:14.755 9 INFO neutron.db.ovn_revision_numbers_db [None req-af8efd74-5719-4fac-ae22-b6fd40a22515 ebfedf51e0964f8ba00f9900a79543fd ee731640d6bf461fa02f847014385b06 - - default default] Successfully bumped revision number for resource 8f3b8294-a5b5-4fc5-8375-a067e7494c30 (type: floatingips) to 1
2026-09-01 05:11:14.757 10 WARNING neutron.scheduler.dhcp_agent_scheduler [None req-c3f91f1b-604f-4f58-b855-936f2eb02659 8ad9aab73c12418abd910ae8bc1eab11 a6b20ccb1c2142d08f4730fd6572ef99 - - default default] No more DHCP agents
2026-09-01 05:11:14.760 10 WARNING neutron.api.rpc.agentnotifiers.dhcp_rpc_agent_api [None req-c3f91f1b-604f-4f58-b855-936f2eb02659 8ad9aab73c12418abd910ae8bc1eab11 a6b20ccb1c2142d08f4730fd6572ef99 - - default default] Unable to schedule network b1773b97-e68c-46ce-8d84-d640517fe396: no agents available; will retry on subsequent port and subnet creation events. /var/lib/openstack/lib/python3.10/site-packages/pycadf/identifier.py:71: UserWarning: Invalid uuid: neutron. To ensure interoperability, identifiers should be a valid uuid. warnings.warn(('Invalid uuid: %s. To ensure interoperability, '
2026-09-01 05:11:14.845 10 INFO neutron.db.ovn_revision_numbers_db [None req-c3f91f1b-604f-4f58-b855-936f2eb02659 8ad9aab73c12418abd910ae8bc1eab11 a6b20ccb1c2142d08f4730fd6572ef99 - - default default] Successfully bumped revision number for resource d9662ee7-d970-47f2-a4be-67a2e2d693e3 (type: ports) to 1
2026-09-01 05:11:14.878 10 INFO neutron.wsgi [None req-c3f91f1b-604f-4f58-b855-936f2eb02659 8ad9aab73c12418abd910ae8bc1eab11 a6b20ccb1c2142d08f4730fd6572ef99 - - default default] 10.0.0.181 "POST /v2.0/networks HTTP/1.1" status: 201 len: 830 time: 0.6031401
2026-09-01 05:11:14.883 10 INFO neutron.wsgi [None req-a5e4ccdf-3c17-467c-aff6-91b6a31853ea 20f45880a3d641df9aaeabe63f6015fe fdde9091cbea44ae8558bb37fa265712 - - default default] 10.0.0.181 "DELETE /v2.0/security-groups/57cc62f9-5c30-4670-b865-a3aebf783d10 HTTP/1.1" status: 204 len: 168 time: 0.2765398
2026-09-01 05:11:14.900 9 INFO neutron.db.ovn_revision_numbers_db [None req-af8efd74-5719-4fac-ae22-b6fd40a22515 ebfedf51e0964f8ba00f9900a79543fd ee731640d6bf461fa02f847014385b06 - - default default] Successfully bumped revision number for resource 8f3b8294-a5b5-4fc5-8375-a067e7494c30 (type: floatingips) to 2
2026-09-01 05:11:14.906 9 INFO neutron.wsgi [None req-5beb471a-949e-47bf-b22e-6fa0ae7bfb77 20f45880a3d641df9aaeabe63f6015fe fdde9091cbea44ae8558bb37fa265712 - - default default] 10.0.0.149 "GET /v2.0/routers HTTP/1.1" status: 200 len: 2202 time: 0.1489422
2026-09-01 05:11:14.931 9 INFO neutron.wsgi [None req-5921cf48-12f7-400d-a0ea-c70e89f6b1fe 20f45880a3d641df9aaeabe63f6015fe fdde9091cbea44ae8558bb37fa265712 - - default default] 10.0.0.149 "GET /v2.0/agents?binary=ovn-controller HTTP/1.1" status: 200 len: 591 time: 0.0235374
2026-09-01 05:11:14.942 9 INFO neutron.wsgi [None req-af8efd74-5719-4fac-ae22-b6fd40a22515 ebfedf51e0964f8ba00f9900a79543fd ee731640d6bf461fa02f847014385b06 - - default default] 10.0.0.181 "PUT /v2.0/floatingips/8f3b8294-a5b5-4fc5-8375-a067e7494c30 HTTP/1.1" status: 200 len: 1049 time: 0.5813503
2026-09-01 05:11:14.980 9 INFO neutron.wsgi [None req-6318e7d3-10db-41e7-a837-4917e9b72b6c 20f45880a3d641df9aaeabe63f6015fe fdde9091cbea44ae8558bb37fa265712 - - default default] 10.0.0.149 "GET /v2.0/ports HTTP/1.1" status: 200 len: 25738 time: 0.0473018
2026-09-01 05:11:14.989 9 INFO neutron.notifiers.nova [-] Nova event matching ['req-843f1c31-0b15-43c4-a70f-5aa3bbce913c'] response: {'name': 'network-changed', 'server_uuid': 'd4f238e6-ca4a-4d25-b4b0-866f3eb3243d', 'tag': 'a23d70a5-7833-4c9b-aaf5-16f049de9d66', 'status': 'completed', 'code': 200}
2026-09-01 05:11:15.012 10 INFO neutron.wsgi [req-81ba1d7b-8888-4e48-b1a5-faa6765d2252 req-f76d530a-a68b-4aa7-b8f8-dbc2c7df0322 0568ba353edf431bb4df1eb291ec363a 5538a1eea2c1451388551514fdf16ac3 - - c01138d4964944efb48f4cf40c282d0c c01138d4964944efb48f4cf40c282d0c] 10.0.0.179 "GET /v2.0/ports?device_id=0d8f963f-be53-44cd-87af-7706514738be HTTP/1.1" status: 200 len: 1409 time: 0.0433557
2026-09-01 05:11:15.019 9 INFO neutron.wsgi [None req-e46a6e90-067b-43c8-812b-cdef28ad5114 20f45880a3d641df9aaeabe63f6015fe fdde9091cbea44ae8558bb37fa265712 - - default default] 10.0.0.149 "GET /v2.0/agents HTTP/1.1" status: 200 len: 997 time: 0.0144463
2026-09-01 05:11:15.041 9 INFO neutron.wsgi [None req-f9e752fa-af06-4697-9587-f820d689bf03 20f45880a3d641df9aaeabe63f6015fe fdde9091cbea44ae8558bb37fa265712 - - default default] 10.0.0.149 "GET /v2.0/network-ip-availabilities HTTP/1.1" status: 200 len: 4596 time: 0.0113101
2026-09-01 05:11:15.065 10 INFO neutron.wsgi [req-fbb5d440-1d98-4360-a25a-338bc9657b43 req-27dbbd65-540b-47e7-a6fc-a68dde501433 0568ba353edf431bb4df1eb291ec363a 5538a1eea2c1451388551514fdf16ac3 - - c01138d4964944efb48f4cf40c282d0c c01138d4964944efb48f4cf40c282d0c] 162.253.55.243 "GET /v2.0/ports?tenant_id=ee731640d6bf461fa02f847014385b06&device_id=d4f238e6-ca4a-4d25-b4b0-866f3eb3243d HTTP/1.1" status: 200 len: 1448 time: 0.0483949
2026-09-01 05:11:15.104 10 INFO neutron.wsgi [req-81ba1d7b-8888-4e48-b1a5-faa6765d2252 req-f5a5d300-3f38-45e5-b166-cf55fde025e1 0568ba353edf431bb4df1eb291ec363a 5538a1eea2c1451388551514fdf16ac3 - - c01138d4964944efb48f4cf40c282d0c c01138d4964944efb48f4cf40c282d0c] 10.0.0.179 "GET /v2.0/security-groups?id=e60aa52e-b89b-418e-85d6-925b30192eec&fields=id&fields=name HTTP/1.1" status: 200 len: 312 time: 0.0778196
2026-09-01 05:11:15.107 9 INFO neutron.wsgi [None req-2321910c-266d-4bd3-bd89-1e5492f92e53 20f45880a3d641df9aaeabe63f6015fe fdde9091cbea44ae8558bb37fa265712 - - default default] 10.0.0.149 "GET /v2.0/networks HTTP/1.1" status: 200 len: 8291 time: 0.0644875
2026-09-01 05:11:15.149 9 INFO neutron.db.ovn_revision_numbers_db [None req-439660be-a7d0-4681-8b91-0069158adf2c 20f45880a3d641df9aaeabe63f6015fe fdde9091cbea44ae8558bb37fa265712 - - default default] Successfully bumped revision number for resource d3e96963-c7ba-4a2f-b374-33e36f011df9 (type: security_groups) to 1
2026-09-01 05:11:15.152 10 INFO neutron.wsgi [req-fbb5d440-1d98-4360-a25a-338bc9657b43 req-4f644cd2-712e-4788-b74b-b97fbcced3aa 0568ba353edf431bb4df1eb291ec363a 5538a1eea2c1451388551514fdf16ac3 - - c01138d4964944efb48f4cf40c282d0c c01138d4964944efb48f4cf40c282d0c] 162.253.55.243 "GET /v2.0/networks?id=f5a8bb06-f5b1-4eb1-8ab0-cf9f6430dbbd HTTP/1.1" status: 200 len: 969 time: 0.0804338
2026-09-01 05:11:15.171 9 INFO neutron.db.ovn_revision_numbers_db [None req-439660be-a7d0-4681-8b91-0069158adf2c 20f45880a3d641df9aaeabe63f6015fe fdde9091cbea44ae8558bb37fa265712 - - default default] Successfully bumped revision number for resource 38fd98cf-7e94-4cef-951f-22ad2104e5a2 (type: security_group_rules) to 0
2026-09-01 05:11:15.190 9 INFO neutron.wsgi [None req-da8104fa-eed1-44aa-b519-47353c2d906f 20f45880a3d641df9aaeabe63f6015fe fdde9091cbea44ae8558bb37fa265712 - - default default] 10.0.0.149 "GET /v2.0/security-groups HTTP/1.1" status: 200 len: 48716 time: 0.0760777
2026-09-01 05:11:15.191 9 INFO neutron.db.ovn_revision_numbers_db [None req-439660be-a7d0-4681-8b91-0069158adf2c 20f45880a3d641df9aaeabe63f6015fe fdde9091cbea44ae8558bb37fa265712 - - default default] Successfully bumped revision number for resource 4af60a41-6e5f-418d-9eec-5db247d1c4fa (type: security_group_rules) to 0
2026-09-01 05:11:15.207 10 INFO neutron.wsgi [req-fbb5d440-1d98-4360-a25a-338bc9657b43 req-24cc8df4-a12c-460a-b8e5-b9fbb3719ba9 0568ba353edf431bb4df1eb291ec363a 5538a1eea2c1451388551514fdf16ac3 - - c01138d4964944efb48f4cf40c282d0c c01138d4964944efb48f4cf40c282d0c] 162.253.55.243 "GET /v2.0/floatingips?fixed_ip_address=10.100.0.9&port_id=a23d70a5-7833-4c9b-aaf5-16f049de9d66 HTTP/1.1" status: 200 len: 1059 time: 0.0450444
2026-09-01 05:11:15.221 9 INFO neutron.db.ovn_revision_numbers_db [None req-439660be-a7d0-4681-8b91-0069158adf2c 20f45880a3d641df9aaeabe63f6015fe fdde9091cbea44ae8558bb37fa265712 - - default default] Successfully bumped revision number for resource a6a2f8e7-0fb1-462a-8b26-9469775903e0 (type: security_group_rules) to 0
2026-09-01 05:11:15.227 10 WARNING neutron.scheduler.dhcp_agent_scheduler [None req-7b7a3bec-c4db-44dc-a8b6-92f82627abcb 8ad9aab73c12418abd910ae8bc1eab11 a6b20ccb1c2142d08f4730fd6572ef99 - - default default] No more DHCP agents
2026-09-01 05:11:15.228 9 INFO neutron.wsgi [None req-89fbe1f8-ade3-4ec3-8e65-0461b52d80a4 20f45880a3d641df9aaeabe63f6015fe fdde9091cbea44ae8558bb37fa265712 - - default default] 10.0.0.149 "GET /v2.0/subnets HTTP/1.1" status: 200 len: 6447 time: 0.0325315
2026-09-01 05:11:15.229 10 WARNING neutron.api.rpc.agentnotifiers.dhcp_rpc_agent_api [None req-7b7a3bec-c4db-44dc-a8b6-92f82627abcb 8ad9aab73c12418abd910ae8bc1eab11 a6b20ccb1c2142d08f4730fd6572ef99 - - default default] Unable to schedule network b1773b97-e68c-46ce-8d84-d640517fe396: no agents available; will retry on subsequent port and subnet creation events.
2026-09-01 05:11:15.247 9 INFO neutron.db.ovn_revision_numbers_db [None req-439660be-a7d0-4681-8b91-0069158adf2c 20f45880a3d641df9aaeabe63f6015fe fdde9091cbea44ae8558bb37fa265712 - - default default] Successfully bumped revision number for resource e25f0c38-2695-46d9-bbf3-0a7526596e43 (type: security_group_rules) to 0
2026-09-01 05:11:15.252 10 INFO neutron.wsgi [req-fbb5d440-1d98-4360-a25a-338bc9657b43 req-34b82aa1-fff4-454e-9918-d2f27a965f13 0568ba353edf431bb4df1eb291ec363a 5538a1eea2c1451388551514fdf16ac3 - - c01138d4964944efb48f4cf40c282d0c c01138d4964944efb48f4cf40c282d0c] 162.253.55.243 "GET /v2.0/subnets?id=333b4769-2cbe-401f-88c6-17fa01dcd708 HTTP/1.1" status: 200 len: 865 time: 0.0422506
2026-09-01 05:11:15.269 9 INFO neutron.wsgi [None req-439660be-a7d0-4681-8b91-0069158adf2c 20f45880a3d641df9aaeabe63f6015fe fdde9091cbea44ae8558bb37fa265712 - - default default] 10.0.0.181 "GET /v2.0/security-groups?tenant_id=032f94565ff3422da131f88e065921fe&name=default HTTP/1.1" status: 200 len: 2996 time: 0.2566004
2026-09-01 05:11:15.274 9 INFO neutron.wsgi [None req-1b7ba26a-f02d-4a13-bda8-90c80412bd56 20f45880a3d641df9aaeabe63f6015fe fdde9091cbea44ae8558bb37fa265712 - - default default] 10.0.0.149 "GET /v2.0/subnets HTTP/1.1" status: 200 len: 6447 time: 0.0429568
2026-09-01 05:11:15.282 10 INFO neutron.wsgi [req-fbb5d440-1d98-4360-a25a-338bc9657b43 req-f66c0a52-9d57-41f0-b0da-7ec0c18e97bb 0568ba353edf431bb4df1eb291ec363a 5538a1eea2c1451388551514fdf16ac3 - - c01138d4964944efb48f4cf40c282d0c c01138d4964944efb48f4cf40c282d0c] 162.253.55.243 "GET /v2.0/ports?network_id=f5a8bb06-f5b1-4eb1-8ab0-cf9f6430dbbd&device_owner=network%3Adhcp HTTP/1.1" status: 200 len: 210 time: 0.0255661
2026-09-01 05:11:15.288 9 INFO neutron.wsgi [None req-14e1ee37-66e2-4fb0-9585-60feba0ef07e 20f45880a3d641df9aaeabe63f6015fe fdde9091cbea44ae8558bb37fa265712 - - default default] 10.0.0.149 "GET /v2.0/subnetpools HTTP/1.1" status: 200 len: 193 time: 0.0092075
2026-09-01 05:11:15.324 9 INFO neutron.wsgi [None req-e53dc624-4cd5-4015-9b6f-120b69e333f4 20f45880a3d641df9aaeabe63f6015fe fdde9091cbea44ae8558bb37fa265712 - - default default] 10.0.0.149 "GET /v2.0/floatingips HTTP/1.1" status: 200 len: 1879 time: 0.0339725
2026-09-01 05:11:15.358 10 INFO neutron.wsgi [req-fbb5d440-1d98-4360-a25a-338bc9657b43 req-5a946504-fcde-44e6-a156-1b7832efc8ab 0568ba353edf431bb4df1eb291ec363a 5538a1eea2c1451388551514fdf16ac3 - - c01138d4964944efb48f4cf40c282d0c c01138d4964944efb48f4cf40c282d0c] 162.253.55.243 "GET /v2.0/networks/f5a8bb06-f5b1-4eb1-8ab0-cf9f6430dbbd?fields=segments HTTP/1.1" status: 200 len: 212 time: 0.0716472
2026-09-01 05:11:15.441 10 INFO neutron.wsgi [req-fbb5d440-1d98-4360-a25a-338bc9657b43 req-dc540dde-f38e-41c2-94cd-0472f49e329e 0568ba353edf431bb4df1eb291ec363a 5538a1eea2c1451388551514fdf16ac3 - - c01138d4964944efb48f4cf40c282d0c c01138d4964944efb48f4cf40c282d0c] 162.253.55.243 "GET /v2.0/networks/f5a8bb06-f5b1-4eb1-8ab0-cf9f6430dbbd?fields=provider%3Aphysical_network&fields=provider%3Anetwork_type HTTP/1.1" status: 200 len: 277 time: 0.0786915
2026-09-01 05:11:15.457 9 INFO neutron.wsgi [None req-3aa93c1d-2629-4d1a-8588-f375e64f34ae 20f45880a3d641df9aaeabe63f6015fe fdde9091cbea44ae8558bb37fa265712 - - default default] 10.0.0.181 "DELETE /v2.0/security-groups/d3e96963-c7ba-4a2f-b374-33e36f011df9 HTTP/1.1" status: 204 len: 168 time: 0.1821091
2026-09-01 05:11:15.728 10 INFO neutron.db.ovn_revision_numbers_db [None req-7b7a3bec-c4db-44dc-a8b6-92f82627abcb 8ad9aab73c12418abd910ae8bc1eab11 a6b20ccb1c2142d08f4730fd6572ef99 - - default default] Successfully bumped revision number for resource d9662ee7-d970-47f2-a4be-67a2e2d693e3 (type: ports) to 2
2026-09-01 05:11:15.762 10 INFO neutron.db.ovn_revision_numbers_db [None req-7b7a3bec-c4db-44dc-a8b6-92f82627abcb 8ad9aab73c12418abd910ae8bc1eab11 a6b20ccb1c2142d08f4730fd6572ef99 - - default default] Successfully bumped revision number for resource 276e630c-4a49-4862-a478-22480077b56e (type: subnets) to 0
2026-09-01 05:11:15.781 10 INFO neutron.wsgi [None req-7b7a3bec-c4db-44dc-a8b6-92f82627abcb 8ad9aab73c12418abd910ae8bc1eab11 a6b20ccb1c2142d08f4730fd6572ef99 - - default default] 10.0.0.181 "POST /v2.0/subnets HTTP/1.1" status: 201 len: 804 time: 0.8895085
2026-09-01 05:11:15.840 10 INFO neutron.wsgi [None req-89a7cf5e-00f1-4c2c-861d-84f11f0cc80f 8ad9aab73c12418abd910ae8bc1eab11 a6b20ccb1c2142d08f4730fd6572ef99 - - default default] 10.0.0.181 "PUT /v2.0/subnets/342a59a9-4f85-4060-a55e-05db7ca6456c/tags HTTP/1.1" status: 200 len: 210 time: 0.0544753
2026-09-01 05:11:15.884 10 INFO neutron.wsgi [None req-05b0b15b-2537-452b-a3bb-6df65f5304b0 8ad9aab73c12418abd910ae8bc1eab11 a6b20ccb1c2142d08f4730fd6572ef99 - - default default] 10.0.0.181 "PUT /v2.0/subnets/e79d546f-9f2a-4fca-b1d0-b77b242f1949/tags HTTP/1.1" status: 200 len: 218 time: 0.0403969
2026-09-01 05:11:15.975 9 INFO neutron.wsgi [None req-68a6d562-d032-4ee3-a1f1-ddc4e09a2c68 8ad9aab73c12418abd910ae8bc1eab11 a6b20ccb1c2142d08f4730fd6572ef99 - - default default] 10.0.0.181 "PUT /v2.0/subnets/65ee82b1-d228-4d9b-a9a5-e4681dcbab32/tags HTTP/1.1" status: 200 len: 227 time: 0.0884082
2026-09-01 05:11:16.022 9 INFO neutron.wsgi [None req-0ef2814b-863e-49eb-9a73-10f15ab62821 8ad9aab73c12418abd910ae8bc1eab11 a6b20ccb1c2142d08f4730fd6572ef99 - - default default] 10.0.0.181 "PUT /v2.0/subnets/8d07050d-71ea-421d-9c1e-3841efc63256/tags HTTP/1.1" status: 200 len: 212 time: 0.0427592
2026-09-01 05:11:16.085 9 INFO neutron.wsgi [None req-e5da09e0-70c3-43c1-875f-e0ef61579697 8ad9aab73c12418abd910ae8bc1eab11 a6b20ccb1c2142d08f4730fd6572ef99 - - default default] 10.0.0.181 "GET /v2.0/subnets?tags=red HTTP/1.1" status: 200 len: 2027 time: 0.0580280
2026-09-01 05:11:16.134 9 INFO neutron.wsgi [None req-6a0dc333-f0cb-456a-8975-c6ad0d9f2c15 8ad9aab73c12418abd910ae8bc1eab11 a6b20ccb1c2142d08f4730fd6572ef99 - - default default] 10.0.0.181 "GET /v2.0/subnets?tags=red%2Cblue HTTP/1.1" status: 200 len: 1430 time: 0.0428672
2026-09-01 05:11:16.187 9 INFO neutron.wsgi [None req-e1beec8c-e1f3-4be7-971f-639f1f4af674 8ad9aab73c12418abd910ae8bc1eab11 a6b20ccb1c2142d08f4730fd6572ef99 - - default default] 10.0.0.181 "GET /v2.0/subnets?tags-any=blue HTTP/1.1" status: 200 len: 1430 time: 0.0460365
2026-09-01 05:11:16.224 9 INFO neutron.wsgi [None req-70c9d719-adf9-4a85-89ad-6418c3b6631a 8ad9aab73c12418abd910ae8bc1eab11 a6b20ccb1c2142d08f4730fd6572ef99 - - default default] 10.0.0.181 "GET /v2.0/subnets?tags-any=red%2Cblue HTTP/1.1" status: 200 len: 2027 time: 0.0340142
2026-09-01 05:11:16.299 9 INFO neutron.wsgi [None req-88eb3bbb-d8a9-4c40-8d06-a84f2434c3bf 8ad9aab73c12418abd910ae8bc1eab11 a6b20ccb1c2142d08f4730fd6572ef99 - - default default] 10.0.0.181 "GET /v2.0/subnets?not-tags=red HTTP/1.1" status: 200 len: 2018 time: 0.0716264
2026-09-01 05:11:16.353 9 INFO neutron.wsgi [None req-2526625a-b28c-4a02-8b1c-5ce14cd437f7 8ad9aab73c12418abd910ae8bc1eab11 a6b20ccb1c2142d08f4730fd6572ef99 - - default default] 10.0.0.181 "GET /v2.0/subnets?not-tags=red%2Cblue HTTP/1.1" status: 200 len: 2615 time: 0.0497608
2026-09-01 05:11:16.406 9 INFO neutron.wsgi [None req-dac8cf32-3d6a-44f2-b82b-e1caf24df651 8ad9aab73c12418abd910ae8bc1eab11 a6b20ccb1c2142d08f4730fd6572ef99 - - default default] 10.0.0.181 "GET /v2.0/subnets?not-tags-any=blue HTTP/1.1" status: 200 len: 2615 time: 0.0502985
2026-09-01 05:11:16.647 9 INFO neutron.wsgi [None req-e44272da-0a37-4ec6-9eed-a0857afe8182 8ad9aab73c12418abd910ae8bc1eab11 a6b20ccb1c2142d08f4730fd6572ef99 - - default default] 10.0.0.181 "GET /v2.0/subnets?not-tags-any=red%2Cblue HTTP/1.1" status: 200 len: 2018 time: 0.2368438
2026-09-01 05:11:16.919 9 INFO neutron.wsgi [None req-0d24c891-3615-44c2-bdd8-c9366267da7b 8ad9aab73c12418abd910ae8bc1eab11 a6b20ccb1c2142d08f4730fd6572ef99 - - default default] 10.0.0.181 "DELETE /v2.0/subnets/342a59a9-4f85-4060-a55e-05db7ca6456c HTTP/1.1" status: 204 len: 168 time: 0.2645054
2026-09-01 05:11:17.134 9 INFO neutron.wsgi [None req-a4f4ad0c-3f17-4966-b94b-0b052f18aae6 8ad9aab73c12418abd910ae8bc1eab11 a6b20ccb1c2142d08f4730fd6572ef99 - - default default] 10.0.0.181 "DELETE /v2.0/subnets/e79d546f-9f2a-4fca-b1d0-b77b242f1949 HTTP/1.1" status: 204 len: 168 time: 0.2123318
2026-09-01 05:11:17.352 9 INFO neutron.plugins.ml2.drivers.ovn.mech_driver.mech_driver [None req-6452699a-3ba3-46ae-a8c0-ee12f844254f - - - - - -] OVN reports status down for port: 9a88a1c7-2692-4523-a767-9cfe2075f80f
2026-09-01 05:11:17.374 9 INFO neutron.wsgi [None req-04ec6098-4719-48e9-9f07-a89b93588707 8ad9aab73c12418abd910ae8bc1eab11 a6b20ccb1c2142d08f4730fd6572ef99 - - default default] 10.0.0.181 "DELETE /v2.0/subnets/65ee82b1-d228-4d9b-a9a5-e4681dcbab32 HTTP/1.1" status: 204 len: 168 time: 0.2269590
2026-09-01 05:11:17.485 10 INFO neutron.wsgi [req-2b95418d-5d73-47f9-ac80-d99573cc3941 req-d23a10a9-059b-4cf8-b50b-80764d2c3d58 ccd8b092ab33418587ea1819e90fb733 785b1f463e9c4bf68163b8d65008e6b2 - - default default] 10.0.0.14 "GET /v2.0/ports?device_id=0d8f963f-be53-44cd-87af-7706514738be HTTP/1.1" status: 200 len: 1170 time: 0.1568270
2026-09-01 05:11:17.495 9 INFO neutron.notifiers.nova [-] Nova event matching ['req-d1fe4b75-3287-4b7a-8dea-8e6bfcf3352c'] response: {'server_uuid': '0d8f963f-be53-44cd-87af-7706514738be', 'name': 'network-vif-unplugged', 'status': 'completed', 'tag': '9a88a1c7-2692-4523-a767-9cfe2075f80f', 'code': 200}
2026-09-01 05:11:17.584 10 INFO neutron.wsgi [req-2b95418d-5d73-47f9-ac80-d99573cc3941 req-4de0c836-1e7c-4ca8-b022-fdd2c7f81cc3 ccd8b092ab33418587ea1819e90fb733 785b1f463e9c4bf68163b8d65008e6b2 - - default default] 10.0.0.14 "GET /v2.0/security-groups?id=e60aa52e-b89b-418e-85d6-925b30192eec&fields=id&fields=name HTTP/1.1" status: 200 len: 312 time: 0.0786488
2026-09-01 05:11:17.652 10 INFO neutron.wsgi [req-0a80ca88-dbba-4cb8-8c24-82821dd20089 req-df430ac6-b1e3-4d3f-8ffb-ef409ceaebb8 ccd8b092ab33418587ea1819e90fb733 785b1f463e9c4bf68163b8d65008e6b2 - - default default] 162.253.55.243 "GET /v2.0/ports?device_id=0d8f963f-be53-44cd-87af-7706514738be HTTP/1.1" status: 200 len: 1168 time: 0.0367002
2026-09-01 05:11:17.660 9 INFO neutron.db.ovn_revision_numbers_db [None req-6452699a-3ba3-46ae-a8c0-ee12f844254f - - - - - -] Successfully bumped revision number for resource 9a88a1c7-2692-4523-a767-9cfe2075f80f (type: ports) to 5
2026-09-01 05:11:17.692 10 INFO neutron.wsgi [None req-cabb542c-bb04-4035-8647-c0891afbe120 8ad9aab73c12418abd910ae8bc1eab11 a6b20ccb1c2142d08f4730fd6572ef99 - - default default] 10.0.0.181 "DELETE /v2.0/subnets/8d07050d-71ea-421d-9c1e-3841efc63256 HTTP/1.1" status: 204 len: 168 time: 0.3093867 /var/lib/openstack/lib/python3.10/site-packages/pycadf/identifier.py:71: UserWarning: Invalid uuid: neutron. To ensure interoperability, identifiers should be a valid uuid. warnings.warn(('Invalid uuid: %s. To ensure interoperability, '
2026-09-01 05:11:17.846 9 INFO neutron.wsgi [None req-6d5f99b1-450c-4aa8-b7b0-3033078b8e35 8ad9aab73c12418abd910ae8bc1eab11 a6b20ccb1c2142d08f4730fd6572ef99 - - default default] 10.0.0.181 "DELETE /v2.0/subnets/276e630c-4a49-4862-a478-22480077b56e HTTP/1.1" status: 204 len: 168 time: 0.1483233
2026-09-01 05:11:18.083 10 INFO neutron.db.l3_db [req-0a80ca88-dbba-4cb8-8c24-82821dd20089 req-d43406ee-464a-4267-a29b-a6dbd91540c9 ccd8b092ab33418587ea1819e90fb733 785b1f463e9c4bf68163b8d65008e6b2 - - default default] Floating IP 2ab01313-823c-4733-9a87-6f8825e550c4 disassociated. External IP: 10.96.250.209, port: 9a88a1c7-2692-4523-a767-9cfe2075f80f.
