Jul 18 22:25:38.554105 np0000185855 systemd[1]: Starting devstack@n-api-meta.service - Devstack devstack@n-api-meta.service...
Jul 18 22:25:38.564320 np0000185855 devstack@n-api-meta.service[106946]: [uWSGI] getting INI configuration from /etc/nova/nova-metadata-uwsgi.ini
Jul 18 22:25:38.568012 np0000185855 devstack@n-api-meta.service[106946]: *** Starting uWSGI 2.0.24-debian (64bit) on [Sat Jul 18 22:25:38 2026] ***
Jul 18 22:25:38.568012 np0000185855 devstack@n-api-meta.service[106946]: compiled with version: 13.2.0 on 17 April 2024 16:23:48
Jul 18 22:25:38.568012 np0000185855 devstack@n-api-meta.service[106946]: os: Linux-6.8.0-134-generic #134-Ubuntu SMP PREEMPT_DYNAMIC Fri Jun 26 18:43:11 UTC 2026
Jul 18 22:25:38.568012 np0000185855 devstack@n-api-meta.service[106946]: nodename: np0000185855
Jul 18 22:25:38.568012 np0000185855 devstack@n-api-meta.service[106946]: machine: x86_64
Jul 18 22:25:38.568012 np0000185855 devstack@n-api-meta.service[106946]: clock source: unix
Jul 18 22:25:38.568012 np0000185855 devstack@n-api-meta.service[106946]: pcre jit disabled
Jul 18 22:25:38.568012 np0000185855 devstack@n-api-meta.service[106946]: detected number of CPU cores: 16
Jul 18 22:25:38.568012 np0000185855 devstack@n-api-meta.service[106946]: current working directory: /
Jul 18 22:25:38.568012 np0000185855 devstack@n-api-meta.service[106946]: detected binary path: /usr/bin/uwsgi-core
Jul 18 22:25:38.568012 np0000185855 devstack@n-api-meta.service[106946]: your processes number limit is 256916
Jul 18 22:25:38.568012 np0000185855 devstack@n-api-meta.service[106946]: your memory page size is 4096 bytes
Jul 18 22:25:38.568012 np0000185855 devstack@n-api-meta.service[106946]: detected max file descriptor number: 2048
Jul 18 22:25:38.568012 np0000185855 devstack@n-api-meta.service[106946]: lock engine: pthread robust mutexes
Jul 18 22:25:38.568964 np0000185855 devstack@n-api-meta.service[106946]: thunder lock: enabled
Jul 18 22:25:38.568964 np0000185855 devstack@n-api-meta.service[106946]: uWSGI http bound on 0.0.0.0:8775 fd 5
Jul 18 22:25:38.568964 np0000185855 devstack@n-api-meta.service[106946]: uwsgi socket 0 bound to TCP address 127.0.0.1:36675 (port auto-assigned) fd 4
Jul 18 22:25:38.568964 np0000185855 devstack@n-api-meta.service[106946]: Python version: 3.12.3 (main, Jun 19 2026, 12:46:00) [GCC 13.3.0]
Jul 18 22:25:38.568964 np0000185855 devstack@n-api-meta.service[106946]: PEP 405 virtualenv detected: /opt/stack/data/venv
Jul 18 22:25:38.568964 np0000185855 devstack@n-api-meta.service[106946]: Set PythonHome to /opt/stack/data/venv
Jul 18 22:25:38.606928 np0000185855 devstack@n-api-meta.service[106946]: Python main interpreter initialized at 0x7134fc0a4668
Jul 18 22:25:38.606928 np0000185855 devstack@n-api-meta.service[106946]: python threads support enabled
Jul 18 22:25:38.606928 np0000185855 devstack@n-api-meta.service[106946]: your server socket listen backlog is limited to 100 connections
Jul 18 22:25:38.606928 np0000185855 devstack@n-api-meta.service[106946]: your mercy for graceful operations on workers is 80 seconds
Jul 18 22:25:38.607443 np0000185855 devstack@n-api-meta.service[106946]: mapped 671795 bytes (656 KB) for 4 cores
Jul 18 22:25:38.607662 np0000185855 devstack@n-api-meta.service[106946]: *** Operational MODE: preforking ***
Jul 18 22:25:38.607812 np0000185855 devstack@n-api-meta.service[106946]: *** uWSGI is running in multiple interpreter mode ***
Jul 18 22:25:38.607812 np0000185855 devstack@n-api-meta.service[106946]: spawned uWSGI master process (pid: 106946)
Jul 18 22:25:38.607956 np0000185855 systemd[1]: Started devstack@n-api-meta.service - Devstack devstack@n-api-meta.service.
Jul 18 22:25:38.608650 np0000185855 devstack@n-api-meta.service[106946]: spawned uWSGI worker 1 (pid: 106947, cores: 1)
Jul 18 22:25:38.609471 np0000185855 devstack@n-api-meta.service[106946]: spawned uWSGI worker 2 (pid: 106948, cores: 1)
Jul 18 22:25:38.609951 np0000185855 devstack@n-api-meta.service[106946]: spawned uWSGI worker 3 (pid: 106949, cores: 1)
Jul 18 22:25:38.610423 np0000185855 devstack@n-api-meta.service[106946]: spawned uWSGI worker 4 (pid: 106950, cores: 1)
Jul 18 22:25:38.610994 np0000185855 devstack@n-api-meta.service[106946]: spawned uWSGI http 1 (pid: 106951)
Jul 18 22:25:38.610994 np0000185855 devstack@n-api-meta.service[106946]: running "unix_signal:15 gracefully_kill_them_all" (master-start)...
Jul 18 22:25:40.239536 np0000185855 devstack@n-api-meta.service[106948]: INFO dbcounter [None req-1b8c1075-1682-4938-9876-b48eca50c466 None None] Registered counter for database nova_api
Jul 18 22:25:40.285468 np0000185855 devstack@n-api-meta.service[106948]: DEBUG oslo_db.sqlalchemy.engines [None req-1b8c1075-1682-4938-9876-b48eca50c466 None None] MySQL server mode set to STRICT_TRANS_TABLES,STRICT_ALL_TABLES,NO_ZERO_IN_DATE,NO_ZERO_DATE,ERROR_FOR_DIVISION_BY_ZERO,TRADITIONAL,NO_ENGINE_SUBSTITUTION {{(pid=106948) _check_effective_sql_mode /opt/stack/data/venv/lib/python3.12/site-packages/oslo_db/sqlalchemy/engines.py:325}}
Jul 18 22:25:40.292236 np0000185855 devstack@n-api-meta.service[106949]: INFO dbcounter [None req-224613c1-ca51-4583-86de-e6e74abc8a46 None None] Registered counter for database nova_api
Jul 18 22:25:40.302133 np0000185855 devstack@n-api-meta.service[106947]: INFO dbcounter [None req-a78a5444-2d58-4ea3-bc71-ad253bdbaf7a None None] Registered counter for database nova_api
Jul 18 22:25:40.320444 np0000185855 devstack@n-api-meta.service[106948]: DEBUG dbcounter [-] [106948] Writer thread running {{(pid=106948) stat_writer /opt/stack/data/venv/lib/python3.12/site-packages/dbcounter.py:102}}
Jul 18 22:25:40.326029 np0000185855 devstack@n-api-meta.service[106948]: DEBUG nova.context [None req-1b8c1075-1682-4938-9876-b48eca50c466 None None] Found 2 cells: 00000000-0000-0000-0000-000000000000(cell0),76898648-4afb-4991-b1db-5a93c56c3e95(cell1) {{(pid=106948) load_cells /opt/stack/nova/nova/context.py:509}}
Jul 18 22:25:40.326477 np0000185855 devstack@n-api-meta.service[106948]: INFO nova.utils [None req-1b8c1075-1682-4938-9876-b48eca50c466 None None] The cell worker thread pool MainProcess.cell_worker is initialized
Jul 18 22:25:40.330122 np0000185855 devstack@n-api-meta.service[106948]: DEBUG oslo_concurrency.lockutils [None req-1b8c1075-1682-4938-9876-b48eca50c466 None None] Acquiring lock "00000000-0000-0000-0000-000000000000" by "nova.context.set_target_cell..get_or_set_cached_cell_and_set_connections" {{(pid=106948) inner /opt/stack/data/venv/lib/python3.12/site-packages/oslo_concurrency/lockutils.py:512}}
Jul 18 22:25:40.330122 np0000185855 devstack@n-api-meta.service[106948]: DEBUG oslo_concurrency.lockutils [None req-1b8c1075-1682-4938-9876-b48eca50c466 None None] Lock "00000000-0000-0000-0000-000000000000" acquired by "nova.context.set_target_cell..get_or_set_cached_cell_and_set_connections" :: waited 0.000s {{(pid=106948) inner /opt/stack/data/venv/lib/python3.12/site-packages/oslo_concurrency/lockutils.py:525}}
Jul 18 22:25:40.330122 np0000185855 devstack@n-api-meta.service[106948]: DEBUG oslo_concurrency.lockutils [None req-1b8c1075-1682-4938-9876-b48eca50c466 None None] Lock "00000000-0000-0000-0000-000000000000" "released" by "nova.context.set_target_cell..get_or_set_cached_cell_and_set_connections" :: held 0.001s {{(pid=106948) inner /opt/stack/data/venv/lib/python3.12/site-packages/oslo_concurrency/lockutils.py:544}}
Jul 18 22:25:40.331019 np0000185855 devstack@n-api-meta.service[106948]: DEBUG oslo_concurrency.lockutils [None req-1b8c1075-1682-4938-9876-b48eca50c466 None None] Acquiring lock "76898648-4afb-4991-b1db-5a93c56c3e95" by "nova.context.set_target_cell..get_or_set_cached_cell_and_set_connections" {{(pid=106948) inner /opt/stack/data/venv/lib/python3.12/site-packages/oslo_concurrency/lockutils.py:512}}
Jul 18 22:25:40.331204 np0000185855 devstack@n-api-meta.service[106948]: DEBUG oslo_concurrency.lockutils [None req-1b8c1075-1682-4938-9876-b48eca50c466 None None] Lock "76898648-4afb-4991-b1db-5a93c56c3e95" acquired by "nova.context.set_target_cell..get_or_set_cached_cell_and_set_connections" :: waited 0.000s {{(pid=106948) inner /opt/stack/data/venv/lib/python3.12/site-packages/oslo_concurrency/lockutils.py:525}}
Jul 18 22:25:40.332339 np0000185855 devstack@n-api-meta.service[106948]: DEBUG oslo_concurrency.lockutils [None req-1b8c1075-1682-4938-9876-b48eca50c466 None None] Lock "76898648-4afb-4991-b1db-5a93c56c3e95" "released" by "nova.context.set_target_cell..get_or_set_cached_cell_and_set_connections" :: held 0.001s {{(pid=106948) inner /opt/stack/data/venv/lib/python3.12/site-packages/oslo_concurrency/lockutils.py:544}}
Jul 18 22:25:40.335692 np0000185855 devstack@n-api-meta.service[106948]: INFO dbcounter [None req-1b8c1075-1682-4938-9876-b48eca50c466 None None] Registered counter for database nova_cell0
Jul 18 22:25:40.341895 np0000185855 devstack@n-api-meta.service[106948]: INFO dbcounter [None req-1b8c1075-1682-4938-9876-b48eca50c466 None None] Registered counter for database nova_cell1
Jul 18 22:25:40.346672 np0000185855 devstack@n-api-meta.service[106949]: DEBUG oslo_db.sqlalchemy.engines [None req-224613c1-ca51-4583-86de-e6e74abc8a46 None None] MySQL server mode set to STRICT_TRANS_TABLES,STRICT_ALL_TABLES,NO_ZERO_IN_DATE,NO_ZERO_DATE,ERROR_FOR_DIVISION_BY_ZERO,TRADITIONAL,NO_ENGINE_SUBSTITUTION {{(pid=106949) _check_effective_sql_mode /opt/stack/data/venv/lib/python3.12/site-packages/oslo_db/sqlalchemy/engines.py:325}}
Jul 18 22:25:40.352068 np0000185855 devstack@n-api-meta.service[106947]: DEBUG oslo_db.sqlalchemy.engines [None req-a78a5444-2d58-4ea3-bc71-ad253bdbaf7a None None] MySQL server mode set to STRICT_TRANS_TABLES,STRICT_ALL_TABLES,NO_ZERO_IN_DATE,NO_ZERO_DATE,ERROR_FOR_DIVISION_BY_ZERO,TRADITIONAL,NO_ENGINE_SUBSTITUTION {{(pid=106947) _check_effective_sql_mode /opt/stack/data/venv/lib/python3.12/site-packages/oslo_db/sqlalchemy/engines.py:325}}
Jul 18 22:25:40.354352 np0000185855 devstack@n-api-meta.service[106950]: INFO dbcounter [None req-091ef1e6-dce6-4990-853b-2acff3083b64 None None] Registered counter for database nova_api
Jul 18 22:25:40.382947 np0000185855 devstack@n-api-meta.service[106949]: DEBUG dbcounter [-] [106949] Writer thread running {{(pid=106949) stat_writer /opt/stack/data/venv/lib/python3.12/site-packages/dbcounter.py:102}}
Jul 18 22:25:40.385478 np0000185855 devstack@n-api-meta.service[106949]: DEBUG nova.context [None req-224613c1-ca51-4583-86de-e6e74abc8a46 None None] Found 2 cells: 00000000-0000-0000-0000-000000000000(cell0),76898648-4afb-4991-b1db-5a93c56c3e95(cell1) {{(pid=106949) load_cells /opt/stack/nova/nova/context.py:509}}
Jul 18 22:25:40.385721 np0000185855 devstack@n-api-meta.service[106949]: INFO nova.utils [None req-224613c1-ca51-4583-86de-e6e74abc8a46 None None] The cell worker thread pool MainProcess.cell_worker is initialized
Jul 18 22:25:40.387243 np0000185855 devstack@n-api-meta.service[106947]: DEBUG dbcounter [-] [106947] Writer thread running {{(pid=106947) stat_writer /opt/stack/data/venv/lib/python3.12/site-packages/dbcounter.py:102}}
Jul 18 22:25:40.387472 np0000185855 devstack@n-api-meta.service[106949]: DEBUG oslo_concurrency.lockutils [None req-224613c1-ca51-4583-86de-e6e74abc8a46 None None] Acquiring lock "00000000-0000-0000-0000-000000000000" by "nova.context.set_target_cell..get_or_set_cached_cell_and_set_connections" {{(pid=106949) inner /opt/stack/data/venv/lib/python3.12/site-packages/oslo_concurrency/lockutils.py:512}}
Jul 18 22:25:40.387664 np0000185855 devstack@n-api-meta.service[106949]: DEBUG oslo_concurrency.lockutils [None req-224613c1-ca51-4583-86de-e6e74abc8a46 None None] Lock "00000000-0000-0000-0000-000000000000" acquired by "nova.context.set_target_cell..get_or_set_cached_cell_and_set_connections" :: waited 0.000s {{(pid=106949) inner /opt/stack/data/venv/lib/python3.12/site-packages/oslo_concurrency/lockutils.py:525}}
Jul 18 22:25:40.388080 np0000185855 devstack@n-api-meta.service[106949]: DEBUG oslo_concurrency.lockutils [None req-224613c1-ca51-4583-86de-e6e74abc8a46 None None] Lock "00000000-0000-0000-0000-000000000000" "released" by "nova.context.set_target_cell..get_or_set_cached_cell_and_set_connections" :: held 0.000s {{(pid=106949) inner /opt/stack/data/venv/lib/python3.12/site-packages/oslo_concurrency/lockutils.py:544}}
Jul 18 22:25:40.388842 np0000185855 devstack@n-api-meta.service[106949]: DEBUG oslo_concurrency.lockutils [None req-224613c1-ca51-4583-86de-e6e74abc8a46 None None] Acquiring lock "76898648-4afb-4991-b1db-5a93c56c3e95" by "nova.context.set_target_cell..get_or_set_cached_cell_and_set_connections" {{(pid=106949) inner /opt/stack/data/venv/lib/python3.12/site-packages/oslo_concurrency/lockutils.py:512}}
Jul 18 22:25:40.388984 np0000185855 devstack@n-api-meta.service[106949]: DEBUG oslo_concurrency.lockutils [None req-224613c1-ca51-4583-86de-e6e74abc8a46 None None] Lock "76898648-4afb-4991-b1db-5a93c56c3e95" acquired by "nova.context.set_target_cell..get_or_set_cached_cell_and_set_connections" :: waited 0.000s {{(pid=106949) inner /opt/stack/data/venv/lib/python3.12/site-packages/oslo_concurrency/lockutils.py:525}}
Jul 18 22:25:40.389814 np0000185855 devstack@n-api-meta.service[106949]: DEBUG oslo_concurrency.lockutils [None req-224613c1-ca51-4583-86de-e6e74abc8a46 None None] Lock "76898648-4afb-4991-b1db-5a93c56c3e95" "released" by "nova.context.set_target_cell..get_or_set_cached_cell_and_set_connections" :: held 0.001s {{(pid=106949) inner /opt/stack/data/venv/lib/python3.12/site-packages/oslo_concurrency/lockutils.py:544}}
Jul 18 22:25:40.389895 np0000185855 devstack@n-api-meta.service[106947]: DEBUG nova.context [None req-a78a5444-2d58-4ea3-bc71-ad253bdbaf7a None None] Found 2 cells: 00000000-0000-0000-0000-000000000000(cell0),76898648-4afb-4991-b1db-5a93c56c3e95(cell1) {{(pid=106947) load_cells /opt/stack/nova/nova/context.py:509}}
Jul 18 22:25:40.390105 np0000185855 devstack@n-api-meta.service[106947]: INFO nova.utils [None req-a78a5444-2d58-4ea3-bc71-ad253bdbaf7a None None] The cell worker thread pool MainProcess.cell_worker is initialized
Jul 18 22:25:40.393594 np0000185855 devstack@n-api-meta.service[106947]: DEBUG oslo_concurrency.lockutils [None req-a78a5444-2d58-4ea3-bc71-ad253bdbaf7a None None] Acquiring lock "00000000-0000-0000-0000-000000000000" by "nova.context.set_target_cell..get_or_set_cached_cell_and_set_connections" {{(pid=106947) inner /opt/stack/data/venv/lib/python3.12/site-packages/oslo_concurrency/lockutils.py:512}}
Jul 18 22:25:40.393594 np0000185855 devstack@n-api-meta.service[106947]: DEBUG oslo_concurrency.lockutils [None req-a78a5444-2d58-4ea3-bc71-ad253bdbaf7a None None] Lock "00000000-0000-0000-0000-000000000000" acquired by "nova.context.set_target_cell..get_or_set_cached_cell_and_set_connections" :: waited 0.000s {{(pid=106947) inner /opt/stack/data/venv/lib/python3.12/site-packages/oslo_concurrency/lockutils.py:525}}
Jul 18 22:25:40.393594 np0000185855 devstack@n-api-meta.service[106947]: DEBUG oslo_concurrency.lockutils [None req-a78a5444-2d58-4ea3-bc71-ad253bdbaf7a None None] Lock "00000000-0000-0000-0000-000000000000" "released" by "nova.context.set_target_cell..get_or_set_cached_cell_and_set_connections" :: held 0.000s {{(pid=106947) inner /opt/stack/data/venv/lib/python3.12/site-packages/oslo_concurrency/lockutils.py:544}}
Jul 18 22:25:40.393771 np0000185855 devstack@n-api-meta.service[106949]: INFO dbcounter [None req-224613c1-ca51-4583-86de-e6e74abc8a46 None None] Registered counter for database nova_cell0
Jul 18 22:25:40.393824 np0000185855 devstack@n-api-meta.service[106947]: DEBUG oslo_concurrency.lockutils [None req-a78a5444-2d58-4ea3-bc71-ad253bdbaf7a None None] Acquiring lock "76898648-4afb-4991-b1db-5a93c56c3e95" by "nova.context.set_target_cell..get_or_set_cached_cell_and_set_connections" {{(pid=106947) inner /opt/stack/data/venv/lib/python3.12/site-packages/oslo_concurrency/lockutils.py:512}}
Jul 18 22:25:40.393824 np0000185855 devstack@n-api-meta.service[106947]: DEBUG oslo_concurrency.lockutils [None req-a78a5444-2d58-4ea3-bc71-ad253bdbaf7a None None] Lock "76898648-4afb-4991-b1db-5a93c56c3e95" acquired by "nova.context.set_target_cell..get_or_set_cached_cell_and_set_connections" :: waited 0.000s {{(pid=106947) inner /opt/stack/data/venv/lib/python3.12/site-packages/oslo_concurrency/lockutils.py:525}}
Jul 18 22:25:40.394088 np0000185855 devstack@n-api-meta.service[106947]: DEBUG oslo_concurrency.lockutils [None req-a78a5444-2d58-4ea3-bc71-ad253bdbaf7a None None] Lock "76898648-4afb-4991-b1db-5a93c56c3e95" "released" by "nova.context.set_target_cell..get_or_set_cached_cell_and_set_connections" :: held 0.001s {{(pid=106947) inner /opt/stack/data/venv/lib/python3.12/site-packages/oslo_concurrency/lockutils.py:544}}
Jul 18 22:25:40.397822 np0000185855 devstack@n-api-meta.service[106947]: INFO dbcounter [None req-a78a5444-2d58-4ea3-bc71-ad253bdbaf7a None None] Registered counter for database nova_cell0
Jul 18 22:25:40.397876 np0000185855 devstack@n-api-meta.service[106949]: INFO dbcounter [None req-224613c1-ca51-4583-86de-e6e74abc8a46 None None] Registered counter for database nova_cell1
Jul 18 22:25:40.400335 np0000185855 devstack@n-api-meta.service[106948]: DEBUG oslo_db.sqlalchemy.engines [None req-1b8c1075-1682-4938-9876-b48eca50c466 None None] MySQL server mode set to STRICT_TRANS_TABLES,STRICT_ALL_TABLES,NO_ZERO_IN_DATE,NO_ZERO_DATE,ERROR_FOR_DIVISION_BY_ZERO,TRADITIONAL,NO_ENGINE_SUBSTITUTION {{(pid=106948) _check_effective_sql_mode /opt/stack/data/venv/lib/python3.12/site-packages/oslo_db/sqlalchemy/engines.py:325}}
Jul 18 22:25:40.404716 np0000185855 devstack@n-api-meta.service[106947]: INFO dbcounter [None req-a78a5444-2d58-4ea3-bc71-ad253bdbaf7a None None] Registered counter for database nova_cell1
Jul 18 22:25:40.413278 np0000185855 devstack@n-api-meta.service[106950]: DEBUG oslo_db.sqlalchemy.engines [None req-091ef1e6-dce6-4990-853b-2acff3083b64 None None] MySQL server mode set to STRICT_TRANS_TABLES,STRICT_ALL_TABLES,NO_ZERO_IN_DATE,NO_ZERO_DATE,ERROR_FOR_DIVISION_BY_ZERO,TRADITIONAL,NO_ENGINE_SUBSTITUTION {{(pid=106950) _check_effective_sql_mode /opt/stack/data/venv/lib/python3.12/site-packages/oslo_db/sqlalchemy/engines.py:325}}
Jul 18 22:25:40.415379 np0000185855 devstack@n-api-meta.service[106948]: DEBUG oslo_db.sqlalchemy.engines [None req-1b8c1075-1682-4938-9876-b48eca50c466 None None] MySQL server mode set to STRICT_TRANS_TABLES,STRICT_ALL_TABLES,NO_ZERO_IN_DATE,NO_ZERO_DATE,ERROR_FOR_DIVISION_BY_ZERO,TRADITIONAL,NO_ENGINE_SUBSTITUTION {{(pid=106948) _check_effective_sql_mode /opt/stack/data/venv/lib/python3.12/site-packages/oslo_db/sqlalchemy/engines.py:325}}
Jul 18 22:25:40.450898 np0000185855 devstack@n-api-meta.service[106949]: DEBUG oslo_db.sqlalchemy.engines [None req-224613c1-ca51-4583-86de-e6e74abc8a46 None None] MySQL server mode set to STRICT_TRANS_TABLES,STRICT_ALL_TABLES,NO_ZERO_IN_DATE,NO_ZERO_DATE,ERROR_FOR_DIVISION_BY_ZERO,TRADITIONAL,NO_ENGINE_SUBSTITUTION {{(pid=106949) _check_effective_sql_mode /opt/stack/data/venv/lib/python3.12/site-packages/oslo_db/sqlalchemy/engines.py:325}}
Jul 18 22:25:40.453113 np0000185855 devstack@n-api-meta.service[106950]: DEBUG dbcounter [-] [106950] Writer thread running {{(pid=106950) stat_writer /opt/stack/data/venv/lib/python3.12/site-packages/dbcounter.py:102}}
Jul 18 22:25:40.456004 np0000185855 devstack@n-api-meta.service[106950]: DEBUG nova.context [None req-091ef1e6-dce6-4990-853b-2acff3083b64 None None] Found 2 cells: 00000000-0000-0000-0000-000000000000(cell0),76898648-4afb-4991-b1db-5a93c56c3e95(cell1) {{(pid=106950) load_cells /opt/stack/nova/nova/context.py:509}}
Jul 18 22:25:40.456514 np0000185855 devstack@n-api-meta.service[106950]: INFO nova.utils [None req-091ef1e6-dce6-4990-853b-2acff3083b64 None None] The cell worker thread pool MainProcess.cell_worker is initialized
Jul 18 22:25:40.457692 np0000185855 devstack@n-api-meta.service[106949]: DEBUG oslo_db.sqlalchemy.engines [None req-224613c1-ca51-4583-86de-e6e74abc8a46 None None] MySQL server mode set to STRICT_TRANS_TABLES,STRICT_ALL_TABLES,NO_ZERO_IN_DATE,NO_ZERO_DATE,ERROR_FOR_DIVISION_BY_ZERO,TRADITIONAL,NO_ENGINE_SUBSTITUTION {{(pid=106949) _check_effective_sql_mode /opt/stack/data/venv/lib/python3.12/site-packages/oslo_db/sqlalchemy/engines.py:325}}
Jul 18 22:25:40.459064 np0000185855 devstack@n-api-meta.service[106950]: DEBUG oslo_concurrency.lockutils [None req-091ef1e6-dce6-4990-853b-2acff3083b64 None None] Acquiring lock "00000000-0000-0000-0000-000000000000" by "nova.context.set_target_cell..get_or_set_cached_cell_and_set_connections" {{(pid=106950) inner /opt/stack/data/venv/lib/python3.12/site-packages/oslo_concurrency/lockutils.py:512}}
Jul 18 22:25:40.459473 np0000185855 devstack@n-api-meta.service[106950]: DEBUG oslo_concurrency.lockutils [None req-091ef1e6-dce6-4990-853b-2acff3083b64 None None] Lock "00000000-0000-0000-0000-000000000000" acquired by "nova.context.set_target_cell..get_or_set_cached_cell_and_set_connections" :: waited 0.000s {{(pid=106950) inner /opt/stack/data/venv/lib/python3.12/site-packages/oslo_concurrency/lockutils.py:525}}
Jul 18 22:25:40.460127 np0000185855 devstack@n-api-meta.service[106950]: DEBUG oslo_concurrency.lockutils [None req-091ef1e6-dce6-4990-853b-2acff3083b64 None None] Lock "00000000-0000-0000-0000-000000000000" "released" by "nova.context.set_target_cell..get_or_set_cached_cell_and_set_connections" :: held 0.001s {{(pid=106950) inner /opt/stack/data/venv/lib/python3.12/site-packages/oslo_concurrency/lockutils.py:544}}
Jul 18 22:25:40.460980 np0000185855 devstack@n-api-meta.service[106950]: DEBUG oslo_concurrency.lockutils [None req-091ef1e6-dce6-4990-853b-2acff3083b64 None None] Acquiring lock "76898648-4afb-4991-b1db-5a93c56c3e95" by "nova.context.set_target_cell..get_or_set_cached_cell_and_set_connections" {{(pid=106950) inner /opt/stack/data/venv/lib/python3.12/site-packages/oslo_concurrency/lockutils.py:512}}
Jul 18 22:25:40.461170 np0000185855 devstack@n-api-meta.service[106950]: DEBUG oslo_concurrency.lockutils [None req-091ef1e6-dce6-4990-853b-2acff3083b64 None None] Lock "76898648-4afb-4991-b1db-5a93c56c3e95" acquired by "nova.context.set_target_cell..get_or_set_cached_cell_and_set_connections" :: waited 0.000s {{(pid=106950) inner /opt/stack/data/venv/lib/python3.12/site-packages/oslo_concurrency/lockutils.py:525}}
Jul 18 22:25:40.462319 np0000185855 devstack@n-api-meta.service[106950]: DEBUG oslo_concurrency.lockutils [None req-091ef1e6-dce6-4990-853b-2acff3083b64 None None] Lock "76898648-4afb-4991-b1db-5a93c56c3e95" "released" by "nova.context.set_target_cell..get_or_set_cached_cell_and_set_connections" :: held 0.001s {{(pid=106950) inner /opt/stack/data/venv/lib/python3.12/site-packages/oslo_concurrency/lockutils.py:544}}
Jul 18 22:25:40.463966 np0000185855 devstack@n-api-meta.service[106947]: DEBUG oslo_db.sqlalchemy.engines [None req-a78a5444-2d58-4ea3-bc71-ad253bdbaf7a None None] MySQL server mode set to STRICT_TRANS_TABLES,STRICT_ALL_TABLES,NO_ZERO_IN_DATE,NO_ZERO_DATE,ERROR_FOR_DIVISION_BY_ZERO,TRADITIONAL,NO_ENGINE_SUBSTITUTION {{(pid=106947) _check_effective_sql_mode /opt/stack/data/venv/lib/python3.12/site-packages/oslo_db/sqlalchemy/engines.py:325}}
Jul 18 22:25:40.464489 np0000185855 devstack@n-api-meta.service[106950]: INFO dbcounter [None req-091ef1e6-dce6-4990-853b-2acff3083b64 None None] Registered counter for database nova_cell0
Jul 18 22:25:40.469298 np0000185855 devstack@n-api-meta.service[106950]: INFO dbcounter [None req-091ef1e6-dce6-4990-853b-2acff3083b64 None None] Registered counter for database nova_cell1
Jul 18 22:25:40.477187 np0000185855 devstack@n-api-meta.service[106947]: DEBUG oslo_db.sqlalchemy.engines [None req-a78a5444-2d58-4ea3-bc71-ad253bdbaf7a None None] MySQL server mode set to STRICT_TRANS_TABLES,STRICT_ALL_TABLES,NO_ZERO_IN_DATE,NO_ZERO_DATE,ERROR_FOR_DIVISION_BY_ZERO,TRADITIONAL,NO_ENGINE_SUBSTITUTION {{(pid=106947) _check_effective_sql_mode /opt/stack/data/venv/lib/python3.12/site-packages/oslo_db/sqlalchemy/engines.py:325}}
Jul 18 22:25:40.494145 np0000185855 devstack@n-api-meta.service[106948]: DEBUG dbcounter [-] [106948] Writer thread running {{(pid=106948) stat_writer /opt/stack/data/venv/lib/python3.12/site-packages/dbcounter.py:102}}
Jul 18 22:25:40.500937 np0000185855 devstack@n-api-meta.service[106948]: DEBUG dbcounter [-] [106948] Writer thread running {{(pid=106948) stat_writer /opt/stack/data/venv/lib/python3.12/site-packages/dbcounter.py:102}}
Jul 18 22:25:40.505055 np0000185855 devstack@n-api-meta.service[106948]: INFO dbcounter [None req-1b8c1075-1682-4938-9876-b48eca50c466 None None] Registered counter for database nova_cell0
Jul 18 22:25:40.526450 np0000185855 devstack@n-api-meta.service[106950]: DEBUG oslo_db.sqlalchemy.engines [None req-091ef1e6-dce6-4990-853b-2acff3083b64 None None] MySQL server mode set to STRICT_TRANS_TABLES,STRICT_ALL_TABLES,NO_ZERO_IN_DATE,NO_ZERO_DATE,ERROR_FOR_DIVISION_BY_ZERO,TRADITIONAL,NO_ENGINE_SUBSTITUTION {{(pid=106950) _check_effective_sql_mode /opt/stack/data/venv/lib/python3.12/site-packages/oslo_db/sqlalchemy/engines.py:325}}
Jul 18 22:25:40.532454 np0000185855 devstack@n-api-meta.service[106950]: DEBUG oslo_db.sqlalchemy.engines [None req-091ef1e6-dce6-4990-853b-2acff3083b64 None None] MySQL server mode set to STRICT_TRANS_TABLES,STRICT_ALL_TABLES,NO_ZERO_IN_DATE,NO_ZERO_DATE,ERROR_FOR_DIVISION_BY_ZERO,TRADITIONAL,NO_ENGINE_SUBSTITUTION {{(pid=106950) _check_effective_sql_mode /opt/stack/data/venv/lib/python3.12/site-packages/oslo_db/sqlalchemy/engines.py:325}}
Jul 18 22:25:40.544348 np0000185855 devstack@n-api-meta.service[106949]: DEBUG dbcounter [-] [106949] Writer thread running {{(pid=106949) stat_writer /opt/stack/data/venv/lib/python3.12/site-packages/dbcounter.py:102}}
Jul 18 22:25:40.545982 np0000185855 devstack@n-api-meta.service[106949]: DEBUG dbcounter [-] [106949] Writer thread running {{(pid=106949) stat_writer /opt/stack/data/venv/lib/python3.12/site-packages/dbcounter.py:102}}
Jul 18 22:25:40.547161 np0000185855 devstack@n-api-meta.service[106948]: DEBUG oslo_db.sqlalchemy.engines [None req-1b8c1075-1682-4938-9876-b48eca50c466 None None] MySQL server mode set to STRICT_TRANS_TABLES,STRICT_ALL_TABLES,NO_ZERO_IN_DATE,NO_ZERO_DATE,ERROR_FOR_DIVISION_BY_ZERO,TRADITIONAL,NO_ENGINE_SUBSTITUTION {{(pid=106948) _check_effective_sql_mode /opt/stack/data/venv/lib/python3.12/site-packages/oslo_db/sqlalchemy/engines.py:325}}
Jul 18 22:25:40.549805 np0000185855 devstack@n-api-meta.service[106949]: INFO dbcounter [None req-224613c1-ca51-4583-86de-e6e74abc8a46 None None] Registered counter for database nova_cell0
Jul 18 22:25:40.551484 np0000185855 devstack@n-api-meta.service[106947]: DEBUG dbcounter [-] [106947] Writer thread running {{(pid=106947) stat_writer /opt/stack/data/venv/lib/python3.12/site-packages/dbcounter.py:102}}
Jul 18 22:25:40.555123 np0000185855 devstack@n-api-meta.service[106948]: DEBUG dbcounter [-] [106948] Writer thread running {{(pid=106948) stat_writer /opt/stack/data/venv/lib/python3.12/site-packages/dbcounter.py:102}}
Jul 18 22:25:40.557369 np0000185855 devstack@n-api-meta.service[106947]: DEBUG dbcounter [-] [106947] Writer thread running {{(pid=106947) stat_writer /opt/stack/data/venv/lib/python3.12/site-packages/dbcounter.py:102}}
Jul 18 22:25:40.561226 np0000185855 devstack@n-api-meta.service[106947]: INFO dbcounter [None req-a78a5444-2d58-4ea3-bc71-ad253bdbaf7a None None] Registered counter for database nova_cell0
Jul 18 22:25:40.594146 np0000185855 devstack@n-api-meta.service[106948]: WARNING nova.api.metadata.handler [None req-1b8c1075-1682-4938-9876-b48eca50c466 None None] metadata_proxy_shared_secret is not configured, the metadata information returned by the proxy cannot be trusted
Jul 18 22:25:40.596431 np0000185855 devstack@n-api-meta.service[106948]: DEBUG nova.api.openstack.wsgi_app [None req-1b8c1075-1682-4938-9876-b48eca50c466 None None] ******************************************************************************** {{(pid=106948) log_opt_values /opt/stack/data/venv/lib/python3.12/site-packages/oslo_config/cfg.py:3226}}
Jul 18 22:25:40.596533 np0000185855 devstack@n-api-meta.service[106948]: DEBUG nova.api.openstack.wsgi_app [None req-1b8c1075-1682-4938-9876-b48eca50c466 None None] Configuration options gathered from: {{(pid=106948) log_opt_values /opt/stack/data/venv/lib/python3.12/site-packages/oslo_config/cfg.py:3227}}
Jul 18 22:25:40.596673 np0000185855 devstack@n-api-meta.service[106948]: DEBUG nova.api.openstack.wsgi_app [None req-1b8c1075-1682-4938-9876-b48eca50c466 None None] command line args: [] {{(pid=106948) log_opt_values /opt/stack/data/venv/lib/python3.12/site-packages/oslo_config/cfg.py:3228}}
Jul 18 22:25:40.596824 np0000185855 devstack@n-api-meta.service[106948]: DEBUG nova.api.openstack.wsgi_app [None req-1b8c1075-1682-4938-9876-b48eca50c466 None None] config files: ['/etc/nova/api-paste.ini', '/etc/nova/nova.conf'] {{(pid=106948) log_opt_values /opt/stack/data/venv/lib/python3.12/site-packages/oslo_config/cfg.py:3229}}
Jul 18 22:25:40.596931 np0000185855 devstack@n-api-meta.service[106948]: DEBUG nova.api.openstack.wsgi_app [None req-1b8c1075-1682-4938-9876-b48eca50c466 None None] ================================================================================ {{(pid=106948) log_opt_values /opt/stack/data/venv/lib/python3.12/site-packages/oslo_config/cfg.py:3234}}
Jul 18 22:25:40.597104 np0000185855 devstack@n-api-meta.service[106948]: DEBUG nova.api.openstack.wsgi_app [None req-1b8c1075-1682-4938-9876-b48eca50c466 None None] allow_resize_to_same_host = True {{(pid=106948) log_opt_values /opt/stack/data/venv/lib/python3.12/site-packages/oslo_config/cfg.py:3242}}
Jul 18 22:25:40.597238 np0000185855 devstack@n-api-meta.service[106948]: DEBUG nova.api.openstack.wsgi_app [None req-1b8c1075-1682-4938-9876-b48eca50c466 None None] arq_binding_timeout = 300 {{(pid=106948) log_opt_values /opt/stack/data/venv/lib/python3.12/site-packages/oslo_config/cfg.py:3242}}
Jul 18 22:25:40.597366 np0000185855 devstack@n-api-meta.service[106948]: DEBUG nova.api.openstack.wsgi_app [None req-1b8c1075-1682-4938-9876-b48eca50c466 None None] block_device_allocate_retries = 60 {{(pid=106948) log_opt_values /opt/stack/data/venv/lib/python3.12/site-packages/oslo_config/cfg.py:3242}}
Jul 18 22:25:40.597495 np0000185855 devstack@n-api-meta.service[106948]: DEBUG nova.api.openstack.wsgi_app [None req-1b8c1075-1682-4938-9876-b48eca50c466 None None] block_device_allocate_retries_interval = 3 {{(pid=106948) log_opt_values /opt/stack/data/venv/lib/python3.12/site-packages/oslo_config/cfg.py:3242}}
Jul 18 22:25:40.597651 np0000185855 devstack@n-api-meta.service[106948]: DEBUG nova.api.openstack.wsgi_app [None req-1b8c1075-1682-4938-9876-b48eca50c466 None None] cell_worker_thread_pool_size = 5 {{(pid=106948) log_opt_values /opt/stack/data/venv/lib/python3.12/site-packages/oslo_config/cfg.py:3242}}
Jul 18 22:25:40.597786 np0000185855 devstack@n-api-meta.service[106948]: DEBUG nova.api.openstack.wsgi_app [None req-1b8c1075-1682-4938-9876-b48eca50c466 None None] cert = self.pem {{(pid=106948) log_opt_values /opt/stack/data/venv/lib/python3.12/site-packages/oslo_config/cfg.py:3242}}
Jul 18 22:25:40.597920 np0000185855 devstack@n-api-meta.service[106948]: DEBUG nova.api.openstack.wsgi_app [None req-1b8c1075-1682-4938-9876-b48eca50c466 None None] compute_driver = libvirt.LibvirtDriver {{(pid=106948) log_opt_values /opt/stack/data/venv/lib/python3.12/site-packages/oslo_config/cfg.py:3242}}
Jul 18 22:25:40.598052 np0000185855 devstack@n-api-meta.service[106948]: DEBUG nova.api.openstack.wsgi_app [None req-1b8c1075-1682-4938-9876-b48eca50c466 None None] compute_monitors = [] {{(pid=106948) log_opt_values /opt/stack/data/venv/lib/python3.12/site-packages/oslo_config/cfg.py:3242}}
Jul 18 22:25:40.598097 np0000185855 devstack@n-api-meta.service[106947]: DEBUG oslo_db.sqlalchemy.engines [None req-a78a5444-2d58-4ea3-bc71-ad253bdbaf7a None None] MySQL server mode set to STRICT_TRANS_TABLES,STRICT_ALL_TABLES,NO_ZERO_IN_DATE,NO_ZERO_DATE,ERROR_FOR_DIVISION_BY_ZERO,TRADITIONAL,NO_ENGINE_SUBSTITUTION {{(pid=106947) _check_effective_sql_mode /opt/stack/data/venv/lib/python3.12/site-packages/oslo_db/sqlalchemy/engines.py:325}}
Jul 18 22:25:40.598184 np0000185855 devstack@n-api-meta.service[106948]: DEBUG nova.api.openstack.wsgi_app [None req-1b8c1075-1682-4938-9876-b48eca50c466 None None] concurrency_backend = auto {{(pid=106948) log_opt_values /opt/stack/data/venv/lib/python3.12/site-packages/oslo_config/cfg.py:3242}}
Jul 18 22:25:40.598319 np0000185855 devstack@n-api-meta.service[106948]: DEBUG nova.api.openstack.wsgi_app [None req-1b8c1075-1682-4938-9876-b48eca50c466 None None] config_dir = [] {{(pid=106948) log_opt_values /opt/stack/data/venv/lib/python3.12/site-packages/oslo_config/cfg.py:3242}}
Jul 18 22:25:40.598451 np0000185855 devstack@n-api-meta.service[106948]: DEBUG nova.api.openstack.wsgi_app [None req-1b8c1075-1682-4938-9876-b48eca50c466 None None] config_drive_format = iso9660 {{(pid=106948) log_opt_values /opt/stack/data/venv/lib/python3.12/site-packages/oslo_config/cfg.py:3242}}
Jul 18 22:25:40.598572 np0000185855 devstack@n-api-meta.service[106948]: DEBUG nova.api.openstack.wsgi_app [None req-1b8c1075-1682-4938-9876-b48eca50c466 None None] config_file = ['/etc/nova/api-paste.ini', '/etc/nova/nova.conf'] {{(pid=106948) log_opt_values /opt/stack/data/venv/lib/python3.12/site-packages/oslo_config/cfg.py:3242}}
Jul 18 22:25:40.598714 np0000185855 devstack@n-api-meta.service[106948]: DEBUG nova.api.openstack.wsgi_app [None req-1b8c1075-1682-4938-9876-b48eca50c466 None None] config_source = [] {{(pid=106948) log_opt_values /opt/stack/data/venv/lib/python3.12/site-packages/oslo_config/cfg.py:3242}}
Jul 18 22:25:40.598844 np0000185855 devstack@n-api-meta.service[106948]: DEBUG nova.api.openstack.wsgi_app [None req-1b8c1075-1682-4938-9876-b48eca50c466 None None] console_host = np0000185855 {{(pid=106948) log_opt_values /opt/stack/data/venv/lib/python3.12/site-packages/oslo_config/cfg.py:3242}}
Jul 18 22:25:40.598974 np0000185855 devstack@n-api-meta.service[106948]: DEBUG nova.api.openstack.wsgi_app [None req-1b8c1075-1682-4938-9876-b48eca50c466 None None] control_exchange = nova {{(pid=106948) log_opt_values /opt/stack/data/venv/lib/python3.12/site-packages/oslo_config/cfg.py:3242}}
Jul 18 22:25:40.599095 np0000185855 devstack@n-api-meta.service[106948]: DEBUG nova.api.openstack.wsgi_app [None req-1b8c1075-1682-4938-9876-b48eca50c466 None None] cpu_allocation_ratio = None {{(pid=106948) log_opt_values /opt/stack/data/venv/lib/python3.12/site-packages/oslo_config/cfg.py:3242}}
Jul 18 22:25:40.599218 np0000185855 devstack@n-api-meta.service[106948]: DEBUG nova.api.openstack.wsgi_app [None req-1b8c1075-1682-4938-9876-b48eca50c466 None None] daemon = False {{(pid=106948) log_opt_values /opt/stack/data/venv/lib/python3.12/site-packages/oslo_config/cfg.py:3242}}
Jul 18 22:25:40.599349 np0000185855 devstack@n-api-meta.service[106948]: DEBUG nova.api.openstack.wsgi_app [None req-1b8c1075-1682-4938-9876-b48eca50c466 None None] debug = True {{(pid=106948) log_opt_values /opt/stack/data/venv/lib/python3.12/site-packages/oslo_config/cfg.py:3242}}
Jul 18 22:25:40.599501 np0000185855 devstack@n-api-meta.service[106948]: DEBUG nova.api.openstack.wsgi_app [None req-1b8c1075-1682-4938-9876-b48eca50c466 None None] default_access_ip_network_name = None {{(pid=106948) log_opt_values /opt/stack/data/venv/lib/python3.12/site-packages/oslo_config/cfg.py:3242}}
Jul 18 22:25:40.599641 np0000185855 devstack@n-api-meta.service[106948]: DEBUG nova.api.openstack.wsgi_app [None req-1b8c1075-1682-4938-9876-b48eca50c466 None None] default_availability_zone = nova {{(pid=106948) log_opt_values /opt/stack/data/venv/lib/python3.12/site-packages/oslo_config/cfg.py:3242}}
Jul 18 22:25:40.599772 np0000185855 devstack@n-api-meta.service[106948]: DEBUG nova.api.openstack.wsgi_app [None req-1b8c1075-1682-4938-9876-b48eca50c466 None None] default_ephemeral_format = ext4 {{(pid=106948) log_opt_values /opt/stack/data/venv/lib/python3.12/site-packages/oslo_config/cfg.py:3242}}
Jul 18 22:25:40.599897 np0000185855 devstack@n-api-meta.service[106948]: DEBUG nova.api.openstack.wsgi_app [None req-1b8c1075-1682-4938-9876-b48eca50c466 None None] default_green_pool_size = 1000 {{(pid=106948) log_opt_values /opt/stack/data/venv/lib/python3.12/site-packages/oslo_config/cfg.py:3242}}
Jul 18 22:25:40.600103 np0000185855 devstack@n-api-meta.service[106948]: DEBUG nova.api.openstack.wsgi_app [None req-1b8c1075-1682-4938-9876-b48eca50c466 None None] default_log_levels = ['amqp=WARN', 'boto=WARN', 'sqlalchemy=WARN', 'suds=INFO', 'oslo.messaging=INFO', 'oslo_messaging=INFO', 'iso8601=WARN', 'requests.packages.urllib3.connectionpool=WARN', 'urllib3.connectionpool=WARN', 'websocket=WARN', 'requests.packages.urllib3.util.retry=WARN', 'urllib3.util.retry=WARN', 'keystonemiddleware=WARN', 'routes.middleware=WARN', 'stevedore=WARN', 'taskflow=WARN', 'keystoneauth=WARN', 'oslo.cache=INFO', 'oslo_policy=INFO', 'dogpile.core.dogpile=INFO', 'glanceclient=WARN', 'oslo.privsep.daemon=INFO'] {{(pid=106948) log_opt_values /opt/stack/data/venv/lib/python3.12/site-packages/oslo_config/cfg.py:3242}}
Jul 18 22:25:40.600229 np0000185855 devstack@n-api-meta.service[106948]: DEBUG nova.api.openstack.wsgi_app [None req-1b8c1075-1682-4938-9876-b48eca50c466 None None] default_schedule_zone = None {{(pid=106948) log_opt_values /opt/stack/data/venv/lib/python3.12/site-packages/oslo_config/cfg.py:3242}}
Jul 18 22:25:40.600355 np0000185855 devstack@n-api-meta.service[106948]: DEBUG nova.api.openstack.wsgi_app [None req-1b8c1075-1682-4938-9876-b48eca50c466 None None] default_thread_pool_size = 10 {{(pid=106948) log_opt_values /opt/stack/data/venv/lib/python3.12/site-packages/oslo_config/cfg.py:3242}}
Jul 18 22:25:40.600478 np0000185855 devstack@n-api-meta.service[106948]: DEBUG nova.api.openstack.wsgi_app [None req-1b8c1075-1682-4938-9876-b48eca50c466 None None] disk_allocation_ratio = None {{(pid=106948) log_opt_values /opt/stack/data/venv/lib/python3.12/site-packages/oslo_config/cfg.py:3242}}
Jul 18 22:25:40.600618 np0000185855 devstack@n-api-meta.service[106948]: DEBUG nova.api.openstack.wsgi_app [None req-1b8c1075-1682-4938-9876-b48eca50c466 None None] enable_new_services = True {{(pid=106948) log_opt_values /opt/stack/data/venv/lib/python3.12/site-packages/oslo_config/cfg.py:3242}}
Jul 18 22:25:40.600745 np0000185855 devstack@n-api-meta.service[106948]: DEBUG nova.api.openstack.wsgi_app [None req-1b8c1075-1682-4938-9876-b48eca50c466 None None] flat_injected = False {{(pid=106948) log_opt_values /opt/stack/data/venv/lib/python3.12/site-packages/oslo_config/cfg.py:3242}}
Jul 18 22:25:40.600869 np0000185855 devstack@n-api-meta.service[106948]: DEBUG nova.api.openstack.wsgi_app [None req-1b8c1075-1682-4938-9876-b48eca50c466 None None] force_config_drive = False {{(pid=106948) log_opt_values /opt/stack/data/venv/lib/python3.12/site-packages/oslo_config/cfg.py:3242}}
Jul 18 22:25:40.600995 np0000185855 devstack@n-api-meta.service[106948]: DEBUG nova.api.openstack.wsgi_app [None req-1b8c1075-1682-4938-9876-b48eca50c466 None None] force_raw_images = True {{(pid=106948) log_opt_values /opt/stack/data/venv/lib/python3.12/site-packages/oslo_config/cfg.py:3242}}
Jul 18 22:25:40.601127 np0000185855 devstack@n-api-meta.service[106948]: DEBUG nova.api.openstack.wsgi_app [None req-1b8c1075-1682-4938-9876-b48eca50c466 None None] graceful_shutdown_timeout = 5 {{(pid=106948) log_opt_values /opt/stack/data/venv/lib/python3.12/site-packages/oslo_config/cfg.py:3242}}
Jul 18 22:25:40.601255 np0000185855 devstack@n-api-meta.service[106948]: DEBUG nova.api.openstack.wsgi_app [None req-1b8c1075-1682-4938-9876-b48eca50c466 None None] heal_instance_info_cache_interval = -1 {{(pid=106948) log_opt_values /opt/stack/data/venv/lib/python3.12/site-packages/oslo_config/cfg.py:3242}}
Jul 18 22:25:40.601430 np0000185855 devstack@n-api-meta.service[106948]: DEBUG nova.api.openstack.wsgi_app [None req-1b8c1075-1682-4938-9876-b48eca50c466 None None] host = np0000185855 {{(pid=106948) log_opt_values /opt/stack/data/venv/lib/python3.12/site-packages/oslo_config/cfg.py:3242}}
Jul 18 22:25:40.601586 np0000185855 devstack@n-api-meta.service[106948]: DEBUG nova.api.openstack.wsgi_app [None req-1b8c1075-1682-4938-9876-b48eca50c466 None None] initial_cpu_allocation_ratio = 4.0 {{(pid=106948) log_opt_values /opt/stack/data/venv/lib/python3.12/site-packages/oslo_config/cfg.py:3242}}
Jul 18 22:25:40.601718 np0000185855 devstack@n-api-meta.service[106948]: DEBUG nova.api.openstack.wsgi_app [None req-1b8c1075-1682-4938-9876-b48eca50c466 None None] initial_disk_allocation_ratio = 1.0 {{(pid=106948) log_opt_values /opt/stack/data/venv/lib/python3.12/site-packages/oslo_config/cfg.py:3242}}
Jul 18 22:25:40.601845 np0000185855 devstack@n-api-meta.service[106948]: DEBUG nova.api.openstack.wsgi_app [None req-1b8c1075-1682-4938-9876-b48eca50c466 None None] initial_ram_allocation_ratio = 1.0 {{(pid=106948) log_opt_values /opt/stack/data/venv/lib/python3.12/site-packages/oslo_config/cfg.py:3242}}
Jul 18 22:25:40.602522 np0000185855 devstack@n-api-meta.service[106948]: DEBUG nova.api.openstack.wsgi_app [None req-1b8c1075-1682-4938-9876-b48eca50c466 None None] injected_network_template = /opt/stack/nova/nova/virt/interfaces.template {{(pid=106948) log_opt_values /opt/stack/data/venv/lib/python3.12/site-packages/oslo_config/cfg.py:3242}}
Jul 18 22:25:40.602522 np0000185855 devstack@n-api-meta.service[106948]: DEBUG nova.api.openstack.wsgi_app [None req-1b8c1075-1682-4938-9876-b48eca50c466 None None] instance_build_timeout = 0 {{(pid=106948) log_opt_values /opt/stack/data/venv/lib/python3.12/site-packages/oslo_config/cfg.py:3242}}
Jul 18 22:25:40.602522 np0000185855 devstack@n-api-meta.service[106948]: DEBUG nova.api.openstack.wsgi_app [None req-1b8c1075-1682-4938-9876-b48eca50c466 None None] instance_delete_interval = 300 {{(pid=106948) log_opt_values /opt/stack/data/venv/lib/python3.12/site-packages/oslo_config/cfg.py:3242}}
Jul 18 22:25:40.602522 np0000185855 devstack@n-api-meta.service[106948]: DEBUG nova.api.openstack.wsgi_app [None req-1b8c1075-1682-4938-9876-b48eca50c466 None None] instance_format = [instance: %(uuid)s] {{(pid=106948) log_opt_values /opt/stack/data/venv/lib/python3.12/site-packages/oslo_config/cfg.py:3242}}
Jul 18 22:25:40.602522 np0000185855 devstack@n-api-meta.service[106948]: DEBUG nova.api.openstack.wsgi_app [None req-1b8c1075-1682-4938-9876-b48eca50c466 None None] instance_name_template = instance-%08x {{(pid=106948) log_opt_values /opt/stack/data/venv/lib/python3.12/site-packages/oslo_config/cfg.py:3242}}
Jul 18 22:25:40.602837 np0000185855 devstack@n-api-meta.service[106948]: DEBUG nova.api.openstack.wsgi_app [None req-1b8c1075-1682-4938-9876-b48eca50c466 None None] instance_usage_audit = False {{(pid=106948) log_opt_values /opt/stack/data/venv/lib/python3.12/site-packages/oslo_config/cfg.py:3242}}
Jul 18 22:25:40.602881 np0000185855 devstack@n-api-meta.service[106948]: DEBUG nova.api.openstack.wsgi_app [None req-1b8c1075-1682-4938-9876-b48eca50c466 None None] instance_usage_audit_period = month {{(pid=106948) log_opt_values /opt/stack/data/venv/lib/python3.12/site-packages/oslo_config/cfg.py:3242}}
Jul 18 22:25:40.603005 np0000185855 devstack@n-api-meta.service[106948]: DEBUG nova.api.openstack.wsgi_app [None req-1b8c1075-1682-4938-9876-b48eca50c466 None None] instance_uuid_format = [instance: %(uuid)s] {{(pid=106948) log_opt_values /opt/stack/data/venv/lib/python3.12/site-packages/oslo_config/cfg.py:3242}}
Jul 18 22:25:40.603132 np0000185855 devstack@n-api-meta.service[106948]: DEBUG nova.api.openstack.wsgi_app [None req-1b8c1075-1682-4938-9876-b48eca50c466 None None] instances_path = /opt/stack/data/nova/instances {{(pid=106948) log_opt_values /opt/stack/data/venv/lib/python3.12/site-packages/oslo_config/cfg.py:3242}}
Jul 18 22:25:40.603263 np0000185855 devstack@n-api-meta.service[106948]: DEBUG nova.api.openstack.wsgi_app [None req-1b8c1075-1682-4938-9876-b48eca50c466 None None] internal_service_availability_zone = internal {{(pid=106948) log_opt_values /opt/stack/data/venv/lib/python3.12/site-packages/oslo_config/cfg.py:3242}}
Jul 18 22:25:40.603384 np0000185855 devstack@n-api-meta.service[106948]: DEBUG nova.api.openstack.wsgi_app [None req-1b8c1075-1682-4938-9876-b48eca50c466 None None] key = None {{(pid=106948) log_opt_values /opt/stack/data/venv/lib/python3.12/site-packages/oslo_config/cfg.py:3242}}
Jul 18 22:25:40.603542 np0000185855 devstack@n-api-meta.service[106948]: DEBUG nova.api.openstack.wsgi_app [None req-1b8c1075-1682-4938-9876-b48eca50c466 None None] live_migration_retry_count = 30 {{(pid=106948) log_opt_values /opt/stack/data/venv/lib/python3.12/site-packages/oslo_config/cfg.py:3242}}
Jul 18 22:25:40.603694 np0000185855 devstack@n-api-meta.service[106948]: DEBUG nova.api.openstack.wsgi_app [None req-1b8c1075-1682-4938-9876-b48eca50c466 None None] log_color = False {{(pid=106948) log_opt_values /opt/stack/data/venv/lib/python3.12/site-packages/oslo_config/cfg.py:3242}}
Jul 18 22:25:40.603821 np0000185855 devstack@n-api-meta.service[106948]: DEBUG nova.api.openstack.wsgi_app [None req-1b8c1075-1682-4938-9876-b48eca50c466 None None] log_config_append = None {{(pid=106948) log_opt_values /opt/stack/data/venv/lib/python3.12/site-packages/oslo_config/cfg.py:3242}}
Jul 18 22:25:40.603955 np0000185855 devstack@n-api-meta.service[106948]: DEBUG nova.api.openstack.wsgi_app [None req-1b8c1075-1682-4938-9876-b48eca50c466 None None] log_date_format = %Y-%m-%d %H:%M:%S {{(pid=106948) log_opt_values /opt/stack/data/venv/lib/python3.12/site-packages/oslo_config/cfg.py:3242}}
Jul 18 22:25:40.604080 np0000185855 devstack@n-api-meta.service[106948]: DEBUG nova.api.openstack.wsgi_app [None req-1b8c1075-1682-4938-9876-b48eca50c466 None None] log_dir = None {{(pid=106948) log_opt_values /opt/stack/data/venv/lib/python3.12/site-packages/oslo_config/cfg.py:3242}}
Jul 18 22:25:40.604203 np0000185855 devstack@n-api-meta.service[106948]: DEBUG nova.api.openstack.wsgi_app [None req-1b8c1075-1682-4938-9876-b48eca50c466 None None] log_file = None {{(pid=106948) log_opt_values /opt/stack/data/venv/lib/python3.12/site-packages/oslo_config/cfg.py:3242}}
Jul 18 22:25:40.604304 np0000185855 devstack@n-api-meta.service[106948]: DEBUG nova.api.openstack.wsgi_app [None req-1b8c1075-1682-4938-9876-b48eca50c466 None None] log_options = True {{(pid=106948) log_opt_values /opt/stack/data/venv/lib/python3.12/site-packages/oslo_config/cfg.py:3242}}
Jul 18 22:25:40.604430 np0000185855 devstack@n-api-meta.service[106948]: DEBUG nova.api.openstack.wsgi_app [None req-1b8c1075-1682-4938-9876-b48eca50c466 None None] log_rotate_interval = 1 {{(pid=106948) log_opt_values /opt/stack/data/venv/lib/python3.12/site-packages/oslo_config/cfg.py:3242}}
Jul 18 22:25:40.604583 np0000185855 devstack@n-api-meta.service[106948]: DEBUG nova.api.openstack.wsgi_app [None req-1b8c1075-1682-4938-9876-b48eca50c466 None None] log_rotate_interval_type = days {{(pid=106948) log_opt_values /opt/stack/data/venv/lib/python3.12/site-packages/oslo_config/cfg.py:3242}}
Jul 18 22:25:40.604718 np0000185855 devstack@n-api-meta.service[106948]: DEBUG nova.api.openstack.wsgi_app [None req-1b8c1075-1682-4938-9876-b48eca50c466 None None] log_rotation_type = none {{(pid=106948) log_opt_values /opt/stack/data/venv/lib/python3.12/site-packages/oslo_config/cfg.py:3242}}
Jul 18 22:25:40.604820 np0000185855 devstack@n-api-meta.service[106948]: DEBUG nova.api.openstack.wsgi_app [None req-1b8c1075-1682-4938-9876-b48eca50c466 None None] logging_context_format_string = %(color)s%(levelname)s %(name)s [%(global_request_id)s %(request_id)s %(project_name)s %(user_name)s%(color)s] %(instance)s%(color)s%(message)s {{(pid=106948) log_opt_values /opt/stack/data/venv/lib/python3.12/site-packages/oslo_config/cfg.py:3242}}
Jul 18 22:25:40.604922 np0000185855 devstack@n-api-meta.service[106948]: DEBUG nova.api.openstack.wsgi_app [None req-1b8c1075-1682-4938-9876-b48eca50c466 None None] logging_debug_format_suffix = {{(pid=%(process)d) %(funcName)s %(pathname)s:%(lineno)d}} {{(pid=106948) log_opt_values /opt/stack/data/venv/lib/python3.12/site-packages/oslo_config/cfg.py:3242}}
Jul 18 22:25:40.605057 np0000185855 devstack@n-api-meta.service[106948]: DEBUG nova.api.openstack.wsgi_app [None req-1b8c1075-1682-4938-9876-b48eca50c466 None None] logging_default_format_string = %(color)s%(levelname)s %(name)s [-%(color)s] %(instance)s%(color)s%(message)s {{(pid=106948) log_opt_values /opt/stack/data/venv/lib/python3.12/site-packages/oslo_config/cfg.py:3242}}
Jul 18 22:25:40.605186 np0000185855 devstack@n-api-meta.service[106948]: DEBUG nova.api.openstack.wsgi_app [None req-1b8c1075-1682-4938-9876-b48eca50c466 None None] logging_exception_prefix = ERROR %(name)s %(instance)s {{(pid=106948) log_opt_values /opt/stack/data/venv/lib/python3.12/site-packages/oslo_config/cfg.py:3242}}
Jul 18 22:25:40.605285 np0000185855 devstack@n-api-meta.service[106948]: DEBUG nova.api.openstack.wsgi_app [None req-1b8c1075-1682-4938-9876-b48eca50c466 None None] logging_user_identity_format = %(user)s %(project)s %(domain)s %(system_scope)s %(user_domain)s %(project_domain)s {{(pid=106948) log_opt_values /opt/stack/data/venv/lib/python3.12/site-packages/oslo_config/cfg.py:3242}}
Jul 18 22:25:40.605411 np0000185855 devstack@n-api-meta.service[106948]: DEBUG nova.api.openstack.wsgi_app [None req-1b8c1075-1682-4938-9876-b48eca50c466 None None] long_rpc_timeout = 1800 {{(pid=106948) log_opt_values /opt/stack/data/venv/lib/python3.12/site-packages/oslo_config/cfg.py:3242}}
