May 04 07:51:41.752437 np0000171539 devstack@neutron-api.service[104379]: DEBUG neutron_lib.callbacks.manager [None req-aee7431b-323c-4bd2-9ce4-4e418844248d None None] Subscribe: > security_group_rule after_update 55550000, False {{(pid=104379) subscribe /opt/stack/data/venv/lib/python3.12/site-packages/neutron_lib/callbacks/manager.py:52}}
May 04 07:51:41.752491 np0000171539 devstack@neutron-api.service[104379]: DEBUG neutron_lib.callbacks.manager [None req-aee7431b-323c-4bd2-9ce4-4e418844248d None None] Subscribe: > security_group_rule after_delete 55550000, False {{(pid=104379) subscribe /opt/stack/data/venv/lib/python3.12/site-packages/neutron_lib/callbacks/manager.py:52}}
May 04 07:51:41.752621 np0000171539 devstack@neutron-api.service[104379]: DEBUG neutron_lib.callbacks.manager [None req-aee7431b-323c-4bd2-9ce4-4e418844248d None None] Subscribe: > address_group after_create 55550000, False {{(pid=104379) subscribe /opt/stack/data/venv/lib/python3.12/site-packages/neutron_lib/callbacks/manager.py:52}}
May 04 07:51:41.752736 np0000171539 devstack@neutron-api.service[104379]: DEBUG neutron_lib.callbacks.manager [None req-aee7431b-323c-4bd2-9ce4-4e418844248d None None] Subscribe: > address_group after_update 55550000, False {{(pid=104379) subscribe /opt/stack/data/venv/lib/python3.12/site-packages/neutron_lib/callbacks/manager.py:52}}
May 04 07:51:41.752872 np0000171539 devstack@neutron-api.service[104379]: DEBUG neutron_lib.callbacks.manager [None req-aee7431b-323c-4bd2-9ce4-4e418844248d None None] Subscribe: > address_group after_delete 55550000, False {{(pid=104379) subscribe /opt/stack/data/venv/lib/python3.12/site-packages/neutron_lib/callbacks/manager.py:52}}
May 04 07:51:41.752872 np0000171539 devstack@neutron-api.service[104379]: DEBUG neutron.plugins.ml2.ovo_rpc [None req-aee7431b-323c-4bd2-9ce4-4e418844248d None None] ML2 OVO RPC backend initialized. {{(pid=104379) __init__ /opt/stack/neutron/neutron/plugins/ml2/ovo_rpc.py:117}}
May 04 07:51:41.753645 np0000171539 devstack@neutron-api.service[104379]: INFO neutron.quota [None req-aee7431b-323c-4bd2-9ce4-4e418844248d None None] Loaded quota_driver: .
May 04 07:51:41.753714 np0000171539 devstack@neutron-api.service[104381]: DEBUG neutron.manager [None req-04845238-49b1-41e2-90ae-519c520d3b16 None None] Successfully loaded TAG plugin. Description: Tag support {{(pid=104381) _create_and_add_service_plugin /opt/stack/neutron/neutron/manager.py:239}}
May 04 07:51:41.753848 np0000171539 devstack@neutron-api.service[104379]: INFO neutron.plugins.ml2.plugin [None req-aee7431b-323c-4bd2-9ce4-4e418844248d None None] Modular L2 Plugin initialization complete
May 04 07:51:41.753951 np0000171539 devstack@neutron-api.service[104381]: INFO neutron.manager [None req-04845238-49b1-41e2-90ae-519c520d3b16 None None] Loading Plugin: timestamp
May 04 07:51:41.753977 np0000171539 devstack@neutron-api.service[104379]: DEBUG neutron.manager [None req-aee7431b-323c-4bd2-9ce4-4e418844248d None None] Loading services supported by the core plugin {{(pid=104379) _load_services_from_core_plugin /opt/stack/neutron/neutron/manager.py:170}}
May 04 07:51:41.753977 np0000171539 devstack@neutron-api.service[104379]: INFO neutron.plugins.ml2.managers [None req-aee7431b-323c-4bd2-9ce4-4e418844248d None None] Got port-security extension from driver 'port_security'
May 04 07:51:41.754278 np0000171539 devstack@neutron-api.service[104379]: DEBUG neutron.manager [None req-aee7431b-323c-4bd2-9ce4-4e418844248d None None] Loading service plugins: ['ovn-router', 'auto_allocate', 'tag', 'timestamp', 'network_ip_availability', 'flavors', 'revisions'] {{(pid=104379) _load_service_plugins /opt/stack/neutron/neutron/manager.py:195}}
May 04 07:51:41.754363 np0000171539 devstack@neutron-api.service[104379]: INFO neutron.manager [None req-aee7431b-323c-4bd2-9ce4-4e418844248d None None] Loading Plugin: ovn-router
May 04 07:51:41.755086 np0000171539 devstack@neutron-api.service[104381]: DEBUG neutron.manager [None req-04845238-49b1-41e2-90ae-519c520d3b16 None None] Successfully loaded timestamp plugin. Description: Adds timestamps to Neutron resources with standard attributes {{(pid=104381) _create_and_add_service_plugin /opt/stack/neutron/neutron/manager.py:239}}
May 04 07:51:41.755182 np0000171539 devstack@neutron-api.service[104381]: INFO neutron.manager [None req-04845238-49b1-41e2-90ae-519c520d3b16 None None] Loading Plugin: network_ip_availability
May 04 07:51:41.756714 np0000171539 devstack@neutron-api.service[104381]: DEBUG neutron.manager [None req-04845238-49b1-41e2-90ae-519c520d3b16 None None] Successfully loaded network-ip-availability plugin. Description: Provides IP availability data for each network and subnet. {{(pid=104381) _create_and_add_service_plugin /opt/stack/neutron/neutron/manager.py:239}}
May 04 07:51:41.756832 np0000171539 devstack@neutron-api.service[104381]: INFO neutron.manager [None req-04845238-49b1-41e2-90ae-519c520d3b16 None None] Loading Plugin: flavors
May 04 07:51:41.757719 np0000171539 devstack@neutron-api.service[104381]: DEBUG neutron.manager [None req-04845238-49b1-41e2-90ae-519c520d3b16 None None] Successfully loaded FLAVORS plugin. Description: Neutron Flavors and Service Profiles manager plugin {{(pid=104381) _create_and_add_service_plugin /opt/stack/neutron/neutron/manager.py:239}}
May 04 07:51:41.757817 np0000171539 devstack@neutron-api.service[104381]: INFO neutron.manager [None req-04845238-49b1-41e2-90ae-519c520d3b16 None None] Loading Plugin: revisions
May 04 07:51:41.758827 np0000171539 devstack@neutron-api.service[104381]: DEBUG neutron.manager [None req-04845238-49b1-41e2-90ae-519c520d3b16 None None] Successfully loaded revision_plugin plugin. Description: Adds revision numbers to resources. {{(pid=104381) _create_and_add_service_plugin /opt/stack/neutron/neutron/manager.py:239}}
May 04 07:51:41.758972 np0000171539 devstack@neutron-api.service[104381]: DEBUG oslo_concurrency.lockutils [None req-04845238-49b1-41e2-90ae-519c520d3b16 None None] Lock "manager" "released" by "neutron.manager.NeutronManager._create_instance" :: held 4.480s {{(pid=104381) inner /opt/stack/data/venv/lib/python3.12/site-packages/oslo_concurrency/lockutils.py:538}}
May 04 07:51:41.759192 np0000171539 devstack@neutron-api.service[104381]: DEBUG neutron.api.extensions [None req-04845238-49b1-41e2-90ae-519c520d3b16 None None] get_extension_paths = OrderedDict({'/opt/stack/neutron/neutron/extensions': 1}) {{(pid=104381) get_extensions_path /opt/stack/neutron/neutron/api/extensions.py:640}}
May 04 07:51:41.759257 np0000171539 devstack@neutron-api.service[104381]: INFO neutron.api.extensions [None req-04845238-49b1-41e2-90ae-519c520d3b16 None None] Initializing extension manager.
May 04 07:51:41.759515 np0000171539 devstack@neutron-api.service[104381]: DEBUG neutron.api.extensions [None req-04845238-49b1-41e2-90ae-519c520d3b16 None None] Loading extension file: __init__.py {{(pid=104381) _load_all_extensions_from_path /opt/stack/neutron/neutron/api/extensions.py:449}}
May 04 07:51:41.759622 np0000171539 devstack@neutron-api.service[104381]: DEBUG neutron.api.extensions [None req-04845238-49b1-41e2-90ae-519c520d3b16 None None] Loading extension file: __pycache__ {{(pid=104381) _load_all_extensions_from_path /opt/stack/neutron/neutron/api/extensions.py:449}}
May 04 07:51:41.759712 np0000171539 devstack@neutron-api.service[104381]: DEBUG neutron.api.extensions [None req-04845238-49b1-41e2-90ae-519c520d3b16 None None] Loading extension file: address_group.py {{(pid=104381) _load_all_extensions_from_path /opt/stack/neutron/neutron/api/extensions.py:449}}
May 04 07:51:41.760071 np0000171539 devstack@neutron-api.service[104381]: DEBUG neutron.api.extensions [None req-04845238-49b1-41e2-90ae-519c520d3b16 None None] Ext name="Address group" alias="address-group" description="Support address group" updated="2020-07-15T10:00:00-00:00" {{(pid=104381) _check_extension /opt/stack/neutron/neutron/api/extensions.py:415}}
May 04 07:51:41.760322 np0000171539 devstack@neutron-api.service[104381]: INFO neutron.api.extensions [None req-04845238-49b1-41e2-90ae-519c520d3b16 None None] Loaded extension: address-group
May 04 07:51:41.760425 np0000171539 devstack@neutron-api.service[104381]: DEBUG neutron.api.extensions [None req-04845238-49b1-41e2-90ae-519c520d3b16 None None] Loading extension file: address_scope.py {{(pid=104381) _load_all_extensions_from_path /opt/stack/neutron/neutron/api/extensions.py:449}}
May 04 07:51:41.760707 np0000171539 devstack@neutron-api.service[104381]: DEBUG neutron.api.extensions [None req-04845238-49b1-41e2-90ae-519c520d3b16 None None] Ext name="Address scope" alias="address-scope" description="Address scopes extension." updated="2015-07-26T10:00:00-00:00" {{(pid=104381) _check_extension /opt/stack/neutron/neutron/api/extensions.py:415}}
May 04 07:51:41.760906 np0000171539 devstack@neutron-api.service[104381]: INFO neutron.api.extensions [None req-04845238-49b1-41e2-90ae-519c520d3b16 None None] Loaded extension: address-scope
May 04 07:51:41.761006 np0000171539 devstack@neutron-api.service[104381]: DEBUG neutron.api.extensions [None req-04845238-49b1-41e2-90ae-519c520d3b16 None None] Loading extension file: admin_state_down_before_update.py {{(pid=104381) _load_all_extensions_from_path /opt/stack/neutron/neutron/api/extensions.py:449}}
May 04 07:51:41.761223 np0000171539 devstack@neutron-api.service[104381]: DEBUG neutron.api.extensions [None req-04845238-49b1-41e2-90ae-519c520d3b16 None None] Ext name="Enforce Router's Admin State Down Before Update Extension" alias="router-admin-state-down-before-update" description="Ensure that the admin state of a router is DOWN (admin_state_up=False) before updating the distributed attribute" updated="2019-07-02T15:56:00" {{(pid=104381) _check_extension /opt/stack/neutron/neutron/api/extensions.py:415}}
May 04 07:51:41.761393 np0000171539 devstack@neutron-api.service[104381]: INFO neutron.api.extensions [None req-04845238-49b1-41e2-90ae-519c520d3b16 None None] Extension router-admin-state-down-before-update not supported by any of loaded plugins
May 04 07:51:41.761500 np0000171539 devstack@neutron-api.service[104381]: DEBUG neutron.api.extensions [None req-04845238-49b1-41e2-90ae-519c520d3b16 None None] Loading extension file: agent.py {{(pid=104381) _load_all_extensions_from_path /opt/stack/neutron/neutron/api/extensions.py:449}}
May 04 07:51:41.761785 np0000171539 devstack@neutron-api.service[104381]: DEBUG neutron.api.extensions [None req-04845238-49b1-41e2-90ae-519c520d3b16 None None] Ext name="agent" alias="agent" description="The agent management extension." updated="2013-02-03T10:00:00-00:00" {{(pid=104381) _check_extension /opt/stack/neutron/neutron/api/extensions.py:415}}
May 04 07:51:41.762142 np0000171539 devstack@neutron-api.service[104381]: INFO neutron.api.extensions [None req-04845238-49b1-41e2-90ae-519c520d3b16 None None] Loaded extension: agent
May 04 07:51:41.762142 np0000171539 devstack@neutron-api.service[104381]: DEBUG neutron.api.extensions [None req-04845238-49b1-41e2-90ae-519c520d3b16 None None] Loading extension file: agent_resources_synced.py {{(pid=104381) _load_all_extensions_from_path /opt/stack/neutron/neutron/api/extensions.py:449}}
May 04 07:51:41.762300 np0000171539 devstack@neutron-api.service[104381]: DEBUG neutron.api.extensions [None req-04845238-49b1-41e2-90ae-519c520d3b16 None None] Ext name="Agent's Resource View Synced to Placement" alias="agent-resources-synced" description="Stores success/failure of last sync to Placement" updated="2018-12-19T00:00:00-00:00" {{(pid=104381) _check_extension /opt/stack/neutron/neutron/api/extensions.py:415}}
May 04 07:51:41.762459 np0000171539 devstack@neutron-api.service[104381]: INFO neutron.api.extensions [None req-04845238-49b1-41e2-90ae-519c520d3b16 None None] Extension agent-resources-synced not supported by any of loaded plugins
May 04 07:51:41.762575 np0000171539 devstack@neutron-api.service[104381]: DEBUG neutron.api.extensions [None req-04845238-49b1-41e2-90ae-519c520d3b16 None None] Loading extension file: allowedaddresspairs.py {{(pid=104381) _load_all_extensions_from_path /opt/stack/neutron/neutron/api/extensions.py:449}}
May 04 07:51:41.763256 np0000171539 devstack@neutron-api.service[104379]: DEBUG neutron_lib.callbacks.manager [None req-aee7431b-323c-4bd2-9ce4-4e418844248d None None] Subscribe: > router before_delete 55550000, False {{(pid=104379) subscribe /opt/stack/data/venv/lib/python3.12/site-packages/neutron_lib/callbacks/manager.py:52}}
May 04 07:51:41.763387 np0000171539 devstack@neutron-api.service[104381]: DEBUG neutron.api.extensions [None req-04845238-49b1-41e2-90ae-519c520d3b16 None None] Ext name="Allowed Address Pairs" alias="allowed-address-pairs" description="Provides allowed address pairs" updated="2013-07-23T10:00:00-00:00" {{(pid=104381) _check_extension /opt/stack/neutron/neutron/api/extensions.py:415}}
May 04 07:51:41.763445 np0000171539 devstack@neutron-api.service[104379]: DEBUG neutron_lib.callbacks.manager [None req-aee7431b-323c-4bd2-9ce4-4e418844248d None None] Subscribe: port after_update 55550000, False {{(pid=104379) subscribe /opt/stack/data/venv/lib/python3.12/site-packages/neutron_lib/callbacks/manager.py:52}}
May 04 07:51:41.763545 np0000171539 devstack@neutron-api.service[104381]: INFO neutron.api.extensions [None req-04845238-49b1-41e2-90ae-519c520d3b16 None None] Loaded extension: allowed-address-pairs
May 04 07:51:41.763597 np0000171539 devstack@neutron-api.service[104379]: DEBUG neutron_lib.callbacks.manager [None req-aee7431b-323c-4bd2-9ce4-4e418844248d None None] Subscribe: port after_delete 55550000, False {{(pid=104379) subscribe /opt/stack/data/venv/lib/python3.12/site-packages/neutron_lib/callbacks/manager.py:52}}
May 04 07:51:41.763731 np0000171539 devstack@neutron-api.service[104381]: DEBUG neutron.api.extensions [None req-04845238-49b1-41e2-90ae-519c520d3b16 None None] Loading extension file: auto_allocated_topology.py {{(pid=104381) _load_all_extensions_from_path /opt/stack/neutron/neutron/api/extensions.py:449}}
May 04 07:51:41.763801 np0000171539 devstack@neutron-api.service[104379]: DEBUG neutron_lib.callbacks.manager [None req-aee7431b-323c-4bd2-9ce4-4e418844248d None None] Subscribe: subnet after_update 55550000, False {{(pid=104379) subscribe /opt/stack/data/venv/lib/python3.12/site-packages/neutron_lib/callbacks/manager.py:52}}
May 04 07:51:41.763801 np0000171539 devstack@neutron-api.service[104379]: DEBUG neutron_lib.callbacks.manager [None req-aee7431b-323c-4bd2-9ce4-4e418844248d None None] Subscribe: subnetpool_address_scope after_update 55550000, False {{(pid=104379) subscribe /opt/stack/data/venv/lib/python3.12/site-packages/neutron_lib/callbacks/manager.py:52}}
May 04 07:51:41.763849 np0000171539 devstack@neutron-api.service[104381]: DEBUG neutron.api.extensions [None req-04845238-49b1-41e2-90ae-519c520d3b16 None None] Ext name="Auto Allocated Topology Services" alias="auto-allocated-topology" description="Auto Allocated Topology Services." updated="2016-01-01T00:00:00-00:00" {{(pid=104381) _check_extension /opt/stack/neutron/neutron/api/extensions.py:415}}
May 04 07:51:41.763873 np0000171539 devstack@neutron-api.service[104379]: DEBUG neutron_lib.callbacks.manager [None req-aee7431b-323c-4bd2-9ce4-4e418844248d None None] Subscribe: port before_update 55550000, False {{(pid=104379) subscribe /opt/stack/data/venv/lib/python3.12/site-packages/neutron_lib/callbacks/manager.py:52}}
May 04 07:51:41.763873 np0000171539 devstack@neutron-api.service[104379]: DEBUG neutron_lib.callbacks.manager [None req-aee7431b-323c-4bd2-9ce4-4e418844248d None None] Subscribe: port after_update 55550000, False {{(pid=104379) subscribe /opt/stack/data/venv/lib/python3.12/site-packages/neutron_lib/callbacks/manager.py:52}}
May 04 07:51:41.763918 np0000171539 devstack@neutron-api.service[104381]: INFO neutron.api.extensions [None req-04845238-49b1-41e2-90ae-519c520d3b16 None None] Loaded extension: auto-allocated-topology
May 04 07:51:41.763943 np0000171539 devstack@neutron-api.service[104379]: DEBUG neutron_lib.callbacks.manager [None req-aee7431b-323c-4bd2-9ce4-4e418844248d None None] Subscribe: > port precommit_delete 55550000, False {{(pid=104379) subscribe /opt/stack/data/venv/lib/python3.12/site-packages/neutron_lib/callbacks/manager.py:52}}
May 04 07:51:41.763974 np0000171539 devstack@neutron-api.service[104381]: DEBUG neutron.api.extensions [None req-04845238-49b1-41e2-90ae-519c520d3b16 None None] Loading extension file: availability_zone.py {{(pid=104381) _load_all_extensions_from_path /opt/stack/neutron/neutron/api/extensions.py:449}}
May 04 07:51:41.764106 np0000171539 devstack@neutron-api.service[104379]: DEBUG neutron_lib.callbacks.manager [None req-aee7431b-323c-4bd2-9ce4-4e418844248d None None] Subscribe: port before_update 55550000, False {{(pid=104379) subscribe /opt/stack/data/venv/lib/python3.12/site-packages/neutron_lib/callbacks/manager.py:52}}
May 04 07:51:41.764173 np0000171539 devstack@neutron-api.service[104379]: DEBUG neutron_lib.callbacks.manager [None req-aee7431b-323c-4bd2-9ce4-4e418844248d None None] Subscribe: port before_delete 55550000, False {{(pid=104379) subscribe /opt/stack/data/venv/lib/python3.12/site-packages/neutron_lib/callbacks/manager.py:52}}
May 04 07:51:41.764227 np0000171539 devstack@neutron-api.service[104379]: DEBUG neutron_lib.callbacks.manager [None req-aee7431b-323c-4bd2-9ce4-4e418844248d None None] Subscribe: > router precommit_create 55550000, False {{(pid=104379) subscribe /opt/stack/data/venv/lib/python3.12/site-packages/neutron_lib/callbacks/manager.py:52}}
May 04 07:51:41.764286 np0000171539 devstack@neutron-api.service[104381]: DEBUG neutron.api.extensions [None req-04845238-49b1-41e2-90ae-519c520d3b16 None None] Ext name="Availability Zone" alias="availability_zone" description="The availability zone extension." updated="2015-01-01T10:00:00-00:00" {{(pid=104381) _check_extension /opt/stack/neutron/neutron/api/extensions.py:415}}
May 04 07:51:41.764341 np0000171539 devstack@neutron-api.service[104379]: DEBUG neutron_lib.callbacks.manager [None req-aee7431b-323c-4bd2-9ce4-4e418844248d None None] Subscribe: > router precommit_create 55550000, False {{(pid=104379) subscribe /opt/stack/data/venv/lib/python3.12/site-packages/neutron_lib/callbacks/manager.py:52}}
May 04 07:51:41.764405 np0000171539 devstack@neutron-api.service[104379]: DEBUG neutron_lib.callbacks.manager [None req-aee7431b-323c-4bd2-9ce4-4e418844248d None None] Subscribe: > router precommit_update 55550000, False {{(pid=104379) subscribe /opt/stack/data/venv/lib/python3.12/site-packages/neutron_lib/callbacks/manager.py:52}}
May 04 07:51:41.764460 np0000171539 devstack@neutron-api.service[104381]: INFO neutron.api.extensions [None req-04845238-49b1-41e2-90ae-519c520d3b16 None None] Loaded extension: availability_zone
May 04 07:51:41.764510 np0000171539 devstack@neutron-api.service[104381]: DEBUG neutron.api.extensions [None req-04845238-49b1-41e2-90ae-519c520d3b16 None None] Loading extension file: availability_zone_filter.py {{(pid=104381) _load_all_extensions_from_path /opt/stack/neutron/neutron/api/extensions.py:449}}
May 04 07:51:41.764562 np0000171539 devstack@neutron-api.service[104379]: DEBUG neutron_lib.callbacks.manager [None req-aee7431b-323c-4bd2-9ce4-4e418844248d None None] Subscribe: subnet after_update 55550000, False {{(pid=104379) subscribe /opt/stack/data/venv/lib/python3.12/site-packages/neutron_lib/callbacks/manager.py:52}}
May 04 07:51:41.764724 np0000171539 devstack@neutron-api.service[104381]: DEBUG neutron.api.extensions [None req-04845238-49b1-41e2-90ae-519c520d3b16 None None] Ext name="Availability Zone Filter Extension" alias="availability_zone_filter" description="Add filter parameters to AvailabilityZone resource" updated="2018-06-22T10:00:00-00:00" {{(pid=104381) _check_extension /opt/stack/neutron/neutron/api/extensions.py:415}}
May 04 07:51:41.764912 np0000171539 devstack@neutron-api.service[104381]: INFO neutron.api.extensions [None req-04845238-49b1-41e2-90ae-519c520d3b16 None None] Extension availability_zone_filter not supported by any of loaded plugins
May 04 07:51:41.765002 np0000171539 devstack@neutron-api.service[104381]: DEBUG neutron.api.extensions [None req-04845238-49b1-41e2-90ae-519c520d3b16 None None] Loading extension file: data_plane_status.py {{(pid=104381) _load_all_extensions_from_path /opt/stack/neutron/neutron/api/extensions.py:449}}
May 04 07:51:41.765210 np0000171539 devstack@neutron-api.service[104379]: DEBUG neutron.quota.resource_registry [None req-aee7431b-323c-4bd2-9ce4-4e418844248d None None] Tracking information for resource: router configured {{(pid=104379) set_tracked_resource /opt/stack/neutron/neutron/quota/resource_registry.py:203}}
May 04 07:51:41.765237 np0000171539 devstack@neutron-api.service[104381]: DEBUG neutron.api.extensions [None req-04845238-49b1-41e2-90ae-519c520d3b16 None None] Ext name="Port data plane status extension" alias="data-plane-status" description="Expose status of underlying data plane" updated="2017-01-24T10:00:00-00:00" {{(pid=104381) _check_extension /opt/stack/neutron/neutron/api/extensions.py:415}}
May 04 07:51:41.765342 np0000171539 devstack@neutron-api.service[104379]: DEBUG neutron.quota.resource_registry [None req-aee7431b-323c-4bd2-9ce4-4e418844248d None None] Tracking information for resource: floatingip configured {{(pid=104379) set_tracked_resource /opt/stack/neutron/neutron/quota/resource_registry.py:203}}
May 04 07:51:41.765399 np0000171539 devstack@neutron-api.service[104379]: INFO neutron.services.ovn_l3.plugin [None req-aee7431b-323c-4bd2-9ce4-4e418844248d None None] Starting OVNL3RouterPlugin
May 04 07:51:41.765451 np0000171539 devstack@neutron-api.service[104381]: INFO neutron.api.extensions [None req-04845238-49b1-41e2-90ae-519c520d3b16 None None] Extension data-plane-status not supported by any of loaded plugins
May 04 07:51:41.765501 np0000171539 devstack@neutron-api.service[104381]: DEBUG neutron.api.extensions [None req-04845238-49b1-41e2-90ae-519c520d3b16 None None] Loading extension file: default_subnetpools.py {{(pid=104381) _load_all_extensions_from_path /opt/stack/neutron/neutron/api/extensions.py:449}}
May 04 07:51:41.765664 np0000171539 devstack@neutron-api.service[104379]: DEBUG neutron_lib.callbacks.manager [None req-aee7431b-323c-4bd2-9ce4-4e418844248d None None] Subscribe: > port_forwarding_plugin after_init 55550000, False {{(pid=104379) subscribe /opt/stack/data/venv/lib/python3.12/site-packages/neutron_lib/callbacks/manager.py:52}}
May 04 07:51:41.765789 np0000171539 devstack@neutron-api.service[104381]: DEBUG neutron.api.extensions [None req-04845238-49b1-41e2-90ae-519c520d3b16 None None] Ext name="Default Subnetpools" alias="default-subnetpools" description="Provides ability to mark and use a subnetpool as the default." updated="2016-02-18T18:00:00-00:00" {{(pid=104381) _check_extension /opt/stack/neutron/neutron/api/extensions.py:415}}
May 04 07:51:41.765909 np0000171539 devstack@neutron-api.service[104379]: DEBUG neutron_lib.callbacks.manager [None req-aee7431b-323c-4bd2-9ce4-4e418844248d None None] Subscribe: > router before_create 55550100, False {{(pid=104379) subscribe /opt/stack/data/venv/lib/python3.12/site-packages/neutron_lib/callbacks/manager.py:52}}
May 04 07:51:41.765956 np0000171539 devstack@neutron-api.service[104381]: INFO neutron.api.extensions [None req-04845238-49b1-41e2-90ae-519c520d3b16 None None] Loaded extension: default-subnetpools
May 04 07:51:41.766033 np0000171539 devstack@neutron-api.service[104379]: DEBUG neutron_lib.callbacks.manager [None req-aee7431b-323c-4bd2-9ce4-4e418844248d None None] Subscribe: > router precommit_delete 55550100, False {{(pid=104379) subscribe /opt/stack/data/venv/lib/python3.12/site-packages/neutron_lib/callbacks/manager.py:52}}
May 04 07:51:41.766066 np0000171539 devstack@neutron-api.service[104381]: DEBUG neutron.api.extensions [None req-04845238-49b1-41e2-90ae-519c520d3b16 None None] Loading extension file: dhcpagentscheduler.py {{(pid=104381) _load_all_extensions_from_path /opt/stack/neutron/neutron/api/extensions.py:449}}
May 04 07:51:41.766118 np0000171539 devstack@neutron-api.service[104379]: DEBUG neutron_lib.callbacks.manager [None req-aee7431b-323c-4bd2-9ce4-4e418844248d None None] Subscribe: > router precommit_create 55550100, False {{(pid=104379) subscribe /opt/stack/data/venv/lib/python3.12/site-packages/neutron_lib/callbacks/manager.py:52}}
May 04 07:51:41.766169 np0000171539 devstack@neutron-api.service[104379]: DEBUG neutron_lib.callbacks.manager [None req-aee7431b-323c-4bd2-9ce4-4e418844248d None None] Subscribe: > router precommit_update 55550100, False {{(pid=104379) subscribe /opt/stack/data/venv/lib/python3.12/site-packages/neutron_lib/callbacks/manager.py:52}}
May 04 07:51:41.766398 np0000171539 devstack@neutron-api.service[104381]: DEBUG neutron.api.extensions [None req-04845238-49b1-41e2-90ae-519c520d3b16 None None] Ext name="DHCP Agent Scheduler" alias="dhcp_agent_scheduler" description="Schedule networks among dhcp agents" updated="2013-02-07T10:00:00-00:00" {{(pid=104381) _check_extension /opt/stack/neutron/neutron/api/extensions.py:415}}
May 04 07:51:41.766554 np0000171539 devstack@neutron-api.service[104381]: INFO neutron.api.extensions [None req-04845238-49b1-41e2-90ae-519c520d3b16 None None] Loaded extension: dhcp_agent_scheduler
May 04 07:51:41.766648 np0000171539 devstack@neutron-api.service[104381]: DEBUG neutron.api.extensions [None req-04845238-49b1-41e2-90ae-519c520d3b16 None None] Loading extension file: dns.py {{(pid=104381) _load_all_extensions_from_path /opt/stack/neutron/neutron/api/extensions.py:449}}
May 04 07:51:41.766982 np0000171539 devstack@neutron-api.service[104381]: DEBUG neutron.api.extensions [None req-04845238-49b1-41e2-90ae-519c520d3b16 None None] Ext name="DNS Integration" alias="dns-integration" description="Provides integration with DNS." updated="2015-08-15T18:00:00-00:00" {{(pid=104381) _check_extension /opt/stack/neutron/neutron/api/extensions.py:415}}
May 04 07:51:41.767051 np0000171539 devstack@neutron-api.service[104381]: INFO neutron.api.extensions [None req-04845238-49b1-41e2-90ae-519c520d3b16 None None] Loaded extension: dns-integration
May 04 07:51:41.767157 np0000171539 devstack@neutron-api.service[104381]: DEBUG neutron.api.extensions [None req-04845238-49b1-41e2-90ae-519c520d3b16 None None] Loading extension file: dns_domain_ports.py {{(pid=104381) _load_all_extensions_from_path /opt/stack/neutron/neutron/api/extensions.py:449}}
May 04 07:51:41.767359 np0000171539 devstack@neutron-api.service[104381]: DEBUG neutron.api.extensions [None req-04845238-49b1-41e2-90ae-519c520d3b16 None None] Ext name="dns_domain for ports" alias="dns-domain-ports" description="Allows the DNS domain to be specified for a network port." updated="2017-04-24T10:00:00-00:00" {{(pid=104381) _check_extension /opt/stack/neutron/neutron/api/extensions.py:415}}
May 04 07:51:41.767514 np0000171539 devstack@neutron-api.service[104381]: INFO neutron.api.extensions [None req-04845238-49b1-41e2-90ae-519c520d3b16 None None] Loaded extension: dns-domain-ports
May 04 07:51:41.767622 np0000171539 devstack@neutron-api.service[104381]: DEBUG neutron.api.extensions [None req-04845238-49b1-41e2-90ae-519c520d3b16 None None] Loading extension file: dns_integration_domain_keywords.py {{(pid=104381) _load_all_extensions_from_path /opt/stack/neutron/neutron/api/extensions.py:449}}
May 04 07:51:41.767839 np0000171539 devstack@neutron-api.service[104381]: DEBUG neutron.api.extensions [None req-04845238-49b1-41e2-90ae-519c520d3b16 None None] Ext name="DNS domain names with keywords allowed" alias="dns-integration-domain-keywords" description="Allows to use keywords like , , and as DNS domain name" updated="2020-06-15T18:00:00-00:00" {{(pid=104381) _check_extension /opt/stack/neutron/neutron/api/extensions.py:415}}
May 04 07:51:41.768004 np0000171539 devstack@neutron-api.service[104381]: INFO neutron.api.extensions [None req-04845238-49b1-41e2-90ae-519c520d3b16 None None] Loaded extension: dns-integration-domain-keywords
May 04 07:51:41.768182 np0000171539 devstack@neutron-api.service[104381]: DEBUG neutron.api.extensions [None req-04845238-49b1-41e2-90ae-519c520d3b16 None None] Loading extension file: dvr.py {{(pid=104381) _load_all_extensions_from_path /opt/stack/neutron/neutron/api/extensions.py:449}}
May 04 07:51:41.768393 np0000171539 devstack@neutron-api.service[104381]: DEBUG neutron.api.extensions [None req-04845238-49b1-41e2-90ae-519c520d3b16 None None] Ext name="Distributed Virtual Router" alias="dvr" description="Enables configuration of Distributed Virtual Routers." updated="2014-06-1T10:00:00-00:00" {{(pid=104381) _check_extension /opt/stack/neutron/neutron/api/extensions.py:415}}
May 04 07:51:41.768570 np0000171539 devstack@neutron-api.service[104381]: INFO neutron.api.extensions [None req-04845238-49b1-41e2-90ae-519c520d3b16 None None] Extension dvr not supported by any of loaded plugins
May 04 07:51:41.768664 np0000171539 devstack@neutron-api.service[104381]: DEBUG neutron.api.extensions [None req-04845238-49b1-41e2-90ae-519c520d3b16 None None] Loading extension file: ecmp_routes.py {{(pid=104381) _load_all_extensions_from_path /opt/stack/neutron/neutron/api/extensions.py:449}}
May 04 07:51:41.768908 np0000171539 devstack@neutron-api.service[104381]: DEBUG neutron.api.extensions [None req-04845238-49b1-41e2-90ae-519c520d3b16 None None] Ext name="Equal Cost Multipath Routing" alias="ecmp_routes" description="Allows traffic to reach thesame destination via multiple different links " updated="2020-11-26T18:00:00-00:00" {{(pid=104381) _check_extension /opt/stack/neutron/neutron/api/extensions.py:415}}
May 04 07:51:41.769101 np0000171539 devstack@neutron-api.service[104381]: INFO neutron.api.extensions [None req-04845238-49b1-41e2-90ae-519c520d3b16 None None] Extension ecmp_routes not supported by any of loaded plugins
May 04 07:51:41.769219 np0000171539 devstack@neutron-api.service[104381]: DEBUG neutron.api.extensions [None req-04845238-49b1-41e2-90ae-519c520d3b16 None None] Loading extension file: empty_string_filtering.py {{(pid=104381) _load_all_extensions_from_path /opt/stack/neutron/neutron/api/extensions.py:449}}
May 04 07:51:41.769400 np0000171539 devstack@neutron-api.service[104379]: DEBUG neutron.services.provider_configuration [None req-aee7431b-323c-4bd2-9ce4-4e418844248d None None] Service providers = [] {{(pid=104379) parse_service_provider_opt /opt/stack/neutron/neutron/services/provider_configuration.py:170}}
May 04 07:51:41.769442 np0000171539 devstack@neutron-api.service[104381]: DEBUG neutron.api.extensions [None req-04845238-49b1-41e2-90ae-519c520d3b16 None None] Ext name="Empty String Filtering Extension" alias="empty-string-filtering" description="Allow filtering by attributes with empty string value" updated="2018-05-01T10:00:00-00:00" {{(pid=104381) _check_extension /opt/stack/neutron/neutron/api/extensions.py:415}}
May 04 07:51:41.769494 np0000171539 devstack@neutron-api.service[104379]: DEBUG neutron.db.servicetype_db [None req-aee7431b-323c-4bd2-9ce4-4e418844248d None None] Adding provider configuration for service L3_ROUTER_NAT {{(pid=104379) add_provider_configuration /opt/stack/neutron/neutron/db/servicetype_db.py:42}}
May 04 07:51:41.769636 np0000171539 devstack@neutron-api.service[104381]: INFO neutron.api.extensions [None req-04845238-49b1-41e2-90ae-519c520d3b16 None None] Loaded extension: empty-string-filtering
May 04 07:51:41.769636 np0000171539 devstack@neutron-api.service[104381]: DEBUG neutron.api.extensions [None req-04845238-49b1-41e2-90ae-519c520d3b16 None None] Loading extension file: expose_l3_conntrack_helper.py {{(pid=104381) _load_all_extensions_from_path /opt/stack/neutron/neutron/api/extensions.py:449}}
May 04 07:51:41.769939 np0000171539 devstack@neutron-api.service[104381]: DEBUG neutron.api.extensions [None req-04845238-49b1-41e2-90ae-519c520d3b16 None None] Ext name="Expose CT target rules for conntrack helper" alias="expose-l3-conntrack-helper" description="Expose allow adding CT target rules for conntrack helper" updated="2019-04-04T10:00:00-00:00" {{(pid=104381) _check_extension /opt/stack/neutron/neutron/api/extensions.py:415}}
May 04 07:51:41.770088 np0000171539 devstack@neutron-api.service[104381]: INFO neutron.api.extensions [None req-04845238-49b1-41e2-90ae-519c520d3b16 None None] Extension expose-l3-conntrack-helper not supported by any of loaded plugins
May 04 07:51:41.770174 np0000171539 devstack@neutron-api.service[104381]: DEBUG neutron.api.extensions [None req-04845238-49b1-41e2-90ae-519c520d3b16 None None] Loading extension file: expose_port_forwarding_in_fip.py {{(pid=104381) _load_all_extensions_from_path /opt/stack/neutron/neutron/api/extensions.py:449}}
May 04 07:51:41.770393 np0000171539 devstack@neutron-api.service[104381]: DEBUG neutron.api.extensions [None req-04845238-49b1-41e2-90ae-519c520d3b16 None None] Ext name="Expose Floating IP port forwardings" alias="expose-port-forwarding-in-fip" description="Expose port forwarding fields in floating IP response" updated="2018-06-28T16:00:00-00:00" {{(pid=104381) _check_extension /opt/stack/neutron/neutron/api/extensions.py:415}}
May 04 07:51:41.770558 np0000171539 devstack@neutron-api.service[104381]: INFO neutron.api.extensions [None req-04845238-49b1-41e2-90ae-519c520d3b16 None None] Extension expose-port-forwarding-in-fip not supported by any of loaded plugins
May 04 07:51:41.770638 np0000171539 devstack@neutron-api.service[104381]: DEBUG neutron.api.extensions [None req-04845238-49b1-41e2-90ae-519c520d3b16 None None] Loading extension file: external_net.py {{(pid=104381) _load_all_extensions_from_path /opt/stack/neutron/neutron/api/extensions.py:449}}
May 04 07:51:41.770770 np0000171539 devstack@neutron-api.service[104379]: DEBUG neutron_lib.callbacks.manager [None req-aee7431b-323c-4bd2-9ce4-4e418844248d None None] Subscribe: > router precommit_create 55549900, False {{(pid=104379) subscribe /opt/stack/data/venv/lib/python3.12/site-packages/neutron_lib/callbacks/manager.py:52}}
May 04 07:51:41.770877 np0000171539 devstack@neutron-api.service[104381]: DEBUG neutron.api.extensions [None req-04845238-49b1-41e2-90ae-519c520d3b16 None None] Ext name="Neutron external network" alias="external-net" description="Adds external network attribute to network resource." updated="2013-01-14T10:00:00-00:00" {{(pid=104381) _check_extension /opt/stack/neutron/neutron/api/extensions.py:415}}
May 04 07:51:41.770914 np0000171539 devstack@neutron-api.service[104379]: DEBUG neutron_lib.callbacks.manager [None req-aee7431b-323c-4bd2-9ce4-4e418844248d None None] Subscribe: > router_interface after_create 55550000, False {{(pid=104379) subscribe /opt/stack/data/venv/lib/python3.12/site-packages/neutron_lib/callbacks/manager.py:52}}
May 04 07:51:41.770978 np0000171539 devstack@neutron-api.service[104379]: DEBUG neutron_lib.callbacks.manager [None req-aee7431b-323c-4bd2-9ce4-4e418844248d None None] Subscribe: > floatingip after_create 55550000, False {{(pid=104379) subscribe /opt/stack/data/venv/lib/python3.12/site-packages/neutron_lib/callbacks/manager.py:52}}
May 04 07:51:41.771073 np0000171539 devstack@neutron-api.service[104381]: INFO neutron.api.extensions [None req-04845238-49b1-41e2-90ae-519c520d3b16 None None] Loaded extension: external-net
May 04 07:51:41.771160 np0000171539 devstack@neutron-api.service[104379]: DEBUG neutron_lib.callbacks.manager [None req-aee7431b-323c-4bd2-9ce4-4e418844248d None None] Subscribe: > floatingip precommit_create 55550000, False {{(pid=104379) subscribe /opt/stack/data/venv/lib/python3.12/site-packages/neutron_lib/callbacks/manager.py:52}}
May 04 07:51:41.771272 np0000171539 devstack@neutron-api.service[104381]: DEBUG neutron.api.extensions [None req-04845238-49b1-41e2-90ae-519c520d3b16 None None] Loading extension file: extra_dhcp_opt.py {{(pid=104381) _load_all_extensions_from_path /opt/stack/neutron/neutron/api/extensions.py:449}}
May 04 07:51:41.771444 np0000171539 devstack@neutron-api.service[104379]: DEBUG neutron_lib.callbacks.manager [None req-aee7431b-323c-4bd2-9ce4-4e418844248d None None] Subscribe: > floatingip precommit_update 55550000, False {{(pid=104379) subscribe /opt/stack/data/venv/lib/python3.12/site-packages/neutron_lib/callbacks/manager.py:52}}
May 04 07:51:41.771444 np0000171539 devstack@neutron-api.service[104379]: DEBUG neutron_lib.callbacks.manager [None req-aee7431b-323c-4bd2-9ce4-4e418844248d None None] Subscribe: > floatingip after_delete 55550000, False {{(pid=104379) subscribe /opt/stack/data/venv/lib/python3.12/site-packages/neutron_lib/callbacks/manager.py:52}}
May 04 07:51:41.771496 np0000171539 devstack@neutron-api.service[104381]: DEBUG neutron.api.extensions [None req-04845238-49b1-41e2-90ae-519c520d3b16 None None] Ext name="Neutron Extra DHCP options" alias="extra_dhcp_opt" description="Extra options configuration for DHCP. For example PXE boot options to DHCP clients can be specified (e.g. tftp-server, server-ip-address, bootfile-name)" updated="2013-03-17T12:00:00-00:00" {{(pid=104381) _check_extension /opt/stack/neutron/neutron/api/extensions.py:415}}
May 04 07:51:41.771547 np0000171539 devstack@neutron-api.service[104379]: DEBUG neutron_lib.callbacks.manager [None req-aee7431b-323c-4bd2-9ce4-4e418844248d None None] Subscribe: > floatingip after_status_update 55550000, False {{(pid=104379) subscribe /opt/stack/data/venv/lib/python3.12/site-packages/neutron_lib/callbacks/manager.py:52}}
May 04 07:51:41.771547 np0000171539 devstack@neutron-api.service[104379]: DEBUG neutron_lib.callbacks.manager [None req-aee7431b-323c-4bd2-9ce4-4e418844248d None None] Subscribe: > floatingip after_update 55550000, False {{(pid=104379) subscribe /opt/stack/data/venv/lib/python3.12/site-packages/neutron_lib/callbacks/manager.py:52}}
May 04 07:51:41.771600 np0000171539 devstack@neutron-api.service[104381]: INFO neutron.api.extensions [None req-04845238-49b1-41e2-90ae-519c520d3b16 None None] Loaded extension: extra_dhcp_opt
May 04 07:51:41.771630 np0000171539 devstack@neutron-api.service[104379]: DEBUG neutron_lib.callbacks.manager [None req-aee7431b-323c-4bd2-9ce4-4e418844248d None None] Subscribe: > port_forwarding after_create 55550000, False {{(pid=104379) subscribe /opt/stack/data/venv/lib/python3.12/site-packages/neutron_lib/callbacks/manager.py:52}}
May 04 07:51:41.771681 np0000171539 devstack@neutron-api.service[104381]: DEBUG neutron.api.extensions [None req-04845238-49b1-41e2-90ae-519c520d3b16 None None] Loading extension file: extraroute.py {{(pid=104381) _load_all_extensions_from_path /opt/stack/neutron/neutron/api/extensions.py:449}}
May 04 07:51:41.771733 np0000171539 devstack@neutron-api.service[104379]: DEBUG neutron_lib.callbacks.manager [None req-aee7431b-323c-4bd2-9ce4-4e418844248d None None] Subscribe: > router_interface after_delete 55550000, False {{(pid=104379) subscribe /opt/stack/data/venv/lib/python3.12/site-packages/neutron_lib/callbacks/manager.py:52}}
May 04 07:51:41.771792 np0000171539 devstack@neutron-api.service[104379]: DEBUG neutron_lib.callbacks.manager [None req-aee7431b-323c-4bd2-9ce4-4e418844248d None None] Subscribe: > router after_create 55550000, False {{(pid=104379) subscribe /opt/stack/data/venv/lib/python3.12/site-packages/neutron_lib/callbacks/manager.py:52}}
May 04 07:51:41.771819 np0000171539 devstack@neutron-api.service[104381]: DEBUG neutron.api.extensions [None req-04845238-49b1-41e2-90ae-519c520d3b16 None None] Ext name="Neutron Extra Route" alias="extraroute" description="Extra routes configuration for L3 router" updated="2013-02-01T10:00:00-00:00" {{(pid=104381) _check_extension /opt/stack/neutron/neutron/api/extensions.py:415}}
May 04 07:51:41.771975 np0000171539 devstack@neutron-api.service[104379]: DEBUG neutron_lib.callbacks.manager [None req-aee7431b-323c-4bd2-9ce4-4e418844248d None None] Subscribe: > router precommit_create 55550000, False {{(pid=104379) subscribe /opt/stack/data/venv/lib/python3.12/site-packages/neutron_lib/callbacks/manager.py:52}}
May 04 07:51:41.771975 np0000171539 devstack@neutron-api.service[104379]: DEBUG neutron_lib.callbacks.manager [None req-aee7431b-323c-4bd2-9ce4-4e418844248d None None] Subscribe: > router after_delete 55550000, False {{(pid=104379) subscribe /opt/stack/data/venv/lib/python3.12/site-packages/neutron_lib/callbacks/manager.py:52}}
May 04 07:51:41.772242 np0000171539 devstack@neutron-api.service[104381]: INFO neutron.api.extensions [None req-04845238-49b1-41e2-90ae-519c520d3b16 None None] Loaded extension: extraroute
May 04 07:51:41.772242 np0000171539 devstack@neutron-api.service[104381]: DEBUG neutron.api.extensions [None req-04845238-49b1-41e2-90ae-519c520d3b16 None None] Loading extension file: extraroute_atomic.py {{(pid=104381) _load_all_extensions_from_path /opt/stack/neutron/neutron/api/extensions.py:449}}
May 04 07:51:41.772341 np0000171539 devstack@neutron-api.service[104379]: DEBUG neutron_lib.callbacks.manager [None req-aee7431b-323c-4bd2-9ce4-4e418844248d None None] Subscribe: > router after_update 55550000, False {{(pid=104379) subscribe /opt/stack/data/venv/lib/python3.12/site-packages/neutron_lib/callbacks/manager.py:52}}
May 04 07:51:41.772341 np0000171539 devstack@neutron-api.service[104379]: DEBUG neutron.services.service_base [None req-aee7431b-323c-4bd2-9ce4-4e418844248d None None] Loaded 'neutron.services.ovn_l3.service_providers.ovn.OvnDriver' provider for service L3_ROUTER_NAT {{(pid=104379) load_drivers /opt/stack/neutron/neutron/services/service_base.py:49}}
May 04 07:51:41.772341 np0000171539 devstack@neutron-api.service[104379]: DEBUG neutron_lib.callbacks.manager [None req-aee7431b-323c-4bd2-9ce4-4e418844248d None None] Subscribe: > process after_init 55550001, True {{(pid=104379) subscribe /opt/stack/data/venv/lib/python3.12/site-packages/neutron_lib/callbacks/manager.py:52}}
May 04 07:51:41.772486 np0000171539 devstack@neutron-api.service[104381]: DEBUG neutron.api.extensions [None req-04845238-49b1-41e2-90ae-519c520d3b16 None None] Ext name="Atomically add/remove extra routes" alias="extraroute-atomic" description="Edit extra routes of a router on server side by atomically adding/removing extra routes" updated="2019-07-10T00:00:00+00:00" {{(pid=104381) _check_extension /opt/stack/neutron/neutron/api/extensions.py:415}}
May 04 07:51:41.772546 np0000171539 devstack@neutron-api.service[104379]: DEBUG neutron.manager [None req-aee7431b-323c-4bd2-9ce4-4e418844248d None None] Successfully loaded L3_ROUTER_NAT plugin. Description: L3 Router Service Plugin for basic L3 forwarding using OVN {{(pid=104379) _create_and_add_service_plugin /opt/stack/neutron/neutron/manager.py:239}}
May 04 07:51:41.772605 np0000171539 devstack@neutron-api.service[104381]: INFO neutron.api.extensions [None req-04845238-49b1-41e2-90ae-519c520d3b16 None None] Loaded extension: extraroute-atomic
May 04 07:51:41.772663 np0000171539 devstack@neutron-api.service[104379]: INFO neutron.manager [None req-aee7431b-323c-4bd2-9ce4-4e418844248d None None] Loading Plugin: auto_allocate
May 04 07:51:41.772709 np0000171539 devstack@neutron-api.service[104381]: DEBUG neutron.api.extensions [None req-04845238-49b1-41e2-90ae-519c520d3b16 None None] Loading extension file: filter_validation.py {{(pid=104381) _load_all_extensions_from_path /opt/stack/neutron/neutron/api/extensions.py:449}}
May 04 07:51:41.772892 np0000171539 devstack@neutron-api.service[104381]: DEBUG neutron.api.extensions [None req-04845238-49b1-41e2-90ae-519c520d3b16 None None] Ext name="Filter parameters validation" alias="filter-validation" description="Provides validation on filter parameters." updated="2018-07-04T10:00:00-00:00" {{(pid=104381) _check_extension /opt/stack/neutron/neutron/api/extensions.py:415}}
May 04 07:51:41.773028 np0000171539 devstack@neutron-api.service[104381]: INFO neutron.api.extensions [None req-04845238-49b1-41e2-90ae-519c520d3b16 None None] Loaded extension: filter-validation
May 04 07:51:41.773053 np0000171539 devstack@neutron-api.service[104381]: DEBUG neutron.api.extensions [None req-04845238-49b1-41e2-90ae-519c520d3b16 None None] Loading extension file: fip_pf_description.py {{(pid=104381) _load_all_extensions_from_path /opt/stack/neutron/neutron/api/extensions.py:449}}
May 04 07:51:41.773276 np0000171539 devstack@neutron-api.service[104381]: DEBUG neutron.api.extensions [None req-04845238-49b1-41e2-90ae-519c520d3b16 None None] Ext name="Floating IP Port Forwarding new attribute description" alias="floating-ip-port-forwarding-description" description="Add a description field to Port Forwarding rules" updated="2019-11-01T10:00:00-00:00" {{(pid=104381) _check_extension /opt/stack/neutron/neutron/api/extensions.py:415}}
May 04 07:51:41.773372 np0000171539 devstack@neutron-api.service[104379]: DEBUG neutron_lib.callbacks.manager [None req-aee7431b-323c-4bd2-9ce4-4e418844248d None None] Subscribe: network precommit_update 55550000, False {{(pid=104379) subscribe /opt/stack/data/venv/lib/python3.12/site-packages/neutron_lib/callbacks/manager.py:52}}
May 04 07:51:41.773497 np0000171539 devstack@neutron-api.service[104381]: INFO neutron.api.extensions [None req-04845238-49b1-41e2-90ae-519c520d3b16 None None] Extension floating-ip-port-forwarding-description not supported by any of loaded plugins
May 04 07:51:41.773557 np0000171539 devstack@neutron-api.service[104379]: DEBUG neutron_lib.callbacks.manager [None req-aee7431b-323c-4bd2-9ce4-4e418844248d None None] Subscribe: network precommit_create 55550000, False {{(pid=104379) subscribe /opt/stack/data/venv/lib/python3.12/site-packages/neutron_lib/callbacks/manager.py:52}}
May 04 07:51:41.773622 np0000171539 devstack@neutron-api.service[104381]: DEBUG neutron.api.extensions [None req-04845238-49b1-41e2-90ae-519c520d3b16 None None] Loading extension file: fip_pf_detail.py {{(pid=104381) _load_all_extensions_from_path /opt/stack/neutron/neutron/api/extensions.py:449}}
May 04 07:51:41.773696 np0000171539 devstack@neutron-api.service[104379]: DEBUG neutron.manager [None req-aee7431b-323c-4bd2-9ce4-4e418844248d None None] Successfully loaded auto-allocated-topology plugin. Description: Auto Allocated Topology - aka get me a network. {{(pid=104379) _create_and_add_service_plugin /opt/stack/neutron/neutron/manager.py:239}}
May 04 07:51:41.773801 np0000171539 devstack@neutron-api.service[104381]: DEBUG neutron.api.extensions [None req-04845238-49b1-41e2-90ae-519c520d3b16 None None] Ext name="Floating IP port forwarding detail" alias="floating-ip-port-forwarding-detail" description="Allow list floating ip return more port forwarding data, include'id' and 'internal_port_id'" updated="2022-05-06T10:00:00-00:00" {{(pid=104381) _check_extension /opt/stack/neutron/neutron/api/extensions.py:415}}
May 04 07:51:41.773860 np0000171539 devstack@neutron-api.service[104379]: INFO neutron.manager [None req-aee7431b-323c-4bd2-9ce4-4e418844248d None None] Loading Plugin: tag
May 04 07:51:41.773991 np0000171539 devstack@neutron-api.service[104381]: INFO neutron.api.extensions [None req-04845238-49b1-41e2-90ae-519c520d3b16 None None] Loaded extension: floating-ip-port-forwarding-detail
May 04 07:51:41.774063 np0000171539 devstack@neutron-api.service[104381]: DEBUG neutron.api.extensions [None req-04845238-49b1-41e2-90ae-519c520d3b16 None None] Loading extension file: fip_pf_port_range.py {{(pid=104381) _load_all_extensions_from_path /opt/stack/neutron/neutron/api/extensions.py:449}}
May 04 07:51:41.774255 np0000171539 devstack@neutron-api.service[104381]: DEBUG neutron.api.extensions [None req-04845238-49b1-41e2-90ae-519c520d3b16 None None] Ext name="Floating IP Port Forwarding support port ranges" alias="floating-ip-port-forwarding-port-ranges" description="Add support to port ranges" updated="2020-07-01T10:00:00-00:00" {{(pid=104381) _check_extension /opt/stack/neutron/neutron/api/extensions.py:415}}
May 04 07:51:41.774418 np0000171539 devstack@neutron-api.service[104381]: INFO neutron.api.extensions [None req-04845238-49b1-41e2-90ae-519c520d3b16 None None] Extension floating-ip-port-forwarding-port-ranges not supported by any of loaded plugins
May 04 07:51:41.774505 np0000171539 devstack@neutron-api.service[104381]: DEBUG neutron.api.extensions [None req-04845238-49b1-41e2-90ae-519c520d3b16 None None] Loading extension file: fip_port_details.py {{(pid=104381) _load_all_extensions_from_path /opt/stack/neutron/neutron/api/extensions.py:449}}
May 04 07:51:41.774738 np0000171539 devstack@neutron-api.service[104381]: DEBUG neutron.api.extensions [None req-04845238-49b1-41e2-90ae-519c520d3b16 None None] Ext name="Floating IP Port Details Extension" alias="fip-port-details" description="Add port_details attribute to Floating IP resource" updated="2018-04-09T10:00:00-00:00" {{(pid=104381) _check_extension /opt/stack/neutron/neutron/api/extensions.py:415}}
May 04 07:51:41.774901 np0000171539 devstack@neutron-api.service[104381]: INFO neutron.api.extensions [None req-04845238-49b1-41e2-90ae-519c520d3b16 None None] Loaded extension: fip-port-details
May 04 07:51:41.775007 np0000171539 devstack@neutron-api.service[104381]: DEBUG neutron.api.extensions [None req-04845238-49b1-41e2-90ae-519c520d3b16 None None] Loading extension file: flavors.py {{(pid=104381) _load_all_extensions_from_path /opt/stack/neutron/neutron/api/extensions.py:449}}
May 04 07:51:41.775362 np0000171539 devstack@neutron-api.service[104381]: DEBUG neutron.api.extensions [None req-04845238-49b1-41e2-90ae-519c520d3b16 None None] Ext name="Neutron Service Flavors" alias="flavors" description="Flavor specification for Neutron advanced services." updated="2015-09-17T10:00:00-00:00" {{(pid=104381) _check_extension /opt/stack/neutron/neutron/api/extensions.py:415}}
