May 18 23:31:35.261405 np0000174544 systemd[1]: Starting devstack@n-api-meta.service - Devstack devstack@n-api-meta.service...
May 18 23:31:35.273473 np0000174544 devstack@n-api-meta.service[108200]: [uWSGI] getting INI configuration from /etc/nova/nova-metadata-uwsgi.ini
May 18 23:31:35.276161 np0000174544 devstack@n-api-meta.service[108200]: *** Starting uWSGI 2.0.24-debian (64bit) on [Mon May 18 23:31:35 2026] ***
May 18 23:31:35.276161 np0000174544 devstack@n-api-meta.service[108200]: compiled with version: 13.2.0 on 17 April 2024 16:23:48
May 18 23:31:35.276161 np0000174544 devstack@n-api-meta.service[108200]: os: Linux-6.8.0-111-generic #111-Ubuntu SMP PREEMPT_DYNAMIC Sat Apr 11 23:16:02 UTC 2026
May 18 23:31:35.276161 np0000174544 devstack@n-api-meta.service[108200]: nodename: np0000174544
May 18 23:31:35.276161 np0000174544 devstack@n-api-meta.service[108200]: machine: x86_64
May 18 23:31:35.276161 np0000174544 devstack@n-api-meta.service[108200]: clock source: unix
May 18 23:31:35.276161 np0000174544 devstack@n-api-meta.service[108200]: pcre jit disabled
May 18 23:31:35.276161 np0000174544 devstack@n-api-meta.service[108200]: detected number of CPU cores: 16
May 18 23:31:35.276161 np0000174544 devstack@n-api-meta.service[108200]: current working directory: /
May 18 23:31:35.276161 np0000174544 devstack@n-api-meta.service[108200]: detected binary path: /usr/bin/uwsgi-core
May 18 23:31:35.276161 np0000174544 devstack@n-api-meta.service[108200]: your processes number limit is 256917
May 18 23:31:35.276161 np0000174544 devstack@n-api-meta.service[108200]: your memory page size is 4096 bytes
May 18 23:31:35.276161 np0000174544 devstack@n-api-meta.service[108200]: detected max file descriptor number: 2048
May 18 23:31:35.276161 np0000174544 devstack@n-api-meta.service[108200]: lock engine: pthread robust mutexes
May 18 23:31:35.277005 np0000174544 devstack@n-api-meta.service[108200]: thunder lock: enabled
May 18 23:31:35.277005 np0000174544 devstack@n-api-meta.service[108200]: uWSGI http bound on 0.0.0.0:8775 fd 5
May 18 23:31:35.277005 np0000174544 devstack@n-api-meta.service[108200]: uwsgi socket 0 bound to TCP address 127.0.0.1:35929 (port auto-assigned) fd 4
May 18 23:31:35.277005 np0000174544 devstack@n-api-meta.service[108200]: Python version: 3.12.3 (main, Mar 23 2026, 19:04:32) [GCC 13.3.0]
May 18 23:31:35.277005 np0000174544 devstack@n-api-meta.service[108200]: PEP 405 virtualenv detected: /opt/stack/data/venv
May 18 23:31:35.277005 np0000174544 devstack@n-api-meta.service[108200]: Set PythonHome to /opt/stack/data/venv
May 18 23:31:35.313020 np0000174544 devstack@n-api-meta.service[108200]: Python main interpreter initialized at 0x74e06eca3668
May 18 23:31:35.313020 np0000174544 devstack@n-api-meta.service[108200]: python threads support enabled
May 18 23:31:35.313020 np0000174544 devstack@n-api-meta.service[108200]: your server socket listen backlog is limited to 100 connections
May 18 23:31:35.313020 np0000174544 devstack@n-api-meta.service[108200]: your mercy for graceful operations on workers is 80 seconds
May 18 23:31:35.313572 np0000174544 devstack@n-api-meta.service[108200]: mapped 671795 bytes (656 KB) for 4 cores
May 18 23:31:35.313769 np0000174544 devstack@n-api-meta.service[108200]: *** Operational MODE: preforking ***
May 18 23:31:35.313928 np0000174544 devstack@n-api-meta.service[108200]: *** uWSGI is running in multiple interpreter mode ***
May 18 23:31:35.313928 np0000174544 devstack@n-api-meta.service[108200]: spawned uWSGI master process (pid: 108200)
May 18 23:31:35.314149 np0000174544 systemd[1]: Started devstack@n-api-meta.service - Devstack devstack@n-api-meta.service.
May 18 23:31:35.314795 np0000174544 devstack@n-api-meta.service[108200]: spawned uWSGI worker 1 (pid: 108201, cores: 1)
May 18 23:31:35.315422 np0000174544 devstack@n-api-meta.service[108200]: spawned uWSGI worker 2 (pid: 108202, cores: 1)
May 18 23:31:35.315926 np0000174544 devstack@n-api-meta.service[108200]: spawned uWSGI worker 3 (pid: 108203, cores: 1)
May 18 23:31:35.316704 np0000174544 devstack@n-api-meta.service[108200]: spawned uWSGI worker 4 (pid: 108204, cores: 1)
May 18 23:31:35.317513 np0000174544 devstack@n-api-meta.service[108200]: spawned uWSGI http 1 (pid: 108205)
May 18 23:31:35.317513 np0000174544 devstack@n-api-meta.service[108200]: running "unix_signal:15 gracefully_kill_them_all" (master-start)...
May 18 23:31:35.700611 np0000174544 devstack@n-api-meta.service[108201]: /opt/stack/data/venv/lib/python3.12/site-packages/oslo_concurrency/lockutils.py:41: EventletDeprecationWarning:
May 18 23:31:35.700611 np0000174544 devstack@n-api-meta.service[108201]: Eventlet is deprecated. It is currently being maintained in bugfix mode, and
May 18 23:31:35.700611 np0000174544 devstack@n-api-meta.service[108201]: we strongly recommend against using it for new projects.
May 18 23:31:35.700611 np0000174544 devstack@n-api-meta.service[108201]: If you are already using Eventlet, we recommend migrating to a different
May 18 23:31:35.700611 np0000174544 devstack@n-api-meta.service[108201]: framework. For more detail see
May 18 23:31:35.700611 np0000174544 devstack@n-api-meta.service[108201]: https://eventlet.readthedocs.io/en/latest/asyncio/migration.html
May 18 23:31:35.700611 np0000174544 devstack@n-api-meta.service[108201]: import eventlet
May 18 23:31:35.719841 np0000174544 devstack@n-api-meta.service[108204]: /opt/stack/data/venv/lib/python3.12/site-packages/oslo_concurrency/lockutils.py:41: EventletDeprecationWarning:
May 18 23:31:35.719841 np0000174544 devstack@n-api-meta.service[108204]: Eventlet is deprecated. It is currently being maintained in bugfix mode, and
May 18 23:31:35.719841 np0000174544 devstack@n-api-meta.service[108204]: we strongly recommend against using it for new projects.
May 18 23:31:35.719841 np0000174544 devstack@n-api-meta.service[108204]: If you are already using Eventlet, we recommend migrating to a different
May 18 23:31:35.719841 np0000174544 devstack@n-api-meta.service[108204]: framework. For more detail see
May 18 23:31:35.719841 np0000174544 devstack@n-api-meta.service[108204]: https://eventlet.readthedocs.io/en/latest/asyncio/migration.html
May 18 23:31:35.719841 np0000174544 devstack@n-api-meta.service[108204]: import eventlet
May 18 23:31:35.756101 np0000174544 devstack@n-api-meta.service[108202]: /opt/stack/data/venv/lib/python3.12/site-packages/oslo_concurrency/lockutils.py:41: EventletDeprecationWarning:
May 18 23:31:35.756101 np0000174544 devstack@n-api-meta.service[108202]: Eventlet is deprecated. It is currently being maintained in bugfix mode, and
May 18 23:31:35.756101 np0000174544 devstack@n-api-meta.service[108202]: we strongly recommend against using it for new projects.
May 18 23:31:35.756101 np0000174544 devstack@n-api-meta.service[108202]: If you are already using Eventlet, we recommend migrating to a different
May 18 23:31:35.756101 np0000174544 devstack@n-api-meta.service[108202]: framework. For more detail see
May 18 23:31:35.756101 np0000174544 devstack@n-api-meta.service[108202]: https://eventlet.readthedocs.io/en/latest/asyncio/migration.html
May 18 23:31:35.756101 np0000174544 devstack@n-api-meta.service[108202]: import eventlet
May 18 23:31:35.774140 np0000174544 devstack@n-api-meta.service[108203]: /opt/stack/data/venv/lib/python3.12/site-packages/oslo_concurrency/lockutils.py:41: EventletDeprecationWarning:
May 18 23:31:35.774140 np0000174544 devstack@n-api-meta.service[108203]: Eventlet is deprecated. It is currently being maintained in bugfix mode, and
May 18 23:31:35.774140 np0000174544 devstack@n-api-meta.service[108203]: we strongly recommend against using it for new projects.
May 18 23:31:35.774140 np0000174544 devstack@n-api-meta.service[108203]: If you are already using Eventlet, we recommend migrating to a different
May 18 23:31:35.774140 np0000174544 devstack@n-api-meta.service[108203]: framework. For more detail see
May 18 23:31:35.774140 np0000174544 devstack@n-api-meta.service[108203]: https://eventlet.readthedocs.io/en/latest/asyncio/migration.html
May 18 23:31:35.774140 np0000174544 devstack@n-api-meta.service[108203]: import eventlet
May 18 23:31:37.601199 np0000174544 devstack@n-api-meta.service[108201]: INFO dbcounter [None req-a06a9090-12a5-414e-92dd-62704a4832a5 None None] Registered counter for database nova_api
May 18 23:31:37.602943 np0000174544 devstack@n-api-meta.service[108204]: INFO dbcounter [None req-5b71cdbc-50f4-4de1-96ef-1fcae8fd19a3 None None] Registered counter for database nova_api
May 18 23:31:37.617542 np0000174544 devstack@n-api-meta.service[108201]: DEBUG oslo_db.sqlalchemy.engines [None req-a06a9090-12a5-414e-92dd-62704a4832a5 None None] MySQL server mode set to STRICT_TRANS_TABLES,STRICT_ALL_TABLES,NO_ZERO_IN_DATE,NO_ZERO_DATE,ERROR_FOR_DIVISION_BY_ZERO,TRADITIONAL,NO_ENGINE_SUBSTITUTION {{(pid=108201) _check_effective_sql_mode /opt/stack/data/venv/lib/python3.12/site-packages/oslo_db/sqlalchemy/engines.py:325}}
May 18 23:31:37.623711 np0000174544 devstack@n-api-meta.service[108204]: DEBUG oslo_db.sqlalchemy.engines [None req-5b71cdbc-50f4-4de1-96ef-1fcae8fd19a3 None None] MySQL server mode set to STRICT_TRANS_TABLES,STRICT_ALL_TABLES,NO_ZERO_IN_DATE,NO_ZERO_DATE,ERROR_FOR_DIVISION_BY_ZERO,TRADITIONAL,NO_ENGINE_SUBSTITUTION {{(pid=108204) _check_effective_sql_mode /opt/stack/data/venv/lib/python3.12/site-packages/oslo_db/sqlalchemy/engines.py:325}}
May 18 23:31:37.634453 np0000174544 devstack@n-api-meta.service[108203]: INFO dbcounter [None req-be619501-c7af-441e-bdbb-7f510def009f None None] Registered counter for database nova_api
May 18 23:31:37.637240 np0000174544 devstack@n-api-meta.service[108202]: INFO dbcounter [None req-d543fe8a-ca15-43d0-8e8e-3c5441eb0a90 None None] Registered counter for database nova_api
May 18 23:31:37.651950 np0000174544 devstack@n-api-meta.service[108201]: DEBUG dbcounter [-] [108201] Writer thread running {{(pid=108201) stat_writer /opt/stack/data/venv/lib/python3.12/site-packages/dbcounter.py:102}}
May 18 23:31:37.654821 np0000174544 devstack@n-api-meta.service[108201]: DEBUG nova.context [None req-a06a9090-12a5-414e-92dd-62704a4832a5 None None] Found 2 cells: 00000000-0000-0000-0000-000000000000(cell0),a54730cc-4f17-4752-a07f-6e051fa208d1(cell1) {{(pid=108201) load_cells /opt/stack/nova/nova/context.py:509}}
May 18 23:31:37.655068 np0000174544 devstack@n-api-meta.service[108201]: INFO nova.utils [None req-a06a9090-12a5-414e-92dd-62704a4832a5 None None] The cell worker thread pool MainProcess.cell_worker is initialized
May 18 23:31:37.657113 np0000174544 devstack@n-api-meta.service[108201]: DEBUG oslo_concurrency.lockutils [None req-a06a9090-12a5-414e-92dd-62704a4832a5 None None] Acquiring lock "00000000-0000-0000-0000-000000000000" by "nova.context.set_target_cell..get_or_set_cached_cell_and_set_connections" {{(pid=108201) inner /opt/stack/data/venv/lib/python3.12/site-packages/oslo_concurrency/lockutils.py:506}}
May 18 23:31:37.657302 np0000174544 devstack@n-api-meta.service[108201]: DEBUG oslo_concurrency.lockutils [None req-a06a9090-12a5-414e-92dd-62704a4832a5 None None] Lock "00000000-0000-0000-0000-000000000000" acquired by "nova.context.set_target_cell..get_or_set_cached_cell_and_set_connections" :: waited 0.000s {{(pid=108201) inner /opt/stack/data/venv/lib/python3.12/site-packages/oslo_concurrency/lockutils.py:519}}
May 18 23:31:37.657765 np0000174544 devstack@n-api-meta.service[108201]: DEBUG oslo_concurrency.lockutils [None req-a06a9090-12a5-414e-92dd-62704a4832a5 None None] Lock "00000000-0000-0000-0000-000000000000" "released" by "nova.context.set_target_cell..get_or_set_cached_cell_and_set_connections" :: held 0.000s {{(pid=108201) inner /opt/stack/data/venv/lib/python3.12/site-packages/oslo_concurrency/lockutils.py:538}}
May 18 23:31:37.662520 np0000174544 devstack@n-api-meta.service[108203]: DEBUG oslo_db.sqlalchemy.engines [None req-be619501-c7af-441e-bdbb-7f510def009f None None] MySQL server mode set to STRICT_TRANS_TABLES,STRICT_ALL_TABLES,NO_ZERO_IN_DATE,NO_ZERO_DATE,ERROR_FOR_DIVISION_BY_ZERO,TRADITIONAL,NO_ENGINE_SUBSTITUTION {{(pid=108203) _check_effective_sql_mode /opt/stack/data/venv/lib/python3.12/site-packages/oslo_db/sqlalchemy/engines.py:325}}
May 18 23:31:37.662601 np0000174544 devstack@n-api-meta.service[108204]: DEBUG dbcounter [-] [108204] Writer thread running {{(pid=108204) stat_writer /opt/stack/data/venv/lib/python3.12/site-packages/dbcounter.py:102}}
May 18 23:31:37.663289 np0000174544 devstack@n-api-meta.service[108201]: DEBUG oslo_concurrency.lockutils [None req-a06a9090-12a5-414e-92dd-62704a4832a5 None None] Acquiring lock "a54730cc-4f17-4752-a07f-6e051fa208d1" by "nova.context.set_target_cell..get_or_set_cached_cell_and_set_connections" {{(pid=108201) inner /opt/stack/data/venv/lib/python3.12/site-packages/oslo_concurrency/lockutils.py:506}}
May 18 23:31:37.663486 np0000174544 devstack@n-api-meta.service[108201]: DEBUG oslo_concurrency.lockutils [None req-a06a9090-12a5-414e-92dd-62704a4832a5 None None] Lock "a54730cc-4f17-4752-a07f-6e051fa208d1" acquired by "nova.context.set_target_cell..get_or_set_cached_cell_and_set_connections" :: waited 0.000s {{(pid=108201) inner /opt/stack/data/venv/lib/python3.12/site-packages/oslo_concurrency/lockutils.py:519}}
May 18 23:31:37.663896 np0000174544 devstack@n-api-meta.service[108204]: DEBUG nova.context [None req-5b71cdbc-50f4-4de1-96ef-1fcae8fd19a3 None None] Found 2 cells: 00000000-0000-0000-0000-000000000000(cell0),a54730cc-4f17-4752-a07f-6e051fa208d1(cell1) {{(pid=108204) load_cells /opt/stack/nova/nova/context.py:509}}
May 18 23:31:37.664229 np0000174544 devstack@n-api-meta.service[108204]: INFO nova.utils [None req-5b71cdbc-50f4-4de1-96ef-1fcae8fd19a3 None None] The cell worker thread pool MainProcess.cell_worker is initialized
May 18 23:31:37.664672 np0000174544 devstack@n-api-meta.service[108201]: DEBUG oslo_concurrency.lockutils [None req-a06a9090-12a5-414e-92dd-62704a4832a5 None None] Lock "a54730cc-4f17-4752-a07f-6e051fa208d1" "released" by "nova.context.set_target_cell..get_or_set_cached_cell_and_set_connections" :: held 0.001s {{(pid=108201) inner /opt/stack/data/venv/lib/python3.12/site-packages/oslo_concurrency/lockutils.py:538}}
May 18 23:31:37.667341 np0000174544 devstack@n-api-meta.service[108204]: DEBUG oslo_concurrency.lockutils [None req-5b71cdbc-50f4-4de1-96ef-1fcae8fd19a3 None None] Acquiring lock "00000000-0000-0000-0000-000000000000" by "nova.context.set_target_cell..get_or_set_cached_cell_and_set_connections" {{(pid=108204) inner /opt/stack/data/venv/lib/python3.12/site-packages/oslo_concurrency/lockutils.py:506}}
May 18 23:31:37.667341 np0000174544 devstack@n-api-meta.service[108204]: DEBUG oslo_concurrency.lockutils [None req-5b71cdbc-50f4-4de1-96ef-1fcae8fd19a3 None None] Lock "00000000-0000-0000-0000-000000000000" acquired by "nova.context.set_target_cell..get_or_set_cached_cell_and_set_connections" :: waited 0.000s {{(pid=108204) inner /opt/stack/data/venv/lib/python3.12/site-packages/oslo_concurrency/lockutils.py:519}}
May 18 23:31:37.667464 np0000174544 devstack@n-api-meta.service[108201]: INFO dbcounter [None req-a06a9090-12a5-414e-92dd-62704a4832a5 None None] Registered counter for database nova_cell0
May 18 23:31:37.667504 np0000174544 devstack@n-api-meta.service[108202]: DEBUG oslo_db.sqlalchemy.engines [None req-d543fe8a-ca15-43d0-8e8e-3c5441eb0a90 None None] MySQL server mode set to STRICT_TRANS_TABLES,STRICT_ALL_TABLES,NO_ZERO_IN_DATE,NO_ZERO_DATE,ERROR_FOR_DIVISION_BY_ZERO,TRADITIONAL,NO_ENGINE_SUBSTITUTION {{(pid=108202) _check_effective_sql_mode /opt/stack/data/venv/lib/python3.12/site-packages/oslo_db/sqlalchemy/engines.py:325}}
May 18 23:31:37.667539 np0000174544 devstack@n-api-meta.service[108204]: DEBUG oslo_concurrency.lockutils [None req-5b71cdbc-50f4-4de1-96ef-1fcae8fd19a3 None None] Lock "00000000-0000-0000-0000-000000000000" "released" by "nova.context.set_target_cell..get_or_set_cached_cell_and_set_connections" :: held 0.000s {{(pid=108204) inner /opt/stack/data/venv/lib/python3.12/site-packages/oslo_concurrency/lockutils.py:538}}
May 18 23:31:37.668449 np0000174544 devstack@n-api-meta.service[108204]: DEBUG oslo_concurrency.lockutils [None req-5b71cdbc-50f4-4de1-96ef-1fcae8fd19a3 None None] Acquiring lock "a54730cc-4f17-4752-a07f-6e051fa208d1" by "nova.context.set_target_cell..get_or_set_cached_cell_and_set_connections" {{(pid=108204) inner /opt/stack/data/venv/lib/python3.12/site-packages/oslo_concurrency/lockutils.py:506}}
May 18 23:31:37.668640 np0000174544 devstack@n-api-meta.service[108204]: DEBUG oslo_concurrency.lockutils [None req-5b71cdbc-50f4-4de1-96ef-1fcae8fd19a3 None None] Lock "a54730cc-4f17-4752-a07f-6e051fa208d1" acquired by "nova.context.set_target_cell..get_or_set_cached_cell_and_set_connections" :: waited 0.000s {{(pid=108204) inner /opt/stack/data/venv/lib/python3.12/site-packages/oslo_concurrency/lockutils.py:519}}
May 18 23:31:37.669833 np0000174544 devstack@n-api-meta.service[108204]: DEBUG oslo_concurrency.lockutils [None req-5b71cdbc-50f4-4de1-96ef-1fcae8fd19a3 None None] Lock "a54730cc-4f17-4752-a07f-6e051fa208d1" "released" by "nova.context.set_target_cell..get_or_set_cached_cell_and_set_connections" :: held 0.001s {{(pid=108204) inner /opt/stack/data/venv/lib/python3.12/site-packages/oslo_concurrency/lockutils.py:538}}
May 18 23:31:37.672680 np0000174544 devstack@n-api-meta.service[108201]: INFO dbcounter [None req-a06a9090-12a5-414e-92dd-62704a4832a5 None None] Registered counter for database nova_cell1
May 18 23:31:37.672767 np0000174544 devstack@n-api-meta.service[108204]: INFO dbcounter [None req-5b71cdbc-50f4-4de1-96ef-1fcae8fd19a3 None None] Registered counter for database nova_cell0
May 18 23:31:37.678621 np0000174544 devstack@n-api-meta.service[108204]: INFO dbcounter [None req-5b71cdbc-50f4-4de1-96ef-1fcae8fd19a3 None None] Registered counter for database nova_cell1
May 18 23:31:37.686007 np0000174544 devstack@n-api-meta.service[108201]: DEBUG oslo_db.sqlalchemy.engines [None req-a06a9090-12a5-414e-92dd-62704a4832a5 None None] MySQL server mode set to STRICT_TRANS_TABLES,STRICT_ALL_TABLES,NO_ZERO_IN_DATE,NO_ZERO_DATE,ERROR_FOR_DIVISION_BY_ZERO,TRADITIONAL,NO_ENGINE_SUBSTITUTION {{(pid=108201) _check_effective_sql_mode /opt/stack/data/venv/lib/python3.12/site-packages/oslo_db/sqlalchemy/engines.py:325}}
May 18 23:31:37.699287 np0000174544 devstack@n-api-meta.service[108203]: DEBUG dbcounter [-] [108203] Writer thread running {{(pid=108203) stat_writer /opt/stack/data/venv/lib/python3.12/site-packages/dbcounter.py:102}}
May 18 23:31:37.701930 np0000174544 devstack@n-api-meta.service[108201]: DEBUG oslo_db.sqlalchemy.engines [None req-a06a9090-12a5-414e-92dd-62704a4832a5 None None] MySQL server mode set to STRICT_TRANS_TABLES,STRICT_ALL_TABLES,NO_ZERO_IN_DATE,NO_ZERO_DATE,ERROR_FOR_DIVISION_BY_ZERO,TRADITIONAL,NO_ENGINE_SUBSTITUTION {{(pid=108201) _check_effective_sql_mode /opt/stack/data/venv/lib/python3.12/site-packages/oslo_db/sqlalchemy/engines.py:325}}
May 18 23:31:37.703986 np0000174544 devstack@n-api-meta.service[108203]: DEBUG nova.context [None req-be619501-c7af-441e-bdbb-7f510def009f None None] Found 2 cells: 00000000-0000-0000-0000-000000000000(cell0),a54730cc-4f17-4752-a07f-6e051fa208d1(cell1) {{(pid=108203) load_cells /opt/stack/nova/nova/context.py:509}}
May 18 23:31:37.704313 np0000174544 devstack@n-api-meta.service[108203]: INFO nova.utils [None req-be619501-c7af-441e-bdbb-7f510def009f None None] The cell worker thread pool MainProcess.cell_worker is initialized
May 18 23:31:37.706301 np0000174544 devstack@n-api-meta.service[108203]: DEBUG oslo_concurrency.lockutils [None req-be619501-c7af-441e-bdbb-7f510def009f None None] Acquiring lock "00000000-0000-0000-0000-000000000000" by "nova.context.set_target_cell..get_or_set_cached_cell_and_set_connections" {{(pid=108203) inner /opt/stack/data/venv/lib/python3.12/site-packages/oslo_concurrency/lockutils.py:506}}
May 18 23:31:37.706477 np0000174544 devstack@n-api-meta.service[108203]: DEBUG oslo_concurrency.lockutils [None req-be619501-c7af-441e-bdbb-7f510def009f None None] Lock "00000000-0000-0000-0000-000000000000" acquired by "nova.context.set_target_cell..get_or_set_cached_cell_and_set_connections" :: waited 0.000s {{(pid=108203) inner /opt/stack/data/venv/lib/python3.12/site-packages/oslo_concurrency/lockutils.py:519}}
May 18 23:31:37.706660 np0000174544 devstack@n-api-meta.service[108204]: DEBUG oslo_db.sqlalchemy.engines [None req-5b71cdbc-50f4-4de1-96ef-1fcae8fd19a3 None None] MySQL server mode set to STRICT_TRANS_TABLES,STRICT_ALL_TABLES,NO_ZERO_IN_DATE,NO_ZERO_DATE,ERROR_FOR_DIVISION_BY_ZERO,TRADITIONAL,NO_ENGINE_SUBSTITUTION {{(pid=108204) _check_effective_sql_mode /opt/stack/data/venv/lib/python3.12/site-packages/oslo_db/sqlalchemy/engines.py:325}}
May 18 23:31:37.706990 np0000174544 devstack@n-api-meta.service[108203]: DEBUG oslo_concurrency.lockutils [None req-be619501-c7af-441e-bdbb-7f510def009f None None] Lock "00000000-0000-0000-0000-000000000000" "released" by "nova.context.set_target_cell..get_or_set_cached_cell_and_set_connections" :: held 0.000s {{(pid=108203) inner /opt/stack/data/venv/lib/python3.12/site-packages/oslo_concurrency/lockutils.py:538}}
May 18 23:31:37.708004 np0000174544 devstack@n-api-meta.service[108203]: DEBUG oslo_concurrency.lockutils [None req-be619501-c7af-441e-bdbb-7f510def009f None None] Acquiring lock "a54730cc-4f17-4752-a07f-6e051fa208d1" by "nova.context.set_target_cell..get_or_set_cached_cell_and_set_connections" {{(pid=108203) inner /opt/stack/data/venv/lib/python3.12/site-packages/oslo_concurrency/lockutils.py:506}}
May 18 23:31:37.708221 np0000174544 devstack@n-api-meta.service[108203]: DEBUG oslo_concurrency.lockutils [None req-be619501-c7af-441e-bdbb-7f510def009f None None] Lock "a54730cc-4f17-4752-a07f-6e051fa208d1" acquired by "nova.context.set_target_cell..get_or_set_cached_cell_and_set_connections" :: waited 0.000s {{(pid=108203) inner /opt/stack/data/venv/lib/python3.12/site-packages/oslo_concurrency/lockutils.py:519}}
May 18 23:31:37.709037 np0000174544 devstack@n-api-meta.service[108204]: DEBUG oslo_db.sqlalchemy.engines [None req-5b71cdbc-50f4-4de1-96ef-1fcae8fd19a3 None None] MySQL server mode set to STRICT_TRANS_TABLES,STRICT_ALL_TABLES,NO_ZERO_IN_DATE,NO_ZERO_DATE,ERROR_FOR_DIVISION_BY_ZERO,TRADITIONAL,NO_ENGINE_SUBSTITUTION {{(pid=108204) _check_effective_sql_mode /opt/stack/data/venv/lib/python3.12/site-packages/oslo_db/sqlalchemy/engines.py:325}}
May 18 23:31:37.709565 np0000174544 devstack@n-api-meta.service[108203]: DEBUG oslo_concurrency.lockutils [None req-be619501-c7af-441e-bdbb-7f510def009f None None] Lock "a54730cc-4f17-4752-a07f-6e051fa208d1" "released" by "nova.context.set_target_cell..get_or_set_cached_cell_and_set_connections" :: held 0.001s {{(pid=108203) inner /opt/stack/data/venv/lib/python3.12/site-packages/oslo_concurrency/lockutils.py:538}}
May 18 23:31:37.709878 np0000174544 devstack@n-api-meta.service[108202]: DEBUG dbcounter [-] [108202] Writer thread running {{(pid=108202) stat_writer /opt/stack/data/venv/lib/python3.12/site-packages/dbcounter.py:102}}
May 18 23:31:37.712392 np0000174544 devstack@n-api-meta.service[108203]: INFO dbcounter [None req-be619501-c7af-441e-bdbb-7f510def009f None None] Registered counter for database nova_cell0
May 18 23:31:37.712875 np0000174544 devstack@n-api-meta.service[108202]: DEBUG nova.context [None req-d543fe8a-ca15-43d0-8e8e-3c5441eb0a90 None None] Found 2 cells: 00000000-0000-0000-0000-000000000000(cell0),a54730cc-4f17-4752-a07f-6e051fa208d1(cell1) {{(pid=108202) load_cells /opt/stack/nova/nova/context.py:509}}
May 18 23:31:37.713771 np0000174544 devstack@n-api-meta.service[108202]: INFO nova.utils [None req-d543fe8a-ca15-43d0-8e8e-3c5441eb0a90 None None] The cell worker thread pool MainProcess.cell_worker is initialized
May 18 23:31:37.715389 np0000174544 devstack@n-api-meta.service[108202]: DEBUG oslo_concurrency.lockutils [None req-d543fe8a-ca15-43d0-8e8e-3c5441eb0a90 None None] Acquiring lock "00000000-0000-0000-0000-000000000000" by "nova.context.set_target_cell..get_or_set_cached_cell_and_set_connections" {{(pid=108202) inner /opt/stack/data/venv/lib/python3.12/site-packages/oslo_concurrency/lockutils.py:506}}
May 18 23:31:37.715586 np0000174544 devstack@n-api-meta.service[108202]: DEBUG oslo_concurrency.lockutils [None req-d543fe8a-ca15-43d0-8e8e-3c5441eb0a90 None None] Lock "00000000-0000-0000-0000-000000000000" acquired by "nova.context.set_target_cell..get_or_set_cached_cell_and_set_connections" :: waited 0.000s {{(pid=108202) inner /opt/stack/data/venv/lib/python3.12/site-packages/oslo_concurrency/lockutils.py:519}}
May 18 23:31:37.716037 np0000174544 devstack@n-api-meta.service[108202]: DEBUG oslo_concurrency.lockutils [None req-d543fe8a-ca15-43d0-8e8e-3c5441eb0a90 None None] Lock "00000000-0000-0000-0000-000000000000" "released" by "nova.context.set_target_cell..get_or_set_cached_cell_and_set_connections" :: held 0.000s {{(pid=108202) inner /opt/stack/data/venv/lib/python3.12/site-packages/oslo_concurrency/lockutils.py:538}}
May 18 23:31:37.716718 np0000174544 devstack@n-api-meta.service[108202]: DEBUG oslo_concurrency.lockutils [None req-d543fe8a-ca15-43d0-8e8e-3c5441eb0a90 None None] Acquiring lock "a54730cc-4f17-4752-a07f-6e051fa208d1" by "nova.context.set_target_cell..get_or_set_cached_cell_and_set_connections" {{(pid=108202) inner /opt/stack/data/venv/lib/python3.12/site-packages/oslo_concurrency/lockutils.py:506}}
May 18 23:31:37.716892 np0000174544 devstack@n-api-meta.service[108202]: DEBUG oslo_concurrency.lockutils [None req-d543fe8a-ca15-43d0-8e8e-3c5441eb0a90 None None] Lock "a54730cc-4f17-4752-a07f-6e051fa208d1" acquired by "nova.context.set_target_cell..get_or_set_cached_cell_and_set_connections" :: waited 0.000s {{(pid=108202) inner /opt/stack/data/venv/lib/python3.12/site-packages/oslo_concurrency/lockutils.py:519}}
May 18 23:31:37.717813 np0000174544 devstack@n-api-meta.service[108202]: DEBUG oslo_concurrency.lockutils [None req-d543fe8a-ca15-43d0-8e8e-3c5441eb0a90 None None] Lock "a54730cc-4f17-4752-a07f-6e051fa208d1" "released" by "nova.context.set_target_cell..get_or_set_cached_cell_and_set_connections" :: held 0.001s {{(pid=108202) inner /opt/stack/data/venv/lib/python3.12/site-packages/oslo_concurrency/lockutils.py:538}}
May 18 23:31:37.719011 np0000174544 devstack@n-api-meta.service[108203]: INFO dbcounter [None req-be619501-c7af-441e-bdbb-7f510def009f None None] Registered counter for database nova_cell1
May 18 23:31:37.719870 np0000174544 devstack@n-api-meta.service[108202]: INFO dbcounter [None req-d543fe8a-ca15-43d0-8e8e-3c5441eb0a90 None None] Registered counter for database nova_cell0
May 18 23:31:37.723984 np0000174544 devstack@n-api-meta.service[108202]: INFO dbcounter [None req-d543fe8a-ca15-43d0-8e8e-3c5441eb0a90 None None] Registered counter for database nova_cell1
May 18 23:31:37.741817 np0000174544 devstack@n-api-meta.service[108203]: DEBUG oslo_db.sqlalchemy.engines [None req-be619501-c7af-441e-bdbb-7f510def009f None None] MySQL server mode set to STRICT_TRANS_TABLES,STRICT_ALL_TABLES,NO_ZERO_IN_DATE,NO_ZERO_DATE,ERROR_FOR_DIVISION_BY_ZERO,TRADITIONAL,NO_ENGINE_SUBSTITUTION {{(pid=108203) _check_effective_sql_mode /opt/stack/data/venv/lib/python3.12/site-packages/oslo_db/sqlalchemy/engines.py:325}}
May 18 23:31:37.756628 np0000174544 devstack@n-api-meta.service[108203]: DEBUG oslo_db.sqlalchemy.engines [None req-be619501-c7af-441e-bdbb-7f510def009f None None] MySQL server mode set to STRICT_TRANS_TABLES,STRICT_ALL_TABLES,NO_ZERO_IN_DATE,NO_ZERO_DATE,ERROR_FOR_DIVISION_BY_ZERO,TRADITIONAL,NO_ENGINE_SUBSTITUTION {{(pid=108203) _check_effective_sql_mode /opt/stack/data/venv/lib/python3.12/site-packages/oslo_db/sqlalchemy/engines.py:325}}
May 18 23:31:37.758207 np0000174544 devstack@n-api-meta.service[108202]: DEBUG oslo_db.sqlalchemy.engines [None req-d543fe8a-ca15-43d0-8e8e-3c5441eb0a90 None None] MySQL server mode set to STRICT_TRANS_TABLES,STRICT_ALL_TABLES,NO_ZERO_IN_DATE,NO_ZERO_DATE,ERROR_FOR_DIVISION_BY_ZERO,TRADITIONAL,NO_ENGINE_SUBSTITUTION {{(pid=108202) _check_effective_sql_mode /opt/stack/data/venv/lib/python3.12/site-packages/oslo_db/sqlalchemy/engines.py:325}}
May 18 23:31:37.770675 np0000174544 devstack@n-api-meta.service[108202]: DEBUG oslo_db.sqlalchemy.engines [None req-d543fe8a-ca15-43d0-8e8e-3c5441eb0a90 None None] MySQL server mode set to STRICT_TRANS_TABLES,STRICT_ALL_TABLES,NO_ZERO_IN_DATE,NO_ZERO_DATE,ERROR_FOR_DIVISION_BY_ZERO,TRADITIONAL,NO_ENGINE_SUBSTITUTION {{(pid=108202) _check_effective_sql_mode /opt/stack/data/venv/lib/python3.12/site-packages/oslo_db/sqlalchemy/engines.py:325}}
May 18 23:31:37.807949 np0000174544 devstack@n-api-meta.service[108201]: DEBUG dbcounter [-] [108201] Writer thread running {{(pid=108201) stat_writer /opt/stack/data/venv/lib/python3.12/site-packages/dbcounter.py:102}}
May 18 23:31:37.808770 np0000174544 devstack@n-api-meta.service[108201]: DEBUG dbcounter [-] [108201] Writer thread running {{(pid=108201) stat_writer /opt/stack/data/venv/lib/python3.12/site-packages/dbcounter.py:102}}
May 18 23:31:37.819102 np0000174544 devstack@n-api-meta.service[108201]: INFO dbcounter [None req-a06a9090-12a5-414e-92dd-62704a4832a5 None None] Registered counter for database nova_cell0
May 18 23:31:37.834070 np0000174544 devstack@n-api-meta.service[108204]: DEBUG dbcounter [-] [108204] Writer thread running {{(pid=108204) stat_writer /opt/stack/data/venv/lib/python3.12/site-packages/dbcounter.py:102}}
May 18 23:31:37.836517 np0000174544 devstack@n-api-meta.service[108204]: DEBUG dbcounter [-] [108204] Writer thread running {{(pid=108204) stat_writer /opt/stack/data/venv/lib/python3.12/site-packages/dbcounter.py:102}}
May 18 23:31:37.839992 np0000174544 devstack@n-api-meta.service[108201]: DEBUG oslo_db.sqlalchemy.engines [None req-a06a9090-12a5-414e-92dd-62704a4832a5 None None] MySQL server mode set to STRICT_TRANS_TABLES,STRICT_ALL_TABLES,NO_ZERO_IN_DATE,NO_ZERO_DATE,ERROR_FOR_DIVISION_BY_ZERO,TRADITIONAL,NO_ENGINE_SUBSTITUTION {{(pid=108201) _check_effective_sql_mode /opt/stack/data/venv/lib/python3.12/site-packages/oslo_db/sqlalchemy/engines.py:325}}
May 18 23:31:37.845459 np0000174544 devstack@n-api-meta.service[108204]: INFO dbcounter [None req-5b71cdbc-50f4-4de1-96ef-1fcae8fd19a3 None None] Registered counter for database nova_cell0
May 18 23:31:37.848005 np0000174544 devstack@n-api-meta.service[108203]: DEBUG dbcounter [-] [108203] Writer thread running {{(pid=108203) stat_writer /opt/stack/data/venv/lib/python3.12/site-packages/dbcounter.py:102}}
May 18 23:31:37.848690 np0000174544 devstack@n-api-meta.service[108201]: DEBUG dbcounter [-] [108201] Writer thread running {{(pid=108201) stat_writer /opt/stack/data/venv/lib/python3.12/site-packages/dbcounter.py:102}}
May 18 23:31:37.849110 np0000174544 devstack@n-api-meta.service[108203]: DEBUG dbcounter [-] [108203] Writer thread running {{(pid=108203) stat_writer /opt/stack/data/venv/lib/python3.12/site-packages/dbcounter.py:102}}
May 18 23:31:37.854092 np0000174544 devstack@n-api-meta.service[108203]: INFO dbcounter [None req-be619501-c7af-441e-bdbb-7f510def009f None None] Registered counter for database nova_cell0
May 18 23:31:37.867109 np0000174544 devstack@n-api-meta.service[108202]: DEBUG dbcounter [-] [108202] Writer thread running {{(pid=108202) stat_writer /opt/stack/data/venv/lib/python3.12/site-packages/dbcounter.py:102}}
May 18 23:31:37.868218 np0000174544 devstack@n-api-meta.service[108204]: DEBUG oslo_db.sqlalchemy.engines [None req-5b71cdbc-50f4-4de1-96ef-1fcae8fd19a3 None None] MySQL server mode set to STRICT_TRANS_TABLES,STRICT_ALL_TABLES,NO_ZERO_IN_DATE,NO_ZERO_DATE,ERROR_FOR_DIVISION_BY_ZERO,TRADITIONAL,NO_ENGINE_SUBSTITUTION {{(pid=108204) _check_effective_sql_mode /opt/stack/data/venv/lib/python3.12/site-packages/oslo_db/sqlalchemy/engines.py:325}}
May 18 23:31:37.873317 np0000174544 devstack@n-api-meta.service[108202]: DEBUG dbcounter [-] [108202] Writer thread running {{(pid=108202) stat_writer /opt/stack/data/venv/lib/python3.12/site-packages/dbcounter.py:102}}
May 18 23:31:37.877953 np0000174544 devstack@n-api-meta.service[108202]: INFO dbcounter [None req-d543fe8a-ca15-43d0-8e8e-3c5441eb0a90 None None] Registered counter for database nova_cell0
May 18 23:31:37.878737 np0000174544 devstack@n-api-meta.service[108203]: DEBUG oslo_db.sqlalchemy.engines [None req-be619501-c7af-441e-bdbb-7f510def009f None None] MySQL server mode set to STRICT_TRANS_TABLES,STRICT_ALL_TABLES,NO_ZERO_IN_DATE,NO_ZERO_DATE,ERROR_FOR_DIVISION_BY_ZERO,TRADITIONAL,NO_ENGINE_SUBSTITUTION {{(pid=108203) _check_effective_sql_mode /opt/stack/data/venv/lib/python3.12/site-packages/oslo_db/sqlalchemy/engines.py:325}}
May 18 23:31:37.882942 np0000174544 devstack@n-api-meta.service[108204]: DEBUG dbcounter [-] [108204] Writer thread running {{(pid=108204) stat_writer /opt/stack/data/venv/lib/python3.12/site-packages/dbcounter.py:102}}
May 18 23:31:37.889079 np0000174544 devstack@n-api-meta.service[108203]: DEBUG dbcounter [-] [108203] Writer thread running {{(pid=108203) stat_writer /opt/stack/data/venv/lib/python3.12/site-packages/dbcounter.py:102}}
May 18 23:31:37.899540 np0000174544 devstack@n-api-meta.service[108202]: DEBUG oslo_db.sqlalchemy.engines [None req-d543fe8a-ca15-43d0-8e8e-3c5441eb0a90 None None] MySQL server mode set to STRICT_TRANS_TABLES,STRICT_ALL_TABLES,NO_ZERO_IN_DATE,NO_ZERO_DATE,ERROR_FOR_DIVISION_BY_ZERO,TRADITIONAL,NO_ENGINE_SUBSTITUTION {{(pid=108202) _check_effective_sql_mode /opt/stack/data/venv/lib/python3.12/site-packages/oslo_db/sqlalchemy/engines.py:325}}
May 18 23:31:37.901761 np0000174544 devstack@n-api-meta.service[108201]: WARNING nova.api.metadata.handler [None req-a06a9090-12a5-414e-92dd-62704a4832a5 None None] metadata_proxy_shared_secret is not configured, the metadata information returned by the proxy cannot be trusted
May 18 23:31:37.904564 np0000174544 devstack@n-api-meta.service[108201]: DEBUG nova.api.openstack.wsgi_app [None req-a06a9090-12a5-414e-92dd-62704a4832a5 None None] ******************************************************************************** {{(pid=108201) log_opt_values /opt/stack/data/venv/lib/python3.12/site-packages/oslo_config/cfg.py:2979}}
May 18 23:31:37.904564 np0000174544 devstack@n-api-meta.service[108201]: DEBUG nova.api.openstack.wsgi_app [None req-a06a9090-12a5-414e-92dd-62704a4832a5 None None] Configuration options gathered from: {{(pid=108201) log_opt_values /opt/stack/data/venv/lib/python3.12/site-packages/oslo_config/cfg.py:2980}}
May 18 23:31:37.904564 np0000174544 devstack@n-api-meta.service[108201]: DEBUG nova.api.openstack.wsgi_app [None req-a06a9090-12a5-414e-92dd-62704a4832a5 None None] command line args: [] {{(pid=108201) log_opt_values /opt/stack/data/venv/lib/python3.12/site-packages/oslo_config/cfg.py:2981}}
May 18 23:31:37.904828 np0000174544 devstack@n-api-meta.service[108201]: DEBUG nova.api.openstack.wsgi_app [None req-a06a9090-12a5-414e-92dd-62704a4832a5 None None] config files: ['/etc/nova/api-paste.ini', '/etc/nova/nova.conf'] {{(pid=108201) log_opt_values /opt/stack/data/venv/lib/python3.12/site-packages/oslo_config/cfg.py:2982}}
May 18 23:31:37.904828 np0000174544 devstack@n-api-meta.service[108201]: DEBUG nova.api.openstack.wsgi_app [None req-a06a9090-12a5-414e-92dd-62704a4832a5 None None] ================================================================================ {{(pid=108201) log_opt_values /opt/stack/data/venv/lib/python3.12/site-packages/oslo_config/cfg.py:2987}}
May 18 23:31:37.904933 np0000174544 devstack@n-api-meta.service[108201]: DEBUG nova.api.openstack.wsgi_app [None req-a06a9090-12a5-414e-92dd-62704a4832a5 None None] allow_resize_to_same_host = True {{(pid=108201) log_opt_values /opt/stack/data/venv/lib/python3.12/site-packages/oslo_config/cfg.py:2995}}
May 18 23:31:37.905077 np0000174544 devstack@n-api-meta.service[108201]: DEBUG nova.api.openstack.wsgi_app [None req-a06a9090-12a5-414e-92dd-62704a4832a5 None None] arq_binding_timeout = 300 {{(pid=108201) log_opt_values /opt/stack/data/venv/lib/python3.12/site-packages/oslo_config/cfg.py:2995}}
May 18 23:31:37.905195 np0000174544 devstack@n-api-meta.service[108201]: DEBUG nova.api.openstack.wsgi_app [None req-a06a9090-12a5-414e-92dd-62704a4832a5 None None] block_device_allocate_retries = 60 {{(pid=108201) log_opt_values /opt/stack/data/venv/lib/python3.12/site-packages/oslo_config/cfg.py:2995}}
May 18 23:31:37.905318 np0000174544 devstack@n-api-meta.service[108201]: DEBUG nova.api.openstack.wsgi_app [None req-a06a9090-12a5-414e-92dd-62704a4832a5 None None] block_device_allocate_retries_interval = 3 {{(pid=108201) log_opt_values /opt/stack/data/venv/lib/python3.12/site-packages/oslo_config/cfg.py:2995}}
May 18 23:31:37.905440 np0000174544 devstack@n-api-meta.service[108201]: DEBUG nova.api.openstack.wsgi_app [None req-a06a9090-12a5-414e-92dd-62704a4832a5 None None] cell_worker_thread_pool_size = 5 {{(pid=108201) log_opt_values /opt/stack/data/venv/lib/python3.12/site-packages/oslo_config/cfg.py:2995}}
May 18 23:31:37.905599 np0000174544 devstack@n-api-meta.service[108201]: DEBUG nova.api.openstack.wsgi_app [None req-a06a9090-12a5-414e-92dd-62704a4832a5 None None] cert = self.pem {{(pid=108201) log_opt_values /opt/stack/data/venv/lib/python3.12/site-packages/oslo_config/cfg.py:2995}}
May 18 23:31:37.905728 np0000174544 devstack@n-api-meta.service[108201]: DEBUG nova.api.openstack.wsgi_app [None req-a06a9090-12a5-414e-92dd-62704a4832a5 None None] compute_driver = libvirt.LibvirtDriver {{(pid=108201) log_opt_values /opt/stack/data/venv/lib/python3.12/site-packages/oslo_config/cfg.py:2995}}
May 18 23:31:37.905879 np0000174544 devstack@n-api-meta.service[108201]: DEBUG nova.api.openstack.wsgi_app [None req-a06a9090-12a5-414e-92dd-62704a4832a5 None None] compute_monitors = [] {{(pid=108201) log_opt_values /opt/stack/data/venv/lib/python3.12/site-packages/oslo_config/cfg.py:2995}}
May 18 23:31:37.906014 np0000174544 devstack@n-api-meta.service[108201]: DEBUG nova.api.openstack.wsgi_app [None req-a06a9090-12a5-414e-92dd-62704a4832a5 None None] config_dir = [] {{(pid=108201) log_opt_values /opt/stack/data/venv/lib/python3.12/site-packages/oslo_config/cfg.py:2995}}
May 18 23:31:37.906151 np0000174544 devstack@n-api-meta.service[108201]: DEBUG nova.api.openstack.wsgi_app [None req-a06a9090-12a5-414e-92dd-62704a4832a5 None None] config_drive_format = iso9660 {{(pid=108201) log_opt_values /opt/stack/data/venv/lib/python3.12/site-packages/oslo_config/cfg.py:2995}}
May 18 23:31:37.906256 np0000174544 devstack@n-api-meta.service[108201]: DEBUG nova.api.openstack.wsgi_app [None req-a06a9090-12a5-414e-92dd-62704a4832a5 None None] config_file = ['/etc/nova/api-paste.ini', '/etc/nova/nova.conf'] {{(pid=108201) log_opt_values /opt/stack/data/venv/lib/python3.12/site-packages/oslo_config/cfg.py:2995}}
May 18 23:31:37.906385 np0000174544 devstack@n-api-meta.service[108201]: DEBUG nova.api.openstack.wsgi_app [None req-a06a9090-12a5-414e-92dd-62704a4832a5 None None] config_source = [] {{(pid=108201) log_opt_values /opt/stack/data/venv/lib/python3.12/site-packages/oslo_config/cfg.py:2995}}
May 18 23:31:37.906520 np0000174544 devstack@n-api-meta.service[108201]: DEBUG nova.api.openstack.wsgi_app [None req-a06a9090-12a5-414e-92dd-62704a4832a5 None None] console_host = np0000174544 {{(pid=108201) log_opt_values /opt/stack/data/venv/lib/python3.12/site-packages/oslo_config/cfg.py:2995}}
May 18 23:31:37.906653 np0000174544 devstack@n-api-meta.service[108201]: DEBUG nova.api.openstack.wsgi_app [None req-a06a9090-12a5-414e-92dd-62704a4832a5 None None] control_exchange = nova {{(pid=108201) log_opt_values /opt/stack/data/venv/lib/python3.12/site-packages/oslo_config/cfg.py:2995}}
May 18 23:31:37.906798 np0000174544 devstack@n-api-meta.service[108201]: DEBUG nova.api.openstack.wsgi_app [None req-a06a9090-12a5-414e-92dd-62704a4832a5 None None] cpu_allocation_ratio = None {{(pid=108201) log_opt_values /opt/stack/data/venv/lib/python3.12/site-packages/oslo_config/cfg.py:2995}}
May 18 23:31:37.906927 np0000174544 devstack@n-api-meta.service[108201]: DEBUG nova.api.openstack.wsgi_app [None req-a06a9090-12a5-414e-92dd-62704a4832a5 None None] daemon = False {{(pid=108201) log_opt_values /opt/stack/data/venv/lib/python3.12/site-packages/oslo_config/cfg.py:2995}}
May 18 23:31:37.907058 np0000174544 devstack@n-api-meta.service[108201]: DEBUG nova.api.openstack.wsgi_app [None req-a06a9090-12a5-414e-92dd-62704a4832a5 None None] debug = True {{(pid=108201) log_opt_values /opt/stack/data/venv/lib/python3.12/site-packages/oslo_config/cfg.py:2995}}
May 18 23:31:37.907185 np0000174544 devstack@n-api-meta.service[108201]: DEBUG nova.api.openstack.wsgi_app [None req-a06a9090-12a5-414e-92dd-62704a4832a5 None None] default_access_ip_network_name = None {{(pid=108201) log_opt_values /opt/stack/data/venv/lib/python3.12/site-packages/oslo_config/cfg.py:2995}}
May 18 23:31:37.907324 np0000174544 devstack@n-api-meta.service[108201]: DEBUG nova.api.openstack.wsgi_app [None req-a06a9090-12a5-414e-92dd-62704a4832a5 None None] default_availability_zone = nova {{(pid=108201) log_opt_values /opt/stack/data/venv/lib/python3.12/site-packages/oslo_config/cfg.py:2995}}
May 18 23:31:37.907455 np0000174544 devstack@n-api-meta.service[108201]: DEBUG nova.api.openstack.wsgi_app [None req-a06a9090-12a5-414e-92dd-62704a4832a5 None None] default_ephemeral_format = ext4 {{(pid=108201) log_opt_values /opt/stack/data/venv/lib/python3.12/site-packages/oslo_config/cfg.py:2995}}
May 18 23:31:37.907946 np0000174544 devstack@n-api-meta.service[108201]: DEBUG nova.api.openstack.wsgi_app [None req-a06a9090-12a5-414e-92dd-62704a4832a5 None None] default_green_pool_size = 1000 {{(pid=108201) log_opt_values /opt/stack/data/venv/lib/python3.12/site-packages/oslo_config/cfg.py:2995}}
May 18 23:31:37.907946 np0000174544 devstack@n-api-meta.service[108201]: DEBUG nova.api.openstack.wsgi_app [None req-a06a9090-12a5-414e-92dd-62704a4832a5 None None] default_log_levels = ['amqp=WARN', 'boto=WARN', 'sqlalchemy=WARN', 'suds=INFO', 'oslo.messaging=INFO', 'oslo_messaging=INFO', 'iso8601=WARN', 'requests.packages.urllib3.connectionpool=WARN', 'urllib3.connectionpool=WARN', 'websocket=WARN', 'requests.packages.urllib3.util.retry=WARN', 'urllib3.util.retry=WARN', 'keystonemiddleware=WARN', 'routes.middleware=WARN', 'stevedore=WARN', 'taskflow=WARN', 'keystoneauth=WARN', 'oslo.cache=INFO', 'oslo_policy=INFO', 'dogpile.core.dogpile=INFO', 'glanceclient=WARN', 'oslo.privsep.daemon=INFO'] {{(pid=108201) log_opt_values /opt/stack/data/venv/lib/python3.12/site-packages/oslo_config/cfg.py:2995}}
May 18 23:31:37.907946 np0000174544 devstack@n-api-meta.service[108201]: DEBUG nova.api.openstack.wsgi_app [None req-a06a9090-12a5-414e-92dd-62704a4832a5 None None] default_schedule_zone = None {{(pid=108201) log_opt_values /opt/stack/data/venv/lib/python3.12/site-packages/oslo_config/cfg.py:2995}}
May 18 23:31:37.908232 np0000174544 devstack@n-api-meta.service[108201]: DEBUG nova.api.openstack.wsgi_app [None req-a06a9090-12a5-414e-92dd-62704a4832a5 None None] default_thread_pool_size = 10 {{(pid=108201) log_opt_values /opt/stack/data/venv/lib/python3.12/site-packages/oslo_config/cfg.py:2995}}
May 18 23:31:37.908232 np0000174544 devstack@n-api-meta.service[108201]: DEBUG nova.api.openstack.wsgi_app [None req-a06a9090-12a5-414e-92dd-62704a4832a5 None None] disk_allocation_ratio = None {{(pid=108201) log_opt_values /opt/stack/data/venv/lib/python3.12/site-packages/oslo_config/cfg.py:2995}}
May 18 23:31:37.908338 np0000174544 devstack@n-api-meta.service[108201]: DEBUG nova.api.openstack.wsgi_app [None req-a06a9090-12a5-414e-92dd-62704a4832a5 None None] enable_new_services = True {{(pid=108201) log_opt_values /opt/stack/data/venv/lib/python3.12/site-packages/oslo_config/cfg.py:2995}}
May 18 23:31:37.908403 np0000174544 devstack@n-api-meta.service[108201]: DEBUG nova.api.openstack.wsgi_app [None req-a06a9090-12a5-414e-92dd-62704a4832a5 None None] flat_injected = False {{(pid=108201) log_opt_values /opt/stack/data/venv/lib/python3.12/site-packages/oslo_config/cfg.py:2995}}
May 18 23:31:37.908536 np0000174544 devstack@n-api-meta.service[108201]: DEBUG nova.api.openstack.wsgi_app [None req-a06a9090-12a5-414e-92dd-62704a4832a5 None None] force_config_drive = False {{(pid=108201) log_opt_values /opt/stack/data/venv/lib/python3.12/site-packages/oslo_config/cfg.py:2995}}
May 18 23:31:37.908657 np0000174544 devstack@n-api-meta.service[108201]: DEBUG nova.api.openstack.wsgi_app [None req-a06a9090-12a5-414e-92dd-62704a4832a5 None None] force_raw_images = True {{(pid=108201) log_opt_values /opt/stack/data/venv/lib/python3.12/site-packages/oslo_config/cfg.py:2995}}
May 18 23:31:37.908809 np0000174544 devstack@n-api-meta.service[108201]: DEBUG nova.api.openstack.wsgi_app [None req-a06a9090-12a5-414e-92dd-62704a4832a5 None None] graceful_shutdown_timeout = 5 {{(pid=108201) log_opt_values /opt/stack/data/venv/lib/python3.12/site-packages/oslo_config/cfg.py:2995}}
May 18 23:31:37.908936 np0000174544 devstack@n-api-meta.service[108201]: DEBUG nova.api.openstack.wsgi_app [None req-a06a9090-12a5-414e-92dd-62704a4832a5 None None] heal_instance_info_cache_interval = -1 {{(pid=108201) log_opt_values /opt/stack/data/venv/lib/python3.12/site-packages/oslo_config/cfg.py:2995}}
May 18 23:31:37.909141 np0000174544 devstack@n-api-meta.service[108201]: DEBUG nova.api.openstack.wsgi_app [None req-a06a9090-12a5-414e-92dd-62704a4832a5 None None] host = np0000174544 {{(pid=108201) log_opt_values /opt/stack/data/venv/lib/python3.12/site-packages/oslo_config/cfg.py:2995}}
May 18 23:31:37.909265 np0000174544 devstack@n-api-meta.service[108201]: DEBUG nova.api.openstack.wsgi_app [None req-a06a9090-12a5-414e-92dd-62704a4832a5 None None] initial_cpu_allocation_ratio = 4.0 {{(pid=108201) log_opt_values /opt/stack/data/venv/lib/python3.12/site-packages/oslo_config/cfg.py:2995}}
May 18 23:31:37.909393 np0000174544 devstack@n-api-meta.service[108201]: DEBUG nova.api.openstack.wsgi_app [None req-a06a9090-12a5-414e-92dd-62704a4832a5 None None] initial_disk_allocation_ratio = 1.0 {{(pid=108201) log_opt_values /opt/stack/data/venv/lib/python3.12/site-packages/oslo_config/cfg.py:2995}}
May 18 23:31:37.909451 np0000174544 devstack@n-api-meta.service[108202]: DEBUG dbcounter [-] [108202] Writer thread running {{(pid=108202) stat_writer /opt/stack/data/venv/lib/python3.12/site-packages/dbcounter.py:102}}
May 18 23:31:37.909509 np0000174544 devstack@n-api-meta.service[108201]: DEBUG nova.api.openstack.wsgi_app [None req-a06a9090-12a5-414e-92dd-62704a4832a5 None None] initial_ram_allocation_ratio = 1.0 {{(pid=108201) log_opt_values /opt/stack/data/venv/lib/python3.12/site-packages/oslo_config/cfg.py:2995}}
May 18 23:31:37.909713 np0000174544 devstack@n-api-meta.service[108201]: DEBUG nova.api.openstack.wsgi_app [None req-a06a9090-12a5-414e-92dd-62704a4832a5 None None] injected_network_template = /opt/stack/nova/nova/virt/interfaces.template {{(pid=108201) log_opt_values /opt/stack/data/venv/lib/python3.12/site-packages/oslo_config/cfg.py:2995}}
May 18 23:31:37.909857 np0000174544 devstack@n-api-meta.service[108201]: DEBUG nova.api.openstack.wsgi_app [None req-a06a9090-12a5-414e-92dd-62704a4832a5 None None] instance_build_timeout = 0 {{(pid=108201) log_opt_values /opt/stack/data/venv/lib/python3.12/site-packages/oslo_config/cfg.py:2995}}
May 18 23:31:37.910172 np0000174544 devstack@n-api-meta.service[108201]: DEBUG nova.api.openstack.wsgi_app [None req-a06a9090-12a5-414e-92dd-62704a4832a5 None None] instance_delete_interval = 300 {{(pid=108201) log_opt_values /opt/stack/data/venv/lib/python3.12/site-packages/oslo_config/cfg.py:2995}}
May 18 23:31:37.910303 np0000174544 devstack@n-api-meta.service[108201]: DEBUG nova.api.openstack.wsgi_app [None req-a06a9090-12a5-414e-92dd-62704a4832a5 None None] instance_format = [instance: %(uuid)s] {{(pid=108201) log_opt_values /opt/stack/data/venv/lib/python3.12/site-packages/oslo_config/cfg.py:2995}}
May 18 23:31:37.910433 np0000174544 devstack@n-api-meta.service[108201]: DEBUG nova.api.openstack.wsgi_app [None req-a06a9090-12a5-414e-92dd-62704a4832a5 None None] instance_name_template = instance-%08x {{(pid=108201) log_opt_values /opt/stack/data/venv/lib/python3.12/site-packages/oslo_config/cfg.py:2995}}
May 18 23:31:37.910559 np0000174544 devstack@n-api-meta.service[108201]: DEBUG nova.api.openstack.wsgi_app [None req-a06a9090-12a5-414e-92dd-62704a4832a5 None None] instance_usage_audit = False {{(pid=108201) log_opt_values /opt/stack/data/venv/lib/python3.12/site-packages/oslo_config/cfg.py:2995}}
May 18 23:31:37.910695 np0000174544 devstack@n-api-meta.service[108201]: DEBUG nova.api.openstack.wsgi_app [None req-a06a9090-12a5-414e-92dd-62704a4832a5 None None] instance_usage_audit_period = month {{(pid=108201) log_opt_values /opt/stack/data/venv/lib/python3.12/site-packages/oslo_config/cfg.py:2995}}
May 18 23:31:37.910844 np0000174544 devstack@n-api-meta.service[108201]: DEBUG nova.api.openstack.wsgi_app [None req-a06a9090-12a5-414e-92dd-62704a4832a5 None None] instance_uuid_format = [instance: %(uuid)s] {{(pid=108201) log_opt_values /opt/stack/data/venv/lib/python3.12/site-packages/oslo_config/cfg.py:2995}}
May 18 23:31:37.911174 np0000174544 devstack@n-api-meta.service[108201]: DEBUG nova.api.openstack.wsgi_app [None req-a06a9090-12a5-414e-92dd-62704a4832a5 None None] instances_path = /opt/stack/data/nova/instances {{(pid=108201) log_opt_values /opt/stack/data/venv/lib/python3.12/site-packages/oslo_config/cfg.py:2995}}
May 18 23:31:37.911279 np0000174544 devstack@n-api-meta.service[108201]: DEBUG nova.api.openstack.wsgi_app [None req-a06a9090-12a5-414e-92dd-62704a4832a5 None None] internal_service_availability_zone = internal {{(pid=108201) log_opt_values /opt/stack/data/venv/lib/python3.12/site-packages/oslo_config/cfg.py:2995}}
