May 06 11:25:23.710115 np0000172249 nova-scheduler[108454]: DEBUG cotyledon.oslo_config_glue [-] vnc.novncproxy_base_url = http://127.0.0.1:6080/vnc_auto.html {{(pid=108454) log_opt_values /opt/stack/data/venv/lib/python3.12/site-packages/oslo_config/cfg.py:3006}}
May 06 11:25:23.710115 np0000172249 nova-scheduler[108454]: DEBUG cotyledon.oslo_config_glue [-] vnc.novncproxy_host = 0.0.0.0 {{(pid=108454) log_opt_values /opt/stack/data/venv/lib/python3.12/site-packages/oslo_config/cfg.py:3006}}
May 06 11:25:23.710115 np0000172249 nova-scheduler[108454]: DEBUG cotyledon.oslo_config_glue [-] vnc.novncproxy_port = 6080 {{(pid=108454) log_opt_values /opt/stack/data/venv/lib/python3.12/site-packages/oslo_config/cfg.py:3006}}
May 06 11:25:23.710115 np0000172249 nova-scheduler[108454]: DEBUG cotyledon.oslo_config_glue [-] vnc.server_listen = 127.0.0.1 {{(pid=108454) log_opt_values /opt/stack/data/venv/lib/python3.12/site-packages/oslo_config/cfg.py:3006}}
May 06 11:25:23.710115 np0000172249 nova-scheduler[108454]: DEBUG cotyledon.oslo_config_glue [-] vnc.server_proxyclient_address = 127.0.0.1 {{(pid=108454) log_opt_values /opt/stack/data/venv/lib/python3.12/site-packages/oslo_config/cfg.py:3006}}
May 06 11:25:23.710115 np0000172249 nova-scheduler[108454]: DEBUG cotyledon.oslo_config_glue [-] vnc.vencrypt_ca_certs = None {{(pid=108454) log_opt_values /opt/stack/data/venv/lib/python3.12/site-packages/oslo_config/cfg.py:3006}}
May 06 11:25:23.710115 np0000172249 nova-scheduler[108454]: DEBUG cotyledon.oslo_config_glue [-] vnc.vencrypt_client_cert = None {{(pid=108454) log_opt_values /opt/stack/data/venv/lib/python3.12/site-packages/oslo_config/cfg.py:3006}}
May 06 11:25:23.710115 np0000172249 nova-scheduler[108454]: DEBUG cotyledon.oslo_config_glue [-] vnc.vencrypt_client_key = None {{(pid=108454) log_opt_values /opt/stack/data/venv/lib/python3.12/site-packages/oslo_config/cfg.py:3006}}
May 06 11:25:23.710115 np0000172249 nova-scheduler[108454]: DEBUG cotyledon.oslo_config_glue [-] workarounds.disable_compute_service_check_for_ffu = False {{(pid=108454) log_opt_values /opt/stack/data/venv/lib/python3.12/site-packages/oslo_config/cfg.py:3006}}
May 06 11:25:23.710370 np0000172249 nova-scheduler[108454]: DEBUG cotyledon.oslo_config_glue [-] workarounds.disable_deep_image_inspection = False {{(pid=108454) log_opt_values /opt/stack/data/venv/lib/python3.12/site-packages/oslo_config/cfg.py:3006}}
May 06 11:25:23.710370 np0000172249 nova-scheduler[108454]: DEBUG cotyledon.oslo_config_glue [-] workarounds.disable_fallback_pcpu_query = False {{(pid=108454) log_opt_values /opt/stack/data/venv/lib/python3.12/site-packages/oslo_config/cfg.py:3006}}
May 06 11:25:23.710370 np0000172249 nova-scheduler[108454]: DEBUG cotyledon.oslo_config_glue [-] workarounds.disable_group_policy_check_upcall = False {{(pid=108454) log_opt_values /opt/stack/data/venv/lib/python3.12/site-packages/oslo_config/cfg.py:3006}}
May 06 11:25:23.710370 np0000172249 nova-scheduler[108454]: DEBUG cotyledon.oslo_config_glue [-] workarounds.disable_libvirt_livesnapshot = False {{(pid=108454) log_opt_values /opt/stack/data/venv/lib/python3.12/site-packages/oslo_config/cfg.py:3006}}
May 06 11:25:23.710370 np0000172249 nova-scheduler[108454]: DEBUG cotyledon.oslo_config_glue [-] workarounds.disable_rootwrap = False {{(pid=108454) log_opt_values /opt/stack/data/venv/lib/python3.12/site-packages/oslo_config/cfg.py:3006}}
May 06 11:25:23.710370 np0000172249 nova-scheduler[108454]: DEBUG cotyledon.oslo_config_glue [-] workarounds.enable_numa_live_migration = False {{(pid=108454) log_opt_values /opt/stack/data/venv/lib/python3.12/site-packages/oslo_config/cfg.py:3006}}
May 06 11:25:23.710370 np0000172249 nova-scheduler[108454]: DEBUG cotyledon.oslo_config_glue [-] workarounds.enable_qemu_monitor_announce_self = False {{(pid=108454) log_opt_values /opt/stack/data/venv/lib/python3.12/site-packages/oslo_config/cfg.py:3006}}
May 06 11:25:23.710370 np0000172249 nova-scheduler[108454]: DEBUG cotyledon.oslo_config_glue [-] workarounds.ensure_libvirt_rbd_instance_dir_cleanup = False {{(pid=108454) log_opt_values /opt/stack/data/venv/lib/python3.12/site-packages/oslo_config/cfg.py:3006}}
May 06 11:25:23.710370 np0000172249 nova-scheduler[108454]: DEBUG cotyledon.oslo_config_glue [-] workarounds.handle_virt_lifecycle_events = True {{(pid=108454) log_opt_values /opt/stack/data/venv/lib/python3.12/site-packages/oslo_config/cfg.py:3006}}
May 06 11:25:23.710924 np0000172249 nova-scheduler[108454]: DEBUG cotyledon.oslo_config_glue [-] workarounds.libvirt_disable_apic = False {{(pid=108454) log_opt_values /opt/stack/data/venv/lib/python3.12/site-packages/oslo_config/cfg.py:3006}}
May 06 11:25:23.710924 np0000172249 nova-scheduler[108454]: DEBUG cotyledon.oslo_config_glue [-] workarounds.never_download_image_if_on_rbd = False {{(pid=108454) log_opt_values /opt/stack/data/venv/lib/python3.12/site-packages/oslo_config/cfg.py:3006}}
May 06 11:25:23.710924 np0000172249 nova-scheduler[108454]: DEBUG cotyledon.oslo_config_glue [-] workarounds.qemu_monitor_announce_self_count = 3 {{(pid=108454) log_opt_values /opt/stack/data/venv/lib/python3.12/site-packages/oslo_config/cfg.py:3006}}
May 06 11:25:23.710924 np0000172249 nova-scheduler[108454]: DEBUG cotyledon.oslo_config_glue [-] workarounds.qemu_monitor_announce_self_interval = 1 {{(pid=108454) log_opt_values /opt/stack/data/venv/lib/python3.12/site-packages/oslo_config/cfg.py:3006}}
May 06 11:25:23.710924 np0000172249 nova-scheduler[108454]: DEBUG cotyledon.oslo_config_glue [-] workarounds.reserve_disk_resource_for_image_cache = False {{(pid=108454) log_opt_values /opt/stack/data/venv/lib/python3.12/site-packages/oslo_config/cfg.py:3006}}
May 06 11:25:23.710924 np0000172249 nova-scheduler[108454]: DEBUG cotyledon.oslo_config_glue [-] workarounds.skip_cpu_compare_at_startup = False {{(pid=108454) log_opt_values /opt/stack/data/venv/lib/python3.12/site-packages/oslo_config/cfg.py:3006}}
May 06 11:25:23.710924 np0000172249 nova-scheduler[108454]: DEBUG cotyledon.oslo_config_glue [-] workarounds.skip_cpu_compare_on_dest = False {{(pid=108454) log_opt_values /opt/stack/data/venv/lib/python3.12/site-packages/oslo_config/cfg.py:3006}}
May 06 11:25:23.710924 np0000172249 nova-scheduler[108454]: DEBUG cotyledon.oslo_config_glue [-] workarounds.skip_hypervisor_version_check_on_lm = False {{(pid=108454) log_opt_values /opt/stack/data/venv/lib/python3.12/site-packages/oslo_config/cfg.py:3006}}
May 06 11:25:23.710924 np0000172249 nova-scheduler[108454]: DEBUG cotyledon.oslo_config_glue [-] workarounds.skip_reserve_in_use_ironic_nodes = False {{(pid=108454) log_opt_values /opt/stack/data/venv/lib/python3.12/site-packages/oslo_config/cfg.py:3006}}
May 06 11:25:23.711164 np0000172249 nova-scheduler[108454]: DEBUG cotyledon.oslo_config_glue [-] workarounds.unified_limits_count_pcpu_as_vcpu = False {{(pid=108454) log_opt_values /opt/stack/data/venv/lib/python3.12/site-packages/oslo_config/cfg.py:3006}}
May 06 11:25:23.711164 np0000172249 nova-scheduler[108454]: DEBUG cotyledon.oslo_config_glue [-] workarounds.wait_for_vif_plugged_event_during_hard_reboot = [] {{(pid=108454) log_opt_values /opt/stack/data/venv/lib/python3.12/site-packages/oslo_config/cfg.py:3006}}
May 06 11:25:23.711164 np0000172249 nova-scheduler[108454]: DEBUG cotyledon.oslo_config_glue [-] wsgi.api_paste_config = /etc/nova/api-paste.ini {{(pid=108454) log_opt_values /opt/stack/data/venv/lib/python3.12/site-packages/oslo_config/cfg.py:3006}}
May 06 11:25:23.711164 np0000172249 nova-scheduler[108454]: DEBUG cotyledon.oslo_config_glue [-] wsgi.secure_proxy_ssl_header = None {{(pid=108454) log_opt_values /opt/stack/data/venv/lib/python3.12/site-packages/oslo_config/cfg.py:3006}}
May 06 11:25:23.711164 np0000172249 nova-scheduler[108454]: DEBUG cotyledon.oslo_config_glue [-] zvm.ca_file = None {{(pid=108454) log_opt_values /opt/stack/data/venv/lib/python3.12/site-packages/oslo_config/cfg.py:3006}}
May 06 11:25:23.711164 np0000172249 nova-scheduler[108454]: DEBUG cotyledon.oslo_config_glue [-] zvm.cloud_connector_url = None {{(pid=108454) log_opt_values /opt/stack/data/venv/lib/python3.12/site-packages/oslo_config/cfg.py:3006}}
May 06 11:25:23.711164 np0000172249 nova-scheduler[108454]: DEBUG cotyledon.oslo_config_glue [-] zvm.image_tmp_path = /opt/stack/data/nova/images {{(pid=108454) log_opt_values /opt/stack/data/venv/lib/python3.12/site-packages/oslo_config/cfg.py:3006}}
May 06 11:25:23.711164 np0000172249 nova-scheduler[108454]: DEBUG cotyledon.oslo_config_glue [-] zvm.reachable_timeout = 300 {{(pid=108454) log_opt_values /opt/stack/data/venv/lib/python3.12/site-packages/oslo_config/cfg.py:3006}}
May 06 11:25:23.711164 np0000172249 nova-scheduler[108454]: DEBUG cotyledon.oslo_config_glue [-] oslo_versionedobjects.fatal_exception_format_errors = False {{(pid=108454) log_opt_values /opt/stack/data/venv/lib/python3.12/site-packages/oslo_config/cfg.py:3006}}
May 06 11:25:23.711387 np0000172249 nova-scheduler[108454]: DEBUG cotyledon.oslo_config_glue [-] oslo_middleware.http_basic_auth_user_file = /etc/htpasswd {{(pid=108454) log_opt_values /opt/stack/data/venv/lib/python3.12/site-packages/oslo_config/cfg.py:3006}}
May 06 11:25:23.711387 np0000172249 nova-scheduler[108454]: DEBUG cotyledon.oslo_config_glue [-] oslo_messaging_metrics.metrics_buffer_size = 1000 {{(pid=108454) log_opt_values /opt/stack/data/venv/lib/python3.12/site-packages/oslo_config/cfg.py:3006}}
May 06 11:25:23.711387 np0000172249 nova-scheduler[108454]: DEBUG cotyledon.oslo_config_glue [-] oslo_messaging_metrics.metrics_enabled = False {{(pid=108454) log_opt_values /opt/stack/data/venv/lib/python3.12/site-packages/oslo_config/cfg.py:3006}}
May 06 11:25:23.711387 np0000172249 nova-scheduler[108454]: DEBUG cotyledon.oslo_config_glue [-] oslo_messaging_metrics.metrics_process_name = {{(pid=108454) log_opt_values /opt/stack/data/venv/lib/python3.12/site-packages/oslo_config/cfg.py:3006}}
May 06 11:25:23.711387 np0000172249 nova-scheduler[108454]: DEBUG cotyledon.oslo_config_glue [-] oslo_messaging_metrics.metrics_socket_file = /var/tmp/metrics_collector.sock {{(pid=108454) log_opt_values /opt/stack/data/venv/lib/python3.12/site-packages/oslo_config/cfg.py:3006}}
May 06 11:25:23.711387 np0000172249 nova-scheduler[108454]: DEBUG cotyledon.oslo_config_glue [-] oslo_messaging_metrics.metrics_thread_stop_timeout = 10 {{(pid=108454) log_opt_values /opt/stack/data/venv/lib/python3.12/site-packages/oslo_config/cfg.py:3006}}
May 06 11:25:23.711387 np0000172249 nova-scheduler[108454]: DEBUG cotyledon.oslo_config_glue [-] profiler.connection_string = messaging:// {{(pid=108454) log_opt_values /opt/stack/data/venv/lib/python3.12/site-packages/oslo_config/cfg.py:3006}}
May 06 11:25:23.711387 np0000172249 nova-scheduler[108454]: DEBUG cotyledon.oslo_config_glue [-] profiler.enabled = False {{(pid=108454) log_opt_values /opt/stack/data/venv/lib/python3.12/site-packages/oslo_config/cfg.py:3006}}
May 06 11:25:23.711710 np0000172249 nova-scheduler[108454]: DEBUG cotyledon.oslo_config_glue [-] profiler.es_doc_type = notification {{(pid=108454) log_opt_values /opt/stack/data/venv/lib/python3.12/site-packages/oslo_config/cfg.py:3006}}
May 06 11:25:23.711710 np0000172249 nova-scheduler[108454]: DEBUG cotyledon.oslo_config_glue [-] profiler.es_scroll_size = 10000 {{(pid=108454) log_opt_values /opt/stack/data/venv/lib/python3.12/site-packages/oslo_config/cfg.py:3006}}
May 06 11:25:23.711710 np0000172249 nova-scheduler[108454]: DEBUG cotyledon.oslo_config_glue [-] profiler.es_scroll_time = 2m {{(pid=108454) log_opt_values /opt/stack/data/venv/lib/python3.12/site-packages/oslo_config/cfg.py:3006}}
May 06 11:25:23.711710 np0000172249 nova-scheduler[108454]: DEBUG cotyledon.oslo_config_glue [-] profiler.filter_error_trace = False {{(pid=108454) log_opt_values /opt/stack/data/venv/lib/python3.12/site-packages/oslo_config/cfg.py:3006}}
May 06 11:25:23.711710 np0000172249 nova-scheduler[108454]: DEBUG cotyledon.oslo_config_glue [-] profiler.hmac_keys = **** {{(pid=108454) log_opt_values /opt/stack/data/venv/lib/python3.12/site-packages/oslo_config/cfg.py:3006}}
May 06 11:25:23.711710 np0000172249 nova-scheduler[108454]: DEBUG cotyledon.oslo_config_glue [-] profiler.sentinel_service_name = mymaster {{(pid=108454) log_opt_values /opt/stack/data/venv/lib/python3.12/site-packages/oslo_config/cfg.py:3006}}
May 06 11:25:23.711710 np0000172249 nova-scheduler[108454]: DEBUG cotyledon.oslo_config_glue [-] profiler.socket_timeout = 0.1 {{(pid=108454) log_opt_values /opt/stack/data/venv/lib/python3.12/site-packages/oslo_config/cfg.py:3006}}
May 06 11:25:23.711710 np0000172249 nova-scheduler[108454]: DEBUG cotyledon.oslo_config_glue [-] profiler.trace_requests = False {{(pid=108454) log_opt_values /opt/stack/data/venv/lib/python3.12/site-packages/oslo_config/cfg.py:3006}}
May 06 11:25:23.711710 np0000172249 nova-scheduler[108454]: DEBUG cotyledon.oslo_config_glue [-] profiler.trace_sqlalchemy = False {{(pid=108454) log_opt_values /opt/stack/data/venv/lib/python3.12/site-packages/oslo_config/cfg.py:3006}}
May 06 11:25:23.712072 np0000172249 nova-scheduler[108454]: DEBUG cotyledon.oslo_config_glue [-] profiler_jaeger.process_tags = {} {{(pid=108454) log_opt_values /opt/stack/data/venv/lib/python3.12/site-packages/oslo_config/cfg.py:3006}}
May 06 11:25:23.712072 np0000172249 nova-scheduler[108454]: DEBUG cotyledon.oslo_config_glue [-] profiler_jaeger.service_name_prefix = None {{(pid=108454) log_opt_values /opt/stack/data/venv/lib/python3.12/site-packages/oslo_config/cfg.py:3006}}
May 06 11:25:23.712072 np0000172249 nova-scheduler[108454]: DEBUG cotyledon.oslo_config_glue [-] profiler_otlp.service_name_prefix = None {{(pid=108454) log_opt_values /opt/stack/data/venv/lib/python3.12/site-packages/oslo_config/cfg.py:3006}}
May 06 11:25:23.712072 np0000172249 nova-scheduler[108454]: DEBUG cotyledon.oslo_config_glue [-] oslo_messaging_rabbit.amqp_auto_delete = False {{(pid=108454) log_opt_values /opt/stack/data/venv/lib/python3.12/site-packages/oslo_config/cfg.py:3006}}
May 06 11:25:23.712072 np0000172249 nova-scheduler[108454]: DEBUG cotyledon.oslo_config_glue [-] oslo_messaging_rabbit.amqp_durable_queues = False {{(pid=108454) log_opt_values /opt/stack/data/venv/lib/python3.12/site-packages/oslo_config/cfg.py:3006}}
May 06 11:25:23.712072 np0000172249 nova-scheduler[108454]: DEBUG cotyledon.oslo_config_glue [-] oslo_messaging_rabbit.conn_pool_min_size = 2 {{(pid=108454) log_opt_values /opt/stack/data/venv/lib/python3.12/site-packages/oslo_config/cfg.py:3006}}
May 06 11:25:23.712072 np0000172249 nova-scheduler[108454]: DEBUG cotyledon.oslo_config_glue [-] oslo_messaging_rabbit.conn_pool_ttl = 1200 {{(pid=108454) log_opt_values /opt/stack/data/venv/lib/python3.12/site-packages/oslo_config/cfg.py:3006}}
May 06 11:25:23.712072 np0000172249 nova-scheduler[108454]: DEBUG cotyledon.oslo_config_glue [-] oslo_messaging_rabbit.direct_mandatory_flag = True {{(pid=108454) log_opt_values /opt/stack/data/venv/lib/python3.12/site-packages/oslo_config/cfg.py:3006}}
May 06 11:25:23.712072 np0000172249 nova-scheduler[108454]: DEBUG cotyledon.oslo_config_glue [-] oslo_messaging_rabbit.enable_cancel_on_failover = False {{(pid=108454) log_opt_values /opt/stack/data/venv/lib/python3.12/site-packages/oslo_config/cfg.py:3006}}
May 06 11:25:23.712325 np0000172249 nova-scheduler[108454]: DEBUG cotyledon.oslo_config_glue [-] oslo_messaging_rabbit.heartbeat_in_pthread = False {{(pid=108454) log_opt_values /opt/stack/data/venv/lib/python3.12/site-packages/oslo_config/cfg.py:3006}}
May 06 11:25:23.712325 np0000172249 nova-scheduler[108454]: DEBUG cotyledon.oslo_config_glue [-] oslo_messaging_rabbit.heartbeat_rate = 3 {{(pid=108454) log_opt_values /opt/stack/data/venv/lib/python3.12/site-packages/oslo_config/cfg.py:3006}}
May 06 11:25:23.712325 np0000172249 nova-scheduler[108454]: DEBUG cotyledon.oslo_config_glue [-] oslo_messaging_rabbit.heartbeat_timeout_threshold = 60 {{(pid=108454) log_opt_values /opt/stack/data/venv/lib/python3.12/site-packages/oslo_config/cfg.py:3006}}
May 06 11:25:23.712325 np0000172249 nova-scheduler[108454]: DEBUG cotyledon.oslo_config_glue [-] oslo_messaging_rabbit.hostname = np0000172249 {{(pid=108454) log_opt_values /opt/stack/data/venv/lib/python3.12/site-packages/oslo_config/cfg.py:3006}}
May 06 11:25:23.712325 np0000172249 nova-scheduler[108454]: DEBUG cotyledon.oslo_config_glue [-] oslo_messaging_rabbit.kombu_compression = None {{(pid=108454) log_opt_values /opt/stack/data/venv/lib/python3.12/site-packages/oslo_config/cfg.py:3006}}
May 06 11:25:23.712325 np0000172249 nova-scheduler[108454]: DEBUG cotyledon.oslo_config_glue [-] oslo_messaging_rabbit.kombu_failover_strategy = round-robin {{(pid=108454) log_opt_values /opt/stack/data/venv/lib/python3.12/site-packages/oslo_config/cfg.py:3006}}
May 06 11:25:23.712325 np0000172249 nova-scheduler[108454]: DEBUG cotyledon.oslo_config_glue [-] oslo_messaging_rabbit.kombu_missing_consumer_retry_timeout = 60 {{(pid=108454) log_opt_values /opt/stack/data/venv/lib/python3.12/site-packages/oslo_config/cfg.py:3006}}
May 06 11:25:23.712325 np0000172249 nova-scheduler[108454]: DEBUG cotyledon.oslo_config_glue [-] oslo_messaging_rabbit.kombu_reconnect_delay = 1.0 {{(pid=108454) log_opt_values /opt/stack/data/venv/lib/python3.12/site-packages/oslo_config/cfg.py:3006}}
May 06 11:25:23.712542 np0000172249 nova-scheduler[108454]: DEBUG cotyledon.oslo_config_glue [-] oslo_messaging_rabbit.kombu_reconnect_splay = 0.0 {{(pid=108454) log_opt_values /opt/stack/data/venv/lib/python3.12/site-packages/oslo_config/cfg.py:3006}}
May 06 11:25:23.712542 np0000172249 nova-scheduler[108454]: DEBUG cotyledon.oslo_config_glue [-] oslo_messaging_rabbit.processname = nova-scheduler {{(pid=108454) log_opt_values /opt/stack/data/venv/lib/python3.12/site-packages/oslo_config/cfg.py:3006}}
May 06 11:25:23.712542 np0000172249 nova-scheduler[108454]: DEBUG cotyledon.oslo_config_glue [-] oslo_messaging_rabbit.rabbit_ha_queues = False {{(pid=108454) log_opt_values /opt/stack/data/venv/lib/python3.12/site-packages/oslo_config/cfg.py:3006}}
May 06 11:25:23.712542 np0000172249 nova-scheduler[108454]: DEBUG cotyledon.oslo_config_glue [-] oslo_messaging_rabbit.rabbit_interval_max = 30 {{(pid=108454) log_opt_values /opt/stack/data/venv/lib/python3.12/site-packages/oslo_config/cfg.py:3006}}
May 06 11:25:23.712542 np0000172249 nova-scheduler[108454]: DEBUG cotyledon.oslo_config_glue [-] oslo_messaging_rabbit.rabbit_login_method = AMQPLAIN {{(pid=108454) log_opt_values /opt/stack/data/venv/lib/python3.12/site-packages/oslo_config/cfg.py:3006}}
May 06 11:25:23.712542 np0000172249 nova-scheduler[108454]: DEBUG cotyledon.oslo_config_glue [-] oslo_messaging_rabbit.rabbit_qos_prefetch_count = 0 {{(pid=108454) log_opt_values /opt/stack/data/venv/lib/python3.12/site-packages/oslo_config/cfg.py:3006}}
May 06 11:25:23.712542 np0000172249 nova-scheduler[108454]: DEBUG cotyledon.oslo_config_glue [-] oslo_messaging_rabbit.rabbit_quorum_delivery_limit = 0 {{(pid=108454) log_opt_values /opt/stack/data/venv/lib/python3.12/site-packages/oslo_config/cfg.py:3006}}
May 06 11:25:23.712542 np0000172249 nova-scheduler[108454]: DEBUG cotyledon.oslo_config_glue [-] oslo_messaging_rabbit.rabbit_quorum_max_memory_bytes = 0 {{(pid=108454) log_opt_values /opt/stack/data/venv/lib/python3.12/site-packages/oslo_config/cfg.py:3006}}
May 06 11:25:23.712763 np0000172249 nova-scheduler[108454]: DEBUG cotyledon.oslo_config_glue [-] oslo_messaging_rabbit.rabbit_quorum_max_memory_length = 0 {{(pid=108454) log_opt_values /opt/stack/data/venv/lib/python3.12/site-packages/oslo_config/cfg.py:3006}}
May 06 11:25:23.712763 np0000172249 nova-scheduler[108454]: DEBUG cotyledon.oslo_config_glue [-] oslo_messaging_rabbit.rabbit_quorum_queue = False {{(pid=108454) log_opt_values /opt/stack/data/venv/lib/python3.12/site-packages/oslo_config/cfg.py:3006}}
May 06 11:25:23.712763 np0000172249 nova-scheduler[108454]: DEBUG cotyledon.oslo_config_glue [-] oslo_messaging_rabbit.rabbit_retry_backoff = 2 {{(pid=108454) log_opt_values /opt/stack/data/venv/lib/python3.12/site-packages/oslo_config/cfg.py:3006}}
May 06 11:25:23.712763 np0000172249 nova-scheduler[108454]: DEBUG cotyledon.oslo_config_glue [-] oslo_messaging_rabbit.rabbit_retry_interval = 1 {{(pid=108454) log_opt_values /opt/stack/data/venv/lib/python3.12/site-packages/oslo_config/cfg.py:3006}}
May 06 11:25:23.712763 np0000172249 nova-scheduler[108454]: DEBUG cotyledon.oslo_config_glue [-] oslo_messaging_rabbit.rabbit_stream_fanout = False {{(pid=108454) log_opt_values /opt/stack/data/venv/lib/python3.12/site-packages/oslo_config/cfg.py:3006}}
May 06 11:25:23.712763 np0000172249 nova-scheduler[108454]: DEBUG cotyledon.oslo_config_glue [-] oslo_messaging_rabbit.rabbit_transient_queues_ttl = 1800 {{(pid=108454) log_opt_values /opt/stack/data/venv/lib/python3.12/site-packages/oslo_config/cfg.py:3006}}
May 06 11:25:23.712763 np0000172249 nova-scheduler[108454]: DEBUG cotyledon.oslo_config_glue [-] oslo_messaging_rabbit.rabbit_transient_quorum_queue = False {{(pid=108454) log_opt_values /opt/stack/data/venv/lib/python3.12/site-packages/oslo_config/cfg.py:3006}}
May 06 11:25:23.712763 np0000172249 nova-scheduler[108454]: DEBUG cotyledon.oslo_config_glue [-] oslo_messaging_rabbit.rpc_conn_pool_size = 30 {{(pid=108454) log_opt_values /opt/stack/data/venv/lib/python3.12/site-packages/oslo_config/cfg.py:3006}}
May 06 11:25:23.712763 np0000172249 nova-scheduler[108454]: DEBUG cotyledon.oslo_config_glue [-] oslo_messaging_rabbit.ssl = False {{(pid=108454) log_opt_values /opt/stack/data/venv/lib/python3.12/site-packages/oslo_config/cfg.py:3006}}
May 06 11:25:23.712983 np0000172249 nova-scheduler[108454]: DEBUG cotyledon.oslo_config_glue [-] oslo_messaging_rabbit.ssl_ca_file = {{(pid=108454) log_opt_values /opt/stack/data/venv/lib/python3.12/site-packages/oslo_config/cfg.py:3006}}
May 06 11:25:23.712983 np0000172249 nova-scheduler[108454]: DEBUG cotyledon.oslo_config_glue [-] oslo_messaging_rabbit.ssl_cert_file = {{(pid=108454) log_opt_values /opt/stack/data/venv/lib/python3.12/site-packages/oslo_config/cfg.py:3006}}
May 06 11:25:23.712983 np0000172249 nova-scheduler[108454]: DEBUG cotyledon.oslo_config_glue [-] oslo_messaging_rabbit.ssl_enforce_fips_mode = False {{(pid=108454) log_opt_values /opt/stack/data/venv/lib/python3.12/site-packages/oslo_config/cfg.py:3006}}
May 06 11:25:23.712983 np0000172249 nova-scheduler[108454]: DEBUG cotyledon.oslo_config_glue [-] oslo_messaging_rabbit.ssl_key_file = {{(pid=108454) log_opt_values /opt/stack/data/venv/lib/python3.12/site-packages/oslo_config/cfg.py:3006}}
May 06 11:25:23.712983 np0000172249 nova-scheduler[108454]: DEBUG cotyledon.oslo_config_glue [-] oslo_messaging_rabbit.ssl_version = {{(pid=108454) log_opt_values /opt/stack/data/venv/lib/python3.12/site-packages/oslo_config/cfg.py:3006}}
May 06 11:25:23.712983 np0000172249 nova-scheduler[108454]: DEBUG cotyledon.oslo_config_glue [-] oslo_messaging_rabbit.use_queue_manager = False {{(pid=108454) log_opt_values /opt/stack/data/venv/lib/python3.12/site-packages/oslo_config/cfg.py:3006}}
May 06 11:25:23.712983 np0000172249 nova-scheduler[108454]: DEBUG cotyledon.oslo_config_glue [-] oslo_messaging_notifications.driver = ['messagingv2'] {{(pid=108454) log_opt_values /opt/stack/data/venv/lib/python3.12/site-packages/oslo_config/cfg.py:3006}}
May 06 11:25:23.712983 np0000172249 nova-scheduler[108454]: DEBUG cotyledon.oslo_config_glue [-] oslo_messaging_notifications.retry = -1 {{(pid=108454) log_opt_values /opt/stack/data/venv/lib/python3.12/site-packages/oslo_config/cfg.py:3006}}
May 06 11:25:23.712983 np0000172249 nova-scheduler[108454]: DEBUG cotyledon.oslo_config_glue [-] oslo_messaging_notifications.topics = ['notifications'] {{(pid=108454) log_opt_values /opt/stack/data/venv/lib/python3.12/site-packages/oslo_config/cfg.py:3006}}
May 06 11:25:23.713212 np0000172249 nova-scheduler[108454]: DEBUG cotyledon.oslo_config_glue [-] oslo_messaging_notifications.transport_url = **** {{(pid=108454) log_opt_values /opt/stack/data/venv/lib/python3.12/site-packages/oslo_config/cfg.py:3006}}
May 06 11:25:23.713212 np0000172249 nova-scheduler[108454]: DEBUG cotyledon.oslo_config_glue [-] oslo_limit.auth_section = None {{(pid=108454) log_opt_values /opt/stack/data/venv/lib/python3.12/site-packages/oslo_config/cfg.py:3006}}
May 06 11:25:23.713212 np0000172249 nova-scheduler[108454]: DEBUG cotyledon.oslo_config_glue [-] oslo_limit.auth_type = None {{(pid=108454) log_opt_values /opt/stack/data/venv/lib/python3.12/site-packages/oslo_config/cfg.py:3006}}
May 06 11:25:23.713212 np0000172249 nova-scheduler[108454]: DEBUG cotyledon.oslo_config_glue [-] oslo_limit.cafile = None {{(pid=108454) log_opt_values /opt/stack/data/venv/lib/python3.12/site-packages/oslo_config/cfg.py:3006}}
May 06 11:25:23.713212 np0000172249 nova-scheduler[108454]: DEBUG cotyledon.oslo_config_glue [-] oslo_limit.certfile = None {{(pid=108454) log_opt_values /opt/stack/data/venv/lib/python3.12/site-packages/oslo_config/cfg.py:3006}}
May 06 11:25:23.713212 np0000172249 nova-scheduler[108454]: DEBUG cotyledon.oslo_config_glue [-] oslo_limit.collect_timing = False {{(pid=108454) log_opt_values /opt/stack/data/venv/lib/python3.12/site-packages/oslo_config/cfg.py:3006}}
May 06 11:25:23.713212 np0000172249 nova-scheduler[108454]: DEBUG cotyledon.oslo_config_glue [-] oslo_limit.connect_retries = None {{(pid=108454) log_opt_values /opt/stack/data/venv/lib/python3.12/site-packages/oslo_config/cfg.py:3006}}
May 06 11:25:23.713212 np0000172249 nova-scheduler[108454]: DEBUG cotyledon.oslo_config_glue [-] oslo_limit.connect_retry_delay = None {{(pid=108454) log_opt_values /opt/stack/data/venv/lib/python3.12/site-packages/oslo_config/cfg.py:3006}}
May 06 11:25:23.713212 np0000172249 nova-scheduler[108454]: DEBUG cotyledon.oslo_config_glue [-] oslo_limit.endpoint_id = None {{(pid=108454) log_opt_values /opt/stack/data/venv/lib/python3.12/site-packages/oslo_config/cfg.py:3006}}
May 06 11:25:23.713439 np0000172249 nova-scheduler[108454]: DEBUG cotyledon.oslo_config_glue [-] oslo_limit.endpoint_interface = public {{(pid=108454) log_opt_values /opt/stack/data/venv/lib/python3.12/site-packages/oslo_config/cfg.py:3006}}
May 06 11:25:23.713439 np0000172249 nova-scheduler[108454]: DEBUG cotyledon.oslo_config_glue [-] oslo_limit.endpoint_override = None {{(pid=108454) log_opt_values /opt/stack/data/venv/lib/python3.12/site-packages/oslo_config/cfg.py:3006}}
May 06 11:25:23.713439 np0000172249 nova-scheduler[108454]: DEBUG cotyledon.oslo_config_glue [-] oslo_limit.endpoint_region_name = None {{(pid=108454) log_opt_values /opt/stack/data/venv/lib/python3.12/site-packages/oslo_config/cfg.py:3006}}
May 06 11:25:23.713439 np0000172249 nova-scheduler[108454]: DEBUG cotyledon.oslo_config_glue [-] oslo_limit.endpoint_service_name = None {{(pid=108454) log_opt_values /opt/stack/data/venv/lib/python3.12/site-packages/oslo_config/cfg.py:3006}}
May 06 11:25:23.713439 np0000172249 nova-scheduler[108454]: DEBUG cotyledon.oslo_config_glue [-] oslo_limit.endpoint_service_type = None {{(pid=108454) log_opt_values /opt/stack/data/venv/lib/python3.12/site-packages/oslo_config/cfg.py:3006}}
May 06 11:25:23.713439 np0000172249 nova-scheduler[108454]: DEBUG cotyledon.oslo_config_glue [-] oslo_limit.insecure = False {{(pid=108454) log_opt_values /opt/stack/data/venv/lib/python3.12/site-packages/oslo_config/cfg.py:3006}}
May 06 11:25:23.713439 np0000172249 nova-scheduler[108454]: DEBUG cotyledon.oslo_config_glue [-] oslo_limit.keyfile = None {{(pid=108454) log_opt_values /opt/stack/data/venv/lib/python3.12/site-packages/oslo_config/cfg.py:3006}}
May 06 11:25:23.713439 np0000172249 nova-scheduler[108454]: DEBUG cotyledon.oslo_config_glue [-] oslo_limit.max_version = None {{(pid=108454) log_opt_values /opt/stack/data/venv/lib/python3.12/site-packages/oslo_config/cfg.py:3006}}
May 06 11:25:23.713439 np0000172249 nova-scheduler[108454]: DEBUG cotyledon.oslo_config_glue [-] oslo_limit.min_version = None {{(pid=108454) log_opt_values /opt/stack/data/venv/lib/python3.12/site-packages/oslo_config/cfg.py:3006}}
May 06 11:25:23.713674 np0000172249 nova-scheduler[108454]: DEBUG cotyledon.oslo_config_glue [-] oslo_limit.region_name = None {{(pid=108454) log_opt_values /opt/stack/data/venv/lib/python3.12/site-packages/oslo_config/cfg.py:3006}}
May 06 11:25:23.713674 np0000172249 nova-scheduler[108454]: DEBUG cotyledon.oslo_config_glue [-] oslo_limit.retriable_status_codes = None {{(pid=108454) log_opt_values /opt/stack/data/venv/lib/python3.12/site-packages/oslo_config/cfg.py:3006}}
May 06 11:25:23.713674 np0000172249 nova-scheduler[108454]: DEBUG cotyledon.oslo_config_glue [-] oslo_limit.service_name = None {{(pid=108454) log_opt_values /opt/stack/data/venv/lib/python3.12/site-packages/oslo_config/cfg.py:3006}}
May 06 11:25:23.713674 np0000172249 nova-scheduler[108454]: DEBUG cotyledon.oslo_config_glue [-] oslo_limit.service_type = None {{(pid=108454) log_opt_values /opt/stack/data/venv/lib/python3.12/site-packages/oslo_config/cfg.py:3006}}
May 06 11:25:23.713674 np0000172249 nova-scheduler[108454]: DEBUG cotyledon.oslo_config_glue [-] oslo_limit.split_loggers = False {{(pid=108454) log_opt_values /opt/stack/data/venv/lib/python3.12/site-packages/oslo_config/cfg.py:3006}}
May 06 11:25:23.713674 np0000172249 nova-scheduler[108454]: DEBUG cotyledon.oslo_config_glue [-] oslo_limit.status_code_retries = None {{(pid=108454) log_opt_values /opt/stack/data/venv/lib/python3.12/site-packages/oslo_config/cfg.py:3006}}
May 06 11:25:23.713674 np0000172249 nova-scheduler[108454]: DEBUG cotyledon.oslo_config_glue [-] oslo_limit.status_code_retry_delay = None {{(pid=108454) log_opt_values /opt/stack/data/venv/lib/python3.12/site-packages/oslo_config/cfg.py:3006}}
May 06 11:25:23.713674 np0000172249 nova-scheduler[108454]: DEBUG cotyledon.oslo_config_glue [-] oslo_limit.timeout = None {{(pid=108454) log_opt_values /opt/stack/data/venv/lib/python3.12/site-packages/oslo_config/cfg.py:3006}}
May 06 11:25:23.713674 np0000172249 nova-scheduler[108454]: DEBUG cotyledon.oslo_config_glue [-] oslo_limit.valid_interfaces = None {{(pid=108454) log_opt_values /opt/stack/data/venv/lib/python3.12/site-packages/oslo_config/cfg.py:3006}}
May 06 11:25:23.713884 np0000172249 nova-scheduler[108454]: DEBUG cotyledon.oslo_config_glue [-] oslo_limit.version = None {{(pid=108454) log_opt_values /opt/stack/data/venv/lib/python3.12/site-packages/oslo_config/cfg.py:3006}}
May 06 11:25:23.713884 np0000172249 nova-scheduler[108454]: DEBUG cotyledon.oslo_config_glue [-] oslo_reports.file_event_handler = None {{(pid=108454) log_opt_values /opt/stack/data/venv/lib/python3.12/site-packages/oslo_config/cfg.py:3006}}
May 06 11:25:23.713884 np0000172249 nova-scheduler[108454]: DEBUG cotyledon.oslo_config_glue [-] oslo_reports.file_event_handler_interval = 1 {{(pid=108454) log_opt_values /opt/stack/data/venv/lib/python3.12/site-packages/oslo_config/cfg.py:3006}}
May 06 11:25:23.713884 np0000172249 nova-scheduler[108454]: DEBUG cotyledon.oslo_config_glue [-] oslo_reports.log_dir = None {{(pid=108454) log_opt_values /opt/stack/data/venv/lib/python3.12/site-packages/oslo_config/cfg.py:3006}}
May 06 11:25:23.713884 np0000172249 nova-scheduler[108454]: DEBUG cotyledon.oslo_config_glue [-] ******************************************************************************** {{(pid=108454) log_opt_values /opt/stack/data/venv/lib/python3.12/site-packages/oslo_config/cfg.py:3013}}
May 06 11:25:23.713884 np0000172249 nova-scheduler[108454]: DEBUG cotyledon._service_worker [-] Run service ServiceWrapper(3) [108454] {{(pid=108454) wait_forever /opt/stack/data/venv/lib/python3.12/site-packages/cotyledon/_service_worker.py:218}}
May 06 11:25:23.713884 np0000172249 nova-scheduler[108454]: INFO nova.service [-] Starting scheduler node (version 33.1.0)
May 06 11:25:23.714053 np0000172249 nova-scheduler[108443]: DEBUG oslo_db.sqlalchemy.engines [None req-ac6a0eb0-7b6d-4bad-b0cf-7d86eb684e30 None None] MySQL server mode set to STRICT_TRANS_TABLES,STRICT_ALL_TABLES,NO_ZERO_IN_DATE,NO_ZERO_DATE,ERROR_FOR_DIVISION_BY_ZERO,TRADITIONAL,NO_ENGINE_SUBSTITUTION {{(pid=108443) _check_effective_sql_mode /opt/stack/data/venv/lib/python3.12/site-packages/oslo_db/sqlalchemy/engines.py:325}}
May 06 11:25:23.714084 np0000172249 nova-scheduler[108454]: INFO dbcounter [None req-64162021-d4ff-413b-b493-78222401d3ab None None] Registered counter for database nova_cell0
May 06 11:25:23.714111 np0000172249 nova-scheduler[108428]: DEBUG nova.service [None req-21271ac8-3017-412f-991f-707e24b6975a None None] Join ServiceGroup membership for this service scheduler {{(pid=108428) start /opt/stack/nova/nova/service.py:221}}
May 06 11:25:23.714111 np0000172249 nova-scheduler[108428]: DEBUG nova.servicegroup.drivers.db [None req-21271ac8-3017-412f-991f-707e24b6975a None None] DB_Driver: join new ServiceGroup member np0000172249 to the scheduler group, service = {{(pid=108428) join /opt/stack/nova/nova/servicegroup/drivers/db.py:44}}
May 06 11:25:23.714166 np0000172249 nova-scheduler[108443]: DEBUG dbcounter [-] [108443] Writer thread running {{(pid=108443) stat_writer /opt/stack/data/venv/lib/python3.12/site-packages/dbcounter.py:102}}
May 06 11:25:23.714193 np0000172249 nova-scheduler[108437]: DEBUG nova.service [None req-a093ecb2-ed37-4115-a908-c66116f68954 None None] Join ServiceGroup membership for this service scheduler {{(pid=108437) start /opt/stack/nova/nova/service.py:221}}
May 06 11:25:23.714193 np0000172249 nova-scheduler[108437]: DEBUG nova.servicegroup.drivers.db [None req-a093ecb2-ed37-4115-a908-c66116f68954 None None] DB_Driver: join new ServiceGroup member np0000172249 to the scheduler group, service = {{(pid=108437) join /opt/stack/nova/nova/servicegroup/drivers/db.py:44}}
May 06 11:25:23.714253 np0000172249 nova-scheduler[108454]: DEBUG oslo_db.sqlalchemy.engines [None req-64162021-d4ff-413b-b493-78222401d3ab None None] MySQL server mode set to STRICT_TRANS_TABLES,STRICT_ALL_TABLES,NO_ZERO_IN_DATE,NO_ZERO_DATE,ERROR_FOR_DIVISION_BY_ZERO,TRADITIONAL,NO_ENGINE_SUBSTITUTION {{(pid=108454) _check_effective_sql_mode /opt/stack/data/venv/lib/python3.12/site-packages/oslo_db/sqlalchemy/engines.py:325}}
May 06 11:25:23.714283 np0000172249 nova-scheduler[108443]: DEBUG nova.service [None req-ac6a0eb0-7b6d-4bad-b0cf-7d86eb684e30 None None] Creating RPC server for service: nova-scheduler on topic: scheduler {{(pid=108443) start /opt/stack/nova/nova/service.py:195}}
May 06 11:25:23.716027 np0000172249 nova-scheduler[108454]: DEBUG dbcounter [-] [108454] Writer thread running {{(pid=108454) stat_writer /opt/stack/data/venv/lib/python3.12/site-packages/dbcounter.py:102}}
May 06 11:25:23.720912 np0000172249 nova-scheduler[108443]: DEBUG nova.service [None req-ac6a0eb0-7b6d-4bad-b0cf-7d86eb684e30 None None] Join ServiceGroup membership for this service scheduler {{(pid=108443) start /opt/stack/nova/nova/service.py:221}}
May 06 11:25:23.721082 np0000172249 nova-scheduler[108454]: DEBUG nova.service [None req-64162021-d4ff-413b-b493-78222401d3ab None None] Creating RPC server for service: nova-scheduler on topic: scheduler {{(pid=108454) start /opt/stack/nova/nova/service.py:195}}
May 06 11:25:23.721166 np0000172249 nova-scheduler[108443]: DEBUG nova.servicegroup.drivers.db [None req-ac6a0eb0-7b6d-4bad-b0cf-7d86eb684e30 None None] DB_Driver: join new ServiceGroup member np0000172249 to the scheduler group, service = {{(pid=108443) join /opt/stack/nova/nova/servicegroup/drivers/db.py:44}}
May 06 11:25:23.741699 np0000172249 nova-scheduler[108454]: DEBUG nova.service [None req-64162021-d4ff-413b-b493-78222401d3ab None None] Join ServiceGroup membership for this service scheduler {{(pid=108454) start /opt/stack/nova/nova/service.py:221}}
May 06 11:25:23.741870 np0000172249 nova-scheduler[108454]: DEBUG nova.servicegroup.drivers.db [None req-64162021-d4ff-413b-b493-78222401d3ab None None] DB_Driver: join new ServiceGroup member np0000172249 to the scheduler group, service = {{(pid=108454) join /opt/stack/nova/nova/servicegroup/drivers/db.py:44}}
May 06 11:25:28.767449 np0000172249 nova-scheduler[108428]: DEBUG oslo.service.backend._threading.loopingcall [-] Fixed interval looping call 'nova.servicegroup.drivers.db.DbDriver._report_state' sleeping for 119.94 seconds {{(pid=108428) _run_loop /opt/stack/data/venv/lib/python3.12/site-packages/oslo_service/backend/_threading/loopingcall.py:125}}
May 06 11:25:28.767861 np0000172249 nova-scheduler[108437]: DEBUG oslo.service.backend._threading.loopingcall [-] Fixed interval looping call 'nova.servicegroup.drivers.db.DbDriver._report_state' sleeping for 119.94 seconds {{(pid=108437) _run_loop /opt/stack/data/venv/lib/python3.12/site-packages/oslo_service/backend/_threading/loopingcall.py:125}}
May 06 11:25:28.768100 np0000172249 nova-scheduler[108443]: DEBUG oslo.service.backend._threading.loopingcall [-] Fixed interval looping call 'nova.servicegroup.drivers.db.DbDriver._report_state' sleeping for 119.96 seconds {{(pid=108443) _run_loop /opt/stack/data/venv/lib/python3.12/site-packages/oslo_service/backend/_threading/loopingcall.py:125}}
May 06 11:25:28.768520 np0000172249 nova-scheduler[108454]: DEBUG oslo.service.backend._threading.loopingcall [-] Fixed interval looping call 'nova.servicegroup.drivers.db.DbDriver._report_state' sleeping for 119.98 seconds {{(pid=108454) _run_loop /opt/stack/data/venv/lib/python3.12/site-packages/oslo_service/backend/_threading/loopingcall.py:125}}
May 06 11:25:32.329661 np0000172249 nova-scheduler[107735]: DEBUG dbcounter [-] [107735] Writing DB stats nova_api:SELECT=3 {{(pid=107735) stat_writer /opt/stack/data/venv/lib/python3.12/site-packages/dbcounter.py:115}}
May 06 11:25:32.433881 np0000172249 nova-scheduler[107735]: DEBUG dbcounter [-] [107735] Writing DB stats nova_cell0:SELECT=1 {{(pid=107735) stat_writer /opt/stack/data/venv/lib/python3.12/site-packages/dbcounter.py:115}}
May 06 11:25:32.441752 np0000172249 nova-scheduler[107735]: DEBUG dbcounter [-] [107735] Writing DB stats nova_cell1:SELECT=1 {{(pid=107735) stat_writer /opt/stack/data/venv/lib/python3.12/site-packages/dbcounter.py:115}}
May 06 11:25:38.713000 np0000172249 nova-scheduler[108428]: DEBUG dbcounter [-] [108428] Writing DB stats nova_cell0:SELECT=4,nova_cell0:INSERT=1,nova_cell0:UPDATE=1 {{(pid=108428) stat_writer /opt/stack/data/venv/lib/python3.12/site-packages/dbcounter.py:115}}
May 06 11:25:38.716870 np0000172249 nova-scheduler[108437]: DEBUG dbcounter [-] [108437] Writing DB stats nova_cell0:SELECT=3,nova_cell0:UPDATE=1 {{(pid=108437) stat_writer /opt/stack/data/venv/lib/python3.12/site-packages/dbcounter.py:115}}
May 06 11:25:38.742144 np0000172249 nova-scheduler[108443]: DEBUG dbcounter [-] [108443] Writing DB stats nova_cell0:SELECT=3,nova_cell0:UPDATE=1 {{(pid=108443) stat_writer /opt/stack/data/venv/lib/python3.12/site-packages/dbcounter.py:115}}
May 06 11:25:38.756859 np0000172249 nova-scheduler[108454]: DEBUG dbcounter [-] [108454] Writing DB stats nova_cell0:SELECT=3,nova_cell0:UPDATE=1 {{(pid=108454) stat_writer /opt/stack/data/venv/lib/python3.12/site-packages/dbcounter.py:115}}
May 06 11:25:48.724214 np0000172249 nova-scheduler[108443]: DEBUG oslo.service.backend._threading.loopingcall [None req-26ccd2b0-98c6-4a0e-85e9-7e3cce8db138 None None] Dynamic interval looping call 'nova.service.Service.periodic_tasks' sleeping for 60.00 seconds {{(pid=108443) _run_loop /opt/stack/data/venv/lib/python3.12/site-packages/oslo_service/backend/_threading/loopingcall.py:125}}
May 06 11:25:53.703240 np0000172249 nova-scheduler[108428]: DEBUG oslo.service.backend._threading.loopingcall [None req-53fb1bc6-c550-43c7-8034-b518c1fd6fe7 None None] Dynamic interval looping call 'nova.service.Service.periodic_tasks' sleeping for 60.00 seconds {{(pid=108428) _run_loop /opt/stack/data/venv/lib/python3.12/site-packages/oslo_service/backend/_threading/loopingcall.py:125}}
May 06 11:25:55.704940 np0000172249 nova-scheduler[108437]: DEBUG oslo.service.backend._threading.loopingcall [None req-82725192-1428-4a64-85fb-a21cc12a1564 None None] Dynamic interval looping call 'nova.service.Service.periodic_tasks' sleeping for 60.00 seconds {{(pid=108437) _run_loop /opt/stack/data/venv/lib/python3.12/site-packages/oslo_service/backend/_threading/loopingcall.py:125}}
May 06 11:25:57.745283 np0000172249 nova-scheduler[108454]: DEBUG oslo.service.backend._threading.loopingcall [None req-300d9c9d-c09a-41d1-9b7f-88fc7375ec94 None None] Dynamic interval looping call 'nova.service.Service.periodic_tasks' sleeping for 60.00 seconds {{(pid=108454) _run_loop /opt/stack/data/venv/lib/python3.12/site-packages/oslo_service/backend/_threading/loopingcall.py:125}}
May 06 11:26:48.724799 np0000172249 nova-scheduler[108443]: DEBUG oslo.service.backend._threading.loopingcall [None req-26ccd2b0-98c6-4a0e-85e9-7e3cce8db138 None None] Dynamic interval looping call 'nova.service.Service.periodic_tasks' sleeping for 60.00 seconds {{(pid=108443) _run_loop /opt/stack/data/venv/lib/python3.12/site-packages/oslo_service/backend/_threading/loopingcall.py:125}}
May 06 11:26:53.703973 np0000172249 nova-scheduler[108428]: DEBUG oslo.service.backend._threading.loopingcall [None req-53fb1bc6-c550-43c7-8034-b518c1fd6fe7 None None] Dynamic interval looping call 'nova.service.Service.periodic_tasks' sleeping for 60.00 seconds {{(pid=108428) _run_loop /opt/stack/data/venv/lib/python3.12/site-packages/oslo_service/backend/_threading/loopingcall.py:125}}
May 06 11:26:55.705956 np0000172249 nova-scheduler[108437]: DEBUG oslo.service.backend._threading.loopingcall [None req-82725192-1428-4a64-85fb-a21cc12a1564 None None] Dynamic interval looping call 'nova.service.Service.periodic_tasks' sleeping for 60.00 seconds {{(pid=108437) _run_loop /opt/stack/data/venv/lib/python3.12/site-packages/oslo_service/backend/_threading/loopingcall.py:125}}
May 06 11:26:57.746125 np0000172249 nova-scheduler[108454]: DEBUG oslo.service.backend._threading.loopingcall [None req-300d9c9d-c09a-41d1-9b7f-88fc7375ec94 None None] Dynamic interval looping call 'nova.service.Service.periodic_tasks' sleeping for 60.00 seconds {{(pid=108454) _run_loop /opt/stack/data/venv/lib/python3.12/site-packages/oslo_service/backend/_threading/loopingcall.py:125}}
May 06 11:27:28.716860 np0000172249 nova-scheduler[108428]: DEBUG oslo.service.backend._threading.loopingcall [-] Fixed interval looping call 'nova.servicegroup.drivers.db.DbDriver._report_state' sleeping for 119.99 seconds {{(pid=108428) _run_loop /opt/stack/data/venv/lib/python3.12/site-packages/oslo_service/backend/_threading/loopingcall.py:125}}
May 06 11:27:28.717539 np0000172249 nova-scheduler[108437]: DEBUG oslo.service.backend._threading.loopingcall [-] Fixed interval looping call 'nova.servicegroup.drivers.db.DbDriver._report_state' sleeping for 119.99 seconds {{(pid=108437) _run_loop /opt/stack/data/venv/lib/python3.12/site-packages/oslo_service/backend/_threading/loopingcall.py:125}}
May 06 11:27:28.732776 np0000172249 nova-scheduler[108443]: DEBUG oslo.service.backend._threading.loopingcall [-] Fixed interval looping call 'nova.servicegroup.drivers.db.DbDriver._report_state' sleeping for 120.00 seconds {{(pid=108443) _run_loop /opt/stack/data/venv/lib/python3.12/site-packages/oslo_service/backend/_threading/loopingcall.py:125}}
May 06 11:27:28.753745 np0000172249 nova-scheduler[108454]: DEBUG oslo.service.backend._threading.loopingcall [-] Fixed interval looping call 'nova.servicegroup.drivers.db.DbDriver._report_state' sleeping for 120.00 seconds {{(pid=108454) _run_loop /opt/stack/data/venv/lib/python3.12/site-packages/oslo_service/backend/_threading/loopingcall.py:125}}
May 06 11:27:38.710834 np0000172249 nova-scheduler[108428]: DEBUG dbcounter [-] [108428] Writing DB stats nova_cell0:SELECT=1,nova_cell0:UPDATE=1 {{(pid=108428) stat_writer /opt/stack/data/venv/lib/python3.12/site-packages/dbcounter.py:115}}
May 06 11:27:38.714046 np0000172249 nova-scheduler[108437]: DEBUG dbcounter [-] [108437] Writing DB stats nova_cell0:SELECT=1,nova_cell0:UPDATE=1 {{(pid=108437) stat_writer /opt/stack/data/venv/lib/python3.12/site-packages/dbcounter.py:115}}
May 06 11:27:38.731605 np0000172249 nova-scheduler[108443]: DEBUG dbcounter [-] [108443] Writing DB stats nova_cell0:SELECT=1 {{(pid=108443) stat_writer /opt/stack/data/venv/lib/python3.12/site-packages/dbcounter.py:115}}
May 06 11:27:38.751302 np0000172249 nova-scheduler[108454]: DEBUG dbcounter [-] [108454] Writing DB stats nova_cell0:SELECT=1 {{(pid=108454) stat_writer /opt/stack/data/venv/lib/python3.12/site-packages/dbcounter.py:115}}
May 06 11:27:48.726096 np0000172249 nova-scheduler[108443]: DEBUG oslo.service.backend._threading.loopingcall [None req-26ccd2b0-98c6-4a0e-85e9-7e3cce8db138 None None] Dynamic interval looping call 'nova.service.Service.periodic_tasks' sleeping for 60.00 seconds {{(pid=108443) _run_loop /opt/stack/data/venv/lib/python3.12/site-packages/oslo_service/backend/_threading/loopingcall.py:125}}
May 06 11:27:53.704752 np0000172249 nova-scheduler[108428]: DEBUG oslo.service.backend._threading.loopingcall [None req-53fb1bc6-c550-43c7-8034-b518c1fd6fe7 None None] Dynamic interval looping call 'nova.service.Service.periodic_tasks' sleeping for 60.00 seconds {{(pid=108428) _run_loop /opt/stack/data/venv/lib/python3.12/site-packages/oslo_service/backend/_threading/loopingcall.py:125}}
May 06 11:27:55.707348 np0000172249 nova-scheduler[108437]: DEBUG oslo.service.backend._threading.loopingcall [None req-82725192-1428-4a64-85fb-a21cc12a1564 None None] Dynamic interval looping call 'nova.service.Service.periodic_tasks' sleeping for 60.00 seconds {{(pid=108437) _run_loop /opt/stack/data/venv/lib/python3.12/site-packages/oslo_service/backend/_threading/loopingcall.py:125}}
May 06 11:27:57.746761 np0000172249 nova-scheduler[108454]: DEBUG oslo.service.backend._threading.loopingcall [None req-300d9c9d-c09a-41d1-9b7f-88fc7375ec94 None None] Dynamic interval looping call 'nova.service.Service.periodic_tasks' sleeping for 60.00 seconds {{(pid=108454) _run_loop /opt/stack/data/venv/lib/python3.12/site-packages/oslo_service/backend/_threading/loopingcall.py:125}}
May 06 11:28:48.726308 np0000172249 nova-scheduler[108443]: DEBUG oslo.service.backend._threading.loopingcall [None req-26ccd2b0-98c6-4a0e-85e9-7e3cce8db138 None None] Dynamic interval looping call 'nova.service.Service.periodic_tasks' sleeping for 60.00 seconds {{(pid=108443) _run_loop /opt/stack/data/venv/lib/python3.12/site-packages/oslo_service/backend/_threading/loopingcall.py:125}}
May 06 11:28:53.706160 np0000172249 nova-scheduler[108428]: DEBUG oslo.service.backend._threading.loopingcall [None req-53fb1bc6-c550-43c7-8034-b518c1fd6fe7 None None] Dynamic interval looping call 'nova.service.Service.periodic_tasks' sleeping for 60.00 seconds {{(pid=108428) _run_loop /opt/stack/data/venv/lib/python3.12/site-packages/oslo_service/backend/_threading/loopingcall.py:125}}
May 06 11:28:55.708037 np0000172249 nova-scheduler[108437]: DEBUG oslo.service.backend._threading.loopingcall [None req-82725192-1428-4a64-85fb-a21cc12a1564 None None] Dynamic interval looping call 'nova.service.Service.periodic_tasks' sleeping for 60.00 seconds {{(pid=108437) _run_loop /opt/stack/data/venv/lib/python3.12/site-packages/oslo_service/backend/_threading/loopingcall.py:125}}
May 06 11:28:57.747695 np0000172249 nova-scheduler[108454]: DEBUG oslo.service.backend._threading.loopingcall [None req-300d9c9d-c09a-41d1-9b7f-88fc7375ec94 None None] Dynamic interval looping call 'nova.service.Service.periodic_tasks' sleeping for 60.00 seconds {{(pid=108454) _run_loop /opt/stack/data/venv/lib/python3.12/site-packages/oslo_service/backend/_threading/loopingcall.py:125}}
May 06 11:29:28.717379 np0000172249 nova-scheduler[108437]: DEBUG oslo.service.backend._threading.loopingcall [-] Fixed interval looping call 'nova.servicegroup.drivers.db.DbDriver._report_state' sleeping for 119.99 seconds {{(pid=108437) _run_loop /opt/stack/data/venv/lib/python3.12/site-packages/oslo_service/backend/_threading/loopingcall.py:125}}
May 06 11:29:28.717936 np0000172249 nova-scheduler[108428]: DEBUG oslo.service.backend._threading.loopingcall [-] Fixed interval looping call 'nova.servicegroup.drivers.db.DbDriver._report_state' sleeping for 119.99 seconds {{(pid=108428) _run_loop /opt/stack/data/venv/lib/python3.12/site-packages/oslo_service/backend/_threading/loopingcall.py:125}}
May 06 11:29:28.738456 np0000172249 nova-scheduler[108443]: DEBUG oslo.service.backend._threading.loopingcall [-] Fixed interval looping call 'nova.servicegroup.drivers.db.DbDriver._report_state' sleeping for 119.99 seconds {{(pid=108443) _run_loop /opt/stack/data/venv/lib/python3.12/site-packages/oslo_service/backend/_threading/loopingcall.py:125}}
May 06 11:29:28.758482 np0000172249 nova-scheduler[108454]: DEBUG oslo.service.backend._threading.loopingcall [-] Fixed interval looping call 'nova.servicegroup.drivers.db.DbDriver._report_state' sleeping for 120.00 seconds {{(pid=108454) _run_loop /opt/stack/data/venv/lib/python3.12/site-packages/oslo_service/backend/_threading/loopingcall.py:125}}
May 06 11:29:32.051210 np0000172249 nova-scheduler[108428]: DEBUG nova.scheduler.manager [None req-693edd4c-f261-4328-93a0-9643dc296b92 demo demo] Starting to schedule for instances: ['bb755571-884e-41d5-9520-3bd0d71e7962'] {{(pid=108428) select_destinations /opt/stack/nova/nova/scheduler/manager.py:210}}
May 06 11:29:32.053457 np0000172249 nova-scheduler[108428]: DEBUG oslo_db.sqlalchemy.engines [None req-693edd4c-f261-4328-93a0-9643dc296b92 demo demo] Parent process 107735 forked (108428) with an open database connection, which is being discarded and recreated. {{(pid=108428) checkout /opt/stack/data/venv/lib/python3.12/site-packages/oslo_db/sqlalchemy/engines.py:402}}
