Jun 10 00:29:03.259792 np0000179361 systemd[1]: Starting devstack@n-api-meta.service - Devstack devstack@n-api-meta.service...
Jun 10 00:29:03.266750 np0000179361 devstack@n-api-meta.service[108547]: [uWSGI] getting INI configuration from /etc/nova/nova-metadata-uwsgi.ini
Jun 10 00:29:03.269916 np0000179361 devstack@n-api-meta.service[108547]: *** Starting uWSGI 2.0.24-debian (64bit) on [Wed Jun 10 00:29:03 2026] ***
Jun 10 00:29:03.269916 np0000179361 devstack@n-api-meta.service[108547]: compiled with version: 13.2.0 on 17 April 2024 16:23:48
Jun 10 00:29:03.269916 np0000179361 devstack@n-api-meta.service[108547]: os: Linux-6.8.0-124-generic #124-Ubuntu SMP PREEMPT_DYNAMIC Tue May 26 13:00:45 UTC 2026
Jun 10 00:29:03.269916 np0000179361 devstack@n-api-meta.service[108547]: nodename: np0000179361
Jun 10 00:29:03.269916 np0000179361 devstack@n-api-meta.service[108547]: machine: x86_64
Jun 10 00:29:03.269916 np0000179361 devstack@n-api-meta.service[108547]: clock source: unix
Jun 10 00:29:03.269916 np0000179361 devstack@n-api-meta.service[108547]: pcre jit disabled
Jun 10 00:29:03.269916 np0000179361 devstack@n-api-meta.service[108547]: detected number of CPU cores: 16
Jun 10 00:29:03.269916 np0000179361 devstack@n-api-meta.service[108547]: current working directory: /
Jun 10 00:29:03.269916 np0000179361 devstack@n-api-meta.service[108547]: detected binary path: /usr/bin/uwsgi-core
Jun 10 00:29:03.269916 np0000179361 devstack@n-api-meta.service[108547]: your processes number limit is 256917
Jun 10 00:29:03.269916 np0000179361 devstack@n-api-meta.service[108547]: your memory page size is 4096 bytes
Jun 10 00:29:03.269916 np0000179361 devstack@n-api-meta.service[108547]: detected max file descriptor number: 2048
Jun 10 00:29:03.269916 np0000179361 devstack@n-api-meta.service[108547]: lock engine: pthread robust mutexes
Jun 10 00:29:03.270705 np0000179361 devstack@n-api-meta.service[108547]: thunder lock: enabled
Jun 10 00:29:03.270705 np0000179361 devstack@n-api-meta.service[108547]: uWSGI http bound on 0.0.0.0:8775 fd 5
Jun 10 00:29:03.270705 np0000179361 devstack@n-api-meta.service[108547]: uwsgi socket 0 bound to TCP address 127.0.0.1:33869 (port auto-assigned) fd 4
Jun 10 00:29:03.270705 np0000179361 devstack@n-api-meta.service[108547]: Python version: 3.12.3 (main, Mar 23 2026, 19:04:32) [GCC 13.3.0]
Jun 10 00:29:03.270705 np0000179361 devstack@n-api-meta.service[108547]: PEP 405 virtualenv detected: /opt/stack/data/venv
Jun 10 00:29:03.270705 np0000179361 devstack@n-api-meta.service[108547]: Set PythonHome to /opt/stack/data/venv
Jun 10 00:29:03.306459 np0000179361 devstack@n-api-meta.service[108547]: Python main interpreter initialized at 0x7869d6aa3668
Jun 10 00:29:03.306459 np0000179361 devstack@n-api-meta.service[108547]: python threads support enabled
Jun 10 00:29:03.306459 np0000179361 devstack@n-api-meta.service[108547]: your server socket listen backlog is limited to 100 connections
Jun 10 00:29:03.306459 np0000179361 devstack@n-api-meta.service[108547]: your mercy for graceful operations on workers is 80 seconds
Jun 10 00:29:03.306944 np0000179361 devstack@n-api-meta.service[108547]: mapped 671795 bytes (656 KB) for 4 cores
Jun 10 00:29:03.307081 np0000179361 devstack@n-api-meta.service[108547]: *** Operational MODE: preforking ***
Jun 10 00:29:03.307241 np0000179361 devstack@n-api-meta.service[108547]: *** uWSGI is running in multiple interpreter mode ***
Jun 10 00:29:03.307241 np0000179361 devstack@n-api-meta.service[108547]: spawned uWSGI master process (pid: 108547)
Jun 10 00:29:03.307406 np0000179361 systemd[1]: Started devstack@n-api-meta.service - Devstack devstack@n-api-meta.service.
Jun 10 00:29:03.307955 np0000179361 devstack@n-api-meta.service[108547]: spawned uWSGI worker 1 (pid: 108548, cores: 1)
Jun 10 00:29:03.308672 np0000179361 devstack@n-api-meta.service[108547]: spawned uWSGI worker 2 (pid: 108549, cores: 1)
Jun 10 00:29:03.309204 np0000179361 devstack@n-api-meta.service[108547]: spawned uWSGI worker 3 (pid: 108550, cores: 1)
Jun 10 00:29:03.309659 np0000179361 devstack@n-api-meta.service[108547]: spawned uWSGI worker 4 (pid: 108551, cores: 1)
Jun 10 00:29:03.310155 np0000179361 devstack@n-api-meta.service[108547]: spawned uWSGI http 1 (pid: 108552)
Jun 10 00:29:03.310155 np0000179361 devstack@n-api-meta.service[108547]: running "unix_signal:15 gracefully_kill_them_all" (master-start)...
Jun 10 00:29:04.941082 np0000179361 devstack@n-api-meta.service[108550]: INFO dbcounter [None req-af5b1af9-26e7-4f5b-aad0-c17a414e6d92 None None] Registered counter for database nova_api
Jun 10 00:29:04.971631 np0000179361 devstack@n-api-meta.service[108551]: INFO dbcounter [None req-b9955d08-d665-48ca-a506-71c2dccc8053 None None] Registered counter for database nova_api
Jun 10 00:29:04.972205 np0000179361 devstack@n-api-meta.service[108549]: INFO dbcounter [None req-389d7ac9-8fb5-4b8b-b6e2-51a7a78553da None None] Registered counter for database nova_api
Jun 10 00:29:04.990655 np0000179361 devstack@n-api-meta.service[108550]: DEBUG oslo_db.sqlalchemy.engines [None req-af5b1af9-26e7-4f5b-aad0-c17a414e6d92 None None] MySQL server mode set to STRICT_TRANS_TABLES,STRICT_ALL_TABLES,NO_ZERO_IN_DATE,NO_ZERO_DATE,ERROR_FOR_DIVISION_BY_ZERO,TRADITIONAL,NO_ENGINE_SUBSTITUTION {{(pid=108550) _check_effective_sql_mode /opt/stack/data/venv/lib/python3.12/site-packages/oslo_db/sqlalchemy/engines.py:325}}
Jun 10 00:29:04.992157 np0000179361 devstack@n-api-meta.service[108548]: INFO dbcounter [None req-c320b0bc-416e-4b08-aa8d-ab5d60f8dbe6 None None] Registered counter for database nova_api
Jun 10 00:29:05.021751 np0000179361 devstack@n-api-meta.service[108551]: DEBUG oslo_db.sqlalchemy.engines [None req-b9955d08-d665-48ca-a506-71c2dccc8053 None None] MySQL server mode set to STRICT_TRANS_TABLES,STRICT_ALL_TABLES,NO_ZERO_IN_DATE,NO_ZERO_DATE,ERROR_FOR_DIVISION_BY_ZERO,TRADITIONAL,NO_ENGINE_SUBSTITUTION {{(pid=108551) _check_effective_sql_mode /opt/stack/data/venv/lib/python3.12/site-packages/oslo_db/sqlalchemy/engines.py:325}}
Jun 10 00:29:05.023900 np0000179361 devstack@n-api-meta.service[108550]: DEBUG dbcounter [-] [108550] Writer thread running {{(pid=108550) stat_writer /opt/stack/data/venv/lib/python3.12/site-packages/dbcounter.py:102}}
Jun 10 00:29:05.026019 np0000179361 devstack@n-api-meta.service[108549]: DEBUG oslo_db.sqlalchemy.engines [None req-389d7ac9-8fb5-4b8b-b6e2-51a7a78553da None None] MySQL server mode set to STRICT_TRANS_TABLES,STRICT_ALL_TABLES,NO_ZERO_IN_DATE,NO_ZERO_DATE,ERROR_FOR_DIVISION_BY_ZERO,TRADITIONAL,NO_ENGINE_SUBSTITUTION {{(pid=108549) _check_effective_sql_mode /opt/stack/data/venv/lib/python3.12/site-packages/oslo_db/sqlalchemy/engines.py:325}}
Jun 10 00:29:05.026121 np0000179361 devstack@n-api-meta.service[108550]: DEBUG nova.context [None req-af5b1af9-26e7-4f5b-aad0-c17a414e6d92 None None] Found 2 cells: 00000000-0000-0000-0000-000000000000(cell0),879f5556-280e-4896-8aaa-cc04fd1240c5(cell1) {{(pid=108550) load_cells /opt/stack/nova/nova/context.py:509}}
Jun 10 00:29:05.026356 np0000179361 devstack@n-api-meta.service[108550]: INFO nova.utils [None req-af5b1af9-26e7-4f5b-aad0-c17a414e6d92 None None] The cell worker thread pool MainProcess.cell_worker is initialized
Jun 10 00:29:05.028203 np0000179361 devstack@n-api-meta.service[108550]: DEBUG oslo_concurrency.lockutils [None req-af5b1af9-26e7-4f5b-aad0-c17a414e6d92 None None] Acquiring lock "00000000-0000-0000-0000-000000000000" by "nova.context.set_target_cell..get_or_set_cached_cell_and_set_connections" {{(pid=108550) inner /opt/stack/data/venv/lib/python3.12/site-packages/oslo_concurrency/lockutils.py:511}}
Jun 10 00:29:05.028372 np0000179361 devstack@n-api-meta.service[108550]: DEBUG oslo_concurrency.lockutils [None req-af5b1af9-26e7-4f5b-aad0-c17a414e6d92 None None] Lock "00000000-0000-0000-0000-000000000000" acquired by "nova.context.set_target_cell..get_or_set_cached_cell_and_set_connections" :: waited 0.000s {{(pid=108550) inner /opt/stack/data/venv/lib/python3.12/site-packages/oslo_concurrency/lockutils.py:524}}
Jun 10 00:29:05.028732 np0000179361 devstack@n-api-meta.service[108550]: DEBUG oslo_concurrency.lockutils [None req-af5b1af9-26e7-4f5b-aad0-c17a414e6d92 None None] Lock "00000000-0000-0000-0000-000000000000" "released" by "nova.context.set_target_cell..get_or_set_cached_cell_and_set_connections" :: held 0.000s {{(pid=108550) inner /opt/stack/data/venv/lib/python3.12/site-packages/oslo_concurrency/lockutils.py:543}}
Jun 10 00:29:05.029524 np0000179361 devstack@n-api-meta.service[108550]: DEBUG oslo_concurrency.lockutils [None req-af5b1af9-26e7-4f5b-aad0-c17a414e6d92 None None] Acquiring lock "879f5556-280e-4896-8aaa-cc04fd1240c5" by "nova.context.set_target_cell..get_or_set_cached_cell_and_set_connections" {{(pid=108550) inner /opt/stack/data/venv/lib/python3.12/site-packages/oslo_concurrency/lockutils.py:511}}
Jun 10 00:29:05.029671 np0000179361 devstack@n-api-meta.service[108550]: DEBUG oslo_concurrency.lockutils [None req-af5b1af9-26e7-4f5b-aad0-c17a414e6d92 None None] Lock "879f5556-280e-4896-8aaa-cc04fd1240c5" acquired by "nova.context.set_target_cell..get_or_set_cached_cell_and_set_connections" :: waited 0.000s {{(pid=108550) inner /opt/stack/data/venv/lib/python3.12/site-packages/oslo_concurrency/lockutils.py:524}}
Jun 10 00:29:05.030535 np0000179361 devstack@n-api-meta.service[108550]: DEBUG oslo_concurrency.lockutils [None req-af5b1af9-26e7-4f5b-aad0-c17a414e6d92 None None] Lock "879f5556-280e-4896-8aaa-cc04fd1240c5" "released" by "nova.context.set_target_cell..get_or_set_cached_cell_and_set_connections" :: held 0.001s {{(pid=108550) inner /opt/stack/data/venv/lib/python3.12/site-packages/oslo_concurrency/lockutils.py:543}}
Jun 10 00:29:05.034108 np0000179361 devstack@n-api-meta.service[108550]: INFO dbcounter [None req-af5b1af9-26e7-4f5b-aad0-c17a414e6d92 None None] Registered counter for database nova_cell0
Jun 10 00:29:05.040309 np0000179361 devstack@n-api-meta.service[108550]: INFO dbcounter [None req-af5b1af9-26e7-4f5b-aad0-c17a414e6d92 None None] Registered counter for database nova_cell1
Jun 10 00:29:05.041854 np0000179361 devstack@n-api-meta.service[108548]: DEBUG oslo_db.sqlalchemy.engines [None req-c320b0bc-416e-4b08-aa8d-ab5d60f8dbe6 None None] MySQL server mode set to STRICT_TRANS_TABLES,STRICT_ALL_TABLES,NO_ZERO_IN_DATE,NO_ZERO_DATE,ERROR_FOR_DIVISION_BY_ZERO,TRADITIONAL,NO_ENGINE_SUBSTITUTION {{(pid=108548) _check_effective_sql_mode /opt/stack/data/venv/lib/python3.12/site-packages/oslo_db/sqlalchemy/engines.py:325}}
Jun 10 00:29:05.055962 np0000179361 devstack@n-api-meta.service[108551]: DEBUG dbcounter [-] [108551] Writer thread running {{(pid=108551) stat_writer /opt/stack/data/venv/lib/python3.12/site-packages/dbcounter.py:102}}
Jun 10 00:29:05.061516 np0000179361 devstack@n-api-meta.service[108551]: DEBUG nova.context [None req-b9955d08-d665-48ca-a506-71c2dccc8053 None None] Found 2 cells: 00000000-0000-0000-0000-000000000000(cell0),879f5556-280e-4896-8aaa-cc04fd1240c5(cell1) {{(pid=108551) load_cells /opt/stack/nova/nova/context.py:509}}
Jun 10 00:29:05.061866 np0000179361 devstack@n-api-meta.service[108551]: INFO nova.utils [None req-b9955d08-d665-48ca-a506-71c2dccc8053 None None] The cell worker thread pool MainProcess.cell_worker is initialized
Jun 10 00:29:05.064372 np0000179361 devstack@n-api-meta.service[108549]: DEBUG dbcounter [-] [108549] Writer thread running {{(pid=108549) stat_writer /opt/stack/data/venv/lib/python3.12/site-packages/dbcounter.py:102}}
Jun 10 00:29:05.064584 np0000179361 devstack@n-api-meta.service[108551]: DEBUG oslo_concurrency.lockutils [None req-b9955d08-d665-48ca-a506-71c2dccc8053 None None] Acquiring lock "00000000-0000-0000-0000-000000000000" by "nova.context.set_target_cell..get_or_set_cached_cell_and_set_connections" {{(pid=108551) inner /opt/stack/data/venv/lib/python3.12/site-packages/oslo_concurrency/lockutils.py:511}}
Jun 10 00:29:05.064830 np0000179361 devstack@n-api-meta.service[108551]: DEBUG oslo_concurrency.lockutils [None req-b9955d08-d665-48ca-a506-71c2dccc8053 None None] Lock "00000000-0000-0000-0000-000000000000" acquired by "nova.context.set_target_cell..get_or_set_cached_cell_and_set_connections" :: waited 0.000s {{(pid=108551) inner /opt/stack/data/venv/lib/python3.12/site-packages/oslo_concurrency/lockutils.py:524}}
Jun 10 00:29:05.065396 np0000179361 devstack@n-api-meta.service[108551]: DEBUG oslo_concurrency.lockutils [None req-b9955d08-d665-48ca-a506-71c2dccc8053 None None] Lock "00000000-0000-0000-0000-000000000000" "released" by "nova.context.set_target_cell..get_or_set_cached_cell_and_set_connections" :: held 0.001s {{(pid=108551) inner /opt/stack/data/venv/lib/python3.12/site-packages/oslo_concurrency/lockutils.py:543}}
Jun 10 00:29:05.066303 np0000179361 devstack@n-api-meta.service[108551]: DEBUG oslo_concurrency.lockutils [None req-b9955d08-d665-48ca-a506-71c2dccc8053 None None] Acquiring lock "879f5556-280e-4896-8aaa-cc04fd1240c5" by "nova.context.set_target_cell..get_or_set_cached_cell_and_set_connections" {{(pid=108551) inner /opt/stack/data/venv/lib/python3.12/site-packages/oslo_concurrency/lockutils.py:511}}
Jun 10 00:29:05.066514 np0000179361 devstack@n-api-meta.service[108551]: DEBUG oslo_concurrency.lockutils [None req-b9955d08-d665-48ca-a506-71c2dccc8053 None None] Lock "879f5556-280e-4896-8aaa-cc04fd1240c5" acquired by "nova.context.set_target_cell..get_or_set_cached_cell_and_set_connections" :: waited 0.000s {{(pid=108551) inner /opt/stack/data/venv/lib/python3.12/site-packages/oslo_concurrency/lockutils.py:524}}
Jun 10 00:29:05.066856 np0000179361 devstack@n-api-meta.service[108549]: DEBUG nova.context [None req-389d7ac9-8fb5-4b8b-b6e2-51a7a78553da None None] Found 2 cells: 00000000-0000-0000-0000-000000000000(cell0),879f5556-280e-4896-8aaa-cc04fd1240c5(cell1) {{(pid=108549) load_cells /opt/stack/nova/nova/context.py:509}}
Jun 10 00:29:05.067094 np0000179361 devstack@n-api-meta.service[108549]: INFO nova.utils [None req-389d7ac9-8fb5-4b8b-b6e2-51a7a78553da None None] The cell worker thread pool MainProcess.cell_worker is initialized
Jun 10 00:29:05.068084 np0000179361 devstack@n-api-meta.service[108551]: DEBUG oslo_concurrency.lockutils [None req-b9955d08-d665-48ca-a506-71c2dccc8053 None None] Lock "879f5556-280e-4896-8aaa-cc04fd1240c5" "released" by "nova.context.set_target_cell..get_or_set_cached_cell_and_set_connections" :: held 0.001s {{(pid=108551) inner /opt/stack/data/venv/lib/python3.12/site-packages/oslo_concurrency/lockutils.py:543}}
Jun 10 00:29:05.068955 np0000179361 devstack@n-api-meta.service[108549]: DEBUG oslo_concurrency.lockutils [None req-389d7ac9-8fb5-4b8b-b6e2-51a7a78553da None None] Acquiring lock "00000000-0000-0000-0000-000000000000" by "nova.context.set_target_cell..get_or_set_cached_cell_and_set_connections" {{(pid=108549) inner /opt/stack/data/venv/lib/python3.12/site-packages/oslo_concurrency/lockutils.py:511}}
Jun 10 00:29:05.069126 np0000179361 devstack@n-api-meta.service[108549]: DEBUG oslo_concurrency.lockutils [None req-389d7ac9-8fb5-4b8b-b6e2-51a7a78553da None None] Lock "00000000-0000-0000-0000-000000000000" acquired by "nova.context.set_target_cell..get_or_set_cached_cell_and_set_connections" :: waited 0.000s {{(pid=108549) inner /opt/stack/data/venv/lib/python3.12/site-packages/oslo_concurrency/lockutils.py:524}}
Jun 10 00:29:05.069503 np0000179361 devstack@n-api-meta.service[108549]: DEBUG oslo_concurrency.lockutils [None req-389d7ac9-8fb5-4b8b-b6e2-51a7a78553da None None] Lock "00000000-0000-0000-0000-000000000000" "released" by "nova.context.set_target_cell..get_or_set_cached_cell_and_set_connections" :: held 0.000s {{(pid=108549) inner /opt/stack/data/venv/lib/python3.12/site-packages/oslo_concurrency/lockutils.py:543}}
Jun 10 00:29:05.070207 np0000179361 devstack@n-api-meta.service[108549]: DEBUG oslo_concurrency.lockutils [None req-389d7ac9-8fb5-4b8b-b6e2-51a7a78553da None None] Acquiring lock "879f5556-280e-4896-8aaa-cc04fd1240c5" by "nova.context.set_target_cell..get_or_set_cached_cell_and_set_connections" {{(pid=108549) inner /opt/stack/data/venv/lib/python3.12/site-packages/oslo_concurrency/lockutils.py:511}}
Jun 10 00:29:05.070350 np0000179361 devstack@n-api-meta.service[108549]: DEBUG oslo_concurrency.lockutils [None req-389d7ac9-8fb5-4b8b-b6e2-51a7a78553da None None] Lock "879f5556-280e-4896-8aaa-cc04fd1240c5" acquired by "nova.context.set_target_cell..get_or_set_cached_cell_and_set_connections" :: waited 0.000s {{(pid=108549) inner /opt/stack/data/venv/lib/python3.12/site-packages/oslo_concurrency/lockutils.py:524}}
Jun 10 00:29:05.070696 np0000179361 devstack@n-api-meta.service[108551]: INFO dbcounter [None req-b9955d08-d665-48ca-a506-71c2dccc8053 None None] Registered counter for database nova_cell0
Jun 10 00:29:05.071278 np0000179361 devstack@n-api-meta.service[108549]: DEBUG oslo_concurrency.lockutils [None req-389d7ac9-8fb5-4b8b-b6e2-51a7a78553da None None] Lock "879f5556-280e-4896-8aaa-cc04fd1240c5" "released" by "nova.context.set_target_cell..get_or_set_cached_cell_and_set_connections" :: held 0.001s {{(pid=108549) inner /opt/stack/data/venv/lib/python3.12/site-packages/oslo_concurrency/lockutils.py:543}}
Jun 10 00:29:05.073468 np0000179361 devstack@n-api-meta.service[108549]: INFO dbcounter [None req-389d7ac9-8fb5-4b8b-b6e2-51a7a78553da None None] Registered counter for database nova_cell0
Jun 10 00:29:05.074942 np0000179361 devstack@n-api-meta.service[108551]: INFO dbcounter [None req-b9955d08-d665-48ca-a506-71c2dccc8053 None None] Registered counter for database nova_cell1
Jun 10 00:29:05.077927 np0000179361 devstack@n-api-meta.service[108548]: DEBUG dbcounter [-] [108548] Writer thread running {{(pid=108548) stat_writer /opt/stack/data/venv/lib/python3.12/site-packages/dbcounter.py:102}}
Jun 10 00:29:05.078621 np0000179361 devstack@n-api-meta.service[108549]: INFO dbcounter [None req-389d7ac9-8fb5-4b8b-b6e2-51a7a78553da None None] Registered counter for database nova_cell1
Jun 10 00:29:05.080778 np0000179361 devstack@n-api-meta.service[108548]: DEBUG nova.context [None req-c320b0bc-416e-4b08-aa8d-ab5d60f8dbe6 None None] Found 2 cells: 00000000-0000-0000-0000-000000000000(cell0),879f5556-280e-4896-8aaa-cc04fd1240c5(cell1) {{(pid=108548) load_cells /opt/stack/nova/nova/context.py:509}}
Jun 10 00:29:05.081097 np0000179361 devstack@n-api-meta.service[108548]: INFO nova.utils [None req-c320b0bc-416e-4b08-aa8d-ab5d60f8dbe6 None None] The cell worker thread pool MainProcess.cell_worker is initialized
Jun 10 00:29:05.082929 np0000179361 devstack@n-api-meta.service[108548]: DEBUG oslo_concurrency.lockutils [None req-c320b0bc-416e-4b08-aa8d-ab5d60f8dbe6 None None] Acquiring lock "00000000-0000-0000-0000-000000000000" by "nova.context.set_target_cell..get_or_set_cached_cell_and_set_connections" {{(pid=108548) inner /opt/stack/data/venv/lib/python3.12/site-packages/oslo_concurrency/lockutils.py:511}}
Jun 10 00:29:05.083097 np0000179361 devstack@n-api-meta.service[108548]: DEBUG oslo_concurrency.lockutils [None req-c320b0bc-416e-4b08-aa8d-ab5d60f8dbe6 None None] Lock "00000000-0000-0000-0000-000000000000" acquired by "nova.context.set_target_cell..get_or_set_cached_cell_and_set_connections" :: waited 0.000s {{(pid=108548) inner /opt/stack/data/venv/lib/python3.12/site-packages/oslo_concurrency/lockutils.py:524}}
Jun 10 00:29:05.083469 np0000179361 devstack@n-api-meta.service[108548]: DEBUG oslo_concurrency.lockutils [None req-c320b0bc-416e-4b08-aa8d-ab5d60f8dbe6 None None] Lock "00000000-0000-0000-0000-000000000000" "released" by "nova.context.set_target_cell..get_or_set_cached_cell_and_set_connections" :: held 0.000s {{(pid=108548) inner /opt/stack/data/venv/lib/python3.12/site-packages/oslo_concurrency/lockutils.py:543}}
Jun 10 00:29:05.084213 np0000179361 devstack@n-api-meta.service[108548]: DEBUG oslo_concurrency.lockutils [None req-c320b0bc-416e-4b08-aa8d-ab5d60f8dbe6 None None] Acquiring lock "879f5556-280e-4896-8aaa-cc04fd1240c5" by "nova.context.set_target_cell..get_or_set_cached_cell_and_set_connections" {{(pid=108548) inner /opt/stack/data/venv/lib/python3.12/site-packages/oslo_concurrency/lockutils.py:511}}
Jun 10 00:29:05.084360 np0000179361 devstack@n-api-meta.service[108548]: DEBUG oslo_concurrency.lockutils [None req-c320b0bc-416e-4b08-aa8d-ab5d60f8dbe6 None None] Lock "879f5556-280e-4896-8aaa-cc04fd1240c5" acquired by "nova.context.set_target_cell..get_or_set_cached_cell_and_set_connections" :: waited 0.000s {{(pid=108548) inner /opt/stack/data/venv/lib/python3.12/site-packages/oslo_concurrency/lockutils.py:524}}
Jun 10 00:29:05.085209 np0000179361 devstack@n-api-meta.service[108548]: DEBUG oslo_concurrency.lockutils [None req-c320b0bc-416e-4b08-aa8d-ab5d60f8dbe6 None None] Lock "879f5556-280e-4896-8aaa-cc04fd1240c5" "released" by "nova.context.set_target_cell..get_or_set_cached_cell_and_set_connections" :: held 0.001s {{(pid=108548) inner /opt/stack/data/venv/lib/python3.12/site-packages/oslo_concurrency/lockutils.py:543}}
Jun 10 00:29:05.088675 np0000179361 devstack@n-api-meta.service[108548]: INFO dbcounter [None req-c320b0bc-416e-4b08-aa8d-ab5d60f8dbe6 None None] Registered counter for database nova_cell0
Jun 10 00:29:05.094152 np0000179361 devstack@n-api-meta.service[108548]: INFO dbcounter [None req-c320b0bc-416e-4b08-aa8d-ab5d60f8dbe6 None None] Registered counter for database nova_cell1
Jun 10 00:29:05.105330 np0000179361 devstack@n-api-meta.service[108550]: DEBUG oslo_db.sqlalchemy.engines [None req-af5b1af9-26e7-4f5b-aad0-c17a414e6d92 None None] MySQL server mode set to STRICT_TRANS_TABLES,STRICT_ALL_TABLES,NO_ZERO_IN_DATE,NO_ZERO_DATE,ERROR_FOR_DIVISION_BY_ZERO,TRADITIONAL,NO_ENGINE_SUBSTITUTION {{(pid=108550) _check_effective_sql_mode /opt/stack/data/venv/lib/python3.12/site-packages/oslo_db/sqlalchemy/engines.py:325}}
Jun 10 00:29:05.116933 np0000179361 devstack@n-api-meta.service[108550]: DEBUG oslo_db.sqlalchemy.engines [None req-af5b1af9-26e7-4f5b-aad0-c17a414e6d92 None None] MySQL server mode set to STRICT_TRANS_TABLES,STRICT_ALL_TABLES,NO_ZERO_IN_DATE,NO_ZERO_DATE,ERROR_FOR_DIVISION_BY_ZERO,TRADITIONAL,NO_ENGINE_SUBSTITUTION {{(pid=108550) _check_effective_sql_mode /opt/stack/data/venv/lib/python3.12/site-packages/oslo_db/sqlalchemy/engines.py:325}}
Jun 10 00:29:05.142577 np0000179361 devstack@n-api-meta.service[108551]: DEBUG oslo_db.sqlalchemy.engines [None req-b9955d08-d665-48ca-a506-71c2dccc8053 None None] MySQL server mode set to STRICT_TRANS_TABLES,STRICT_ALL_TABLES,NO_ZERO_IN_DATE,NO_ZERO_DATE,ERROR_FOR_DIVISION_BY_ZERO,TRADITIONAL,NO_ENGINE_SUBSTITUTION {{(pid=108551) _check_effective_sql_mode /opt/stack/data/venv/lib/python3.12/site-packages/oslo_db/sqlalchemy/engines.py:325}}
Jun 10 00:29:05.148101 np0000179361 devstack@n-api-meta.service[108551]: DEBUG oslo_db.sqlalchemy.engines [None req-b9955d08-d665-48ca-a506-71c2dccc8053 None None] MySQL server mode set to STRICT_TRANS_TABLES,STRICT_ALL_TABLES,NO_ZERO_IN_DATE,NO_ZERO_DATE,ERROR_FOR_DIVISION_BY_ZERO,TRADITIONAL,NO_ENGINE_SUBSTITUTION {{(pid=108551) _check_effective_sql_mode /opt/stack/data/venv/lib/python3.12/site-packages/oslo_db/sqlalchemy/engines.py:325}}
Jun 10 00:29:05.154634 np0000179361 devstack@n-api-meta.service[108549]: DEBUG oslo_db.sqlalchemy.engines [None req-389d7ac9-8fb5-4b8b-b6e2-51a7a78553da None None] MySQL server mode set to STRICT_TRANS_TABLES,STRICT_ALL_TABLES,NO_ZERO_IN_DATE,NO_ZERO_DATE,ERROR_FOR_DIVISION_BY_ZERO,TRADITIONAL,NO_ENGINE_SUBSTITUTION {{(pid=108549) _check_effective_sql_mode /opt/stack/data/venv/lib/python3.12/site-packages/oslo_db/sqlalchemy/engines.py:325}}
Jun 10 00:29:05.165201 np0000179361 devstack@n-api-meta.service[108548]: DEBUG oslo_db.sqlalchemy.engines [None req-c320b0bc-416e-4b08-aa8d-ab5d60f8dbe6 None None] MySQL server mode set to STRICT_TRANS_TABLES,STRICT_ALL_TABLES,NO_ZERO_IN_DATE,NO_ZERO_DATE,ERROR_FOR_DIVISION_BY_ZERO,TRADITIONAL,NO_ENGINE_SUBSTITUTION {{(pid=108548) _check_effective_sql_mode /opt/stack/data/venv/lib/python3.12/site-packages/oslo_db/sqlalchemy/engines.py:325}}
Jun 10 00:29:05.167841 np0000179361 devstack@n-api-meta.service[108548]: DEBUG oslo_db.sqlalchemy.engines [None req-c320b0bc-416e-4b08-aa8d-ab5d60f8dbe6 None None] MySQL server mode set to STRICT_TRANS_TABLES,STRICT_ALL_TABLES,NO_ZERO_IN_DATE,NO_ZERO_DATE,ERROR_FOR_DIVISION_BY_ZERO,TRADITIONAL,NO_ENGINE_SUBSTITUTION {{(pid=108548) _check_effective_sql_mode /opt/stack/data/venv/lib/python3.12/site-packages/oslo_db/sqlalchemy/engines.py:325}}
Jun 10 00:29:05.201348 np0000179361 devstack@n-api-meta.service[108550]: DEBUG dbcounter [-] [108550] Writer thread running {{(pid=108550) stat_writer /opt/stack/data/venv/lib/python3.12/site-packages/dbcounter.py:102}}
Jun 10 00:29:05.207632 np0000179361 devstack@n-api-meta.service[108550]: DEBUG dbcounter [-] [108550] Writer thread running {{(pid=108550) stat_writer /opt/stack/data/venv/lib/python3.12/site-packages/dbcounter.py:102}}
Jun 10 00:29:05.213691 np0000179361 devstack@n-api-meta.service[108550]: INFO dbcounter [None req-af5b1af9-26e7-4f5b-aad0-c17a414e6d92 None None] Registered counter for database nova_cell0
Jun 10 00:29:05.215790 np0000179361 devstack@n-api-meta.service[108549]: DEBUG oslo_db.sqlalchemy.engines [None req-389d7ac9-8fb5-4b8b-b6e2-51a7a78553da None None] MySQL server mode set to STRICT_TRANS_TABLES,STRICT_ALL_TABLES,NO_ZERO_IN_DATE,NO_ZERO_DATE,ERROR_FOR_DIVISION_BY_ZERO,TRADITIONAL,NO_ENGINE_SUBSTITUTION {{(pid=108549) _check_effective_sql_mode /opt/stack/data/venv/lib/python3.12/site-packages/oslo_db/sqlalchemy/engines.py:325}}
Jun 10 00:29:05.234754 np0000179361 devstack@n-api-meta.service[108551]: DEBUG dbcounter [-] [108551] Writer thread running {{(pid=108551) stat_writer /opt/stack/data/venv/lib/python3.12/site-packages/dbcounter.py:102}}
Jun 10 00:29:05.241607 np0000179361 devstack@n-api-meta.service[108551]: DEBUG dbcounter [-] [108551] Writer thread running {{(pid=108551) stat_writer /opt/stack/data/venv/lib/python3.12/site-packages/dbcounter.py:102}}
Jun 10 00:29:05.245428 np0000179361 devstack@n-api-meta.service[108549]: DEBUG dbcounter [-] [108549] Writer thread running {{(pid=108549) stat_writer /opt/stack/data/venv/lib/python3.12/site-packages/dbcounter.py:102}}
Jun 10 00:29:05.246488 np0000179361 devstack@n-api-meta.service[108551]: INFO dbcounter [None req-b9955d08-d665-48ca-a506-71c2dccc8053 None None] Registered counter for database nova_cell0
Jun 10 00:29:05.251407 np0000179361 devstack@n-api-meta.service[108549]: DEBUG dbcounter [-] [108549] Writer thread running {{(pid=108549) stat_writer /opt/stack/data/venv/lib/python3.12/site-packages/dbcounter.py:102}}
Jun 10 00:29:05.255690 np0000179361 devstack@n-api-meta.service[108549]: INFO dbcounter [None req-389d7ac9-8fb5-4b8b-b6e2-51a7a78553da None None] Registered counter for database nova_cell0
Jun 10 00:29:05.259382 np0000179361 devstack@n-api-meta.service[108550]: DEBUG oslo_db.sqlalchemy.engines [None req-af5b1af9-26e7-4f5b-aad0-c17a414e6d92 None None] MySQL server mode set to STRICT_TRANS_TABLES,STRICT_ALL_TABLES,NO_ZERO_IN_DATE,NO_ZERO_DATE,ERROR_FOR_DIVISION_BY_ZERO,TRADITIONAL,NO_ENGINE_SUBSTITUTION {{(pid=108550) _check_effective_sql_mode /opt/stack/data/venv/lib/python3.12/site-packages/oslo_db/sqlalchemy/engines.py:325}}
Jun 10 00:29:05.266170 np0000179361 devstack@n-api-meta.service[108550]: DEBUG dbcounter [-] [108550] Writer thread running {{(pid=108550) stat_writer /opt/stack/data/venv/lib/python3.12/site-packages/dbcounter.py:102}}
Jun 10 00:29:05.277580 np0000179361 devstack@n-api-meta.service[108548]: DEBUG dbcounter [-] [108548] Writer thread running {{(pid=108548) stat_writer /opt/stack/data/venv/lib/python3.12/site-packages/dbcounter.py:102}}
Jun 10 00:29:05.278314 np0000179361 devstack@n-api-meta.service[108548]: DEBUG dbcounter [-] [108548] Writer thread running {{(pid=108548) stat_writer /opt/stack/data/venv/lib/python3.12/site-packages/dbcounter.py:102}}
Jun 10 00:29:05.283656 np0000179361 devstack@n-api-meta.service[108548]: INFO dbcounter [None req-c320b0bc-416e-4b08-aa8d-ab5d60f8dbe6 None None] Registered counter for database nova_cell0
Jun 10 00:29:05.298806 np0000179361 devstack@n-api-meta.service[108551]: DEBUG oslo_db.sqlalchemy.engines [None req-b9955d08-d665-48ca-a506-71c2dccc8053 None None] MySQL server mode set to STRICT_TRANS_TABLES,STRICT_ALL_TABLES,NO_ZERO_IN_DATE,NO_ZERO_DATE,ERROR_FOR_DIVISION_BY_ZERO,TRADITIONAL,NO_ENGINE_SUBSTITUTION {{(pid=108551) _check_effective_sql_mode /opt/stack/data/venv/lib/python3.12/site-packages/oslo_db/sqlalchemy/engines.py:325}}
Jun 10 00:29:05.302969 np0000179361 devstack@n-api-meta.service[108549]: DEBUG oslo_db.sqlalchemy.engines [None req-389d7ac9-8fb5-4b8b-b6e2-51a7a78553da None None] MySQL server mode set to STRICT_TRANS_TABLES,STRICT_ALL_TABLES,NO_ZERO_IN_DATE,NO_ZERO_DATE,ERROR_FOR_DIVISION_BY_ZERO,TRADITIONAL,NO_ENGINE_SUBSTITUTION {{(pid=108549) _check_effective_sql_mode /opt/stack/data/venv/lib/python3.12/site-packages/oslo_db/sqlalchemy/engines.py:325}}
Jun 10 00:29:05.309578 np0000179361 devstack@n-api-meta.service[108551]: DEBUG dbcounter [-] [108551] Writer thread running {{(pid=108551) stat_writer /opt/stack/data/venv/lib/python3.12/site-packages/dbcounter.py:102}}
Jun 10 00:29:05.309687 np0000179361 devstack@n-api-meta.service[108550]: WARNING nova.api.metadata.handler [None req-af5b1af9-26e7-4f5b-aad0-c17a414e6d92 None None] metadata_proxy_shared_secret is not configured, the metadata information returned by the proxy cannot be trusted
Jun 10 00:29:05.312066 np0000179361 devstack@n-api-meta.service[108549]: DEBUG dbcounter [-] [108549] Writer thread running {{(pid=108549) stat_writer /opt/stack/data/venv/lib/python3.12/site-packages/dbcounter.py:102}}
Jun 10 00:29:05.315492 np0000179361 devstack@n-api-meta.service[108550]: DEBUG nova.api.openstack.wsgi_app [None req-af5b1af9-26e7-4f5b-aad0-c17a414e6d92 None None] ******************************************************************************** {{(pid=108550) log_opt_values /opt/stack/data/venv/lib/python3.12/site-packages/oslo_config/cfg.py:3229}}
Jun 10 00:29:05.315781 np0000179361 devstack@n-api-meta.service[108550]: DEBUG nova.api.openstack.wsgi_app [None req-af5b1af9-26e7-4f5b-aad0-c17a414e6d92 None None] Configuration options gathered from: {{(pid=108550) log_opt_values /opt/stack/data/venv/lib/python3.12/site-packages/oslo_config/cfg.py:3230}}
Jun 10 00:29:05.316042 np0000179361 devstack@n-api-meta.service[108550]: DEBUG nova.api.openstack.wsgi_app [None req-af5b1af9-26e7-4f5b-aad0-c17a414e6d92 None None] command line args: [] {{(pid=108550) log_opt_values /opt/stack/data/venv/lib/python3.12/site-packages/oslo_config/cfg.py:3231}}
Jun 10 00:29:05.316430 np0000179361 devstack@n-api-meta.service[108550]: DEBUG nova.api.openstack.wsgi_app [None req-af5b1af9-26e7-4f5b-aad0-c17a414e6d92 None None] config files: ['/etc/nova/api-paste.ini', '/etc/nova/nova.conf'] {{(pid=108550) log_opt_values /opt/stack/data/venv/lib/python3.12/site-packages/oslo_config/cfg.py:3232}}
Jun 10 00:29:05.316675 np0000179361 devstack@n-api-meta.service[108550]: DEBUG nova.api.openstack.wsgi_app [None req-af5b1af9-26e7-4f5b-aad0-c17a414e6d92 None None] ================================================================================ {{(pid=108550) log_opt_values /opt/stack/data/venv/lib/python3.12/site-packages/oslo_config/cfg.py:3237}}
Jun 10 00:29:05.317066 np0000179361 devstack@n-api-meta.service[108550]: DEBUG nova.api.openstack.wsgi_app [None req-af5b1af9-26e7-4f5b-aad0-c17a414e6d92 None None] allow_resize_to_same_host = True {{(pid=108550) log_opt_values /opt/stack/data/venv/lib/python3.12/site-packages/oslo_config/cfg.py:3245}}
Jun 10 00:29:05.317437 np0000179361 devstack@n-api-meta.service[108550]: DEBUG nova.api.openstack.wsgi_app [None req-af5b1af9-26e7-4f5b-aad0-c17a414e6d92 None None] arq_binding_timeout = 300 {{(pid=108550) log_opt_values /opt/stack/data/venv/lib/python3.12/site-packages/oslo_config/cfg.py:3245}}
Jun 10 00:29:05.317769 np0000179361 devstack@n-api-meta.service[108550]: DEBUG nova.api.openstack.wsgi_app [None req-af5b1af9-26e7-4f5b-aad0-c17a414e6d92 None None] block_device_allocate_retries = 60 {{(pid=108550) log_opt_values /opt/stack/data/venv/lib/python3.12/site-packages/oslo_config/cfg.py:3245}}
Jun 10 00:29:05.318075 np0000179361 devstack@n-api-meta.service[108550]: DEBUG nova.api.openstack.wsgi_app [None req-af5b1af9-26e7-4f5b-aad0-c17a414e6d92 None None] block_device_allocate_retries_interval = 3 {{(pid=108550) log_opt_values /opt/stack/data/venv/lib/python3.12/site-packages/oslo_config/cfg.py:3245}}
Jun 10 00:29:05.318411 np0000179361 devstack@n-api-meta.service[108550]: DEBUG nova.api.openstack.wsgi_app [None req-af5b1af9-26e7-4f5b-aad0-c17a414e6d92 None None] cell_worker_thread_pool_size = 5 {{(pid=108550) log_opt_values /opt/stack/data/venv/lib/python3.12/site-packages/oslo_config/cfg.py:3245}}
Jun 10 00:29:05.318737 np0000179361 devstack@n-api-meta.service[108550]: DEBUG nova.api.openstack.wsgi_app [None req-af5b1af9-26e7-4f5b-aad0-c17a414e6d92 None None] cert = self.pem {{(pid=108550) log_opt_values /opt/stack/data/venv/lib/python3.12/site-packages/oslo_config/cfg.py:3245}}
Jun 10 00:29:05.319104 np0000179361 devstack@n-api-meta.service[108550]: DEBUG nova.api.openstack.wsgi_app [None req-af5b1af9-26e7-4f5b-aad0-c17a414e6d92 None None] compute_driver = libvirt.LibvirtDriver {{(pid=108550) log_opt_values /opt/stack/data/venv/lib/python3.12/site-packages/oslo_config/cfg.py:3245}}
Jun 10 00:29:05.319452 np0000179361 devstack@n-api-meta.service[108550]: DEBUG nova.api.openstack.wsgi_app [None req-af5b1af9-26e7-4f5b-aad0-c17a414e6d92 None None] compute_monitors = [] {{(pid=108550) log_opt_values /opt/stack/data/venv/lib/python3.12/site-packages/oslo_config/cfg.py:3245}}
Jun 10 00:29:05.319585 np0000179361 devstack@n-api-meta.service[108550]: DEBUG nova.api.openstack.wsgi_app [None req-af5b1af9-26e7-4f5b-aad0-c17a414e6d92 None None] config_dir = [] {{(pid=108550) log_opt_values /opt/stack/data/venv/lib/python3.12/site-packages/oslo_config/cfg.py:3245}}
Jun 10 00:29:05.319723 np0000179361 devstack@n-api-meta.service[108550]: DEBUG nova.api.openstack.wsgi_app [None req-af5b1af9-26e7-4f5b-aad0-c17a414e6d92 None None] config_drive_format = iso9660 {{(pid=108550) log_opt_values /opt/stack/data/venv/lib/python3.12/site-packages/oslo_config/cfg.py:3245}}
Jun 10 00:29:05.319848 np0000179361 devstack@n-api-meta.service[108550]: DEBUG nova.api.openstack.wsgi_app [None req-af5b1af9-26e7-4f5b-aad0-c17a414e6d92 None None] config_file = ['/etc/nova/api-paste.ini', '/etc/nova/nova.conf'] {{(pid=108550) log_opt_values /opt/stack/data/venv/lib/python3.12/site-packages/oslo_config/cfg.py:3245}}
Jun 10 00:29:05.319960 np0000179361 devstack@n-api-meta.service[108550]: DEBUG nova.api.openstack.wsgi_app [None req-af5b1af9-26e7-4f5b-aad0-c17a414e6d92 None None] config_source = [] {{(pid=108550) log_opt_values /opt/stack/data/venv/lib/python3.12/site-packages/oslo_config/cfg.py:3245}}
Jun 10 00:29:05.320096 np0000179361 devstack@n-api-meta.service[108550]: DEBUG nova.api.openstack.wsgi_app [None req-af5b1af9-26e7-4f5b-aad0-c17a414e6d92 None None] console_host = np0000179361 {{(pid=108550) log_opt_values /opt/stack/data/venv/lib/python3.12/site-packages/oslo_config/cfg.py:3245}}
Jun 10 00:29:05.320245 np0000179361 devstack@n-api-meta.service[108550]: DEBUG nova.api.openstack.wsgi_app [None req-af5b1af9-26e7-4f5b-aad0-c17a414e6d92 None None] control_exchange = nova {{(pid=108550) log_opt_values /opt/stack/data/venv/lib/python3.12/site-packages/oslo_config/cfg.py:3245}}
Jun 10 00:29:05.320372 np0000179361 devstack@n-api-meta.service[108550]: DEBUG nova.api.openstack.wsgi_app [None req-af5b1af9-26e7-4f5b-aad0-c17a414e6d92 None None] cpu_allocation_ratio = None {{(pid=108550) log_opt_values /opt/stack/data/venv/lib/python3.12/site-packages/oslo_config/cfg.py:3245}}
Jun 10 00:29:05.320504 np0000179361 devstack@n-api-meta.service[108550]: DEBUG nova.api.openstack.wsgi_app [None req-af5b1af9-26e7-4f5b-aad0-c17a414e6d92 None None] daemon = False {{(pid=108550) log_opt_values /opt/stack/data/venv/lib/python3.12/site-packages/oslo_config/cfg.py:3245}}
Jun 10 00:29:05.320629 np0000179361 devstack@n-api-meta.service[108550]: DEBUG nova.api.openstack.wsgi_app [None req-af5b1af9-26e7-4f5b-aad0-c17a414e6d92 None None] debug = True {{(pid=108550) log_opt_values /opt/stack/data/venv/lib/python3.12/site-packages/oslo_config/cfg.py:3245}}
Jun 10 00:29:05.320753 np0000179361 devstack@n-api-meta.service[108550]: DEBUG nova.api.openstack.wsgi_app [None req-af5b1af9-26e7-4f5b-aad0-c17a414e6d92 None None] default_access_ip_network_name = None {{(pid=108550) log_opt_values /opt/stack/data/venv/lib/python3.12/site-packages/oslo_config/cfg.py:3245}}
Jun 10 00:29:05.320886 np0000179361 devstack@n-api-meta.service[108550]: DEBUG nova.api.openstack.wsgi_app [None req-af5b1af9-26e7-4f5b-aad0-c17a414e6d92 None None] default_availability_zone = nova {{(pid=108550) log_opt_values /opt/stack/data/venv/lib/python3.12/site-packages/oslo_config/cfg.py:3245}}
Jun 10 00:29:05.321015 np0000179361 devstack@n-api-meta.service[108550]: DEBUG nova.api.openstack.wsgi_app [None req-af5b1af9-26e7-4f5b-aad0-c17a414e6d92 None None] default_ephemeral_format = ext4 {{(pid=108550) log_opt_values /opt/stack/data/venv/lib/python3.12/site-packages/oslo_config/cfg.py:3245}}
Jun 10 00:29:05.321142 np0000179361 devstack@n-api-meta.service[108550]: DEBUG nova.api.openstack.wsgi_app [None req-af5b1af9-26e7-4f5b-aad0-c17a414e6d92 None None] default_green_pool_size = 1000 {{(pid=108550) log_opt_values /opt/stack/data/venv/lib/python3.12/site-packages/oslo_config/cfg.py:3245}}
Jun 10 00:29:05.321390 np0000179361 devstack@n-api-meta.service[108550]: DEBUG nova.api.openstack.wsgi_app [None req-af5b1af9-26e7-4f5b-aad0-c17a414e6d92 None None] default_log_levels = ['amqp=WARN', 'boto=WARN', 'sqlalchemy=WARN', 'suds=INFO', 'oslo.messaging=INFO', 'oslo_messaging=INFO', 'iso8601=WARN', 'requests.packages.urllib3.connectionpool=WARN', 'urllib3.connectionpool=WARN', 'websocket=WARN', 'requests.packages.urllib3.util.retry=WARN', 'urllib3.util.retry=WARN', 'keystonemiddleware=WARN', 'routes.middleware=WARN', 'stevedore=WARN', 'taskflow=WARN', 'keystoneauth=WARN', 'oslo.cache=INFO', 'oslo_policy=INFO', 'dogpile.core.dogpile=INFO', 'glanceclient=WARN', 'oslo.privsep.daemon=INFO'] {{(pid=108550) log_opt_values /opt/stack/data/venv/lib/python3.12/site-packages/oslo_config/cfg.py:3245}}
Jun 10 00:29:05.321526 np0000179361 devstack@n-api-meta.service[108550]: DEBUG nova.api.openstack.wsgi_app [None req-af5b1af9-26e7-4f5b-aad0-c17a414e6d92 None None] default_schedule_zone = None {{(pid=108550) log_opt_values /opt/stack/data/venv/lib/python3.12/site-packages/oslo_config/cfg.py:3245}}
Jun 10 00:29:05.321633 np0000179361 devstack@n-api-meta.service[108550]: DEBUG nova.api.openstack.wsgi_app [None req-af5b1af9-26e7-4f5b-aad0-c17a414e6d92 None None] default_thread_pool_size = 10 {{(pid=108550) log_opt_values /opt/stack/data/venv/lib/python3.12/site-packages/oslo_config/cfg.py:3245}}
Jun 10 00:29:05.321761 np0000179361 devstack@n-api-meta.service[108550]: DEBUG nova.api.openstack.wsgi_app [None req-af5b1af9-26e7-4f5b-aad0-c17a414e6d92 None None] disk_allocation_ratio = None {{(pid=108550) log_opt_values /opt/stack/data/venv/lib/python3.12/site-packages/oslo_config/cfg.py:3245}}
Jun 10 00:29:05.321887 np0000179361 devstack@n-api-meta.service[108550]: DEBUG nova.api.openstack.wsgi_app [None req-af5b1af9-26e7-4f5b-aad0-c17a414e6d92 None None] enable_new_services = True {{(pid=108550) log_opt_values /opt/stack/data/venv/lib/python3.12/site-packages/oslo_config/cfg.py:3245}}
Jun 10 00:29:05.322012 np0000179361 devstack@n-api-meta.service[108550]: DEBUG nova.api.openstack.wsgi_app [None req-af5b1af9-26e7-4f5b-aad0-c17a414e6d92 None None] flat_injected = False {{(pid=108550) log_opt_values /opt/stack/data/venv/lib/python3.12/site-packages/oslo_config/cfg.py:3245}}
Jun 10 00:29:05.322137 np0000179361 devstack@n-api-meta.service[108550]: DEBUG nova.api.openstack.wsgi_app [None req-af5b1af9-26e7-4f5b-aad0-c17a414e6d92 None None] force_config_drive = False {{(pid=108550) log_opt_values /opt/stack/data/venv/lib/python3.12/site-packages/oslo_config/cfg.py:3245}}
Jun 10 00:29:05.322289 np0000179361 devstack@n-api-meta.service[108550]: DEBUG nova.api.openstack.wsgi_app [None req-af5b1af9-26e7-4f5b-aad0-c17a414e6d92 None None] force_raw_images = True {{(pid=108550) log_opt_values /opt/stack/data/venv/lib/python3.12/site-packages/oslo_config/cfg.py:3245}}
Jun 10 00:29:05.322426 np0000179361 devstack@n-api-meta.service[108550]: DEBUG nova.api.openstack.wsgi_app [None req-af5b1af9-26e7-4f5b-aad0-c17a414e6d92 None None] graceful_shutdown_timeout = 5 {{(pid=108550) log_opt_values /opt/stack/data/venv/lib/python3.12/site-packages/oslo_config/cfg.py:3245}}
Jun 10 00:29:05.322551 np0000179361 devstack@n-api-meta.service[108550]: DEBUG nova.api.openstack.wsgi_app [None req-af5b1af9-26e7-4f5b-aad0-c17a414e6d92 None None] heal_instance_info_cache_interval = -1 {{(pid=108550) log_opt_values /opt/stack/data/venv/lib/python3.12/site-packages/oslo_config/cfg.py:3245}}
Jun 10 00:29:05.322725 np0000179361 devstack@n-api-meta.service[108550]: DEBUG nova.api.openstack.wsgi_app [None req-af5b1af9-26e7-4f5b-aad0-c17a414e6d92 None None] host = np0000179361 {{(pid=108550) log_opt_values /opt/stack/data/venv/lib/python3.12/site-packages/oslo_config/cfg.py:3245}}
Jun 10 00:29:05.322861 np0000179361 devstack@n-api-meta.service[108550]: DEBUG nova.api.openstack.wsgi_app [None req-af5b1af9-26e7-4f5b-aad0-c17a414e6d92 None None] initial_cpu_allocation_ratio = 4.0 {{(pid=108550) log_opt_values /opt/stack/data/venv/lib/python3.12/site-packages/oslo_config/cfg.py:3245}}
Jun 10 00:29:05.323013 np0000179361 devstack@n-api-meta.service[108550]: DEBUG nova.api.openstack.wsgi_app [None req-af5b1af9-26e7-4f5b-aad0-c17a414e6d92 None None] initial_disk_allocation_ratio = 1.0 {{(pid=108550) log_opt_values /opt/stack/data/venv/lib/python3.12/site-packages/oslo_config/cfg.py:3245}}
Jun 10 00:29:05.323128 np0000179361 devstack@n-api-meta.service[108550]: DEBUG nova.api.openstack.wsgi_app [None req-af5b1af9-26e7-4f5b-aad0-c17a414e6d92 None None] initial_ram_allocation_ratio = 1.0 {{(pid=108550) log_opt_values /opt/stack/data/venv/lib/python3.12/site-packages/oslo_config/cfg.py:3245}}
Jun 10 00:29:05.323311 np0000179361 devstack@n-api-meta.service[108550]: DEBUG nova.api.openstack.wsgi_app [None req-af5b1af9-26e7-4f5b-aad0-c17a414e6d92 None None] injected_network_template = /opt/stack/nova/nova/virt/interfaces.template {{(pid=108550) log_opt_values /opt/stack/data/venv/lib/python3.12/site-packages/oslo_config/cfg.py:3245}}
Jun 10 00:29:05.323435 np0000179361 devstack@n-api-meta.service[108550]: DEBUG nova.api.openstack.wsgi_app [None req-af5b1af9-26e7-4f5b-aad0-c17a414e6d92 None None] instance_build_timeout = 0 {{(pid=108550) log_opt_values /opt/stack/data/venv/lib/python3.12/site-packages/oslo_config/cfg.py:3245}}
Jun 10 00:29:05.323561 np0000179361 devstack@n-api-meta.service[108550]: DEBUG nova.api.openstack.wsgi_app [None req-af5b1af9-26e7-4f5b-aad0-c17a414e6d92 None None] instance_delete_interval = 300 {{(pid=108550) log_opt_values /opt/stack/data/venv/lib/python3.12/site-packages/oslo_config/cfg.py:3245}}
Jun 10 00:29:05.323705 np0000179361 devstack@n-api-meta.service[108550]: DEBUG nova.api.openstack.wsgi_app [None req-af5b1af9-26e7-4f5b-aad0-c17a414e6d92 None None] instance_format = [instance: %(uuid)s] {{(pid=108550) log_opt_values /opt/stack/data/venv/lib/python3.12/site-packages/oslo_config/cfg.py:3245}}
Jun 10 00:29:05.323828 np0000179361 devstack@n-api-meta.service[108550]: DEBUG nova.api.openstack.wsgi_app [None req-af5b1af9-26e7-4f5b-aad0-c17a414e6d92 None None] instance_name_template = instance-%08x {{(pid=108550) log_opt_values /opt/stack/data/venv/lib/python3.12/site-packages/oslo_config/cfg.py:3245}}
Jun 10 00:29:05.323955 np0000179361 devstack@n-api-meta.service[108550]: DEBUG nova.api.openstack.wsgi_app [None req-af5b1af9-26e7-4f5b-aad0-c17a414e6d92 None None] instance_usage_audit = False {{(pid=108550) log_opt_values /opt/stack/data/venv/lib/python3.12/site-packages/oslo_config/cfg.py:3245}}
Jun 10 00:29:05.324095 np0000179361 devstack@n-api-meta.service[108550]: DEBUG nova.api.openstack.wsgi_app [None req-af5b1af9-26e7-4f5b-aad0-c17a414e6d92 None None] instance_usage_audit_period = month {{(pid=108550) log_opt_values /opt/stack/data/venv/lib/python3.12/site-packages/oslo_config/cfg.py:3245}}
Jun 10 00:29:05.324242 np0000179361 devstack@n-api-meta.service[108550]: DEBUG nova.api.openstack.wsgi_app [None req-af5b1af9-26e7-4f5b-aad0-c17a414e6d92 None None] instance_uuid_format = [instance: %(uuid)s] {{(pid=108550) log_opt_values /opt/stack/data/venv/lib/python3.12/site-packages/oslo_config/cfg.py:3245}}
Jun 10 00:29:05.324372 np0000179361 devstack@n-api-meta.service[108550]: DEBUG nova.api.openstack.wsgi_app [None req-af5b1af9-26e7-4f5b-aad0-c17a414e6d92 None None] instances_path = /opt/stack/data/nova/instances {{(pid=108550) log_opt_values /opt/stack/data/venv/lib/python3.12/site-packages/oslo_config/cfg.py:3245}}
Jun 10 00:29:05.324504 np0000179361 devstack@n-api-meta.service[108550]: DEBUG nova.api.openstack.wsgi_app [None req-af5b1af9-26e7-4f5b-aad0-c17a414e6d92 None None] internal_service_availability_zone = internal {{(pid=108550) log_opt_values /opt/stack/data/venv/lib/python3.12/site-packages/oslo_config/cfg.py:3245}}
Jun 10 00:29:05.324629 np0000179361 devstack@n-api-meta.service[108550]: DEBUG nova.api.openstack.wsgi_app [None req-af5b1af9-26e7-4f5b-aad0-c17a414e6d92 None None] key = None {{(pid=108550) log_opt_values /opt/stack/data/venv/lib/python3.12/site-packages/oslo_config/cfg.py:3245}}
Jun 10 00:29:05.324772 np0000179361 devstack@n-api-meta.service[108550]: DEBUG nova.api.openstack.wsgi_app [None req-af5b1af9-26e7-4f5b-aad0-c17a414e6d92 None None] live_migration_retry_count = 30 {{(pid=108550) log_opt_values /opt/stack/data/venv/lib/python3.12/site-packages/oslo_config/cfg.py:3245}}
Jun 10 00:29:05.324985 np0000179361 devstack@n-api-meta.service[108550]: DEBUG nova.api.openstack.wsgi_app [None req-af5b1af9-26e7-4f5b-aad0-c17a414e6d92 None None] log_color = False {{(pid=108550) log_opt_values /opt/stack/data/venv/lib/python3.12/site-packages/oslo_config/cfg.py:3245}}
Jun 10 00:29:05.325232 np0000179361 devstack@n-api-meta.service[108550]: DEBUG nova.api.openstack.wsgi_app [None req-af5b1af9-26e7-4f5b-aad0-c17a414e6d92 None None] log_config_append = None {{(pid=108550) log_opt_values /opt/stack/data/venv/lib/python3.12/site-packages/oslo_config/cfg.py:3245}}
Jun 10 00:29:05.325384 np0000179361 devstack@n-api-meta.service[108550]: DEBUG nova.api.openstack.wsgi_app [None req-af5b1af9-26e7-4f5b-aad0-c17a414e6d92 None None] log_date_format = %Y-%m-%d %H:%M:%S {{(pid=108550) log_opt_values /opt/stack/data/venv/lib/python3.12/site-packages/oslo_config/cfg.py:3245}}
Jun 10 00:29:05.325490 np0000179361 devstack@n-api-meta.service[108550]: DEBUG nova.api.openstack.wsgi_app [None req-af5b1af9-26e7-4f5b-aad0-c17a414e6d92 None None] log_dir = None {{(pid=108550) log_opt_values /opt/stack/data/venv/lib/python3.12/site-packages/oslo_config/cfg.py:3245}}
Jun 10 00:29:05.325614 np0000179361 devstack@n-api-meta.service[108550]: DEBUG nova.api.openstack.wsgi_app [None req-af5b1af9-26e7-4f5b-aad0-c17a414e6d92 None None] log_file = None {{(pid=108550) log_opt_values /opt/stack/data/venv/lib/python3.12/site-packages/oslo_config/cfg.py:3245}}
Jun 10 00:29:05.325714 np0000179361 devstack@n-api-meta.service[108550]: DEBUG nova.api.openstack.wsgi_app [None req-af5b1af9-26e7-4f5b-aad0-c17a414e6d92 None None] log_options = True {{(pid=108550) log_opt_values /opt/stack/data/venv/lib/python3.12/site-packages/oslo_config/cfg.py:3245}}
Jun 10 00:29:05.325840 np0000179361 devstack@n-api-meta.service[108550]: DEBUG nova.api.openstack.wsgi_app [None req-af5b1af9-26e7-4f5b-aad0-c17a414e6d92 None None] log_rotate_interval = 1 {{(pid=108550) log_opt_values /opt/stack/data/venv/lib/python3.12/site-packages/oslo_config/cfg.py:3245}}
Jun 10 00:29:05.325975 np0000179361 devstack@n-api-meta.service[108550]: DEBUG nova.api.openstack.wsgi_app [None req-af5b1af9-26e7-4f5b-aad0-c17a414e6d92 None None] log_rotate_interval_type = days {{(pid=108550) log_opt_values /opt/stack/data/venv/lib/python3.12/site-packages/oslo_config/cfg.py:3245}}
Jun 10 00:29:05.326107 np0000179361 devstack@n-api-meta.service[108550]: DEBUG nova.api.openstack.wsgi_app [None req-af5b1af9-26e7-4f5b-aad0-c17a414e6d92 None None] log_rotation_type = none {{(pid=108550) log_opt_values /opt/stack/data/venv/lib/python3.12/site-packages/oslo_config/cfg.py:3245}}
Jun 10 00:29:05.326222 np0000179361 devstack@n-api-meta.service[108550]: DEBUG nova.api.openstack.wsgi_app [None req-af5b1af9-26e7-4f5b-aad0-c17a414e6d92 None None] logging_context_format_string = %(color)s%(levelname)s %(name)s [%(global_request_id)s %(request_id)s %(project_name)s %(user_name)s%(color)s] %(instance)s%(color)s%(message)s {{(pid=108550) log_opt_values /opt/stack/data/venv/lib/python3.12/site-packages/oslo_config/cfg.py:3245}}
Jun 10 00:29:05.326332 np0000179361 devstack@n-api-meta.service[108550]: DEBUG nova.api.openstack.wsgi_app [None req-af5b1af9-26e7-4f5b-aad0-c17a414e6d92 None None] logging_debug_format_suffix = {{(pid=%(process)d) %(funcName)s %(pathname)s:%(lineno)d}} {{(pid=108550) log_opt_values /opt/stack/data/venv/lib/python3.12/site-packages/oslo_config/cfg.py:3245}}
Jun 10 00:29:05.326465 np0000179361 devstack@n-api-meta.service[108550]: DEBUG nova.api.openstack.wsgi_app [None req-af5b1af9-26e7-4f5b-aad0-c17a414e6d92 None None] logging_default_format_string = %(color)s%(levelname)s %(name)s [-%(color)s] %(instance)s%(color)s%(message)s {{(pid=108550) log_opt_values /opt/stack/data/venv/lib/python3.12/site-packages/oslo_config/cfg.py:3245}}
