Jun 10 00:29:11.997735 np0000179361 nova-conductor[110852]: DEBUG cotyledon.oslo_config_glue [-] workarounds.disable_fallback_pcpu_query = False {{(pid=110852) log_opt_values /opt/stack/data/venv/lib/python3.12/site-packages/oslo_config/cfg.py:3256}}
Jun 10 00:29:11.997735 np0000179361 nova-conductor[110852]: DEBUG cotyledon.oslo_config_glue [-] workarounds.disable_group_policy_check_upcall = False {{(pid=110852) log_opt_values /opt/stack/data/venv/lib/python3.12/site-packages/oslo_config/cfg.py:3256}}
Jun 10 00:29:11.997954 np0000179361 nova-conductor[110852]: DEBUG cotyledon.oslo_config_glue [-] workarounds.disable_libvirt_livesnapshot = False {{(pid=110852) log_opt_values /opt/stack/data/venv/lib/python3.12/site-packages/oslo_config/cfg.py:3256}}
Jun 10 00:29:11.997954 np0000179361 nova-conductor[110852]: DEBUG cotyledon.oslo_config_glue [-] workarounds.disable_rootwrap = False {{(pid=110852) log_opt_values /opt/stack/data/venv/lib/python3.12/site-packages/oslo_config/cfg.py:3256}}
Jun 10 00:29:11.997954 np0000179361 nova-conductor[110852]: DEBUG cotyledon.oslo_config_glue [-] workarounds.enable_numa_live_migration = False {{(pid=110852) log_opt_values /opt/stack/data/venv/lib/python3.12/site-packages/oslo_config/cfg.py:3256}}
Jun 10 00:29:11.997954 np0000179361 nova-conductor[110852]: DEBUG cotyledon.oslo_config_glue [-] workarounds.enable_qemu_monitor_announce_self = False {{(pid=110852) log_opt_values /opt/stack/data/venv/lib/python3.12/site-packages/oslo_config/cfg.py:3256}}
Jun 10 00:29:11.997954 np0000179361 nova-conductor[110852]: DEBUG cotyledon.oslo_config_glue [-] workarounds.ensure_libvirt_rbd_instance_dir_cleanup = False {{(pid=110852) log_opt_values /opt/stack/data/venv/lib/python3.12/site-packages/oslo_config/cfg.py:3256}}
Jun 10 00:29:11.997954 np0000179361 nova-conductor[110852]: DEBUG cotyledon.oslo_config_glue [-] workarounds.handle_virt_lifecycle_events = True {{(pid=110852) log_opt_values /opt/stack/data/venv/lib/python3.12/site-packages/oslo_config/cfg.py:3256}}
Jun 10 00:29:11.997954 np0000179361 nova-conductor[110852]: DEBUG cotyledon.oslo_config_glue [-] workarounds.libvirt_disable_apic = False {{(pid=110852) log_opt_values /opt/stack/data/venv/lib/python3.12/site-packages/oslo_config/cfg.py:3256}}
Jun 10 00:29:11.997954 np0000179361 nova-conductor[110852]: DEBUG cotyledon.oslo_config_glue [-] workarounds.never_download_image_if_on_rbd = False {{(pid=110852) log_opt_values /opt/stack/data/venv/lib/python3.12/site-packages/oslo_config/cfg.py:3256}}
Jun 10 00:29:11.997954 np0000179361 nova-conductor[110852]: DEBUG cotyledon.oslo_config_glue [-] workarounds.qemu_monitor_announce_self_count = 3 {{(pid=110852) log_opt_values /opt/stack/data/venv/lib/python3.12/site-packages/oslo_config/cfg.py:3256}}
Jun 10 00:29:11.998157 np0000179361 nova-conductor[110852]: DEBUG cotyledon.oslo_config_glue [-] workarounds.qemu_monitor_announce_self_interval = 1 {{(pid=110852) log_opt_values /opt/stack/data/venv/lib/python3.12/site-packages/oslo_config/cfg.py:3256}}
Jun 10 00:29:11.998157 np0000179361 nova-conductor[110852]: DEBUG cotyledon.oslo_config_glue [-] workarounds.reserve_disk_resource_for_image_cache = False {{(pid=110852) log_opt_values /opt/stack/data/venv/lib/python3.12/site-packages/oslo_config/cfg.py:3256}}
Jun 10 00:29:11.998157 np0000179361 nova-conductor[110852]: DEBUG cotyledon.oslo_config_glue [-] workarounds.skip_cpu_compare_at_startup = False {{(pid=110852) log_opt_values /opt/stack/data/venv/lib/python3.12/site-packages/oslo_config/cfg.py:3256}}
Jun 10 00:29:11.998157 np0000179361 nova-conductor[110852]: DEBUG cotyledon.oslo_config_glue [-] workarounds.skip_cpu_compare_on_dest = False {{(pid=110852) log_opt_values /opt/stack/data/venv/lib/python3.12/site-packages/oslo_config/cfg.py:3256}}
Jun 10 00:29:11.998157 np0000179361 nova-conductor[110852]: DEBUG cotyledon.oslo_config_glue [-] workarounds.skip_hypervisor_version_check_on_lm = False {{(pid=110852) log_opt_values /opt/stack/data/venv/lib/python3.12/site-packages/oslo_config/cfg.py:3256}}
Jun 10 00:29:11.998157 np0000179361 nova-conductor[110852]: DEBUG cotyledon.oslo_config_glue [-] workarounds.skip_reserve_in_use_ironic_nodes = False {{(pid=110852) log_opt_values /opt/stack/data/venv/lib/python3.12/site-packages/oslo_config/cfg.py:3256}}
Jun 10 00:29:11.998157 np0000179361 nova-conductor[110852]: DEBUG cotyledon.oslo_config_glue [-] workarounds.unified_limits_count_pcpu_as_vcpu = False {{(pid=110852) log_opt_values /opt/stack/data/venv/lib/python3.12/site-packages/oslo_config/cfg.py:3256}}
Jun 10 00:29:11.998157 np0000179361 nova-conductor[110852]: DEBUG cotyledon.oslo_config_glue [-] workarounds.wait_for_vif_plugged_event_during_hard_reboot = [] {{(pid=110852) log_opt_values /opt/stack/data/venv/lib/python3.12/site-packages/oslo_config/cfg.py:3256}}
Jun 10 00:29:11.998367 np0000179361 nova-conductor[110852]: DEBUG cotyledon.oslo_config_glue [-] wsgi.api_paste_config = /etc/nova/api-paste.ini {{(pid=110852) log_opt_values /opt/stack/data/venv/lib/python3.12/site-packages/oslo_config/cfg.py:3256}}
Jun 10 00:29:11.998367 np0000179361 nova-conductor[110852]: DEBUG cotyledon.oslo_config_glue [-] wsgi.secure_proxy_ssl_header = None {{(pid=110852) log_opt_values /opt/stack/data/venv/lib/python3.12/site-packages/oslo_config/cfg.py:3256}}
Jun 10 00:29:11.998367 np0000179361 nova-conductor[110852]: DEBUG cotyledon.oslo_config_glue [-] zvm.ca_file = None {{(pid=110852) log_opt_values /opt/stack/data/venv/lib/python3.12/site-packages/oslo_config/cfg.py:3256}}
Jun 10 00:29:11.998367 np0000179361 nova-conductor[110852]: DEBUG cotyledon.oslo_config_glue [-] zvm.cloud_connector_url = None {{(pid=110852) log_opt_values /opt/stack/data/venv/lib/python3.12/site-packages/oslo_config/cfg.py:3256}}
Jun 10 00:29:11.998367 np0000179361 nova-conductor[110852]: DEBUG cotyledon.oslo_config_glue [-] zvm.image_tmp_path = /opt/stack/data/nova/images {{(pid=110852) log_opt_values /opt/stack/data/venv/lib/python3.12/site-packages/oslo_config/cfg.py:3256}}
Jun 10 00:29:11.998367 np0000179361 nova-conductor[110852]: DEBUG cotyledon.oslo_config_glue [-] zvm.reachable_timeout = 300 {{(pid=110852) log_opt_values /opt/stack/data/venv/lib/python3.12/site-packages/oslo_config/cfg.py:3256}}
Jun 10 00:29:11.998367 np0000179361 nova-conductor[110852]: DEBUG cotyledon.oslo_config_glue [-] oslo_versionedobjects.fatal_exception_format_errors = False {{(pid=110852) log_opt_values /opt/stack/data/venv/lib/python3.12/site-packages/oslo_config/cfg.py:3256}}
Jun 10 00:29:11.998367 np0000179361 nova-conductor[110852]: DEBUG cotyledon.oslo_config_glue [-] oslo_middleware.http_basic_auth_user_file = /etc/htpasswd {{(pid=110852) log_opt_values /opt/stack/data/venv/lib/python3.12/site-packages/oslo_config/cfg.py:3256}}
Jun 10 00:29:11.998367 np0000179361 nova-conductor[110852]: DEBUG cotyledon.oslo_config_glue [-] profiler.connection_string = messaging:// {{(pid=110852) log_opt_values /opt/stack/data/venv/lib/python3.12/site-packages/oslo_config/cfg.py:3256}}
Jun 10 00:29:11.998577 np0000179361 nova-conductor[110852]: DEBUG cotyledon.oslo_config_glue [-] profiler.enabled = False {{(pid=110852) log_opt_values /opt/stack/data/venv/lib/python3.12/site-packages/oslo_config/cfg.py:3256}}
Jun 10 00:29:11.998577 np0000179361 nova-conductor[110852]: DEBUG cotyledon.oslo_config_glue [-] profiler.es_doc_type = notification {{(pid=110852) log_opt_values /opt/stack/data/venv/lib/python3.12/site-packages/oslo_config/cfg.py:3256}}
Jun 10 00:29:11.998577 np0000179361 nova-conductor[110852]: DEBUG cotyledon.oslo_config_glue [-] profiler.es_scroll_size = 10000 {{(pid=110852) log_opt_values /opt/stack/data/venv/lib/python3.12/site-packages/oslo_config/cfg.py:3256}}
Jun 10 00:29:11.998577 np0000179361 nova-conductor[110852]: DEBUG cotyledon.oslo_config_glue [-] profiler.es_scroll_time = 2m {{(pid=110852) log_opt_values /opt/stack/data/venv/lib/python3.12/site-packages/oslo_config/cfg.py:3256}}
Jun 10 00:29:11.998577 np0000179361 nova-conductor[110852]: DEBUG cotyledon.oslo_config_glue [-] profiler.filter_error_trace = False {{(pid=110852) log_opt_values /opt/stack/data/venv/lib/python3.12/site-packages/oslo_config/cfg.py:3256}}
Jun 10 00:29:11.998577 np0000179361 nova-conductor[110852]: DEBUG cotyledon.oslo_config_glue [-] profiler.hmac_keys = **** {{(pid=110852) log_opt_values /opt/stack/data/venv/lib/python3.12/site-packages/oslo_config/cfg.py:3256}}
Jun 10 00:29:11.998577 np0000179361 nova-conductor[110852]: DEBUG cotyledon.oslo_config_glue [-] profiler.sentinel_service_name = mymaster {{(pid=110852) log_opt_values /opt/stack/data/venv/lib/python3.12/site-packages/oslo_config/cfg.py:3256}}
Jun 10 00:29:11.998577 np0000179361 nova-conductor[110852]: DEBUG cotyledon.oslo_config_glue [-] profiler.socket_timeout = 0.1 {{(pid=110852) log_opt_values /opt/stack/data/venv/lib/python3.12/site-packages/oslo_config/cfg.py:3256}}
Jun 10 00:29:11.998577 np0000179361 nova-conductor[110852]: DEBUG cotyledon.oslo_config_glue [-] profiler.trace_requests = False {{(pid=110852) log_opt_values /opt/stack/data/venv/lib/python3.12/site-packages/oslo_config/cfg.py:3256}}
Jun 10 00:29:11.998788 np0000179361 nova-conductor[110852]: DEBUG cotyledon.oslo_config_glue [-] profiler.trace_sqlalchemy = False {{(pid=110852) log_opt_values /opt/stack/data/venv/lib/python3.12/site-packages/oslo_config/cfg.py:3256}}
Jun 10 00:29:11.998788 np0000179361 nova-conductor[110852]: DEBUG cotyledon.oslo_config_glue [-] profiler_jaeger.process_tags = {} {{(pid=110852) log_opt_values /opt/stack/data/venv/lib/python3.12/site-packages/oslo_config/cfg.py:3256}}
Jun 10 00:29:11.998788 np0000179361 nova-conductor[110852]: DEBUG cotyledon.oslo_config_glue [-] profiler_jaeger.service_name_prefix = None {{(pid=110852) log_opt_values /opt/stack/data/venv/lib/python3.12/site-packages/oslo_config/cfg.py:3256}}
Jun 10 00:29:11.998788 np0000179361 nova-conductor[110852]: DEBUG cotyledon.oslo_config_glue [-] profiler_otlp.service_name_prefix = None {{(pid=110852) log_opt_values /opt/stack/data/venv/lib/python3.12/site-packages/oslo_config/cfg.py:3256}}
Jun 10 00:29:11.998788 np0000179361 nova-conductor[110852]: DEBUG cotyledon.oslo_config_glue [-] oslo_messaging_rabbit.amqp_auto_delete = False {{(pid=110852) log_opt_values /opt/stack/data/venv/lib/python3.12/site-packages/oslo_config/cfg.py:3256}}
Jun 10 00:29:11.998788 np0000179361 nova-conductor[110852]: DEBUG cotyledon.oslo_config_glue [-] oslo_messaging_rabbit.amqp_durable_queues = False {{(pid=110852) log_opt_values /opt/stack/data/venv/lib/python3.12/site-packages/oslo_config/cfg.py:3256}}
Jun 10 00:29:11.998788 np0000179361 nova-conductor[110852]: DEBUG cotyledon.oslo_config_glue [-] oslo_messaging_rabbit.conn_pool_min_size = 2 {{(pid=110852) log_opt_values /opt/stack/data/venv/lib/python3.12/site-packages/oslo_config/cfg.py:3256}}
Jun 10 00:29:11.998788 np0000179361 nova-conductor[110852]: DEBUG cotyledon.oslo_config_glue [-] oslo_messaging_rabbit.conn_pool_ttl = 1200 {{(pid=110852) log_opt_values /opt/stack/data/venv/lib/python3.12/site-packages/oslo_config/cfg.py:3256}}
Jun 10 00:29:11.998788 np0000179361 nova-conductor[110852]: DEBUG cotyledon.oslo_config_glue [-] oslo_messaging_rabbit.direct_mandatory_flag = True {{(pid=110852) log_opt_values /opt/stack/data/venv/lib/python3.12/site-packages/oslo_config/cfg.py:3256}}
Jun 10 00:29:11.999009 np0000179361 nova-conductor[110852]: DEBUG cotyledon.oslo_config_glue [-] oslo_messaging_rabbit.enable_cancel_on_failover = False {{(pid=110852) log_opt_values /opt/stack/data/venv/lib/python3.12/site-packages/oslo_config/cfg.py:3256}}
Jun 10 00:29:11.999009 np0000179361 nova-conductor[110852]: DEBUG cotyledon.oslo_config_glue [-] oslo_messaging_rabbit.heartbeat_rate = 3 {{(pid=110852) log_opt_values /opt/stack/data/venv/lib/python3.12/site-packages/oslo_config/cfg.py:3256}}
Jun 10 00:29:11.999009 np0000179361 nova-conductor[110852]: DEBUG cotyledon.oslo_config_glue [-] oslo_messaging_rabbit.heartbeat_timeout_threshold = 60 {{(pid=110852) log_opt_values /opt/stack/data/venv/lib/python3.12/site-packages/oslo_config/cfg.py:3256}}
Jun 10 00:29:11.999009 np0000179361 nova-conductor[110852]: DEBUG cotyledon.oslo_config_glue [-] oslo_messaging_rabbit.hostname = np0000179361 {{(pid=110852) log_opt_values /opt/stack/data/venv/lib/python3.12/site-packages/oslo_config/cfg.py:3256}}
Jun 10 00:29:11.999009 np0000179361 nova-conductor[110852]: DEBUG cotyledon.oslo_config_glue [-] oslo_messaging_rabbit.kombu_compression = None {{(pid=110852) log_opt_values /opt/stack/data/venv/lib/python3.12/site-packages/oslo_config/cfg.py:3256}}
Jun 10 00:29:11.999009 np0000179361 nova-conductor[110852]: DEBUG cotyledon.oslo_config_glue [-] oslo_messaging_rabbit.kombu_failover_strategy = round-robin {{(pid=110852) log_opt_values /opt/stack/data/venv/lib/python3.12/site-packages/oslo_config/cfg.py:3256}}
Jun 10 00:29:11.999009 np0000179361 nova-conductor[110852]: DEBUG cotyledon.oslo_config_glue [-] oslo_messaging_rabbit.kombu_missing_consumer_retry_timeout = 60 {{(pid=110852) log_opt_values /opt/stack/data/venv/lib/python3.12/site-packages/oslo_config/cfg.py:3256}}
Jun 10 00:29:11.999009 np0000179361 nova-conductor[110852]: DEBUG cotyledon.oslo_config_glue [-] oslo_messaging_rabbit.kombu_reconnect_delay = 1.0 {{(pid=110852) log_opt_values /opt/stack/data/venv/lib/python3.12/site-packages/oslo_config/cfg.py:3256}}
Jun 10 00:29:11.999215 np0000179361 nova-conductor[110852]: DEBUG cotyledon.oslo_config_glue [-] oslo_messaging_rabbit.kombu_reconnect_splay = 0.0 {{(pid=110852) log_opt_values /opt/stack/data/venv/lib/python3.12/site-packages/oslo_config/cfg.py:3256}}
Jun 10 00:29:11.999215 np0000179361 nova-conductor[110852]: DEBUG cotyledon.oslo_config_glue [-] oslo_messaging_rabbit.processname = nova-conductor {{(pid=110852) log_opt_values /opt/stack/data/venv/lib/python3.12/site-packages/oslo_config/cfg.py:3256}}
Jun 10 00:29:11.999215 np0000179361 nova-conductor[110852]: DEBUG cotyledon.oslo_config_glue [-] oslo_messaging_rabbit.rabbit_ha_queues = False {{(pid=110852) log_opt_values /opt/stack/data/venv/lib/python3.12/site-packages/oslo_config/cfg.py:3256}}
Jun 10 00:29:11.999215 np0000179361 nova-conductor[110852]: DEBUG cotyledon.oslo_config_glue [-] oslo_messaging_rabbit.rabbit_interval_max = 30 {{(pid=110852) log_opt_values /opt/stack/data/venv/lib/python3.12/site-packages/oslo_config/cfg.py:3256}}
Jun 10 00:29:11.999215 np0000179361 nova-conductor[110852]: DEBUG cotyledon.oslo_config_glue [-] oslo_messaging_rabbit.rabbit_login_method = AMQPLAIN {{(pid=110852) log_opt_values /opt/stack/data/venv/lib/python3.12/site-packages/oslo_config/cfg.py:3256}}
Jun 10 00:29:11.999215 np0000179361 nova-conductor[110852]: DEBUG cotyledon.oslo_config_glue [-] oslo_messaging_rabbit.rabbit_qos_prefetch_count = 0 {{(pid=110852) log_opt_values /opt/stack/data/venv/lib/python3.12/site-packages/oslo_config/cfg.py:3256}}
Jun 10 00:29:11.999215 np0000179361 nova-conductor[110852]: DEBUG cotyledon.oslo_config_glue [-] oslo_messaging_rabbit.rabbit_quorum_delivery_limit = 0 {{(pid=110852) log_opt_values /opt/stack/data/venv/lib/python3.12/site-packages/oslo_config/cfg.py:3256}}
Jun 10 00:29:11.999215 np0000179361 nova-conductor[110852]: DEBUG cotyledon.oslo_config_glue [-] oslo_messaging_rabbit.rabbit_quorum_max_memory_bytes = 0 {{(pid=110852) log_opt_values /opt/stack/data/venv/lib/python3.12/site-packages/oslo_config/cfg.py:3256}}
Jun 10 00:29:11.999408 np0000179361 nova-conductor[110852]: DEBUG cotyledon.oslo_config_glue [-] oslo_messaging_rabbit.rabbit_quorum_max_memory_length = 0 {{(pid=110852) log_opt_values /opt/stack/data/venv/lib/python3.12/site-packages/oslo_config/cfg.py:3256}}
Jun 10 00:29:11.999408 np0000179361 nova-conductor[110852]: DEBUG cotyledon.oslo_config_glue [-] oslo_messaging_rabbit.rabbit_quorum_queue = False {{(pid=110852) log_opt_values /opt/stack/data/venv/lib/python3.12/site-packages/oslo_config/cfg.py:3256}}
Jun 10 00:29:11.999408 np0000179361 nova-conductor[110852]: DEBUG cotyledon.oslo_config_glue [-] oslo_messaging_rabbit.rabbit_retry_backoff = 2 {{(pid=110852) log_opt_values /opt/stack/data/venv/lib/python3.12/site-packages/oslo_config/cfg.py:3256}}
Jun 10 00:29:11.999408 np0000179361 nova-conductor[110852]: DEBUG cotyledon.oslo_config_glue [-] oslo_messaging_rabbit.rabbit_retry_interval = 1 {{(pid=110852) log_opt_values /opt/stack/data/venv/lib/python3.12/site-packages/oslo_config/cfg.py:3256}}
Jun 10 00:29:11.999408 np0000179361 nova-conductor[110852]: DEBUG cotyledon.oslo_config_glue [-] oslo_messaging_rabbit.rabbit_stream_fanout = False {{(pid=110852) log_opt_values /opt/stack/data/venv/lib/python3.12/site-packages/oslo_config/cfg.py:3256}}
Jun 10 00:29:11.999408 np0000179361 nova-conductor[110852]: DEBUG cotyledon.oslo_config_glue [-] oslo_messaging_rabbit.rabbit_transient_queues_ttl = 1800 {{(pid=110852) log_opt_values /opt/stack/data/venv/lib/python3.12/site-packages/oslo_config/cfg.py:3256}}
Jun 10 00:29:11.999408 np0000179361 nova-conductor[110852]: DEBUG cotyledon.oslo_config_glue [-] oslo_messaging_rabbit.rabbit_transient_quorum_queue = False {{(pid=110852) log_opt_values /opt/stack/data/venv/lib/python3.12/site-packages/oslo_config/cfg.py:3256}}
Jun 10 00:29:11.999408 np0000179361 nova-conductor[110852]: DEBUG cotyledon.oslo_config_glue [-] oslo_messaging_rabbit.rpc_conn_pool_size = 30 {{(pid=110852) log_opt_values /opt/stack/data/venv/lib/python3.12/site-packages/oslo_config/cfg.py:3256}}
Jun 10 00:29:11.999408 np0000179361 nova-conductor[110852]: DEBUG cotyledon.oslo_config_glue [-] oslo_messaging_rabbit.ssl = False {{(pid=110852) log_opt_values /opt/stack/data/venv/lib/python3.12/site-packages/oslo_config/cfg.py:3256}}
Jun 10 00:29:11.999625 np0000179361 nova-conductor[110852]: DEBUG cotyledon.oslo_config_glue [-] oslo_messaging_rabbit.ssl_ca_file = {{(pid=110852) log_opt_values /opt/stack/data/venv/lib/python3.12/site-packages/oslo_config/cfg.py:3256}}
Jun 10 00:29:11.999625 np0000179361 nova-conductor[110852]: DEBUG cotyledon.oslo_config_glue [-] oslo_messaging_rabbit.ssl_cert_file = {{(pid=110852) log_opt_values /opt/stack/data/venv/lib/python3.12/site-packages/oslo_config/cfg.py:3256}}
Jun 10 00:29:11.999625 np0000179361 nova-conductor[110852]: DEBUG cotyledon.oslo_config_glue [-] oslo_messaging_rabbit.ssl_enforce_fips_mode = False {{(pid=110852) log_opt_values /opt/stack/data/venv/lib/python3.12/site-packages/oslo_config/cfg.py:3256}}
Jun 10 00:29:11.999625 np0000179361 nova-conductor[110852]: DEBUG cotyledon.oslo_config_glue [-] oslo_messaging_rabbit.ssl_enforce_hostname_verification = True {{(pid=110852) log_opt_values /opt/stack/data/venv/lib/python3.12/site-packages/oslo_config/cfg.py:3256}}
Jun 10 00:29:11.999625 np0000179361 nova-conductor[110852]: DEBUG cotyledon.oslo_config_glue [-] oslo_messaging_rabbit.ssl_key_file = {{(pid=110852) log_opt_values /opt/stack/data/venv/lib/python3.12/site-packages/oslo_config/cfg.py:3256}}
Jun 10 00:29:11.999625 np0000179361 nova-conductor[110852]: DEBUG cotyledon.oslo_config_glue [-] oslo_messaging_rabbit.ssl_version = {{(pid=110852) log_opt_values /opt/stack/data/venv/lib/python3.12/site-packages/oslo_config/cfg.py:3256}}
Jun 10 00:29:11.999625 np0000179361 nova-conductor[110852]: DEBUG cotyledon.oslo_config_glue [-] oslo_messaging_rabbit.use_queue_manager = False {{(pid=110852) log_opt_values /opt/stack/data/venv/lib/python3.12/site-packages/oslo_config/cfg.py:3256}}
Jun 10 00:29:11.999625 np0000179361 nova-conductor[110852]: DEBUG cotyledon.oslo_config_glue [-] oslo_messaging_notifications.driver = ['messagingv2'] {{(pid=110852) log_opt_values /opt/stack/data/venv/lib/python3.12/site-packages/oslo_config/cfg.py:3256}}
Jun 10 00:29:11.999625 np0000179361 nova-conductor[110852]: DEBUG cotyledon.oslo_config_glue [-] oslo_messaging_notifications.retry = -1 {{(pid=110852) log_opt_values /opt/stack/data/venv/lib/python3.12/site-packages/oslo_config/cfg.py:3256}}
Jun 10 00:29:11.999866 np0000179361 nova-conductor[110852]: DEBUG cotyledon.oslo_config_glue [-] oslo_messaging_notifications.topics = ['notifications'] {{(pid=110852) log_opt_values /opt/stack/data/venv/lib/python3.12/site-packages/oslo_config/cfg.py:3256}}
Jun 10 00:29:11.999866 np0000179361 nova-conductor[110852]: DEBUG cotyledon.oslo_config_glue [-] oslo_messaging_notifications.transport_url = **** {{(pid=110852) log_opt_values /opt/stack/data/venv/lib/python3.12/site-packages/oslo_config/cfg.py:3256}}
Jun 10 00:29:11.999866 np0000179361 nova-conductor[110852]: DEBUG cotyledon.oslo_config_glue [-] oslo_limit.auth_section = None {{(pid=110852) log_opt_values /opt/stack/data/venv/lib/python3.12/site-packages/oslo_config/cfg.py:3256}}
Jun 10 00:29:11.999866 np0000179361 nova-conductor[110852]: DEBUG cotyledon.oslo_config_glue [-] oslo_limit.auth_type = None {{(pid=110852) log_opt_values /opt/stack/data/venv/lib/python3.12/site-packages/oslo_config/cfg.py:3256}}
Jun 10 00:29:11.999866 np0000179361 nova-conductor[110852]: DEBUG cotyledon.oslo_config_glue [-] oslo_limit.cafile = None {{(pid=110852) log_opt_values /opt/stack/data/venv/lib/python3.12/site-packages/oslo_config/cfg.py:3256}}
Jun 10 00:29:11.999866 np0000179361 nova-conductor[110852]: DEBUG cotyledon.oslo_config_glue [-] oslo_limit.certfile = None {{(pid=110852) log_opt_values /opt/stack/data/venv/lib/python3.12/site-packages/oslo_config/cfg.py:3256}}
Jun 10 00:29:11.999866 np0000179361 nova-conductor[110852]: DEBUG cotyledon.oslo_config_glue [-] oslo_limit.collect_timing = False {{(pid=110852) log_opt_values /opt/stack/data/venv/lib/python3.12/site-packages/oslo_config/cfg.py:3256}}
Jun 10 00:29:11.999866 np0000179361 nova-conductor[110852]: DEBUG cotyledon.oslo_config_glue [-] oslo_limit.connect_retries = None {{(pid=110852) log_opt_values /opt/stack/data/venv/lib/python3.12/site-packages/oslo_config/cfg.py:3256}}
Jun 10 00:29:11.999866 np0000179361 nova-conductor[110852]: DEBUG cotyledon.oslo_config_glue [-] oslo_limit.connect_retry_delay = None {{(pid=110852) log_opt_values /opt/stack/data/venv/lib/python3.12/site-packages/oslo_config/cfg.py:3256}}
Jun 10 00:29:12.000077 np0000179361 nova-conductor[110852]: DEBUG cotyledon.oslo_config_glue [-] oslo_limit.endpoint_id = None {{(pid=110852) log_opt_values /opt/stack/data/venv/lib/python3.12/site-packages/oslo_config/cfg.py:3256}}
Jun 10 00:29:12.000077 np0000179361 nova-conductor[110852]: DEBUG cotyledon.oslo_config_glue [-] oslo_limit.endpoint_interface = public {{(pid=110852) log_opt_values /opt/stack/data/venv/lib/python3.12/site-packages/oslo_config/cfg.py:3256}}
Jun 10 00:29:12.000077 np0000179361 nova-conductor[110852]: DEBUG cotyledon.oslo_config_glue [-] oslo_limit.endpoint_override = None {{(pid=110852) log_opt_values /opt/stack/data/venv/lib/python3.12/site-packages/oslo_config/cfg.py:3256}}
Jun 10 00:29:12.000077 np0000179361 nova-conductor[110852]: DEBUG cotyledon.oslo_config_glue [-] oslo_limit.endpoint_region_name = None {{(pid=110852) log_opt_values /opt/stack/data/venv/lib/python3.12/site-packages/oslo_config/cfg.py:3256}}
Jun 10 00:29:12.000077 np0000179361 nova-conductor[110852]: DEBUG cotyledon.oslo_config_glue [-] oslo_limit.endpoint_service_name = None {{(pid=110852) log_opt_values /opt/stack/data/venv/lib/python3.12/site-packages/oslo_config/cfg.py:3256}}
Jun 10 00:29:12.000077 np0000179361 nova-conductor[110852]: DEBUG cotyledon.oslo_config_glue [-] oslo_limit.endpoint_service_type = None {{(pid=110852) log_opt_values /opt/stack/data/venv/lib/python3.12/site-packages/oslo_config/cfg.py:3256}}
Jun 10 00:29:12.000077 np0000179361 nova-conductor[110852]: DEBUG cotyledon.oslo_config_glue [-] oslo_limit.insecure = False {{(pid=110852) log_opt_values /opt/stack/data/venv/lib/python3.12/site-packages/oslo_config/cfg.py:3256}}
Jun 10 00:29:12.000077 np0000179361 nova-conductor[110852]: DEBUG cotyledon.oslo_config_glue [-] oslo_limit.keyfile = None {{(pid=110852) log_opt_values /opt/stack/data/venv/lib/python3.12/site-packages/oslo_config/cfg.py:3256}}
Jun 10 00:29:12.000077 np0000179361 nova-conductor[110852]: DEBUG cotyledon.oslo_config_glue [-] oslo_limit.max_version = None {{(pid=110852) log_opt_values /opt/stack/data/venv/lib/python3.12/site-packages/oslo_config/cfg.py:3256}}
Jun 10 00:29:12.000292 np0000179361 nova-conductor[110852]: DEBUG cotyledon.oslo_config_glue [-] oslo_limit.min_version = None {{(pid=110852) log_opt_values /opt/stack/data/venv/lib/python3.12/site-packages/oslo_config/cfg.py:3256}}
Jun 10 00:29:12.000292 np0000179361 nova-conductor[110852]: DEBUG cotyledon.oslo_config_glue [-] oslo_limit.region_name = None {{(pid=110852) log_opt_values /opt/stack/data/venv/lib/python3.12/site-packages/oslo_config/cfg.py:3256}}
Jun 10 00:29:12.000292 np0000179361 nova-conductor[110852]: DEBUG cotyledon.oslo_config_glue [-] oslo_limit.retriable_status_codes = None {{(pid=110852) log_opt_values /opt/stack/data/venv/lib/python3.12/site-packages/oslo_config/cfg.py:3256}}
Jun 10 00:29:12.000292 np0000179361 nova-conductor[110852]: DEBUG cotyledon.oslo_config_glue [-] oslo_limit.service_name = None {{(pid=110852) log_opt_values /opt/stack/data/venv/lib/python3.12/site-packages/oslo_config/cfg.py:3256}}
Jun 10 00:29:12.000292 np0000179361 nova-conductor[110852]: DEBUG cotyledon.oslo_config_glue [-] oslo_limit.service_type = None {{(pid=110852) log_opt_values /opt/stack/data/venv/lib/python3.12/site-packages/oslo_config/cfg.py:3256}}
Jun 10 00:29:12.000292 np0000179361 nova-conductor[110852]: DEBUG cotyledon.oslo_config_glue [-] oslo_limit.split_loggers = False {{(pid=110852) log_opt_values /opt/stack/data/venv/lib/python3.12/site-packages/oslo_config/cfg.py:3256}}
Jun 10 00:29:12.000292 np0000179361 nova-conductor[110852]: DEBUG cotyledon.oslo_config_glue [-] oslo_limit.status_code_retries = None {{(pid=110852) log_opt_values /opt/stack/data/venv/lib/python3.12/site-packages/oslo_config/cfg.py:3256}}
Jun 10 00:29:12.000292 np0000179361 nova-conductor[110852]: DEBUG cotyledon.oslo_config_glue [-] oslo_limit.status_code_retry_delay = None {{(pid=110852) log_opt_values /opt/stack/data/venv/lib/python3.12/site-packages/oslo_config/cfg.py:3256}}
Jun 10 00:29:12.000292 np0000179361 nova-conductor[110852]: DEBUG cotyledon.oslo_config_glue [-] oslo_limit.timeout = None {{(pid=110852) log_opt_values /opt/stack/data/venv/lib/python3.12/site-packages/oslo_config/cfg.py:3256}}
Jun 10 00:29:12.000505 np0000179361 nova-conductor[110852]: DEBUG cotyledon.oslo_config_glue [-] oslo_limit.valid_interfaces = None {{(pid=110852) log_opt_values /opt/stack/data/venv/lib/python3.12/site-packages/oslo_config/cfg.py:3256}}
Jun 10 00:29:12.000505 np0000179361 nova-conductor[110852]: DEBUG cotyledon.oslo_config_glue [-] oslo_limit.version = None {{(pid=110852) log_opt_values /opt/stack/data/venv/lib/python3.12/site-packages/oslo_config/cfg.py:3256}}
Jun 10 00:29:12.000505 np0000179361 nova-conductor[110852]: DEBUG cotyledon.oslo_config_glue [-] oslo_reports.file_event_handler = None {{(pid=110852) log_opt_values /opt/stack/data/venv/lib/python3.12/site-packages/oslo_config/cfg.py:3256}}
Jun 10 00:29:12.000505 np0000179361 nova-conductor[110852]: DEBUG cotyledon.oslo_config_glue [-] oslo_reports.file_event_handler_interval = 1 {{(pid=110852) log_opt_values /opt/stack/data/venv/lib/python3.12/site-packages/oslo_config/cfg.py:3256}}
Jun 10 00:29:12.000505 np0000179361 nova-conductor[110852]: DEBUG cotyledon.oslo_config_glue [-] oslo_reports.log_dir = None {{(pid=110852) log_opt_values /opt/stack/data/venv/lib/python3.12/site-packages/oslo_config/cfg.py:3256}}
Jun 10 00:29:12.000505 np0000179361 nova-conductor[110852]: DEBUG cotyledon.oslo_config_glue [-] ******************************************************************************** {{(pid=110852) log_opt_values /opt/stack/data/venv/lib/python3.12/site-packages/oslo_config/cfg.py:3263}}
Jun 10 00:29:12.000505 np0000179361 nova-conductor[110852]: DEBUG cotyledon._service_worker [-] Run service ServiceWrapper(3) [110852] {{(pid=110852) wait_forever /opt/stack/data/venv/lib/python3.12/site-packages/cotyledon/_service_worker.py:218}}
Jun 10 00:29:12.000505 np0000179361 nova-conductor[110852]: INFO nova.service [-] Starting conductor node (version 33.1.0)
Jun 10 00:29:12.000687 np0000179361 nova-conductor[110833]: DEBUG oslo_db.sqlalchemy.engines [None req-12cd9fdc-309b-4df4-9122-4390e87a4b1f None None] MySQL server mode set to STRICT_TRANS_TABLES,STRICT_ALL_TABLES,NO_ZERO_IN_DATE,NO_ZERO_DATE,ERROR_FOR_DIVISION_BY_ZERO,TRADITIONAL,NO_ENGINE_SUBSTITUTION {{(pid=110833) _check_effective_sql_mode /opt/stack/data/venv/lib/python3.12/site-packages/oslo_db/sqlalchemy/engines.py:325}}
Jun 10 00:29:12.002499 np0000179361 nova-conductor[110852]: INFO dbcounter [None req-2c41993b-7452-479c-818d-86ecb932f408 None None] Registered counter for database nova_cell0
Jun 10 00:29:12.012930 np0000179361 nova-conductor[110839]: DEBUG oslo_db.sqlalchemy.engines [None req-21649e14-72e6-40ea-baba-7bdb36b16985 None None] MySQL server mode set to STRICT_TRANS_TABLES,STRICT_ALL_TABLES,NO_ZERO_IN_DATE,NO_ZERO_DATE,ERROR_FOR_DIVISION_BY_ZERO,TRADITIONAL,NO_ENGINE_SUBSTITUTION {{(pid=110839) _check_effective_sql_mode /opt/stack/data/venv/lib/python3.12/site-packages/oslo_db/sqlalchemy/engines.py:325}}
Jun 10 00:29:12.015164 np0000179361 nova-conductor[110833]: DEBUG dbcounter [-] [110833] Writer thread running {{(pid=110833) stat_writer /opt/stack/data/venv/lib/python3.12/site-packages/dbcounter.py:102}}
Jun 10 00:29:12.025847 np0000179361 nova-conductor[110839]: DEBUG dbcounter [-] [110839] Writer thread running {{(pid=110839) stat_writer /opt/stack/data/venv/lib/python3.12/site-packages/dbcounter.py:102}}
Jun 10 00:29:12.032857 np0000179361 nova-conductor[110833]: DEBUG nova.service [None req-12cd9fdc-309b-4df4-9122-4390e87a4b1f None None] Creating RPC server for service: nova-conductor on topic: conductor {{(pid=110833) start /opt/stack/nova/nova/service.py:196}}
Jun 10 00:29:12.032929 np0000179361 nova-conductor[110848]: DEBUG oslo_db.sqlalchemy.engines [None req-f6d2557c-91e4-40fd-a689-7b42e9802dbf None None] MySQL server mode set to STRICT_TRANS_TABLES,STRICT_ALL_TABLES,NO_ZERO_IN_DATE,NO_ZERO_DATE,ERROR_FOR_DIVISION_BY_ZERO,TRADITIONAL,NO_ENGINE_SUBSTITUTION {{(pid=110848) _check_effective_sql_mode /opt/stack/data/venv/lib/python3.12/site-packages/oslo_db/sqlalchemy/engines.py:325}}
Jun 10 00:29:12.043461 np0000179361 nova-conductor[110839]: DEBUG nova.service [None req-21649e14-72e6-40ea-baba-7bdb36b16985 None None] Creating RPC server for service: nova-conductor on topic: conductor {{(pid=110839) start /opt/stack/nova/nova/service.py:196}}
Jun 10 00:29:12.048506 np0000179361 nova-conductor[110852]: DEBUG oslo_db.sqlalchemy.engines [None req-2c41993b-7452-479c-818d-86ecb932f408 None None] MySQL server mode set to STRICT_TRANS_TABLES,STRICT_ALL_TABLES,NO_ZERO_IN_DATE,NO_ZERO_DATE,ERROR_FOR_DIVISION_BY_ZERO,TRADITIONAL,NO_ENGINE_SUBSTITUTION {{(pid=110852) _check_effective_sql_mode /opt/stack/data/venv/lib/python3.12/site-packages/oslo_db/sqlalchemy/engines.py:325}}
Jun 10 00:29:12.048747 np0000179361 nova-conductor[110848]: DEBUG dbcounter [-] [110848] Writer thread running {{(pid=110848) stat_writer /opt/stack/data/venv/lib/python3.12/site-packages/dbcounter.py:102}}
Jun 10 00:29:12.052132 np0000179361 nova-conductor[110848]: DEBUG nova.service [None req-f6d2557c-91e4-40fd-a689-7b42e9802dbf None None] Creating RPC server for service: nova-conductor on topic: conductor {{(pid=110848) start /opt/stack/nova/nova/service.py:196}}
Jun 10 00:29:12.063599 np0000179361 nova-conductor[110852]: DEBUG dbcounter [-] [110852] Writer thread running {{(pid=110852) stat_writer /opt/stack/data/venv/lib/python3.12/site-packages/dbcounter.py:102}}
Jun 10 00:29:12.065717 np0000179361 nova-conductor[110839]: DEBUG nova.service [None req-21649e14-72e6-40ea-baba-7bdb36b16985 None None] Join ServiceGroup membership for this service conductor {{(pid=110839) start /opt/stack/nova/nova/service.py:222}}
Jun 10 00:29:12.065973 np0000179361 nova-conductor[110839]: DEBUG nova.servicegroup.drivers.db [None req-21649e14-72e6-40ea-baba-7bdb36b16985 None None] DB_Driver: join new ServiceGroup member np0000179361 to the conductor group, service = {{(pid=110839) join /opt/stack/nova/nova/servicegroup/drivers/db.py:44}}
Jun 10 00:29:12.067143 np0000179361 nova-conductor[110852]: DEBUG nova.service [None req-2c41993b-7452-479c-818d-86ecb932f408 None None] Creating RPC server for service: nova-conductor on topic: conductor {{(pid=110852) start /opt/stack/nova/nova/service.py:196}}
Jun 10 00:29:12.074426 np0000179361 nova-conductor[110848]: DEBUG nova.service [None req-f6d2557c-91e4-40fd-a689-7b42e9802dbf None None] Join ServiceGroup membership for this service conductor {{(pid=110848) start /opt/stack/nova/nova/service.py:222}}
Jun 10 00:29:12.074628 np0000179361 nova-conductor[110848]: DEBUG nova.servicegroup.drivers.db [None req-f6d2557c-91e4-40fd-a689-7b42e9802dbf None None] DB_Driver: join new ServiceGroup member np0000179361 to the conductor group, service = {{(pid=110848) join /opt/stack/nova/nova/servicegroup/drivers/db.py:44}}
Jun 10 00:29:12.077979 np0000179361 nova-conductor[110833]: DEBUG nova.service [None req-12cd9fdc-309b-4df4-9122-4390e87a4b1f None None] Join ServiceGroup membership for this service conductor {{(pid=110833) start /opt/stack/nova/nova/service.py:222}}
Jun 10 00:29:12.078740 np0000179361 nova-conductor[110833]: DEBUG nova.servicegroup.drivers.db [None req-12cd9fdc-309b-4df4-9122-4390e87a4b1f None None] DB_Driver: join new ServiceGroup member np0000179361 to the conductor group, service = {{(pid=110833) join /opt/stack/nova/nova/servicegroup/drivers/db.py:44}}
Jun 10 00:29:12.086965 np0000179361 nova-conductor[110852]: DEBUG nova.service [None req-2c41993b-7452-479c-818d-86ecb932f408 None None] Join ServiceGroup membership for this service conductor {{(pid=110852) start /opt/stack/nova/nova/service.py:222}}
Jun 10 00:29:12.087210 np0000179361 nova-conductor[110852]: DEBUG nova.servicegroup.drivers.db [None req-2c41993b-7452-479c-818d-86ecb932f408 None None] DB_Driver: join new ServiceGroup member np0000179361 to the conductor group, service = {{(pid=110852) join /opt/stack/nova/nova/servicegroup/drivers/db.py:44}}
Jun 10 00:29:17.085409 np0000179361 nova-conductor[110839]: DEBUG oslo.service.backend._threading.loopingcall [-] Fixed interval looping call 'nova.servicegroup.drivers.db.DbDriver._report_state' sleeping for 119.98 seconds {{(pid=110839) _run_loop /opt/stack/data/venv/lib/python3.12/site-packages/oslo_service/backend/_threading/loopingcall.py:125}}
Jun 10 00:29:17.091976 np0000179361 nova-conductor[110833]: DEBUG oslo.service.backend._threading.loopingcall [-] Fixed interval looping call 'nova.servicegroup.drivers.db.DbDriver._report_state' sleeping for 119.99 seconds {{(pid=110833) _run_loop /opt/stack/data/venv/lib/python3.12/site-packages/oslo_service/backend/_threading/loopingcall.py:125}}
Jun 10 00:29:17.092472 np0000179361 nova-conductor[110848]: DEBUG oslo.service.backend._threading.loopingcall [-] Fixed interval looping call 'nova.servicegroup.drivers.db.DbDriver._report_state' sleeping for 119.99 seconds {{(pid=110848) _run_loop /opt/stack/data/venv/lib/python3.12/site-packages/oslo_service/backend/_threading/loopingcall.py:125}}
Jun 10 00:29:17.101299 np0000179361 nova-conductor[110852]: DEBUG oslo.service.backend._threading.loopingcall [-] Fixed interval looping call 'nova.servicegroup.drivers.db.DbDriver._report_state' sleeping for 119.99 seconds {{(pid=110852) _run_loop /opt/stack/data/venv/lib/python3.12/site-packages/oslo_service/backend/_threading/loopingcall.py:125}}
Jun 10 00:29:19.090532 np0000179361 nova-conductor[110852]: DEBUG oslo.service.backend._threading.loopingcall [None req-91e1ade0-7836-4c2c-841e-508b2e48f23c None None] Dynamic interval looping call 'nova.service.Service.periodic_tasks' sleeping for 60.00 seconds {{(pid=110852) _run_loop /opt/stack/data/venv/lib/python3.12/site-packages/oslo_service/backend/_threading/loopingcall.py:125}}
Jun 10 00:29:20.592731 np0000179361 nova-conductor[110091]: DEBUG dbcounter [-] [110091] Writing DB stats nova_api:SELECT=1 {{(pid=110091) stat_writer /opt/stack/data/venv/lib/python3.12/site-packages/dbcounter.py:115}}
Jun 10 00:29:20.743591 np0000179361 nova-conductor[110091]: DEBUG dbcounter [-] [110091] Writing DB stats nova_cell1:SELECT=1 {{(pid=110091) stat_writer /opt/stack/data/venv/lib/python3.12/site-packages/dbcounter.py:115}}
Jun 10 00:29:20.752223 np0000179361 nova-conductor[110091]: DEBUG dbcounter [-] [110091] Writing DB stats nova_cell0:SELECT=1 {{(pid=110091) stat_writer /opt/stack/data/venv/lib/python3.12/site-packages/dbcounter.py:115}}
Jun 10 00:29:21.082727 np0000179361 nova-conductor[110833]: DEBUG oslo.service.backend._threading.loopingcall [None req-ae3e72ff-5084-448d-bb33-4101643a028f None None] Dynamic interval looping call 'nova.service.Service.periodic_tasks' sleeping for 60.00 seconds {{(pid=110833) _run_loop /opt/stack/data/venv/lib/python3.12/site-packages/oslo_service/backend/_threading/loopingcall.py:125}}
Jun 10 00:29:27.079110 np0000179361 nova-conductor[110839]: DEBUG dbcounter [-] [110839] Writing DB stats nova_cell0:SELECT=5,nova_cell0:INSERT=1,nova_cell0:UPDATE=1 {{(pid=110839) stat_writer /opt/stack/data/venv/lib/python3.12/site-packages/dbcounter.py:115}}
Jun 10 00:29:27.089616 np0000179361 nova-conductor[110848]: DEBUG dbcounter [-] [110848] Writing DB stats nova_cell0:SELECT=3 {{(pid=110848) stat_writer /opt/stack/data/venv/lib/python3.12/site-packages/dbcounter.py:115}}
Jun 10 00:29:27.090073 np0000179361 nova-conductor[110833]: DEBUG dbcounter [-] [110833] Writing DB stats nova_cell0:SELECT=4,nova_cell0:INSERT=1 {{(pid=110833) stat_writer /opt/stack/data/venv/lib/python3.12/site-packages/dbcounter.py:115}}
Jun 10 00:29:27.097945 np0000179361 nova-conductor[110852]: DEBUG dbcounter [-] [110852] Writing DB stats nova_cell0:SELECT=3 {{(pid=110852) stat_writer /opt/stack/data/venv/lib/python3.12/site-packages/dbcounter.py:115}}
Jun 10 00:29:32.069330 np0000179361 nova-conductor[110839]: DEBUG oslo.service.backend._threading.loopingcall [None req-31bebc2f-060d-4cc3-a990-387b6bf9e85a None None] Dynamic interval looping call 'nova.service.Service.periodic_tasks' sleeping for 60.00 seconds {{(pid=110839) _run_loop /opt/stack/data/venv/lib/python3.12/site-packages/oslo_service/backend/_threading/loopingcall.py:125}}
Jun 10 00:29:53.078741 np0000179361 nova-conductor[110848]: DEBUG oslo.service.backend._threading.loopingcall [None req-00654e84-bff9-4699-8926-bc6b6844aeae None None] Dynamic interval looping call 'nova.service.Service.periodic_tasks' sleeping for 60.00 seconds {{(pid=110848) _run_loop /opt/stack/data/venv/lib/python3.12/site-packages/oslo_service/backend/_threading/loopingcall.py:125}}
Jun 10 00:30:19.091453 np0000179361 nova-conductor[110852]: DEBUG oslo.service.backend._threading.loopingcall [None req-91e1ade0-7836-4c2c-841e-508b2e48f23c None None] Dynamic interval looping call 'nova.service.Service.periodic_tasks' sleeping for 60.00 seconds {{(pid=110852) _run_loop /opt/stack/data/venv/lib/python3.12/site-packages/oslo_service/backend/_threading/loopingcall.py:125}}
Jun 10 00:30:21.083553 np0000179361 nova-conductor[110833]: DEBUG oslo.service.backend._threading.loopingcall [None req-ae3e72ff-5084-448d-bb33-4101643a028f None None] Dynamic interval looping call 'nova.service.Service.periodic_tasks' sleeping for 60.00 seconds {{(pid=110833) _run_loop /opt/stack/data/venv/lib/python3.12/site-packages/oslo_service/backend/_threading/loopingcall.py:125}}
Jun 10 00:30:32.070466 np0000179361 nova-conductor[110839]: DEBUG oslo.service.backend._threading.loopingcall [None req-31bebc2f-060d-4cc3-a990-387b6bf9e85a None None] Dynamic interval looping call 'nova.service.Service.periodic_tasks' sleeping for 60.00 seconds {{(pid=110839) _run_loop /opt/stack/data/venv/lib/python3.12/site-packages/oslo_service/backend/_threading/loopingcall.py:125}}
Jun 10 00:30:53.079482 np0000179361 nova-conductor[110848]: DEBUG oslo.service.backend._threading.loopingcall [None req-00654e84-bff9-4699-8926-bc6b6844aeae None None] Dynamic interval looping call 'nova.service.Service.periodic_tasks' sleeping for 60.00 seconds {{(pid=110848) _run_loop /opt/stack/data/venv/lib/python3.12/site-packages/oslo_service/backend/_threading/loopingcall.py:125}}
Jun 10 00:31:17.078265 np0000179361 nova-conductor[110839]: DEBUG oslo.service.backend._threading.loopingcall [-] Fixed interval looping call 'nova.servicegroup.drivers.db.DbDriver._report_state' sleeping for 119.99 seconds {{(pid=110839) _run_loop /opt/stack/data/venv/lib/python3.12/site-packages/oslo_service/backend/_threading/loopingcall.py:125}}
Jun 10 00:31:17.087882 np0000179361 nova-conductor[110833]: DEBUG oslo.service.backend._threading.loopingcall [-] Fixed interval looping call 'nova.servicegroup.drivers.db.DbDriver._report_state' sleeping for 119.99 seconds {{(pid=110833) _run_loop /opt/stack/data/venv/lib/python3.12/site-packages/oslo_service/backend/_threading/loopingcall.py:125}}
Jun 10 00:31:17.088410 np0000179361 nova-conductor[110848]: DEBUG oslo.service.backend._threading.loopingcall [-] Fixed interval looping call 'nova.servicegroup.drivers.db.DbDriver._report_state' sleeping for 119.99 seconds {{(pid=110848) _run_loop /opt/stack/data/venv/lib/python3.12/site-packages/oslo_service/backend/_threading/loopingcall.py:125}}
Jun 10 00:31:17.097295 np0000179361 nova-conductor[110852]: DEBUG oslo.service.backend._threading.loopingcall [-] Fixed interval looping call 'nova.servicegroup.drivers.db.DbDriver._report_state' sleeping for 119.99 seconds {{(pid=110852) _run_loop /opt/stack/data/venv/lib/python3.12/site-packages/oslo_service/backend/_threading/loopingcall.py:125}}
Jun 10 00:31:19.092373 np0000179361 nova-conductor[110852]: DEBUG oslo.service.backend._threading.loopingcall [None req-91e1ade0-7836-4c2c-841e-508b2e48f23c None None] Dynamic interval looping call 'nova.service.Service.periodic_tasks' sleeping for 60.00 seconds {{(pid=110852) _run_loop /opt/stack/data/venv/lib/python3.12/site-packages/oslo_service/backend/_threading/loopingcall.py:125}}
Jun 10 00:31:21.084556 np0000179361 nova-conductor[110833]: DEBUG oslo.service.backend._threading.loopingcall [None req-ae3e72ff-5084-448d-bb33-4101643a028f None None] Dynamic interval looping call 'nova.service.Service.periodic_tasks' sleeping for 60.00 seconds {{(pid=110833) _run_loop /opt/stack/data/venv/lib/python3.12/site-packages/oslo_service/backend/_threading/loopingcall.py:125}}
Jun 10 00:31:27.071710 np0000179361 nova-conductor[110839]: DEBUG dbcounter [-] [110839] Writing DB stats nova_cell0:SELECT=1,nova_cell0:UPDATE=1 {{(pid=110839) stat_writer /opt/stack/data/venv/lib/python3.12/site-packages/dbcounter.py:115}}
Jun 10 00:31:27.084958 np0000179361 nova-conductor[110848]: DEBUG dbcounter [-] [110848] Writing DB stats nova_cell0:SELECT=1 {{(pid=110848) stat_writer /opt/stack/data/venv/lib/python3.12/site-packages/dbcounter.py:115}}
Jun 10 00:31:27.085334 np0000179361 nova-conductor[110833]: DEBUG dbcounter [-] [110833] Writing DB stats nova_cell0:SELECT=1 {{(pid=110833) stat_writer /opt/stack/data/venv/lib/python3.12/site-packages/dbcounter.py:115}}
Jun 10 00:31:27.094604 np0000179361 nova-conductor[110852]: DEBUG dbcounter [-] [110852] Writing DB stats nova_cell0:SELECT=1 {{(pid=110852) stat_writer /opt/stack/data/venv/lib/python3.12/site-packages/dbcounter.py:115}}
Jun 10 00:31:32.071390 np0000179361 nova-conductor[110839]: DEBUG oslo.service.backend._threading.loopingcall [None req-31bebc2f-060d-4cc3-a990-387b6bf9e85a None None] Dynamic interval looping call 'nova.service.Service.periodic_tasks' sleeping for 60.00 seconds {{(pid=110839) _run_loop /opt/stack/data/venv/lib/python3.12/site-packages/oslo_service/backend/_threading/loopingcall.py:125}}
Jun 10 00:31:53.081553 np0000179361 nova-conductor[110848]: DEBUG oslo.service.backend._threading.loopingcall [None req-00654e84-bff9-4699-8926-bc6b6844aeae None None] Dynamic interval looping call 'nova.service.Service.periodic_tasks' sleeping for 60.00 seconds {{(pid=110848) _run_loop /opt/stack/data/venv/lib/python3.12/site-packages/oslo_service/backend/_threading/loopingcall.py:125}}
Jun 10 00:32:19.093164 np0000179361 nova-conductor[110852]: DEBUG oslo.service.backend._threading.loopingcall [None req-91e1ade0-7836-4c2c-841e-508b2e48f23c None None] Dynamic interval looping call 'nova.service.Service.periodic_tasks' sleeping for 60.00 seconds {{(pid=110852) _run_loop /opt/stack/data/venv/lib/python3.12/site-packages/oslo_service/backend/_threading/loopingcall.py:125}}
Jun 10 00:32:21.085569 np0000179361 nova-conductor[110833]: DEBUG oslo.service.backend._threading.loopingcall [None req-ae3e72ff-5084-448d-bb33-4101643a028f None None] Dynamic interval looping call 'nova.service.Service.periodic_tasks' sleeping for 60.00 seconds {{(pid=110833) _run_loop /opt/stack/data/venv/lib/python3.12/site-packages/oslo_service/backend/_threading/loopingcall.py:125}}
Jun 10 00:32:32.071882 np0000179361 nova-conductor[110839]: DEBUG oslo.service.backend._threading.loopingcall [None req-31bebc2f-060d-4cc3-a990-387b6bf9e85a None None] Dynamic interval looping call 'nova.service.Service.periodic_tasks' sleeping for 60.00 seconds {{(pid=110839) _run_loop /opt/stack/data/venv/lib/python3.12/site-packages/oslo_service/backend/_threading/loopingcall.py:125}}
Jun 10 00:32:53.081247 np0000179361 nova-conductor[110848]: DEBUG oslo.service.backend._threading.loopingcall [None req-00654e84-bff9-4699-8926-bc6b6844aeae None None] Dynamic interval looping call 'nova.service.Service.periodic_tasks' sleeping for 60.00 seconds {{(pid=110848) _run_loop /opt/stack/data/venv/lib/python3.12/site-packages/oslo_service/backend/_threading/loopingcall.py:125}}
Jun 10 00:33:17.077475 np0000179361 nova-conductor[110839]: DEBUG oslo.service.backend._threading.loopingcall [-] Fixed interval looping call 'nova.servicegroup.drivers.db.DbDriver._report_state' sleeping for 119.99 seconds {{(pid=110839) _run_loop /opt/stack/data/venv/lib/python3.12/site-packages/oslo_service/backend/_threading/loopingcall.py:125}}
Jun 10 00:33:17.082897 np0000179361 nova-conductor[110833]: DEBUG oslo.service.backend._threading.loopingcall [-] Fixed interval looping call 'nova.servicegroup.drivers.db.DbDriver._report_state' sleeping for 120.00 seconds {{(pid=110833) _run_loop /opt/stack/data/venv/lib/python3.12/site-packages/oslo_service/backend/_threading/loopingcall.py:125}}
Jun 10 00:33:17.083377 np0000179361 nova-conductor[110848]: DEBUG oslo.service.backend._threading.loopingcall [-] Fixed interval looping call 'nova.servicegroup.drivers.db.DbDriver._report_state' sleeping for 119.99 seconds {{(pid=110848) _run_loop /opt/stack/data/venv/lib/python3.12/site-packages/oslo_service/backend/_threading/loopingcall.py:125}}
Jun 10 00:33:17.092284 np0000179361 nova-conductor[110852]: DEBUG oslo.service.backend._threading.loopingcall [-] Fixed interval looping call 'nova.servicegroup.drivers.db.DbDriver._report_state' sleeping for 120.00 seconds {{(pid=110852) _run_loop /opt/stack/data/venv/lib/python3.12/site-packages/oslo_service/backend/_threading/loopingcall.py:125}}
Jun 10 00:33:19.093966 np0000179361 nova-conductor[110852]: DEBUG oslo.service.backend._threading.loopingcall [None req-91e1ade0-7836-4c2c-841e-508b2e48f23c None None] Dynamic interval looping call 'nova.service.Service.periodic_tasks' sleeping for 60.00 seconds {{(pid=110852) _run_loop /opt/stack/data/venv/lib/python3.12/site-packages/oslo_service/backend/_threading/loopingcall.py:125}}
Jun 10 00:33:21.086445 np0000179361 nova-conductor[110833]: DEBUG oslo.service.backend._threading.loopingcall [None req-ae3e72ff-5084-448d-bb33-4101643a028f None None] Dynamic interval looping call 'nova.service.Service.periodic_tasks' sleeping for 60.00 seconds {{(pid=110833) _run_loop /opt/stack/data/venv/lib/python3.12/site-packages/oslo_service/backend/_threading/loopingcall.py:125}}
Jun 10 00:33:27.075433 np0000179361 nova-conductor[110839]: DEBUG dbcounter [-] [110839] Writing DB stats nova_cell0:SELECT=1,nova_cell0:UPDATE=1 {{(pid=110839) stat_writer /opt/stack/data/venv/lib/python3.12/site-packages/dbcounter.py:115}}
Jun 10 00:33:27.081043 np0000179361 nova-conductor[110848]: DEBUG dbcounter [-] [110848] Writing DB stats nova_cell0:SELECT=1 {{(pid=110848) stat_writer /opt/stack/data/venv/lib/python3.12/site-packages/dbcounter.py:115}}
Jun 10 00:33:27.081864 np0000179361 nova-conductor[110833]: DEBUG dbcounter [-] [110833] Writing DB stats nova_cell0:SELECT=1 {{(pid=110833) stat_writer /opt/stack/data/venv/lib/python3.12/site-packages/dbcounter.py:115}}
Jun 10 00:33:27.090254 np0000179361 nova-conductor[110852]: DEBUG dbcounter [-] [110852] Writing DB stats nova_cell0:SELECT=1 {{(pid=110852) stat_writer /opt/stack/data/venv/lib/python3.12/site-packages/dbcounter.py:115}}
Jun 10 00:33:29.228569 np0000179361 nova-conductor[110839]: INFO nova.utils [None req-4ba53498-2c4b-4760-9e09-fd27c41ce443 demo demo] The cell worker thread pool ForkProcess-2.cell_worker is initialized
Jun 10 00:33:29.229130 np0000179361 nova-conductor[110839]: DEBUG oslo_concurrency.lockutils [None req-4ba53498-2c4b-4760-9e09-fd27c41ce443 demo demo] Acquiring lock "879f5556-280e-4896-8aaa-cc04fd1240c5" by "nova.context.set_target_cell..get_or_set_cached_cell_and_set_connections" {{(pid=110839) inner /opt/stack/data/venv/lib/python3.12/site-packages/oslo_concurrency/lockutils.py:511}}
Jun 10 00:33:29.229670 np0000179361 nova-conductor[110839]: DEBUG oslo_concurrency.lockutils [None req-4ba53498-2c4b-4760-9e09-fd27c41ce443 demo demo] Lock "879f5556-280e-4896-8aaa-cc04fd1240c5" acquired by "nova.context.set_target_cell..get_or_set_cached_cell_and_set_connections" :: waited 0.000s {{(pid=110839) inner /opt/stack/data/venv/lib/python3.12/site-packages/oslo_concurrency/lockutils.py:524}}
