2026-04-27 02:41:45.518 10 INFO neutron.api.wsgi [None req-6f8636cd-fa65-4b77-baad-e533f2d9cbe3 c1cb5dcd0c2d4ae0afda34a2a287f6cc 21f06f09512f44dba4a0bb7417c44dbd - - default default] 10.0.0.53 "GET /v2.0/ports?device_id=8ba46bb0-41e0-4731-a5d2-b74579126197 HTTP/1.1" status: 200 len: 1140 time: 0.0753880
2026-04-27 02:41:46.388 10 INFO neutron.api.wsgi [None req-13b87922-1574-4547-a130-dc45bcbda9bc c1cb5dcd0c2d4ae0afda34a2a287f6cc 21f06f09512f44dba4a0bb7417c44dbd - - default default] 10.0.0.53 "PUT /v2.0/routers/8ba46bb0-41e0-4731-a5d2-b74579126197/remove_router_interface HTTP/1.1" status: 200 len: 503 time: 0.8647180 /var/lib/openstack/lib/python3.12/site-packages/pycadf/identifier.py:71: UserWarning: Invalid uuid: neutron. To ensure interoperability, identifiers should be a valid uuid. warnings.warn(('Invalid uuid: %s. To ensure interoperability, '
2026-04-27 02:41:47.031 10 INFO neutron.api.wsgi [None req-91ced36d-e038-46cb-ab42-66363e68d30c c1cb5dcd0c2d4ae0afda34a2a287f6cc 21f06f09512f44dba4a0bb7417c44dbd - - default default] 10.0.0.53 "DELETE /v2.0/routers/8ba46bb0-41e0-4731-a5d2-b74579126197 HTTP/1.1" status: 204 len: 168 time: 0.6369722
2026-04-27 02:41:47.098 10 INFO neutron.api.wsgi [None req-ee5edff2-3b8b-4896-8663-9865608932ef c1cb5dcd0c2d4ae0afda34a2a287f6cc 21f06f09512f44dba4a0bb7417c44dbd - - default default] 10.0.0.53 "GET /v2.0/routers/7b5f9d86-51f8-49d5-bb87-995be46fbf6e HTTP/1.1" status: 200 len: 1136 time: 0.0606859
2026-04-27 02:41:47.767 10 INFO neutron.db.ovn_revision_numbers_db [None req-c2654fb8-265f-46f3-ad3f-23f57cabbb69 c1cb5dcd0c2d4ae0afda34a2a287f6cc 21f06f09512f44dba4a0bb7417c44dbd - - default default] Successfully bumped revision number for resource 7b5f9d86-51f8-49d5-bb87-995be46fbf6e (type: routers) to 5
2026-04-27 02:41:47.773 10 INFO neutron.api.wsgi [None req-c2654fb8-265f-46f3-ad3f-23f57cabbb69 c1cb5dcd0c2d4ae0afda34a2a287f6cc 21f06f09512f44dba4a0bb7417c44dbd - - default default] 10.0.0.53 "PUT /v2.0/routers/7b5f9d86-51f8-49d5-bb87-995be46fbf6e HTTP/1.1" status: 200 len: 1136 time: 0.6695116
2026-04-27 02:41:47.863 10 INFO neutron.api.wsgi [None req-7f7d826f-7591-42f0-9847-0d6e7a48e4c0 c1cb5dcd0c2d4ae0afda34a2a287f6cc 21f06f09512f44dba4a0bb7417c44dbd - - default default] 10.0.0.53 "GET /v2.0/ports?device_id=7b5f9d86-51f8-49d5-bb87-995be46fbf6e HTTP/1.1" status: 200 len: 1144 time: 0.0831397
2026-04-27 02:41:48.656 10 INFO neutron.api.wsgi [None req-e13a85d8-1cb2-435f-b6fa-a70d5d63ecf5 c1cb5dcd0c2d4ae0afda34a2a287f6cc 21f06f09512f44dba4a0bb7417c44dbd - - default default] 10.0.0.53 "PUT /v2.0/routers/7b5f9d86-51f8-49d5-bb87-995be46fbf6e/remove_router_interface HTTP/1.1" status: 200 len: 503 time: 0.7896054 /var/lib/openstack/lib/python3.12/site-packages/pycadf/identifier.py:71: UserWarning: Invalid uuid: neutron. To ensure interoperability, identifiers should be a valid uuid. warnings.warn(('Invalid uuid: %s. To ensure interoperability, '
2026-04-27 02:41:49.375 10 INFO neutron.api.wsgi [None req-f280888b-ec95-483c-8e57-eaba9264ccf2 c1cb5dcd0c2d4ae0afda34a2a287f6cc 21f06f09512f44dba4a0bb7417c44dbd - - default default] 10.0.0.53 "DELETE /v2.0/routers/7b5f9d86-51f8-49d5-bb87-995be46fbf6e HTTP/1.1" status: 204 len: 168 time: 0.7138560
2026-04-27 02:41:49.445 10 INFO neutron.api.wsgi [None req-57a08ebe-8d25-4c38-8102-54f6056a15aa c1cb5dcd0c2d4ae0afda34a2a287f6cc 21f06f09512f44dba4a0bb7417c44dbd - - default default] 10.0.0.53 "GET /v2.0/routers/a2e23648-f65d-456e-bd8b-82bba8bc8c7a HTTP/1.1" status: 200 len: 1137 time: 0.0647664
2026-04-27 02:41:49.721 9 WARNING neutron_lib.context [None req-125e2784-afe8-48e5-bc29-6fc698c92e4e aea7561bb78141ebb785356e0d55bb32 5feff78027e84073840afe315e5acd8b - - default default] Method 'is_advsvc' is deprecated since 2023.2 release (neutron-lib 3.8.0) and will be removed once support for the old RBAC API policies will be removed from Neutron. Please use method 'is_service_role' instead.
2026-04-27 02:41:49.947 9 WARNING neutron.scheduler.dhcp_agent_scheduler [None req-125e2784-afe8-48e5-bc29-6fc698c92e4e aea7561bb78141ebb785356e0d55bb32 5feff78027e84073840afe315e5acd8b - - default default] No more DHCP agents
2026-04-27 02:41:49.949 9 WARNING neutron.api.rpc.agentnotifiers.dhcp_rpc_agent_api [None req-125e2784-afe8-48e5-bc29-6fc698c92e4e aea7561bb78141ebb785356e0d55bb32 5feff78027e84073840afe315e5acd8b - - default default] Unable to schedule network 5233397d-df95-4eb1-8dd1-b658b437e299: no agents available; will retry on subsequent port and subnet creation events.
2026-04-27 02:41:50.159 10 INFO neutron.db.ovn_revision_numbers_db [None req-635b72db-4bdf-4a6e-9f64-0083304c1c6a c1cb5dcd0c2d4ae0afda34a2a287f6cc 21f06f09512f44dba4a0bb7417c44dbd - - default default] Successfully bumped revision number for resource a2e23648-f65d-456e-bd8b-82bba8bc8c7a (type: routers) to 5
2026-04-27 02:41:50.167 10 INFO neutron.api.wsgi [None req-635b72db-4bdf-4a6e-9f64-0083304c1c6a c1cb5dcd0c2d4ae0afda34a2a287f6cc 21f06f09512f44dba4a0bb7417c44dbd - - default default] 10.0.0.53 "PUT /v2.0/routers/a2e23648-f65d-456e-bd8b-82bba8bc8c7a HTTP/1.1" status: 200 len: 1137 time: 0.7161663
2026-04-27 02:41:50.254 10 INFO neutron.api.wsgi [None req-598233bd-2b45-4c64-800e-de7f06a91dc3 c1cb5dcd0c2d4ae0afda34a2a287f6cc 21f06f09512f44dba4a0bb7417c44dbd - - default default] 10.0.0.53 "GET /v2.0/ports?device_id=a2e23648-f65d-456e-bd8b-82bba8bc8c7a HTTP/1.1" status: 200 len: 1144 time: 0.0821841
2026-04-27 02:41:50.278 9 INFO neutron.api.wsgi [None req-125e2784-afe8-48e5-bc29-6fc698c92e4e aea7561bb78141ebb785356e0d55bb32 5feff78027e84073840afe315e5acd8b - - default default] 10.0.0.53 "POST /v2.0/floatingips HTTP/1.1" status: 201 len: 751 time: 0.7240424
2026-04-27 02:41:50.286 9 WARNING neutron_lib.context [None req-799333d3-3e7e-4c59-a294-a105950d8bf7 aea7561bb78141ebb785356e0d55bb32 5feff78027e84073840afe315e5acd8b - - default default] Method 'is_advsvc' is deprecated since 2023.2 release (neutron-lib 3.8.0) and will be removed once support for the old RBAC API policies will be removed from Neutron. Please use method 'is_service_role' instead.
2026-04-27 02:41:50.534 9 WARNING neutron.scheduler.dhcp_agent_scheduler [None req-799333d3-3e7e-4c59-a294-a105950d8bf7 aea7561bb78141ebb785356e0d55bb32 5feff78027e84073840afe315e5acd8b - - default default] No more DHCP agents
2026-04-27 02:41:50.537 9 WARNING neutron.api.rpc.agentnotifiers.dhcp_rpc_agent_api [None req-799333d3-3e7e-4c59-a294-a105950d8bf7 aea7561bb78141ebb785356e0d55bb32 5feff78027e84073840afe315e5acd8b - - default default] Unable to schedule network 5233397d-df95-4eb1-8dd1-b658b437e299: no agents available; will retry on subsequent port and subnet creation events.
2026-04-27 02:41:50.886 10 INFO neutron.api.wsgi [req-fbe1f3ae-9ced-4874-a5d3-b64e8ee50296 req-12cde83a-54b0-4c01-b083-13da041da86e 5a7c2656d7f54c2684277aed0928d538 c7c05e34570848eda1ce4810e237543e - - c8fc793b48bf4dfa8cefb7924173bcf9 c8fc793b48bf4dfa8cefb7924173bcf9] 10.0.0.150 "GET /v2.0/ports?device_id=87a1fee4-6c28-4df7-8441-b0decff7994c HTTP/1.1" status: 200 len: 1413 time: 0.0327184
2026-04-27 02:41:50.900 9 INFO neutron.api.wsgi [None req-799333d3-3e7e-4c59-a294-a105950d8bf7 aea7561bb78141ebb785356e0d55bb32 5feff78027e84073840afe315e5acd8b - - default default] 10.0.0.53 "POST /v2.0/floatingips HTTP/1.1" status: 201 len: 751 time: 0.6187971
2026-04-27 02:41:50.921 9 WARNING neutron_lib.context [None req-6597dccc-711d-4956-b46d-7bd6d2d4f5ba aea7561bb78141ebb785356e0d55bb32 5feff78027e84073840afe315e5acd8b - - default default] Method 'is_advsvc' is deprecated since 2023.2 release (neutron-lib 3.8.0) and will be removed once support for the old RBAC API policies will be removed from Neutron. Please use method 'is_service_role' instead.
2026-04-27 02:41:50.943 10 INFO neutron.api.wsgi [req-fbe1f3ae-9ced-4874-a5d3-b64e8ee50296 req-752bc9d2-1d45-4803-b934-023d26aa2b38 5a7c2656d7f54c2684277aed0928d538 c7c05e34570848eda1ce4810e237543e - - c8fc793b48bf4dfa8cefb7924173bcf9 c8fc793b48bf4dfa8cefb7924173bcf9] 10.0.0.150 "GET /v2.0/security-groups?id=bf5325e4-85c8-4eed-9f32-90a335e58784&fields=id&fields=name HTTP/1.1" status: 200 len: 312 time: 0.0493956
2026-04-27 02:41:51.194 9 INFO neutron.api.wsgi [None req-3f8dc9e9-d384-49a7-8e22-989c94f9ccd9 c1cb5dcd0c2d4ae0afda34a2a287f6cc 21f06f09512f44dba4a0bb7417c44dbd - - default default] 10.0.0.53 "PUT /v2.0/routers/a2e23648-f65d-456e-bd8b-82bba8bc8c7a/remove_router_interface HTTP/1.1" status: 200 len: 503 time: 0.9315467 /var/lib/openstack/lib/python3.12/site-packages/pycadf/identifier.py:71: UserWarning: Invalid uuid: neutron. To ensure interoperability, identifiers should be a valid uuid. warnings.warn(('Invalid uuid: %s. To ensure interoperability, '
2026-04-27 02:41:51.229 9 WARNING neutron.scheduler.dhcp_agent_scheduler [None req-6597dccc-711d-4956-b46d-7bd6d2d4f5ba aea7561bb78141ebb785356e0d55bb32 5feff78027e84073840afe315e5acd8b - - default default] No more DHCP agents
2026-04-27 02:41:51.232 9 WARNING neutron.api.rpc.agentnotifiers.dhcp_rpc_agent_api [None req-6597dccc-711d-4956-b46d-7bd6d2d4f5ba aea7561bb78141ebb785356e0d55bb32 5feff78027e84073840afe315e5acd8b - - default default] Unable to schedule network 5233397d-df95-4eb1-8dd1-b658b437e299: no agents available; will retry on subsequent port and subnet creation events.
2026-04-27 02:41:51.600 9 INFO neutron.api.wsgi [None req-6597dccc-711d-4956-b46d-7bd6d2d4f5ba aea7561bb78141ebb785356e0d55bb32 5feff78027e84073840afe315e5acd8b - - default default] 10.0.0.53 "POST /v2.0/floatingips HTTP/1.1" status: 201 len: 751 time: 0.6944528
2026-04-27 02:41:51.610 10 WARNING neutron_lib.context [None req-f08473be-fc21-4bcc-a4a8-0e625a0c9509 aea7561bb78141ebb785356e0d55bb32 5feff78027e84073840afe315e5acd8b - - default default] Method 'is_advsvc' is deprecated since 2023.2 release (neutron-lib 3.8.0) and will be removed once support for the old RBAC API policies will be removed from Neutron. Please use method 'is_service_role' instead.
2026-04-27 02:41:51.876 10 WARNING neutron.scheduler.dhcp_agent_scheduler [None req-f08473be-fc21-4bcc-a4a8-0e625a0c9509 aea7561bb78141ebb785356e0d55bb32 5feff78027e84073840afe315e5acd8b - - default default] No more DHCP agents
2026-04-27 02:41:51.877 10 WARNING neutron.api.rpc.agentnotifiers.dhcp_rpc_agent_api [None req-f08473be-fc21-4bcc-a4a8-0e625a0c9509 aea7561bb78141ebb785356e0d55bb32 5feff78027e84073840afe315e5acd8b - - default default] Unable to schedule network 5233397d-df95-4eb1-8dd1-b658b437e299: no agents available; will retry on subsequent port and subnet creation events.
2026-04-27 02:41:51.982 9 INFO neutron.api.wsgi [None req-fdf65264-9ede-4fcb-9768-892320927910 c1cb5dcd0c2d4ae0afda34a2a287f6cc 21f06f09512f44dba4a0bb7417c44dbd - - default default] 10.0.0.53 "DELETE /v2.0/routers/a2e23648-f65d-456e-bd8b-82bba8bc8c7a HTTP/1.1" status: 204 len: 168 time: 0.7719600
2026-04-27 02:41:52.004 9 INFO neutron.api.v2.resource [None req-9a3b6b7c-c7d5-4457-bf59-be3715e9a97a c1cb5dcd0c2d4ae0afda34a2a287f6cc 21f06f09512f44dba4a0bb7417c44dbd - - default default] show failed (client error): The resource could not be found.
2026-04-27 02:41:52.005 9 INFO neutron.api.wsgi [None req-9a3b6b7c-c7d5-4457-bf59-be3715e9a97a c1cb5dcd0c2d4ae0afda34a2a287f6cc 21f06f09512f44dba4a0bb7417c44dbd - - default default] 10.0.0.53 "GET /v2.0/routers/36ad7e4f-83af-458f-8388-55bd9fa400ba HTTP/1.1" status: 404 len: 336 time: 0.0163217
2026-04-27 02:41:52.028 9 INFO neutron.api.wsgi [-] 10.0.0.7 "GET / HTTP/1.1" status: 200 len: 246 time: 0.0014751
2026-04-27 02:41:52.029 9 INFO neutron.api.wsgi [-] 10.0.0.7 "GET / HTTP/1.1" status: 200 len: 246 time: 0.0009274
2026-04-27 02:41:52.174 10 INFO neutron.api.wsgi [None req-f08473be-fc21-4bcc-a4a8-0e625a0c9509 aea7561bb78141ebb785356e0d55bb32 5feff78027e84073840afe315e5acd8b - - default default] 10.0.0.53 "POST /v2.0/floatingips HTTP/1.1" status: 201 len: 751 time: 0.5685644
2026-04-27 02:41:52.187 9 WARNING neutron_lib.context [None req-6caa1e38-e485-415e-b8e1-2ffa60ff6941 aea7561bb78141ebb785356e0d55bb32 5feff78027e84073840afe315e5acd8b - - default default] Method 'is_advsvc' is deprecated since 2023.2 release (neutron-lib 3.8.0) and will be removed once support for the old RBAC API policies will be removed from Neutron. Please use method 'is_service_role' instead.
2026-04-27 02:41:52.221 9 INFO neutron.api.wsgi [None req-534f98a2-bcb6-412c-8104-e2d6f000d8d1 c1cb5dcd0c2d4ae0afda34a2a287f6cc 21f06f09512f44dba4a0bb7417c44dbd - - default default] 10.0.0.53 "DELETE /v2.0/subnets/12f242d5-65fa-461b-8419-fb790928fbf8 HTTP/1.1" status: 204 len: 168 time: 0.2110250
2026-04-27 02:41:52.384 10 INFO neutron.api.wsgi [None req-77b627c1-3b11-4c5c-b8c5-9de0118d6d79 c1cb5dcd0c2d4ae0afda34a2a287f6cc 21f06f09512f44dba4a0bb7417c44dbd - - default default] 10.0.0.53 "DELETE /v2.0/subnets/a22fd5b5-3a5b-4ac5-8dbb-bf8d95c51bc5 HTTP/1.1" status: 204 len: 168 time: 0.1576138
2026-04-27 02:41:52.458 9 INFO neutron.api.wsgi [None req-30cbc64b-9c77-4b05-942c-be79ff271292 eb36e1d8909249dc8cefa7746553fde4 c67e191d3db84452aefd3e8981cd2f18 - - default default] 10.0.0.53 "GET /v2.0/ports?project_id=db86ffadced8488389308508b6dd26dd&network_id=b27de2cf-adec-40d1-963c-3adc262e64e5 HTTP/1.1" status: 200 len: 3514 time: 0.0575640
2026-04-27 02:41:52.482 9 WARNING neutron.scheduler.dhcp_agent_scheduler [None req-6caa1e38-e485-415e-b8e1-2ffa60ff6941 aea7561bb78141ebb785356e0d55bb32 5feff78027e84073840afe315e5acd8b - - default default] No more DHCP agents
2026-04-27 02:41:52.483 9 WARNING neutron.api.rpc.agentnotifiers.dhcp_rpc_agent_api [None req-6caa1e38-e485-415e-b8e1-2ffa60ff6941 aea7561bb78141ebb785356e0d55bb32 5feff78027e84073840afe315e5acd8b - - default default] Unable to schedule network 5233397d-df95-4eb1-8dd1-b658b437e299: no agents available; will retry on subsequent port and subnet creation events.
2026-04-27 02:41:52.543 10 INFO neutron.api.wsgi [None req-b96d4a86-849e-4fcf-abe2-f0a3e8b99708 c1cb5dcd0c2d4ae0afda34a2a287f6cc 21f06f09512f44dba4a0bb7417c44dbd - - default default] 10.0.0.53 "DELETE /v2.0/subnets/00b19329-4695-4884-889a-1816f57a180c HTTP/1.1" status: 204 len: 168 time: 0.1531749
2026-04-27 02:41:52.558 10 INFO neutron.pecan_wsgi.hooks.translation [None req-c36c3b6a-c81e-4b23-8076-2b36ebff855d c1cb5dcd0c2d4ae0afda34a2a287f6cc 21f06f09512f44dba4a0bb7417c44dbd - - default default] DELETE failed (client error): The resource could not be found.
2026-04-27 02:41:52.561 10 INFO neutron.api.wsgi [None req-c36c3b6a-c81e-4b23-8076-2b36ebff855d c1cb5dcd0c2d4ae0afda34a2a287f6cc 21f06f09512f44dba4a0bb7417c44dbd - - default default] 10.0.0.53 "DELETE /v2.0/subnets/84724604-4381-45d5-9c38-5fd54ecd2583 HTTP/1.1" status: 404 len: 337 time: 0.0135863
2026-04-27 02:41:52.731 9 INFO neutron.api.wsgi [None req-6caa1e38-e485-415e-b8e1-2ffa60ff6941 aea7561bb78141ebb785356e0d55bb32 5feff78027e84073840afe315e5acd8b - - default default] 10.0.0.53 "POST /v2.0/floatingips HTTP/1.1" status: 201 len: 751 time: 0.5499427
2026-04-27 02:41:52.738 10 INFO neutron.api.wsgi [None req-509bd594-a014-4df1-a916-468fb6ce5570 eb36e1d8909249dc8cefa7746553fde4 c67e191d3db84452aefd3e8981cd2f18 - - default default] 10.0.0.53 "GET /v2.0/subnets?network_id=5233397d-df95-4eb1-8dd1-b658b437e299 HTTP/1.1" status: 200 len: 861 time: 0.0305007
2026-04-27 02:41:52.775 9 INFO neutron.api.wsgi [None req-12b74c3a-7eb8-4e77-a795-6fb375faf667 aea7561bb78141ebb785356e0d55bb32 5feff78027e84073840afe315e5acd8b - - default default] 10.0.0.53 "PUT /v2.0/floatingips/fea4ec35-caf6-4315-a380-f6e363c5d3c3/tags HTTP/1.1" status: 200 len: 210 time: 0.0405591
2026-04-27 02:41:52.808 9 INFO neutron.api.wsgi [None req-b31f1f94-14d9-431c-88ea-3522e47fd9d5 aea7561bb78141ebb785356e0d55bb32 5feff78027e84073840afe315e5acd8b - - default default] 10.0.0.53 "PUT /v2.0/floatingips/705f7ded-95fe-4fc0-92e3-8dbcc5a38090/tags HTTP/1.1" status: 200 len: 218 time: 0.0265746
2026-04-27 02:41:52.851 9 INFO neutron.api.wsgi [None req-953f083d-9cba-451b-a6d9-e85e53f19385 aea7561bb78141ebb785356e0d55bb32 5feff78027e84073840afe315e5acd8b - - default default] 10.0.0.53 "PUT /v2.0/floatingips/d58a5d1f-7719-4564-b810-1094d79ffe4b/tags HTTP/1.1" status: 200 len: 227 time: 0.0387771
2026-04-27 02:41:52.875 10 INFO neutron.services.segments.plugin [-] Segment bdb14593-6abe-4b26-8e5f-6df028228a7b resource provider aggregate not found
2026-04-27 02:41:52.880 10 INFO neutron.services.segments.plugin [-] Segment bdb14593-6abe-4b26-8e5f-6df028228a7b resource provider aggregate not found
2026-04-27 02:41:52.889 9 INFO neutron.api.wsgi [None req-71ae5df2-686b-49d6-80be-64165ee7b2b4 aea7561bb78141ebb785356e0d55bb32 5feff78027e84073840afe315e5acd8b - - default default] 10.0.0.53 "PUT /v2.0/floatingips/aa3a8f20-e3de-44a9-8847-a1f8d71643fc/tags HTTP/1.1" status: 200 len: 212 time: 0.0339098
2026-04-27 02:41:52.892 10 INFO neutron.services.segments.plugin [-] Segment bdb14593-6abe-4b26-8e5f-6df028228a7b resource provider not found; error: Placement Client Error (4xx): {"errors": [{"status": 404, "title": "Not Found", "detail": "The resource could not be found.\n\n No resource provider with uuid bdb14593-6abe-4b26-8e5f-6df028228a7b found for delete ", "request_id": "req-57dbbbb4-09db-49a2-8e0d-fdf8d667fb34"}]}
2026-04-27 02:41:52.893 10 INFO neutron.services.segments.plugin [-] Segment bdb14593-6abe-4b26-8e5f-6df028228a7b resource provider not found; error: Placement Client Error (4xx): {"errors": [{"status": 404, "title": "Not Found", "detail": "The resource could not be found.\n\n No resource provider with uuid bdb14593-6abe-4b26-8e5f-6df028228a7b found for delete ", "request_id": "req-8c2466ce-1c1f-4c07-912a-df9148145ad0"}]}
2026-04-27 02:41:52.970 10 INFO neutron.api.wsgi [None req-bc434c53-2f44-458e-9bc1-9047968eba8c c1cb5dcd0c2d4ae0afda34a2a287f6cc 21f06f09512f44dba4a0bb7417c44dbd - - default default] 10.0.0.53 "DELETE /v2.0/networks/138c2230-07b4-4ff9-b188-ea20fb2f9814 HTTP/1.1" status: 204 len: 168 time: 0.4047112
2026-04-27 02:41:53.144 10 INFO neutron.db.ovn_revision_numbers_db [None req-db0c2777-dbcb-4d00-b7de-8cf75ff71a07 c4a985e7802a4295997fbec356f446fb db86ffadced8488389308508b6dd26dd - - default default] Successfully bumped revision number for resource aec3ff59-1f50-41e7-835a-1efbfea0e874 (type: floatingips) to 2
2026-04-27 02:41:53.201 10 INFO neutron.db.l3_db [None req-db0c2777-dbcb-4d00-b7de-8cf75ff71a07 c4a985e7802a4295997fbec356f446fb db86ffadced8488389308508b6dd26dd - - default default] Floating IP aec3ff59-1f50-41e7-835a-1efbfea0e874 disassociated. External IP: 10.96.250.216, port: 749ff1b7-cfea-4747-907d-4e50412f830b.
2026-04-27 02:41:53.213 9 INFO neutron.api.wsgi [None req-e66b2e7c-1321-478a-82ac-9375be4b5c7d aea7561bb78141ebb785356e0d55bb32 5feff78027e84073840afe315e5acd8b - - default default] 10.0.0.53 "GET /v2.0/floatingips?tags=red HTTP/1.1" status: 200 len: 1866 time: 0.3177986
2026-04-27 02:41:53.232 10 INFO neutron.api.wsgi [None req-db0c2777-dbcb-4d00-b7de-8cf75ff71a07 c4a985e7802a4295997fbec356f446fb db86ffadced8488389308508b6dd26dd - - default default] 10.0.0.53 "PUT /v2.0/floatingips/aec3ff59-1f50-41e7-835a-1efbfea0e874 HTTP/1.1" status: 200 len: 748 time: 0.3175173 /var/lib/openstack/lib/python3.12/site-packages/pycadf/identifier.py:71: UserWarning: Invalid uuid: neutron. To ensure interoperability, identifiers should be a valid uuid. warnings.warn(('Invalid uuid: %s. To ensure interoperability, '
2026-04-27 02:41:53.258 9 INFO neutron.api.wsgi [None req-a8c0bd50-4bb1-484b-9503-794c37508566 aea7561bb78141ebb785356e0d55bb32 5feff78027e84073840afe315e5acd8b - - default default] 10.0.0.53 "GET /v2.0/floatingips?tags=red%2Cblue HTTP/1.1" status: 200 len: 1323 time: 0.0393476
2026-04-27 02:41:53.265 10 INFO neutron.api.wsgi [None req-7bdd3c17-c287-4cac-a20d-598a3320807d c4a985e7802a4295997fbec356f446fb db86ffadced8488389308508b6dd26dd - - default default] 10.0.0.53 "GET /v2.0/floatingips/aec3ff59-1f50-41e7-835a-1efbfea0e874 HTTP/1.1" status: 200 len: 746 time: 0.0268743
2026-04-27 02:41:53.267 10 INFO neutron.notifiers.nova [-] Nova event matching ['req-40b4ab89-2da3-4ed0-b309-6c094ca171fb'] response: {'name': 'network-changed', 'server_uuid': '87a1fee4-6c28-4df7-8441-b0decff7994c', 'tag': '749ff1b7-cfea-4747-907d-4e50412f830b', 'status': 'completed', 'code': 200}
2026-04-27 02:41:53.296 9 INFO neutron.api.wsgi [None req-e104ddc6-aff1-477b-9383-176c6df54ce8 aea7561bb78141ebb785356e0d55bb32 5feff78027e84073840afe315e5acd8b - - default default] 10.0.0.53 "GET /v2.0/floatingips?tags-any=blue HTTP/1.1" status: 200 len: 1323 time: 0.0335057
2026-04-27 02:41:53.325 9 INFO neutron.api.wsgi [None req-53c02da6-642b-49ac-8060-971080689c69 aea7561bb78141ebb785356e0d55bb32 5feff78027e84073840afe315e5acd8b - - default default] 10.0.0.53 "GET /v2.0/floatingips?tags-any=red%2Cblue HTTP/1.1" status: 200 len: 1866 time: 0.0230701
2026-04-27 02:41:53.369 9 INFO neutron.api.wsgi [None req-11496b3c-a1ed-4c58-90c6-d3d4e5cfb230 aea7561bb78141ebb785356e0d55bb32 5feff78027e84073840afe315e5acd8b - - default default] 10.0.0.53 "GET /v2.0/floatingips?not-tags=red HTTP/1.1" status: 200 len: 1295 time: 0.0389795
2026-04-27 02:41:53.405 10 INFO neutron.api.wsgi [None req-c08b3bf7-8789-477f-be0c-a359f3a5f514 c1cb5dcd0c2d4ae0afda34a2a287f6cc 21f06f09512f44dba4a0bb7417c44dbd - - default default] 10.0.0.53 "DELETE /v2.0/networks/7c78ec4c-ffb3-4cae-a0ee-407613907cb6 HTTP/1.1" status: 204 len: 168 time: 0.4292378
2026-04-27 02:41:53.414 9 INFO neutron.api.wsgi [None req-e2d175d5-d07e-465a-acfa-83dc1b14ae93 aea7561bb78141ebb785356e0d55bb32 5feff78027e84073840afe315e5acd8b - - default default] 10.0.0.53 "GET /v2.0/floatingips?not-tags=red%2Cblue HTTP/1.1" status: 200 len: 1838 time: 0.0393844
2026-04-27 02:41:53.464 9 INFO neutron.api.wsgi [None req-91e2444e-e1a9-4206-9562-05e5d73e1682 aea7561bb78141ebb785356e0d55bb32 5feff78027e84073840afe315e5acd8b - - default default] 10.0.0.53 "GET /v2.0/floatingips?not-tags-any=blue HTTP/1.1" status: 200 len: 1838 time: 0.0440521
2026-04-27 02:41:53.492 9 INFO neutron.api.wsgi [None req-8bf8984b-bd45-4321-aa0e-3b00c46d1ac8 aea7561bb78141ebb785356e0d55bb32 5feff78027e84073840afe315e5acd8b - - default default] 10.0.0.53 "GET /v2.0/floatingips?not-tags-any=red%2Cblue HTTP/1.1" status: 200 len: 1295 time: 0.0228846
2026-04-27 02:41:53.726 10 INFO neutron.api.wsgi [None req-ae3a0df3-4f26-4b0d-b317-1d4349ca3ac9 c1cb5dcd0c2d4ae0afda34a2a287f6cc 21f06f09512f44dba4a0bb7417c44dbd - - default default] 10.0.0.53 "DELETE /v2.0/networks/72c69456-08b1-407b-af3c-a75d8c2a792e HTTP/1.1" status: 204 len: 168 time: 0.3168559
2026-04-27 02:41:53.745 9 INFO neutron.pecan_wsgi.hooks.translation [None req-39fdc055-7124-4d50-a94f-4cabd87b9691 c1cb5dcd0c2d4ae0afda34a2a287f6cc 21f06f09512f44dba4a0bb7417c44dbd - - default default] DELETE failed (client error): The resource could not be found.
2026-04-27 02:41:53.750 9 INFO neutron.api.wsgi [None req-39fdc055-7124-4d50-a94f-4cabd87b9691 c1cb5dcd0c2d4ae0afda34a2a287f6cc 21f06f09512f44dba4a0bb7417c44dbd - - default default] 10.0.0.53 "DELETE /v2.0/networks/37cfe5fc-0b06-4951-a9af-6356bde1bea7 HTTP/1.1" status: 404 len: 339 time: 0.0167856
2026-04-27 02:41:53.812 9 INFO neutron.api.wsgi [req-a159ce5b-ae61-464b-9967-e68025646123 req-ba9a7f0e-5e79-4292-adcb-022101e23cec 5a7c2656d7f54c2684277aed0928d538 c7c05e34570848eda1ce4810e237543e - - c8fc793b48bf4dfa8cefb7924173bcf9 c8fc793b48bf4dfa8cefb7924173bcf9] 199.204.45.115 "GET /v2.0/ports?tenant_id=db86ffadced8488389308508b6dd26dd&device_id=87a1fee4-6c28-4df7-8441-b0decff7994c HTTP/1.1" status: 200 len: 1413 time: 0.0387113
2026-04-27 02:41:53.860 9 INFO neutron.api.wsgi [None req-6a111be5-559d-4cf0-804b-e975e95828de aea7561bb78141ebb785356e0d55bb32 5feff78027e84073840afe315e5acd8b - - default default] 10.0.0.53 "DELETE /v2.0/floatingips/fea4ec35-caf6-4315-a380-f6e363c5d3c3 HTTP/1.1" status: 204 len: 168 time: 0.3616273
2026-04-27 02:41:53.864 9 INFO neutron.api.wsgi [req-a159ce5b-ae61-464b-9967-e68025646123 req-498c800b-3ab0-4e71-ba3c-23772b8db1b5 5a7c2656d7f54c2684277aed0928d538 c7c05e34570848eda1ce4810e237543e - - c8fc793b48bf4dfa8cefb7924173bcf9 c8fc793b48bf4dfa8cefb7924173bcf9] 199.204.45.115 "GET /v2.0/networks?id=b27de2cf-adec-40d1-963c-3adc262e64e5 HTTP/1.1" status: 200 len: 958 time: 0.0482061
2026-04-27 02:41:53.899 9 INFO neutron.api.wsgi [req-a159ce5b-ae61-464b-9967-e68025646123 req-e98cbb7f-dac4-44a4-8b44-72ecf04b72c4 5a7c2656d7f54c2684277aed0928d538 c7c05e34570848eda1ce4810e237543e - - c8fc793b48bf4dfa8cefb7924173bcf9 c8fc793b48bf4dfa8cefb7924173bcf9] 199.204.45.115 "GET /v2.0/floatingips?fixed_ip_address=10.100.0.13&port_id=749ff1b7-cfea-4747-907d-4e50412f830b HTTP/1.1" status: 200 len: 217 time: 0.0175674
2026-04-27 02:41:53.958 9 INFO neutron.api.wsgi [req-a159ce5b-ae61-464b-9967-e68025646123 req-d32cadb6-5a5e-4dcc-b598-9ff468514a6d 5a7c2656d7f54c2684277aed0928d538 c7c05e34570848eda1ce4810e237543e - - c8fc793b48bf4dfa8cefb7924173bcf9 c8fc793b48bf4dfa8cefb7924173bcf9] 199.204.45.115 "GET /v2.0/subnets?id=eeab729d-0818-4139-8123-c64f75e1e6ed HTTP/1.1" status: 200 len: 876 time: 0.0374787
2026-04-27 02:41:53.991 9 INFO neutron.api.wsgi [req-a159ce5b-ae61-464b-9967-e68025646123 req-6b907fcc-7c66-4d4e-9bee-793706b5a345 5a7c2656d7f54c2684277aed0928d538 c7c05e34570848eda1ce4810e237543e - - c8fc793b48bf4dfa8cefb7924173bcf9 c8fc793b48bf4dfa8cefb7924173bcf9] 199.204.45.115 "GET /v2.0/ports?network_id=b27de2cf-adec-40d1-963c-3adc262e64e5&device_owner=network%3Adhcp HTTP/1.1" status: 200 len: 210 time: 0.0203650
2026-04-27 02:41:54.059 9 INFO neutron.api.wsgi [req-a159ce5b-ae61-464b-9967-e68025646123 req-f98371e1-635d-47df-aa8c-b7a298c2d867 5a7c2656d7f54c2684277aed0928d538 c7c05e34570848eda1ce4810e237543e - - c8fc793b48bf4dfa8cefb7924173bcf9 c8fc793b48bf4dfa8cefb7924173bcf9] 199.204.45.115 "GET /v2.0/networks/b27de2cf-adec-40d1-963c-3adc262e64e5?fields=segments HTTP/1.1" status: 200 len: 212 time: 0.0607584
2026-04-27 02:41:54.131 9 INFO neutron.api.wsgi [req-a159ce5b-ae61-464b-9967-e68025646123 req-febee950-97e8-479a-9fd1-85b393a2d0cf 5a7c2656d7f54c2684277aed0928d538 c7c05e34570848eda1ce4810e237543e - - c8fc793b48bf4dfa8cefb7924173bcf9 c8fc793b48bf4dfa8cefb7924173bcf9] 199.204.45.115 "GET /v2.0/networks/b27de2cf-adec-40d1-963c-3adc262e64e5?fields=provider%3Aphysical_network&fields=provider%3Anetwork_type HTTP/1.1" status: 200 len: 277 time: 0.0657265
2026-04-27 02:41:54.244 9 INFO neutron.api.wsgi [None req-56986c7a-fcd8-47f6-9c86-3e6352df39de aea7561bb78141ebb785356e0d55bb32 5feff78027e84073840afe315e5acd8b - - default default] 10.0.0.53 "DELETE /v2.0/floatingips/705f7ded-95fe-4fc0-92e3-8dbcc5a38090 HTTP/1.1" status: 204 len: 168 time: 0.3775032
2026-04-27 02:41:54.327 10 WARNING neutron_lib.context [None req-ca255c7d-332b-436f-85b1-e83100aa648f c4a985e7802a4295997fbec356f446fb db86ffadced8488389308508b6dd26dd - - default default] Method 'is_advsvc' is deprecated since 2023.2 release (neutron-lib 3.8.0) and will be removed once support for the old RBAC API policies will be removed from Neutron. Please use method 'is_service_role' instead.
2026-04-27 02:41:54.453 10 INFO neutron.db.ovn_revision_numbers_db [None req-ca255c7d-332b-436f-85b1-e83100aa648f c4a985e7802a4295997fbec356f446fb db86ffadced8488389308508b6dd26dd - - default default] Successfully bumped revision number for resource 0d05d1e9-aa9e-44ee-b94a-ca16bfac48e7 (type: security_groups) to 1
2026-04-27 02:41:54.465 10 INFO neutron.db.ovn_revision_numbers_db [None req-ca255c7d-332b-436f-85b1-e83100aa648f c4a985e7802a4295997fbec356f446fb db86ffadced8488389308508b6dd26dd - - default default] Successfully bumped revision number for resource 11990d7b-205f-42f1-af86-484b814a93b8 (type: security_group_rules) to 0
2026-04-27 02:41:54.478 10 INFO neutron.db.ovn_revision_numbers_db [None req-ca255c7d-332b-436f-85b1-e83100aa648f c4a985e7802a4295997fbec356f446fb db86ffadced8488389308508b6dd26dd - - default default] Successfully bumped revision number for resource dbc95c3a-8ac7-4ec4-978b-085c41a31822 (type: security_group_rules) to 0
2026-04-27 02:41:54.516 10 INFO neutron.api.wsgi [None req-ca255c7d-332b-436f-85b1-e83100aa648f c4a985e7802a4295997fbec356f446fb db86ffadced8488389308508b6dd26dd - - default default] 10.0.0.53 "POST /v2.0/security-groups HTTP/1.1" status: 201 len: 1873 time: 0.1959708
2026-04-27 02:41:54.526 10 WARNING neutron_lib.context [None req-562712b9-2dfa-4e56-8d09-e9856a2dbce5 c4a985e7802a4295997fbec356f446fb db86ffadced8488389308508b6dd26dd - - default default] Method 'is_advsvc' is deprecated since 2023.2 release (neutron-lib 3.8.0) and will be removed once support for the old RBAC API policies will be removed from Neutron. Please use method 'is_service_role' instead.
2026-04-27 02:41:54.578 9 INFO neutron.api.wsgi [None req-e66f1123-2319-4c89-838c-afab9d5b6d7d aea7561bb78141ebb785356e0d55bb32 5feff78027e84073840afe315e5acd8b - - default default] 10.0.0.53 "DELETE /v2.0/floatingips/d58a5d1f-7719-4564-b810-1094d79ffe4b HTTP/1.1" status: 204 len: 168 time: 0.3213763
2026-04-27 02:41:54.604 9 INFO neutron.db.ovn_revision_numbers_db [None req-e672fd4d-39ee-44cb-a692-716fc99bed3b 7f32b3f62b5c493c809c6b9a5386e3f9 8aefb44c1b324ed9a4e9ba8168f26158 - - default default] Successfully bumped revision number for resource 14a987ee-9345-4641-832b-d6f85ff948cf (type: security_groups) to 1
2026-04-27 02:41:54.618 9 INFO neutron.db.ovn_revision_numbers_db [None req-e672fd4d-39ee-44cb-a692-716fc99bed3b 7f32b3f62b5c493c809c6b9a5386e3f9 8aefb44c1b324ed9a4e9ba8168f26158 - - default default] Successfully bumped revision number for resource 8a750241-d865-4423-a2f7-61bbabbd30a5 (type: security_group_rules) to 0
2026-04-27 02:41:54.631 9 INFO neutron.db.ovn_revision_numbers_db [None req-e672fd4d-39ee-44cb-a692-716fc99bed3b 7f32b3f62b5c493c809c6b9a5386e3f9 8aefb44c1b324ed9a4e9ba8168f26158 - - default default] Successfully bumped revision number for resource aaf0138a-0236-44da-9bc8-e21f73e7e35c (type: security_group_rules) to 0
2026-04-27 02:41:54.643 9 INFO neutron.db.ovn_revision_numbers_db [None req-e672fd4d-39ee-44cb-a692-716fc99bed3b 7f32b3f62b5c493c809c6b9a5386e3f9 8aefb44c1b324ed9a4e9ba8168f26158 - - default default] Successfully bumped revision number for resource cd173973-0208-4ced-82f5-44416af1e308 (type: security_group_rules) to 0
2026-04-27 02:41:54.660 10 INFO neutron.db.ovn_revision_numbers_db [None req-562712b9-2dfa-4e56-8d09-e9856a2dbce5 c4a985e7802a4295997fbec356f446fb db86ffadced8488389308508b6dd26dd - - default default] Successfully bumped revision number for resource 094d325e-2f0e-4247-811c-04145be1c41d (type: security_group_rules) to 0
2026-04-27 02:41:54.661 9 INFO neutron.db.ovn_revision_numbers_db [None req-e672fd4d-39ee-44cb-a692-716fc99bed3b 7f32b3f62b5c493c809c6b9a5386e3f9 8aefb44c1b324ed9a4e9ba8168f26158 - - default default] Successfully bumped revision number for resource fbac9ee2-b19a-482f-8c16-8a614d983190 (type: security_group_rules) to 0
2026-04-27 02:41:54.696 9 INFO neutron.api.wsgi [None req-e672fd4d-39ee-44cb-a692-716fc99bed3b 7f32b3f62b5c493c809c6b9a5386e3f9 8aefb44c1b324ed9a4e9ba8168f26158 - - default default] 10.0.0.53 "GET /v2.0/security-groups?tenant_id=a345b557b6694514a0cc7254c5c6e01e&name=default HTTP/1.1" status: 200 len: 3120 time: 0.2985802
2026-04-27 02:41:54.697 10 INFO neutron.api.wsgi [None req-562712b9-2dfa-4e56-8d09-e9856a2dbce5 c4a985e7802a4295997fbec356f446fb db86ffadced8488389308508b6dd26dd - - default default] 10.0.0.53 "POST /v2.0/security-group-rules HTTP/1.1" status: 201 len: 796 time: 0.1750679
2026-04-27 02:41:54.712 10 WARNING neutron_lib.context [None req-d2307fc4-c122-4410-a650-6efb066b2e38 c4a985e7802a4295997fbec356f446fb db86ffadced8488389308508b6dd26dd - - default default] Method 'is_advsvc' is deprecated since 2023.2 release (neutron-lib 3.8.0) and will be removed once support for the old RBAC API policies will be removed from Neutron. Please use method 'is_service_role' instead.
2026-04-27 02:41:54.887 10 INFO neutron.db.ovn_revision_numbers_db [None req-d2307fc4-c122-4410-a650-6efb066b2e38 c4a985e7802a4295997fbec356f446fb db86ffadced8488389308508b6dd26dd - - default default] Successfully bumped revision number for resource bf92967f-9a95-4d67-95e4-ffe6c6b8bf99 (type: security_group_rules) to 0
2026-04-27 02:41:54.894 9 INFO neutron.api.wsgi [None req-7e271d60-3db3-42be-8520-ad95a4f7aaff 7f32b3f62b5c493c809c6b9a5386e3f9 8aefb44c1b324ed9a4e9ba8168f26158 - - default default] 10.0.0.53 "DELETE /v2.0/security-groups/14a987ee-9345-4641-832b-d6f85ff948cf HTTP/1.1" status: 204 len: 168 time: 0.1932247
2026-04-27 02:41:54.920 10 INFO neutron.services.segments.plugin [-] Segment 9dced61e-8d6a-4a66-b77a-af7c49540008 resource provider aggregate not found
2026-04-27 02:41:54.924 10 INFO neutron.services.segments.plugin [-] Segment 9dced61e-8d6a-4a66-b77a-af7c49540008 resource provider aggregate not found
2026-04-27 02:41:54.933 10 INFO neutron.services.segments.plugin [-] Segment 9dced61e-8d6a-4a66-b77a-af7c49540008 resource provider not found; error: Placement Client Error (4xx): {"errors": [{"status": 404, "title": "Not Found", "detail": "The resource could not be found.\n\n No resource provider with uuid 9dced61e-8d6a-4a66-b77a-af7c49540008 found for delete ", "request_id": "req-afe12d4f-316c-4c7e-8311-bd093c8466f8"}]}
2026-04-27 02:41:54.940 10 INFO neutron.services.segments.plugin [-] Segment 9dced61e-8d6a-4a66-b77a-af7c49540008 resource provider not found; error: Placement Client Error (4xx): {"errors": [{"status": 404, "title": "Not Found", "detail": "The resource could not be found.\n\n No resource provider with uuid 9dced61e-8d6a-4a66-b77a-af7c49540008 found for delete ", "request_id": "req-9cd279cc-d5b5-42fe-854c-1f13088ba2f1"}]}
2026-04-27 02:41:54.949 10 INFO neutron.services.segments.plugin [-] Segment 014f2b73-0eb5-4954-9130-dbb265b43ef5 resource provider aggregate not found
2026-04-27 02:41:54.952 10 INFO neutron.services.segments.plugin [-] Segment 014f2b73-0eb5-4954-9130-dbb265b43ef5 resource provider aggregate not found
2026-04-27 02:41:54.958 10 INFO neutron.api.wsgi [None req-d2307fc4-c122-4410-a650-6efb066b2e38 c4a985e7802a4295997fbec356f446fb db86ffadced8488389308508b6dd26dd - - default default] 10.0.0.53 "POST /v2.0/security-group-rules HTTP/1.1" status: 201 len: 795 time: 0.2536986
2026-04-27 02:41:54.963 10 INFO neutron.services.segments.plugin [-] Segment 014f2b73-0eb5-4954-9130-dbb265b43ef5 resource provider not found; error: Placement Client Error (4xx): {"errors": [{"status": 404, "title": "Not Found", "detail": "The resource could not be found.\n\n No resource provider with uuid 014f2b73-0eb5-4954-9130-dbb265b43ef5 found for delete ", "request_id": "req-76b4a583-912e-4082-87e1-07412453b503"}]}
2026-04-27 02:41:54.968 10 INFO neutron.services.segments.plugin [-] Segment 014f2b73-0eb5-4954-9130-dbb265b43ef5 resource provider not found; error: Placement Client Error (4xx): {"errors": [{"status": 404, "title": "Not Found", "detail": "The resource could not be found.\n\n No resource provider with uuid 014f2b73-0eb5-4954-9130-dbb265b43ef5 found for delete ", "request_id": "req-35926766-44ef-4e72-b0eb-8e284d79d1a1"}]}
2026-04-27 02:41:54.971 9 WARNING neutron_lib.context [None req-8f45d54e-0cb8-4c36-8318-6a784a188fba c4a985e7802a4295997fbec356f446fb db86ffadced8488389308508b6dd26dd - - default default] Method 'is_advsvc' is deprecated since 2023.2 release (neutron-lib 3.8.0) and will be removed once support for the old RBAC API policies will be removed from Neutron. Please use method 'is_service_role' instead.
2026-04-27 02:41:54.977 10 INFO neutron.api.wsgi [None req-2113c4da-345b-4774-956a-b9b5c464c877 aea7561bb78141ebb785356e0d55bb32 5feff78027e84073840afe315e5acd8b - - default default] 10.0.0.53 "DELETE /v2.0/floatingips/aa3a8f20-e3de-44a9-8847-a1f8d71643fc HTTP/1.1" status: 204 len: 168 time: 0.3928812
2026-04-27 02:41:55.048 9 INFO neutron.api.wsgi [None req-20d14e64-5c08-4a5c-b0d8-6dc4aff7935b 7f32b3f62b5c493c809c6b9a5386e3f9 8aefb44c1b324ed9a4e9ba8168f26158 - - default default] 10.0.0.53 "GET /v2.0/security-groups?tenant_id=21f06f09512f44dba4a0bb7417c44dbd&name=default HTTP/1.1" status: 200 len: 3120 time: 0.0422745
2026-04-27 02:41:55.178 9 INFO neutron.db.ovn_revision_numbers_db [None req-8f45d54e-0cb8-4c36-8318-6a784a188fba c4a985e7802a4295997fbec356f446fb db86ffadced8488389308508b6dd26dd - - default default] Successfully bumped revision number for resource 910bfc4d-d580-4ec2-80aa-a3f94b481fcd (type: security_group_rules) to 0
2026-04-27 02:41:55.213 9 INFO neutron.api.wsgi [None req-8f45d54e-0cb8-4c36-8318-6a784a188fba c4a985e7802a4295997fbec356f446fb db86ffadced8488389308508b6dd26dd - - default default] 10.0.0.53 "POST /v2.0/security-group-rules HTTP/1.1" status: 201 len: 801 time: 0.2489510
2026-04-27 02:41:55.237 9 WARNING neutron_lib.context [None req-19f18215-0e56-4c7e-a7a1-9d22147b3578 c4a985e7802a4295997fbec356f446fb db86ffadced8488389308508b6dd26dd - - default default] Method 'is_advsvc' is deprecated since 2023.2 release (neutron-lib 3.8.0) and will be removed once support for the old RBAC API policies will be removed from Neutron. Please use method 'is_service_role' instead.
2026-04-27 02:41:55.342 9 INFO neutron.api.wsgi [None req-a2a93423-55b5-4a75-88f4-b61bff678917 7f32b3f62b5c493c809c6b9a5386e3f9 8aefb44c1b324ed9a4e9ba8168f26158 - - default default] 10.0.0.53 "DELETE /v2.0/security-groups/f1ced90f-19a7-48f8-b610-bf42031a9ae6 HTTP/1.1" status: 204 len: 168 time: 0.2877626
2026-04-27 02:41:55.385 9 INFO neutron.db.ovn_revision_numbers_db [None req-19f18215-0e56-4c7e-a7a1-9d22147b3578 c4a985e7802a4295997fbec356f446fb db86ffadced8488389308508b6dd26dd - - default default] Successfully bumped revision number for resource db130ac1-5821-4c2c-a577-eef8a4010f68 (type: security_group_rules) to 0
2026-04-27 02:41:55.424 9 INFO neutron.api.wsgi [None req-19f18215-0e56-4c7e-a7a1-9d22147b3578 c4a985e7802a4295997fbec356f446fb db86ffadced8488389308508b6dd26dd - - default default] 10.0.0.53 "POST /v2.0/security-group-rules HTTP/1.1" status: 201 len: 800 time: 0.1934161
2026-04-27 02:41:55.436 9 WARNING neutron_lib.context [None req-6d4d8781-225e-49b1-a9b0-8edd43a209a3 c4a985e7802a4295997fbec356f446fb db86ffadced8488389308508b6dd26dd - - default default] Method 'is_advsvc' is deprecated since 2023.2 release (neutron-lib 3.8.0) and will be removed once support for the old RBAC API policies will be removed from Neutron. Please use method 'is_service_role' instead.
2026-04-27 02:41:55.475 9 INFO neutron.db.securitygroups_db [None req-6d4d8781-225e-49b1-a9b0-8edd43a209a3 c4a985e7802a4295997fbec356f446fb db86ffadced8488389308508b6dd26dd - - default default] Project db86ffadced8488389308508b6dd26dd added a security group rule with legacy IPv6 ICMP protocol name icmp, ipv6-icmp should be used instead. It was automatically converted.
2026-04-27 02:41:55.580 9 INFO neutron.db.ovn_revision_numbers_db [None req-6d4d8781-225e-49b1-a9b0-8edd43a209a3 c4a985e7802a4295997fbec356f446fb db86ffadced8488389308508b6dd26dd - - default default] Successfully bumped revision number for resource cc63a036-7961-4384-a156-a473df8a2cfe (type: security_group_rules) to 0
2026-04-27 02:41:55.602 10 INFO neutron.api.wsgi [None req-d8c861ef-70f1-42c2-8958-24e0178f7bd9 aea7561bb78141ebb785356e0d55bb32 5feff78027e84073840afe315e5acd8b - - default default] 10.0.0.53 "DELETE /v2.0/floatingips/139f62d8-076b-4904-bdee-e0a1aa6be3b8 HTTP/1.1" status: 204 len: 168 time: 0.6206160
2026-04-27 02:41:55.614 9 INFO neutron.api.wsgi [None req-6d4d8781-225e-49b1-a9b0-8edd43a209a3 c4a985e7802a4295997fbec356f446fb db86ffadced8488389308508b6dd26dd - - default default] 10.0.0.53 "POST /v2.0/security-group-rules HTTP/1.1" status: 201 len: 806 time: 0.1840031
2026-04-27 02:41:55.636 9 WARNING neutron_lib.context [None req-e92ad713-4c9d-4358-8359-08014470b5cd c4a985e7802a4295997fbec356f446fb db86ffadced8488389308508b6dd26dd - - default default] Method 'is_advsvc' is deprecated since 2023.2 release (neutron-lib 3.8.0) and will be removed once support for the old RBAC API policies will be removed from Neutron. Please use method 'is_service_role' instead.
2026-04-27 02:41:55.673 9 INFO neutron.db.securitygroups_db [None req-e92ad713-4c9d-4358-8359-08014470b5cd c4a985e7802a4295997fbec356f446fb db86ffadced8488389308508b6dd26dd - - default default] Project db86ffadced8488389308508b6dd26dd added a security group rule with legacy IPv6 ICMP protocol name icmp, ipv6-icmp should be used instead. It was automatically converted.
2026-04-27 02:41:55.771 9 INFO neutron.db.ovn_revision_numbers_db [None req-e92ad713-4c9d-4358-8359-08014470b5cd c4a985e7802a4295997fbec356f446fb db86ffadced8488389308508b6dd26dd - - default default] Successfully bumped revision number for resource b94b3f00-39bb-497c-8430-f238a476832f (type: security_group_rules) to 0
2026-04-27 02:41:55.804 9 INFO neutron.api.wsgi [None req-e92ad713-4c9d-4358-8359-08014470b5cd c4a985e7802a4295997fbec356f446fb db86ffadced8488389308508b6dd26dd - - default default] 10.0.0.53 "POST /v2.0/security-group-rules HTTP/1.1" status: 201 len: 805 time: 0.1735091
2026-04-27 02:41:56.438 10 INFO neutron.api.wsgi [None req-71a3caef-7303-401c-85d3-576c94baecde c4a985e7802a4295997fbec356f446fb db86ffadced8488389308508b6dd26dd - - default default] 10.0.0.53 "GET /v2.0/networks HTTP/1.1" status: 200 len: 1492 time: 0.2637184
2026-04-27 02:41:56.544 10 INFO neutron.api.wsgi [req-dad2c746-5079-48af-bcec-d8853d170675 req-7308a5b9-a90c-4d15-bd21-98334c35e5e1 c4a985e7802a4295997fbec356f446fb db86ffadced8488389308508b6dd26dd - - default default] 10.0.0.238 "GET /v2.0/security-groups?name=tempest-secgroup-smoke-561481778&fields=id&tenant_id=db86ffadced8488389308508b6dd26dd HTTP/1.1" status: 200 len: 267 time: 0.0417142
2026-04-27 02:41:56.600 10 INFO neutron.api.wsgi [req-dad2c746-5079-48af-bcec-d8853d170675 req-9c9e3f86-6f57-4430-a75c-04e1eac211c7 c4a985e7802a4295997fbec356f446fb db86ffadced8488389308508b6dd26dd - - default default] 10.0.0.238 "GET /v2.0/networks?id=b27de2cf-adec-40d1-963c-3adc262e64e5 HTTP/1.1" status: 200 len: 859 time: 0.0501792
2026-04-27 02:41:56.615 10 INFO neutron.api.wsgi [req-dad2c746-5079-48af-bcec-d8853d170675 req-9322e79b-eb56-4773-bc84-889f40c8bb0d c4a985e7802a4295997fbec356f446fb db86ffadced8488389308508b6dd26dd - - default default] 10.0.0.238 "GET /v2.0/quotas/db86ffadced8488389308508b6dd26dd HTTP/1.1" status: 200 len: 491 time: 0.0097725
2026-04-27 02:41:56.659 9 INFO neutron.db.ovn_revision_numbers_db [None req-ccbc74c5-d9e1-462f-80b7-60994883a931 7f32b3f62b5c493c809c6b9a5386e3f9 8aefb44c1b324ed9a4e9ba8168f26158 - - default default] Successfully bumped revision number for resource c8627272-7980-4cd2-a7ca-3c024e64df27 (type: security_groups) to 1
2026-04-27 02:41:56.671 9 INFO neutron.db.ovn_revision_numbers_db [None req-ccbc74c5-d9e1-462f-80b7-60994883a931 7f32b3f62b5c493c809c6b9a5386e3f9 8aefb44c1b324ed9a4e9ba8168f26158 - - default default] Successfully bumped revision number for resource 20e1bb67-5bfe-4790-ba9f-fa7f7953c91b (type: security_group_rules) to 0
2026-04-27 02:41:56.684 9 INFO neutron.db.ovn_revision_numbers_db [None req-ccbc74c5-d9e1-462f-80b7-60994883a931 7f32b3f62b5c493c809c6b9a5386e3f9 8aefb44c1b324ed9a4e9ba8168f26158 - - default default] Successfully bumped revision number for resource 23d0d1ee-dcac-4934-b701-af554999e139 (type: security_group_rules) to 0
2026-04-27 02:41:56.696 9 INFO neutron.db.ovn_revision_numbers_db [None req-ccbc74c5-d9e1-462f-80b7-60994883a931 7f32b3f62b5c493c809c6b9a5386e3f9 8aefb44c1b324ed9a4e9ba8168f26158 - - default default] Successfully bumped revision number for resource 71ac922a-7711-4d93-af1b-4998345f2cfc (type: security_group_rules) to 0
2026-04-27 02:41:56.708 10 INFO neutron.api.wsgi [req-dad2c746-5079-48af-bcec-d8853d170675 req-caf56a64-f1b9-4272-8a74-2f4c6c383d0e c4a985e7802a4295997fbec356f446fb db86ffadced8488389308508b6dd26dd - - default default] 10.0.0.238 "GET /v2.0/ports?tenant_id=db86ffadced8488389308508b6dd26dd&fields=id HTTP/1.1" status: 200 len: 348 time: 0.0860343
2026-04-27 02:41:56.709 9 INFO neutron.db.ovn_revision_numbers_db [None req-ccbc74c5-d9e1-462f-80b7-60994883a931 7f32b3f62b5c493c809c6b9a5386e3f9 8aefb44c1b324ed9a4e9ba8168f26158 - - default default] Successfully bumped revision number for resource 8fbaad52-4378-43f1-aaf2-ee249802423f (type: security_group_rules) to 0
2026-04-27 02:41:56.746 9 INFO neutron.api.wsgi [None req-ccbc74c5-d9e1-462f-80b7-60994883a931 7f32b3f62b5c493c809c6b9a5386e3f9 8aefb44c1b324ed9a4e9ba8168f26158 - - default default] 10.0.0.53 "GET /v2.0/security-groups?tenant_id=54ad192697e942d5b6cc4bcc1d89e96a&name=default HTTP/1.1" status: 200 len: 3120 time: 0.2393844
2026-04-27 02:41:56.763 10 INFO neutron.api.wsgi [req-dad2c746-5079-48af-bcec-d8853d170675 req-66bb3e50-386e-46a0-ba7f-e2e67b4a0e13 5a7c2656d7f54c2684277aed0928d538 c7c05e34570848eda1ce4810e237543e - - c8fc793b48bf4dfa8cefb7924173bcf9 c8fc793b48bf4dfa8cefb7924173bcf9] 10.0.0.238 "GET /v2.0/networks/b27de2cf-adec-40d1-963c-3adc262e64e5?fields=segments HTTP/1.1" status: 200 len: 212 time: 0.0432341
2026-04-27 02:41:56.814 10 INFO neutron.api.wsgi [req-dad2c746-5079-48af-bcec-d8853d170675 req-a030b694-46e3-4ce6-9d8b-864f1bc5f0d9 5a7c2656d7f54c2684277aed0928d538 c7c05e34570848eda1ce4810e237543e - - c8fc793b48bf4dfa8cefb7924173bcf9 c8fc793b48bf4dfa8cefb7924173bcf9] 10.0.0.238 "GET /v2.0/networks/b27de2cf-adec-40d1-963c-3adc262e64e5?fields=provider%3Aphysical_network&fields=provider%3Anetwork_type HTTP/1.1" status: 200 len: 277 time: 0.0424511
2026-04-27 02:41:56.926 9 INFO neutron.api.wsgi [req-50e35025-fd09-4781-b173-7e28b1f24644 req-e6917116-85ab-4e0b-aa2b-d928647bc049 c4a985e7802a4295997fbec356f446fb db86ffadced8488389308508b6dd26dd - - default default] 10.0.0.238 "GET /v2.0/ports?device_id=52a79392-5c40-4e89-bb75-869281491bbc HTTP/1.1" status: 200 len: 210 time: 0.0167902
2026-04-27 02:41:56.957 9 INFO neutron.api.wsgi [None req-94e9af6e-50e7-4516-8d9a-0bbdd1bde538 7f32b3f62b5c493c809c6b9a5386e3f9 8aefb44c1b324ed9a4e9ba8168f26158 - - default default] 10.0.0.53 "DELETE /v2.0/security-groups/c8627272-7980-4cd2-a7ca-3c024e64df27 HTTP/1.1" status: 204 len: 168 time: 0.2054987
2026-04-27 02:41:57.211 9 INFO neutron.db.ovn_revision_numbers_db [None req-b591293a-0f4d-41bc-ae87-70f2e0cb4d2e 7f32b3f62b5c493c809c6b9a5386e3f9 8aefb44c1b324ed9a4e9ba8168f26158 - - default default] Successfully bumped revision number for resource 47fa150b-abf0-4e49-acd0-c13b1056faad (type: security_groups) to 1
2026-04-27 02:41:57.226 9 INFO neutron.db.ovn_revision_numbers_db [None req-b591293a-0f4d-41bc-ae87-70f2e0cb4d2e 7f32b3f62b5c493c809c6b9a5386e3f9 8aefb44c1b324ed9a4e9ba8168f26158 - - default default] Successfully bumped revision number for resource 15834a1b-19a9-4938-99d3-0b9381da2c79 (type: security_group_rules) to 0
2026-04-27 02:41:57.243 9 INFO neutron.db.ovn_revision_numbers_db [None req-b591293a-0f4d-41bc-ae87-70f2e0cb4d2e 7f32b3f62b5c493c809c6b9a5386e3f9 8aefb44c1b324ed9a4e9ba8168f26158 - - default default] Successfully bumped revision number for resource 20f17e2a-36d2-4bdf-a265-a08516042f5e (type: security_group_rules) to 0
2026-04-27 02:41:57.254 9 INFO neutron.db.ovn_revision_numbers_db [None req-b591293a-0f4d-41bc-ae87-70f2e0cb4d2e 7f32b3f62b5c493c809c6b9a5386e3f9 8aefb44c1b324ed9a4e9ba8168f26158 - - default default] Successfully bumped revision number for resource 3d088b08-6d90-44cc-98c6-66ad5824b0f1 (type: security_group_rules) to 0
2026-04-27 02:41:57.269 9 INFO neutron.db.ovn_revision_numbers_db [None req-b591293a-0f4d-41bc-ae87-70f2e0cb4d2e 7f32b3f62b5c493c809c6b9a5386e3f9 8aefb44c1b324ed9a4e9ba8168f26158 - - default default] Successfully bumped revision number for resource 92e4ef3b-1b1d-4fa7-99ff-5674b19081ed (type: security_group_rules) to 0
2026-04-27 02:41:57.306 9 INFO neutron.api.wsgi [None req-b591293a-0f4d-41bc-ae87-70f2e0cb4d2e 7f32b3f62b5c493c809c6b9a5386e3f9 8aefb44c1b324ed9a4e9ba8168f26158 - - default default] 10.0.0.53 "GET /v2.0/security-groups?tenant_id=5feff78027e84073840afe315e5acd8b&name=default HTTP/1.1" status: 200 len: 3120 time: 0.2071130
2026-04-27 02:41:57.524 9 INFO neutron.api.wsgi [None req-77ac4cc1-a2d2-42ef-9117-f5c7502254ec 7f32b3f62b5c493c809c6b9a5386e3f9 8aefb44c1b324ed9a4e9ba8168f26158 - - default default] 10.0.0.53 "DELETE /v2.0/security-groups/47fa150b-abf0-4e49-acd0-c13b1056faad HTTP/1.1" status: 204 len: 168 time: 0.2108343
2026-04-27 02:41:57.795 9 INFO neutron.db.ovn_revision_numbers_db [None req-841e7f87-34de-407b-a68c-697f8e17f0c5 7f32b3f62b5c493c809c6b9a5386e3f9 8aefb44c1b324ed9a4e9ba8168f26158 - - default default] Successfully bumped revision number for resource e0ab4bba-5938-4893-bb82-6d44215e9a9f (type: security_groups) to 1
2026-04-27 02:41:57.824 9 INFO neutron.db.ovn_revision_numbers_db [None req-841e7f87-34de-407b-a68c-697f8e17f0c5 7f32b3f62b5c493c809c6b9a5386e3f9 8aefb44c1b324ed9a4e9ba8168f26158 - - default default] Successfully bumped revision number for resource 16e8eedd-7b71-4e63-bb3d-ad857fd6c685 (type: security_group_rules) to 0
2026-04-27 02:41:57.838 9 INFO neutron.db.ovn_revision_numbers_db [None req-841e7f87-34de-407b-a68c-697f8e17f0c5 7f32b3f62b5c493c809c6b9a5386e3f9 8aefb44c1b324ed9a4e9ba8168f26158 - - default default] Successfully bumped revision number for resource 356fcd7e-74db-4e27-b882-91e34e76e431 (type: security_group_rules) to 0
2026-04-27 02:41:57.851 9 INFO neutron.db.ovn_revision_numbers_db [None req-841e7f87-34de-407b-a68c-697f8e17f0c5 7f32b3f62b5c493c809c6b9a5386e3f9 8aefb44c1b324ed9a4e9ba8168f26158 - - default default] Successfully bumped revision number for resource 5d8e7308-58fb-4e0c-b6ea-7f2840a110d0 (type: security_group_rules) to 0
2026-04-27 02:41:57.867 9 INFO neutron.db.ovn_revision_numbers_db [None req-841e7f87-34de-407b-a68c-697f8e17f0c5 7f32b3f62b5c493c809c6b9a5386e3f9 8aefb44c1b324ed9a4e9ba8168f26158 - - default default] Successfully bumped revision number for resource 62039cd0-4430-463e-8860-d4df5d8bfcf7 (type: security_group_rules) to 0
