2026-04-27 02:38:09.040 10 INFO neutron.db.ovn_revision_numbers_db [None req-402a5f60-7699-4755-bca7-045298509b3d 7f32b3f62b5c493c809c6b9a5386e3f9 8aefb44c1b324ed9a4e9ba8168f26158 - - default default] Successfully bumped revision number for resource 20b6220e-02ad-472a-ab05-1951ed8e8406 (type: ports) to 1
2026-04-27 02:38:09.448 10 INFO neutron.db.ovn_revision_numbers_db [None req-765c6fb7-3ed0-4539-85a7-4cf927f2bee2 - - - - - -] Successfully bumped revision number for resource b60cf7a3-d920-47c1-8bc3-469e2f0f2c1c (type: ports) to 2
2026-04-27 02:38:09.723 10 INFO neutron.db.ovn_revision_numbers_db [None req-fa660213-149d-4107-b7a2-f51728b4d0e1 7f32b3f62b5c493c809c6b9a5386e3f9 8aefb44c1b324ed9a4e9ba8168f26158 - - default default] Successfully bumped revision number for resource b60cf7a3-d920-47c1-8bc3-469e2f0f2c1c (type: router_ports) to 1
2026-04-27 02:38:09.729 10 INFO neutron.api.wsgi [None req-fa660213-149d-4107-b7a2-f51728b4d0e1 7f32b3f62b5c493c809c6b9a5386e3f9 8aefb44c1b324ed9a4e9ba8168f26158 - - default default] 10.0.0.53 "PUT /v2.0/routers/73d5a0b6-6ed6-415a-8542-a9c6566a3a43/add_router_interface HTTP/1.1" status: 200 len: 503 time: 4.4467912
2026-04-27 02:38:09.835 9 WARNING neutron_lib.context [req-cc1ee88f-c0cf-4134-8685-d1c639d786f8 req-4329721d-2442-41bd-820e-fa9415aecb1b 37f19fd8445c47cb81503d90ec0440c5 da0eb1a8f3e249468d4e3060d8862803 - - default default] Method 'is_advsvc' is deprecated since 2023.2 release (neutron-lib 3.8.0) and will be removed once support for the old RBAC API policies will be removed from Neutron. Please use method 'is_service_role' instead.
2026-04-27 02:38:09.956 9 INFO neutron.db.ovn_revision_numbers_db [req-cc1ee88f-c0cf-4134-8685-d1c639d786f8 req-4329721d-2442-41bd-820e-fa9415aecb1b 37f19fd8445c47cb81503d90ec0440c5 da0eb1a8f3e249468d4e3060d8862803 - - default default] Successfully bumped revision number for resource d72ebcca-457d-49a4-9b18-b1abf15589e6 (type: security_groups) to 1
2026-04-27 02:38:09.967 9 INFO neutron.db.ovn_revision_numbers_db [req-cc1ee88f-c0cf-4134-8685-d1c639d786f8 req-4329721d-2442-41bd-820e-fa9415aecb1b 37f19fd8445c47cb81503d90ec0440c5 da0eb1a8f3e249468d4e3060d8862803 - - default default] Successfully bumped revision number for resource 77b09d9a-b03f-48ad-9676-bf61be5f5f86 (type: security_group_rules) to 0
2026-04-27 02:38:09.981 9 INFO neutron.db.ovn_revision_numbers_db [req-cc1ee88f-c0cf-4134-8685-d1c639d786f8 req-4329721d-2442-41bd-820e-fa9415aecb1b 37f19fd8445c47cb81503d90ec0440c5 da0eb1a8f3e249468d4e3060d8862803 - - default default] Successfully bumped revision number for resource 995c3084-820c-4bd9-9cb6-0e7bcfc01635 (type: security_group_rules) to 0
2026-04-27 02:38:10.018 9 INFO neutron.api.wsgi [req-cc1ee88f-c0cf-4134-8685-d1c639d786f8 req-4329721d-2442-41bd-820e-fa9415aecb1b 37f19fd8445c47cb81503d90ec0440c5 da0eb1a8f3e249468d4e3060d8862803 - - default default] 10.0.0.238 "POST /v2.0/security-groups HTTP/1.1" status: 201 len: 1889 time: 0.2346385
2026-04-27 02:38:10.121 10 INFO neutron.plugins.ml2.drivers.ovn.mech_driver.ovsdb.commands [None req-f204bb9b-3647-42a3-b3d1-593c5fb24f11 - - - - - -] Schedule LRP lrp-20b6220e-02ad-472a-ab05-1951ed8e8406 on gateway ee1492fb-aac3-47ff-ab8e-5b0e7e00bdc0 with priority 1
2026-04-27 02:38:10.133 9 INFO neutron.plugins.ml2.drivers.ovn.mech_driver.mech_driver [None req-94a7ece8-71ee-48f9-9c8e-217a8825068f - - - - - -] OVN reports status up for port: 20b6220e-02ad-472a-ab05-1951ed8e8406
2026-04-27 02:38:10.144 9 INFO neutron.plugins.ml2.plugin [None req-94a7ece8-71ee-48f9-9c8e-217a8825068f - - - - - -] Attempt 1 to provision port 20b6220e-02ad-472a-ab05-1951ed8e8406
2026-04-27 02:38:10.154 10 INFO neutron.plugins.ml2.drivers.ovn.mech_driver.ovsdb.ovsdb_monitor [None req-362a04cf-c438-43bf-b7e6-46265746b0a9 - - - - - -] Router 8194bfb6-3794-4677-a68b-5925217418fa is bound to host instance
2026-04-27 02:38:10.181 10 INFO neutron.db.ovn_revision_numbers_db [None req-402a5f60-7699-4755-bca7-045298509b3d 7f32b3f62b5c493c809c6b9a5386e3f9 8aefb44c1b324ed9a4e9ba8168f26158 - - default default] Successfully bumped revision number for resource 20b6220e-02ad-472a-ab05-1951ed8e8406 (type: router_ports) to 1
2026-04-27 02:38:10.216 9 WARNING neutron_lib.context [None req-04bd4d72-845a-43ad-80f4-fdb420093771 9d712c95f0d244b0bb962dac5f106d77 c4c3586992c64a1d9d8b94dfb286b466 - - default default] Method 'is_advsvc' is deprecated since 2023.2 release (neutron-lib 3.8.0) and will be removed once support for the old RBAC API policies will be removed from Neutron. Please use method 'is_service_role' instead.
2026-04-27 02:38:10.282 10 INFO neutron.db.ovn_revision_numbers_db [None req-402a5f60-7699-4755-bca7-045298509b3d 7f32b3f62b5c493c809c6b9a5386e3f9 8aefb44c1b324ed9a4e9ba8168f26158 - - default default] Successfully bumped revision number for resource 8194bfb6-3794-4677-a68b-5925217418fa (type: routers) to 2
2026-04-27 02:38:10.303 10 INFO neutron.api.wsgi [None req-402a5f60-7699-4755-bca7-045298509b3d 7f32b3f62b5c493c809c6b9a5386e3f9 8aefb44c1b324ed9a4e9ba8168f26158 - - default default] 10.0.0.53 "POST /v2.0/routers HTTP/1.1" status: 201 len: 1168 time: 2.6328607
2026-04-27 02:38:10.376 9 INFO neutron.db.ovn_revision_numbers_db [None req-04bd4d72-845a-43ad-80f4-fdb420093771 9d712c95f0d244b0bb962dac5f106d77 c4c3586992c64a1d9d8b94dfb286b466 - - default default] Successfully bumped revision number for resource 6cacafc5-3ab2-4eb2-b279-01a59aa40301 (type: security_groups) to 1
2026-04-27 02:38:10.383 10 INFO neutron.db.ovn_revision_numbers_db [None req-2523daad-8747-418d-8380-5a220078f4cd 7f32b3f62b5c493c809c6b9a5386e3f9 8aefb44c1b324ed9a4e9ba8168f26158 - - default default] Successfully bumped revision number for resource 67bb366b-4ac6-4ad9-932b-5ab3171542e4 (type: router_ports) to 1
2026-04-27 02:38:10.388 10 INFO neutron.api.wsgi [None req-2523daad-8747-418d-8380-5a220078f4cd 7f32b3f62b5c493c809c6b9a5386e3f9 8aefb44c1b324ed9a4e9ba8168f26158 - - default default] 10.0.0.53 "PUT /v2.0/routers/f02d540b-bd71-44fc-b001-8d2aec132c49/add_router_interface HTTP/1.1" status: 200 len: 503 time: 4.2540686
2026-04-27 02:38:10.403 9 INFO neutron.db.ovn_revision_numbers_db [None req-04bd4d72-845a-43ad-80f4-fdb420093771 9d712c95f0d244b0bb962dac5f106d77 c4c3586992c64a1d9d8b94dfb286b466 - - default default] Successfully bumped revision number for resource cbb59af1-6092-4925-b9d2-c7e08af70b0f (type: security_group_rules) to 0
2026-04-27 02:38:10.420 9 INFO neutron.db.ovn_revision_numbers_db [None req-04bd4d72-845a-43ad-80f4-fdb420093771 9d712c95f0d244b0bb962dac5f106d77 c4c3586992c64a1d9d8b94dfb286b466 - - default default] Successfully bumped revision number for resource dbe694a9-f128-4d60-8625-02eba6fc7181 (type: security_group_rules) to 0
2026-04-27 02:38:10.455 9 INFO neutron.api.wsgi [None req-04bd4d72-845a-43ad-80f4-fdb420093771 9d712c95f0d244b0bb962dac5f106d77 c4c3586992c64a1d9d8b94dfb286b466 - - default default] 10.0.0.53 "POST /v2.0/security-groups HTTP/1.1" status: 201 len: 1859 time: 0.2425029
2026-04-27 02:38:10.467 10 WARNING neutron_lib.context [None req-3f9fa746-75c3-4119-9c6c-bf89e56d688b 9d712c95f0d244b0bb962dac5f106d77 c4c3586992c64a1d9d8b94dfb286b466 - - default default] Method 'is_advsvc' is deprecated since 2023.2 release (neutron-lib 3.8.0) and will be removed once support for the old RBAC API policies will be removed from Neutron. Please use method 'is_service_role' instead.
2026-04-27 02:38:10.512 10 INFO neutron.api.wsgi [req-9ffb6d84-066a-4481-8db3-b7ea8270e9b2 req-fd6c9eb4-a8bc-4bf5-b883-59c3a98385dc 37f19fd8445c47cb81503d90ec0440c5 da0eb1a8f3e249468d4e3060d8862803 - - default default] 10.0.0.238 "GET /v2.0/security-groups/d72ebcca-457d-49a4-9b18-b1abf15589e6 HTTP/1.1" status: 200 len: 1884 time: 0.1112261
2026-04-27 02:38:10.526 10 WARNING neutron_lib.context [req-9ffb6d84-066a-4481-8db3-b7ea8270e9b2 req-86a35135-ebe7-4050-b51f-4695906edfae 37f19fd8445c47cb81503d90ec0440c5 da0eb1a8f3e249468d4e3060d8862803 - - default default] Method 'is_advsvc' is deprecated since 2023.2 release (neutron-lib 3.8.0) and will be removed once support for the old RBAC API policies will be removed from Neutron. Please use method 'is_service_role' instead.
2026-04-27 02:38:10.707 10 INFO neutron.db.ovn_revision_numbers_db [None req-3f9fa746-75c3-4119-9c6c-bf89e56d688b 9d712c95f0d244b0bb962dac5f106d77 c4c3586992c64a1d9d8b94dfb286b466 - - default default] Successfully bumped revision number for resource 690fcb78-70da-4621-828f-b502db1beec0 (type: security_group_rules) to 0
2026-04-27 02:38:10.732 10 INFO neutron.db.ovn_revision_numbers_db [req-9ffb6d84-066a-4481-8db3-b7ea8270e9b2 req-86a35135-ebe7-4050-b51f-4695906edfae 37f19fd8445c47cb81503d90ec0440c5 da0eb1a8f3e249468d4e3060d8862803 - - default default] Successfully bumped revision number for resource 11819528-6b46-4a55-bf7b-fcf297596c07 (type: security_group_rules) to 0
2026-04-27 02:38:10.752 10 INFO neutron.api.wsgi [None req-3f9fa746-75c3-4119-9c6c-bf89e56d688b 9d712c95f0d244b0bb962dac5f106d77 c4c3586992c64a1d9d8b94dfb286b466 - - default default] 10.0.0.53 "POST /v2.0/security-group-rules HTTP/1.1" status: 201 len: 796 time: 0.2905741
2026-04-27 02:38:10.767 10 WARNING neutron_lib.context [None req-c6eede5f-35fd-461c-bbd2-0fc7018859d2 9d712c95f0d244b0bb962dac5f106d77 c4c3586992c64a1d9d8b94dfb286b466 - - default default] Method 'is_advsvc' is deprecated since 2023.2 release (neutron-lib 3.8.0) and will be removed once support for the old RBAC API policies will be removed from Neutron. Please use method 'is_service_role' instead.
2026-04-27 02:38:10.779 10 INFO neutron.api.wsgi [req-9ffb6d84-066a-4481-8db3-b7ea8270e9b2 req-86a35135-ebe7-4050-b51f-4695906edfae 37f19fd8445c47cb81503d90ec0440c5 da0eb1a8f3e249468d4e3060d8862803 - - default default] 10.0.0.238 "POST /v2.0/security-group-rules HTTP/1.1" status: 201 len: 818 time: 0.2603128
2026-04-27 02:38:10.781 10 INFO neutron.db.ovn_revision_numbers_db [None req-c4dde0f1-a588-4baf-afca-2194b8e0a900 - - - - - -] Successfully bumped revision number for resource 20b6220e-02ad-472a-ab05-1951ed8e8406 (type: ports) to 1
2026-04-27 02:38:10.797 9 WARNING neutron.scheduler.dhcp_agent_scheduler [None req-0f6c3a99-53d3-46bf-a399-8a26f91a5645 7f32b3f62b5c493c809c6b9a5386e3f9 8aefb44c1b324ed9a4e9ba8168f26158 - - default default] No more DHCP agents
2026-04-27 02:38:10.799 9 WARNING neutron.api.rpc.agentnotifiers.dhcp_rpc_agent_api [None req-0f6c3a99-53d3-46bf-a399-8a26f91a5645 7f32b3f62b5c493c809c6b9a5386e3f9 8aefb44c1b324ed9a4e9ba8168f26158 - - default default] Unable to schedule network e9d10daa-94bc-4a1e-9616-f570537eeed4: no agents available; will retry on subsequent port and subnet creation events.
2026-04-27 02:38:10.823 9 WARNING neutron_lib.context [req-aee3e2c6-ec83-4489-a642-ecbdcceb7c08 req-0020eb7d-3d67-4fe3-98d0-2693580822a8 37f19fd8445c47cb81503d90ec0440c5 da0eb1a8f3e249468d4e3060d8862803 - - default default] Method 'is_advsvc' is deprecated since 2023.2 release (neutron-lib 3.8.0) and will be removed once support for the old RBAC API policies will be removed from Neutron. Please use method 'is_service_role' instead.
2026-04-27 02:38:10.904 10 WARNING neutron_lib.context [req-b6cbd60d-7ab3-46a8-a068-b7e2324b3579 req-8714397a-afcc-495a-9713-bc1e65e2208c 55d83458d4b14b4d8b1340d5a2e6f83b 7a5dd5a3db764d6997fd32ddc86fd335 - - default default] Method 'is_advsvc' is deprecated since 2023.2 release (neutron-lib 3.8.0) and will be removed once support for the old RBAC API policies will be removed from Neutron. Please use method 'is_service_role' instead.
2026-04-27 02:38:10.908 10 INFO neutron.db.ovn_revision_numbers_db [None req-c6eede5f-35fd-461c-bbd2-0fc7018859d2 9d712c95f0d244b0bb962dac5f106d77 c4c3586992c64a1d9d8b94dfb286b466 - - default default] Successfully bumped revision number for resource 1bdd3db7-dbbf-48ea-a020-6d8845975a07 (type: security_group_rules) to 0
2026-04-27 02:38:10.940 9 INFO neutron.db.ovn_revision_numbers_db [None req-0f6c3a99-53d3-46bf-a399-8a26f91a5645 7f32b3f62b5c493c809c6b9a5386e3f9 8aefb44c1b324ed9a4e9ba8168f26158 - - default default] Successfully bumped revision number for resource 73c34ae5-19c4-44da-8e54-f02aefaae00a (type: ports) to 1
2026-04-27 02:38:10.954 10 INFO neutron.api.wsgi [None req-c6eede5f-35fd-461c-bbd2-0fc7018859d2 9d712c95f0d244b0bb962dac5f106d77 c4c3586992c64a1d9d8b94dfb286b466 - - default default] 10.0.0.53 "POST /v2.0/security-group-rules HTTP/1.1" status: 201 len: 801 time: 0.1913960
2026-04-27 02:38:10.963 10 WARNING neutron_lib.context [None req-3cba2ed4-d003-4940-9e54-d0e1c1d39998 9d712c95f0d244b0bb962dac5f106d77 c4c3586992c64a1d9d8b94dfb286b466 - - default default] Method 'is_advsvc' is deprecated since 2023.2 release (neutron-lib 3.8.0) and will be removed once support for the old RBAC API policies will be removed from Neutron. Please use method 'is_service_role' instead.
2026-04-27 02:38:10.965 9 INFO neutron.db.ovn_revision_numbers_db [req-aee3e2c6-ec83-4489-a642-ecbdcceb7c08 req-0020eb7d-3d67-4fe3-98d0-2693580822a8 37f19fd8445c47cb81503d90ec0440c5 da0eb1a8f3e249468d4e3060d8862803 - - default default] Successfully bumped revision number for resource e826e858-90ae-42a5-99ef-baf71c75c278 (type: security_groups) to 1
2026-04-27 02:38:10.981 9 INFO neutron.db.ovn_revision_numbers_db [req-aee3e2c6-ec83-4489-a642-ecbdcceb7c08 req-0020eb7d-3d67-4fe3-98d0-2693580822a8 37f19fd8445c47cb81503d90ec0440c5 da0eb1a8f3e249468d4e3060d8862803 - - default default] Successfully bumped revision number for resource b160fc07-534d-4b60-a295-41c9fba3b06f (type: security_group_rules) to 0
2026-04-27 02:38:10.996 9 INFO neutron.db.ovn_revision_numbers_db [req-aee3e2c6-ec83-4489-a642-ecbdcceb7c08 req-0020eb7d-3d67-4fe3-98d0-2693580822a8 37f19fd8445c47cb81503d90ec0440c5 da0eb1a8f3e249468d4e3060d8862803 - - default default] Successfully bumped revision number for resource cd13d84d-ba6b-452e-aa07-1255f5343043 (type: security_group_rules) to 0
2026-04-27 02:38:11.036 9 INFO neutron.api.wsgi [req-aee3e2c6-ec83-4489-a642-ecbdcceb7c08 req-0020eb7d-3d67-4fe3-98d0-2693580822a8 37f19fd8445c47cb81503d90ec0440c5 da0eb1a8f3e249468d4e3060d8862803 - - default default] 10.0.0.238 "POST /v2.0/security-groups HTTP/1.1" status: 201 len: 1890 time: 0.2180879
2026-04-27 02:38:11.071 10 INFO neutron.db.ovn_revision_numbers_db [req-b6cbd60d-7ab3-46a8-a068-b7e2324b3579 req-8714397a-afcc-495a-9713-bc1e65e2208c 55d83458d4b14b4d8b1340d5a2e6f83b 7a5dd5a3db764d6997fd32ddc86fd335 - - default default] Successfully bumped revision number for resource eee251b5-42f2-49a2-bbcd-0fc7b3219492 (type: security_groups) to 1
2026-04-27 02:38:11.086 9 INFO neutron.api.wsgi [req-0edb7106-b116-4c87-a70c-b6c0ae99f2aa req-d615fee9-7b69-4360-9828-e8aef3c00fc0 37f19fd8445c47cb81503d90ec0440c5 da0eb1a8f3e249468d4e3060d8862803 - - default default] 10.0.0.238 "GET /v2.0/security-groups/e826e858-90ae-42a5-99ef-baf71c75c278 HTTP/1.1" status: 200 len: 1885 time: 0.0262115
2026-04-27 02:38:11.100 10 INFO neutron.db.ovn_revision_numbers_db [req-b6cbd60d-7ab3-46a8-a068-b7e2324b3579 req-8714397a-afcc-495a-9713-bc1e65e2208c 55d83458d4b14b4d8b1340d5a2e6f83b 7a5dd5a3db764d6997fd32ddc86fd335 - - default default] Successfully bumped revision number for resource 1b80a420-89f3-4654-8761-95c93d5abc05 (type: security_group_rules) to 0
2026-04-27 02:38:11.100 9 WARNING neutron_lib.context [req-0edb7106-b116-4c87-a70c-b6c0ae99f2aa req-f84dfdfa-6567-4ff7-a1bb-bcd5cf5dc3ce 37f19fd8445c47cb81503d90ec0440c5 da0eb1a8f3e249468d4e3060d8862803 - - default default] Method 'is_advsvc' is deprecated since 2023.2 release (neutron-lib 3.8.0) and will be removed once support for the old RBAC API policies will be removed from Neutron. Please use method 'is_service_role' instead.
2026-04-27 02:38:11.121 10 INFO neutron.db.ovn_revision_numbers_db [req-b6cbd60d-7ab3-46a8-a068-b7e2324b3579 req-8714397a-afcc-495a-9713-bc1e65e2208c 55d83458d4b14b4d8b1340d5a2e6f83b 7a5dd5a3db764d6997fd32ddc86fd335 - - default default] Successfully bumped revision number for resource 2a490499-684f-4f85-816c-2689a44ddc55 (type: security_group_rules) to 0
2026-04-27 02:38:11.165 10 INFO neutron.api.wsgi [req-b6cbd60d-7ab3-46a8-a068-b7e2324b3579 req-8714397a-afcc-495a-9713-bc1e65e2208c 55d83458d4b14b4d8b1340d5a2e6f83b 7a5dd5a3db764d6997fd32ddc86fd335 - - default default] 10.0.0.238 "POST /v2.0/security-groups HTTP/1.1" status: 201 len: 1886 time: 0.2728126
2026-04-27 02:38:11.202 10 WARNING neutron_lib.context [req-789dd6bb-62bb-413a-a9a0-691d2b99476f req-356a6976-710e-4e9f-a14b-23929d813e65 55d83458d4b14b4d8b1340d5a2e6f83b 7a5dd5a3db764d6997fd32ddc86fd335 - - default default] Method 'is_advsvc' is deprecated since 2023.2 release (neutron-lib 3.8.0) and will be removed once support for the old RBAC API policies will be removed from Neutron. Please use method 'is_service_role' instead.
2026-04-27 02:38:11.209 10 INFO neutron.db.ovn_revision_numbers_db [None req-c4dde0f1-a588-4baf-afca-2194b8e0a900 - - - - - -] Successfully bumped revision number for resource 20b6220e-02ad-472a-ab05-1951ed8e8406 (type: ports) to 4
2026-04-27 02:38:11.256 9 INFO neutron.db.ovn_revision_numbers_db [req-0edb7106-b116-4c87-a70c-b6c0ae99f2aa req-f84dfdfa-6567-4ff7-a1bb-bcd5cf5dc3ce 37f19fd8445c47cb81503d90ec0440c5 da0eb1a8f3e249468d4e3060d8862803 - - default default] Successfully bumped revision number for resource 60413c8c-d534-4fee-ba0b-6bd3f7fb3c9c (type: security_group_rules) to 0
2026-04-27 02:38:11.289 9 INFO neutron.api.wsgi [req-0edb7106-b116-4c87-a70c-b6c0ae99f2aa req-f84dfdfa-6567-4ff7-a1bb-bcd5cf5dc3ce 37f19fd8445c47cb81503d90ec0440c5 da0eb1a8f3e249468d4e3060d8862803 - - default default] 10.0.0.238 "POST /v2.0/security-group-rules HTTP/1.1" status: 201 len: 818 time: 0.1948082
2026-04-27 02:38:11.330 10 WARNING neutron.scheduler.dhcp_agent_scheduler [None req-3cba2ed4-d003-4940-9e54-d0e1c1d39998 9d712c95f0d244b0bb962dac5f106d77 c4c3586992c64a1d9d8b94dfb286b466 - - default default] No more DHCP agents
2026-04-27 02:38:11.336 10 WARNING neutron.api.rpc.agentnotifiers.dhcp_rpc_agent_api [None req-3cba2ed4-d003-4940-9e54-d0e1c1d39998 9d712c95f0d244b0bb962dac5f106d77 c4c3586992c64a1d9d8b94dfb286b466 - - default default] Unable to schedule network 5233397d-df95-4eb1-8dd1-b658b437e299: no agents available; will retry on subsequent port and subnet creation events.
2026-04-27 02:38:11.350 9 INFO neutron.api.wsgi [req-4d5fe693-57d5-46ad-bff1-4a468ca7788b req-900abea5-28e5-437c-a4d6-e62b655a52ab 37f19fd8445c47cb81503d90ec0440c5 da0eb1a8f3e249468d4e3060d8862803 - - default default] 10.0.0.238 "GET /v2.0/security-groups/e826e858-90ae-42a5-99ef-baf71c75c278 HTTP/1.1" status: 200 len: 2510 time: 0.0307264
2026-04-27 02:38:11.364 9 WARNING neutron_lib.context [req-4d5fe693-57d5-46ad-bff1-4a468ca7788b req-a5c9f215-8788-46eb-b3d4-54da1a350972 37f19fd8445c47cb81503d90ec0440c5 da0eb1a8f3e249468d4e3060d8862803 - - default default] Method 'is_advsvc' is deprecated since 2023.2 release (neutron-lib 3.8.0) and will be removed once support for the old RBAC API policies will be removed from Neutron. Please use method 'is_service_role' instead.
2026-04-27 02:38:11.419 10 INFO neutron.db.ovn_revision_numbers_db [req-789dd6bb-62bb-413a-a9a0-691d2b99476f req-356a6976-710e-4e9f-a14b-23929d813e65 55d83458d4b14b4d8b1340d5a2e6f83b 7a5dd5a3db764d6997fd32ddc86fd335 - - default default] Successfully bumped revision number for resource cb4231f4-f640-4fd7-aa08-6ff6e2eabd74 (type: security_groups) to 1
2026-04-27 02:38:11.451 10 INFO neutron.db.ovn_revision_numbers_db [req-789dd6bb-62bb-413a-a9a0-691d2b99476f req-356a6976-710e-4e9f-a14b-23929d813e65 55d83458d4b14b4d8b1340d5a2e6f83b 7a5dd5a3db764d6997fd32ddc86fd335 - - default default] Successfully bumped revision number for resource 37229da0-8978-47c7-8a51-d82fc21e25c5 (type: security_group_rules) to 0
2026-04-27 02:38:11.479 10 INFO neutron.db.ovn_revision_numbers_db [req-789dd6bb-62bb-413a-a9a0-691d2b99476f req-356a6976-710e-4e9f-a14b-23929d813e65 55d83458d4b14b4d8b1340d5a2e6f83b 7a5dd5a3db764d6997fd32ddc86fd335 - - default default] Successfully bumped revision number for resource 7e06dbae-7446-47f6-a9c2-00cc66c91969 (type: security_group_rules) to 0
2026-04-27 02:38:11.498 9 INFO neutron.db.ovn_revision_numbers_db [req-4d5fe693-57d5-46ad-bff1-4a468ca7788b req-a5c9f215-8788-46eb-b3d4-54da1a350972 37f19fd8445c47cb81503d90ec0440c5 da0eb1a8f3e249468d4e3060d8862803 - - default default] Successfully bumped revision number for resource 2c4c7bf2-f7c3-40ae-b04f-3e88486b2ee0 (type: security_group_rules) to 0
2026-04-27 02:38:11.534 9 INFO neutron.api.wsgi [req-4d5fe693-57d5-46ad-bff1-4a468ca7788b req-a5c9f215-8788-46eb-b3d4-54da1a350972 37f19fd8445c47cb81503d90ec0440c5 da0eb1a8f3e249468d4e3060d8862803 - - default default] 10.0.0.238 "POST /v2.0/security-group-rules HTTP/1.1" status: 201 len: 823 time: 0.1773982
2026-04-27 02:38:11.535 10 INFO neutron.api.wsgi [req-789dd6bb-62bb-413a-a9a0-691d2b99476f req-356a6976-710e-4e9f-a14b-23929d813e65 55d83458d4b14b4d8b1340d5a2e6f83b 7a5dd5a3db764d6997fd32ddc86fd335 - - default default] 10.0.0.238 "POST /v2.0/security-groups HTTP/1.1" status: 201 len: 1885 time: 0.3395259
2026-04-27 02:38:11.561 9 WARNING neutron_lib.context [req-fe7cf098-d5e4-43e4-a936-d94c9dea05da req-2a102ab0-47c5-409a-81f6-e3f6adce45fa 55d83458d4b14b4d8b1340d5a2e6f83b 7a5dd5a3db764d6997fd32ddc86fd335 - - default default] Method 'is_advsvc' is deprecated since 2023.2 release (neutron-lib 3.8.0) and will be removed once support for the old RBAC API policies will be removed from Neutron. Please use method 'is_service_role' instead.
2026-04-27 02:38:11.594 9 INFO neutron.db.ovn_revision_numbers_db [None req-0f6c3a99-53d3-46bf-a399-8a26f91a5645 7f32b3f62b5c493c809c6b9a5386e3f9 8aefb44c1b324ed9a4e9ba8168f26158 - - default default] Successfully bumped revision number for resource 73c34ae5-19c4-44da-8e54-f02aefaae00a (type: ports) to 1
2026-04-27 02:38:11.598 10 INFO neutron.api.wsgi [req-67946a86-d4bd-4cc0-a854-ca1bc0f5ac02 req-63533207-bc38-4de4-92b8-93bef560803f 37f19fd8445c47cb81503d90ec0440c5 da0eb1a8f3e249468d4e3060d8862803 - - default default] 10.0.0.238 "GET /v2.0/security-groups/e826e858-90ae-42a5-99ef-baf71c75c278 HTTP/1.1" status: 200 len: 3140 time: 0.0398488
2026-04-27 02:38:11.643 9 WARNING neutron.scheduler.dhcp_agent_scheduler [None req-0f6c3a99-53d3-46bf-a399-8a26f91a5645 7f32b3f62b5c493c809c6b9a5386e3f9 8aefb44c1b324ed9a4e9ba8168f26158 - - default default] No more DHCP agents
2026-04-27 02:38:11.645 9 WARNING neutron.api.rpc.agentnotifiers.dhcp_rpc_agent_api [None req-0f6c3a99-53d3-46bf-a399-8a26f91a5645 7f32b3f62b5c493c809c6b9a5386e3f9 8aefb44c1b324ed9a4e9ba8168f26158 - - default default] Unable to schedule network e9d10daa-94bc-4a1e-9616-f570537eeed4: no agents available; will retry on subsequent port and subnet creation events.
2026-04-27 02:38:11.661 10 INFO neutron.api.wsgi [req-abc53935-495b-4434-9493-b7a6203e0f12 req-8c3a1185-deef-47bc-aae0-8ae9542eaa20 37f19fd8445c47cb81503d90ec0440c5 da0eb1a8f3e249468d4e3060d8862803 - - default default] 10.0.0.238 "GET /v2.0/security-group-rules/2c4c7bf2-f7c3-40ae-b04f-3e88486b2ee0 HTTP/1.1" status: 200 len: 815 time: 0.0392492
2026-04-27 02:38:11.699 10 INFO neutron.api.wsgi [req-abc53935-495b-4434-9493-b7a6203e0f12 req-16f2eeaa-4661-496e-94d4-f58661cb8d7f 37f19fd8445c47cb81503d90ec0440c5 da0eb1a8f3e249468d4e3060d8862803 - - default default] 10.0.0.238 "GET /v2.0/security-groups/e826e858-90ae-42a5-99ef-baf71c75c278 HTTP/1.1" status: 200 len: 3140 time: 0.0338159
2026-04-27 02:38:11.715 10 INFO neutron.db.ovn_revision_numbers_db [None req-c4dde0f1-a588-4baf-afca-2194b8e0a900 - - - - - -] Successfully bumped revision number for resource 20b6220e-02ad-472a-ab05-1951ed8e8406 (type: ports) to 5
2026-04-27 02:38:11.718 9 INFO neutron.db.ovn_revision_numbers_db [req-fe7cf098-d5e4-43e4-a936-d94c9dea05da req-2a102ab0-47c5-409a-81f6-e3f6adce45fa 55d83458d4b14b4d8b1340d5a2e6f83b 7a5dd5a3db764d6997fd32ddc86fd335 - - default default] Successfully bumped revision number for resource 2d03c686-3d2e-415f-89fd-bd7c6fa6db68 (type: security_groups) to 1
2026-04-27 02:38:11.728 10 INFO neutron.api.wsgi [None req-3cba2ed4-d003-4940-9e54-d0e1c1d39998 9d712c95f0d244b0bb962dac5f106d77 c4c3586992c64a1d9d8b94dfb286b466 - - default default] 10.0.0.53 "POST /v2.0/floatingips HTTP/1.1" status: 201 len: 751 time: 0.7685766
2026-04-27 02:38:11.733 9 INFO neutron.db.ovn_revision_numbers_db [req-fe7cf098-d5e4-43e4-a936-d94c9dea05da req-2a102ab0-47c5-409a-81f6-e3f6adce45fa 55d83458d4b14b4d8b1340d5a2e6f83b 7a5dd5a3db764d6997fd32ddc86fd335 - - default default] Successfully bumped revision number for resource 5179704a-97a6-498d-a675-445445343533 (type: security_group_rules) to 0
2026-04-27 02:38:11.747 9 INFO neutron.db.ovn_revision_numbers_db [req-fe7cf098-d5e4-43e4-a936-d94c9dea05da req-2a102ab0-47c5-409a-81f6-e3f6adce45fa 55d83458d4b14b4d8b1340d5a2e6f83b 7a5dd5a3db764d6997fd32ddc86fd335 - - default default] Successfully bumped revision number for resource 77b6dc20-02c8-40af-b0ae-9079e51e7b61 (type: security_group_rules) to 0
2026-04-27 02:38:11.780 9 INFO neutron.api.wsgi [req-fe7cf098-d5e4-43e4-a936-d94c9dea05da req-2a102ab0-47c5-409a-81f6-e3f6adce45fa 55d83458d4b14b4d8b1340d5a2e6f83b 7a5dd5a3db764d6997fd32ddc86fd335 - - default default] 10.0.0.238 "POST /v2.0/security-groups HTTP/1.1" status: 201 len: 1885 time: 0.2259164
2026-04-27 02:38:11.849 9 INFO neutron.api.wsgi [req-8cddeec3-51a9-4836-9945-c6630fcd9957 req-07850b63-c599-4388-a3ba-ccd9015fda9f 55d83458d4b14b4d8b1340d5a2e6f83b 7a5dd5a3db764d6997fd32ddc86fd335 - - default default] 10.0.0.238 "GET /v2.0/security-groups?tenant_id=7a5dd5a3db764d6997fd32ddc86fd335 HTTP/1.1" status: 200 len: 8102 time: 0.0486367
2026-04-27 02:38:11.858 10 INFO neutron.api.wsgi [req-abc53935-495b-4434-9493-b7a6203e0f12 req-047fc766-ef62-49cd-8b85-227308ae59d3 37f19fd8445c47cb81503d90ec0440c5 da0eb1a8f3e249468d4e3060d8862803 - - default default] 10.0.0.238 "DELETE /v2.0/security-group-rules/2c4c7bf2-f7c3-40ae-b04f-3e88486b2ee0 HTTP/1.1" status: 204 len: 173 time: 0.1511865
2026-04-27 02:38:11.886 9 INFO neutron.api.wsgi [req-8cddeec3-51a9-4836-9945-c6630fcd9957 req-c3f8d4a1-9598-4aa0-9ae9-dcd01743394b 55d83458d4b14b4d8b1340d5a2e6f83b 7a5dd5a3db764d6997fd32ddc86fd335 - - default default] 10.0.0.238 "GET /v2.0/security-groups/d8f4c86d-2c74-4652-9297-c976b3618bae HTTP/1.1" status: 200 len: 3118 time: 0.0301120
2026-04-27 02:38:11.895 10 INFO neutron.api.wsgi [req-53be9fda-5e1c-4c1f-9f00-1f2a38ba436b req-dd3244ef-cfc3-48be-9907-c26646b0df4b 37f19fd8445c47cb81503d90ec0440c5 da0eb1a8f3e249468d4e3060d8862803 - - default default] 10.0.0.238 "GET /v2.0/security-groups/e826e858-90ae-42a5-99ef-baf71c75c278 HTTP/1.1" status: 200 len: 2510 time: 0.0222778
2026-04-27 02:38:11.922 9 INFO neutron.api.wsgi [req-8cddeec3-51a9-4836-9945-c6630fcd9957 req-87875ace-ce48-40fa-9347-1e74818a664b 55d83458d4b14b4d8b1340d5a2e6f83b 7a5dd5a3db764d6997fd32ddc86fd335 - - default default] 10.0.0.238 "GET /v2.0/security-groups/d8f4c86d-2c74-4652-9297-c976b3618bae HTTP/1.1" status: 200 len: 3118 time: 0.0299942
2026-04-27 02:38:11.971 9 INFO neutron.api.wsgi [req-71f0d08b-527a-45fb-b568-7c9d9467eb11 req-8e5479da-ff07-4037-9df5-329221a5d8c1 55d83458d4b14b4d8b1340d5a2e6f83b 7a5dd5a3db764d6997fd32ddc86fd335 - - default default] 10.0.0.238 "GET /v2.0/security-groups/eee251b5-42f2-49a2-bbcd-0fc7b3219492 HTTP/1.1" status: 200 len: 1881 time: 0.0265925
2026-04-27 02:38:11.999 10 INFO neutron.api.wsgi [req-53be9fda-5e1c-4c1f-9f00-1f2a38ba436b req-ddae8b35-5994-4bac-b64d-31053a4e49d8 37f19fd8445c47cb81503d90ec0440c5 da0eb1a8f3e249468d4e3060d8862803 - - default default] 10.0.0.238 "DELETE /v2.0/security-groups/e826e858-90ae-42a5-99ef-baf71c75c278 HTTP/1.1" status: 204 len: 173 time: 0.0973122
2026-04-27 02:38:12.043 10 INFO neutron.api.wsgi [req-0e494892-eb51-4312-8f99-087c073b5542 req-5faada8f-a77c-48b7-a5ec-09127f9cc3ac 37f19fd8445c47cb81503d90ec0440c5 da0eb1a8f3e249468d4e3060d8862803 - - default default] 10.0.0.238 "GET /v2.0/security-groups/d72ebcca-457d-49a4-9b18-b1abf15589e6 HTTP/1.1" status: 200 len: 2509 time: 0.0289557
2026-04-27 02:38:12.124 9 INFO neutron.api.wsgi [req-71f0d08b-527a-45fb-b568-7c9d9467eb11 req-4ffd1726-2c97-4823-baa1-c0f11ac6c819 55d83458d4b14b4d8b1340d5a2e6f83b 7a5dd5a3db764d6997fd32ddc86fd335 - - default default] 10.0.0.238 "DELETE /v2.0/security-groups/eee251b5-42f2-49a2-bbcd-0fc7b3219492 HTTP/1.1" status: 204 len: 173 time: 0.1405251
2026-04-27 02:38:12.242 9 INFO neutron.api.wsgi [req-b1cf2bea-5604-4ce2-a754-1c55fac8b9f1 req-eac87122-cf15-4aca-8983-5fdebbf7be8a 9d712c95f0d244b0bb962dac5f106d77 c4c3586992c64a1d9d8b94dfb286b466 - - default default] 10.0.0.238 "GET /v2.0/security-groups?name=tempest-securitygroup--511126374&fields=id&tenant_id=c4c3586992c64a1d9d8b94dfb286b466 HTTP/1.1" status: 200 len: 267 time: 0.0478806
2026-04-27 02:38:12.267 10 INFO neutron.api.wsgi [req-0e494892-eb51-4312-8f99-087c073b5542 req-dbfdc6b1-e7c5-4841-a435-c201b42033f6 37f19fd8445c47cb81503d90ec0440c5 da0eb1a8f3e249468d4e3060d8862803 - - default default] 10.0.0.238 "DELETE /v2.0/security-groups/d72ebcca-457d-49a4-9b18-b1abf15589e6 HTTP/1.1" status: 204 len: 173 time: 0.2163634
2026-04-27 02:38:12.298 10 INFO neutron.api.v2.resource [req-47373622-a118-46b7-a99d-fb7331cbbebd req-09e26b20-086f-4117-8a78-87d6241c369c 55d83458d4b14b4d8b1340d5a2e6f83b 7a5dd5a3db764d6997fd32ddc86fd335 - - default default] show failed (client error): The resource could not be found.
2026-04-27 02:38:12.299 9 INFO neutron.api.wsgi [req-b1cf2bea-5604-4ce2-a754-1c55fac8b9f1 req-fcd3ab38-0561-4981-b03b-70534b5af389 9d712c95f0d244b0bb962dac5f106d77 c4c3586992c64a1d9d8b94dfb286b466 - - default default] 10.0.0.238 "GET /v2.0/networks?id=c19f1f56-7f66-4980-8b8d-3be1cee6e44f HTTP/1.1" status: 200 len: 883 time: 0.0504472
2026-04-27 02:38:12.299 10 INFO neutron.api.wsgi [req-47373622-a118-46b7-a99d-fb7331cbbebd req-09e26b20-086f-4117-8a78-87d6241c369c 55d83458d4b14b4d8b1340d5a2e6f83b 7a5dd5a3db764d6997fd32ddc86fd335 - - default default] 10.0.0.238 "GET /v2.0/security-groups/eee251b5-42f2-49a2-bbcd-0fc7b3219492 HTTP/1.1" status: 404 len: 352 time: 0.0184934
2026-04-27 02:38:12.317 9 INFO neutron.api.wsgi [req-b1cf2bea-5604-4ce2-a754-1c55fac8b9f1 req-268ae664-6518-4621-84d2-45e201ef0ce9 9d712c95f0d244b0bb962dac5f106d77 c4c3586992c64a1d9d8b94dfb286b466 - - default default] 10.0.0.238 "GET /v2.0/quotas/c4c3586992c64a1d9d8b94dfb286b466 HTTP/1.1" status: 200 len: 491 time: 0.0109241
2026-04-27 02:38:12.338 10 INFO neutron.api.wsgi [req-4d6d0b4e-b0ce-4967-9515-d5cc5c44a9af req-dbd7634c-79b4-4309-8c10-707bf141b555 55d83458d4b14b4d8b1340d5a2e6f83b 7a5dd5a3db764d6997fd32ddc86fd335 - - default default] 10.0.0.238 "GET /v2.0/security-groups/cb4231f4-f640-4fd7-aa08-6ff6e2eabd74 HTTP/1.1" status: 200 len: 1880 time: 0.0215242
2026-04-27 02:38:12.582 10 INFO neutron.api.wsgi [req-4d6d0b4e-b0ce-4967-9515-d5cc5c44a9af req-ff980fff-6205-4e74-bccd-6c69419e0b2a 55d83458d4b14b4d8b1340d5a2e6f83b 7a5dd5a3db764d6997fd32ddc86fd335 - - default default] 10.0.0.238 "DELETE /v2.0/security-groups/cb4231f4-f640-4fd7-aa08-6ff6e2eabd74 HTTP/1.1" status: 204 len: 173 time: 0.2370400
2026-04-27 02:38:12.607 9 INFO neutron.plugins.ml2.drivers.ovn.mech_driver.mech_driver [None req-94a7ece8-71ee-48f9-9c8e-217a8825068f - - - - - -] OVN reports status up for port: 73c34ae5-19c4-44da-8e54-f02aefaae00a
2026-04-27 02:38:12.615 10 INFO neutron.api.v2.resource [req-1ad4510a-87dc-4324-b9ad-748d73813b7c req-0e6dbe11-8729-492c-9a36-ba8becaf0527 55d83458d4b14b4d8b1340d5a2e6f83b 7a5dd5a3db764d6997fd32ddc86fd335 - - default default] show failed (client error): The resource could not be found.
2026-04-27 02:38:12.616 10 INFO neutron.api.wsgi [req-1ad4510a-87dc-4324-b9ad-748d73813b7c req-0e6dbe11-8729-492c-9a36-ba8becaf0527 55d83458d4b14b4d8b1340d5a2e6f83b 7a5dd5a3db764d6997fd32ddc86fd335 - - default default] 10.0.0.238 "GET /v2.0/security-groups/cb4231f4-f640-4fd7-aa08-6ff6e2eabd74 HTTP/1.1" status: 404 len: 352 time: 0.0177891
2026-04-27 02:38:12.622 9 INFO neutron.api.wsgi [req-b1cf2bea-5604-4ce2-a754-1c55fac8b9f1 req-cd6d5f39-37fd-4939-9a2c-e6e8c1459cd7 9d712c95f0d244b0bb962dac5f106d77 c4c3586992c64a1d9d8b94dfb286b466 - - default default] 10.0.0.238 "GET /v2.0/ports?tenant_id=c4c3586992c64a1d9d8b94dfb286b466&fields=id HTTP/1.1" status: 200 len: 302 time: 0.2936249
2026-04-27 02:38:12.629 9 INFO neutron.plugins.ml2.plugin [None req-94a7ece8-71ee-48f9-9c8e-217a8825068f - - - - - -] Attempt 1 to provision port 73c34ae5-19c4-44da-8e54-f02aefaae00a
2026-04-27 02:38:12.649 9 INFO neutron.db.ovn_revision_numbers_db [None req-0f6c3a99-53d3-46bf-a399-8a26f91a5645 7f32b3f62b5c493c809c6b9a5386e3f9 8aefb44c1b324ed9a4e9ba8168f26158 - - default default] Successfully bumped revision number for resource 73c34ae5-19c4-44da-8e54-f02aefaae00a (type: router_ports) to 1
2026-04-27 02:38:12.653 9 INFO neutron.api.wsgi [None req-0f6c3a99-53d3-46bf-a399-8a26f91a5645 7f32b3f62b5c493c809c6b9a5386e3f9 8aefb44c1b324ed9a4e9ba8168f26158 - - default default] 10.0.0.53 "PUT /v2.0/routers/8194bfb6-3794-4677-a68b-5925217418fa/add_router_interface HTTP/1.1" status: 200 len: 503 time: 2.3418491
2026-04-27 02:38:12.663 10 INFO neutron.api.wsgi [req-2ecc49a1-535e-4c68-ac44-8775c354d4e8 req-273787d0-6941-40ce-b82b-085a4a5ec88f 55d83458d4b14b4d8b1340d5a2e6f83b 7a5dd5a3db764d6997fd32ddc86fd335 - - default default] 10.0.0.238 "GET /v2.0/security-groups/2d03c686-3d2e-415f-89fd-bd7c6fa6db68 HTTP/1.1" status: 200 len: 1880 time: 0.0289655
2026-04-27 02:38:12.821 10 INFO neutron.api.wsgi [req-2ecc49a1-535e-4c68-ac44-8775c354d4e8 req-55c5593c-bb3b-439f-9087-93e11822538d 55d83458d4b14b4d8b1340d5a2e6f83b 7a5dd5a3db764d6997fd32ddc86fd335 - - default default] 10.0.0.238 "DELETE /v2.0/security-groups/2d03c686-3d2e-415f-89fd-bd7c6fa6db68 HTTP/1.1" status: 204 len: 173 time: 0.1509595
2026-04-27 02:38:12.857 10 INFO neutron.api.v2.resource [req-47377c8c-9a83-412d-83e6-5972da64da56 req-1b625671-2009-44ff-adfd-d8154a07acb5 55d83458d4b14b4d8b1340d5a2e6f83b 7a5dd5a3db764d6997fd32ddc86fd335 - - default default] show failed (client error): The resource could not be found.
2026-04-27 02:38:12.858 10 INFO neutron.api.wsgi [req-47377c8c-9a83-412d-83e6-5972da64da56 req-1b625671-2009-44ff-adfd-d8154a07acb5 55d83458d4b14b4d8b1340d5a2e6f83b 7a5dd5a3db764d6997fd32ddc86fd335 - - default default] 10.0.0.238 "GET /v2.0/security-groups/2d03c686-3d2e-415f-89fd-bd7c6fa6db68 HTTP/1.1" status: 404 len: 352 time: 0.0179691
2026-04-27 02:38:12.934 10 INFO neutron.api.wsgi [req-96644e51-08c2-431b-92e3-bd42897f0618 req-4fc5b21e-6968-44c5-badc-a0fa07b0664a 55d83458d4b14b4d8b1340d5a2e6f83b 7a5dd5a3db764d6997fd32ddc86fd335 - - default default] 10.0.0.238 "GET /v2.0/security-groups?tenant_id=7a5dd5a3db764d6997fd32ddc86fd335 HTTP/1.1" status: 200 len: 3121 time: 0.0570979
2026-04-27 02:38:12.982 10 INFO neutron.api.wsgi [req-96644e51-08c2-431b-92e3-bd42897f0618 req-f697a505-381a-4a31-bcbc-3b3e66be09c2 55d83458d4b14b4d8b1340d5a2e6f83b 7a5dd5a3db764d6997fd32ddc86fd335 - - default default] 10.0.0.238 "GET /v2.0/security-groups/d8f4c86d-2c74-4652-9297-c976b3618bae HTTP/1.1" status: 200 len: 3118 time: 0.0335612
2026-04-27 02:38:13.002 9 INFO neutron.api.wsgi [req-b1cf2bea-5604-4ce2-a754-1c55fac8b9f1 req-26b51c26-2b69-4d49-91e9-cb804be9d5b0 5a7c2656d7f54c2684277aed0928d538 c7c05e34570848eda1ce4810e237543e - - c8fc793b48bf4dfa8cefb7924173bcf9 c8fc793b48bf4dfa8cefb7924173bcf9] 10.0.0.238 "GET /v2.0/extensions HTTP/1.1" status: 200 len: 19298 time: 0.0445063
2026-04-27 02:38:13.018 10 INFO neutron.api.wsgi [req-96644e51-08c2-431b-92e3-bd42897f0618 req-463c9675-9095-4ed0-afe8-c159d29946e6 55d83458d4b14b4d8b1340d5a2e6f83b 7a5dd5a3db764d6997fd32ddc86fd335 - - default default] 10.0.0.238 "GET /v2.0/security-groups/d8f4c86d-2c74-4652-9297-c976b3618bae HTTP/1.1" status: 200 len: 3118 time: 0.0297582
2026-04-27 02:38:13.048 9 INFO neutron.db.ovn_revision_numbers_db [None req-94a7ece8-71ee-48f9-9c8e-217a8825068f - - - - - -] Successfully bumped revision number for resource 73c34ae5-19c4-44da-8e54-f02aefaae00a (type: ports) to 2
2026-04-27 02:38:13.053 9 INFO neutron.api.wsgi [req-b1cf2bea-5604-4ce2-a754-1c55fac8b9f1 req-af9000ff-ce61-4f36-8c16-b7dd03325835 5a7c2656d7f54c2684277aed0928d538 c7c05e34570848eda1ce4810e237543e - - c8fc793b48bf4dfa8cefb7924173bcf9 c8fc793b48bf4dfa8cefb7924173bcf9] 10.0.0.238 "GET /v2.0/networks/c19f1f56-7f66-4980-8b8d-3be1cee6e44f?fields=segments HTTP/1.1" status: 200 len: 212 time: 0.0419559
2026-04-27 02:38:13.072 10 INFO neutron.api.v2.resource [req-ca1dd362-f9b9-42d1-945b-885e7d15898f req-f36cbc26-12aa-458a-abe7-1a3b3bda005f 55d83458d4b14b4d8b1340d5a2e6f83b 7a5dd5a3db764d6997fd32ddc86fd335 - - default default] show failed (client error): The resource could not be found.
2026-04-27 02:38:13.072 10 INFO neutron.api.wsgi [req-ca1dd362-f9b9-42d1-945b-885e7d15898f req-f36cbc26-12aa-458a-abe7-1a3b3bda005f 55d83458d4b14b4d8b1340d5a2e6f83b 7a5dd5a3db764d6997fd32ddc86fd335 - - default default] 10.0.0.238 "GET /v2.0/security-groups/2d03c686-3d2e-415f-89fd-bd7c6fa6db68 HTTP/1.1" status: 404 len: 352 time: 0.0217671
2026-04-27 02:38:13.108 9 INFO neutron.api.wsgi [req-b1cf2bea-5604-4ce2-a754-1c55fac8b9f1 req-7e74d815-3ac2-47ce-b7ea-f771c41bd482 5a7c2656d7f54c2684277aed0928d538 c7c05e34570848eda1ce4810e237543e - - c8fc793b48bf4dfa8cefb7924173bcf9 c8fc793b48bf4dfa8cefb7924173bcf9] 10.0.0.238 "GET /v2.0/networks/c19f1f56-7f66-4980-8b8d-3be1cee6e44f?fields=provider%3Aphysical_network&fields=provider%3Anetwork_type HTTP/1.1" status: 200 len: 277 time: 0.0488276
2026-04-27 02:38:13.164 9 WARNING neutron_lib.context [None req-c6038eae-7fd8-4f50-8dda-6b9119f73164 63db75011e6f49f78e215e458c0a5fe9 e9042a825b004e53909fa078a5b7112f - - default default] Method 'is_advsvc' is deprecated since 2023.2 release (neutron-lib 3.8.0) and will be removed once support for the old RBAC API policies will be removed from Neutron. Please use method 'is_service_role' instead.
2026-04-27 02:38:13.169 10 INFO neutron.api.v2.resource [req-36b1adbd-b3d4-4cce-8585-57d8b16ff2c5 req-16ce1cce-8f71-495b-829f-c7e2d4fbd1ad 55d83458d4b14b4d8b1340d5a2e6f83b 7a5dd5a3db764d6997fd32ddc86fd335 - - default default] show failed (client error): The resource could not be found.
2026-04-27 02:38:13.170 10 INFO neutron.api.wsgi [req-36b1adbd-b3d4-4cce-8585-57d8b16ff2c5 req-16ce1cce-8f71-495b-829f-c7e2d4fbd1ad 55d83458d4b14b4d8b1340d5a2e6f83b 7a5dd5a3db764d6997fd32ddc86fd335 - - default default] 10.0.0.238 "GET /v2.0/security-groups/cb4231f4-f640-4fd7-aa08-6ff6e2eabd74 HTTP/1.1" status: 404 len: 352 time: 0.0119026
2026-04-27 02:38:13.210 10 INFO neutron.api.v2.resource [req-1e3dffab-beec-44fc-93d9-3d81367bd23c req-49b41822-d082-4afe-8f6b-939fab4cc126 55d83458d4b14b4d8b1340d5a2e6f83b 7a5dd5a3db764d6997fd32ddc86fd335 - - default default] show failed (client error): The resource could not be found.
2026-04-27 02:38:13.211 10 INFO neutron.api.wsgi [req-1e3dffab-beec-44fc-93d9-3d81367bd23c req-49b41822-d082-4afe-8f6b-939fab4cc126 55d83458d4b14b4d8b1340d5a2e6f83b 7a5dd5a3db764d6997fd32ddc86fd335 - - default default] 10.0.0.238 "GET /v2.0/security-groups/eee251b5-42f2-49a2-bbcd-0fc7b3219492 HTTP/1.1" status: 404 len: 352 time: 0.0140107
2026-04-27 02:38:13.334 10 INFO neutron.api.wsgi [req-a72005a1-f3d4-4337-8e09-54d9dd28d1fb req-97bfff35-57d0-41e3-addb-60972ef349bc 9d712c95f0d244b0bb962dac5f106d77 c4c3586992c64a1d9d8b94dfb286b466 - - default default] 10.0.0.238 "GET /v2.0/ports?device_id=90eedb65-47f3-4cb9-91b2-bb6413b2f8b5 HTTP/1.1" status: 200 len: 210 time: 0.0345891
2026-04-27 02:38:13.369 9 INFO neutron.db.ovn_revision_numbers_db [None req-c6038eae-7fd8-4f50-8dda-6b9119f73164 63db75011e6f49f78e215e458c0a5fe9 e9042a825b004e53909fa078a5b7112f - - default default] Successfully bumped revision number for resource d47404e0-bafb-4b9a-b7a7-86dc2ac97ddf (type: security_groups) to 1
2026-04-27 02:38:13.407 9 INFO neutron.db.ovn_revision_numbers_db [None req-c6038eae-7fd8-4f50-8dda-6b9119f73164 63db75011e6f49f78e215e458c0a5fe9 e9042a825b004e53909fa078a5b7112f - - default default] Successfully bumped revision number for resource 88e98a0d-c949-4149-87c1-c1e9b9bfb6ab (type: security_group_rules) to 0
2026-04-27 02:38:13.427 9 INFO neutron.db.ovn_revision_numbers_db [None req-c6038eae-7fd8-4f50-8dda-6b9119f73164 63db75011e6f49f78e215e458c0a5fe9 e9042a825b004e53909fa078a5b7112f - - default default] Successfully bumped revision number for resource c633ec45-c48b-4115-b99f-a3e4690b4f43 (type: security_group_rules) to 0
2026-04-27 02:38:13.516 9 INFO neutron.api.wsgi [None req-c6038eae-7fd8-4f50-8dda-6b9119f73164 63db75011e6f49f78e215e458c0a5fe9 e9042a825b004e53909fa078a5b7112f - - default default] 10.0.0.53 "POST /v2.0/security-groups HTTP/1.1" status: 201 len: 1860 time: 0.3590102
2026-04-27 02:38:13.526 9 WARNING neutron_lib.context [None req-3037adbf-3aa3-45d5-84ac-a9032a354809 63db75011e6f49f78e215e458c0a5fe9 e9042a825b004e53909fa078a5b7112f - - default default] Method 'is_advsvc' is deprecated since 2023.2 release (neutron-lib 3.8.0) and will be removed once support for the old RBAC API policies will be removed from Neutron. Please use method 'is_service_role' instead.
2026-04-27 02:38:13.673 9 INFO neutron.db.ovn_revision_numbers_db [None req-3037adbf-3aa3-45d5-84ac-a9032a354809 63db75011e6f49f78e215e458c0a5fe9 e9042a825b004e53909fa078a5b7112f - - default default] Successfully bumped revision number for resource 553dea4e-bb21-42ac-b873-051dc4bc0b74 (type: security_group_rules) to 0
2026-04-27 02:38:13.739 9 INFO neutron.api.wsgi [None req-3037adbf-3aa3-45d5-84ac-a9032a354809 63db75011e6f49f78e215e458c0a5fe9 e9042a825b004e53909fa078a5b7112f - - default default] 10.0.0.53 "POST /v2.0/security-group-rules HTTP/1.1" status: 201 len: 796 time: 0.2169354
2026-04-27 02:38:13.754 9 WARNING neutron_lib.context [None req-4b96bbcc-cba8-493d-adcd-de4994ad51a7 63db75011e6f49f78e215e458c0a5fe9 e9042a825b004e53909fa078a5b7112f - - default default] Method 'is_advsvc' is deprecated since 2023.2 release (neutron-lib 3.8.0) and will be removed once support for the old RBAC API policies will be removed from Neutron. Please use method 'is_service_role' instead.
2026-04-27 02:38:13.786 10 INFO neutron.api.wsgi [None req-e10cc47a-d51f-43b4-b589-e1df28975324 7f32b3f62b5c493c809c6b9a5386e3f9 8aefb44c1b324ed9a4e9ba8168f26158 - - default default] 10.0.0.53 "PUT /v2.0/routers/3baf4225-17e0-4aa1-be87-fa74f23d5fb8/remove_router_interface HTTP/1.1" status: 200 len: 503 time: 1.5110865 /var/lib/openstack/lib/python3.12/site-packages/pycadf/identifier.py:71: UserWarning: Invalid uuid: neutron. To ensure interoperability, identifiers should be a valid uuid. warnings.warn(('Invalid uuid: %s. To ensure interoperability, '
2026-04-27 02:38:13.896 9 INFO neutron.db.ovn_revision_numbers_db [None req-4b96bbcc-cba8-493d-adcd-de4994ad51a7 63db75011e6f49f78e215e458c0a5fe9 e9042a825b004e53909fa078a5b7112f - - default default] Successfully bumped revision number for resource 4208a860-a3f3-4885-a39d-3d15d77f01c7 (type: security_group_rules) to 0
2026-04-27 02:38:13.939 9 INFO neutron.api.wsgi [None req-4b96bbcc-cba8-493d-adcd-de4994ad51a7 63db75011e6f49f78e215e458c0a5fe9 e9042a825b004e53909fa078a5b7112f - - default default] 10.0.0.53 "POST /v2.0/security-group-rules HTTP/1.1" status: 201 len: 801 time: 0.1919792
2026-04-27 02:38:13.949 9 WARNING neutron_lib.context [None req-691d3d1f-d1a8-4f43-a130-56238d2e6e08 63db75011e6f49f78e215e458c0a5fe9 e9042a825b004e53909fa078a5b7112f - - default default] Method 'is_advsvc' is deprecated since 2023.2 release (neutron-lib 3.8.0) and will be removed once support for the old RBAC API policies will be removed from Neutron. Please use method 'is_service_role' instead.
2026-04-27 02:38:14.215 9 WARNING neutron.scheduler.dhcp_agent_scheduler [None req-691d3d1f-d1a8-4f43-a130-56238d2e6e08 63db75011e6f49f78e215e458c0a5fe9 e9042a825b004e53909fa078a5b7112f - - default default] No more DHCP agents
2026-04-27 02:38:14.217 9 WARNING neutron.api.rpc.agentnotifiers.dhcp_rpc_agent_api [None req-691d3d1f-d1a8-4f43-a130-56238d2e6e08 63db75011e6f49f78e215e458c0a5fe9 e9042a825b004e53909fa078a5b7112f - - default default] Unable to schedule network 5233397d-df95-4eb1-8dd1-b658b437e299: no agents available; will retry on subsequent port and subnet creation events.
2026-04-27 02:38:14.491 9 INFO neutron.api.wsgi [req-3407d1e8-1c5b-41eb-a078-8c0eb080ac43 req-adf29784-a190-4276-b6eb-066413e0c812 9d712c95f0d244b0bb962dac5f106d77 c4c3586992c64a1d9d8b94dfb286b466 - - default default] 10.0.0.238 "GET /v2.0/ports?device_id=90eedb65-47f3-4cb9-91b2-bb6413b2f8b5 HTTP/1.1" status: 200 len: 210 time: 0.0312803
2026-04-27 02:38:14.642 10 INFO neutron.api.wsgi [None req-953a7090-391e-463e-a66b-6a2806f59696 7f32b3f62b5c493c809c6b9a5386e3f9 8aefb44c1b324ed9a4e9ba8168f26158 - - default default] 10.0.0.53 "DELETE /v2.0/routers/3baf4225-17e0-4aa1-be87-fa74f23d5fb8 HTTP/1.1" status: 204 len: 168 time: 0.8511524
2026-04-27 02:38:14.715 9 INFO neutron.api.wsgi [None req-691d3d1f-d1a8-4f43-a130-56238d2e6e08 63db75011e6f49f78e215e458c0a5fe9 e9042a825b004e53909fa078a5b7112f - - default default] 10.0.0.53 "POST /v2.0/floatingips HTTP/1.1" status: 201 len: 751 time: 0.7696931
2026-04-27 02:38:14.790 9 INFO neutron.api.wsgi [None req-6187a529-ffb4-4e3f-9c5c-b2e859a71fda 7f32b3f62b5c493c809c6b9a5386e3f9 8aefb44c1b324ed9a4e9ba8168f26158 - - default default] 10.0.0.53 "PUT /v2.0/routers/f02d540b-bd71-44fc-b001-8d2aec132c49/remove_router_interface HTTP/1.1" status: 200 len: 503 time: 1.5586998
2026-04-27 02:38:14.897 9 INFO neutron.api.wsgi [None req-ac4d4472-8240-4f7b-835f-aa2e1c059f42 7f32b3f62b5c493c809c6b9a5386e3f9 8aefb44c1b324ed9a4e9ba8168f26158 - - default default] 10.0.0.53 "DELETE /v2.0/subnets/7ffd5c79-c93e-42fb-bc7d-228d6c6bb3f9 HTTP/1.1" status: 204 len: 168 time: 0.2424142 /var/lib/openstack/lib/python3.12/site-packages/pycadf/identifier.py:71: UserWarning: Invalid uuid: neutron. To ensure interoperability, identifiers should be a valid uuid. warnings.warn(('Invalid uuid: %s. To ensure interoperability, '
2026-04-27 02:38:14.956 10 WARNING neutron.plugins.ml2.drivers.ovn.mech_driver.ovsdb.ovn_client [None req-9eeed70a-b024-44cf-b7c7-c13e52539d0b - - - - - -] No hosting information found for port b60cf7a3-d920-47c1-8bc3-469e2f0f2c1c: RuntimeError: No hosting information found for port b60cf7a3-d920-47c1-8bc3-469e2f0f2c1c
2026-04-27 02:38:14.957 10 INFO neutron.plugins.ml2.drivers.ovn.mech_driver.mech_driver [None req-9eeed70a-b024-44cf-b7c7-c13e52539d0b - - - - - -] OVN reports status up for port: b68ccd69-5df6-4436-9ca0-101191a69c05
2026-04-27 02:38:14.975 10 INFO neutron.plugins.ml2.drivers.ovn.mech_driver.mech_driver [None req-9eeed70a-b024-44cf-b7c7-c13e52539d0b - - - - - -] OVN reports status up for port: 67bb366b-4ac6-4ad9-932b-5ab3171542e4
2026-04-27 02:38:15.093 10 INFO neutron.db.ovn_revision_numbers_db [None req-9eeed70a-b024-44cf-b7c7-c13e52539d0b - - - - - -] Successfully bumped revision number for resource b60cf7a3-d920-47c1-8bc3-469e2f0f2c1c (type: router_ports) to 2
2026-04-27 02:38:15.180 10 INFO neutron.api.wsgi [req-4e68be95-5754-40a6-86e5-f54920a2a217 req-d0405180-f0f2-46c6-9129-ce295d9a1ed1 63db75011e6f49f78e215e458c0a5fe9 e9042a825b004e53909fa078a5b7112f - - default default] 10.0.0.238 "GET /v2.0/security-groups?name=tempest-securitygroup--1693705600&fields=id&tenant_id=e9042a825b004e53909fa078a5b7112f HTTP/1.1" status: 200 len: 267 time: 0.0489039
2026-04-27 02:38:15.252 10 INFO neutron.api.wsgi [req-4e68be95-5754-40a6-86e5-f54920a2a217 req-45ef6473-01f9-4ba5-b09f-30c1291e5db9 63db75011e6f49f78e215e458c0a5fe9 e9042a825b004e53909fa078a5b7112f - - default default] 10.0.0.238 "GET /v2.0/networks?id=e9d10daa-94bc-4a1e-9616-f570537eeed4 HTTP/1.1" status: 200 len: 875 time: 0.0649586
2026-04-27 02:38:15.271 10 INFO neutron.api.wsgi [req-4e68be95-5754-40a6-86e5-f54920a2a217 req-0657576a-0ab1-4262-a4f8-e8bfbb311ed1 63db75011e6f49f78e215e458c0a5fe9 e9042a825b004e53909fa078a5b7112f - - default default] 10.0.0.238 "GET /v2.0/quotas/e9042a825b004e53909fa078a5b7112f HTTP/1.1" status: 200 len: 491 time: 0.0107100
2026-04-27 02:38:15.281 9 INFO neutron.api.wsgi [None req-3672d082-4462-4f00-9f89-0155da44da24 7f32b3f62b5c493c809c6b9a5386e3f9 8aefb44c1b324ed9a4e9ba8168f26158 - - default default] 10.0.0.53 "DELETE /v2.0/networks/eb95473d-7795-4c28-96f0-1d1e53bf0dc9 HTTP/1.1" status: 204 len: 168 time: 0.3795698
2026-04-27 02:38:15.436 10 INFO neutron.api.wsgi [req-4e68be95-5754-40a6-86e5-f54920a2a217 req-c51dd298-ebbc-4249-8de1-418057925bb2 63db75011e6f49f78e215e458c0a5fe9 e9042a825b004e53909fa078a5b7112f - - default default] 10.0.0.238 "GET /v2.0/ports?tenant_id=e9042a825b004e53909fa078a5b7112f&fields=id HTTP/1.1" status: 200 len: 302 time: 0.1582713
2026-04-27 02:38:15.604 9 INFO neutron.api.wsgi [req-f1ad2812-1648-4291-bc6a-45b5ea40bd69 req-7f355a6f-2d12-466c-820a-c32774c973f4 9d712c95f0d244b0bb962dac5f106d77 c4c3586992c64a1d9d8b94dfb286b466 - - default default] 10.0.0.238 "GET /v2.0/ports?device_id=90eedb65-47f3-4cb9-91b2-bb6413b2f8b5 HTTP/1.1" status: 200 len: 210 time: 0.0228670
2026-04-27 02:38:15.610 9 INFO neutron.services.segments.plugin [-] Segment 8de991a6-226f-47ee-9806-309491101bae resource provider aggregate not found
2026-04-27 02:38:15.629 9 INFO neutron.services.segments.plugin [-] Segment 8de991a6-226f-47ee-9806-309491101bae resource provider not found; error: Placement Client Error (4xx): {"errors": [{"status": 404, "title": "Not Found", "detail": "The resource could not be found.\n\n No resource provider with uuid 8de991a6-226f-47ee-9806-309491101bae found for delete ", "request_id": "req-b1858cab-f1e1-4095-b50e-6632cc333319"}]}
2026-04-27 02:38:15.637 9 INFO neutron.services.segments.plugin [-] Segment 8de991a6-226f-47ee-9806-309491101bae resource provider aggregate not found
