2026-04-27 02:41:57.910 9 INFO neutron.api.wsgi [None req-841e7f87-34de-407b-a68c-697f8e17f0c5 7f32b3f62b5c493c809c6b9a5386e3f9 8aefb44c1b324ed9a4e9ba8168f26158 - - default default] 10.0.0.53 "GET /v2.0/security-groups?tenant_id=46cde5c4f50449f49921c22f9bccd3f9&name=default HTTP/1.1" status: 200 len: 3120 time: 0.2560153
2026-04-27 02:41:58.008 10 INFO neutron.api.wsgi [req-88f58033-4e35-4b7d-8e48-a852bc44f62f req-c5f6f192-28bb-495d-b354-73faad79e23a c4a985e7802a4295997fbec356f446fb db86ffadced8488389308508b6dd26dd - - default default] 10.0.0.238 "GET /v2.0/ports?device_id=52a79392-5c40-4e89-bb75-869281491bbc HTTP/1.1" status: 200 len: 210 time: 0.0181870
2026-04-27 02:41:58.148 9 INFO neutron.api.wsgi [None req-493e6bb8-c4c0-42cf-bb71-9cde1e8b2599 7f32b3f62b5c493c809c6b9a5386e3f9 8aefb44c1b324ed9a4e9ba8168f26158 - - default default] 10.0.0.53 "DELETE /v2.0/security-groups/e0ab4bba-5938-4893-bb82-6d44215e9a9f HTTP/1.1" status: 204 len: 168 time: 0.2325685
2026-04-27 02:41:58.658 9 INFO neutron.api.wsgi [req-8607341f-9bab-4c42-82e7-4ebd39cebca4 req-4bfabf12-4ce0-409f-a208-683a8d2798f1 5a7c2656d7f54c2684277aed0928d538 c7c05e34570848eda1ce4810e237543e - - c8fc793b48bf4dfa8cefb7924173bcf9 c8fc793b48bf4dfa8cefb7924173bcf9] 199.204.45.115 "GET /v2.0/ports?device_id=87a1fee4-6c28-4df7-8441-b0decff7994c&fields=binding%3Ahost_id&fields=binding%3Avif_type HTTP/1.1" status: 200 len: 265 time: 0.0473368
2026-04-27 02:41:59.086 9 INFO neutron.api.wsgi [req-4d87cfa9-2604-47d5-a23c-25fde4ffaa04 req-9c29df7d-8a6e-44a8-bc6c-d798f08e3d78 c4a985e7802a4295997fbec356f446fb db86ffadced8488389308508b6dd26dd - - default default] 10.0.0.238 "GET /v2.0/ports?device_id=52a79392-5c40-4e89-bb75-869281491bbc HTTP/1.1" status: 200 len: 210 time: 0.0218384
2026-04-27 02:41:59.708 9 INFO neutron.api.wsgi [req-8607341f-9bab-4c42-82e7-4ebd39cebca4 req-d94fa080-6f0e-4b8e-be7f-881361fee7cf 5a7c2656d7f54c2684277aed0928d538 c7c05e34570848eda1ce4810e237543e - - c8fc793b48bf4dfa8cefb7924173bcf9 c8fc793b48bf4dfa8cefb7924173bcf9] 199.204.45.115 "GET /v2.0/ports?tenant_id=db86ffadced8488389308508b6dd26dd&device_id=87a1fee4-6c28-4df7-8441-b0decff7994c HTTP/1.1" status: 200 len: 1413 time: 0.0347688
2026-04-27 02:42:00.168 10 INFO neutron.api.wsgi [req-aaa58e1e-d2ba-4fee-84d2-bdbca7874646 req-c56fe9f8-e6cc-4aae-a94d-d921c7f22d69 c4a985e7802a4295997fbec356f446fb db86ffadced8488389308508b6dd26dd - - default default] 10.0.0.238 "GET /v2.0/ports?device_id=52a79392-5c40-4e89-bb75-869281491bbc HTTP/1.1" status: 200 len: 210 time: 0.0210450
2026-04-27 02:42:00.314 9 INFO neutron.api.wsgi [req-8607341f-9bab-4c42-82e7-4ebd39cebca4 req-4065a4b6-9540-446c-8444-0a8bb422ffbd 5a7c2656d7f54c2684277aed0928d538 c7c05e34570848eda1ce4810e237543e - - c8fc793b48bf4dfa8cefb7924173bcf9 c8fc793b48bf4dfa8cefb7924173bcf9] 199.204.45.115 "GET /v2.0/networks?id=b27de2cf-adec-40d1-963c-3adc262e64e5 HTTP/1.1" status: 200 len: 958 time: 0.0933537
2026-04-27 02:42:00.341 9 INFO neutron.api.wsgi [req-8607341f-9bab-4c42-82e7-4ebd39cebca4 req-5d9b6efd-566d-4a67-905e-d9b45dd9ae1a 5a7c2656d7f54c2684277aed0928d538 c7c05e34570848eda1ce4810e237543e - - c8fc793b48bf4dfa8cefb7924173bcf9 c8fc793b48bf4dfa8cefb7924173bcf9] 199.204.45.115 "GET /v2.0/floatingips?fixed_ip_address=10.100.0.13&port_id=749ff1b7-cfea-4747-907d-4e50412f830b HTTP/1.1" status: 200 len: 217 time: 0.0203946
2026-04-27 02:42:00.374 9 INFO neutron.api.wsgi [req-8607341f-9bab-4c42-82e7-4ebd39cebca4 req-dfcc0c5b-fa88-4d45-9e79-4831fd4c0ce3 5a7c2656d7f54c2684277aed0928d538 c7c05e34570848eda1ce4810e237543e - - c8fc793b48bf4dfa8cefb7924173bcf9 c8fc793b48bf4dfa8cefb7924173bcf9] 199.204.45.115 "GET /v2.0/subnets?id=eeab729d-0818-4139-8123-c64f75e1e6ed HTTP/1.1" status: 200 len: 876 time: 0.0265234
2026-04-27 02:42:00.403 9 INFO neutron.api.wsgi [req-8607341f-9bab-4c42-82e7-4ebd39cebca4 req-17a8f87a-1a0d-40eb-a5bd-7b1f7a66337f 5a7c2656d7f54c2684277aed0928d538 c7c05e34570848eda1ce4810e237543e - - c8fc793b48bf4dfa8cefb7924173bcf9 c8fc793b48bf4dfa8cefb7924173bcf9] 199.204.45.115 "GET /v2.0/ports?network_id=b27de2cf-adec-40d1-963c-3adc262e64e5&device_owner=network%3Adhcp HTTP/1.1" status: 200 len: 210 time: 0.0245214
2026-04-27 02:42:00.462 9 INFO neutron.api.wsgi [req-8607341f-9bab-4c42-82e7-4ebd39cebca4 req-a0ca978f-b3a3-4dfa-a6d2-da9e10d7c167 5a7c2656d7f54c2684277aed0928d538 c7c05e34570848eda1ce4810e237543e - - c8fc793b48bf4dfa8cefb7924173bcf9 c8fc793b48bf4dfa8cefb7924173bcf9] 199.204.45.115 "GET /v2.0/networks/b27de2cf-adec-40d1-963c-3adc262e64e5?fields=segments HTTP/1.1" status: 200 len: 212 time: 0.0530305
2026-04-27 02:42:00.510 9 INFO neutron.api.wsgi [req-8607341f-9bab-4c42-82e7-4ebd39cebca4 req-d40dce29-afcb-4f6b-a106-a1d10bbc4f8c 5a7c2656d7f54c2684277aed0928d538 c7c05e34570848eda1ce4810e237543e - - c8fc793b48bf4dfa8cefb7924173bcf9 c8fc793b48bf4dfa8cefb7924173bcf9] 199.204.45.115 "GET /v2.0/networks/b27de2cf-adec-40d1-963c-3adc262e64e5?fields=provider%3Aphysical_network&fields=provider%3Anetwork_type HTTP/1.1" status: 200 len: 277 time: 0.0414443
2026-04-27 02:42:00.683 10 INFO neutron.api.wsgi [None req-febcff72-9b6d-4031-a106-7a2c49d149da 7f32b3f62b5c493c809c6b9a5386e3f9 8aefb44c1b324ed9a4e9ba8168f26158 - - default default] 10.0.0.107 "GET /v2.0/subnets HTTP/1.1" status: 200 len: 2148 time: 0.2712638
2026-04-27 02:42:00.694 10 INFO neutron.api.wsgi [None req-539a6547-1506-44de-ab3e-b658d239b46f 7f32b3f62b5c493c809c6b9a5386e3f9 8aefb44c1b324ed9a4e9ba8168f26158 - - default default] 10.0.0.107 "GET /v2.0/subnetpools HTTP/1.1" status: 200 len: 193 time: 0.0097249
2026-04-27 02:42:00.719 10 INFO neutron.api.wsgi [None req-096598e4-d1f4-47a0-9bae-cfe19c9767b4 7f32b3f62b5c493c809c6b9a5386e3f9 8aefb44c1b324ed9a4e9ba8168f26158 - - default default] 10.0.0.107 "GET /v2.0/agents HTTP/1.1" status: 200 len: 1390 time: 0.0215001
2026-04-27 02:42:00.738 10 INFO neutron.api.wsgi [None req-b465396f-98de-44e1-b3f1-1042268ff4c0 7f32b3f62b5c493c809c6b9a5386e3f9 8aefb44c1b324ed9a4e9ba8168f26158 - - default default] 10.0.0.107 "GET /v2.0/network-ip-availabilities HTTP/1.1" status: 200 len: 1725 time: 0.0175147
2026-04-27 02:42:00.769 10 INFO neutron.api.wsgi [None req-0af24796-ed74-430b-b589-374a07c4e484 7f32b3f62b5c493c809c6b9a5386e3f9 8aefb44c1b324ed9a4e9ba8168f26158 - - default default] 10.0.0.107 "GET /v2.0/floatingips HTTP/1.1" status: 200 len: 730 time: 0.0286570
2026-04-27 02:42:00.826 10 INFO neutron.api.wsgi [None req-3f56a905-1455-4830-9735-a87bbd97dce3 7f32b3f62b5c493c809c6b9a5386e3f9 8aefb44c1b324ed9a4e9ba8168f26158 - - default default] 10.0.0.107 "GET /v2.0/networks HTTP/1.1" status: 200 len: 3095 time: 0.0561399
2026-04-27 02:42:00.867 10 INFO neutron.api.wsgi [None req-2b3d923d-dfb3-47bf-9c55-13755f758d5d 7f32b3f62b5c493c809c6b9a5386e3f9 8aefb44c1b324ed9a4e9ba8168f26158 - - default default] 10.0.0.107 "GET /v2.0/security-groups HTTP/1.1" status: 200 len: 31158 time: 0.0382864
2026-04-27 02:42:00.912 10 INFO neutron.api.wsgi [None req-51005dd1-4566-42c6-8ea1-f971dae76975 7f32b3f62b5c493c809c6b9a5386e3f9 8aefb44c1b324ed9a4e9ba8168f26158 - - default default] 10.0.0.107 "GET /v2.0/subnets HTTP/1.1" status: 200 len: 2148 time: 0.0336664
2026-04-27 02:42:00.969 10 INFO neutron.api.wsgi [None req-7e5638cc-49b2-4f41-bc51-5ce821d8bf10 7f32b3f62b5c493c809c6b9a5386e3f9 8aefb44c1b324ed9a4e9ba8168f26158 - - default default] 10.0.0.107 "GET /v2.0/ports HTTP/1.1" status: 200 len: 10769 time: 0.0564864
2026-04-27 02:42:01.051 10 INFO neutron.api.wsgi [None req-6c2b5b1d-628c-48a1-9e98-301c6cab2207 7f32b3f62b5c493c809c6b9a5386e3f9 8aefb44c1b324ed9a4e9ba8168f26158 - - default default] 10.0.0.107 "GET /v2.0/routers HTTP/1.1" status: 200 len: 1149 time: 0.0719249
2026-04-27 02:42:01.060 10 INFO neutron.api.wsgi [None req-1ad915e9-959b-4429-83b1-4f726db6e2c2 7f32b3f62b5c493c809c6b9a5386e3f9 8aefb44c1b324ed9a4e9ba8168f26158 - - default default] 10.0.0.107 "GET /v2.0/agents?binary=ovn-controller HTTP/1.1" status: 200 len: 591 time: 0.0080187
2026-04-27 02:42:01.209 9 INFO neutron.api.wsgi [req-dad2c746-5079-48af-bcec-d8853d170675 req-d1d3b6a1-478b-4ace-a715-efa97f8a1b28 c4a985e7802a4295997fbec356f446fb db86ffadced8488389308508b6dd26dd - - default default] 199.204.45.115 "GET /v2.0/networks?id=b27de2cf-adec-40d1-963c-3adc262e64e5 HTTP/1.1" status: 200 len: 859 time: 0.0446033
2026-04-27 02:42:01.255 9 INFO neutron.api.wsgi [req-48a47841-fdff-4e54-95f3-a2b3bf0bfced req-67a9eb2d-aec9-41c7-ad26-f8611b6f81e1 c4a985e7802a4295997fbec356f446fb db86ffadced8488389308508b6dd26dd - - default default] 10.0.0.238 "GET /v2.0/ports?device_id=52a79392-5c40-4e89-bb75-869281491bbc HTTP/1.1" status: 200 len: 210 time: 0.0214403
2026-04-27 02:42:01.269 9 INFO neutron.api.wsgi [req-dad2c746-5079-48af-bcec-d8853d170675 req-406ea8f5-70d0-468f-80a9-cec2d520c818 c4a985e7802a4295997fbec356f446fb db86ffadced8488389308508b6dd26dd - - default default] 199.204.45.115 "GET /v2.0/security-groups?fields=id&fields=name&tenant_id=db86ffadced8488389308508b6dd26dd HTTP/1.1" status: 200 len: 471 time: 0.0536063
2026-04-27 02:42:01.278 9 WARNING neutron_lib.context [req-dad2c746-5079-48af-bcec-d8853d170675 req-68020736-d51d-4e79-b764-aa804386dc68 c4a985e7802a4295997fbec356f446fb db86ffadced8488389308508b6dd26dd - - default default] Method 'is_advsvc' is deprecated since 2023.2 release (neutron-lib 3.8.0) and will be removed once support for the old RBAC API policies will be removed from Neutron. Please use method 'is_service_role' instead.
2026-04-27 02:42:01.584 9 WARNING neutron.scheduler.dhcp_agent_scheduler [req-dad2c746-5079-48af-bcec-d8853d170675 req-68020736-d51d-4e79-b764-aa804386dc68 c4a985e7802a4295997fbec356f446fb db86ffadced8488389308508b6dd26dd - - default default] No more DHCP agents
2026-04-27 02:42:01.585 9 WARNING neutron.api.rpc.agentnotifiers.dhcp_rpc_agent_api [req-dad2c746-5079-48af-bcec-d8853d170675 req-68020736-d51d-4e79-b764-aa804386dc68 c4a985e7802a4295997fbec356f446fb db86ffadced8488389308508b6dd26dd - - default default] Unable to schedule network b27de2cf-adec-40d1-963c-3adc262e64e5: no agents available; will retry on subsequent port and subnet creation events.
2026-04-27 02:42:01.722 9 INFO neutron.db.ovn_revision_numbers_db [req-dad2c746-5079-48af-bcec-d8853d170675 req-68020736-d51d-4e79-b764-aa804386dc68 c4a985e7802a4295997fbec356f446fb db86ffadced8488389308508b6dd26dd - - default default] Successfully bumped revision number for resource a292e842-1233-4fa7-ad42-dc618074fe32 (type: ports) to 1
2026-04-27 02:42:01.747 9 INFO neutron.api.wsgi [req-dad2c746-5079-48af-bcec-d8853d170675 req-68020736-d51d-4e79-b764-aa804386dc68 c4a985e7802a4295997fbec356f446fb db86ffadced8488389308508b6dd26dd - - default default] 199.204.45.115 "POST /v2.0/ports HTTP/1.1" status: 201 len: 1162 time: 0.4729440 /var/lib/openstack/lib/python3.12/site-packages/pycadf/identifier.py:71: UserWarning: Invalid uuid: neutron. To ensure interoperability, identifiers should be a valid uuid. warnings.warn(('Invalid uuid: %s. To ensure interoperability, '
2026-04-27 02:42:02.142 9 INFO neutron.db.ovn_revision_numbers_db [req-dad2c746-5079-48af-bcec-d8853d170675 req-09f24de0-c401-49f9-8b31-e02597b0f765 5a7c2656d7f54c2684277aed0928d538 c7c05e34570848eda1ce4810e237543e - - c8fc793b48bf4dfa8cefb7924173bcf9 c8fc793b48bf4dfa8cefb7924173bcf9] Successfully bumped revision number for resource a292e842-1233-4fa7-ad42-dc618074fe32 (type: ports) to 2 /var/lib/openstack/lib/python3.12/site-packages/pycadf/identifier.py:71: UserWarning: Invalid uuid: neutron. To ensure interoperability, identifiers should be a valid uuid. warnings.warn(('Invalid uuid: %s. To ensure interoperability, '
2026-04-27 02:42:02.397 9 WARNING neutron_lib.context [None req-b84a393d-7b48-424e-9387-676b88282853 778d8602c3a64f6aa1982f8293d3d07c 7b05f8425046476e8e8fe2e33c037894 - - default default] Method 'is_advsvc' is deprecated since 2023.2 release (neutron-lib 3.8.0) and will be removed once support for the old RBAC API policies will be removed from Neutron. Please use method 'is_service_role' instead.
2026-04-27 02:42:02.401 10 INFO neutron.api.wsgi [req-cfb5fe16-4bb3-4496-880b-fe5cacd97334 req-d887ac7f-80b9-4693-aefe-fa9cf31f7e91 c4a985e7802a4295997fbec356f446fb db86ffadced8488389308508b6dd26dd - - default default] 10.0.0.238 "GET /v2.0/ports?device_id=52a79392-5c40-4e89-bb75-869281491bbc HTTP/1.1" status: 200 len: 1172 time: 0.0771964
2026-04-27 02:42:02.439 10 INFO neutron.api.wsgi [req-cfb5fe16-4bb3-4496-880b-fe5cacd97334 req-5d2c059b-f9a4-4747-a056-56f3732bfe37 c4a985e7802a4295997fbec356f446fb db86ffadced8488389308508b6dd26dd - - default default] 10.0.0.238 "GET /v2.0/security-groups?id=0d05d1e9-aa9e-44ee-b94a-ca16bfac48e7&fields=id&fields=name HTTP/1.1" status: 200 len: 312 time: 0.0329239
2026-04-27 02:42:02.439 9 INFO neutron.db.ovn_revision_numbers_db [req-dad2c746-5079-48af-bcec-d8853d170675 req-09f24de0-c401-49f9-8b31-e02597b0f765 5a7c2656d7f54c2684277aed0928d538 c7c05e34570848eda1ce4810e237543e - - c8fc793b48bf4dfa8cefb7924173bcf9 c8fc793b48bf4dfa8cefb7924173bcf9] Successfully bumped revision number for resource a292e842-1233-4fa7-ad42-dc618074fe32 (type: ports) to 4
2026-04-27 02:42:02.463 9 INFO neutron.api.wsgi [req-dad2c746-5079-48af-bcec-d8853d170675 req-09f24de0-c401-49f9-8b31-e02597b0f765 5a7c2656d7f54c2684277aed0928d538 c7c05e34570848eda1ce4810e237543e - - c8fc793b48bf4dfa8cefb7924173bcf9 c8fc793b48bf4dfa8cefb7924173bcf9] 199.204.45.115 "PUT /v2.0/ports/a292e842-1233-4fa7-ad42-dc618074fe32 HTTP/1.1" status: 200 len: 1408 time: 0.7110436
2026-04-27 02:42:02.508 9 INFO neutron.notifiers.nova [-] Nova event matching ['req-25f593e6-c39d-4fdf-a887-f0a3f71f9c5c'] response: {'name': 'network-changed', 'server_uuid': '52a79392-5c40-4e89-bb75-869281491bbc', 'tag': 'a292e842-1233-4fa7-ad42-dc618074fe32', 'status': 'completed', 'code': 200}
2026-04-27 02:42:02.585 9 INFO neutron.db.ovn_revision_numbers_db [None req-b84a393d-7b48-424e-9387-676b88282853 778d8602c3a64f6aa1982f8293d3d07c 7b05f8425046476e8e8fe2e33c037894 - - default default] Successfully bumped revision number for resource 1eb7768a-bfa7-4f31-ad64-b847121cadd5 (type: routers) to 1
2026-04-27 02:42:02.635 9 INFO neutron.api.wsgi [None req-b84a393d-7b48-424e-9387-676b88282853 778d8602c3a64f6aa1982f8293d3d07c 7b05f8425046476e8e8fe2e33c037894 - - default default] 10.0.0.53 "POST /v2.0/routers HTTP/1.1" status: 201 len: 769 time: 0.4366038
2026-04-27 02:42:02.645 9 WARNING neutron_lib.context [None req-459576e9-f914-4e1a-b1b4-491cd4f0e43d 778d8602c3a64f6aa1982f8293d3d07c 7b05f8425046476e8e8fe2e33c037894 - - default default] Method 'is_advsvc' is deprecated since 2023.2 release (neutron-lib 3.8.0) and will be removed once support for the old RBAC API policies will be removed from Neutron. Please use method 'is_service_role' instead.
2026-04-27 02:42:02.861 9 INFO neutron.db.ovn_revision_numbers_db [None req-459576e9-f914-4e1a-b1b4-491cd4f0e43d 778d8602c3a64f6aa1982f8293d3d07c 7b05f8425046476e8e8fe2e33c037894 - - default default] Successfully bumped revision number for resource e3885ca8-d1ac-454e-b6e4-b6302fc2d3d9 (type: routers) to 1
2026-04-27 02:42:02.961 9 INFO neutron.api.wsgi [None req-459576e9-f914-4e1a-b1b4-491cd4f0e43d 778d8602c3a64f6aa1982f8293d3d07c 7b05f8425046476e8e8fe2e33c037894 - - default default] 10.0.0.53 "POST /v2.0/routers HTTP/1.1" status: 201 len: 769 time: 0.3206604
2026-04-27 02:42:02.969 10 WARNING neutron_lib.context [None req-b69fde81-39f6-47fe-ad8e-2ec8790eb88a 778d8602c3a64f6aa1982f8293d3d07c 7b05f8425046476e8e8fe2e33c037894 - - default default] Method 'is_advsvc' is deprecated since 2023.2 release (neutron-lib 3.8.0) and will be removed once support for the old RBAC API policies will be removed from Neutron. Please use method 'is_service_role' instead.
2026-04-27 02:42:03.049 9 INFO neutron.api.wsgi [req-8d028d3b-27ce-4216-b6b3-fa84f0b0f9c7 req-b0bdbfb4-1cc2-400e-9222-bbb18ee842ef 5a7c2656d7f54c2684277aed0928d538 c7c05e34570848eda1ce4810e237543e - - c8fc793b48bf4dfa8cefb7924173bcf9 c8fc793b48bf4dfa8cefb7924173bcf9] 199.204.45.115 "GET /v2.0/ports?tenant_id=db86ffadced8488389308508b6dd26dd&device_id=52a79392-5c40-4e89-bb75-869281491bbc HTTP/1.1" status: 200 len: 1411 time: 0.0311077
2026-04-27 02:42:03.097 9 INFO neutron.api.wsgi [req-8d028d3b-27ce-4216-b6b3-fa84f0b0f9c7 req-79fe8fcb-bfa9-4894-9640-ba157c12de63 5a7c2656d7f54c2684277aed0928d538 c7c05e34570848eda1ce4810e237543e - - c8fc793b48bf4dfa8cefb7924173bcf9 c8fc793b48bf4dfa8cefb7924173bcf9] 199.204.45.115 "GET /v2.0/networks?tenant_id=db86ffadced8488389308508b6dd26dd&shared=False HTTP/1.1" status: 200 len: 958 time: 0.0439849
2026-04-27 02:42:03.141 9 INFO neutron.api.wsgi [req-8d028d3b-27ce-4216-b6b3-fa84f0b0f9c7 req-c1dec6dc-c9d2-46df-8b69-52f8382b8739 5a7c2656d7f54c2684277aed0928d538 c7c05e34570848eda1ce4810e237543e - - c8fc793b48bf4dfa8cefb7924173bcf9 c8fc793b48bf4dfa8cefb7924173bcf9] 199.204.45.115 "GET /v2.0/networks?shared=True HTTP/1.1" status: 200 len: 952 time: 0.0396874
2026-04-27 02:42:03.212 10 INFO neutron.db.ovn_revision_numbers_db [None req-b69fde81-39f6-47fe-ad8e-2ec8790eb88a 778d8602c3a64f6aa1982f8293d3d07c 7b05f8425046476e8e8fe2e33c037894 - - default default] Successfully bumped revision number for resource 0248254a-0d8f-48c1-9dc6-48901026a197 (type: routers) to 1
2026-04-27 02:42:03.326 10 INFO neutron.api.wsgi [None req-b69fde81-39f6-47fe-ad8e-2ec8790eb88a 778d8602c3a64f6aa1982f8293d3d07c 7b05f8425046476e8e8fe2e33c037894 - - default default] 10.0.0.53 "POST /v2.0/routers HTTP/1.1" status: 201 len: 769 time: 0.3605924
2026-04-27 02:42:03.336 10 WARNING neutron_lib.context [None req-f9b3fb5d-88e6-46db-86dd-d8d54bd5fe99 778d8602c3a64f6aa1982f8293d3d07c 7b05f8425046476e8e8fe2e33c037894 - - default default] Method 'is_advsvc' is deprecated since 2023.2 release (neutron-lib 3.8.0) and will be removed once support for the old RBAC API policies will be removed from Neutron. Please use method 'is_service_role' instead.
2026-04-27 02:42:03.596 9 INFO neutron.api.wsgi [req-9b7d06c9-0f68-4ca7-b0ef-119cc02d4f92 req-3878a1c3-bca6-4b5c-a8c0-fabf54898a97 c4a985e7802a4295997fbec356f446fb db86ffadced8488389308508b6dd26dd - - default default] 10.0.0.238 "GET /v2.0/ports?device_id=52a79392-5c40-4e89-bb75-869281491bbc HTTP/1.1" status: 200 len: 1172 time: 0.0866508
2026-04-27 02:42:03.630 10 INFO neutron.db.ovn_revision_numbers_db [None req-f9b3fb5d-88e6-46db-86dd-d8d54bd5fe99 778d8602c3a64f6aa1982f8293d3d07c 7b05f8425046476e8e8fe2e33c037894 - - default default] Successfully bumped revision number for resource 8fe5073a-9dd6-4637-b430-31eb22ad79be (type: routers) to 1
2026-04-27 02:42:03.637 9 INFO neutron.api.wsgi [req-9b7d06c9-0f68-4ca7-b0ef-119cc02d4f92 req-de1dcddc-23b6-445c-ab40-0ff07373d97c c4a985e7802a4295997fbec356f446fb db86ffadced8488389308508b6dd26dd - - default default] 10.0.0.238 "GET /v2.0/security-groups?id=0d05d1e9-aa9e-44ee-b94a-ca16bfac48e7&fields=id&fields=name HTTP/1.1" status: 200 len: 312 time: 0.0349488
2026-04-27 02:42:03.749 10 INFO neutron.api.wsgi [None req-f9b3fb5d-88e6-46db-86dd-d8d54bd5fe99 778d8602c3a64f6aa1982f8293d3d07c 7b05f8425046476e8e8fe2e33c037894 - - default default] 10.0.0.53 "POST /v2.0/routers HTTP/1.1" status: 201 len: 769 time: 0.4169056
2026-04-27 02:42:03.760 10 WARNING neutron_lib.context [None req-1e1afe49-5d6d-4e32-a228-9b6923fd89ac 778d8602c3a64f6aa1982f8293d3d07c 7b05f8425046476e8e8fe2e33c037894 - - default default] Method 'is_advsvc' is deprecated since 2023.2 release (neutron-lib 3.8.0) and will be removed once support for the old RBAC API policies will be removed from Neutron. Please use method 'is_service_role' instead.
2026-04-27 02:42:03.868 10 INFO neutron.db.ovn_revision_numbers_db [None req-1e1afe49-5d6d-4e32-a228-9b6923fd89ac 778d8602c3a64f6aa1982f8293d3d07c 7b05f8425046476e8e8fe2e33c037894 - - default default] Successfully bumped revision number for resource e23bb342-a240-4041-9925-9bb06d991eb9 (type: routers) to 1
2026-04-27 02:42:03.884 10 INFO neutron.api.wsgi [None req-1e1afe49-5d6d-4e32-a228-9b6923fd89ac 778d8602c3a64f6aa1982f8293d3d07c 7b05f8425046476e8e8fe2e33c037894 - - default default] 10.0.0.53 "POST /v2.0/routers HTTP/1.1" status: 201 len: 769 time: 0.1284704
2026-04-27 02:42:03.946 10 INFO neutron.api.wsgi [None req-678446dc-1cb0-440b-9368-227a6a821560 778d8602c3a64f6aa1982f8293d3d07c 7b05f8425046476e8e8fe2e33c037894 - - default default] 10.0.0.53 "PUT /v2.0/routers/1eb7768a-bfa7-4f31-ad64-b847121cadd5/tags HTTP/1.1" status: 200 len: 210 time: 0.0557966
2026-04-27 02:42:04.002 10 INFO neutron.api.wsgi [None req-aab4ef7c-2c60-4162-8e1a-312b845ce537 778d8602c3a64f6aa1982f8293d3d07c 7b05f8425046476e8e8fe2e33c037894 - - default default] 10.0.0.53 "PUT /v2.0/routers/e3885ca8-d1ac-454e-b6e4-b6302fc2d3d9/tags HTTP/1.1" status: 200 len: 218 time: 0.0507417
2026-04-27 02:42:04.052 10 INFO neutron.api.wsgi [None req-d8ebdbe1-3298-459f-9450-6f4199933ed4 778d8602c3a64f6aa1982f8293d3d07c 7b05f8425046476e8e8fe2e33c037894 - - default default] 10.0.0.53 "PUT /v2.0/routers/0248254a-0d8f-48c1-9dc6-48901026a197/tags HTTP/1.1" status: 200 len: 227 time: 0.0456536
2026-04-27 02:42:04.099 10 INFO neutron.api.wsgi [None req-c3436cfd-4af4-4199-b610-de3d07b159fd 778d8602c3a64f6aa1982f8293d3d07c 7b05f8425046476e8e8fe2e33c037894 - - default default] 10.0.0.53 "PUT /v2.0/routers/8fe5073a-9dd6-4637-b430-31eb22ad79be/tags HTTP/1.1" status: 200 len: 212 time: 0.0433483
2026-04-27 02:42:04.163 10 INFO neutron.api.wsgi [None req-f8327ed2-8d69-481b-b19d-b15b088f0035 778d8602c3a64f6aa1982f8293d3d07c 7b05f8425046476e8e8fe2e33c037894 - - default default] 10.0.0.53 "GET /v2.0/routers?tags=red HTTP/1.1" status: 200 len: 1946 time: 0.0583258
2026-04-27 02:42:04.192 9 INFO neutron.api.wsgi [req-dad2c746-5079-48af-bcec-d8853d170675 req-6de0ad29-4cb2-4eae-934c-ecd3f64dd658 5a7c2656d7f54c2684277aed0928d538 c7c05e34570848eda1ce4810e237543e - - c8fc793b48bf4dfa8cefb7924173bcf9 c8fc793b48bf4dfa8cefb7924173bcf9] 199.204.45.115 "GET /v2.0/ports?tenant_id=db86ffadced8488389308508b6dd26dd&device_id=52a79392-5c40-4e89-bb75-869281491bbc HTTP/1.1" status: 200 len: 1411 time: 0.0335712
2026-04-27 02:42:04.220 9 INFO neutron.api.wsgi [req-dad2c746-5079-48af-bcec-d8853d170675 req-375cfaa4-8d07-4bc1-8d7d-904d3804cc3d 5a7c2656d7f54c2684277aed0928d538 c7c05e34570848eda1ce4810e237543e - - c8fc793b48bf4dfa8cefb7924173bcf9 c8fc793b48bf4dfa8cefb7924173bcf9] 199.204.45.115 "GET /v2.0/floatingips?fixed_ip_address=10.100.0.11&port_id=a292e842-1233-4fa7-ad42-dc618074fe32 HTTP/1.1" status: 200 len: 217 time: 0.0227618
2026-04-27 02:42:04.226 10 INFO neutron.api.wsgi [None req-dd0d0d5d-9685-4a7f-ad3c-953ca895cae1 778d8602c3a64f6aa1982f8293d3d07c 7b05f8425046476e8e8fe2e33c037894 - - default default] 10.0.0.53 "GET /v2.0/routers?tags=red%2Cblue HTTP/1.1" status: 200 len: 1375 time: 0.0569410
2026-04-27 02:42:04.251 9 INFO neutron.api.wsgi [req-dad2c746-5079-48af-bcec-d8853d170675 req-ac4f7d11-9624-4a8c-b7e4-620050cb5a69 5a7c2656d7f54c2684277aed0928d538 c7c05e34570848eda1ce4810e237543e - - c8fc793b48bf4dfa8cefb7924173bcf9 c8fc793b48bf4dfa8cefb7924173bcf9] 199.204.45.115 "GET /v2.0/subnets?id=eeab729d-0818-4139-8123-c64f75e1e6ed HTTP/1.1" status: 200 len: 876 time: 0.0248361
2026-04-27 02:42:04.284 9 INFO neutron.api.wsgi [req-dad2c746-5079-48af-bcec-d8853d170675 req-dfe8a010-f188-430d-8f92-bf47e4f0f8e4 5a7c2656d7f54c2684277aed0928d538 c7c05e34570848eda1ce4810e237543e - - c8fc793b48bf4dfa8cefb7924173bcf9 c8fc793b48bf4dfa8cefb7924173bcf9] 199.204.45.115 "GET /v2.0/ports?network_id=b27de2cf-adec-40d1-963c-3adc262e64e5&device_owner=network%3Adhcp HTTP/1.1" status: 200 len: 210 time: 0.0260074
2026-04-27 02:42:04.294 10 INFO neutron.api.wsgi [None req-d2be2df8-759c-4925-a46b-82b9289c7c3c 778d8602c3a64f6aa1982f8293d3d07c 7b05f8425046476e8e8fe2e33c037894 - - default default] 10.0.0.53 "GET /v2.0/routers?tags-any=blue HTTP/1.1" status: 200 len: 1375 time: 0.0636477
2026-04-27 02:42:04.337 9 INFO neutron.api.wsgi [req-dad2c746-5079-48af-bcec-d8853d170675 req-c74721c7-0138-41ef-af2f-04f3a0846270 5a7c2656d7f54c2684277aed0928d538 c7c05e34570848eda1ce4810e237543e - - c8fc793b48bf4dfa8cefb7924173bcf9 c8fc793b48bf4dfa8cefb7924173bcf9] 199.204.45.115 "GET /v2.0/networks/b27de2cf-adec-40d1-963c-3adc262e64e5?fields=segments HTTP/1.1" status: 200 len: 212 time: 0.0486884
2026-04-27 02:42:04.352 10 INFO neutron.api.wsgi [None req-94dda56f-8a01-46ce-a9ab-995c6c5af703 778d8602c3a64f6aa1982f8293d3d07c 7b05f8425046476e8e8fe2e33c037894 - - default default] 10.0.0.53 "GET /v2.0/routers?tags-any=red%2Cblue HTTP/1.1" status: 200 len: 1946 time: 0.0524955
2026-04-27 02:42:04.381 9 INFO neutron.api.wsgi [req-dad2c746-5079-48af-bcec-d8853d170675 req-6b69af52-3fb9-40b0-a992-c3abdd08d2a5 5a7c2656d7f54c2684277aed0928d538 c7c05e34570848eda1ce4810e237543e - - c8fc793b48bf4dfa8cefb7924173bcf9 c8fc793b48bf4dfa8cefb7924173bcf9] 199.204.45.115 "GET /v2.0/networks/b27de2cf-adec-40d1-963c-3adc262e64e5?fields=provider%3Aphysical_network&fields=provider%3Anetwork_type HTTP/1.1" status: 200 len: 277 time: 0.0376356
2026-04-27 02:42:04.416 10 INFO neutron.api.wsgi [None req-84666fb4-f1f4-4a1f-a24a-db6fc61582e3 778d8602c3a64f6aa1982f8293d3d07c 7b05f8425046476e8e8fe2e33c037894 - - default default] 10.0.0.53 "GET /v2.0/routers?not-tags=red HTTP/1.1" status: 200 len: 1347 time: 0.0593164
2026-04-27 02:42:04.477 10 INFO neutron.api.wsgi [None req-ccedd132-5c35-44ef-bbc5-ab546396efc9 778d8602c3a64f6aa1982f8293d3d07c 7b05f8425046476e8e8fe2e33c037894 - - default default] 10.0.0.53 "GET /v2.0/routers?not-tags=red%2Cblue HTTP/1.1" status: 200 len: 1918 time: 0.0554130
2026-04-27 02:42:04.536 10 INFO neutron.api.wsgi [None req-f8c4937c-7c4f-4824-8c27-f59cd6e96be4 778d8602c3a64f6aa1982f8293d3d07c 7b05f8425046476e8e8fe2e33c037894 - - default default] 10.0.0.53 "GET /v2.0/routers?not-tags-any=blue HTTP/1.1" status: 200 len: 1918 time: 0.0534964
2026-04-27 02:42:04.579 10 INFO neutron.api.wsgi [None req-229d5550-9f87-49e3-b9bd-d9efb170791e 778d8602c3a64f6aa1982f8293d3d07c 7b05f8425046476e8e8fe2e33c037894 - - default default] 10.0.0.53 "GET /v2.0/routers?not-tags-any=red%2Cblue HTTP/1.1" status: 200 len: 1347 time: 0.0372274
2026-04-27 02:42:04.620 10 INFO neutron.api.wsgi [None req-efe293c6-8790-44a3-a251-88309757bbf3 778d8602c3a64f6aa1982f8293d3d07c 7b05f8425046476e8e8fe2e33c037894 - - default default] 10.0.0.53 "GET /v2.0/routers/1eb7768a-bfa7-4f31-ad64-b847121cadd5 HTTP/1.1" status: 200 len: 775 time: 0.0343473
2026-04-27 02:42:04.747 10 INFO neutron.api.wsgi [req-09d30f68-8565-42ee-a4cc-62764763763a req-ec9e5e3c-85d3-43f9-a6ad-b3e8af4d0bd9 c4a985e7802a4295997fbec356f446fb db86ffadced8488389308508b6dd26dd - - default default] 10.0.0.238 "GET /v2.0/ports?device_id=52a79392-5c40-4e89-bb75-869281491bbc HTTP/1.1" status: 200 len: 1172 time: 0.0508974
2026-04-27 02:42:04.819 10 INFO neutron.api.wsgi [req-09d30f68-8565-42ee-a4cc-62764763763a req-ab621970-edb9-4c2c-b254-594e5ef47b43 c4a985e7802a4295997fbec356f446fb db86ffadced8488389308508b6dd26dd - - default default] 10.0.0.238 "GET /v2.0/security-groups?id=0d05d1e9-aa9e-44ee-b94a-ca16bfac48e7&fields=id&fields=name HTTP/1.1" status: 200 len: 312 time: 0.0573046
2026-04-27 02:42:04.951 10 INFO neutron.db.ovn_revision_numbers_db [None req-358bfda5-0070-4914-ac50-f431c991f183 778d8602c3a64f6aa1982f8293d3d07c 7b05f8425046476e8e8fe2e33c037894 - - default default] Successfully bumped revision number for resource 1eb7768a-bfa7-4f31-ad64-b847121cadd5 (type: routers) to 2
2026-04-27 02:42:04.958 10 INFO neutron.api.wsgi [None req-358bfda5-0070-4914-ac50-f431c991f183 778d8602c3a64f6aa1982f8293d3d07c 7b05f8425046476e8e8fe2e33c037894 - - default default] 10.0.0.53 "PUT /v2.0/routers/1eb7768a-bfa7-4f31-ad64-b847121cadd5 HTTP/1.1" status: 200 len: 775 time: 0.3324540
2026-04-27 02:42:04.981 10 INFO neutron.api.wsgi [None req-19f21765-168a-4e07-91ea-5eb5dea7d3bc 778d8602c3a64f6aa1982f8293d3d07c 7b05f8425046476e8e8fe2e33c037894 - - default default] 10.0.0.53 "GET /v2.0/ports?device_id=1eb7768a-bfa7-4f31-ad64-b847121cadd5 HTTP/1.1" status: 200 len: 205 time: 0.0179427
2026-04-27 02:42:05.169 10 INFO neutron.api.wsgi [None req-69feca53-905d-4b0c-b204-2332205a45d7 778d8602c3a64f6aa1982f8293d3d07c 7b05f8425046476e8e8fe2e33c037894 - - default default] 10.0.0.53 "DELETE /v2.0/routers/1eb7768a-bfa7-4f31-ad64-b847121cadd5 HTTP/1.1" status: 204 len: 168 time: 0.1834757
2026-04-27 02:42:05.215 10 INFO neutron.api.wsgi [None req-c47ed459-aa18-460b-8323-55e9198185d6 778d8602c3a64f6aa1982f8293d3d07c 7b05f8425046476e8e8fe2e33c037894 - - default default] 10.0.0.53 "GET /v2.0/routers/e3885ca8-d1ac-454e-b6e4-b6302fc2d3d9 HTTP/1.1" status: 200 len: 783 time: 0.0405130
2026-04-27 02:42:05.520 10 INFO neutron.db.ovn_revision_numbers_db [None req-dedb1c6d-1943-4ddd-b41d-816eda2b40ad 778d8602c3a64f6aa1982f8293d3d07c 7b05f8425046476e8e8fe2e33c037894 - - default default] Successfully bumped revision number for resource e3885ca8-d1ac-454e-b6e4-b6302fc2d3d9 (type: routers) to 2
2026-04-27 02:42:05.525 10 INFO neutron.api.wsgi [None req-dedb1c6d-1943-4ddd-b41d-816eda2b40ad 778d8602c3a64f6aa1982f8293d3d07c 7b05f8425046476e8e8fe2e33c037894 - - default default] 10.0.0.53 "PUT /v2.0/routers/e3885ca8-d1ac-454e-b6e4-b6302fc2d3d9 HTTP/1.1" status: 200 len: 783 time: 0.3053448
2026-04-27 02:42:05.547 9 INFO neutron.api.wsgi [None req-cd737d69-4463-474a-8050-bef89f8284b5 778d8602c3a64f6aa1982f8293d3d07c 7b05f8425046476e8e8fe2e33c037894 - - default default] 10.0.0.53 "GET /v2.0/ports?device_id=e3885ca8-d1ac-454e-b6e4-b6302fc2d3d9 HTTP/1.1" status: 200 len: 205 time: 0.0165179
2026-04-27 02:42:05.728 9 INFO neutron.api.wsgi [None req-713d8088-6cb9-4ed8-be8d-4f9b8bb1b11e 778d8602c3a64f6aa1982f8293d3d07c 7b05f8425046476e8e8fe2e33c037894 - - default default] 10.0.0.53 "DELETE /v2.0/routers/e3885ca8-d1ac-454e-b6e4-b6302fc2d3d9 HTTP/1.1" status: 204 len: 168 time: 0.1740904
2026-04-27 02:42:05.770 9 INFO neutron.api.wsgi [None req-b07ae0b8-735a-417c-98e4-f63e694208e6 778d8602c3a64f6aa1982f8293d3d07c 7b05f8425046476e8e8fe2e33c037894 - - default default] 10.0.0.53 "GET /v2.0/routers/0248254a-0d8f-48c1-9dc6-48901026a197 HTTP/1.1" status: 200 len: 792 time: 0.0336525
2026-04-27 02:42:05.949 9 INFO neutron.api.wsgi [req-00c3635f-0946-4607-b2c3-d3a2835ad1e9 req-6ea04ec7-2500-4e28-983e-9d9e67b3e20d c4a985e7802a4295997fbec356f446fb db86ffadced8488389308508b6dd26dd - - default default] 10.0.0.238 "GET /v2.0/ports?device_id=52a79392-5c40-4e89-bb75-869281491bbc HTTP/1.1" status: 200 len: 1172 time: 0.0544598
2026-04-27 02:42:06.023 9 INFO neutron.api.wsgi [req-00c3635f-0946-4607-b2c3-d3a2835ad1e9 req-a0b70a10-d4a2-4af0-8519-9e8c59ea48c6 c4a985e7802a4295997fbec356f446fb db86ffadced8488389308508b6dd26dd - - default default] 10.0.0.238 "GET /v2.0/security-groups?id=0d05d1e9-aa9e-44ee-b94a-ca16bfac48e7&fields=id&fields=name HTTP/1.1" status: 200 len: 312 time: 0.0626080
2026-04-27 02:42:06.117 9 INFO neutron.db.ovn_revision_numbers_db [None req-98d6dfa6-1300-4c31-bf34-9f45aeafe16e 778d8602c3a64f6aa1982f8293d3d07c 7b05f8425046476e8e8fe2e33c037894 - - default default] Successfully bumped revision number for resource 0248254a-0d8f-48c1-9dc6-48901026a197 (type: routers) to 2
2026-04-27 02:42:06.123 9 INFO neutron.api.wsgi [None req-98d6dfa6-1300-4c31-bf34-9f45aeafe16e 778d8602c3a64f6aa1982f8293d3d07c 7b05f8425046476e8e8fe2e33c037894 - - default default] 10.0.0.53 "PUT /v2.0/routers/0248254a-0d8f-48c1-9dc6-48901026a197 HTTP/1.1" status: 200 len: 792 time: 0.3489037
2026-04-27 02:42:06.148 9 INFO neutron.api.wsgi [None req-e10ef329-3a2c-43c3-ba25-6b23b9a6b308 778d8602c3a64f6aa1982f8293d3d07c 7b05f8425046476e8e8fe2e33c037894 - - default default] 10.0.0.53 "GET /v2.0/ports?device_id=0248254a-0d8f-48c1-9dc6-48901026a197 HTTP/1.1" status: 200 len: 205 time: 0.0179472
2026-04-27 02:42:06.316 9 INFO neutron.api.wsgi [None req-df89029a-f74b-4b44-9330-39a31e85e929 778d8602c3a64f6aa1982f8293d3d07c 7b05f8425046476e8e8fe2e33c037894 - - default default] 10.0.0.53 "DELETE /v2.0/routers/0248254a-0d8f-48c1-9dc6-48901026a197 HTTP/1.1" status: 204 len: 168 time: 0.1625943
2026-04-27 02:42:06.371 10 INFO neutron.api.wsgi [None req-1d759d99-d160-481f-887d-d040239b1baf 778d8602c3a64f6aa1982f8293d3d07c 7b05f8425046476e8e8fe2e33c037894 - - default default] 10.0.0.53 "GET /v2.0/routers/8fe5073a-9dd6-4637-b430-31eb22ad79be HTTP/1.1" status: 200 len: 777 time: 0.0489960
2026-04-27 02:42:06.542 10 INFO neutron.plugins.ml2.drivers.ovn.mech_driver.mech_driver [None req-36da7255-bfc7-448b-a5b1-ef27c7248c64 - - - - - -] OVN reports status up for port: a292e842-1233-4fa7-ad42-dc618074fe32
2026-04-27 02:42:06.560 10 INFO neutron.plugins.ml2.plugin [None req-36da7255-bfc7-448b-a5b1-ef27c7248c64 - - - - - -] Attempt 1 to provision port a292e842-1233-4fa7-ad42-dc618074fe32
2026-04-27 02:42:06.724 10 INFO neutron.db.ovn_revision_numbers_db [None req-e3275a76-9257-4dcf-ab49-2ad61a8ff789 778d8602c3a64f6aa1982f8293d3d07c 7b05f8425046476e8e8fe2e33c037894 - - default default] Successfully bumped revision number for resource 8fe5073a-9dd6-4637-b430-31eb22ad79be (type: routers) to 2
2026-04-27 02:42:06.729 10 INFO neutron.api.wsgi [None req-e3275a76-9257-4dcf-ab49-2ad61a8ff789 778d8602c3a64f6aa1982f8293d3d07c 7b05f8425046476e8e8fe2e33c037894 - - default default] 10.0.0.53 "PUT /v2.0/routers/8fe5073a-9dd6-4637-b430-31eb22ad79be HTTP/1.1" status: 200 len: 777 time: 0.3511457
2026-04-27 02:42:06.743 10 INFO neutron.notifiers.nova [-] Nova event matching ['req-5d6e0685-e701-4c91-bf70-ef2b4420fd7e'] response: {'server_uuid': '52a79392-5c40-4e89-bb75-869281491bbc', 'name': 'network-vif-plugged', 'status': 'completed', 'tag': 'a292e842-1233-4fa7-ad42-dc618074fe32', 'code': 200}
2026-04-27 02:42:06.754 9 INFO neutron.api.wsgi [None req-56c487f4-ec75-4727-8daa-b262f77475b3 778d8602c3a64f6aa1982f8293d3d07c 7b05f8425046476e8e8fe2e33c037894 - - default default] 10.0.0.53 "GET /v2.0/ports?device_id=8fe5073a-9dd6-4637-b430-31eb22ad79be HTTP/1.1" status: 200 len: 205 time: 0.0179172
2026-04-27 02:42:06.839 10 INFO neutron.db.ovn_revision_numbers_db [None req-36da7255-bfc7-448b-a5b1-ef27c7248c64 - - - - - -] Successfully bumped revision number for resource a292e842-1233-4fa7-ad42-dc618074fe32 (type: ports) to 5
2026-04-27 02:42:06.935 9 INFO neutron.api.wsgi [None req-44e3fe62-4adb-478a-8507-0a9358c0e8ef 778d8602c3a64f6aa1982f8293d3d07c 7b05f8425046476e8e8fe2e33c037894 - - default default] 10.0.0.53 "DELETE /v2.0/routers/8fe5073a-9dd6-4637-b430-31eb22ad79be HTTP/1.1" status: 204 len: 168 time: 0.1752753
2026-04-27 02:42:06.982 9 INFO neutron.api.wsgi [None req-b172cbd8-ed1d-4d5f-accc-6dd4530bedf9 778d8602c3a64f6aa1982f8293d3d07c 7b05f8425046476e8e8fe2e33c037894 - - default default] 10.0.0.53 "GET /v2.0/routers/e23bb342-a240-4041-9925-9bb06d991eb9 HTTP/1.1" status: 200 len: 770 time: 0.0411499
2026-04-27 02:42:07.029 10 INFO neutron.api.wsgi [-] 10.0.0.7 "GET / HTTP/1.1" status: 200 len: 246 time: 0.0027304
2026-04-27 02:42:07.032 10 INFO neutron.api.wsgi [-] 10.0.0.7 "GET / HTTP/1.1" status: 200 len: 246 time: 0.0020719
2026-04-27 02:42:07.150 9 INFO neutron.api.wsgi [req-248dd23c-7f08-43cd-b56c-35331d64d392 req-02703491-bb64-4622-8bfb-72ea16672fa2 c4a985e7802a4295997fbec356f446fb db86ffadced8488389308508b6dd26dd - - default default] 10.0.0.238 "GET /v2.0/ports?device_id=52a79392-5c40-4e89-bb75-869281491bbc HTTP/1.1" status: 200 len: 1174 time: 0.0575113
2026-04-27 02:42:07.221 9 INFO neutron.api.wsgi [req-248dd23c-7f08-43cd-b56c-35331d64d392 req-1001ac24-34d3-438d-bf3a-851d354636af c4a985e7802a4295997fbec356f446fb db86ffadced8488389308508b6dd26dd - - default default] 10.0.0.238 "GET /v2.0/security-groups?id=0d05d1e9-aa9e-44ee-b94a-ca16bfac48e7&fields=id&fields=name HTTP/1.1" status: 200 len: 312 time: 0.0647531
2026-04-27 02:42:07.277 9 INFO neutron.api.wsgi [None req-9567f3dc-af4b-4c64-b5ab-242c97b3abce 778d8602c3a64f6aa1982f8293d3d07c 7b05f8425046476e8e8fe2e33c037894 - - default default] 10.0.0.53 "PUT /v2.0/routers/e23bb342-a240-4041-9925-9bb06d991eb9 HTTP/1.1" status: 200 len: 770 time: 0.2906601
2026-04-27 02:42:07.300 9 INFO neutron.api.wsgi [None req-119fbd8a-6b96-4619-8e31-0aae40896ca2 778d8602c3a64f6aa1982f8293d3d07c 7b05f8425046476e8e8fe2e33c037894 - - default default] 10.0.0.53 "GET /v2.0/ports?device_id=e23bb342-a240-4041-9925-9bb06d991eb9 HTTP/1.1" status: 200 len: 205 time: 0.0183132
2026-04-27 02:42:07.516 9 INFO neutron.api.wsgi [None req-995297d7-c335-43c6-9a50-1a2a1d8869b5 778d8602c3a64f6aa1982f8293d3d07c 7b05f8425046476e8e8fe2e33c037894 - - default default] 10.0.0.53 "DELETE /v2.0/routers/e23bb342-a240-4041-9925-9bb06d991eb9 HTTP/1.1" status: 204 len: 168 time: 0.2100565 /var/lib/openstack/lib/python3.12/site-packages/pycadf/identifier.py:71: UserWarning: Invalid uuid: neutron. To ensure interoperability, identifiers should be a valid uuid. warnings.warn(('Invalid uuid: %s. To ensure interoperability, '
2026-04-27 02:42:08.380 10 INFO neutron.api.wsgi [req-ec3868e6-8ebb-4138-a878-4a285878397b req-b33a34e5-f132-4016-8dcb-840e85ca6616 c4a985e7802a4295997fbec356f446fb db86ffadced8488389308508b6dd26dd - - default default] 10.0.0.238 "GET /v2.0/ports?device_id=52a79392-5c40-4e89-bb75-869281491bbc HTTP/1.1" status: 200 len: 1174 time: 0.0755196
2026-04-27 02:42:08.430 10 INFO neutron.api.wsgi [req-ec3868e6-8ebb-4138-a878-4a285878397b req-f47cc39e-2ba2-4f15-b778-a55cc638b6be c4a985e7802a4295997fbec356f446fb db86ffadced8488389308508b6dd26dd - - default default] 10.0.0.238 "GET /v2.0/security-groups?id=0d05d1e9-aa9e-44ee-b94a-ca16bfac48e7&fields=id&fields=name HTTP/1.1" status: 200 len: 312 time: 0.0430110
2026-04-27 02:42:08.575 9 INFO neutron.api.wsgi [req-14eb849a-47b9-449b-8dc2-2168f942f200 req-5d29b953-920d-41d9-acda-3947edbb6337 c4a985e7802a4295997fbec356f446fb db86ffadced8488389308508b6dd26dd - - default default] 10.0.0.238 "GET /v2.0/ports?device_id=52a79392-5c40-4e89-bb75-869281491bbc HTTP/1.1" status: 200 len: 1174 time: 0.0476868
2026-04-27 02:42:08.612 9 INFO neutron.api.wsgi [req-14eb849a-47b9-449b-8dc2-2168f942f200 req-f95b6b33-05c8-4251-be58-7715124f712e c4a985e7802a4295997fbec356f446fb db86ffadced8488389308508b6dd26dd - - default default] 10.0.0.238 "GET /v2.0/security-groups?id=0d05d1e9-aa9e-44ee-b94a-ca16bfac48e7&fields=id&fields=name HTTP/1.1" status: 200 len: 312 time: 0.0314584
2026-04-27 02:42:08.691 9 INFO neutron.api.wsgi [None req-3ab667e7-00c7-43e7-a942-30d8117d2cd6 eb36e1d8909249dc8cefa7746553fde4 c67e191d3db84452aefd3e8981cd2f18 - - default default] 10.0.0.53 "GET /v2.0/ports?device_id=52a79392-5c40-4e89-bb75-869281491bbc HTTP/1.1" status: 200 len: 1408 time: 0.0452223
2026-04-27 02:42:08.764 10 INFO neutron.db.ovn_revision_numbers_db [None req-107a91ab-52f4-4e23-89d8-c3cedc75abbd 7f32b3f62b5c493c809c6b9a5386e3f9 8aefb44c1b324ed9a4e9ba8168f26158 - - default default] Successfully bumped revision number for resource 3936c68c-ca94-419b-b0dd-16b6e1043937 (type: security_groups) to 1
2026-04-27 02:42:08.778 10 INFO neutron.notifiers.nova [-] Nova event matching ['req-5eb47d40-e933-4384-bc23-0a00921701d8'] response: {'server_uuid': '52a79392-5c40-4e89-bb75-869281491bbc', 'name': 'network-vif-plugged', 'status': 'completed', 'tag': 'a292e842-1233-4fa7-ad42-dc618074fe32', 'code': 200}
2026-04-27 02:42:08.781 10 INFO neutron.db.ovn_revision_numbers_db [None req-107a91ab-52f4-4e23-89d8-c3cedc75abbd 7f32b3f62b5c493c809c6b9a5386e3f9 8aefb44c1b324ed9a4e9ba8168f26158 - - default default] Successfully bumped revision number for resource 7fd20762-3d9c-4dea-9997-455d30999663 (type: security_group_rules) to 0
2026-04-27 02:42:08.803 10 INFO neutron.db.ovn_revision_numbers_db [None req-107a91ab-52f4-4e23-89d8-c3cedc75abbd 7f32b3f62b5c493c809c6b9a5386e3f9 8aefb44c1b324ed9a4e9ba8168f26158 - - default default] Successfully bumped revision number for resource a99c1208-9a7d-4d31-a95d-eb13713c448a (type: security_group_rules) to 0
2026-04-27 02:42:08.817 10 INFO neutron.db.ovn_revision_numbers_db [None req-107a91ab-52f4-4e23-89d8-c3cedc75abbd 7f32b3f62b5c493c809c6b9a5386e3f9 8aefb44c1b324ed9a4e9ba8168f26158 - - default default] Successfully bumped revision number for resource c6e2d517-042c-4537-9c1f-db5714937646 (type: security_group_rules) to 0
2026-04-27 02:42:08.831 10 INFO neutron.db.ovn_revision_numbers_db [None req-107a91ab-52f4-4e23-89d8-c3cedc75abbd 7f32b3f62b5c493c809c6b9a5386e3f9 8aefb44c1b324ed9a4e9ba8168f26158 - - default default] Successfully bumped revision number for resource dfd98e00-b139-4ea6-ab82-9ce269d79aa7 (type: security_group_rules) to 0
2026-04-27 02:42:08.880 10 INFO neutron.api.wsgi [None req-107a91ab-52f4-4e23-89d8-c3cedc75abbd 7f32b3f62b5c493c809c6b9a5386e3f9 8aefb44c1b324ed9a4e9ba8168f26158 - - default default] 10.0.0.53 "GET /v2.0/security-groups?tenant_id=4cb1da8b96fe4964956dd817642acc27&name=default HTTP/1.1" status: 200 len: 3120 time: 0.4955659
2026-04-27 02:42:09.088 10 INFO neutron.api.wsgi [None req-bf11dcb3-76c7-40a1-b47b-7f8023223a90 7f32b3f62b5c493c809c6b9a5386e3f9 8aefb44c1b324ed9a4e9ba8168f26158 - - default default] 10.0.0.53 "DELETE /v2.0/security-groups/3936c68c-ca94-419b-b0dd-16b6e1043937 HTTP/1.1" status: 204 len: 168 time: 0.2030087
2026-04-27 02:42:09.329 10 INFO neutron.db.ovn_revision_numbers_db [None req-41e54b49-b64e-4029-8c1f-c5c1dc76243c 7f32b3f62b5c493c809c6b9a5386e3f9 8aefb44c1b324ed9a4e9ba8168f26158 - - default default] Successfully bumped revision number for resource 294675be-34d4-4792-9f6b-ca5c293861c3 (type: security_groups) to 1
2026-04-27 02:42:09.342 10 INFO neutron.db.ovn_revision_numbers_db [None req-41e54b49-b64e-4029-8c1f-c5c1dc76243c 7f32b3f62b5c493c809c6b9a5386e3f9 8aefb44c1b324ed9a4e9ba8168f26158 - - default default] Successfully bumped revision number for resource 02aaea99-2125-434d-8e8e-0a74a011e081 (type: security_group_rules) to 0
2026-04-27 02:42:09.359 10 INFO neutron.db.ovn_revision_numbers_db [None req-41e54b49-b64e-4029-8c1f-c5c1dc76243c 7f32b3f62b5c493c809c6b9a5386e3f9 8aefb44c1b324ed9a4e9ba8168f26158 - - default default] Successfully bumped revision number for resource 3c20a7c6-6202-418f-a3dd-2b968264e66e (type: security_group_rules) to 0
2026-04-27 02:42:09.375 10 INFO neutron.db.ovn_revision_numbers_db [None req-41e54b49-b64e-4029-8c1f-c5c1dc76243c 7f32b3f62b5c493c809c6b9a5386e3f9 8aefb44c1b324ed9a4e9ba8168f26158 - - default default] Successfully bumped revision number for resource 4dde085f-5f18-4773-8fd5-d18002651c8d (type: security_group_rules) to 0
2026-04-27 02:42:09.392 10 INFO neutron.db.ovn_revision_numbers_db [None req-41e54b49-b64e-4029-8c1f-c5c1dc76243c 7f32b3f62b5c493c809c6b9a5386e3f9 8aefb44c1b324ed9a4e9ba8168f26158 - - default default] Successfully bumped revision number for resource 644b7d2f-f276-48bc-84a7-f68cec39c627 (type: security_group_rules) to 0
2026-04-27 02:42:09.430 10 INFO neutron.api.wsgi [None req-41e54b49-b64e-4029-8c1f-c5c1dc76243c 7f32b3f62b5c493c809c6b9a5386e3f9 8aefb44c1b324ed9a4e9ba8168f26158 - - default default] 10.0.0.53 "GET /v2.0/security-groups?tenant_id=7b05f8425046476e8e8fe2e33c037894&name=default HTTP/1.1" status: 200 len: 3124 time: 0.2293210
2026-04-27 02:42:09.637 10 INFO neutron.api.wsgi [None req-f28d5eee-ddda-4bd1-b73a-5abeda2413ad 7f32b3f62b5c493c809c6b9a5386e3f9 8aefb44c1b324ed9a4e9ba8168f26158 - - default default] 10.0.0.53 "DELETE /v2.0/security-groups/294675be-34d4-4792-9f6b-ca5c293861c3 HTTP/1.1" status: 204 len: 168 time: 0.2007029
2026-04-27 02:42:09.650 9 INFO neutron.db.ovn_revision_numbers_db [None req-6784fc53-5ae8-4003-9b31-34c4fd8d65a8 c4a985e7802a4295997fbec356f446fb db86ffadced8488389308508b6dd26dd - - default default] Successfully bumped revision number for resource aec3ff59-1f50-41e7-835a-1efbfea0e874 (type: floatingips) to 4
2026-04-27 02:42:09.754 9 INFO neutron.db.ovn_revision_numbers_db [None req-6784fc53-5ae8-4003-9b31-34c4fd8d65a8 c4a985e7802a4295997fbec356f446fb db86ffadced8488389308508b6dd26dd - - default default] Successfully bumped revision number for resource aec3ff59-1f50-41e7-835a-1efbfea0e874 (type: floatingips) to 5
2026-04-27 02:42:09.754 9 INFO neutron.db.l3_db [None req-6784fc53-5ae8-4003-9b31-34c4fd8d65a8 c4a985e7802a4295997fbec356f446fb db86ffadced8488389308508b6dd26dd - - default default] Floating IP aec3ff59-1f50-41e7-835a-1efbfea0e874 associated. External IP: 10.96.250.216, port: a292e842-1233-4fa7-ad42-dc618074fe32.
2026-04-27 02:42:09.791 9 INFO neutron.api.wsgi [None req-6784fc53-5ae8-4003-9b31-34c4fd8d65a8 c4a985e7802a4295997fbec356f446fb db86ffadced8488389308508b6dd26dd - - default default] 10.0.0.53 "PUT /v2.0/floatingips/aec3ff59-1f50-41e7-835a-1efbfea0e874 HTTP/1.1" status: 200 len: 1050 time: 1.0944142
2026-04-27 02:42:09.833 9 INFO neutron.notifiers.nova [-] Nova event matching ['req-ad11080f-7bcf-4564-91cd-6f0f8f9fc20f'] response: {'name': 'network-changed', 'server_uuid': '52a79392-5c40-4e89-bb75-869281491bbc', 'tag': 'a292e842-1233-4fa7-ad42-dc618074fe32', 'status': 'completed', 'code': 200}
2026-04-27 02:42:09.842 10 INFO neutron.api.wsgi [None req-14922a4b-babd-4174-a405-d33be367ff49 c4a985e7802a4295997fbec356f446fb db86ffadced8488389308508b6dd26dd - - default default] 10.0.0.53 "GET /v2.0/floatingips/aec3ff59-1f50-41e7-835a-1efbfea0e874 HTTP/1.1" status: 200 len: 1052 time: 0.0451868
2026-04-27 02:42:09.923 10 INFO neutron.db.ovn_revision_numbers_db [None req-058db6b5-0a7a-4af6-bb6f-99b3e0ad7cb7 7f32b3f62b5c493c809c6b9a5386e3f9 8aefb44c1b324ed9a4e9ba8168f26158 - - default default] Successfully bumped revision number for resource 884ca297-9b9f-4ec5-bde7-20d24c38a5a7 (type: security_groups) to 1
2026-04-27 02:42:09.950 10 INFO neutron.db.ovn_revision_numbers_db [None req-058db6b5-0a7a-4af6-bb6f-99b3e0ad7cb7 7f32b3f62b5c493c809c6b9a5386e3f9 8aefb44c1b324ed9a4e9ba8168f26158 - - default default] Successfully bumped revision number for resource 170ea387-c1e3-4a3f-925c-3d1ab01223af (type: security_group_rules) to 0
2026-04-27 02:42:09.993 10 INFO neutron.db.ovn_revision_numbers_db [None req-058db6b5-0a7a-4af6-bb6f-99b3e0ad7cb7 7f32b3f62b5c493c809c6b9a5386e3f9 8aefb44c1b324ed9a4e9ba8168f26158 - - default default] Successfully bumped revision number for resource c5c4602b-76ed-4cd5-ba81-e6c43ca2301e (type: security_group_rules) to 0
2026-04-27 02:42:10.096 10 INFO neutron.db.ovn_revision_numbers_db [None req-058db6b5-0a7a-4af6-bb6f-99b3e0ad7cb7 7f32b3f62b5c493c809c6b9a5386e3f9 8aefb44c1b324ed9a4e9ba8168f26158 - - default default] Successfully bumped revision number for resource e3055d24-7960-4bac-b4e0-714cec45bb49 (type: security_group_rules) to 0
2026-04-27 02:42:10.141 10 INFO neutron.db.ovn_revision_numbers_db [None req-058db6b5-0a7a-4af6-bb6f-99b3e0ad7cb7 7f32b3f62b5c493c809c6b9a5386e3f9 8aefb44c1b324ed9a4e9ba8168f26158 - - default default] Successfully bumped revision number for resource e66e0e79-baa9-471a-92e1-56fbb1cae810 (type: security_group_rules) to 0
2026-04-27 02:42:10.176 10 INFO neutron.api.wsgi [None req-058db6b5-0a7a-4af6-bb6f-99b3e0ad7cb7 7f32b3f62b5c493c809c6b9a5386e3f9 8aefb44c1b324ed9a4e9ba8168f26158 - - default default] 10.0.0.53 "GET /v2.0/security-groups?tenant_id=16a909d716154cd08689583466202928&name=default HTTP/1.1" status: 200 len: 3124 time: 0.4011407 /var/lib/openstack/lib/python3.12/site-packages/pycadf/identifier.py:71: UserWarning: Invalid uuid: neutron. To ensure interoperability, identifiers should be a valid uuid. warnings.warn(('Invalid uuid: %s. To ensure interoperability, '
2026-04-27 02:42:10.379 9 INFO neutron.api.wsgi [req-4b396b06-33c6-4bbc-af17-811fdd11872b req-bb08003a-208c-40ef-9515-5c6ad3307e3d 5a7c2656d7f54c2684277aed0928d538 c7c05e34570848eda1ce4810e237543e - - c8fc793b48bf4dfa8cefb7924173bcf9 c8fc793b48bf4dfa8cefb7924173bcf9] 199.204.45.115 "GET /v2.0/ports?tenant_id=db86ffadced8488389308508b6dd26dd&device_id=52a79392-5c40-4e89-bb75-869281491bbc HTTP/1.1" status: 200 len: 1413 time: 0.0358322
2026-04-27 02:42:10.429 9 INFO neutron.api.wsgi [req-4b396b06-33c6-4bbc-af17-811fdd11872b req-c8ddd5fd-8928-4339-9ad8-ed08625ac610 5a7c2656d7f54c2684277aed0928d538 c7c05e34570848eda1ce4810e237543e - - c8fc793b48bf4dfa8cefb7924173bcf9 c8fc793b48bf4dfa8cefb7924173bcf9] 199.204.45.115 "GET /v2.0/networks?id=b27de2cf-adec-40d1-963c-3adc262e64e5 HTTP/1.1" status: 200 len: 958 time: 0.0449567
2026-04-27 02:42:10.500 9 INFO neutron.api.wsgi [req-4b396b06-33c6-4bbc-af17-811fdd11872b req-03e1bdf1-5434-41c7-b201-2b75492c21c2 5a7c2656d7f54c2684277aed0928d538 c7c05e34570848eda1ce4810e237543e - - c8fc793b48bf4dfa8cefb7924173bcf9 c8fc793b48bf4dfa8cefb7924173bcf9] 199.204.45.115 "GET /v2.0/floatingips?fixed_ip_address=10.100.0.11&port_id=a292e842-1233-4fa7-ad42-dc618074fe32 HTTP/1.1" status: 200 len: 1060 time: 0.0631993
2026-04-27 02:42:10.539 9 INFO neutron.api.wsgi [req-4b396b06-33c6-4bbc-af17-811fdd11872b req-e4d37b35-029d-4dcd-b132-dd3207e0731f 5a7c2656d7f54c2684277aed0928d538 c7c05e34570848eda1ce4810e237543e - - c8fc793b48bf4dfa8cefb7924173bcf9 c8fc793b48bf4dfa8cefb7924173bcf9] 199.204.45.115 "GET /v2.0/subnets?id=eeab729d-0818-4139-8123-c64f75e1e6ed HTTP/1.1" status: 200 len: 876 time: 0.0329072
2026-04-27 02:42:10.563 9 INFO neutron.api.wsgi [req-4b396b06-33c6-4bbc-af17-811fdd11872b req-31dd2ea4-de32-42ba-b0f5-2653f808c994 5a7c2656d7f54c2684277aed0928d538 c7c05e34570848eda1ce4810e237543e - - c8fc793b48bf4dfa8cefb7924173bcf9 c8fc793b48bf4dfa8cefb7924173bcf9] 199.204.45.115 "GET /v2.0/ports?network_id=b27de2cf-adec-40d1-963c-3adc262e64e5&device_owner=network%3Adhcp HTTP/1.1" status: 200 len: 210 time: 0.0179970
2026-04-27 02:42:10.634 9 INFO neutron.api.wsgi [req-4b396b06-33c6-4bbc-af17-811fdd11872b req-8f1a706a-471f-4405-a724-1c111a4f8c48 5a7c2656d7f54c2684277aed0928d538 c7c05e34570848eda1ce4810e237543e - - c8fc793b48bf4dfa8cefb7924173bcf9 c8fc793b48bf4dfa8cefb7924173bcf9] 199.204.45.115 "GET /v2.0/networks/b27de2cf-adec-40d1-963c-3adc262e64e5?fields=segments HTTP/1.1" status: 200 len: 212 time: 0.0637264
