2026-04-27 02:39:26.525 10 INFO neutron.db.ovn_revision_numbers_db [None req-959c1740-f2d8-40f7-b363-91668c86a2d8 7f32b3f62b5c493c809c6b9a5386e3f9 8aefb44c1b324ed9a4e9ba8168f26158 - - default default] Successfully bumped revision number for resource 9b746391-a09c-47f7-999d-7516a5e517ca (type: security_group_rules) to 0
2026-04-27 02:39:26.538 10 INFO neutron.db.ovn_revision_numbers_db [None req-959c1740-f2d8-40f7-b363-91668c86a2d8 7f32b3f62b5c493c809c6b9a5386e3f9 8aefb44c1b324ed9a4e9ba8168f26158 - - default default] Successfully bumped revision number for resource e5059f71-4178-4121-97ff-651277fd0278 (type: security_group_rules) to 0
2026-04-27 02:39:26.542 9 INFO neutron.notifiers.nova [-] Nova event matching ['req-e5c8ac0f-f286-4a32-a5af-15ee2081113f'] response: {'server_uuid': 'bab8bb29-6f96-4d18-b106-1501b73c072c', 'name': 'network-vif-deleted', 'tag': '6b0c2028-0dca-4fd8-9d2d-119e0cf0c323', 'status': 'completed', 'code': 200}
2026-04-27 02:39:26.578 10 INFO neutron.api.wsgi [None req-959c1740-f2d8-40f7-b363-91668c86a2d8 7f32b3f62b5c493c809c6b9a5386e3f9 8aefb44c1b324ed9a4e9ba8168f26158 - - default default] 10.0.0.53 "GET /v2.0/security-groups?tenant_id=35da6033635c415fba24aec124ec0f96&name=default HTTP/1.1" status: 200 len: 3120 time: 0.2495317 /var/lib/openstack/lib/python3.12/site-packages/pycadf/identifier.py:71: UserWarning: Invalid uuid: neutron. To ensure interoperability, identifiers should be a valid uuid. warnings.warn(('Invalid uuid: %s. To ensure interoperability, '
2026-04-27 02:39:26.674 9 INFO neutron.api.wsgi [req-8131a757-ba97-4c18-ab86-d42cf59d8fc3 req-dd8cf6ac-49b9-46fb-87a0-8e3f909e4255 407efca2432849d79b202edeaea3498d e6d7ac9e636e4ba798e03a6f0cedc4b8 - - default default] 10.0.0.238 "GET /v2.0/ports?device_id=bab8bb29-6f96-4d18-b106-1501b73c072c HTTP/1.1" status: 200 len: 210 time: 0.0200284
2026-04-27 02:39:26.791 10 INFO neutron.api.wsgi [None req-08a6740d-579f-4718-a4f2-89792ab86784 7f32b3f62b5c493c809c6b9a5386e3f9 8aefb44c1b324ed9a4e9ba8168f26158 - - default default] 10.0.0.53 "DELETE /v2.0/security-groups/93b6dd0b-a129-48ea-ae90-0070d9edb066 HTTP/1.1" status: 204 len: 168 time: 0.2066052
2026-04-27 02:39:27.206 10 INFO neutron.plugins.ml2.drivers.ovn.mech_driver.mech_driver [None req-bc10f7d8-1fd0-4230-8f6d-cd1d38e94aeb - - - - - -] OVN reports status up for port: c4303484-db57-4eb0-8a24-77663021ebf3
2026-04-27 02:39:27.219 10 INFO neutron.plugins.ml2.plugin [None req-bc10f7d8-1fd0-4230-8f6d-cd1d38e94aeb - - - - - -] Attempt 1 to provision port c4303484-db57-4eb0-8a24-77663021ebf3
2026-04-27 02:39:27.340 9 INFO neutron.api.wsgi [req-73f78b6c-6aac-47e1-9f66-fd7a7a309f1b req-17e930f9-d878-4da7-b82e-2526679f8716 cac7f0a6847e4959af5d131ae3ece73d 684b1eb42cba4df291387af9cc127050 - - default default] 10.0.0.238 "GET /v2.0/ports?device_id=e1b0251b-1efb-4fd6-a067-7a41f3e4dc8e HTTP/1.1" status: 200 len: 1168 time: 0.0603051
2026-04-27 02:39:27.406 9 INFO neutron.api.wsgi [req-73f78b6c-6aac-47e1-9f66-fd7a7a309f1b req-effbccdd-ec84-4895-a156-e6dbbf35d02f cac7f0a6847e4959af5d131ae3ece73d 684b1eb42cba4df291387af9cc127050 - - default default] 10.0.0.238 "GET /v2.0/security-groups?id=451c988e-7520-4b83-ae6e-5af53762f58d&fields=id&fields=name HTTP/1.1" status: 200 len: 313 time: 0.0594769
2026-04-27 02:39:27.439 10 INFO neutron.db.ovn_revision_numbers_db [None req-bc10f7d8-1fd0-4230-8f6d-cd1d38e94aeb - - - - - -] Successfully bumped revision number for resource c4303484-db57-4eb0-8a24-77663021ebf3 (type: ports) to 5 /var/lib/openstack/lib/python3.12/site-packages/pycadf/identifier.py:71: UserWarning: Invalid uuid: neutron. To ensure interoperability, identifiers should be a valid uuid. warnings.warn(('Invalid uuid: %s. To ensure interoperability, '
2026-04-27 02:39:27.600 10 INFO neutron.db.ovn_revision_numbers_db [None req-5319e988-6f45-4f7c-9cac-a4e2a64e05aa 7f32b3f62b5c493c809c6b9a5386e3f9 8aefb44c1b324ed9a4e9ba8168f26158 - - default default] Successfully bumped revision number for resource bde0d296-f673-45d8-938c-43d4455fff1c (type: security_groups) to 1
2026-04-27 02:39:27.616 10 INFO neutron.db.ovn_revision_numbers_db [None req-5319e988-6f45-4f7c-9cac-a4e2a64e05aa 7f32b3f62b5c493c809c6b9a5386e3f9 8aefb44c1b324ed9a4e9ba8168f26158 - - default default] Successfully bumped revision number for resource 208faec3-bb55-41f5-b5fb-5f068e4d154d (type: security_group_rules) to 0
2026-04-27 02:39:27.644 10 INFO neutron.db.ovn_revision_numbers_db [None req-5319e988-6f45-4f7c-9cac-a4e2a64e05aa 7f32b3f62b5c493c809c6b9a5386e3f9 8aefb44c1b324ed9a4e9ba8168f26158 - - default default] Successfully bumped revision number for resource 25de17c6-553f-4987-9cdf-f82a2d2eaf3d (type: security_group_rules) to 0
2026-04-27 02:39:27.660 10 INFO neutron.db.ovn_revision_numbers_db [None req-5319e988-6f45-4f7c-9cac-a4e2a64e05aa 7f32b3f62b5c493c809c6b9a5386e3f9 8aefb44c1b324ed9a4e9ba8168f26158 - - default default] Successfully bumped revision number for resource 37baf128-c233-4102-b495-86ef2b671814 (type: security_group_rules) to 0
2026-04-27 02:39:27.673 10 INFO neutron.db.ovn_revision_numbers_db [None req-5319e988-6f45-4f7c-9cac-a4e2a64e05aa 7f32b3f62b5c493c809c6b9a5386e3f9 8aefb44c1b324ed9a4e9ba8168f26158 - - default default] Successfully bumped revision number for resource 800ea4c4-3df9-498c-b880-2a6139081bb2 (type: security_group_rules) to 0
2026-04-27 02:39:27.702 10 INFO neutron.api.wsgi [None req-5319e988-6f45-4f7c-9cac-a4e2a64e05aa 7f32b3f62b5c493c809c6b9a5386e3f9 8aefb44c1b324ed9a4e9ba8168f26158 - - default default] 10.0.0.53 "GET /v2.0/security-groups?tenant_id=2e0ab4c631214de2b4fa7c5cd862b605&name=default HTTP/1.1" status: 200 len: 3120 time: 0.4225411
2026-04-27 02:39:27.763 10 INFO neutron.api.wsgi [req-7445ac5d-b96e-4c15-b1e4-03b5a40b7031 req-58a8045d-d80f-41d1-8c9d-a488edd239b2 407efca2432849d79b202edeaea3498d e6d7ac9e636e4ba798e03a6f0cedc4b8 - - default default] 10.0.0.238 "GET /v2.0/ports?device_id=bab8bb29-6f96-4d18-b106-1501b73c072c HTTP/1.1" status: 200 len: 210 time: 0.0205610
2026-04-27 02:39:27.927 10 INFO neutron.api.wsgi [None req-486945ba-1077-4df1-9ae1-e92fad6cbfc1 7f32b3f62b5c493c809c6b9a5386e3f9 8aefb44c1b324ed9a4e9ba8168f26158 - - default default] 10.0.0.53 "DELETE /v2.0/security-groups/bde0d296-f673-45d8-938c-43d4455fff1c HTTP/1.1" status: 204 len: 168 time: 0.2211680
2026-04-27 02:39:28.298 10 INFO neutron.notifiers.nova [-] Nova event matching ['req-16b9abd6-18ad-4e5e-a358-b45c3862f270'] response: {'server_uuid': 'e1b0251b-1efb-4fd6-a067-7a41f3e4dc8e', 'name': 'network-vif-plugged', 'status': 'completed', 'tag': 'c4303484-db57-4eb0-8a24-77663021ebf3', 'code': 200}
2026-04-27 02:39:28.298 10 INFO neutron.notifiers.nova [-] Nova event matching ['req-16b9abd6-18ad-4e5e-a358-b45c3862f270'] response: {'server_uuid': 'e1b0251b-1efb-4fd6-a067-7a41f3e4dc8e', 'name': 'network-vif-plugged', 'status': 'completed', 'tag': 'c4303484-db57-4eb0-8a24-77663021ebf3', 'code': 200}
2026-04-27 02:39:28.511 10 INFO neutron.api.wsgi [req-ce493506-dd39-498f-9c5d-977a109dc7b4 req-0d7c98a8-a5f5-4faa-bc09-dd5bf975f83a cac7f0a6847e4959af5d131ae3ece73d 684b1eb42cba4df291387af9cc127050 - - default default] 10.0.0.238 "GET /v2.0/ports?device_id=e1b0251b-1efb-4fd6-a067-7a41f3e4dc8e HTTP/1.1" status: 200 len: 1170 time: 0.0459111
2026-04-27 02:39:28.555 10 INFO neutron.api.wsgi [req-ce493506-dd39-498f-9c5d-977a109dc7b4 req-49a7c87b-c954-4d10-9397-5936ab2ae240 cac7f0a6847e4959af5d131ae3ece73d 684b1eb42cba4df291387af9cc127050 - - default default] 10.0.0.238 "GET /v2.0/security-groups?id=451c988e-7520-4b83-ae6e-5af53762f58d&fields=id&fields=name HTTP/1.1" status: 200 len: 313 time: 0.0356472
2026-04-27 02:39:28.888 9 INFO neutron.api.wsgi [req-32e1ef6a-470a-467d-acf6-b1759778d368 req-391a93cc-189e-4216-bead-057e1dd13a08 407efca2432849d79b202edeaea3498d e6d7ac9e636e4ba798e03a6f0cedc4b8 - - default default] 10.0.0.238 "GET /v2.0/ports?device_id=bab8bb29-6f96-4d18-b106-1501b73c072c HTTP/1.1" status: 200 len: 210 time: 0.0228341
2026-04-27 02:39:29.701 10 INFO neutron.api.wsgi [req-8252ef3e-9634-4cdb-b517-8cc4b426ebd5 req-3ddd2566-be6f-40fb-95be-b80b475ec873 cac7f0a6847e4959af5d131ae3ece73d 684b1eb42cba4df291387af9cc127050 - - default default] 10.0.0.238 "GET /v2.0/ports?device_id=e1b0251b-1efb-4fd6-a067-7a41f3e4dc8e HTTP/1.1" status: 200 len: 1170 time: 0.0830128
2026-04-27 02:39:29.748 10 INFO neutron.api.wsgi [req-8252ef3e-9634-4cdb-b517-8cc4b426ebd5 req-62115e62-2714-409e-82b5-703c483537ed cac7f0a6847e4959af5d131ae3ece73d 684b1eb42cba4df291387af9cc127050 - - default default] 10.0.0.238 "GET /v2.0/security-groups?id=451c988e-7520-4b83-ae6e-5af53762f58d&fields=id&fields=name HTTP/1.1" status: 200 len: 313 time: 0.0414336
2026-04-27 02:39:29.842 9 INFO neutron.api.wsgi [req-f4038949-64d6-4aa6-a544-ce6fe77cb1e6 req-20fa6dca-634d-422f-b7f8-640a71eb864b cac7f0a6847e4959af5d131ae3ece73d 684b1eb42cba4df291387af9cc127050 - - default default] 10.0.0.238 "GET /v2.0/ports?device_id=e1b0251b-1efb-4fd6-a067-7a41f3e4dc8e HTTP/1.1" status: 200 len: 1170 time: 0.0349128
2026-04-27 02:39:30.126 9 INFO neutron.api.wsgi [None req-dc51e713-5089-437b-b206-9454faf4945a 407efca2432849d79b202edeaea3498d e6d7ac9e636e4ba798e03a6f0cedc4b8 - - default default] 10.0.0.53 "DELETE /v2.0/security-groups/c7b3a16b-e9c6-4891-af6c-6d07ba05d4bb HTTP/1.1" status: 204 len: 168 time: 0.1297858
2026-04-27 02:39:30.143 9 INFO neutron.api.v2.resource [None req-c67a7a20-435d-469d-a7a6-f23af4935055 407efca2432849d79b202edeaea3498d e6d7ac9e636e4ba798e03a6f0cedc4b8 - - default default] show failed (client error): The resource could not be found.
2026-04-27 02:39:30.144 9 INFO neutron.api.wsgi [None req-c67a7a20-435d-469d-a7a6-f23af4935055 407efca2432849d79b202edeaea3498d e6d7ac9e636e4ba798e03a6f0cedc4b8 - - default default] 10.0.0.53 "GET /v2.0/security-groups/c7b3a16b-e9c6-4891-af6c-6d07ba05d4bb HTTP/1.1" status: 404 len: 347 time: 0.0119188
2026-04-27 02:39:30.375 10 INFO neutron.db.ovn_revision_numbers_db [None req-f1ffbbea-ddaf-4db8-8b69-621b2c223ff1 cac7f0a6847e4959af5d131ae3ece73d 684b1eb42cba4df291387af9cc127050 - - default default] Successfully bumped revision number for resource 39d876e8-ff42-4208-b2d8-f8577e7f9e20 (type: floatingips) to 1
2026-04-27 02:39:30.492 9 INFO neutron.api.wsgi [None req-e3d0a151-17d2-474f-a91f-81435670ead6 407efca2432849d79b202edeaea3498d e6d7ac9e636e4ba798e03a6f0cedc4b8 - - default default] 10.0.0.53 "DELETE /v2.0/floatingips/3ed3a112-f44f-4c78-bb34-8edf852c3b84 HTTP/1.1" status: 204 len: 168 time: 0.3330731
2026-04-27 02:39:30.493 10 INFO neutron.db.ovn_revision_numbers_db [None req-f1ffbbea-ddaf-4db8-8b69-621b2c223ff1 cac7f0a6847e4959af5d131ae3ece73d 684b1eb42cba4df291387af9cc127050 - - default default] Successfully bumped revision number for resource 39d876e8-ff42-4208-b2d8-f8577e7f9e20 (type: floatingips) to 2
2026-04-27 02:39:30.493 10 INFO neutron.db.l3_db [None req-f1ffbbea-ddaf-4db8-8b69-621b2c223ff1 cac7f0a6847e4959af5d131ae3ece73d 684b1eb42cba4df291387af9cc127050 - - default default] Floating IP 39d876e8-ff42-4208-b2d8-f8577e7f9e20 associated. External IP: 10.96.250.203, port: c4303484-db57-4eb0-8a24-77663021ebf3.
2026-04-27 02:39:30.527 10 INFO neutron.api.wsgi [None req-f1ffbbea-ddaf-4db8-8b69-621b2c223ff1 cac7f0a6847e4959af5d131ae3ece73d 684b1eb42cba4df291387af9cc127050 - - default default] 10.0.0.53 "PUT /v2.0/floatingips/39d876e8-ff42-4208-b2d8-f8577e7f9e20 HTTP/1.1" status: 200 len: 1049 time: 0.6703479
2026-04-27 02:39:30.561 10 INFO neutron.notifiers.nova [-] Nova event matching ['req-417970e4-7b4a-4298-8d82-f2a46585ed84'] response: {'name': 'network-changed', 'server_uuid': 'e1b0251b-1efb-4fd6-a067-7a41f3e4dc8e', 'tag': 'c4303484-db57-4eb0-8a24-77663021ebf3', 'status': 'completed', 'code': 200} /var/lib/openstack/lib/python3.12/site-packages/pycadf/identifier.py:71: UserWarning: Invalid uuid: neutron. To ensure interoperability, identifiers should be a valid uuid. warnings.warn(('Invalid uuid: %s. To ensure interoperability, '
2026-04-27 02:39:30.623 10 INFO neutron.api.wsgi [req-b19a8647-a7f8-4a15-977b-8ceae44967eb req-1b54481f-b743-45dc-ae91-f16382985697 cac7f0a6847e4959af5d131ae3ece73d 684b1eb42cba4df291387af9cc127050 - - default default] 10.0.0.238 "GET /v2.0/ports?device_id=e1b0251b-1efb-4fd6-a067-7a41f3e4dc8e HTTP/1.1" status: 200 len: 1170 time: 0.0380795
2026-04-27 02:39:30.667 10 INFO neutron.api.wsgi [req-b19a8647-a7f8-4a15-977b-8ceae44967eb req-956b03c2-dba5-4f8e-a1e4-7a19a953fcb1 cac7f0a6847e4959af5d131ae3ece73d 684b1eb42cba4df291387af9cc127050 - - default default] 10.0.0.238 "GET /v2.0/security-groups?id=451c988e-7520-4b83-ae6e-5af53762f58d&fields=id&fields=name HTTP/1.1" status: 200 len: 313 time: 0.0392771
2026-04-27 02:39:31.088 9 WARNING neutron_lib.context [None req-9bb2034c-6a23-44db-bffe-feaf9d36afda f150672c0ac44399933e08469ca4ef1c 75f79cac50284ece98a3196647869204 - - default default] Method 'is_advsvc' is deprecated since 2023.2 release (neutron-lib 3.8.0) and will be removed once support for the old RBAC API policies will be removed from Neutron. Please use method 'is_service_role' instead.
2026-04-27 02:39:31.147 9 INFO neutron.api.wsgi [req-77d1c477-1cea-441d-968f-565195f59cd8 req-02039aec-7bcb-4bfa-a3cc-f869e48b5c0b 5a7c2656d7f54c2684277aed0928d538 c7c05e34570848eda1ce4810e237543e - - c8fc793b48bf4dfa8cefb7924173bcf9 c8fc793b48bf4dfa8cefb7924173bcf9] 199.204.45.115 "GET /v2.0/ports?tenant_id=684b1eb42cba4df291387af9cc127050&device_id=e1b0251b-1efb-4fd6-a067-7a41f3e4dc8e HTTP/1.1" status: 200 len: 1409 time: 0.0772471
2026-04-27 02:39:31.231 9 INFO neutron.api.wsgi [req-f1c8a611-5a22-4a84-b92e-724c86e51abc req-0793b5f7-3d64-4411-8106-441b63f6016d cac7f0a6847e4959af5d131ae3ece73d 684b1eb42cba4df291387af9cc127050 - - default default] 10.0.0.238 "GET /v2.0/ports?device_id=e1b0251b-1efb-4fd6-a067-7a41f3e4dc8e HTTP/1.1" status: 200 len: 1170 time: 0.1325815
2026-04-27 02:39:31.253 9 INFO neutron.api.wsgi [req-77d1c477-1cea-441d-968f-565195f59cd8 req-27a8d3b0-11a9-44df-bd06-93682bc30b47 5a7c2656d7f54c2684277aed0928d538 c7c05e34570848eda1ce4810e237543e - - c8fc793b48bf4dfa8cefb7924173bcf9 c8fc793b48bf4dfa8cefb7924173bcf9] 199.204.45.115 "GET /v2.0/networks?id=21905497-1cab-4d63-99c6-6baa66910679 HTTP/1.1" status: 200 len: 973 time: 0.0958102
2026-04-27 02:39:31.316 9 INFO neutron.api.wsgi [req-f1c8a611-5a22-4a84-b92e-724c86e51abc req-0e6ca8c4-2294-43af-b7e3-cf0210fb42b6 cac7f0a6847e4959af5d131ae3ece73d 684b1eb42cba4df291387af9cc127050 - - default default] 10.0.0.238 "GET /v2.0/security-groups?id=451c988e-7520-4b83-ae6e-5af53762f58d&fields=id&fields=name HTTP/1.1" status: 200 len: 313 time: 0.0778215
2026-04-27 02:39:31.329 9 INFO neutron.api.wsgi [req-77d1c477-1cea-441d-968f-565195f59cd8 req-84685e98-84be-4638-9631-f0a187e94432 5a7c2656d7f54c2684277aed0928d538 c7c05e34570848eda1ce4810e237543e - - c8fc793b48bf4dfa8cefb7924173bcf9 c8fc793b48bf4dfa8cefb7924173bcf9] 199.204.45.115 "GET /v2.0/floatingips?fixed_ip_address=10.100.0.7&port_id=c4303484-db57-4eb0-8a24-77663021ebf3 HTTP/1.1" status: 200 len: 1059 time: 0.0668666
2026-04-27 02:39:31.377 9 INFO neutron.api.wsgi [req-77d1c477-1cea-441d-968f-565195f59cd8 req-94ddc2f6-b2a2-44f6-a128-47cb6ec0238f 5a7c2656d7f54c2684277aed0928d538 c7c05e34570848eda1ce4810e237543e - - c8fc793b48bf4dfa8cefb7924173bcf9 c8fc793b48bf4dfa8cefb7924173bcf9] 199.204.45.115 "GET /v2.0/subnets?id=eb0c91a9-7b8c-4a4b-b80d-dd8e7b208ec4 HTTP/1.1" status: 200 len: 892 time: 0.0392241
2026-04-27 02:39:31.396 9 INFO neutron.db.ovn_revision_numbers_db [None req-9bb2034c-6a23-44db-bffe-feaf9d36afda f150672c0ac44399933e08469ca4ef1c 75f79cac50284ece98a3196647869204 - - default default] Successfully bumped revision number for resource 76e71676-d9f3-457e-a833-61c6a04ca2c4 (type: security_groups) to 1
2026-04-27 02:39:31.408 9 INFO neutron.api.wsgi [req-77d1c477-1cea-441d-968f-565195f59cd8 req-459c6909-18fc-4584-8814-372c4f096fe1 5a7c2656d7f54c2684277aed0928d538 c7c05e34570848eda1ce4810e237543e - - c8fc793b48bf4dfa8cefb7924173bcf9 c8fc793b48bf4dfa8cefb7924173bcf9] 199.204.45.115 "GET /v2.0/ports?network_id=21905497-1cab-4d63-99c6-6baa66910679&device_owner=network%3Adhcp HTTP/1.1" status: 200 len: 210 time: 0.0188918
2026-04-27 02:39:31.433 9 INFO neutron.db.ovn_revision_numbers_db [None req-9bb2034c-6a23-44db-bffe-feaf9d36afda f150672c0ac44399933e08469ca4ef1c 75f79cac50284ece98a3196647869204 - - default default] Successfully bumped revision number for resource 595e46dd-0ccc-4821-a523-1976caa94d7b (type: security_group_rules) to 0
2026-04-27 02:39:31.455 9 INFO neutron.db.ovn_revision_numbers_db [None req-9bb2034c-6a23-44db-bffe-feaf9d36afda f150672c0ac44399933e08469ca4ef1c 75f79cac50284ece98a3196647869204 - - default default] Successfully bumped revision number for resource 7328b5ba-9035-4dae-a27d-320479c6307f (type: security_group_rules) to 0
2026-04-27 02:39:31.478 9 INFO neutron.db.ovn_revision_numbers_db [None req-9bb2034c-6a23-44db-bffe-feaf9d36afda f150672c0ac44399933e08469ca4ef1c 75f79cac50284ece98a3196647869204 - - default default] Successfully bumped revision number for resource c968d160-5e6f-4579-8bdc-82a41d082b27 (type: security_group_rules) to 0
2026-04-27 02:39:31.494 9 INFO neutron.api.wsgi [req-77d1c477-1cea-441d-968f-565195f59cd8 req-b5ce5869-39e7-4b9a-a6e8-c12e58135c08 5a7c2656d7f54c2684277aed0928d538 c7c05e34570848eda1ce4810e237543e - - c8fc793b48bf4dfa8cefb7924173bcf9 c8fc793b48bf4dfa8cefb7924173bcf9] 199.204.45.115 "GET /v2.0/networks/21905497-1cab-4d63-99c6-6baa66910679?fields=segments HTTP/1.1" status: 200 len: 212 time: 0.0799041
2026-04-27 02:39:31.498 9 INFO neutron.db.ovn_revision_numbers_db [None req-9bb2034c-6a23-44db-bffe-feaf9d36afda f150672c0ac44399933e08469ca4ef1c 75f79cac50284ece98a3196647869204 - - default default] Successfully bumped revision number for resource f30a04eb-a953-4ea5-8c22-a355577ec31d (type: security_group_rules) to 0
2026-04-27 02:39:31.591 9 INFO neutron.db.segments_db [None req-9bb2034c-6a23-44db-bffe-feaf9d36afda f150672c0ac44399933e08469ca4ef1c 75f79cac50284ece98a3196647869204 - - default default] Added segment f1c504ea-199f-4272-ad7b-af47f18208bc of type geneve for network 727bf4f4-12db-4073-bf88-9e3b5e732ee9
2026-04-27 02:39:31.611 9 INFO neutron.api.wsgi [req-77d1c477-1cea-441d-968f-565195f59cd8 req-8d126e65-f895-4dca-a178-38b7cef02d20 5a7c2656d7f54c2684277aed0928d538 c7c05e34570848eda1ce4810e237543e - - c8fc793b48bf4dfa8cefb7924173bcf9 c8fc793b48bf4dfa8cefb7924173bcf9] 199.204.45.115 "GET /v2.0/networks/21905497-1cab-4d63-99c6-6baa66910679?fields=provider%3Aphysical_network&fields=provider%3Anetwork_type HTTP/1.1" status: 200 len: 277 time: 0.1108372
2026-04-27 02:39:31.633 10 INFO neutron.plugins.ml2.drivers.ovn.mech_driver.mech_driver [None req-c7714124-2799-4429-92f4-6467a26bd93a - - - - - -] OVN reports status down for port: c4303484-db57-4eb0-8a24-77663021ebf3
2026-04-27 02:39:31.741 9 INFO neutron.db.ovn_revision_numbers_db [None req-9bb2034c-6a23-44db-bffe-feaf9d36afda f150672c0ac44399933e08469ca4ef1c 75f79cac50284ece98a3196647869204 - - default default] Successfully bumped revision number for resource 727bf4f4-12db-4073-bf88-9e3b5e732ee9 (type: networks) to 1
2026-04-27 02:39:31.859 9 INFO neutron.api.wsgi [None req-36f06adc-0def-4cb0-ab8d-31d3c6d484e7 7f32b3f62b5c493c809c6b9a5386e3f9 8aefb44c1b324ed9a4e9ba8168f26158 - - default default] 10.0.0.53 "PUT /v2.0/routers/d6be7863-fa13-48de-a5bd-2cb8d2c3479c/remove_router_interface HTTP/1.1" status: 200 len: 503 time: 1.3629534
2026-04-27 02:39:31.974 9 WARNING neutron.scheduler.dhcp_agent_scheduler [None req-9bb2034c-6a23-44db-bffe-feaf9d36afda f150672c0ac44399933e08469ca4ef1c 75f79cac50284ece98a3196647869204 - - default default] No more DHCP agents
2026-04-27 02:39:31.975 9 WARNING neutron.api.rpc.agentnotifiers.dhcp_rpc_agent_api [None req-9bb2034c-6a23-44db-bffe-feaf9d36afda f150672c0ac44399933e08469ca4ef1c 75f79cac50284ece98a3196647869204 - - default default] Unable to schedule network 727bf4f4-12db-4073-bf88-9e3b5e732ee9: no agents available; will retry on subsequent port and subnet creation events.
2026-04-27 02:39:31.991 10 INFO neutron.db.ovn_revision_numbers_db [None req-c7714124-2799-4429-92f4-6467a26bd93a - - - - - -] Successfully bumped revision number for resource c4303484-db57-4eb0-8a24-77663021ebf3 (type: ports) to 6
2026-04-27 02:39:32.044 9 INFO neutron.db.ovn_revision_numbers_db [None req-9bb2034c-6a23-44db-bffe-feaf9d36afda f150672c0ac44399933e08469ca4ef1c 75f79cac50284ece98a3196647869204 - - default default] Successfully bumped revision number for resource be0c1caf-901b-4390-a6ae-70ae2cad5363 (type: ports) to 1
2026-04-27 02:39:32.068 9 INFO neutron.api.wsgi [None req-9bb2034c-6a23-44db-bffe-feaf9d36afda f150672c0ac44399933e08469ca4ef1c 75f79cac50284ece98a3196647869204 - - default default] 10.0.0.53 "POST /v2.0/networks HTTP/1.1" status: 201 len: 831 time: 1.1989670 /var/lib/openstack/lib/python3.12/site-packages/pycadf/identifier.py:71: UserWarning: Invalid uuid: neutron. To ensure interoperability, identifiers should be a valid uuid. warnings.warn(('Invalid uuid: %s. To ensure interoperability, '
2026-04-27 02:39:32.080 9 WARNING neutron_lib.context [None req-c48518ab-7e67-43d8-b1df-5b90f53c1560 f150672c0ac44399933e08469ca4ef1c 75f79cac50284ece98a3196647869204 - - default default] Method 'is_advsvc' is deprecated since 2023.2 release (neutron-lib 3.8.0) and will be removed once support for the old RBAC API policies will be removed from Neutron. Please use method 'is_service_role' instead.
2026-04-27 02:39:32.169 9 INFO neutron.db.segments_db [None req-c48518ab-7e67-43d8-b1df-5b90f53c1560 f150672c0ac44399933e08469ca4ef1c 75f79cac50284ece98a3196647869204 - - default default] Added segment 211ffc5a-bbda-404f-8465-dbc9a5a9475b of type geneve for network 981e0471-e8b3-4aee-ba21-20c3c0207612
2026-04-27 02:39:32.291 9 INFO neutron.db.ovn_revision_numbers_db [None req-c48518ab-7e67-43d8-b1df-5b90f53c1560 f150672c0ac44399933e08469ca4ef1c 75f79cac50284ece98a3196647869204 - - default default] Successfully bumped revision number for resource 981e0471-e8b3-4aee-ba21-20c3c0207612 (type: networks) to 1 /var/lib/openstack/lib/python3.12/site-packages/pycadf/identifier.py:71: UserWarning: Invalid uuid: neutron. To ensure interoperability, identifiers should be a valid uuid. warnings.warn(('Invalid uuid: %s. To ensure interoperability, '
2026-04-27 02:39:32.462 9 WARNING neutron.scheduler.dhcp_agent_scheduler [None req-c48518ab-7e67-43d8-b1df-5b90f53c1560 f150672c0ac44399933e08469ca4ef1c 75f79cac50284ece98a3196647869204 - - default default] No more DHCP agents
2026-04-27 02:39:32.464 9 WARNING neutron.api.rpc.agentnotifiers.dhcp_rpc_agent_api [None req-c48518ab-7e67-43d8-b1df-5b90f53c1560 f150672c0ac44399933e08469ca4ef1c 75f79cac50284ece98a3196647869204 - - default default] Unable to schedule network 981e0471-e8b3-4aee-ba21-20c3c0207612: no agents available; will retry on subsequent port and subnet creation events.
2026-04-27 02:39:32.548 9 INFO neutron.db.ovn_revision_numbers_db [None req-c48518ab-7e67-43d8-b1df-5b90f53c1560 f150672c0ac44399933e08469ca4ef1c 75f79cac50284ece98a3196647869204 - - default default] Successfully bumped revision number for resource 01b9b6a3-1b27-4ec3-bea3-2373e7b49974 (type: ports) to 1
2026-04-27 02:39:32.571 9 INFO neutron.api.wsgi [None req-c48518ab-7e67-43d8-b1df-5b90f53c1560 f150672c0ac44399933e08469ca4ef1c 75f79cac50284ece98a3196647869204 - - default default] 10.0.0.53 "POST /v2.0/networks HTTP/1.1" status: 201 len: 831 time: 0.4979119
2026-04-27 02:39:32.581 9 WARNING neutron_lib.context [None req-4c21ed6d-7ce2-456e-ba3f-1c4245412cbe f150672c0ac44399933e08469ca4ef1c 75f79cac50284ece98a3196647869204 - - default default] Method 'is_advsvc' is deprecated since 2023.2 release (neutron-lib 3.8.0) and will be removed once support for the old RBAC API policies will be removed from Neutron. Please use method 'is_service_role' instead.
2026-04-27 02:39:32.671 9 INFO neutron.db.segments_db [None req-4c21ed6d-7ce2-456e-ba3f-1c4245412cbe f150672c0ac44399933e08469ca4ef1c 75f79cac50284ece98a3196647869204 - - default default] Added segment 2140e405-00a3-4092-b11b-037a0bf4a66a of type geneve for network da75ae80-8118-4194-b8d0-7be8015ab0f3
2026-04-27 02:39:32.678 10 INFO neutron.api.wsgi [req-3fa1ca97-c7af-4d34-b971-2e3cbb57879d req-c9ec2fa2-8586-42e3-8cbf-b76bbeb706a6 cac7f0a6847e4959af5d131ae3ece73d 684b1eb42cba4df291387af9cc127050 - - default default] 10.0.0.238 "GET /v2.0/ports?device_id=e1b0251b-1efb-4fd6-a067-7a41f3e4dc8e HTTP/1.1" status: 200 len: 1168 time: 0.2948294
2026-04-27 02:39:32.683 10 INFO neutron.notifiers.nova [-] Nova event matching ['req-b23eb40e-cbd5-4204-8faa-279cc886e5ad'] response: {'server_uuid': 'e1b0251b-1efb-4fd6-a067-7a41f3e4dc8e', 'name': 'network-vif-unplugged', 'status': 'completed', 'tag': 'c4303484-db57-4eb0-8a24-77663021ebf3', 'code': 200}
2026-04-27 02:39:32.684 10 INFO neutron.notifiers.nova [-] Nova event matching ['req-b23eb40e-cbd5-4204-8faa-279cc886e5ad'] response: {'server_uuid': 'e1b0251b-1efb-4fd6-a067-7a41f3e4dc8e', 'name': 'network-vif-unplugged', 'status': 'completed', 'tag': 'c4303484-db57-4eb0-8a24-77663021ebf3', 'code': 200}
2026-04-27 02:39:32.735 10 INFO neutron.api.wsgi [req-3fa1ca97-c7af-4d34-b971-2e3cbb57879d req-9caf011c-0b4e-4c3e-a7d4-01cd075ad0e6 cac7f0a6847e4959af5d131ae3ece73d 684b1eb42cba4df291387af9cc127050 - - default default] 10.0.0.238 "GET /v2.0/security-groups?id=451c988e-7520-4b83-ae6e-5af53762f58d&fields=id&fields=name HTTP/1.1" status: 200 len: 313 time: 0.0507903
2026-04-27 02:39:32.801 9 INFO neutron.db.ovn_revision_numbers_db [None req-4c21ed6d-7ce2-456e-ba3f-1c4245412cbe f150672c0ac44399933e08469ca4ef1c 75f79cac50284ece98a3196647869204 - - default default] Successfully bumped revision number for resource da75ae80-8118-4194-b8d0-7be8015ab0f3 (type: networks) to 1
2026-04-27 02:39:32.876 9 INFO neutron.api.wsgi [req-caa958ac-dce6-4b02-82bb-40418f2b8090 req-82fd22ad-3b8f-4bad-a97d-8cbe1a5fd380 cac7f0a6847e4959af5d131ae3ece73d 684b1eb42cba4df291387af9cc127050 - - default default] 199.204.45.115 "GET /v2.0/ports?device_id=e1b0251b-1efb-4fd6-a067-7a41f3e4dc8e HTTP/1.1" status: 200 len: 1168 time: 0.0355487
2026-04-27 02:39:32.880 10 INFO neutron.api.wsgi [None req-3048d7a6-721b-42c4-8aea-1d917de878f3 7f32b3f62b5c493c809c6b9a5386e3f9 8aefb44c1b324ed9a4e9ba8168f26158 - - default default] 10.0.0.53 "DELETE /v2.0/routers/d6be7863-fa13-48de-a5bd-2cb8d2c3479c HTTP/1.1" status: 204 len: 168 time: 1.0162303
2026-04-27 02:39:33.056 10 INFO neutron.api.wsgi [None req-086e25de-e721-4bc6-b21a-3f29f5a91b9b 7f32b3f62b5c493c809c6b9a5386e3f9 8aefb44c1b324ed9a4e9ba8168f26158 - - default default] 10.0.0.53 "DELETE /v2.0/subnets/f4c70805-0251-42bc-9155-068b5de46592 HTTP/1.1" status: 204 len: 168 time: 0.1708682
2026-04-27 02:39:33.210 9 WARNING neutron.scheduler.dhcp_agent_scheduler [None req-4c21ed6d-7ce2-456e-ba3f-1c4245412cbe f150672c0ac44399933e08469ca4ef1c 75f79cac50284ece98a3196647869204 - - default default] No more DHCP agents
2026-04-27 02:39:33.212 9 WARNING neutron.api.rpc.agentnotifiers.dhcp_rpc_agent_api [None req-4c21ed6d-7ce2-456e-ba3f-1c4245412cbe f150672c0ac44399933e08469ca4ef1c 75f79cac50284ece98a3196647869204 - - default default] Unable to schedule network da75ae80-8118-4194-b8d0-7be8015ab0f3: no agents available; will retry on subsequent port and subnet creation events.
2026-04-27 02:39:33.292 9 INFO neutron.db.ovn_revision_numbers_db [None req-4c21ed6d-7ce2-456e-ba3f-1c4245412cbe f150672c0ac44399933e08469ca4ef1c 75f79cac50284ece98a3196647869204 - - default default] Successfully bumped revision number for resource 3d2d5428-9724-426e-913d-c9831379f88d (type: ports) to 1
2026-04-27 02:39:33.323 9 INFO neutron.api.wsgi [None req-4c21ed6d-7ce2-456e-ba3f-1c4245412cbe f150672c0ac44399933e08469ca4ef1c 75f79cac50284ece98a3196647869204 - - default default] 10.0.0.53 "POST /v2.0/networks HTTP/1.1" status: 201 len: 830 time: 0.7473907
2026-04-27 02:39:33.334 10 WARNING neutron_lib.context [None req-1ba15561-eb00-49c9-837e-a7e6ef264d8f f150672c0ac44399933e08469ca4ef1c 75f79cac50284ece98a3196647869204 - - default default] Method 'is_advsvc' is deprecated since 2023.2 release (neutron-lib 3.8.0) and will be removed once support for the old RBAC API policies will be removed from Neutron. Please use method 'is_service_role' instead.
2026-04-27 02:39:33.421 10 INFO neutron.services.segments.plugin [-] Segment 3a7a9e78-2188-4480-bc6a-9918032a9daa resource provider aggregate not found
2026-04-27 02:39:33.445 10 INFO neutron.services.segments.plugin [-] Segment 3a7a9e78-2188-4480-bc6a-9918032a9daa resource provider aggregate not found
2026-04-27 02:39:33.458 9 INFO neutron.db.l3_db [req-caa958ac-dce6-4b02-82bb-40418f2b8090 req-576e9dd7-08e1-4b77-8089-52e522cf6c4c cac7f0a6847e4959af5d131ae3ece73d 684b1eb42cba4df291387af9cc127050 - - default default] Floating IP 39d876e8-ff42-4208-b2d8-f8577e7f9e20 disassociated. External IP: 10.96.250.203, port: c4303484-db57-4eb0-8a24-77663021ebf3.
2026-04-27 02:39:33.461 10 INFO neutron.services.segments.plugin [-] Segment 3a7a9e78-2188-4480-bc6a-9918032a9daa resource provider not found; error: Placement Client Error (4xx): {"errors": [{"status": 404, "title": "Not Found", "detail": "The resource could not be found.\n\n No resource provider with uuid 3a7a9e78-2188-4480-bc6a-9918032a9daa found for delete ", "request_id": "req-4ad8f762-92b6-445c-adc5-a697686c1f1e"}]}
2026-04-27 02:39:33.462 10 INFO neutron.services.segments.plugin [-] Segment 3a7a9e78-2188-4480-bc6a-9918032a9daa resource provider not found; error: Placement Client Error (4xx): {"errors": [{"status": 404, "title": "Not Found", "detail": "The resource could not be found.\n\n No resource provider with uuid 3a7a9e78-2188-4480-bc6a-9918032a9daa found for delete ", "request_id": "req-23166421-f03e-45eb-b07d-4dd93a47121f"}]}
2026-04-27 02:39:33.464 10 INFO neutron.db.segments_db [None req-1ba15561-eb00-49c9-837e-a7e6ef264d8f f150672c0ac44399933e08469ca4ef1c 75f79cac50284ece98a3196647869204 - - default default] Added segment 76605ece-8f5b-4a09-a09c-e98710a85aef of type geneve for network 009473c3-8bf3-4310-b8ef-1e3c66429a46
2026-04-27 02:39:33.478 10 INFO neutron.api.wsgi [None req-cc34496f-e28b-48b6-8d49-ab68d336e157 7f32b3f62b5c493c809c6b9a5386e3f9 8aefb44c1b324ed9a4e9ba8168f26158 - - default default] 10.0.0.53 "DELETE /v2.0/networks/da69b6c1-6091-41b6-bd3b-13a6a4486730 HTTP/1.1" status: 204 len: 168 time: 0.4166541
2026-04-27 02:39:33.589 9 INFO neutron.api.wsgi [req-caa958ac-dce6-4b02-82bb-40418f2b8090 req-576e9dd7-08e1-4b77-8089-52e522cf6c4c cac7f0a6847e4959af5d131ae3ece73d 684b1eb42cba4df291387af9cc127050 - - default default] 199.204.45.115 "DELETE /v2.0/ports/c4303484-db57-4eb0-8a24-77663021ebf3 HTTP/1.1" status: 204 len: 173 time: 0.7092199
2026-04-27 02:39:33.604 10 INFO neutron.db.ovn_revision_numbers_db [None req-1ba15561-eb00-49c9-837e-a7e6ef264d8f f150672c0ac44399933e08469ca4ef1c 75f79cac50284ece98a3196647869204 - - default default] Successfully bumped revision number for resource 009473c3-8bf3-4310-b8ef-1e3c66429a46 (type: networks) to 1
2026-04-27 02:39:33.633 9 INFO neutron.notifiers.nova [-] Nova event matching ['req-fcb3f0cc-b804-40ec-8cfa-3c6ad9656417'] response: {'server_uuid': 'e1b0251b-1efb-4fd6-a067-7a41f3e4dc8e', 'name': 'network-vif-deleted', 'tag': 'c4303484-db57-4eb0-8a24-77663021ebf3', 'status': 'completed', 'code': 200} /var/lib/openstack/lib/python3.12/site-packages/pycadf/identifier.py:71: UserWarning: Invalid uuid: neutron. To ensure interoperability, identifiers should be a valid uuid. warnings.warn(('Invalid uuid: %s. To ensure interoperability, '
2026-04-27 02:39:33.785 10 WARNING neutron.scheduler.dhcp_agent_scheduler [None req-1ba15561-eb00-49c9-837e-a7e6ef264d8f f150672c0ac44399933e08469ca4ef1c 75f79cac50284ece98a3196647869204 - - default default] No more DHCP agents
2026-04-27 02:39:33.789 10 WARNING neutron.api.rpc.agentnotifiers.dhcp_rpc_agent_api [None req-1ba15561-eb00-49c9-837e-a7e6ef264d8f f150672c0ac44399933e08469ca4ef1c 75f79cac50284ece98a3196647869204 - - default default] Unable to schedule network 009473c3-8bf3-4310-b8ef-1e3c66429a46: no agents available; will retry on subsequent port and subnet creation events.
2026-04-27 02:39:33.798 10 INFO neutron.api.wsgi [None req-092d1b75-5d09-44c3-ab3b-7176ca0edfb0 7f32b3f62b5c493c809c6b9a5386e3f9 8aefb44c1b324ed9a4e9ba8168f26158 - - default default] 10.0.0.53 "GET /v2.0/security-groups?tenant_id=e6d7ac9e636e4ba798e03a6f0cedc4b8&name=default HTTP/1.1" status: 200 len: 3120 time: 0.0364478
2026-04-27 02:39:33.820 9 INFO neutron.api.wsgi [req-3a57903b-f6b1-4154-b398-fd8725ad72a9 req-2520256d-cbf8-4167-b965-e36bfe85efbe cac7f0a6847e4959af5d131ae3ece73d 684b1eb42cba4df291387af9cc127050 - - default default] 10.0.0.238 "GET /v2.0/ports?device_id=e1b0251b-1efb-4fd6-a067-7a41f3e4dc8e HTTP/1.1" status: 200 len: 210 time: 0.0222955
2026-04-27 02:39:33.869 10 INFO neutron.db.ovn_revision_numbers_db [None req-1ba15561-eb00-49c9-837e-a7e6ef264d8f f150672c0ac44399933e08469ca4ef1c 75f79cac50284ece98a3196647869204 - - default default] Successfully bumped revision number for resource aea6059d-0e88-44de-bec4-831b328193d2 (type: ports) to 1
2026-04-27 02:39:33.894 10 INFO neutron.api.wsgi [None req-1ba15561-eb00-49c9-837e-a7e6ef264d8f f150672c0ac44399933e08469ca4ef1c 75f79cac50284ece98a3196647869204 - - default default] 10.0.0.53 "POST /v2.0/networks HTTP/1.1" status: 201 len: 830 time: 0.5652945
2026-04-27 02:39:33.904 10 WARNING neutron_lib.context [None req-26bbc511-9aa9-4b3a-89de-0f878a8cfb39 f150672c0ac44399933e08469ca4ef1c 75f79cac50284ece98a3196647869204 - - default default] Method 'is_advsvc' is deprecated since 2023.2 release (neutron-lib 3.8.0) and will be removed once support for the old RBAC API policies will be removed from Neutron. Please use method 'is_service_role' instead.
2026-04-27 02:39:33.991 10 INFO neutron.db.segments_db [None req-26bbc511-9aa9-4b3a-89de-0f878a8cfb39 f150672c0ac44399933e08469ca4ef1c 75f79cac50284ece98a3196647869204 - - default default] Added segment 5328963c-c2e2-43de-ae07-9b3515e00596 of type geneve for network 36624d73-63bf-4b39-bbf5-9f76f037a81c
2026-04-27 02:39:34.040 10 INFO neutron.api.wsgi [None req-690aca5f-661a-4dd9-8571-745b83da78df 7f32b3f62b5c493c809c6b9a5386e3f9 8aefb44c1b324ed9a4e9ba8168f26158 - - default default] 10.0.0.53 "DELETE /v2.0/security-groups/69241b67-0c3c-42ad-a5ac-d80b06ec620a HTTP/1.1" status: 204 len: 168 time: 0.2367184
2026-04-27 02:39:34.127 10 INFO neutron.db.ovn_revision_numbers_db [None req-26bbc511-9aa9-4b3a-89de-0f878a8cfb39 f150672c0ac44399933e08469ca4ef1c 75f79cac50284ece98a3196647869204 - - default default] Successfully bumped revision number for resource 36624d73-63bf-4b39-bbf5-9f76f037a81c (type: networks) to 1
2026-04-27 02:39:34.302 10 WARNING neutron.scheduler.dhcp_agent_scheduler [None req-26bbc511-9aa9-4b3a-89de-0f878a8cfb39 f150672c0ac44399933e08469ca4ef1c 75f79cac50284ece98a3196647869204 - - default default] No more DHCP agents
2026-04-27 02:39:34.303 10 WARNING neutron.api.rpc.agentnotifiers.dhcp_rpc_agent_api [None req-26bbc511-9aa9-4b3a-89de-0f878a8cfb39 f150672c0ac44399933e08469ca4ef1c 75f79cac50284ece98a3196647869204 - - default default] Unable to schedule network 36624d73-63bf-4b39-bbf5-9f76f037a81c: no agents available; will retry on subsequent port and subnet creation events.
2026-04-27 02:39:34.371 10 INFO neutron.db.ovn_revision_numbers_db [None req-26bbc511-9aa9-4b3a-89de-0f878a8cfb39 f150672c0ac44399933e08469ca4ef1c 75f79cac50284ece98a3196647869204 - - default default] Successfully bumped revision number for resource e1f746f1-5728-477d-93dd-f1bbd00fdeba (type: ports) to 1
2026-04-27 02:39:34.394 10 INFO neutron.api.wsgi [None req-26bbc511-9aa9-4b3a-89de-0f878a8cfb39 f150672c0ac44399933e08469ca4ef1c 75f79cac50284ece98a3196647869204 - - default default] 10.0.0.53 "POST /v2.0/networks HTTP/1.1" status: 201 len: 831 time: 0.4945779
2026-04-27 02:39:34.440 10 INFO neutron.api.wsgi [None req-94a280ba-f1e8-4785-8dfc-de0157381ffb f150672c0ac44399933e08469ca4ef1c 75f79cac50284ece98a3196647869204 - - default default] 10.0.0.53 "PUT /v2.0/networks/727bf4f4-12db-4073-bf88-9e3b5e732ee9/tags HTTP/1.1" status: 200 len: 210 time: 0.0410645
2026-04-27 02:39:34.492 10 INFO neutron.api.wsgi [None req-013cbb2b-b87c-46c1-97ae-45a41518a893 f150672c0ac44399933e08469ca4ef1c 75f79cac50284ece98a3196647869204 - - default default] 10.0.0.53 "PUT /v2.0/networks/981e0471-e8b3-4aee-ba21-20c3c0207612/tags HTTP/1.1" status: 200 len: 218 time: 0.0444686
2026-04-27 02:39:34.561 9 INFO neutron.api.wsgi [None req-a30f1cff-8a02-4b89-815c-f5a8093ee2fc f150672c0ac44399933e08469ca4ef1c 75f79cac50284ece98a3196647869204 - - default default] 10.0.0.53 "PUT /v2.0/networks/da75ae80-8118-4194-b8d0-7be8015ab0f3/tags HTTP/1.1" status: 200 len: 227 time: 0.0581832
2026-04-27 02:39:34.614 10 INFO neutron.api.wsgi [None req-8a52da17-513e-48fd-a833-3228a694ac8f f150672c0ac44399933e08469ca4ef1c 75f79cac50284ece98a3196647869204 - - default default] 10.0.0.53 "PUT /v2.0/networks/009473c3-8bf3-4310-b8ef-1e3c66429a46/tags HTTP/1.1" status: 200 len: 212 time: 0.0483816
2026-04-27 02:39:34.665 10 INFO neutron.api.wsgi [None req-35aa0e46-b351-4f23-bb76-d6cc259d10e4 f150672c0ac44399933e08469ca4ef1c 75f79cac50284ece98a3196647869204 - - default default] 10.0.0.53 "GET /v2.0/networks?tags=red HTTP/1.1" status: 200 len: 2069 time: 0.0436771
2026-04-27 02:39:34.718 10 INFO neutron.api.wsgi [None req-99bcf492-3680-4158-9de5-d28d5dd59193 f150672c0ac44399933e08469ca4ef1c 75f79cac50284ece98a3196647869204 - - default default] 10.0.0.53 "GET /v2.0/networks?tags=red%2Cblue HTTP/1.1" status: 200 len: 1456 time: 0.0473065
2026-04-27 02:39:34.778 9 INFO neutron.db.ovn_revision_numbers_db [None req-6e34f20c-66bb-44a8-8a66-14d5c340e2b4 7f32b3f62b5c493c809c6b9a5386e3f9 8aefb44c1b324ed9a4e9ba8168f26158 - - default default] Successfully bumped revision number for resource d3c41124-a06d-4fc5-923c-acaaac8dd542 (type: security_groups) to 1
2026-04-27 02:39:34.792 10 INFO neutron.api.wsgi [None req-504f36bd-5183-40bd-8bd0-b6ea2991349d f150672c0ac44399933e08469ca4ef1c 75f79cac50284ece98a3196647869204 - - default default] 10.0.0.53 "GET /v2.0/networks?tags-any=blue HTTP/1.1" status: 200 len: 1456 time: 0.0679491
2026-04-27 02:39:34.792 9 INFO neutron.db.ovn_revision_numbers_db [None req-6e34f20c-66bb-44a8-8a66-14d5c340e2b4 7f32b3f62b5c493c809c6b9a5386e3f9 8aefb44c1b324ed9a4e9ba8168f26158 - - default default] Successfully bumped revision number for resource 3f2b661f-f63a-4346-9a1f-97b41c723c1a (type: security_group_rules) to 0
2026-04-27 02:39:34.805 9 INFO neutron.db.ovn_revision_numbers_db [None req-6e34f20c-66bb-44a8-8a66-14d5c340e2b4 7f32b3f62b5c493c809c6b9a5386e3f9 8aefb44c1b324ed9a4e9ba8168f26158 - - default default] Successfully bumped revision number for resource 738298ef-c62a-4f19-9710-7e8a1a9798cb (type: security_group_rules) to 0
2026-04-27 02:39:34.821 9 INFO neutron.db.ovn_revision_numbers_db [None req-6e34f20c-66bb-44a8-8a66-14d5c340e2b4 7f32b3f62b5c493c809c6b9a5386e3f9 8aefb44c1b324ed9a4e9ba8168f26158 - - default default] Successfully bumped revision number for resource c053aa19-d4ed-451d-8315-a563054bda82 (type: security_group_rules) to 0
2026-04-27 02:39:34.839 10 INFO neutron.api.wsgi [None req-fb8f9b70-c64a-4bec-a7f0-8cf92f4880d2 f150672c0ac44399933e08469ca4ef1c 75f79cac50284ece98a3196647869204 - - default default] 10.0.0.53 "GET /v2.0/networks?tags-any=red%2Cblue HTTP/1.1" status: 200 len: 2069 time: 0.0407915
2026-04-27 02:39:34.847 9 INFO neutron.db.ovn_revision_numbers_db [None req-6e34f20c-66bb-44a8-8a66-14d5c340e2b4 7f32b3f62b5c493c809c6b9a5386e3f9 8aefb44c1b324ed9a4e9ba8168f26158 - - default default] Successfully bumped revision number for resource f005f49b-7c9d-490b-ac76-ea370e1ca87b (type: security_group_rules) to 0
2026-04-27 02:39:34.915 9 INFO neutron.api.wsgi [None req-6e34f20c-66bb-44a8-8a66-14d5c340e2b4 7f32b3f62b5c493c809c6b9a5386e3f9 8aefb44c1b324ed9a4e9ba8168f26158 - - default default] 10.0.0.53 "GET /v2.0/security-groups?tenant_id=ce42d7fd85c449748da15c22ef9216de&name=default HTTP/1.1" status: 200 len: 3120 time: 0.3674629
2026-04-27 02:39:34.931 9 INFO neutron.api.wsgi [None req-6ebad807-88a8-48b1-a625-f2632e80172b f150672c0ac44399933e08469ca4ef1c 75f79cac50284ece98a3196647869204 - - default default] 10.0.0.53 "GET /v2.0/networks?not-tags=red HTTP/1.1" status: 200 len: 2068 time: 0.0865991
2026-04-27 02:39:34.937 10 INFO neutron.api.wsgi [req-afac26a1-c981-42ab-92d7-96cdd6f23d7b req-913bf36c-0256-40a8-8b58-3c99b4c50c0a cac7f0a6847e4959af5d131ae3ece73d 684b1eb42cba4df291387af9cc127050 - - default default] 10.0.0.238 "GET /v2.0/ports?device_id=e1b0251b-1efb-4fd6-a067-7a41f3e4dc8e HTTP/1.1" status: 200 len: 210 time: 0.0222154
2026-04-27 02:39:35.015 9 INFO neutron.api.wsgi [None req-0262c9f3-c89d-439b-aba9-6f8460f8a1bc f150672c0ac44399933e08469ca4ef1c 75f79cac50284ece98a3196647869204 - - default default] 10.0.0.53 "GET /v2.0/networks?not-tags=red%2Cblue HTTP/1.1" status: 200 len: 2681 time: 0.0791771
2026-04-27 02:39:35.083 10 INFO neutron.api.wsgi [None req-3ab99ed0-2e91-4297-bb00-8f68ac00cf1b f150672c0ac44399933e08469ca4ef1c 75f79cac50284ece98a3196647869204 - - default default] 10.0.0.53 "GET /v2.0/networks?not-tags-any=blue HTTP/1.1" status: 200 len: 2681 time: 0.0611815
2026-04-27 02:39:35.153 10 INFO neutron.api.wsgi [None req-5ccbf0bf-420f-48aa-9e6b-efd5f8223d7d f150672c0ac44399933e08469ca4ef1c 75f79cac50284ece98a3196647869204 - - default default] 10.0.0.53 "GET /v2.0/networks?not-tags-any=red%2Cblue HTTP/1.1" status: 200 len: 2068 time: 0.0638783
2026-04-27 02:39:35.177 9 INFO neutron.api.wsgi [None req-20b5a461-1ad6-4044-ac90-e0aae520e055 7f32b3f62b5c493c809c6b9a5386e3f9 8aefb44c1b324ed9a4e9ba8168f26158 - - default default] 10.0.0.53 "DELETE /v2.0/security-groups/d3c41124-a06d-4fc5-923c-acaaac8dd542 HTTP/1.1" status: 204 len: 168 time: 0.2568541
2026-04-27 02:39:35.442 10 INFO neutron.db.ovn_revision_numbers_db [None req-f1bb6eba-fb48-408f-b0ac-0fd0c79ba690 7f32b3f62b5c493c809c6b9a5386e3f9 8aefb44c1b324ed9a4e9ba8168f26158 - - default default] Successfully bumped revision number for resource a3ec80ce-5c1f-4d89-b3cc-9abe0542fe94 (type: security_groups) to 1
2026-04-27 02:39:35.476 10 INFO neutron.db.ovn_revision_numbers_db [None req-f1bb6eba-fb48-408f-b0ac-0fd0c79ba690 7f32b3f62b5c493c809c6b9a5386e3f9 8aefb44c1b324ed9a4e9ba8168f26158 - - default default] Successfully bumped revision number for resource 30aa543e-971e-49b6-80c5-195b35b1027d (type: security_group_rules) to 0
2026-04-27 02:39:35.495 10 INFO neutron.db.ovn_revision_numbers_db [None req-f1bb6eba-fb48-408f-b0ac-0fd0c79ba690 7f32b3f62b5c493c809c6b9a5386e3f9 8aefb44c1b324ed9a4e9ba8168f26158 - - default default] Successfully bumped revision number for resource 7b8db963-b5b4-4317-bc31-83516c6d4243 (type: security_group_rules) to 0
2026-04-27 02:39:35.510 10 INFO neutron.db.ovn_revision_numbers_db [None req-f1bb6eba-fb48-408f-b0ac-0fd0c79ba690 7f32b3f62b5c493c809c6b9a5386e3f9 8aefb44c1b324ed9a4e9ba8168f26158 - - default default] Successfully bumped revision number for resource a4c402d3-d39b-4b5e-9f30-e8e97231b2d5 (type: security_group_rules) to 0
2026-04-27 02:39:35.529 10 INFO neutron.db.ovn_revision_numbers_db [None req-f1bb6eba-fb48-408f-b0ac-0fd0c79ba690 7f32b3f62b5c493c809c6b9a5386e3f9 8aefb44c1b324ed9a4e9ba8168f26158 - - default default] Successfully bumped revision number for resource ff7627eb-228e-42a7-b9ca-bd538fc1822b (type: security_group_rules) to 0
2026-04-27 02:39:35.559 10 INFO neutron.services.segments.plugin [-] Segment f1c504ea-199f-4272-ad7b-af47f18208bc resource provider aggregate not found
2026-04-27 02:39:35.564 10 INFO neutron.services.segments.plugin [-] Segment f1c504ea-199f-4272-ad7b-af47f18208bc resource provider aggregate not found
2026-04-27 02:39:35.573 10 INFO neutron.services.segments.plugin [-] Segment f1c504ea-199f-4272-ad7b-af47f18208bc resource provider not found; error: Placement Client Error (4xx): {"errors": [{"status": 404, "title": "Not Found", "detail": "The resource could not be found.\n\n No resource provider with uuid f1c504ea-199f-4272-ad7b-af47f18208bc found for delete ", "request_id": "req-8b656fc8-db9a-4a34-ab4a-06decf87ba3e"}]}
2026-04-27 02:39:35.577 10 INFO neutron.services.segments.plugin [-] Segment f1c504ea-199f-4272-ad7b-af47f18208bc resource provider not found; error: Placement Client Error (4xx): {"errors": [{"status": 404, "title": "Not Found", "detail": "The resource could not be found.\n\n No resource provider with uuid f1c504ea-199f-4272-ad7b-af47f18208bc found for delete ", "request_id": "req-89532d37-e979-44ca-a9c2-fe283d38839f"}]}
2026-04-27 02:39:35.595 10 INFO neutron.api.wsgi [None req-f1bb6eba-fb48-408f-b0ac-0fd0c79ba690 7f32b3f62b5c493c809c6b9a5386e3f9 8aefb44c1b324ed9a4e9ba8168f26158 - - default default] 10.0.0.53 "GET /v2.0/security-groups?tenant_id=fb0e2105e6c94006864cfd259f7f162f&name=default HTTP/1.1" status: 200 len: 3120 time: 0.3074315
2026-04-27 02:39:35.602 10 INFO neutron.api.wsgi [None req-5193ea41-0244-4c6b-9a4b-e4cbc042671c f150672c0ac44399933e08469ca4ef1c 75f79cac50284ece98a3196647869204 - - default default] 10.0.0.53 "DELETE /v2.0/networks/727bf4f4-12db-4073-bf88-9e3b5e732ee9 HTTP/1.1" status: 204 len: 168 time: 0.4423630
2026-04-27 02:39:35.878 9 INFO neutron.api.wsgi [None req-4d442397-6996-42f5-835b-fac13a91586e 7f32b3f62b5c493c809c6b9a5386e3f9 8aefb44c1b324ed9a4e9ba8168f26158 - - default default] 10.0.0.53 "DELETE /v2.0/security-groups/a3ec80ce-5c1f-4d89-b3cc-9abe0542fe94 HTTP/1.1" status: 204 len: 168 time: 0.2772644
2026-04-27 02:39:35.962 10 INFO neutron.api.wsgi [None req-fe70e3fa-fab8-486c-b854-3baf345e29cf f150672c0ac44399933e08469ca4ef1c 75f79cac50284ece98a3196647869204 - - default default] 10.0.0.53 "DELETE /v2.0/networks/981e0471-e8b3-4aee-ba21-20c3c0207612 HTTP/1.1" status: 204 len: 168 time: 0.3505015
2026-04-27 02:39:36.033 9 INFO neutron.api.wsgi [req-bf359eb6-45a5-47b0-b7d9-0eaeb2db7710 req-2317e7ab-c842-4091-b315-da49a6c3bfd1 cac7f0a6847e4959af5d131ae3ece73d 684b1eb42cba4df291387af9cc127050 - - default default] 10.0.0.238 "GET /v2.0/ports?device_id=e1b0251b-1efb-4fd6-a067-7a41f3e4dc8e HTTP/1.1" status: 200 len: 210 time: 0.0237679
2026-04-27 02:39:36.331 10 INFO neutron.api.wsgi [None req-6f1a16f6-dd44-48b8-9eb1-dfced3e01abd f150672c0ac44399933e08469ca4ef1c 75f79cac50284ece98a3196647869204 - - default default] 10.0.0.53 "DELETE /v2.0/networks/da75ae80-8118-4194-b8d0-7be8015ab0f3 HTTP/1.1" status: 204 len: 168 time: 0.3646457
2026-04-27 02:39:36.694 10 INFO neutron.api.wsgi [None req-0594645a-bfd1-4293-9bd7-883afc7e91e9 f150672c0ac44399933e08469ca4ef1c 75f79cac50284ece98a3196647869204 - - default default] 10.0.0.53 "DELETE /v2.0/networks/009473c3-8bf3-4310-b8ef-1e3c66429a46 HTTP/1.1" status: 204 len: 168 time: 0.3537939
2026-04-27 02:39:37.018 10 INFO neutron.api.wsgi [None req-91cc84fb-0f02-43d6-a510-a8a043f78567 f150672c0ac44399933e08469ca4ef1c 75f79cac50284ece98a3196647869204 - - default default] 10.0.0.53 "DELETE /v2.0/networks/36624d73-63bf-4b39-bbf5-9f76f037a81c HTTP/1.1" status: 204 len: 168 time: 0.3178372
2026-04-27 02:39:37.027 10 INFO neutron.api.wsgi [-] 10.0.0.7 "GET / HTTP/1.1" status: 200 len: 246 time: 0.0017128
2026-04-27 02:39:37.028 9 INFO neutron.api.wsgi [-] 10.0.0.7 "GET / HTTP/1.1" status: 200 len: 246 time: 0.0026219
2026-04-27 02:39:37.254 9 INFO neutron.api.wsgi [None req-18b63ab7-1a55-4d19-bc23-854792280b3d cac7f0a6847e4959af5d131ae3ece73d 684b1eb42cba4df291387af9cc127050 - - default default] 10.0.0.53 "DELETE /v2.0/security-groups/451c988e-7520-4b83-ae6e-5af53762f58d HTTP/1.1" status: 204 len: 168 time: 0.1384840
2026-04-27 02:39:37.270 9 INFO neutron.api.v2.resource [None req-5aa45664-9973-4fe9-a764-aa4eeb42dcde cac7f0a6847e4959af5d131ae3ece73d 684b1eb42cba4df291387af9cc127050 - - default default] show failed (client error): The resource could not be found.
2026-04-27 02:39:37.271 9 INFO neutron.api.wsgi [None req-5aa45664-9973-4fe9-a764-aa4eeb42dcde cac7f0a6847e4959af5d131ae3ece73d 684b1eb42cba4df291387af9cc127050 - - default default] 10.0.0.53 "GET /v2.0/security-groups/451c988e-7520-4b83-ae6e-5af53762f58d HTTP/1.1" status: 404 len: 347 time: 0.0110252
2026-04-27 02:39:37.599 10 INFO neutron.services.segments.plugin [-] Segment 211ffc5a-bbda-404f-8465-dbc9a5a9475b resource provider aggregate not found
2026-04-27 02:39:37.603 10 INFO neutron.services.segments.plugin [-] Segment 211ffc5a-bbda-404f-8465-dbc9a5a9475b resource provider aggregate not found
2026-04-27 02:39:37.605 9 INFO neutron.api.wsgi [None req-1535b626-f709-4b13-91ce-71a6f687de93 cac7f0a6847e4959af5d131ae3ece73d 684b1eb42cba4df291387af9cc127050 - - default default] 10.0.0.53 "DELETE /v2.0/floatingips/39d876e8-ff42-4208-b2d8-f8577e7f9e20 HTTP/1.1" status: 204 len: 168 time: 0.3291948
2026-04-27 02:39:37.619 10 INFO neutron.services.segments.plugin [-] Segment 211ffc5a-bbda-404f-8465-dbc9a5a9475b resource provider not found; error: Placement Client Error (4xx): {"errors": [{"status": 404, "title": "Not Found", "detail": "The resource could not be found.\n\n No resource provider with uuid 211ffc5a-bbda-404f-8465-dbc9a5a9475b found for delete ", "request_id": "req-1cf7a841-c50f-4e17-b35e-249d010828ac"}]}
2026-04-27 02:39:37.625 10 INFO neutron.services.segments.plugin [-] Segment 211ffc5a-bbda-404f-8465-dbc9a5a9475b resource provider not found; error: Placement Client Error (4xx): {"errors": [{"status": 404, "title": "Not Found", "detail": "The resource could not be found.\n\n No resource provider with uuid 211ffc5a-bbda-404f-8465-dbc9a5a9475b found for delete ", "request_id": "req-27467ce7-988d-482e-b7dd-e422458db3e1"}]}
2026-04-27 02:39:37.636 10 INFO neutron.services.segments.plugin [-] Segment 2140e405-00a3-4092-b11b-037a0bf4a66a resource provider aggregate not found
2026-04-27 02:39:37.647 10 INFO neutron.services.segments.plugin [-] Segment 2140e405-00a3-4092-b11b-037a0bf4a66a resource provider aggregate not found
