2026-04-27 02:38:24.406 10 INFO neutron.db.ovn_revision_numbers_db [None req-5fdcb885-7bc6-45b9-be21-6c6445b54704 c72a2539df79454a8b3b04d0ad187a49 e765c05bf24142ca813a5d44106f90a8 - - default default] Successfully bumped revision number for resource 7fc867a9-01d1-4c51-bd8b-b6c4cef3476c (type: security_group_rules) to 0
2026-04-27 02:38:24.449 10 INFO neutron.api.wsgi [None req-5fdcb885-7bc6-45b9-be21-6c6445b54704 c72a2539df79454a8b3b04d0ad187a49 e765c05bf24142ca813a5d44106f90a8 - - default default] 10.0.0.53 "POST /v2.0/security-group-rules HTTP/1.1" status: 201 len: 801 time: 0.1744599
2026-04-27 02:38:24.462 10 WARNING neutron_lib.context [None req-8f36f544-3051-458d-befa-a10f79c3c7b3 c72a2539df79454a8b3b04d0ad187a49 e765c05bf24142ca813a5d44106f90a8 - - default default] Method 'is_advsvc' is deprecated since 2023.2 release (neutron-lib 3.8.0) and will be removed once support for the old RBAC API policies will be removed from Neutron. Please use method 'is_service_role' instead.
2026-04-27 02:38:24.467 9 INFO neutron.api.wsgi [req-4e68be95-5754-40a6-86e5-f54920a2a217 req-8d50a33e-3942-4089-8663-cb1190a44b2d 5a7c2656d7f54c2684277aed0928d538 c7c05e34570848eda1ce4810e237543e - - c8fc793b48bf4dfa8cefb7924173bcf9 c8fc793b48bf4dfa8cefb7924173bcf9] 199.204.45.115 "GET /v2.0/networks/e9d10daa-94bc-4a1e-9616-f570537eeed4?fields=segments HTTP/1.1" status: 200 len: 212 time: 0.0563939
2026-04-27 02:38:24.514 9 INFO neutron.api.wsgi [req-4e68be95-5754-40a6-86e5-f54920a2a217 req-037ef476-613a-4f70-ae8f-917612e2660d 5a7c2656d7f54c2684277aed0928d538 c7c05e34570848eda1ce4810e237543e - - c8fc793b48bf4dfa8cefb7924173bcf9 c8fc793b48bf4dfa8cefb7924173bcf9] 199.204.45.115 "GET /v2.0/networks/e9d10daa-94bc-4a1e-9616-f570537eeed4?fields=provider%3Aphysical_network&fields=provider%3Anetwork_type HTTP/1.1" status: 200 len: 277 time: 0.0426874
2026-04-27 02:38:24.703 10 WARNING neutron.scheduler.dhcp_agent_scheduler [None req-8f36f544-3051-458d-befa-a10f79c3c7b3 c72a2539df79454a8b3b04d0ad187a49 e765c05bf24142ca813a5d44106f90a8 - - default default] No more DHCP agents
2026-04-27 02:38:24.705 10 WARNING neutron.api.rpc.agentnotifiers.dhcp_rpc_agent_api [None req-8f36f544-3051-458d-befa-a10f79c3c7b3 c72a2539df79454a8b3b04d0ad187a49 e765c05bf24142ca813a5d44106f90a8 - - default default] Unable to schedule network 5233397d-df95-4eb1-8dd1-b658b437e299: no agents available; will retry on subsequent port and subnet creation events.
2026-04-27 02:38:24.970 10 INFO neutron.api.wsgi [None req-8f36f544-3051-458d-befa-a10f79c3c7b3 c72a2539df79454a8b3b04d0ad187a49 e765c05bf24142ca813a5d44106f90a8 - - default default] 10.0.0.53 "POST /v2.0/floatingips HTTP/1.1" status: 201 len: 751 time: 0.5139663
2026-04-27 02:38:25.147 10 INFO neutron.api.wsgi [req-c82df386-4e45-4b54-a1df-899ceca6747c req-49241952-e2d5-43b6-b04b-335f23642d5d 9d712c95f0d244b0bb962dac5f106d77 c4c3586992c64a1d9d8b94dfb286b466 - - default default] 10.0.0.238 "GET /v2.0/ports?device_id=90eedb65-47f3-4cb9-91b2-bb6413b2f8b5 HTTP/1.1" status: 200 len: 1168 time: 0.0698888
2026-04-27 02:38:25.187 10 INFO neutron.api.wsgi [req-c82df386-4e45-4b54-a1df-899ceca6747c req-63d227cb-c28c-4444-bc33-f6c8524b09e6 9d712c95f0d244b0bb962dac5f106d77 c4c3586992c64a1d9d8b94dfb286b466 - - default default] 10.0.0.238 "GET /v2.0/security-groups?id=6cacafc5-3ab2-4eb2-b279-01a59aa40301&fields=id&fields=name HTTP/1.1" status: 200 len: 312 time: 0.0320270
2026-04-27 02:38:25.256 9 INFO neutron.api.wsgi [req-ce01a347-977b-4c7d-a74d-1201ef01b672 req-a297bce7-e046-4e30-a534-3f59ca0dd76b 63db75011e6f49f78e215e458c0a5fe9 e9042a825b004e53909fa078a5b7112f - - default default] 10.0.0.238 "GET /v2.0/ports?device_id=5f7bd02a-51fe-4af0-97bf-65d2ac047d84 HTTP/1.1" status: 200 len: 1168 time: 0.0489290
2026-04-27 02:38:25.294 9 INFO neutron.api.wsgi [req-ce01a347-977b-4c7d-a74d-1201ef01b672 req-bb840ff6-9cc9-4c86-b76d-dcddffcb2e06 63db75011e6f49f78e215e458c0a5fe9 e9042a825b004e53909fa078a5b7112f - - default default] 10.0.0.238 "GET /v2.0/security-groups?id=d47404e0-bafb-4b9a-b7a7-86dc2ac97ddf&fields=id&fields=name HTTP/1.1" status: 200 len: 313 time: 0.0321820
2026-04-27 02:38:26.295 10 INFO neutron.api.wsgi [req-a7b6ab12-bc55-433a-9fe9-612d8bb5b32b req-07f75614-177a-4099-a555-39c37a9cec26 9d712c95f0d244b0bb962dac5f106d77 c4c3586992c64a1d9d8b94dfb286b466 - - default default] 10.0.0.238 "GET /v2.0/ports?device_id=90eedb65-47f3-4cb9-91b2-bb6413b2f8b5 HTTP/1.1" status: 200 len: 1168 time: 0.0389984
2026-04-27 02:38:26.335 10 INFO neutron.api.wsgi [req-a7b6ab12-bc55-433a-9fe9-612d8bb5b32b req-be433937-8954-415f-97dc-1c580a7ab2ab 9d712c95f0d244b0bb962dac5f106d77 c4c3586992c64a1d9d8b94dfb286b466 - - default default] 10.0.0.238 "GET /v2.0/security-groups?id=6cacafc5-3ab2-4eb2-b279-01a59aa40301&fields=id&fields=name HTTP/1.1" status: 200 len: 312 time: 0.0354588
2026-04-27 02:38:26.397 9 INFO neutron.api.wsgi [req-46f5c3a4-19b4-4fa2-8623-84227ba75d24 req-ae2413a5-1069-4446-bef7-c6ee08d3282e 63db75011e6f49f78e215e458c0a5fe9 e9042a825b004e53909fa078a5b7112f - - default default] 10.0.0.238 "GET /v2.0/ports?device_id=5f7bd02a-51fe-4af0-97bf-65d2ac047d84 HTTP/1.1" status: 200 len: 1168 time: 0.0364044
2026-04-27 02:38:26.440 9 INFO neutron.api.wsgi [req-46f5c3a4-19b4-4fa2-8623-84227ba75d24 req-23468a81-f7a2-4476-af62-84d43bf410d7 63db75011e6f49f78e215e458c0a5fe9 e9042a825b004e53909fa078a5b7112f - - default default] 10.0.0.238 "GET /v2.0/security-groups?id=d47404e0-bafb-4b9a-b7a7-86dc2ac97ddf&fields=id&fields=name HTTP/1.1" status: 200 len: 313 time: 0.0362916
2026-04-27 02:38:27.446 10 INFO neutron.api.wsgi [req-235e5da8-c754-4cc7-a2e5-fff85ddac49c req-357e4e59-9e02-41ad-94c8-a33f73ac10e9 9d712c95f0d244b0bb962dac5f106d77 c4c3586992c64a1d9d8b94dfb286b466 - - default default] 10.0.0.238 "GET /v2.0/ports?device_id=90eedb65-47f3-4cb9-91b2-bb6413b2f8b5 HTTP/1.1" status: 200 len: 1168 time: 0.0511713
2026-04-27 02:38:27.498 10 INFO neutron.api.wsgi [req-235e5da8-c754-4cc7-a2e5-fff85ddac49c req-e81caa3c-603f-4aaf-9825-ee38110373f1 9d712c95f0d244b0bb962dac5f106d77 c4c3586992c64a1d9d8b94dfb286b466 - - default default] 10.0.0.238 "GET /v2.0/security-groups?id=6cacafc5-3ab2-4eb2-b279-01a59aa40301&fields=id&fields=name HTTP/1.1" status: 200 len: 312 time: 0.0474694
2026-04-27 02:38:27.549 9 INFO neutron.api.wsgi [req-1a775830-3273-4829-bad2-a12aca053416 req-80608fba-3af0-4b36-a8e3-1b0be45dbb56 63db75011e6f49f78e215e458c0a5fe9 e9042a825b004e53909fa078a5b7112f - - default default] 10.0.0.238 "GET /v2.0/ports?device_id=5f7bd02a-51fe-4af0-97bf-65d2ac047d84 HTTP/1.1" status: 200 len: 1168 time: 0.0461905
2026-04-27 02:38:27.599 9 INFO neutron.api.wsgi [req-1a775830-3273-4829-bad2-a12aca053416 req-f298b89d-33ef-4e05-b386-1ed226687581 63db75011e6f49f78e215e458c0a5fe9 e9042a825b004e53909fa078a5b7112f - - default default] 10.0.0.238 "GET /v2.0/security-groups?id=d47404e0-bafb-4b9a-b7a7-86dc2ac97ddf&fields=id&fields=name HTTP/1.1" status: 200 len: 313 time: 0.0456846
2026-04-27 02:38:28.626 10 INFO neutron.api.wsgi [req-6489e079-89ab-4cbc-9008-ae38e94765b6 req-f1c7a903-a7ca-4f1c-8df3-6a865537afd0 9d712c95f0d244b0bb962dac5f106d77 c4c3586992c64a1d9d8b94dfb286b466 - - default default] 10.0.0.238 "GET /v2.0/ports?device_id=90eedb65-47f3-4cb9-91b2-bb6413b2f8b5 HTTP/1.1" status: 200 len: 1168 time: 0.0516341
2026-04-27 02:38:28.638 9 WARNING neutron.plugins.ml2.drivers.ovn.mech_driver.ovsdb.ovn_client [None req-aeb47d16-10d7-4487-a3d1-a5ae0f949fb2 - - - - - -] No hosting information found for port 5d5677f4-b488-4756-8609-8d1d31bdb189: RuntimeError: No hosting information found for port 5d5677f4-b488-4756-8609-8d1d31bdb189
2026-04-27 02:38:28.683 10 INFO neutron.api.wsgi [req-6489e079-89ab-4cbc-9008-ae38e94765b6 req-3b84aa79-a2b7-4da4-a2c0-1e52c7d5907c 9d712c95f0d244b0bb962dac5f106d77 c4c3586992c64a1d9d8b94dfb286b466 - - default default] 10.0.0.238 "GET /v2.0/security-groups?id=6cacafc5-3ab2-4eb2-b279-01a59aa40301&fields=id&fields=name HTTP/1.1" status: 200 len: 312 time: 0.0490515
2026-04-27 02:38:28.731 9 INFO neutron.db.ovn_revision_numbers_db [None req-aeb47d16-10d7-4487-a3d1-a5ae0f949fb2 - - - - - -] Successfully bumped revision number for resource 5d5677f4-b488-4756-8609-8d1d31bdb189 (type: router_ports) to 2
2026-04-27 02:38:28.742 9 INFO neutron.api.wsgi [req-912f198d-eeef-4460-ace5-f4feae93f4b5 req-1001ffca-de33-466c-9b1b-1a611cbef318 63db75011e6f49f78e215e458c0a5fe9 e9042a825b004e53909fa078a5b7112f - - default default] 10.0.0.238 "GET /v2.0/ports?device_id=5f7bd02a-51fe-4af0-97bf-65d2ac047d84 HTTP/1.1" status: 200 len: 1168 time: 0.0833077
2026-04-27 02:38:28.768 10 INFO neutron.db.ovn_revision_numbers_db [None req-61e55ca9-9f66-4368-860f-9783408a32a4 7f32b3f62b5c493c809c6b9a5386e3f9 8aefb44c1b324ed9a4e9ba8168f26158 - - default default] Successfully bumped revision number for resource 4172f6dd-4dc2-48f4-8ee7-50ccef8d639d (type: security_groups) to 1
2026-04-27 02:38:28.779 9 INFO neutron.api.wsgi [req-912f198d-eeef-4460-ace5-f4feae93f4b5 req-0daa0fe4-8901-47c3-ae0b-8733c9975865 63db75011e6f49f78e215e458c0a5fe9 e9042a825b004e53909fa078a5b7112f - - default default] 10.0.0.238 "GET /v2.0/security-groups?id=d47404e0-bafb-4b9a-b7a7-86dc2ac97ddf&fields=id&fields=name HTTP/1.1" status: 200 len: 313 time: 0.0317485
2026-04-27 02:38:28.781 9 INFO neutron.plugins.ml2.drivers.ovn.mech_driver.mech_driver [None req-aeb47d16-10d7-4487-a3d1-a5ae0f949fb2 - - - - - -] OVN reports status up for port: a973c513-052d-49b6-b196-6d4f66bf7810
2026-04-27 02:38:28.790 10 INFO neutron.db.ovn_revision_numbers_db [None req-61e55ca9-9f66-4368-860f-9783408a32a4 7f32b3f62b5c493c809c6b9a5386e3f9 8aefb44c1b324ed9a4e9ba8168f26158 - - default default] Successfully bumped revision number for resource 72d18a1a-6f62-4556-b123-cd536be49fa3 (type: security_group_rules) to 0
2026-04-27 02:38:28.791 9 INFO neutron.plugins.ml2.plugin [None req-aeb47d16-10d7-4487-a3d1-a5ae0f949fb2 - - - - - -] Attempt 1 to provision port a973c513-052d-49b6-b196-6d4f66bf7810
2026-04-27 02:38:28.805 10 INFO neutron.db.ovn_revision_numbers_db [None req-61e55ca9-9f66-4368-860f-9783408a32a4 7f32b3f62b5c493c809c6b9a5386e3f9 8aefb44c1b324ed9a4e9ba8168f26158 - - default default] Successfully bumped revision number for resource 74507571-2ae7-41b4-a452-141936a29671 (type: security_group_rules) to 0
2026-04-27 02:38:28.820 10 INFO neutron.db.ovn_revision_numbers_db [None req-61e55ca9-9f66-4368-860f-9783408a32a4 7f32b3f62b5c493c809c6b9a5386e3f9 8aefb44c1b324ed9a4e9ba8168f26158 - - default default] Successfully bumped revision number for resource af6c23cd-18c7-44d7-89b2-ba24d77c3cb6 (type: security_group_rules) to 0
2026-04-27 02:38:28.834 10 INFO neutron.db.ovn_revision_numbers_db [None req-61e55ca9-9f66-4368-860f-9783408a32a4 7f32b3f62b5c493c809c6b9a5386e3f9 8aefb44c1b324ed9a4e9ba8168f26158 - - default default] Successfully bumped revision number for resource b48fa8fd-aa83-43c8-b769-603ef9b66245 (type: security_group_rules) to 0
2026-04-27 02:38:28.885 10 INFO neutron.api.wsgi [None req-61e55ca9-9f66-4368-860f-9783408a32a4 7f32b3f62b5c493c809c6b9a5386e3f9 8aefb44c1b324ed9a4e9ba8168f26158 - - default default] 10.0.0.53 "GET /v2.0/security-groups?tenant_id=1372da7db7614fe6a55137ee4445f746&name=default HTTP/1.1" status: 200 len: 3120 time: 0.4540770
2026-04-27 02:38:28.917 9 INFO neutron.notifiers.nova [-] Nova event matching ['req-97d053e1-e34d-4cc7-8a8e-b0a8b4bb30e2'] response: {'server_uuid': '90eedb65-47f3-4cb9-91b2-bb6413b2f8b5', 'name': 'network-vif-plugged', 'status': 'completed', 'tag': 'a973c513-052d-49b6-b196-6d4f66bf7810', 'code': 200}
2026-04-27 02:38:29.012 9 INFO neutron.db.ovn_revision_numbers_db [None req-aeb47d16-10d7-4487-a3d1-a5ae0f949fb2 - - - - - -] Successfully bumped revision number for resource a973c513-052d-49b6-b196-6d4f66bf7810 (type: ports) to 5
2026-04-27 02:38:29.069 9 INFO neutron.plugins.ml2.drivers.ovn.mech_driver.mech_driver [None req-e6707c13-c1d3-4cfd-b293-8a2d139646e6 - - - - - -] OVN reports status up for port: 74caa4ae-247a-4521-afad-d9bd933a5864
2026-04-27 02:38:29.078 9 INFO neutron.plugins.ml2.plugin [None req-e6707c13-c1d3-4cfd-b293-8a2d139646e6 - - - - - -] Attempt 1 to provision port 74caa4ae-247a-4521-afad-d9bd933a5864
2026-04-27 02:38:29.136 10 INFO neutron.api.wsgi [None req-e9cdd0a5-488c-4445-b963-1a3bb1a8d144 7f32b3f62b5c493c809c6b9a5386e3f9 8aefb44c1b324ed9a4e9ba8168f26158 - - default default] 10.0.0.53 "DELETE /v2.0/security-groups/4172f6dd-4dc2-48f4-8ee7-50ccef8d639d HTTP/1.1" status: 204 len: 168 time: 0.2457078 /var/lib/openstack/lib/python3.12/site-packages/pycadf/identifier.py:71: UserWarning: Invalid uuid: neutron. To ensure interoperability, identifiers should be a valid uuid. warnings.warn(('Invalid uuid: %s. To ensure interoperability, '
2026-04-27 02:38:29.298 9 INFO neutron.db.ovn_revision_numbers_db [None req-e6707c13-c1d3-4cfd-b293-8a2d139646e6 - - - - - -] Successfully bumped revision number for resource 74caa4ae-247a-4521-afad-d9bd933a5864 (type: ports) to 5
2026-04-27 02:38:29.453 9 INFO neutron.db.ovn_revision_numbers_db [None req-2651877b-cbc3-4263-92fa-f56f56a3223c 7f32b3f62b5c493c809c6b9a5386e3f9 8aefb44c1b324ed9a4e9ba8168f26158 - - default default] Successfully bumped revision number for resource b18f048a-ad27-4656-b00a-90309e93bc36 (type: security_groups) to 1
2026-04-27 02:38:29.479 9 INFO neutron.db.ovn_revision_numbers_db [None req-2651877b-cbc3-4263-92fa-f56f56a3223c 7f32b3f62b5c493c809c6b9a5386e3f9 8aefb44c1b324ed9a4e9ba8168f26158 - - default default] Successfully bumped revision number for resource 0334f3f2-bda7-46b0-b3ac-2e97329301b1 (type: security_group_rules) to 0
2026-04-27 02:38:29.504 9 INFO neutron.db.ovn_revision_numbers_db [None req-2651877b-cbc3-4263-92fa-f56f56a3223c 7f32b3f62b5c493c809c6b9a5386e3f9 8aefb44c1b324ed9a4e9ba8168f26158 - - default default] Successfully bumped revision number for resource 9324f16a-9e1f-417e-b443-52d429b5db60 (type: security_group_rules) to 0
2026-04-27 02:38:29.535 9 INFO neutron.db.ovn_revision_numbers_db [None req-2651877b-cbc3-4263-92fa-f56f56a3223c 7f32b3f62b5c493c809c6b9a5386e3f9 8aefb44c1b324ed9a4e9ba8168f26158 - - default default] Successfully bumped revision number for resource c00232d4-43f2-41f7-84be-8a067b17afe2 (type: security_group_rules) to 0
2026-04-27 02:38:29.563 9 INFO neutron.db.ovn_revision_numbers_db [None req-2651877b-cbc3-4263-92fa-f56f56a3223c 7f32b3f62b5c493c809c6b9a5386e3f9 8aefb44c1b324ed9a4e9ba8168f26158 - - default default] Successfully bumped revision number for resource d9ad51a8-fb85-4232-9c0f-c17595e5301b (type: security_group_rules) to 0
2026-04-27 02:38:29.607 9 INFO neutron.api.wsgi [None req-2651877b-cbc3-4263-92fa-f56f56a3223c 7f32b3f62b5c493c809c6b9a5386e3f9 8aefb44c1b324ed9a4e9ba8168f26158 - - default default] 10.0.0.53 "GET /v2.0/security-groups?tenant_id=d9005440960e42d79e78f6b28fbc0f17&name=default HTTP/1.1" status: 200 len: 3120 time: 0.3630950 /var/lib/openstack/lib/python3.12/site-packages/pycadf/identifier.py:71: UserWarning: Invalid uuid: neutron. To ensure interoperability, identifiers should be a valid uuid. warnings.warn(('Invalid uuid: %s. To ensure interoperability, '
2026-04-27 02:38:29.832 9 INFO neutron.api.wsgi [req-a9231811-1df6-4e9e-bf72-dd1972eeba88 req-bbd63c1e-4993-4923-b11b-f2bceecd4137 9d712c95f0d244b0bb962dac5f106d77 c4c3586992c64a1d9d8b94dfb286b466 - - default default] 10.0.0.238 "GET /v2.0/ports?device_id=90eedb65-47f3-4cb9-91b2-bb6413b2f8b5 HTTP/1.1" status: 200 len: 1170 time: 0.0851252
2026-04-27 02:38:29.868 9 INFO neutron.api.wsgi [req-a9231811-1df6-4e9e-bf72-dd1972eeba88 req-697548c6-71f6-4562-b64e-8c88c66f4a56 9d712c95f0d244b0bb962dac5f106d77 c4c3586992c64a1d9d8b94dfb286b466 - - default default] 10.0.0.238 "GET /v2.0/security-groups?id=6cacafc5-3ab2-4eb2-b279-01a59aa40301&fields=id&fields=name HTTP/1.1" status: 200 len: 312 time: 0.0327084
2026-04-27 02:38:29.923 9 INFO neutron.api.wsgi [None req-3cf3dd19-17a8-433f-b9ab-f6612dfb374d 7f32b3f62b5c493c809c6b9a5386e3f9 8aefb44c1b324ed9a4e9ba8168f26158 - - default default] 10.0.0.53 "DELETE /v2.0/security-groups/b18f048a-ad27-4656-b00a-90309e93bc36 HTTP/1.1" status: 204 len: 168 time: 0.3111892
2026-04-27 02:38:29.925 10 INFO neutron.api.wsgi [req-2635ad68-50c4-4288-8a27-8389381023cd req-c67c6dbd-69d0-4843-b216-4b3db00bd47b 63db75011e6f49f78e215e458c0a5fe9 e9042a825b004e53909fa078a5b7112f - - default default] 10.0.0.238 "GET /v2.0/ports?device_id=5f7bd02a-51fe-4af0-97bf-65d2ac047d84 HTTP/1.1" status: 200 len: 1170 time: 0.0825574
2026-04-27 02:38:29.966 10 INFO neutron.api.wsgi [req-2635ad68-50c4-4288-8a27-8389381023cd req-0b932b5e-caad-4ac5-83e5-21c3cca42f52 63db75011e6f49f78e215e458c0a5fe9 e9042a825b004e53909fa078a5b7112f - - default default] 10.0.0.238 "GET /v2.0/security-groups?id=d47404e0-bafb-4b9a-b7a7-86dc2ac97ddf&fields=id&fields=name HTTP/1.1" status: 200 len: 313 time: 0.0351427
2026-04-27 02:38:30.896 9 INFO neutron.api.wsgi [req-8f5a4842-2d19-453f-84df-cd8bfe889961 req-1e1860da-d49e-403f-b4e0-25e6cf279517 c72a2539df79454a8b3b04d0ad187a49 e765c05bf24142ca813a5d44106f90a8 - - default default] 10.0.0.238 "GET /v2.0/security-groups?name=tempest-securitygroup--1425985558&fields=id&tenant_id=e765c05bf24142ca813a5d44106f90a8 HTTP/1.1" status: 200 len: 267 time: 0.0396154
2026-04-27 02:38:30.953 9 INFO neutron.api.wsgi [req-8f5a4842-2d19-453f-84df-cd8bfe889961 req-ed809a5b-7009-452d-a8e5-e0689703640f c72a2539df79454a8b3b04d0ad187a49 e765c05bf24142ca813a5d44106f90a8 - - default default] 10.0.0.238 "GET /v2.0/networks?id=37a34fec-807e-4c95-8130-dccde55d4d2d HTTP/1.1" status: 200 len: 878 time: 0.0466642
2026-04-27 02:38:30.977 9 INFO neutron.api.wsgi [req-8f5a4842-2d19-453f-84df-cd8bfe889961 req-67b08e9f-72db-407f-a4ab-1b0ca6472456 c72a2539df79454a8b3b04d0ad187a49 e765c05bf24142ca813a5d44106f90a8 - - default default] 10.0.0.238 "GET /v2.0/quotas/e765c05bf24142ca813a5d44106f90a8 HTTP/1.1" status: 200 len: 491 time: 0.0117257
2026-04-27 02:38:31.004 10 INFO neutron.api.wsgi [req-ff4d24b9-a8b2-4477-b54c-863766456512 req-230f1e55-14e0-4a14-b135-17a2fe0a796c 9d712c95f0d244b0bb962dac5f106d77 c4c3586992c64a1d9d8b94dfb286b466 - - default default] 10.0.0.238 "GET /v2.0/ports?device_id=90eedb65-47f3-4cb9-91b2-bb6413b2f8b5 HTTP/1.1" status: 200 len: 1170 time: 0.0733271
2026-04-27 02:38:31.038 10 INFO neutron.api.wsgi [req-ff4d24b9-a8b2-4477-b54c-863766456512 req-feef5416-5fbc-4dff-a87a-403489db698c 9d712c95f0d244b0bb962dac5f106d77 c4c3586992c64a1d9d8b94dfb286b466 - - default default] 10.0.0.238 "GET /v2.0/security-groups?id=6cacafc5-3ab2-4eb2-b279-01a59aa40301&fields=id&fields=name HTTP/1.1" status: 200 len: 312 time: 0.0282452
2026-04-27 02:38:31.064 9 INFO neutron.api.wsgi [req-8f5a4842-2d19-453f-84df-cd8bfe889961 req-d3d5079a-3f1c-4ab1-97fc-a7d3d9c35d49 c72a2539df79454a8b3b04d0ad187a49 e765c05bf24142ca813a5d44106f90a8 - - default default] 10.0.0.238 "GET /v2.0/ports?tenant_id=e765c05bf24142ca813a5d44106f90a8&fields=id HTTP/1.1" status: 200 len: 302 time: 0.0799232
2026-04-27 02:38:31.083 9 INFO neutron.notifiers.nova [-] Nova event matching ['req-bc831b74-15b1-4693-951d-86fa4a989e46'] response: {'server_uuid': '90eedb65-47f3-4cb9-91b2-bb6413b2f8b5', 'name': 'network-vif-plugged', 'status': 'completed', 'tag': 'a973c513-052d-49b6-b196-6d4f66bf7810', 'code': 200}
2026-04-27 02:38:31.083 9 INFO neutron.notifiers.nova [-] Nova event matching ['req-bc831b74-15b1-4693-951d-86fa4a989e46'] response: {'server_uuid': '5f7bd02a-51fe-4af0-97bf-65d2ac047d84', 'name': 'network-vif-plugged', 'status': 'completed', 'tag': '74caa4ae-247a-4521-afad-d9bd933a5864', 'code': 200}
2026-04-27 02:38:31.083 9 INFO neutron.notifiers.nova [-] Nova event matching ['req-bc831b74-15b1-4693-951d-86fa4a989e46'] response: {'server_uuid': '5f7bd02a-51fe-4af0-97bf-65d2ac047d84', 'name': 'network-vif-plugged', 'status': 'completed', 'tag': '74caa4ae-247a-4521-afad-d9bd933a5864', 'code': 200}
2026-04-27 02:38:31.124 9 INFO neutron.api.wsgi [req-8f5a4842-2d19-453f-84df-cd8bfe889961 req-494d19c1-882b-4d06-97ea-01b415efe9ff 5a7c2656d7f54c2684277aed0928d538 c7c05e34570848eda1ce4810e237543e - - c8fc793b48bf4dfa8cefb7924173bcf9 c8fc793b48bf4dfa8cefb7924173bcf9] 10.0.0.238 "GET /v2.0/networks/37a34fec-807e-4c95-8130-dccde55d4d2d?fields=segments HTTP/1.1" status: 200 len: 212 time: 0.0506029
2026-04-27 02:38:31.157 10 INFO neutron.api.wsgi [req-b1a85cb3-7bbe-4ea7-b104-3677d51037bc req-2fe86f00-5463-47c5-876a-b40edceb1ffa 63db75011e6f49f78e215e458c0a5fe9 e9042a825b004e53909fa078a5b7112f - - default default] 10.0.0.238 "GET /v2.0/ports?device_id=5f7bd02a-51fe-4af0-97bf-65d2ac047d84 HTTP/1.1" status: 200 len: 1170 time: 0.0351284
2026-04-27 02:38:31.169 9 INFO neutron.api.wsgi [req-8f5a4842-2d19-453f-84df-cd8bfe889961 req-191a6528-3019-49f0-b891-f8115f27e558 5a7c2656d7f54c2684277aed0928d538 c7c05e34570848eda1ce4810e237543e - - c8fc793b48bf4dfa8cefb7924173bcf9 c8fc793b48bf4dfa8cefb7924173bcf9] 10.0.0.238 "GET /v2.0/networks/37a34fec-807e-4c95-8130-dccde55d4d2d?fields=provider%3Aphysical_network&fields=provider%3Anetwork_type HTTP/1.1" status: 200 len: 277 time: 0.0406735
2026-04-27 02:38:31.203 10 INFO neutron.api.wsgi [req-b1a85cb3-7bbe-4ea7-b104-3677d51037bc req-fa9cd967-fb61-4c6c-8765-e06e36fbc433 63db75011e6f49f78e215e458c0a5fe9 e9042a825b004e53909fa078a5b7112f - - default default] 10.0.0.238 "GET /v2.0/security-groups?id=d47404e0-bafb-4b9a-b7a7-86dc2ac97ddf&fields=id&fields=name HTTP/1.1" status: 200 len: 313 time: 0.0397909
2026-04-27 02:38:31.303 10 INFO neutron.api.wsgi [req-1e2902f8-625d-42df-9959-8b4970bddf24 req-c2d12c2d-f203-4dda-98b4-67f3a757454b 9d712c95f0d244b0bb962dac5f106d77 c4c3586992c64a1d9d8b94dfb286b466 - - default default] 10.0.0.238 "GET /v2.0/ports?device_id=90eedb65-47f3-4cb9-91b2-bb6413b2f8b5 HTTP/1.1" status: 200 len: 1170 time: 0.0384502
2026-04-27 02:38:31.706 10 INFO neutron.api.wsgi [req-14162ba4-e36d-486a-b883-6300dfc2bd62 req-07e8263b-c352-4f9d-8823-cf23485f1fb1 c72a2539df79454a8b3b04d0ad187a49 e765c05bf24142ca813a5d44106f90a8 - - default default] 10.0.0.238 "GET /v2.0/ports?device_id=b5f3183c-e996-4188-a78a-9fe36a361753 HTTP/1.1" status: 200 len: 210 time: 0.0346246
2026-04-27 02:38:32.274 10 INFO neutron.db.ovn_revision_numbers_db [None req-751578fa-63c7-4259-81f4-da4181e39304 9d712c95f0d244b0bb962dac5f106d77 c4c3586992c64a1d9d8b94dfb286b466 - - default default] Successfully bumped revision number for resource b1b06302-f782-4e05-85bf-f04091c0088f (type: floatingips) to 1 /var/lib/openstack/lib/python3.12/site-packages/pycadf/identifier.py:71: UserWarning: Invalid uuid: neutron. To ensure interoperability, identifiers should be a valid uuid. warnings.warn(('Invalid uuid: %s. To ensure interoperability, '
2026-04-27 02:38:32.329 9 INFO neutron.api.wsgi [req-c44f80d8-5782-4249-802a-45479750399f req-2fea866f-dd5d-454e-ac6f-176fbfdda1f5 63db75011e6f49f78e215e458c0a5fe9 e9042a825b004e53909fa078a5b7112f - - default default] 10.0.0.238 "GET /v2.0/ports?device_id=5f7bd02a-51fe-4af0-97bf-65d2ac047d84 HTTP/1.1" status: 200 len: 1170 time: 0.0546956
2026-04-27 02:38:32.375 9 INFO neutron.api.wsgi [req-c44f80d8-5782-4249-802a-45479750399f req-4a6c9c88-28b0-4eb8-b71c-6600337042bb 63db75011e6f49f78e215e458c0a5fe9 e9042a825b004e53909fa078a5b7112f - - default default] 10.0.0.238 "GET /v2.0/security-groups?id=d47404e0-bafb-4b9a-b7a7-86dc2ac97ddf&fields=id&fields=name HTTP/1.1" status: 200 len: 313 time: 0.0391874
2026-04-27 02:38:32.462 10 INFO neutron.api.wsgi [req-efe16673-2947-42e9-aa11-a8d5a7a98b22 req-0b22113d-a870-445f-a4bf-942c84891d48 63db75011e6f49f78e215e458c0a5fe9 e9042a825b004e53909fa078a5b7112f - - default default] 10.0.0.238 "GET /v2.0/ports?device_id=5f7bd02a-51fe-4af0-97bf-65d2ac047d84 HTTP/1.1" status: 200 len: 1170 time: 0.0349934
2026-04-27 02:38:32.464 10 INFO neutron.db.ovn_revision_numbers_db [None req-751578fa-63c7-4259-81f4-da4181e39304 9d712c95f0d244b0bb962dac5f106d77 c4c3586992c64a1d9d8b94dfb286b466 - - default default] Successfully bumped revision number for resource b1b06302-f782-4e05-85bf-f04091c0088f (type: floatingips) to 2
2026-04-27 02:38:32.465 10 INFO neutron.db.l3_db [None req-751578fa-63c7-4259-81f4-da4181e39304 9d712c95f0d244b0bb962dac5f106d77 c4c3586992c64a1d9d8b94dfb286b466 - - default default] Floating IP b1b06302-f782-4e05-85bf-f04091c0088f associated. External IP: 10.96.250.220, port: a973c513-052d-49b6-b196-6d4f66bf7810.
2026-04-27 02:38:32.497 10 INFO neutron.api.wsgi [None req-751578fa-63c7-4259-81f4-da4181e39304 9d712c95f0d244b0bb962dac5f106d77 c4c3586992c64a1d9d8b94dfb286b466 - - default default] 10.0.0.53 "PUT /v2.0/floatingips/b1b06302-f782-4e05-85bf-f04091c0088f HTTP/1.1" status: 200 len: 1049 time: 1.1839414
2026-04-27 02:38:32.800 10 INFO neutron.api.wsgi [req-64c9d9a9-c98e-4b83-9118-88a83c1d9937 req-3ac58331-76b2-4d34-98b4-a70b63356306 c72a2539df79454a8b3b04d0ad187a49 e765c05bf24142ca813a5d44106f90a8 - - default default] 10.0.0.238 "GET /v2.0/ports?device_id=b5f3183c-e996-4188-a78a-9fe36a361753 HTTP/1.1" status: 200 len: 210 time: 0.0243721
2026-04-27 02:38:32.875 9 INFO neutron.api.wsgi [req-6226e28e-ee66-476b-88e8-5b9065f15202 req-c6574124-167d-4c48-a208-e829b2b27e20 9d712c95f0d244b0bb962dac5f106d77 c4c3586992c64a1d9d8b94dfb286b466 - - default default] 10.0.0.238 "GET /v2.0/ports?device_id=90eedb65-47f3-4cb9-91b2-bb6413b2f8b5 HTTP/1.1" status: 200 len: 1170 time: 0.0564587
2026-04-27 02:38:32.928 9 INFO neutron.api.wsgi [req-6226e28e-ee66-476b-88e8-5b9065f15202 req-1d8a19fc-1a80-4965-9ae2-4300669c32c0 9d712c95f0d244b0bb962dac5f106d77 c4c3586992c64a1d9d8b94dfb286b466 - - default default] 10.0.0.238 "GET /v2.0/security-groups?id=6cacafc5-3ab2-4eb2-b279-01a59aa40301&fields=id&fields=name HTTP/1.1" status: 200 len: 312 time: 0.0450010
2026-04-27 02:38:33.011 10 INFO neutron.notifiers.nova [-] Nova event matching ['req-5eb863fc-d574-4647-97b5-d987b34ef047'] response: {'name': 'network-changed', 'server_uuid': '90eedb65-47f3-4cb9-91b2-bb6413b2f8b5', 'tag': 'a973c513-052d-49b6-b196-6d4f66bf7810', 'status': 'completed', 'code': 200} /var/lib/openstack/lib/python3.12/site-packages/pycadf/identifier.py:71: UserWarning: Invalid uuid: neutron. To ensure interoperability, identifiers should be a valid uuid. warnings.warn(('Invalid uuid: %s. To ensure interoperability, '
2026-04-27 02:38:33.607 9 INFO neutron.api.wsgi [req-e9fd3dcb-c853-4b65-bf35-d73346d1cde8 req-b59e5251-c219-4ad7-8067-a9b5a1bf10ae 5a7c2656d7f54c2684277aed0928d538 c7c05e34570848eda1ce4810e237543e - - c8fc793b48bf4dfa8cefb7924173bcf9 c8fc793b48bf4dfa8cefb7924173bcf9] 199.204.45.115 "GET /v2.0/ports?tenant_id=c4c3586992c64a1d9d8b94dfb286b466&device_id=90eedb65-47f3-4cb9-91b2-bb6413b2f8b5 HTTP/1.1" status: 200 len: 1409 time: 0.0693448
2026-04-27 02:38:33.633 9 INFO neutron.db.ovn_revision_numbers_db [None req-0cd944e5-a310-4461-acd4-7447f9f635ff 63db75011e6f49f78e215e458c0a5fe9 e9042a825b004e53909fa078a5b7112f - - default default] Successfully bumped revision number for resource 5b008945-706b-4627-a990-4bd1b7490164 (type: floatingips) to 1
2026-04-27 02:38:33.677 9 INFO neutron.api.wsgi [req-e9fd3dcb-c853-4b65-bf35-d73346d1cde8 req-7151818a-312f-4390-9574-242e48059b3a 5a7c2656d7f54c2684277aed0928d538 c7c05e34570848eda1ce4810e237543e - - c8fc793b48bf4dfa8cefb7924173bcf9 c8fc793b48bf4dfa8cefb7924173bcf9] 199.204.45.115 "GET /v2.0/networks?id=c19f1f56-7f66-4980-8b8d-3be1cee6e44f HTTP/1.1" status: 200 len: 982 time: 0.0642796
2026-04-27 02:38:33.726 9 INFO neutron.api.wsgi [req-e9fd3dcb-c853-4b65-bf35-d73346d1cde8 req-f7bab281-c289-42f8-bc67-bf4e08f208c2 5a7c2656d7f54c2684277aed0928d538 c7c05e34570848eda1ce4810e237543e - - c8fc793b48bf4dfa8cefb7924173bcf9 c8fc793b48bf4dfa8cefb7924173bcf9] 199.204.45.115 "GET /v2.0/floatingips?fixed_ip_address=10.100.0.9&port_id=a973c513-052d-49b6-b196-6d4f66bf7810 HTTP/1.1" status: 200 len: 1059 time: 0.0418856
2026-04-27 02:38:33.757 9 INFO neutron.api.wsgi [req-e9fd3dcb-c853-4b65-bf35-d73346d1cde8 req-c984573c-e033-4e75-8a4b-a41712788471 5a7c2656d7f54c2684277aed0928d538 c7c05e34570848eda1ce4810e237543e - - c8fc793b48bf4dfa8cefb7924173bcf9 c8fc793b48bf4dfa8cefb7924173bcf9] 199.204.45.115 "GET /v2.0/subnets?id=600db065-9a06-4397-855d-01ae3e4bf646 HTTP/1.1" status: 200 len: 901 time: 0.0261345
2026-04-27 02:38:33.783 9 INFO neutron.api.wsgi [req-e9fd3dcb-c853-4b65-bf35-d73346d1cde8 req-ba7e9959-5ba8-423e-a97b-7ff0ecfb3585 5a7c2656d7f54c2684277aed0928d538 c7c05e34570848eda1ce4810e237543e - - c8fc793b48bf4dfa8cefb7924173bcf9 c8fc793b48bf4dfa8cefb7924173bcf9] 199.204.45.115 "GET /v2.0/ports?network_id=c19f1f56-7f66-4980-8b8d-3be1cee6e44f&device_owner=network%3Adhcp HTTP/1.1" status: 200 len: 210 time: 0.0178280
2026-04-27 02:38:33.822 9 INFO neutron.db.ovn_revision_numbers_db [None req-0cd944e5-a310-4461-acd4-7447f9f635ff 63db75011e6f49f78e215e458c0a5fe9 e9042a825b004e53909fa078a5b7112f - - default default] Successfully bumped revision number for resource 5b008945-706b-4627-a990-4bd1b7490164 (type: floatingips) to 2
2026-04-27 02:38:33.822 9 INFO neutron.db.l3_db [None req-0cd944e5-a310-4461-acd4-7447f9f635ff 63db75011e6f49f78e215e458c0a5fe9 e9042a825b004e53909fa078a5b7112f - - default default] Floating IP 5b008945-706b-4627-a990-4bd1b7490164 associated. External IP: 10.96.250.218, port: 74caa4ae-247a-4521-afad-d9bd933a5864.
2026-04-27 02:38:33.837 9 INFO neutron.api.wsgi [req-e9fd3dcb-c853-4b65-bf35-d73346d1cde8 req-120ea17b-2008-41c0-9adc-984c9f91d9f1 5a7c2656d7f54c2684277aed0928d538 c7c05e34570848eda1ce4810e237543e - - c8fc793b48bf4dfa8cefb7924173bcf9 c8fc793b48bf4dfa8cefb7924173bcf9] 199.204.45.115 "GET /v2.0/networks/c19f1f56-7f66-4980-8b8d-3be1cee6e44f?fields=segments HTTP/1.1" status: 200 len: 212 time: 0.0475435
2026-04-27 02:38:33.853 9 INFO neutron.api.wsgi [None req-0cd944e5-a310-4461-acd4-7447f9f635ff 63db75011e6f49f78e215e458c0a5fe9 e9042a825b004e53909fa078a5b7112f - - default default] 10.0.0.53 "PUT /v2.0/floatingips/5b008945-706b-4627-a990-4bd1b7490164 HTTP/1.1" status: 200 len: 1049 time: 1.3762596
2026-04-27 02:38:33.883 10 INFO neutron.api.wsgi [req-8c5a1a3b-63d4-48e1-ad0e-4d4c70baeab0 req-3916c02e-b5b6-492a-ac67-be7b66dc2437 c72a2539df79454a8b3b04d0ad187a49 e765c05bf24142ca813a5d44106f90a8 - - default default] 10.0.0.238 "GET /v2.0/ports?device_id=b5f3183c-e996-4188-a78a-9fe36a361753 HTTP/1.1" status: 200 len: 210 time: 0.0190947
2026-04-27 02:38:33.893 9 INFO neutron.notifiers.nova [-] Nova event matching ['req-4471a4bb-1cb3-4359-be85-9195e11f90c3'] response: {'name': 'network-changed', 'server_uuid': '5f7bd02a-51fe-4af0-97bf-65d2ac047d84', 'tag': '74caa4ae-247a-4521-afad-d9bd933a5864', 'status': 'completed', 'code': 200}
2026-04-27 02:38:33.903 9 INFO neutron.api.wsgi [req-e9fd3dcb-c853-4b65-bf35-d73346d1cde8 req-d58b9165-6ad5-4c12-9fa4-c26b021d1d4c 5a7c2656d7f54c2684277aed0928d538 c7c05e34570848eda1ce4810e237543e - - c8fc793b48bf4dfa8cefb7924173bcf9 c8fc793b48bf4dfa8cefb7924173bcf9] 199.204.45.115 "GET /v2.0/networks/c19f1f56-7f66-4980-8b8d-3be1cee6e44f?fields=provider%3Aphysical_network&fields=provider%3Anetwork_type HTTP/1.1" status: 200 len: 277 time: 0.0605683
2026-04-27 02:38:34.437 9 INFO neutron.api.wsgi [req-5fba3998-a041-47f9-9575-f8b22d7ccf4b req-bc344c11-31b6-4b83-9ad9-6068441567f9 5a7c2656d7f54c2684277aed0928d538 c7c05e34570848eda1ce4810e237543e - - c8fc793b48bf4dfa8cefb7924173bcf9 c8fc793b48bf4dfa8cefb7924173bcf9] 199.204.45.115 "GET /v2.0/ports?tenant_id=e9042a825b004e53909fa078a5b7112f&device_id=5f7bd02a-51fe-4af0-97bf-65d2ac047d84 HTTP/1.1" status: 200 len: 1409 time: 0.0356348
2026-04-27 02:38:34.489 9 INFO neutron.api.wsgi [req-5fba3998-a041-47f9-9575-f8b22d7ccf4b req-c1315991-ffa9-4f4d-8dc6-c378794191eb 5a7c2656d7f54c2684277aed0928d538 c7c05e34570848eda1ce4810e237543e - - c8fc793b48bf4dfa8cefb7924173bcf9 c8fc793b48bf4dfa8cefb7924173bcf9] 199.204.45.115 "GET /v2.0/networks?id=e9d10daa-94bc-4a1e-9616-f570537eeed4 HTTP/1.1" status: 200 len: 974 time: 0.0454860
2026-04-27 02:38:34.561 9 INFO neutron.api.wsgi [req-5fba3998-a041-47f9-9575-f8b22d7ccf4b req-aabb4158-1d5f-4a82-aa77-a3d4b1ba68db 5a7c2656d7f54c2684277aed0928d538 c7c05e34570848eda1ce4810e237543e - - c8fc793b48bf4dfa8cefb7924173bcf9 c8fc793b48bf4dfa8cefb7924173bcf9] 199.204.45.115 "GET /v2.0/floatingips?fixed_ip_address=10.100.0.3&port_id=74caa4ae-247a-4521-afad-d9bd933a5864 HTTP/1.1" status: 200 len: 1059 time: 0.0616989
2026-04-27 02:38:34.595 9 INFO neutron.api.wsgi [req-5fba3998-a041-47f9-9575-f8b22d7ccf4b req-d384d991-b112-43f9-bd1f-fd66ba46996b 5a7c2656d7f54c2684277aed0928d538 c7c05e34570848eda1ce4810e237543e - - c8fc793b48bf4dfa8cefb7924173bcf9 c8fc793b48bf4dfa8cefb7924173bcf9] 199.204.45.115 "GET /v2.0/subnets?id=22148f55-a883-453f-9faa-282255103c3e HTTP/1.1" status: 200 len: 893 time: 0.0300620
2026-04-27 02:38:34.617 9 INFO neutron.api.wsgi [req-5fba3998-a041-47f9-9575-f8b22d7ccf4b req-c63d600c-a526-418f-be3b-46917321fdef 5a7c2656d7f54c2684277aed0928d538 c7c05e34570848eda1ce4810e237543e - - c8fc793b48bf4dfa8cefb7924173bcf9 c8fc793b48bf4dfa8cefb7924173bcf9] 199.204.45.115 "GET /v2.0/ports?network_id=e9d10daa-94bc-4a1e-9616-f570537eeed4&device_owner=network%3Adhcp HTTP/1.1" status: 200 len: 210 time: 0.0164671
2026-04-27 02:38:34.676 9 INFO neutron.api.wsgi [req-5fba3998-a041-47f9-9575-f8b22d7ccf4b req-c237c80b-41f1-470a-b586-2be5eccf1c1b 5a7c2656d7f54c2684277aed0928d538 c7c05e34570848eda1ce4810e237543e - - c8fc793b48bf4dfa8cefb7924173bcf9 c8fc793b48bf4dfa8cefb7924173bcf9] 199.204.45.115 "GET /v2.0/networks/e9d10daa-94bc-4a1e-9616-f570537eeed4?fields=segments HTTP/1.1" status: 200 len: 212 time: 0.0526180
2026-04-27 02:38:34.726 9 INFO neutron.api.wsgi [req-5fba3998-a041-47f9-9575-f8b22d7ccf4b req-e8d6a510-2369-4cfb-bb26-28298f5d2e7d 5a7c2656d7f54c2684277aed0928d538 c7c05e34570848eda1ce4810e237543e - - c8fc793b48bf4dfa8cefb7924173bcf9 c8fc793b48bf4dfa8cefb7924173bcf9] 199.204.45.115 "GET /v2.0/networks/e9d10daa-94bc-4a1e-9616-f570537eeed4?fields=provider%3Aphysical_network&fields=provider%3Anetwork_type HTTP/1.1" status: 200 len: 277 time: 0.0427053
2026-04-27 02:38:34.971 9 INFO neutron.api.wsgi [req-abb0ccef-a0ea-456f-95cc-4e50f588e73c req-4029414d-8482-42ce-b9c8-66ced2d98f2e c72a2539df79454a8b3b04d0ad187a49 e765c05bf24142ca813a5d44106f90a8 - - default default] 10.0.0.238 "GET /v2.0/ports?device_id=b5f3183c-e996-4188-a78a-9fe36a361753 HTTP/1.1" status: 200 len: 210 time: 0.0159457
2026-04-27 02:38:35.930 9 INFO neutron.db.ovn_revision_numbers_db [None req-54f25924-9ca6-44c5-ace5-1dbef0daadba 7f32b3f62b5c493c809c6b9a5386e3f9 8aefb44c1b324ed9a4e9ba8168f26158 - - default default] Successfully bumped revision number for resource 6c1ab77d-fe0a-438f-ad9f-b2d6445e140d (type: security_groups) to 1
2026-04-27 02:38:35.945 9 INFO neutron.db.ovn_revision_numbers_db [None req-54f25924-9ca6-44c5-ace5-1dbef0daadba 7f32b3f62b5c493c809c6b9a5386e3f9 8aefb44c1b324ed9a4e9ba8168f26158 - - default default] Successfully bumped revision number for resource 6fc09540-22a1-49ba-818c-aa29ed85ea12 (type: security_group_rules) to 0
2026-04-27 02:38:35.960 9 INFO neutron.db.ovn_revision_numbers_db [None req-54f25924-9ca6-44c5-ace5-1dbef0daadba 7f32b3f62b5c493c809c6b9a5386e3f9 8aefb44c1b324ed9a4e9ba8168f26158 - - default default] Successfully bumped revision number for resource 759dfdc7-bef4-45c8-855f-a73da469754e (type: security_group_rules) to 0
2026-04-27 02:38:35.975 9 INFO neutron.db.ovn_revision_numbers_db [None req-54f25924-9ca6-44c5-ace5-1dbef0daadba 7f32b3f62b5c493c809c6b9a5386e3f9 8aefb44c1b324ed9a4e9ba8168f26158 - - default default] Successfully bumped revision number for resource 7bdbdbdd-f374-4c59-acef-942254de56da (type: security_group_rules) to 0
2026-04-27 02:38:35.988 9 INFO neutron.db.ovn_revision_numbers_db [None req-54f25924-9ca6-44c5-ace5-1dbef0daadba 7f32b3f62b5c493c809c6b9a5386e3f9 8aefb44c1b324ed9a4e9ba8168f26158 - - default default] Successfully bumped revision number for resource c6b2138c-0091-4722-8b36-0b3418772790 (type: security_group_rules) to 0
2026-04-27 02:38:36.016 9 INFO neutron.api.wsgi [None req-54f25924-9ca6-44c5-ace5-1dbef0daadba 7f32b3f62b5c493c809c6b9a5386e3f9 8aefb44c1b324ed9a4e9ba8168f26158 - - default default] 10.0.0.53 "GET /v2.0/security-groups?tenant_id=3a43489621f843e0b4da7a8f562e0510&name=default HTTP/1.1" status: 200 len: 3120 time: 0.3565414
2026-04-27 02:38:36.078 10 INFO neutron.api.wsgi [req-a8006c06-5698-44d5-8354-8f9bf7bff10c req-21178a3a-4797-42a4-926e-1c164b3e94e7 c72a2539df79454a8b3b04d0ad187a49 e765c05bf24142ca813a5d44106f90a8 - - default default] 10.0.0.238 "GET /v2.0/ports?device_id=b5f3183c-e996-4188-a78a-9fe36a361753 HTTP/1.1" status: 200 len: 210 time: 0.0240254
2026-04-27 02:38:36.176 9 INFO neutron.api.wsgi [req-8f5a4842-2d19-453f-84df-cd8bfe889961 req-e8a873b5-2818-4457-b330-e2e5b121ca66 c72a2539df79454a8b3b04d0ad187a49 e765c05bf24142ca813a5d44106f90a8 - - default default] 199.204.45.115 "GET /v2.0/networks?id=37a34fec-807e-4c95-8130-dccde55d4d2d HTTP/1.1" status: 200 len: 878 time: 0.0481138
2026-04-27 02:38:36.224 9 INFO neutron.api.wsgi [req-8f5a4842-2d19-453f-84df-cd8bfe889961 req-85f4f306-953a-40c5-a01d-7945a6e0b669 c72a2539df79454a8b3b04d0ad187a49 e765c05bf24142ca813a5d44106f90a8 - - default default] 199.204.45.115 "GET /v2.0/security-groups?fields=id&fields=name&tenant_id=e765c05bf24142ca813a5d44106f90a8 HTTP/1.1" status: 200 len: 380 time: 0.0424232
2026-04-27 02:38:36.232 9 WARNING neutron_lib.context [req-8f5a4842-2d19-453f-84df-cd8bfe889961 req-5678f235-8c48-4da1-bede-5d647885d77a c72a2539df79454a8b3b04d0ad187a49 e765c05bf24142ca813a5d44106f90a8 - - default default] Method 'is_advsvc' is deprecated since 2023.2 release (neutron-lib 3.8.0) and will be removed once support for the old RBAC API policies will be removed from Neutron. Please use method 'is_service_role' instead.
2026-04-27 02:38:36.260 9 INFO neutron.api.wsgi [None req-5e03f0a5-dde3-4ebb-87a3-ce475689aa6b 7f32b3f62b5c493c809c6b9a5386e3f9 8aefb44c1b324ed9a4e9ba8168f26158 - - default default] 10.0.0.53 "DELETE /v2.0/security-groups/6c1ab77d-fe0a-438f-ad9f-b2d6445e140d HTTP/1.1" status: 204 len: 168 time: 0.2391260
2026-04-27 02:38:36.502 9 WARNING neutron.scheduler.dhcp_agent_scheduler [req-8f5a4842-2d19-453f-84df-cd8bfe889961 req-5678f235-8c48-4da1-bede-5d647885d77a c72a2539df79454a8b3b04d0ad187a49 e765c05bf24142ca813a5d44106f90a8 - - default default] No more DHCP agents
2026-04-27 02:38:36.503 9 WARNING neutron.api.rpc.agentnotifiers.dhcp_rpc_agent_api [req-8f5a4842-2d19-453f-84df-cd8bfe889961 req-5678f235-8c48-4da1-bede-5d647885d77a c72a2539df79454a8b3b04d0ad187a49 e765c05bf24142ca813a5d44106f90a8 - - default default] Unable to schedule network 37a34fec-807e-4c95-8130-dccde55d4d2d: no agents available; will retry on subsequent port and subnet creation events.
2026-04-27 02:38:36.641 9 INFO neutron.db.ovn_revision_numbers_db [req-8f5a4842-2d19-453f-84df-cd8bfe889961 req-5678f235-8c48-4da1-bede-5d647885d77a c72a2539df79454a8b3b04d0ad187a49 e765c05bf24142ca813a5d44106f90a8 - - default default] Successfully bumped revision number for resource 86cbde96-1ce4-490c-8d30-650c01ea4848 (type: ports) to 1
2026-04-27 02:38:36.665 9 INFO neutron.api.wsgi [req-8f5a4842-2d19-453f-84df-cd8bfe889961 req-5678f235-8c48-4da1-bede-5d647885d77a c72a2539df79454a8b3b04d0ad187a49 e765c05bf24142ca813a5d44106f90a8 - - default default] 199.204.45.115 "POST /v2.0/ports HTTP/1.1" status: 201 len: 1158 time: 0.4370782 /var/lib/openstack/lib/python3.12/site-packages/pycadf/identifier.py:71: UserWarning: Invalid uuid: neutron. To ensure interoperability, identifiers should be a valid uuid. warnings.warn(('Invalid uuid: %s. To ensure interoperability, '
2026-04-27 02:38:37.028 9 INFO neutron.api.wsgi [-] 10.0.0.7 "GET / HTTP/1.1" status: 200 len: 246 time: 0.0020368
2026-04-27 02:38:37.029 10 INFO neutron.api.wsgi [-] 10.0.0.7 "GET / HTTP/1.1" status: 200 len: 246 time: 0.0027637
2026-04-27 02:38:37.082 9 INFO neutron.db.ovn_revision_numbers_db [req-8f5a4842-2d19-453f-84df-cd8bfe889961 req-354fbaa8-d870-4244-852a-6c06287aac19 5a7c2656d7f54c2684277aed0928d538 c7c05e34570848eda1ce4810e237543e - - c8fc793b48bf4dfa8cefb7924173bcf9 c8fc793b48bf4dfa8cefb7924173bcf9] Successfully bumped revision number for resource 86cbde96-1ce4-490c-8d30-650c01ea4848 (type: ports) to 2 /var/lib/openstack/lib/python3.12/site-packages/pycadf/identifier.py:71: UserWarning: Invalid uuid: neutron. To ensure interoperability, identifiers should be a valid uuid. warnings.warn(('Invalid uuid: %s. To ensure interoperability, '
2026-04-27 02:38:37.222 9 INFO neutron.api.wsgi [req-ea8a79a9-aa60-4e35-a47a-cd4ac73f5edd req-720ea9b6-12a1-4916-86b2-08ba71bf3cf5 c72a2539df79454a8b3b04d0ad187a49 e765c05bf24142ca813a5d44106f90a8 - - default default] 10.0.0.238 "GET /v2.0/ports?device_id=b5f3183c-e996-4188-a78a-9fe36a361753 HTTP/1.1" status: 200 len: 1168 time: 0.0768087 /var/lib/openstack/lib/python3.12/site-packages/pycadf/identifier.py:71: UserWarning: Invalid uuid: neutron. To ensure interoperability, identifiers should be a valid uuid. warnings.warn(('Invalid uuid: %s. To ensure interoperability, '
2026-04-27 02:38:37.271 9 INFO neutron.api.wsgi [req-ea8a79a9-aa60-4e35-a47a-cd4ac73f5edd req-826fbef5-d4e5-4766-b12d-52d20b58d7eb c72a2539df79454a8b3b04d0ad187a49 e765c05bf24142ca813a5d44106f90a8 - - default default] 10.0.0.238 "GET /v2.0/security-groups?id=d0ca6280-91f5-47d2-bdb8-9e95c1a1fc79&fields=id&fields=name HTTP/1.1" status: 200 len: 313 time: 0.0423808
2026-04-27 02:38:37.328 9 INFO neutron.db.ovn_revision_numbers_db [req-8f5a4842-2d19-453f-84df-cd8bfe889961 req-354fbaa8-d870-4244-852a-6c06287aac19 5a7c2656d7f54c2684277aed0928d538 c7c05e34570848eda1ce4810e237543e - - c8fc793b48bf4dfa8cefb7924173bcf9 c8fc793b48bf4dfa8cefb7924173bcf9] Successfully bumped revision number for resource 86cbde96-1ce4-490c-8d30-650c01ea4848 (type: ports) to 4
2026-04-27 02:38:37.348 9 INFO neutron.api.wsgi [req-8f5a4842-2d19-453f-84df-cd8bfe889961 req-354fbaa8-d870-4244-852a-6c06287aac19 5a7c2656d7f54c2684277aed0928d538 c7c05e34570848eda1ce4810e237543e - - c8fc793b48bf4dfa8cefb7924173bcf9 c8fc793b48bf4dfa8cefb7924173bcf9] 199.204.45.115 "PUT /v2.0/ports/86cbde96-1ce4-490c-8d30-650c01ea4848 HTTP/1.1" status: 200 len: 1404 time: 0.6787496
2026-04-27 02:38:37.380 9 INFO neutron.notifiers.nova [-] Nova event matching ['req-217578c9-af4e-49ae-aa9a-5c07a87a721c'] response: {'name': 'network-changed', 'server_uuid': 'b5f3183c-e996-4188-a78a-9fe36a361753', 'tag': '86cbde96-1ce4-490c-8d30-650c01ea4848', 'status': 'completed', 'code': 200}
2026-04-27 02:38:37.929 9 INFO neutron.api.wsgi [req-b8156294-997e-4be1-b97f-2a0083b15f76 req-a2f4c5b5-fe3c-40f9-86d6-b9f01e0b41e0 5a7c2656d7f54c2684277aed0928d538 c7c05e34570848eda1ce4810e237543e - - c8fc793b48bf4dfa8cefb7924173bcf9 c8fc793b48bf4dfa8cefb7924173bcf9] 199.204.45.115 "GET /v2.0/ports?tenant_id=e765c05bf24142ca813a5d44106f90a8&device_id=b5f3183c-e996-4188-a78a-9fe36a361753 HTTP/1.1" status: 200 len: 1407 time: 0.0397086
2026-04-27 02:38:37.989 9 INFO neutron.api.wsgi [req-b8156294-997e-4be1-b97f-2a0083b15f76 req-99502797-f5c0-4dde-a742-abf4ddf5eba5 5a7c2656d7f54c2684277aed0928d538 c7c05e34570848eda1ce4810e237543e - - c8fc793b48bf4dfa8cefb7924173bcf9 c8fc793b48bf4dfa8cefb7924173bcf9] 199.204.45.115 "GET /v2.0/networks?tenant_id=e765c05bf24142ca813a5d44106f90a8&shared=False HTTP/1.1" status: 200 len: 976 time: 0.0539896
2026-04-27 02:38:38.044 9 INFO neutron.api.wsgi [req-b8156294-997e-4be1-b97f-2a0083b15f76 req-2e49ed93-c965-4ed4-92c6-33b7baca9570 5a7c2656d7f54c2684277aed0928d538 c7c05e34570848eda1ce4810e237543e - - c8fc793b48bf4dfa8cefb7924173bcf9 c8fc793b48bf4dfa8cefb7924173bcf9] 199.204.45.115 "GET /v2.0/networks?shared=True HTTP/1.1" status: 200 len: 952 time: 0.0488601
2026-04-27 02:38:38.373 9 INFO neutron.api.wsgi [req-fddb2b43-6f86-4fe9-85ab-a233c517bbe7 req-55da32f5-467b-44fa-8488-0da31f09c977 c72a2539df79454a8b3b04d0ad187a49 e765c05bf24142ca813a5d44106f90a8 - - default default] 10.0.0.238 "GET /v2.0/ports?device_id=b5f3183c-e996-4188-a78a-9fe36a361753 HTTP/1.1" status: 200 len: 1168 time: 0.0423188
2026-04-27 02:38:38.437 9 INFO neutron.api.wsgi [req-fddb2b43-6f86-4fe9-85ab-a233c517bbe7 req-5ef662cf-be3b-45d0-bcfe-4de9cc755bb6 c72a2539df79454a8b3b04d0ad187a49 e765c05bf24142ca813a5d44106f90a8 - - default default] 10.0.0.238 "GET /v2.0/security-groups?id=d0ca6280-91f5-47d2-bdb8-9e95c1a1fc79&fields=id&fields=name HTTP/1.1" status: 200 len: 313 time: 0.0566399
2026-04-27 02:38:38.881 10 INFO neutron.db.ovn_revision_numbers_db [None req-3bc293bb-7cf6-4157-a95b-5db82b0d0047 7f32b3f62b5c493c809c6b9a5386e3f9 8aefb44c1b324ed9a4e9ba8168f26158 - - default default] Successfully bumped revision number for resource f2c854ba-e036-4845-a0c6-6498e7d2e261 (type: security_groups) to 1
2026-04-27 02:38:38.894 10 INFO neutron.db.ovn_revision_numbers_db [None req-3bc293bb-7cf6-4157-a95b-5db82b0d0047 7f32b3f62b5c493c809c6b9a5386e3f9 8aefb44c1b324ed9a4e9ba8168f26158 - - default default] Successfully bumped revision number for resource 48244199-eeab-4c97-8323-d6faac545525 (type: security_group_rules) to 0
2026-04-27 02:38:38.906 10 INFO neutron.db.ovn_revision_numbers_db [None req-3bc293bb-7cf6-4157-a95b-5db82b0d0047 7f32b3f62b5c493c809c6b9a5386e3f9 8aefb44c1b324ed9a4e9ba8168f26158 - - default default] Successfully bumped revision number for resource 50d192e9-ceb1-4eaa-ac8e-4a3a6dc291dd (type: security_group_rules) to 0
2026-04-27 02:38:38.921 10 INFO neutron.db.ovn_revision_numbers_db [None req-3bc293bb-7cf6-4157-a95b-5db82b0d0047 7f32b3f62b5c493c809c6b9a5386e3f9 8aefb44c1b324ed9a4e9ba8168f26158 - - default default] Successfully bumped revision number for resource 9e052af1-9f5a-4ceb-8631-f5578fe5a994 (type: security_group_rules) to 0
2026-04-27 02:38:38.935 10 INFO neutron.db.ovn_revision_numbers_db [None req-3bc293bb-7cf6-4157-a95b-5db82b0d0047 7f32b3f62b5c493c809c6b9a5386e3f9 8aefb44c1b324ed9a4e9ba8168f26158 - - default default] Successfully bumped revision number for resource bcb24761-6e19-4015-89c5-7880131c8405 (type: security_group_rules) to 0
2026-04-27 02:38:38.974 10 INFO neutron.api.wsgi [None req-3bc293bb-7cf6-4157-a95b-5db82b0d0047 7f32b3f62b5c493c809c6b9a5386e3f9 8aefb44c1b324ed9a4e9ba8168f26158 - - default default] 10.0.0.53 "GET /v2.0/security-groups?tenant_id=81f0eba3f58a4d929f055d6c94d22d24&name=default HTTP/1.1" status: 200 len: 3120 time: 0.4134445
2026-04-27 02:38:39.095 9 INFO neutron.api.wsgi [req-8f5a4842-2d19-453f-84df-cd8bfe889961 req-46ff99df-a00d-496d-a569-97a39d1bb6bd 5a7c2656d7f54c2684277aed0928d538 c7c05e34570848eda1ce4810e237543e - - c8fc793b48bf4dfa8cefb7924173bcf9 c8fc793b48bf4dfa8cefb7924173bcf9] 199.204.45.115 "GET /v2.0/ports?tenant_id=e765c05bf24142ca813a5d44106f90a8&device_id=b5f3183c-e996-4188-a78a-9fe36a361753 HTTP/1.1" status: 200 len: 1407 time: 0.0377042
2026-04-27 02:38:39.115 9 INFO neutron.api.wsgi [req-8f5a4842-2d19-453f-84df-cd8bfe889961 req-c76a7746-21b5-412a-beb6-c6bb4e822588 5a7c2656d7f54c2684277aed0928d538 c7c05e34570848eda1ce4810e237543e - - c8fc793b48bf4dfa8cefb7924173bcf9 c8fc793b48bf4dfa8cefb7924173bcf9] 199.204.45.115 "GET /v2.0/floatingips?fixed_ip_address=10.100.0.7&port_id=86cbde96-1ce4-490c-8d30-650c01ea4848 HTTP/1.1" status: 200 len: 217 time: 0.0168092
2026-04-27 02:38:39.145 9 INFO neutron.api.wsgi [req-8f5a4842-2d19-453f-84df-cd8bfe889961 req-62e6cdf0-a57c-4cad-92c9-e8719193dcf9 5a7c2656d7f54c2684277aed0928d538 c7c05e34570848eda1ce4810e237543e - - c8fc793b48bf4dfa8cefb7924173bcf9 c8fc793b48bf4dfa8cefb7924173bcf9] 199.204.45.115 "GET /v2.0/subnets?id=675dc876-6ab4-4259-892b-b6d74bea935c HTTP/1.1" status: 200 len: 896 time: 0.0257421
2026-04-27 02:38:39.172 9 INFO neutron.api.wsgi [req-8f5a4842-2d19-453f-84df-cd8bfe889961 req-543c36dc-b36d-4ec5-a622-accca07d2987 5a7c2656d7f54c2684277aed0928d538 c7c05e34570848eda1ce4810e237543e - - c8fc793b48bf4dfa8cefb7924173bcf9 c8fc793b48bf4dfa8cefb7924173bcf9] 199.204.45.115 "GET /v2.0/ports?network_id=37a34fec-807e-4c95-8130-dccde55d4d2d&device_owner=network%3Adhcp HTTP/1.1" status: 200 len: 210 time: 0.0224478
2026-04-27 02:38:39.223 9 INFO neutron.api.wsgi [req-8f5a4842-2d19-453f-84df-cd8bfe889961 req-39ea8488-703b-4597-a850-6c79993d2023 5a7c2656d7f54c2684277aed0928d538 c7c05e34570848eda1ce4810e237543e - - c8fc793b48bf4dfa8cefb7924173bcf9 c8fc793b48bf4dfa8cefb7924173bcf9] 199.204.45.115 "GET /v2.0/networks/37a34fec-807e-4c95-8130-dccde55d4d2d?fields=segments HTTP/1.1" status: 200 len: 212 time: 0.0430882
2026-04-27 02:38:39.251 10 INFO neutron.api.wsgi [None req-9e2e4bc9-134b-4ac9-a8b0-43b3d76aa189 7f32b3f62b5c493c809c6b9a5386e3f9 8aefb44c1b324ed9a4e9ba8168f26158 - - default default] 10.0.0.53 "DELETE /v2.0/security-groups/f2c854ba-e036-4845-a0c6-6498e7d2e261 HTTP/1.1" status: 204 len: 168 time: 0.2703466
2026-04-27 02:38:39.273 9 INFO neutron.api.wsgi [req-8f5a4842-2d19-453f-84df-cd8bfe889961 req-62a1fe5c-74cd-4bbf-8754-8fc3beb2aa59 5a7c2656d7f54c2684277aed0928d538 c7c05e34570848eda1ce4810e237543e - - c8fc793b48bf4dfa8cefb7924173bcf9 c8fc793b48bf4dfa8cefb7924173bcf9] 199.204.45.115 "GET /v2.0/networks/37a34fec-807e-4c95-8130-dccde55d4d2d?fields=provider%3Aphysical_network&fields=provider%3Anetwork_type HTTP/1.1" status: 200 len: 277 time: 0.0449934
2026-04-27 02:38:39.588 10 INFO neutron.api.wsgi [req-d3bf46e6-d5ee-4b78-8a40-25222d5b61bd req-99ccef23-5072-4895-9338-5d8e07679660 c72a2539df79454a8b3b04d0ad187a49 e765c05bf24142ca813a5d44106f90a8 - - default default] 10.0.0.238 "GET /v2.0/ports?device_id=b5f3183c-e996-4188-a78a-9fe36a361753 HTTP/1.1" status: 200 len: 1168 time: 0.0746732
2026-04-27 02:38:39.626 10 INFO neutron.api.wsgi [req-d3bf46e6-d5ee-4b78-8a40-25222d5b61bd req-960f9e23-0e58-416a-a5a5-38db2e176040 c72a2539df79454a8b3b04d0ad187a49 e765c05bf24142ca813a5d44106f90a8 - - default default] 10.0.0.238 "GET /v2.0/security-groups?id=d0ca6280-91f5-47d2-bdb8-9e95c1a1fc79&fields=id&fields=name HTTP/1.1" status: 200 len: 313 time: 0.0312998
