2026-04-27 02:43:53.589 10 INFO neutron.api.wsgi [req-b41f3301-1bee-44c4-973c-4ded99d29571 req-c3688589-b102-4bde-9bd4-da72909b5c9f fac6ac6c8d154201a54674a73b72af73 724ca2a9245c4d5dba1f1970566972e7 - - default default] 10.0.0.238 "GET /v2.0/ports?device_id=3fa3fb11-9fda-4a94-808b-bc5e4eb90aab HTTP/1.1" status: 200 len: 210 time: 0.0237548
2026-04-27 02:43:53.600 9 INFO neutron.api.wsgi [req-398c243b-08e3-4202-bbf7-965ec6e571c7 req-fe88521d-44a0-4c8e-9e20-97a38bd27fff 5a7c2656d7f54c2684277aed0928d538 c7c05e34570848eda1ce4810e237543e - - c8fc793b48bf4dfa8cefb7924173bcf9 c8fc793b48bf4dfa8cefb7924173bcf9] 199.204.45.115 "GET /v2.0/ports?tenant_id=724ca2a9245c4d5dba1f1970566972e7&device_id=a61524d6-bc7f-4050-86dd-2a829b5be073 HTTP/1.1" status: 200 len: 1634 time: 0.0271528
2026-04-27 02:43:53.663 9 INFO neutron.api.wsgi [req-398c243b-08e3-4202-bbf7-965ec6e571c7 req-720792ce-800c-4bba-99ae-eba29b45bbd2 5a7c2656d7f54c2684277aed0928d538 c7c05e34570848eda1ce4810e237543e - - c8fc793b48bf4dfa8cefb7924173bcf9 c8fc793b48bf4dfa8cefb7924173bcf9] 199.204.45.115 "GET /v2.0/networks?id=eaaaa726-2fbd-4c9e-b552-7ee1aeb553be HTTP/1.1" status: 200 len: 1002 time: 0.0540354
2026-04-27 02:43:53.706 9 INFO neutron.api.wsgi [req-398c243b-08e3-4202-bbf7-965ec6e571c7 req-c643e3e3-02fc-4a20-8b6d-54db98d7a956 5a7c2656d7f54c2684277aed0928d538 c7c05e34570848eda1ce4810e237543e - - c8fc793b48bf4dfa8cefb7924173bcf9 c8fc793b48bf4dfa8cefb7924173bcf9] 199.204.45.115 "GET /v2.0/floatingips?fixed_ip_address=10.2.1.171&port_id=0f4b1bce-c830-4962-ab06-c828361b0ebc HTTP/1.1" status: 200 len: 1059 time: 0.0386817
2026-04-27 02:43:53.729 9 INFO neutron.api.wsgi [req-398c243b-08e3-4202-bbf7-965ec6e571c7 req-0f9479af-f97c-45e3-b6e9-2c4c87fd8774 5a7c2656d7f54c2684277aed0928d538 c7c05e34570848eda1ce4810e237543e - - c8fc793b48bf4dfa8cefb7924173bcf9 c8fc793b48bf4dfa8cefb7924173bcf9] 199.204.45.115 "GET /v2.0/floatingips?fixed_ip_address=fd7b%3Af9f7%3Afff%3A4eca%3A%3A27&port_id=0f4b1bce-c830-4962-ab06-c828361b0ebc HTTP/1.1" status: 200 len: 217 time: 0.0159085
2026-04-27 02:43:53.765 9 INFO neutron.api.wsgi [req-398c243b-08e3-4202-bbf7-965ec6e571c7 req-5ee13af6-a404-43c5-81ad-dca0d1452ff3 5a7c2656d7f54c2684277aed0928d538 c7c05e34570848eda1ce4810e237543e - - c8fc793b48bf4dfa8cefb7924173bcf9 c8fc793b48bf4dfa8cefb7924173bcf9] 199.204.45.115 "GET /v2.0/subnets?id=42076ee9-4dfb-41cb-a4ba-04f833a5b082&id=46d37750-29a5-4a3c-a428-45917053b4c0 HTTP/1.1" status: 200 len: 1610 time: 0.0289192
2026-04-27 02:43:53.784 9 INFO neutron.api.wsgi [req-398c243b-08e3-4202-bbf7-965ec6e571c7 req-f4769558-2d7c-4ebc-808b-2245f9afa9bb 5a7c2656d7f54c2684277aed0928d538 c7c05e34570848eda1ce4810e237543e - - c8fc793b48bf4dfa8cefb7924173bcf9 c8fc793b48bf4dfa8cefb7924173bcf9] 199.204.45.115 "GET /v2.0/ports?network_id=eaaaa726-2fbd-4c9e-b552-7ee1aeb553be&device_owner=network%3Adhcp HTTP/1.1" status: 200 len: 210 time: 0.0145755
2026-04-27 02:43:53.805 9 INFO neutron.api.wsgi [req-398c243b-08e3-4202-bbf7-965ec6e571c7 req-d9af8818-27b3-4159-88e9-6ee354386687 5a7c2656d7f54c2684277aed0928d538 c7c05e34570848eda1ce4810e237543e - - c8fc793b48bf4dfa8cefb7924173bcf9 c8fc793b48bf4dfa8cefb7924173bcf9] 199.204.45.115 "GET /v2.0/ports?network_id=eaaaa726-2fbd-4c9e-b552-7ee1aeb553be&device_owner=network%3Adhcp HTTP/1.1" status: 200 len: 210 time: 0.0166478
2026-04-27 02:43:53.847 9 INFO neutron.api.wsgi [req-398c243b-08e3-4202-bbf7-965ec6e571c7 req-4c437faf-5bad-4637-bc36-d93c23cdecca 5a7c2656d7f54c2684277aed0928d538 c7c05e34570848eda1ce4810e237543e - - c8fc793b48bf4dfa8cefb7924173bcf9 c8fc793b48bf4dfa8cefb7924173bcf9] 199.204.45.115 "GET /v2.0/networks/eaaaa726-2fbd-4c9e-b552-7ee1aeb553be?fields=segments HTTP/1.1" status: 200 len: 212 time: 0.0385323
2026-04-27 02:43:53.905 9 INFO neutron.api.wsgi [req-398c243b-08e3-4202-bbf7-965ec6e571c7 req-ed7ff37f-88f5-4cfe-ad1b-ac7f1f132e80 5a7c2656d7f54c2684277aed0928d538 c7c05e34570848eda1ce4810e237543e - - c8fc793b48bf4dfa8cefb7924173bcf9 c8fc793b48bf4dfa8cefb7924173bcf9] 199.204.45.115 "GET /v2.0/networks/eaaaa726-2fbd-4c9e-b552-7ee1aeb553be?fields=provider%3Aphysical_network&fields=provider%3Anetwork_type HTTP/1.1" status: 200 len: 277 time: 0.0528655
2026-04-27 02:43:53.980 9 INFO neutron.api.wsgi [req-8c73ed97-b98d-42c2-9c18-a007b63ed0f2 req-b5d9decb-6380-473b-baa3-0c5f9953709d fe466157ba2741ab90842f6e0d68b6f4 a6f6c4de742f461196cbea54da524223 - - default default] 10.0.0.238 "GET /v2.0/ports?device_id=497762ea-00cd-4fd3-b17f-598644b5f92b HTTP/1.1" status: 200 len: 1210 time: 0.0557144
2026-04-27 02:43:54.030 9 INFO neutron.api.wsgi [req-8c73ed97-b98d-42c2-9c18-a007b63ed0f2 req-03ad2293-a911-4eb5-8ff2-be65013d3e38 fe466157ba2741ab90842f6e0d68b6f4 a6f6c4de742f461196cbea54da524223 - - default default] 10.0.0.238 "GET /v2.0/security-groups?id=55380f47-ff81-4ecc-8cc2-24659bb40ffe&id=232a641b-348e-4082-9f38-b44770b489e7&fields=id&fields=name HTTP/1.1" status: 200 len: 405 time: 0.0351644
2026-04-27 02:43:54.179 9 INFO neutron.api.wsgi [None req-3c27416b-d5b3-406c-a948-2e6c075846ab 6a0a24e60a754d8abb322b6a7554878b 2413fd44e02f4302a49d586cd81fdbf6 - - default default] 10.0.0.53 "GET /v2.0/ports?device_id=497762ea-00cd-4fd3-b17f-598644b5f92b HTTP/1.1" status: 200 len: 1443 time: 0.1255238
2026-04-27 02:43:54.260 9 INFO neutron.api.wsgi [None req-f1b44419-1cd3-46f4-aed0-212fc7cf89a6 fe466157ba2741ab90842f6e0d68b6f4 a6f6c4de742f461196cbea54da524223 - - default default] 10.0.0.53 "GET /v2.0/floatingips?floating_network_id=5233397d-df95-4eb1-8dd1-b658b437e299&port_id=0e7842f4-f9bf-4c9e-9107-c0bb07ef82aa HTTP/1.1" status: 200 len: 1054 time: 0.0750785
2026-04-27 02:43:54.512 10 INFO neutron.api.wsgi [req-7e303d4b-e945-434a-b5a9-e93b7d78597e req-7a7e56bf-e4e6-4ee8-ada0-8d35dffaf0dd 5a7c2656d7f54c2684277aed0928d538 c7c05e34570848eda1ce4810e237543e - - c8fc793b48bf4dfa8cefb7924173bcf9 c8fc793b48bf4dfa8cefb7924173bcf9] 10.0.0.150 "GET /v2.0/ports?device_id=497762ea-00cd-4fd3-b17f-598644b5f92b HTTP/1.1" status: 200 len: 1448 time: 0.0313919
2026-04-27 02:43:54.556 10 INFO neutron.api.wsgi [req-7e303d4b-e945-434a-b5a9-e93b7d78597e req-01d66b8a-783b-4254-9452-027a6b337651 5a7c2656d7f54c2684277aed0928d538 c7c05e34570848eda1ce4810e237543e - - c8fc793b48bf4dfa8cefb7924173bcf9 c8fc793b48bf4dfa8cefb7924173bcf9] 10.0.0.150 "GET /v2.0/security-groups?id=55380f47-ff81-4ecc-8cc2-24659bb40ffe&id=232a641b-348e-4082-9f38-b44770b489e7&fields=id&fields=name HTTP/1.1" status: 200 len: 405 time: 0.0368969
2026-04-27 02:43:56.829 10 INFO neutron.api.wsgi [req-5f956676-08f1-45fe-a7e5-203a4c8d242a req-9a24c4ef-bbc8-4a2a-8d23-ef7472f15c93 fe466157ba2741ab90842f6e0d68b6f4 a6f6c4de742f461196cbea54da524223 - - default default] 10.0.0.238 "GET /v2.0/ports?device_id=497762ea-00cd-4fd3-b17f-598644b5f92b HTTP/1.1" status: 200 len: 1210 time: 0.0901644
2026-04-27 02:43:56.868 10 INFO neutron.api.wsgi [req-5f956676-08f1-45fe-a7e5-203a4c8d242a req-945ba3eb-759e-4f5a-b63d-90c7c2aaccc0 fe466157ba2741ab90842f6e0d68b6f4 a6f6c4de742f461196cbea54da524223 - - default default] 10.0.0.238 "GET /v2.0/security-groups?id=55380f47-ff81-4ecc-8cc2-24659bb40ffe&id=232a641b-348e-4082-9f38-b44770b489e7&fields=id&fields=name HTTP/1.1" status: 200 len: 405 time: 0.0336487
2026-04-27 02:43:57.295 10 INFO neutron.plugins.ml2.drivers.ovn.mech_driver.mech_driver [None req-acfae1ae-4b8a-473b-8285-4491d328c038 - - - - - -] OVN reports status down for port: 0e7842f4-f9bf-4c9e-9107-c0bb07ef82aa
2026-04-27 02:43:57.434 10 INFO neutron.notifiers.nova [-] Nova event matching ['req-cf847991-ce41-4e6e-b1e2-2b709a523e9f'] response: {'server_uuid': '497762ea-00cd-4fd3-b17f-598644b5f92b', 'name': 'network-vif-unplugged', 'status': 'completed', 'tag': '0e7842f4-f9bf-4c9e-9107-c0bb07ef82aa', 'code': 200}
2026-04-27 02:43:57.547 10 INFO neutron.db.ovn_revision_numbers_db [None req-acfae1ae-4b8a-473b-8285-4491d328c038 - - - - - -] Successfully bumped revision number for resource 0e7842f4-f9bf-4c9e-9107-c0bb07ef82aa (type: ports) to 6
2026-04-27 02:43:57.896 9 INFO neutron.api.wsgi [req-bb0aa853-da4b-4f67-9cbd-26beaef44920 req-061f6d3f-543a-425e-bd78-151b09d2c4e4 fac6ac6c8d154201a54674a73b72af73 724ca2a9245c4d5dba1f1970566972e7 - - default default] 199.204.45.115 "GET /v2.0/networks?id=c990113f-524d-40d8-814e-175978484fff HTTP/1.1" status: 200 len: 903 time: 0.0485439 /var/lib/openstack/lib/python3.12/site-packages/pycadf/identifier.py:71: UserWarning: Invalid uuid: neutron. To ensure interoperability, identifiers should be a valid uuid. warnings.warn(('Invalid uuid: %s. To ensure interoperability, '
2026-04-27 02:43:57.935 9 INFO neutron.api.wsgi [req-bb0aa853-da4b-4f67-9cbd-26beaef44920 req-b660cb6d-e6f6-4648-aba1-2cc8fcff5842 fac6ac6c8d154201a54674a73b72af73 724ca2a9245c4d5dba1f1970566972e7 - - default default] 199.204.45.115 "GET /v2.0/security-groups?fields=id&fields=name&tenant_id=724ca2a9245c4d5dba1f1970566972e7 HTTP/1.1" status: 200 len: 377 time: 0.0332685
2026-04-27 02:43:57.946 9 WARNING neutron_lib.context [req-bb0aa853-da4b-4f67-9cbd-26beaef44920 req-af19342f-5ee1-4ea7-99c4-d2eadf76dd15 fac6ac6c8d154201a54674a73b72af73 724ca2a9245c4d5dba1f1970566972e7 - - default default] Method 'is_advsvc' is deprecated since 2023.2 release (neutron-lib 3.8.0) and will be removed once support for the old RBAC API policies will be removed from Neutron. Please use method 'is_service_role' instead.
2026-04-27 02:43:57.963 10 INFO neutron.api.wsgi [req-07ec3c2b-2597-4090-9456-de339de5b6ef req-0e068d7b-534f-4035-b4a8-9ded66031d03 fe466157ba2741ab90842f6e0d68b6f4 a6f6c4de742f461196cbea54da524223 - - default default] 10.0.0.238 "GET /v2.0/ports?device_id=497762ea-00cd-4fd3-b17f-598644b5f92b HTTP/1.1" status: 200 len: 1208 time: 0.0321276
2026-04-27 02:43:58.006 10 INFO neutron.api.wsgi [req-07ec3c2b-2597-4090-9456-de339de5b6ef req-a4e072ea-4bad-4ccf-84bf-7ade42d528d9 fe466157ba2741ab90842f6e0d68b6f4 a6f6c4de742f461196cbea54da524223 - - default default] 10.0.0.238 "GET /v2.0/security-groups?id=55380f47-ff81-4ecc-8cc2-24659bb40ffe&id=232a641b-348e-4082-9f38-b44770b489e7&fields=id&fields=name HTTP/1.1" status: 200 len: 405 time: 0.0369112
2026-04-27 02:43:58.295 9 WARNING neutron.scheduler.dhcp_agent_scheduler [req-bb0aa853-da4b-4f67-9cbd-26beaef44920 req-af19342f-5ee1-4ea7-99c4-d2eadf76dd15 fac6ac6c8d154201a54674a73b72af73 724ca2a9245c4d5dba1f1970566972e7 - - default default] No more DHCP agents
2026-04-27 02:43:58.296 9 WARNING neutron.api.rpc.agentnotifiers.dhcp_rpc_agent_api [req-bb0aa853-da4b-4f67-9cbd-26beaef44920 req-af19342f-5ee1-4ea7-99c4-d2eadf76dd15 fac6ac6c8d154201a54674a73b72af73 724ca2a9245c4d5dba1f1970566972e7 - - default default] Unable to schedule network c990113f-524d-40d8-814e-175978484fff: no agents available; will retry on subsequent port and subnet creation events.
2026-04-27 02:43:58.452 9 INFO neutron.db.ovn_revision_numbers_db [req-bb0aa853-da4b-4f67-9cbd-26beaef44920 req-af19342f-5ee1-4ea7-99c4-d2eadf76dd15 fac6ac6c8d154201a54674a73b72af73 724ca2a9245c4d5dba1f1970566972e7 - - default default] Successfully bumped revision number for resource 6c4e0dcf-ab20-4579-a5b3-4ee52e7ecb1a (type: ports) to 1
2026-04-27 02:43:58.471 9 INFO neutron.api.wsgi [req-bb0aa853-da4b-4f67-9cbd-26beaef44920 req-af19342f-5ee1-4ea7-99c4-d2eadf76dd15 fac6ac6c8d154201a54674a73b72af73 724ca2a9245c4d5dba1f1970566972e7 - - default default] 199.204.45.115 "POST /v2.0/ports HTTP/1.1" status: 201 len: 1392 time: 0.5296972 /var/lib/openstack/lib/python3.12/site-packages/pycadf/identifier.py:71: UserWarning: Invalid uuid: neutron. To ensure interoperability, identifiers should be a valid uuid. warnings.warn(('Invalid uuid: %s. To ensure interoperability, '
2026-04-27 02:43:58.536 10 INFO neutron.api.wsgi [req-4896fde0-d1fe-4acb-abcd-c5f663e4d3bc req-834d2c8e-4a37-4300-bd7a-631c6a406a84 fe466157ba2741ab90842f6e0d68b6f4 a6f6c4de742f461196cbea54da524223 - - default default] 199.204.45.115 "GET /v2.0/ports?device_id=497762ea-00cd-4fd3-b17f-598644b5f92b HTTP/1.1" status: 200 len: 1208 time: 0.0468888
2026-04-27 02:43:58.744 9 INFO neutron.api.wsgi [req-74338a56-30c5-4712-9ce1-9cf4a1e25330 req-7cb1d0a8-80ef-43b1-bb71-38282e178d49 fac6ac6c8d154201a54674a73b72af73 724ca2a9245c4d5dba1f1970566972e7 - - default default] 10.0.0.238 "GET /v2.0/ports?device_id=3fa3fb11-9fda-4a94-808b-bc5e4eb90aab HTTP/1.1" status: 200 len: 1390 time: 0.0897806
2026-04-27 02:43:58.798 9 INFO neutron.api.wsgi [req-74338a56-30c5-4712-9ce1-9cf4a1e25330 req-1e6159df-f2ff-4da8-bd35-f3451fe587dd fac6ac6c8d154201a54674a73b72af73 724ca2a9245c4d5dba1f1970566972e7 - - default default] 10.0.0.238 "GET /v2.0/security-groups?id=f5a80e7b-9f7a-4f25-9872-23ffd12a8578&fields=id&fields=name HTTP/1.1" status: 200 len: 310 time: 0.0480354
2026-04-27 02:43:58.894 9 INFO neutron.db.ovn_revision_numbers_db [req-bb0aa853-da4b-4f67-9cbd-26beaef44920 req-f6326fb3-009a-4184-b886-02ef2c96f9d0 5a7c2656d7f54c2684277aed0928d538 c7c05e34570848eda1ce4810e237543e - - c8fc793b48bf4dfa8cefb7924173bcf9 c8fc793b48bf4dfa8cefb7924173bcf9] Successfully bumped revision number for resource 6c4e0dcf-ab20-4579-a5b3-4ee52e7ecb1a (type: ports) to 2
2026-04-27 02:43:58.957 10 INFO neutron.db.l3_db [req-4896fde0-d1fe-4acb-abcd-c5f663e4d3bc req-d4965bec-9c55-41ff-9024-b762f228ce18 fe466157ba2741ab90842f6e0d68b6f4 a6f6c4de742f461196cbea54da524223 - - default default] Floating IP a231e13a-1fec-4133-b50c-5c08a35e9938 disassociated. External IP: 10.96.250.215, port: 0e7842f4-f9bf-4c9e-9107-c0bb07ef82aa. /var/lib/openstack/lib/python3.12/site-packages/pycadf/identifier.py:71: UserWarning: Invalid uuid: neutron. To ensure interoperability, identifiers should be a valid uuid. warnings.warn(('Invalid uuid: %s. To ensure interoperability, '
2026-04-27 02:43:59.089 10 INFO neutron.api.wsgi [req-74c24853-bcab-43bb-b15b-80fee81b31f2 req-475d91fe-6359-4436-a84b-5be9d9650ed8 fe466157ba2741ab90842f6e0d68b6f4 a6f6c4de742f461196cbea54da524223 - - default default] 10.0.0.238 "GET /v2.0/ports?device_id=497762ea-00cd-4fd3-b17f-598644b5f92b HTTP/1.1" status: 200 len: 210 time: 0.0235341
2026-04-27 02:43:59.095 9 INFO neutron.db.ovn_revision_numbers_db [req-bb0aa853-da4b-4f67-9cbd-26beaef44920 req-f6326fb3-009a-4184-b886-02ef2c96f9d0 5a7c2656d7f54c2684277aed0928d538 c7c05e34570848eda1ce4810e237543e - - c8fc793b48bf4dfa8cefb7924173bcf9 c8fc793b48bf4dfa8cefb7924173bcf9] Successfully bumped revision number for resource 6c4e0dcf-ab20-4579-a5b3-4ee52e7ecb1a (type: ports) to 4
2026-04-27 02:43:59.104 10 INFO neutron.api.wsgi [req-4896fde0-d1fe-4acb-abcd-c5f663e4d3bc req-d4965bec-9c55-41ff-9024-b762f228ce18 fe466157ba2741ab90842f6e0d68b6f4 a6f6c4de742f461196cbea54da524223 - - default default] 199.204.45.115 "DELETE /v2.0/ports/0e7842f4-f9bf-4c9e-9107-c0bb07ef82aa HTTP/1.1" status: 204 len: 173 time: 0.5646009
2026-04-27 02:43:59.114 9 INFO neutron.api.wsgi [req-bb0aa853-da4b-4f67-9cbd-26beaef44920 req-f6326fb3-009a-4184-b886-02ef2c96f9d0 5a7c2656d7f54c2684277aed0928d538 c7c05e34570848eda1ce4810e237543e - - c8fc793b48bf4dfa8cefb7924173bcf9 c8fc793b48bf4dfa8cefb7924173bcf9] 199.204.45.115 "PUT /v2.0/ports/6c4e0dcf-ab20-4579-a5b3-4ee52e7ecb1a HTTP/1.1" status: 200 len: 1637 time: 0.6316328
2026-04-27 02:43:59.144 9 INFO neutron.notifiers.nova [-] Nova event matching ['req-590a8ea1-0ea8-438e-bff2-7d89ae9a8983'] response: {'name': 'network-changed', 'server_uuid': '3fa3fb11-9fda-4a94-808b-bc5e4eb90aab', 'tag': '6c4e0dcf-ab20-4579-a5b3-4ee52e7ecb1a', 'status': 'completed', 'code': 200}
2026-04-27 02:43:59.278 10 INFO neutron.api.wsgi [req-6a345d1e-3b51-409b-934b-cbb5e49de6a1 req-1570a1e3-e571-49b5-95f3-f42dbff6d04b 5a7c2656d7f54c2684277aed0928d538 c7c05e34570848eda1ce4810e237543e - - c8fc793b48bf4dfa8cefb7924173bcf9 c8fc793b48bf4dfa8cefb7924173bcf9] 10.0.0.150 "GET /v2.0/ports?device_id=a61524d6-bc7f-4050-86dd-2a829b5be073 HTTP/1.1" status: 200 len: 1634 time: 0.0387084
2026-04-27 02:43:59.319 10 INFO neutron.api.wsgi [req-6a345d1e-3b51-409b-934b-cbb5e49de6a1 req-aee138cd-f3bc-40e0-9ac9-3ab25c4f8c2c 5a7c2656d7f54c2684277aed0928d538 c7c05e34570848eda1ce4810e237543e - - c8fc793b48bf4dfa8cefb7924173bcf9 c8fc793b48bf4dfa8cefb7924173bcf9] 10.0.0.150 "GET /v2.0/security-groups?id=f5a80e7b-9f7a-4f25-9872-23ffd12a8578&fields=id&fields=name HTTP/1.1" status: 200 len: 310 time: 0.0338318
2026-04-27 02:43:59.473 10 INFO neutron.notifiers.nova [-] Nova event matching ['req-c623ccd5-acf7-4dae-9af3-efbf1dda9c16'] response: {'server_uuid': '497762ea-00cd-4fd3-b17f-598644b5f92b', 'name': 'network-vif-unplugged', 'status': 'completed', 'tag': '0e7842f4-f9bf-4c9e-9107-c0bb07ef82aa', 'code': 200}
2026-04-27 02:43:59.474 10 INFO neutron.notifiers.nova [-] Nova event matching ['req-c623ccd5-acf7-4dae-9af3-efbf1dda9c16'] response: {'server_uuid': '497762ea-00cd-4fd3-b17f-598644b5f92b', 'name': 'network-vif-deleted', 'tag': '0e7842f4-f9bf-4c9e-9107-c0bb07ef82aa', 'status': 'completed', 'code': 200} /var/lib/openstack/lib/python3.12/site-packages/pycadf/identifier.py:71: UserWarning: Invalid uuid: neutron. To ensure interoperability, identifiers should be a valid uuid. warnings.warn(('Invalid uuid: %s. To ensure interoperability, '
2026-04-27 02:43:59.693 9 INFO neutron.api.wsgi [req-4e866a5d-3c7e-4492-a81b-f343d1940345 req-ccbf357e-6c1c-407a-885f-56204cb39084 5a7c2656d7f54c2684277aed0928d538 c7c05e34570848eda1ce4810e237543e - - c8fc793b48bf4dfa8cefb7924173bcf9 c8fc793b48bf4dfa8cefb7924173bcf9] 199.204.45.115 "GET /v2.0/ports?tenant_id=724ca2a9245c4d5dba1f1970566972e7&device_id=3fa3fb11-9fda-4a94-808b-bc5e4eb90aab HTTP/1.1" status: 200 len: 1640 time: 0.0379381
2026-04-27 02:43:59.764 9 INFO neutron.api.wsgi [req-4e866a5d-3c7e-4492-a81b-f343d1940345 req-29027d0e-16bc-4337-8335-e12c9c83d504 5a7c2656d7f54c2684277aed0928d538 c7c05e34570848eda1ce4810e237543e - - c8fc793b48bf4dfa8cefb7924173bcf9 c8fc793b48bf4dfa8cefb7924173bcf9] 199.204.45.115 "GET /v2.0/networks?tenant_id=724ca2a9245c4d5dba1f1970566972e7&shared=False HTTP/1.1" status: 200 len: 2582 time: 0.0632634
2026-04-27 02:43:59.821 9 INFO neutron.api.wsgi [req-4e866a5d-3c7e-4492-a81b-f343d1940345 req-1f19e1cd-2c75-47eb-9035-64c42e3b83db 5a7c2656d7f54c2684277aed0928d538 c7c05e34570848eda1ce4810e237543e - - c8fc793b48bf4dfa8cefb7924173bcf9 c8fc793b48bf4dfa8cefb7924173bcf9] 199.204.45.115 "GET /v2.0/networks?shared=True HTTP/1.1" status: 200 len: 952 time: 0.0505199
2026-04-27 02:44:00.186 9 INFO neutron.api.wsgi [req-e0ba1495-03e5-49c0-ae09-790b0ba2a5d3 req-a21bc275-1523-4681-89b3-88451c0ba0a7 fe466157ba2741ab90842f6e0d68b6f4 a6f6c4de742f461196cbea54da524223 - - default default] 10.0.0.238 "GET /v2.0/ports?device_id=497762ea-00cd-4fd3-b17f-598644b5f92b HTTP/1.1" status: 200 len: 210 time: 0.0203414
2026-04-27 02:44:00.507 10 INFO neutron.api.wsgi [None req-d1f76c8d-931b-477a-9740-805d1a4792a5 7f32b3f62b5c493c809c6b9a5386e3f9 8aefb44c1b324ed9a4e9ba8168f26158 - - default default] 10.0.0.107 "GET /v2.0/network-ip-availabilities HTTP/1.1" status: 200 len: 4302 time: 0.0756576
2026-04-27 02:44:00.579 10 INFO neutron.api.wsgi [None req-8e2adf33-549b-437f-a635-55da8e9fd728 7f32b3f62b5c493c809c6b9a5386e3f9 8aefb44c1b324ed9a4e9ba8168f26158 - - default default] 10.0.0.107 "GET /v2.0/networks HTTP/1.1" status: 200 len: 6231 time: 0.0707939
2026-04-27 02:44:00.626 10 INFO neutron.api.wsgi [None req-acff6daf-99a6-4f7f-839f-cff5bb8b9db3 7f32b3f62b5c493c809c6b9a5386e3f9 8aefb44c1b324ed9a4e9ba8168f26158 - - default default] 10.0.0.107 "GET /v2.0/subnets HTTP/1.1" status: 200 len: 7042 time: 0.0426090
2026-04-27 02:44:00.705 10 INFO neutron.api.wsgi [None req-38459db3-be17-419c-9fcf-7abe012f6ec3 7f32b3f62b5c493c809c6b9a5386e3f9 8aefb44c1b324ed9a4e9ba8168f26158 - - default default] 10.0.0.107 "GET /v2.0/floatingips HTTP/1.1" status: 200 len: 1574 time: 0.0769920
2026-04-27 02:44:00.758 10 INFO neutron.api.wsgi [None req-f60f0f15-5f6a-46ab-85a3-656e5f5032bf 7f32b3f62b5c493c809c6b9a5386e3f9 8aefb44c1b324ed9a4e9ba8168f26158 - - default default] 10.0.0.107 "GET /v2.0/subnets HTTP/1.1" status: 200 len: 7042 time: 0.0515065
2026-04-27 02:44:00.767 10 INFO neutron.api.wsgi [None req-7c0575b7-1a54-4622-a473-f4a5715f530d 7f32b3f62b5c493c809c6b9a5386e3f9 8aefb44c1b324ed9a4e9ba8168f26158 - - default default] 10.0.0.107 "GET /v2.0/subnetpools HTTP/1.1" status: 200 len: 193 time: 0.0073223
2026-04-27 02:44:00.778 10 INFO neutron.api.wsgi [None req-507a3b27-af70-47aa-9249-6d8e2410afa0 7f32b3f62b5c493c809c6b9a5386e3f9 8aefb44c1b324ed9a4e9ba8168f26158 - - default default] 10.0.0.107 "GET /v2.0/agents HTTP/1.1" status: 200 len: 1390 time: 0.0105557
2026-04-27 02:44:00.841 10 INFO neutron.api.wsgi [None req-4a5d7b0d-e06f-48b0-b5a3-db4919cbe88a 7f32b3f62b5c493c809c6b9a5386e3f9 8aefb44c1b324ed9a4e9ba8168f26158 - - default default] 10.0.0.107 "GET /v2.0/security-groups HTTP/1.1" status: 200 len: 42863 time: 0.0616381
2026-04-27 02:44:00.868 9 INFO neutron.api.wsgi [req-bb0aa853-da4b-4f67-9cbd-26beaef44920 req-0c808b33-e99e-4912-bed6-d04c4c80e224 5a7c2656d7f54c2684277aed0928d538 c7c05e34570848eda1ce4810e237543e - - c8fc793b48bf4dfa8cefb7924173bcf9 c8fc793b48bf4dfa8cefb7924173bcf9] 199.204.45.115 "GET /v2.0/ports?tenant_id=724ca2a9245c4d5dba1f1970566972e7&device_id=3fa3fb11-9fda-4a94-808b-bc5e4eb90aab HTTP/1.1" status: 200 len: 1640 time: 0.0341070
2026-04-27 02:44:00.897 9 INFO neutron.api.wsgi [req-bb0aa853-da4b-4f67-9cbd-26beaef44920 req-d4b13224-8d2a-49d4-9076-da698905fc10 5a7c2656d7f54c2684277aed0928d538 c7c05e34570848eda1ce4810e237543e - - c8fc793b48bf4dfa8cefb7924173bcf9 c8fc793b48bf4dfa8cefb7924173bcf9] 199.204.45.115 "GET /v2.0/floatingips?fixed_ip_address=10.2.2.153&port_id=6c4e0dcf-ab20-4579-a5b3-4ee52e7ecb1a HTTP/1.1" status: 200 len: 217 time: 0.0198336
2026-04-27 02:44:00.924 9 INFO neutron.api.wsgi [req-bb0aa853-da4b-4f67-9cbd-26beaef44920 req-1582d125-8daf-4f41-9186-498f8137b98a 5a7c2656d7f54c2684277aed0928d538 c7c05e34570848eda1ce4810e237543e - - c8fc793b48bf4dfa8cefb7924173bcf9 c8fc793b48bf4dfa8cefb7924173bcf9] 199.204.45.115 "GET /v2.0/floatingips?fixed_ip_address=fd77%3A1457%3A4cf0%3A26a8%3A%3A2d8&port_id=6c4e0dcf-ab20-4579-a5b3-4ee52e7ecb1a HTTP/1.1" status: 200 len: 217 time: 0.0202563
2026-04-27 02:44:00.942 10 INFO neutron.api.wsgi [None req-0bb252da-a2d9-4533-9d94-55d1c9eeee65 7f32b3f62b5c493c809c6b9a5386e3f9 8aefb44c1b324ed9a4e9ba8168f26158 - - default default] 10.0.0.107 "GET /v2.0/ports HTTP/1.1" status: 200 len: 24027 time: 0.0939660
2026-04-27 02:44:00.961 9 INFO neutron.api.wsgi [req-bb0aa853-da4b-4f67-9cbd-26beaef44920 req-d1a8cd31-5568-4df6-b09a-bda3e8b26e15 5a7c2656d7f54c2684277aed0928d538 c7c05e34570848eda1ce4810e237543e - - c8fc793b48bf4dfa8cefb7924173bcf9 c8fc793b48bf4dfa8cefb7924173bcf9] 199.204.45.115 "GET /v2.0/subnets?id=913ecd68-5070-4466-b650-223416aaf504&id=5211fbf6-f3d8-4650-a8af-d822adacbc92 HTTP/1.1" status: 200 len: 1615 time: 0.0303333
2026-04-27 02:44:00.985 9 INFO neutron.api.wsgi [req-bb0aa853-da4b-4f67-9cbd-26beaef44920 req-9b9f8362-010e-4507-b012-30a27984a792 5a7c2656d7f54c2684277aed0928d538 c7c05e34570848eda1ce4810e237543e - - c8fc793b48bf4dfa8cefb7924173bcf9 c8fc793b48bf4dfa8cefb7924173bcf9] 199.204.45.115 "GET /v2.0/ports?network_id=c990113f-524d-40d8-814e-175978484fff&device_owner=network%3Adhcp HTTP/1.1" status: 200 len: 210 time: 0.0181799
2026-04-27 02:44:01.013 9 INFO neutron.api.wsgi [req-bb0aa853-da4b-4f67-9cbd-26beaef44920 req-bedf9252-b560-4d40-a052-4c7b633d1fa7 5a7c2656d7f54c2684277aed0928d538 c7c05e34570848eda1ce4810e237543e - - c8fc793b48bf4dfa8cefb7924173bcf9 c8fc793b48bf4dfa8cefb7924173bcf9] 199.204.45.115 "GET /v2.0/ports?network_id=c990113f-524d-40d8-814e-175978484fff&device_owner=network%3Adhcp HTTP/1.1" status: 200 len: 210 time: 0.0203531
2026-04-27 02:44:01.031 10 INFO neutron.api.wsgi [None req-ee614733-1302-4553-9b31-8b2cc59f6c81 7f32b3f62b5c493c809c6b9a5386e3f9 8aefb44c1b324ed9a4e9ba8168f26158 - - default default] 10.0.0.107 "GET /v2.0/routers HTTP/1.1" status: 200 len: 3064 time: 0.0738673
2026-04-27 02:44:01.041 10 INFO neutron.api.wsgi [None req-ff407578-d7dd-4cbc-aab9-f1157ce6ea75 7f32b3f62b5c493c809c6b9a5386e3f9 8aefb44c1b324ed9a4e9ba8168f26158 - - default default] 10.0.0.107 "GET /v2.0/agents?binary=ovn-controller HTTP/1.1" status: 200 len: 591 time: 0.0083950
2026-04-27 02:44:01.061 9 INFO neutron.api.wsgi [req-bb0aa853-da4b-4f67-9cbd-26beaef44920 req-99fe8649-2a11-4e82-a33a-7048f4acb80d 5a7c2656d7f54c2684277aed0928d538 c7c05e34570848eda1ce4810e237543e - - c8fc793b48bf4dfa8cefb7924173bcf9 c8fc793b48bf4dfa8cefb7924173bcf9] 199.204.45.115 "GET /v2.0/networks/c990113f-524d-40d8-814e-175978484fff?fields=segments HTTP/1.1" status: 200 len: 212 time: 0.0413823
2026-04-27 02:44:01.112 9 INFO neutron.api.wsgi [req-bb0aa853-da4b-4f67-9cbd-26beaef44920 req-5063f2a2-fda5-42ca-9aa0-78cf0a819807 5a7c2656d7f54c2684277aed0928d538 c7c05e34570848eda1ce4810e237543e - - c8fc793b48bf4dfa8cefb7924173bcf9 c8fc793b48bf4dfa8cefb7924173bcf9] 199.204.45.115 "GET /v2.0/networks/c990113f-524d-40d8-814e-175978484fff?fields=provider%3Aphysical_network&fields=provider%3Anetwork_type HTTP/1.1" status: 200 len: 277 time: 0.0435662
2026-04-27 02:44:01.278 10 INFO neutron.api.wsgi [req-2467d688-cadc-4ae0-8d98-fcfe37c0d627 req-54f26d7b-0e4a-4fe4-9486-2ba6ea4986ea fe466157ba2741ab90842f6e0d68b6f4 a6f6c4de742f461196cbea54da524223 - - default default] 10.0.0.238 "GET /v2.0/ports?device_id=497762ea-00cd-4fd3-b17f-598644b5f92b HTTP/1.1" status: 200 len: 210 time: 0.0178757
2026-04-27 02:44:02.369 9 INFO neutron.api.wsgi [req-d9e9528e-4633-41e2-be55-24728a06e5ad req-bcc23efc-7ab1-4c01-b2e6-9661a96ef417 fe466157ba2741ab90842f6e0d68b6f4 a6f6c4de742f461196cbea54da524223 - - default default] 10.0.0.238 "GET /v2.0/ports?device_id=497762ea-00cd-4fd3-b17f-598644b5f92b HTTP/1.1" status: 200 len: 210 time: 0.0162444
2026-04-27 02:44:02.538 9 INFO neutron.api.wsgi [req-a569028b-eabd-498e-b464-95d029a924f5 req-ca66a5d6-cfb1-444e-888c-cd66bb97de82 5a7c2656d7f54c2684277aed0928d538 c7c05e34570848eda1ce4810e237543e - - c8fc793b48bf4dfa8cefb7924173bcf9 c8fc793b48bf4dfa8cefb7924173bcf9] 199.204.45.115 "GET /v2.0/ports?device_id=497762ea-00cd-4fd3-b17f-598644b5f92b&fields=binding%3Ahost_id&fields=binding%3Avif_type HTTP/1.1" status: 200 len: 210 time: 0.0201278
2026-04-27 02:44:03.265 9 INFO neutron.plugins.ml2.drivers.ovn.mech_driver.mech_driver [None req-1b8a213a-1840-42b0-ad9e-774a81cdbfcf - - - - - -] OVN reports status up for port: 6c4e0dcf-ab20-4579-a5b3-4ee52e7ecb1a
2026-04-27 02:44:03.426 9 INFO neutron.plugins.ml2.plugin [None req-1b8a213a-1840-42b0-ad9e-774a81cdbfcf - - - - - -] Attempt 1 to provision port 6c4e0dcf-ab20-4579-a5b3-4ee52e7ecb1a
2026-04-27 02:44:03.588 9 INFO neutron.api.wsgi [req-a569028b-eabd-498e-b464-95d029a924f5 req-9c74664f-8df1-44e7-98b5-dd8c86081651 5a7c2656d7f54c2684277aed0928d538 c7c05e34570848eda1ce4810e237543e - - c8fc793b48bf4dfa8cefb7924173bcf9 c8fc793b48bf4dfa8cefb7924173bcf9] 199.204.45.115 "GET /v2.0/ports?tenant_id=a6f6c4de742f461196cbea54da524223&device_id=497762ea-00cd-4fd3-b17f-598644b5f92b HTTP/1.1" status: 200 len: 210 time: 0.0334775
2026-04-27 02:44:03.600 9 INFO neutron.notifiers.nova [-] Nova event matching ['req-3cdb462f-a8e3-4f67-8a9e-8664e7b2da28'] response: {'server_uuid': '3fa3fb11-9fda-4a94-808b-bc5e4eb90aab', 'name': 'network-vif-plugged', 'status': 'completed', 'tag': '6c4e0dcf-ab20-4579-a5b3-4ee52e7ecb1a', 'code': 200}
2026-04-27 02:44:03.874 10 INFO neutron.api.wsgi [None req-644bdcac-e64d-4d30-a27a-5947c4822de6 fe466157ba2741ab90842f6e0d68b6f4 a6f6c4de742f461196cbea54da524223 - - default default] 10.0.0.53 "DELETE /v2.0/security-groups/232a641b-348e-4082-9f38-b44770b489e7 HTTP/1.1" status: 204 len: 168 time: 0.2890565
2026-04-27 02:44:03.882 9 INFO neutron.db.ovn_revision_numbers_db [None req-1b8a213a-1840-42b0-ad9e-774a81cdbfcf - - - - - -] Successfully bumped revision number for resource 6c4e0dcf-ab20-4579-a5b3-4ee52e7ecb1a (type: ports) to 5
2026-04-27 02:44:03.890 10 INFO neutron.api.v2.resource [None req-d30bf55a-e446-4f36-94ae-99ecf8c5cbfa fe466157ba2741ab90842f6e0d68b6f4 a6f6c4de742f461196cbea54da524223 - - default default] show failed (client error): The resource could not be found.
2026-04-27 02:44:03.891 10 INFO neutron.api.wsgi [None req-d30bf55a-e446-4f36-94ae-99ecf8c5cbfa fe466157ba2741ab90842f6e0d68b6f4 a6f6c4de742f461196cbea54da524223 - - default default] 10.0.0.53 "GET /v2.0/security-groups/232a641b-348e-4082-9f38-b44770b489e7 HTTP/1.1" status: 404 len: 347 time: 0.0102055
2026-04-27 02:44:03.957 9 INFO neutron.api.wsgi [req-5eb52b04-e9d5-4eea-922b-c076e06e52ff req-f25c4ffd-ac14-4ec1-a175-085aa2870cb9 fac6ac6c8d154201a54674a73b72af73 724ca2a9245c4d5dba1f1970566972e7 - - default default] 10.0.0.238 "GET /v2.0/ports?device_id=3fa3fb11-9fda-4a94-808b-bc5e4eb90aab HTTP/1.1" status: 200 len: 1404 time: 0.0965664 /var/lib/openstack/lib/python3.12/site-packages/pycadf/identifier.py:71: UserWarning: Invalid uuid: neutron. To ensure interoperability, identifiers should be a valid uuid. warnings.warn(('Invalid uuid: %s. To ensure interoperability, '
2026-04-27 02:44:04.005 9 INFO neutron.api.wsgi [req-5eb52b04-e9d5-4eea-922b-c076e06e52ff req-a7980b7c-38f7-4647-918f-2a199adef3da fac6ac6c8d154201a54674a73b72af73 724ca2a9245c4d5dba1f1970566972e7 - - default default] 10.0.0.238 "GET /v2.0/security-groups?id=f5a80e7b-9f7a-4f25-9872-23ffd12a8578&fields=id&fields=name HTTP/1.1" status: 200 len: 310 time: 0.0397134
2026-04-27 02:44:04.161 9 INFO neutron.api.wsgi [req-a569028b-eabd-498e-b464-95d029a924f5 req-dfb472b4-bf71-452e-9a9e-46a86431e0f7 5a7c2656d7f54c2684277aed0928d538 c7c05e34570848eda1ce4810e237543e - - c8fc793b48bf4dfa8cefb7924173bcf9 c8fc793b48bf4dfa8cefb7924173bcf9] 199.204.45.115 "GET /v2.0/networks?tenant_id=a6f6c4de742f461196cbea54da524223&shared=False HTTP/1.1" status: 200 len: 970 time: 0.0612195
2026-04-27 02:44:04.207 9 INFO neutron.api.wsgi [req-a569028b-eabd-498e-b464-95d029a924f5 req-2c77960c-ee10-4ebd-9b63-06e5a8009456 5a7c2656d7f54c2684277aed0928d538 c7c05e34570848eda1ce4810e237543e - - c8fc793b48bf4dfa8cefb7924173bcf9 c8fc793b48bf4dfa8cefb7924173bcf9] 199.204.45.115 "GET /v2.0/networks?shared=True HTTP/1.1" status: 200 len: 952 time: 0.0418510
2026-04-27 02:44:04.281 10 INFO neutron.api.wsgi [None req-c5818908-5748-44f6-bf41-a4dfb83c690d fe466157ba2741ab90842f6e0d68b6f4 a6f6c4de742f461196cbea54da524223 - - default default] 10.0.0.53 "DELETE /v2.0/floatingips/a231e13a-1fec-4133-b50c-5c08a35e9938 HTTP/1.1" status: 204 len: 168 time: 0.3843637
2026-04-27 02:44:04.491 10 INFO neutron.api.wsgi [None req-1565f8df-b267-485c-a792-eaf7edc19cf1 fe466157ba2741ab90842f6e0d68b6f4 a6f6c4de742f461196cbea54da524223 - - default default] 10.0.0.53 "DELETE /v2.0/security-groups/55380f47-ff81-4ecc-8cc2-24659bb40ffe HTTP/1.1" status: 204 len: 168 time: 0.2045460
2026-04-27 02:44:05.642 9 INFO neutron.notifiers.nova [-] Nova event matching ['req-2213dfca-1795-42a1-b46b-69abb437a568'] response: {'server_uuid': '3fa3fb11-9fda-4a94-808b-bc5e4eb90aab', 'name': 'network-vif-plugged', 'status': 'completed', 'tag': '6c4e0dcf-ab20-4579-a5b3-4ee52e7ecb1a', 'code': 200}
2026-04-27 02:44:05.967 10 INFO neutron.api.wsgi [None req-8aae9058-f2f3-4889-abdf-ef12ebddeb66 7f32b3f62b5c493c809c6b9a5386e3f9 8aefb44c1b324ed9a4e9ba8168f26158 - - default default] 10.0.0.53 "PUT /v2.0/routers/b41f8f43-9f74-429d-ba59-c223e1550542/remove_router_interface HTTP/1.1" status: 200 len: 503 time: 1.3567290 /var/lib/openstack/lib/python3.12/site-packages/pycadf/identifier.py:71: UserWarning: Invalid uuid: neutron. To ensure interoperability, identifiers should be a valid uuid. warnings.warn(('Invalid uuid: %s. To ensure interoperability, '
2026-04-27 02:44:06.664 10 INFO neutron.api.wsgi [None req-29008d34-adc8-47f8-bdd0-05c8cd822216 7f32b3f62b5c493c809c6b9a5386e3f9 8aefb44c1b324ed9a4e9ba8168f26158 - - default default] 10.0.0.53 "DELETE /v2.0/routers/b41f8f43-9f74-429d-ba59-c223e1550542 HTTP/1.1" status: 204 len: 168 time: 0.6937051
2026-04-27 02:44:06.942 10 INFO neutron.api.wsgi [None req-49ca1473-f974-42e5-b857-fd2db996bb3b 7f32b3f62b5c493c809c6b9a5386e3f9 8aefb44c1b324ed9a4e9ba8168f26158 - - default default] 10.0.0.53 "DELETE /v2.0/subnets/af639599-d9a0-450e-99f1-84b16a1ed3e9 HTTP/1.1" status: 204 len: 168 time: 0.2722514
2026-04-27 02:44:07.028 10 INFO neutron.api.wsgi [-] 10.0.0.7 "GET / HTTP/1.1" status: 200 len: 246 time: 0.0018182
2026-04-27 02:44:07.030 9 INFO neutron.api.wsgi [-] 10.0.0.7 "GET / HTTP/1.1" status: 200 len: 246 time: 0.0029149
2026-04-27 02:44:07.361 10 INFO neutron.api.wsgi [None req-93a3c5c5-a1a7-4691-8efd-9e14363f0130 7f32b3f62b5c493c809c6b9a5386e3f9 8aefb44c1b324ed9a4e9ba8168f26158 - - default default] 10.0.0.53 "DELETE /v2.0/networks/fdfa58ad-5f04-4e93-bfc5-149667831199 HTTP/1.1" status: 204 len: 168 time: 0.4134040
2026-04-27 02:44:07.374 10 INFO neutron.services.segments.plugin [-] Segment eb1814d2-2033-486f-927c-3f6770631ed9 resource provider aggregate not found
2026-04-27 02:44:07.388 10 INFO neutron.services.segments.plugin [-] Segment eb1814d2-2033-486f-927c-3f6770631ed9 resource provider aggregate not found
2026-04-27 02:44:07.392 10 INFO neutron.services.segments.plugin [-] Segment eb1814d2-2033-486f-927c-3f6770631ed9 resource provider not found; error: Placement Client Error (4xx): {"errors": [{"status": 404, "title": "Not Found", "detail": "The resource could not be found.\n\n No resource provider with uuid eb1814d2-2033-486f-927c-3f6770631ed9 found for delete ", "request_id": "req-7926e6f2-412a-4de5-b572-19f46ee6c018"}]}
2026-04-27 02:44:07.406 10 INFO neutron.services.segments.plugin [-] Segment eb1814d2-2033-486f-927c-3f6770631ed9 resource provider not found; error: Placement Client Error (4xx): {"errors": [{"status": 404, "title": "Not Found", "detail": "The resource could not be found.\n\n No resource provider with uuid eb1814d2-2033-486f-927c-3f6770631ed9 found for delete ", "request_id": "req-95c5d64e-dc24-49ce-843a-0c5c5dbe4769"}]}
2026-04-27 02:44:08.588 10 INFO neutron.api.wsgi [None req-0965004a-67a8-43f9-8342-f6f73795b94e 7f32b3f62b5c493c809c6b9a5386e3f9 8aefb44c1b324ed9a4e9ba8168f26158 - - default default] 10.0.0.53 "PUT /v2.0/routers/9fee738f-c0fc-4643-becc-2094f32aaeb2/remove_router_interface HTTP/1.1" status: 200 len: 503 time: 1.2208469 /var/lib/openstack/lib/python3.12/site-packages/pycadf/identifier.py:71: UserWarning: Invalid uuid: neutron. To ensure interoperability, identifiers should be a valid uuid. warnings.warn(('Invalid uuid: %s. To ensure interoperability, '
2026-04-27 02:44:09.471 9 INFO neutron.api.wsgi [None req-8b9ddc3a-47c4-4afb-9a5b-99c550f56002 7f32b3f62b5c493c809c6b9a5386e3f9 8aefb44c1b324ed9a4e9ba8168f26158 - - default default] 10.0.0.53 "DELETE /v2.0/routers/9fee738f-c0fc-4643-becc-2094f32aaeb2 HTTP/1.1" status: 204 len: 168 time: 0.8767798
2026-04-27 02:44:09.489 10 INFO neutron.api.wsgi [req-0eda4f0c-1015-44df-9381-2adf506cd745 req-6a89bbf2-b1d1-4c22-84ca-9d6520588bca fac6ac6c8d154201a54674a73b72af73 724ca2a9245c4d5dba1f1970566972e7 - - default default] 10.0.0.238 "GET /v2.0/ports?device_id=3fa3fb11-9fda-4a94-808b-bc5e4eb90aab HTTP/1.1" status: 200 len: 1404 time: 0.4174528
2026-04-27 02:44:09.529 10 INFO neutron.api.wsgi [req-0eda4f0c-1015-44df-9381-2adf506cd745 req-bd7e62c4-5a83-4dc9-9420-e16839ee38fa fac6ac6c8d154201a54674a73b72af73 724ca2a9245c4d5dba1f1970566972e7 - - default default] 10.0.0.238 "GET /v2.0/security-groups?id=f5a80e7b-9f7a-4f25-9872-23ffd12a8578&fields=id&fields=name HTTP/1.1" status: 200 len: 310 time: 0.0318112
2026-04-27 02:44:09.633 9 INFO neutron.api.wsgi [None req-9f39d6b7-93ad-43d0-9f6e-5f9a50b8a8d4 fac6ac6c8d154201a54674a73b72af73 724ca2a9245c4d5dba1f1970566972e7 - - default default] 10.0.0.53 "GET /v2.0/ports?network_id=c990113f-524d-40d8-814e-175978484fff&mac_address=fa%3A16%3A3e%3A8f%3A29%3A5e HTTP/1.1" status: 200 len: 1399 time: 0.0798554
2026-04-27 02:44:09.641 9 WARNING neutron_lib.context [None req-4c280643-9c19-4c87-b8a6-6c15f60e1d95 fac6ac6c8d154201a54674a73b72af73 724ca2a9245c4d5dba1f1970566972e7 - - default default] Method 'is_advsvc' is deprecated since 2023.2 release (neutron-lib 3.8.0) and will be removed once support for the old RBAC API policies will be removed from Neutron. Please use method 'is_service_role' instead.
2026-04-27 02:44:09.684 9 INFO neutron.api.wsgi [None req-6f65c973-44ee-4ea3-ac89-b2cf187dd363 7f32b3f62b5c493c809c6b9a5386e3f9 8aefb44c1b324ed9a4e9ba8168f26158 - - default default] 10.0.0.53 "DELETE /v2.0/subnets/b20d5e90-58c5-4ab6-a36b-38481f3108e5 HTTP/1.1" status: 204 len: 168 time: 0.2068844
2026-04-27 02:44:09.911 9 WARNING neutron.scheduler.dhcp_agent_scheduler [None req-4c280643-9c19-4c87-b8a6-6c15f60e1d95 fac6ac6c8d154201a54674a73b72af73 724ca2a9245c4d5dba1f1970566972e7 - - default default] No more DHCP agents
2026-04-27 02:44:09.915 9 WARNING neutron.api.rpc.agentnotifiers.dhcp_rpc_agent_api [None req-4c280643-9c19-4c87-b8a6-6c15f60e1d95 fac6ac6c8d154201a54674a73b72af73 724ca2a9245c4d5dba1f1970566972e7 - - default default] Unable to schedule network 5233397d-df95-4eb1-8dd1-b658b437e299: no agents available; will retry on subsequent port and subnet creation events.
2026-04-27 02:44:10.124 9 INFO neutron.api.wsgi [None req-1bdcef8f-d45e-4bcc-b6f0-21a1d862d670 7f32b3f62b5c493c809c6b9a5386e3f9 8aefb44c1b324ed9a4e9ba8168f26158 - - default default] 10.0.0.53 "DELETE /v2.0/networks/98efb513-cdb2-42b5-b81b-abbdbf10c2b6 HTTP/1.1" status: 204 len: 168 time: 0.4348650
2026-04-27 02:44:10.138 9 INFO neutron.services.segments.plugin [-] Segment c48faec5-a8b9-496a-b05a-0f2ba37f1b11 resource provider aggregate not found
2026-04-27 02:44:10.145 9 INFO neutron.services.segments.plugin [-] Segment c48faec5-a8b9-496a-b05a-0f2ba37f1b11 resource provider aggregate not found
2026-04-27 02:44:10.156 9 INFO neutron.services.segments.plugin [-] Segment c48faec5-a8b9-496a-b05a-0f2ba37f1b11 resource provider not found; error: Placement Client Error (4xx): {"errors": [{"status": 404, "title": "Not Found", "detail": "The resource could not be found.\n\n No resource provider with uuid c48faec5-a8b9-496a-b05a-0f2ba37f1b11 found for delete ", "request_id": "req-a0b164f6-b30b-4c30-b160-250bb4e70526"}]}
2026-04-27 02:44:10.158 9 INFO neutron.services.segments.plugin [-] Segment c48faec5-a8b9-496a-b05a-0f2ba37f1b11 resource provider not found; error: Placement Client Error (4xx): {"errors": [{"status": 404, "title": "Not Found", "detail": "The resource could not be found.\n\n No resource provider with uuid c48faec5-a8b9-496a-b05a-0f2ba37f1b11 found for delete ", "request_id": "req-99f29fdf-390f-4f9d-bd9c-5f41bf56459a"}]}
2026-04-27 02:44:10.404 10 INFO neutron.api.wsgi [None req-996d97ae-f360-49c2-a3e7-e684c6a0fd81 7f32b3f62b5c493c809c6b9a5386e3f9 8aefb44c1b324ed9a4e9ba8168f26158 - - default default] 10.0.0.53 "GET /v2.0/security-groups?tenant_id=a6f6c4de742f461196cbea54da524223&name=default HTTP/1.1" status: 200 len: 3124 time: 0.0331700
2026-04-27 02:44:10.697 10 INFO neutron.api.wsgi [None req-aff7177f-2ab7-4ad2-b60f-73bf7aefcd7e 7f32b3f62b5c493c809c6b9a5386e3f9 8aefb44c1b324ed9a4e9ba8168f26158 - - default default] 10.0.0.53 "DELETE /v2.0/security-groups/049ec58b-24fe-482d-8883-ae13c9f3e189 HTTP/1.1" status: 204 len: 168 time: 0.2864258
2026-04-27 02:44:10.699 9 INFO neutron.db.ovn_revision_numbers_db [None req-4c280643-9c19-4c87-b8a6-6c15f60e1d95 fac6ac6c8d154201a54674a73b72af73 724ca2a9245c4d5dba1f1970566972e7 - - default default] Successfully bumped revision number for resource 0f5f6943-226b-4b8b-82e3-e1da8c19ffa6 (type: floatingips) to -1
2026-04-27 02:44:10.825 9 INFO neutron.db.ovn_revision_numbers_db [None req-4c280643-9c19-4c87-b8a6-6c15f60e1d95 fac6ac6c8d154201a54674a73b72af73 724ca2a9245c4d5dba1f1970566972e7 - - default default] Successfully bumped revision number for resource 0f5f6943-226b-4b8b-82e3-e1da8c19ffa6 (type: floatingips) to 1
2026-04-27 02:44:10.825 9 INFO neutron.db.l3_db [None req-4c280643-9c19-4c87-b8a6-6c15f60e1d95 fac6ac6c8d154201a54674a73b72af73 724ca2a9245c4d5dba1f1970566972e7 - - default default] Floating IP 0f5f6943-226b-4b8b-82e3-e1da8c19ffa6 associated. External IP: 10.96.250.209, port: 6c4e0dcf-ab20-4579-a5b3-4ee52e7ecb1a.
2026-04-27 02:44:10.886 9 INFO neutron.api.wsgi [None req-4c280643-9c19-4c87-b8a6-6c15f60e1d95 fac6ac6c8d154201a54674a73b72af73 724ca2a9245c4d5dba1f1970566972e7 - - default default] 10.0.0.53 "POST /v2.0/floatingips HTTP/1.1" status: 201 len: 1054 time: 1.2485001
2026-04-27 02:44:10.898 9 INFO neutron.api.wsgi [None req-15e9e82d-2b13-454a-b2e7-d8ed565e9b9c 7f32b3f62b5c493c809c6b9a5386e3f9 8aefb44c1b324ed9a4e9ba8168f26158 - - default default] 10.0.0.53 "GET /v2.0/security-groups?tenant_id=2413fd44e02f4302a49d586cd81fdbf6&name=default HTTP/1.1" status: 200 len: 3124 time: 0.0555701
2026-04-27 02:44:10.932 9 INFO neutron.notifiers.nova [-] Nova event matching ['req-7b6e7116-9a0b-4012-99f6-d8e6277bf8bb'] response: {'name': 'network-changed', 'server_uuid': '3fa3fb11-9fda-4a94-808b-bc5e4eb90aab', 'tag': '6c4e0dcf-ab20-4579-a5b3-4ee52e7ecb1a', 'status': 'completed', 'code': 200}
2026-04-27 02:44:11.203 9 INFO neutron.api.wsgi [None req-6da9fa83-f913-43a5-8aff-4eaf51c1219a 7f32b3f62b5c493c809c6b9a5386e3f9 8aefb44c1b324ed9a4e9ba8168f26158 - - default default] 10.0.0.53 "DELETE /v2.0/security-groups/893b00fb-11d2-4290-ac73-6892229434ea HTTP/1.1" status: 204 len: 168 time: 0.3003931
2026-04-27 02:44:11.473 9 INFO neutron.api.wsgi [req-47d8f83f-144e-4051-a9dd-8f1fed553002 req-ed3c3892-c418-4a8f-a148-0d1d2f10cc31 5a7c2656d7f54c2684277aed0928d538 c7c05e34570848eda1ce4810e237543e - - c8fc793b48bf4dfa8cefb7924173bcf9 c8fc793b48bf4dfa8cefb7924173bcf9] 199.204.45.115 "GET /v2.0/ports?tenant_id=724ca2a9245c4d5dba1f1970566972e7&device_id=3fa3fb11-9fda-4a94-808b-bc5e4eb90aab HTTP/1.1" status: 200 len: 1642 time: 0.0342317
2026-04-27 02:44:11.519 9 INFO neutron.api.wsgi [req-47d8f83f-144e-4051-a9dd-8f1fed553002 req-c4fb3b6b-0836-4bcc-99e3-2befeefacc7d 5a7c2656d7f54c2684277aed0928d538 c7c05e34570848eda1ce4810e237543e - - c8fc793b48bf4dfa8cefb7924173bcf9 c8fc793b48bf4dfa8cefb7924173bcf9] 199.204.45.115 "GET /v2.0/networks?id=c990113f-524d-40d8-814e-175978484fff HTTP/1.1" status: 200 len: 1001 time: 0.0387614
2026-04-27 02:44:11.567 9 INFO neutron.api.wsgi [req-47d8f83f-144e-4051-a9dd-8f1fed553002 req-1a07bd50-325f-45c4-8cf2-372bffc4d3a1 5a7c2656d7f54c2684277aed0928d538 c7c05e34570848eda1ce4810e237543e - - c8fc793b48bf4dfa8cefb7924173bcf9 c8fc793b48bf4dfa8cefb7924173bcf9] 199.204.45.115 "GET /v2.0/floatingips?fixed_ip_address=10.2.2.153&port_id=6c4e0dcf-ab20-4579-a5b3-4ee52e7ecb1a HTTP/1.1" status: 200 len: 1059 time: 0.0400863
2026-04-27 02:44:11.595 9 INFO neutron.api.wsgi [req-47d8f83f-144e-4051-a9dd-8f1fed553002 req-69e7420f-90fb-46f4-a31f-31f5e848dd21 5a7c2656d7f54c2684277aed0928d538 c7c05e34570848eda1ce4810e237543e - - c8fc793b48bf4dfa8cefb7924173bcf9 c8fc793b48bf4dfa8cefb7924173bcf9] 199.204.45.115 "GET /v2.0/floatingips?fixed_ip_address=fd77%3A1457%3A4cf0%3A26a8%3A%3A2d8&port_id=6c4e0dcf-ab20-4579-a5b3-4ee52e7ecb1a HTTP/1.1" status: 200 len: 217 time: 0.0189130
2026-04-27 02:44:11.632 9 INFO neutron.api.wsgi [req-47d8f83f-144e-4051-a9dd-8f1fed553002 req-a3906e7b-8615-47aa-8c61-2a7143a70abd 5a7c2656d7f54c2684277aed0928d538 c7c05e34570848eda1ce4810e237543e - - c8fc793b48bf4dfa8cefb7924173bcf9 c8fc793b48bf4dfa8cefb7924173bcf9] 199.204.45.115 "GET /v2.0/subnets?id=913ecd68-5070-4466-b650-223416aaf504&id=5211fbf6-f3d8-4650-a8af-d822adacbc92 HTTP/1.1" status: 200 len: 1615 time: 0.0299816
2026-04-27 02:44:11.661 9 INFO neutron.api.wsgi [req-47d8f83f-144e-4051-a9dd-8f1fed553002 req-ea01acb4-55b1-4651-948a-e07f9d709c6d 5a7c2656d7f54c2684277aed0928d538 c7c05e34570848eda1ce4810e237543e - - c8fc793b48bf4dfa8cefb7924173bcf9 c8fc793b48bf4dfa8cefb7924173bcf9] 199.204.45.115 "GET /v2.0/ports?network_id=c990113f-524d-40d8-814e-175978484fff&device_owner=network%3Adhcp HTTP/1.1" status: 200 len: 210 time: 0.0223639
2026-04-27 02:44:11.681 9 INFO neutron.api.wsgi [req-47d8f83f-144e-4051-a9dd-8f1fed553002 req-459d29eb-0fb1-405c-957f-4ae640b277a6 5a7c2656d7f54c2684277aed0928d538 c7c05e34570848eda1ce4810e237543e - - c8fc793b48bf4dfa8cefb7924173bcf9 c8fc793b48bf4dfa8cefb7924173bcf9] 199.204.45.115 "GET /v2.0/ports?network_id=c990113f-524d-40d8-814e-175978484fff&device_owner=network%3Adhcp HTTP/1.1" status: 200 len: 210 time: 0.0158834
2026-04-27 02:44:11.729 9 INFO neutron.api.wsgi [req-47d8f83f-144e-4051-a9dd-8f1fed553002 req-296cd794-17b5-45ba-ae2f-81ad88c3b3cf 5a7c2656d7f54c2684277aed0928d538 c7c05e34570848eda1ce4810e237543e - - c8fc793b48bf4dfa8cefb7924173bcf9 c8fc793b48bf4dfa8cefb7924173bcf9] 199.204.45.115 "GET /v2.0/networks/c990113f-524d-40d8-814e-175978484fff?fields=segments HTTP/1.1" status: 200 len: 212 time: 0.0414743
2026-04-27 02:44:11.779 9 INFO neutron.api.wsgi [req-47d8f83f-144e-4051-a9dd-8f1fed553002 req-7ad0fde0-8abf-4950-aec6-8d081c1c97be 5a7c2656d7f54c2684277aed0928d538 c7c05e34570848eda1ce4810e237543e - - c8fc793b48bf4dfa8cefb7924173bcf9 c8fc793b48bf4dfa8cefb7924173bcf9] 199.204.45.115 "GET /v2.0/networks/c990113f-524d-40d8-814e-175978484fff?fields=provider%3Aphysical_network&fields=provider%3Anetwork_type HTTP/1.1" status: 200 len: 277 time: 0.0441577 /var/lib/openstack/lib/python3.12/site-packages/pycadf/identifier.py:71: UserWarning: Invalid uuid: neutron. To ensure interoperability, identifiers should be a valid uuid. warnings.warn(('Invalid uuid: %s. To ensure interoperability, '
2026-04-27 02:44:15.754 10 WARNING neutron_lib.context [None req-d3a63be2-f256-48c6-82dc-d366bfba5b38 ffc595967846460aa0fbce8d4eccaf41 3c9164c9c1e24c7a90ef621fdb0fb83c - - default default] Method 'is_advsvc' is deprecated since 2023.2 release (neutron-lib 3.8.0) and will be removed once support for the old RBAC API policies will be removed from Neutron. Please use method 'is_service_role' instead.
2026-04-27 02:44:15.822 10 INFO neutron.api.wsgi [None req-d3a63be2-f256-48c6-82dc-d366bfba5b38 ffc595967846460aa0fbce8d4eccaf41 3c9164c9c1e24c7a90ef621fdb0fb83c - - default default] 10.0.0.53 "POST /v2.0/subnetpools HTTP/1.1" status: 201 len: 715 time: 0.2533660
2026-04-27 02:44:15.833 10 WARNING neutron_lib.context [None req-9404c949-5e8b-476a-b26f-7b60944fb89a ffc595967846460aa0fbce8d4eccaf41 3c9164c9c1e24c7a90ef621fdb0fb83c - - default default] Method 'is_advsvc' is deprecated since 2023.2 release (neutron-lib 3.8.0) and will be removed once support for the old RBAC API policies will be removed from Neutron. Please use method 'is_service_role' instead.
2026-04-27 02:44:15.882 10 INFO neutron.api.wsgi [None req-9404c949-5e8b-476a-b26f-7b60944fb89a ffc595967846460aa0fbce8d4eccaf41 3c9164c9c1e24c7a90ef621fdb0fb83c - - default default] 10.0.0.53 "POST /v2.0/subnetpools HTTP/1.1" status: 201 len: 715 time: 0.0553241
2026-04-27 02:44:15.892 10 WARNING neutron_lib.context [None req-0d75ba2b-f355-4c3e-aa46-7abe7cff1b47 ffc595967846460aa0fbce8d4eccaf41 3c9164c9c1e24c7a90ef621fdb0fb83c - - default default] Method 'is_advsvc' is deprecated since 2023.2 release (neutron-lib 3.8.0) and will be removed once support for the old RBAC API policies will be removed from Neutron. Please use method 'is_service_role' instead.
2026-04-27 02:44:15.953 10 INFO neutron.api.wsgi [None req-0d75ba2b-f355-4c3e-aa46-7abe7cff1b47 ffc595967846460aa0fbce8d4eccaf41 3c9164c9c1e24c7a90ef621fdb0fb83c - - default default] 10.0.0.53 "POST /v2.0/subnetpools HTTP/1.1" status: 201 len: 715 time: 0.0654347
2026-04-27 02:44:15.962 10 WARNING neutron_lib.context [None req-8632e265-cd03-4b2d-9564-5c8b37e13281 ffc595967846460aa0fbce8d4eccaf41 3c9164c9c1e24c7a90ef621fdb0fb83c - - default default] Method 'is_advsvc' is deprecated since 2023.2 release (neutron-lib 3.8.0) and will be removed once support for the old RBAC API policies will be removed from Neutron. Please use method 'is_service_role' instead.
2026-04-27 02:44:16.009 10 INFO neutron.api.wsgi [None req-8632e265-cd03-4b2d-9564-5c8b37e13281 ffc595967846460aa0fbce8d4eccaf41 3c9164c9c1e24c7a90ef621fdb0fb83c - - default default] 10.0.0.53 "POST /v2.0/subnetpools HTTP/1.1" status: 201 len: 715 time: 0.0501759
2026-04-27 02:44:16.018 10 WARNING neutron_lib.context [None req-23edd061-ea99-4c18-be67-ff7c8c720a56 ffc595967846460aa0fbce8d4eccaf41 3c9164c9c1e24c7a90ef621fdb0fb83c - - default default] Method 'is_advsvc' is deprecated since 2023.2 release (neutron-lib 3.8.0) and will be removed once support for the old RBAC API policies will be removed from Neutron. Please use method 'is_service_role' instead.
2026-04-27 02:44:16.076 10 INFO neutron.api.wsgi [None req-23edd061-ea99-4c18-be67-ff7c8c720a56 ffc595967846460aa0fbce8d4eccaf41 3c9164c9c1e24c7a90ef621fdb0fb83c - - default default] 10.0.0.53 "POST /v2.0/subnetpools HTTP/1.1" status: 201 len: 715 time: 0.0623395
2026-04-27 02:44:16.112 10 INFO neutron.api.wsgi [None req-5f0a18df-3e2e-4e74-9677-f41a038ade0f ffc595967846460aa0fbce8d4eccaf41 3c9164c9c1e24c7a90ef621fdb0fb83c - - default default] 10.0.0.53 "PUT /v2.0/subnetpools/82988e79-6df0-4ed0-94d6-fa0300a9e91b/tags HTTP/1.1" status: 200 len: 210 time: 0.0306582
2026-04-27 02:44:16.146 10 INFO neutron.api.wsgi [None req-238069f8-76c3-4894-94c4-3cec5d9d2891 ffc595967846460aa0fbce8d4eccaf41 3c9164c9c1e24c7a90ef621fdb0fb83c - - default default] 10.0.0.53 "PUT /v2.0/subnetpools/c9c78451-b0d9-45ca-b17e-9bed3746dfa2/tags HTTP/1.1" status: 200 len: 218 time: 0.0288856
2026-04-27 02:44:16.181 10 INFO neutron.api.wsgi [None req-564f63c1-cba9-4cf5-9c0a-adaf6ae7dd29 ffc595967846460aa0fbce8d4eccaf41 3c9164c9c1e24c7a90ef621fdb0fb83c - - default default] 10.0.0.53 "PUT /v2.0/subnetpools/48aadce4-c4dc-4c6e-a867-17c3cba39998/tags HTTP/1.1" status: 200 len: 227 time: 0.0293150
2026-04-27 02:44:16.218 10 INFO neutron.api.wsgi [None req-cc5c4ab2-8b3b-45b9-87f6-8c689b865180 ffc595967846460aa0fbce8d4eccaf41 3c9164c9c1e24c7a90ef621fdb0fb83c - - default default] 10.0.0.53 "PUT /v2.0/subnetpools/8fa5e0f8-dcf2-4dcc-b57b-3344d5e0a10c/tags HTTP/1.1" status: 200 len: 212 time: 0.0314524
