2026-04-27 02:41:31.548 10 INFO neutron.db.ovn_revision_numbers_db [None req-d8211be6-5c5d-47ec-b607-01a76936c1d9 c6a00607d6254781a7f0ba213a1183f5 15b63435051a47f0a8f080e13490de58 - - default default] Successfully bumped revision number for resource 887df75e-b665-4c7d-98ef-8d7e2565922b (type: ports) to 1
2026-04-27 02:41:31.583 10 INFO neutron.api.wsgi [None req-d8211be6-5c5d-47ec-b607-01a76936c1d9 c6a00607d6254781a7f0ba213a1183f5 15b63435051a47f0a8f080e13490de58 - - default default] 10.0.0.53 "POST /v2.0/ports HTTP/1.1" status: 201 len: 942 time: 0.3611703 /var/lib/openstack/lib/python3.12/site-packages/pycadf/identifier.py:71: UserWarning: Invalid uuid: neutron. To ensure interoperability, identifiers should be a valid uuid. warnings.warn(('Invalid uuid: %s. To ensure interoperability, '
2026-04-27 02:41:31.592 10 WARNING neutron_lib.context [None req-ceb9553f-7298-4df5-a95c-a1f8a9faf53d c6a00607d6254781a7f0ba213a1183f5 15b63435051a47f0a8f080e13490de58 - - default default] Method 'is_advsvc' is deprecated since 2023.2 release (neutron-lib 3.8.0) and will be removed once support for the old RBAC API policies will be removed from Neutron. Please use method 'is_service_role' instead.
2026-04-27 02:41:31.595 9 INFO neutron.api.wsgi [req-af21a40e-2f78-4cde-a72a-712b2c4d6803 req-e5567cbc-beb7-4a45-bc39-3787eed2658d 5a7c2656d7f54c2684277aed0928d538 c7c05e34570848eda1ce4810e237543e - - c8fc793b48bf4dfa8cefb7924173bcf9 c8fc793b48bf4dfa8cefb7924173bcf9] 199.204.45.115 "GET /v2.0/ports?tenant_id=db86ffadced8488389308508b6dd26dd&device_id=87a1fee4-6c28-4df7-8441-b0decff7994c HTTP/1.1" status: 200 len: 1411 time: 0.0384736
2026-04-27 02:41:31.625 9 INFO neutron.api.wsgi [req-af21a40e-2f78-4cde-a72a-712b2c4d6803 req-32398dff-4466-4b5b-83bb-f01fb9142fca 5a7c2656d7f54c2684277aed0928d538 c7c05e34570848eda1ce4810e237543e - - c8fc793b48bf4dfa8cefb7924173bcf9 c8fc793b48bf4dfa8cefb7924173bcf9] 199.204.45.115 "GET /v2.0/floatingips?fixed_ip_address=10.100.0.13&port_id=749ff1b7-cfea-4747-907d-4e50412f830b HTTP/1.1" status: 200 len: 217 time: 0.0242789
2026-04-27 02:41:31.670 9 INFO neutron.api.wsgi [req-af21a40e-2f78-4cde-a72a-712b2c4d6803 req-bb23f6f6-465e-4ebe-889f-66ea681bf73e 5a7c2656d7f54c2684277aed0928d538 c7c05e34570848eda1ce4810e237543e - - c8fc793b48bf4dfa8cefb7924173bcf9 c8fc793b48bf4dfa8cefb7924173bcf9] 199.204.45.115 "GET /v2.0/subnets?id=eeab729d-0818-4139-8123-c64f75e1e6ed HTTP/1.1" status: 200 len: 876 time: 0.0364611
2026-04-27 02:41:31.696 9 INFO neutron.api.wsgi [req-af21a40e-2f78-4cde-a72a-712b2c4d6803 req-3e17c6cb-d6de-4bb3-85de-e17da6c6d1b4 5a7c2656d7f54c2684277aed0928d538 c7c05e34570848eda1ce4810e237543e - - c8fc793b48bf4dfa8cefb7924173bcf9 c8fc793b48bf4dfa8cefb7924173bcf9] 199.204.45.115 "GET /v2.0/ports?network_id=b27de2cf-adec-40d1-963c-3adc262e64e5&device_owner=network%3Adhcp HTTP/1.1" status: 200 len: 210 time: 0.0198929
2026-04-27 02:41:31.759 9 INFO neutron.api.wsgi [req-af21a40e-2f78-4cde-a72a-712b2c4d6803 req-d2e63b55-9303-41fb-9c93-80007f2b226c 5a7c2656d7f54c2684277aed0928d538 c7c05e34570848eda1ce4810e237543e - - c8fc793b48bf4dfa8cefb7924173bcf9 c8fc793b48bf4dfa8cefb7924173bcf9] 199.204.45.115 "GET /v2.0/networks/b27de2cf-adec-40d1-963c-3adc262e64e5?fields=segments HTTP/1.1" status: 200 len: 212 time: 0.0553677
2026-04-27 02:41:31.812 9 INFO neutron.db.ovn_revision_numbers_db [None req-1bc74551-8010-4ada-86f8-4cea7ae8c458 - - - - - -] Successfully bumped revision number for resource 60e8cd39-1b57-4553-a15e-2b733a3972e7 (type: router_ports) to 1
2026-04-27 02:41:31.818 9 INFO neutron.api.wsgi [req-af21a40e-2f78-4cde-a72a-712b2c4d6803 req-ac587b45-90af-4ccb-afa5-2255c7a78975 5a7c2656d7f54c2684277aed0928d538 c7c05e34570848eda1ce4810e237543e - - c8fc793b48bf4dfa8cefb7924173bcf9 c8fc793b48bf4dfa8cefb7924173bcf9] 199.204.45.115 "GET /v2.0/networks/b27de2cf-adec-40d1-963c-3adc262e64e5?fields=provider%3Aphysical_network&fields=provider%3Anetwork_type HTTP/1.1" status: 200 len: 277 time: 0.0524180
2026-04-27 02:41:31.871 10 INFO neutron.api.wsgi [None req-ceb9553f-7298-4df5-a95c-a1f8a9faf53d c6a00607d6254781a7f0ba213a1183f5 15b63435051a47f0a8f080e13490de58 - - default default] 10.0.0.53 "POST /v2.0/trunks HTTP/1.1" status: 201 len: 608 time: 0.2839215
2026-04-27 02:41:31.911 10 INFO neutron.api.wsgi [None req-28fd1a4a-75f4-4add-bcd3-fe2b60d4f088 c6a00607d6254781a7f0ba213a1183f5 15b63435051a47f0a8f080e13490de58 - - default default] 10.0.0.53 "PUT /v2.0/trunks/e717a8c4-46ca-4741-83b1-03f4871db75e/tags HTTP/1.1" status: 200 len: 218 time: 0.0335038
2026-04-27 02:41:31.935 10 INFO neutron.api.wsgi [None req-0e39609b-8362-45e8-8fbc-71d0ee3cb281 c6a00607d6254781a7f0ba213a1183f5 15b63435051a47f0a8f080e13490de58 - - default default] 10.0.0.53 "GET /v2.0/trunks/e717a8c4-46ca-4741-83b1-03f4871db75e/tags HTTP/1.1" status: 200 len: 218 time: 0.0183754
2026-04-27 02:41:31.972 10 INFO neutron.api.wsgi [None req-e7fd334d-3639-48c8-a8fd-e9b8c05a299b c6a00607d6254781a7f0ba213a1183f5 15b63435051a47f0a8f080e13490de58 - - default default] 10.0.0.53 "PUT /v2.0/trunks/e717a8c4-46ca-4741-83b1-03f4871db75e/tags/green HTTP/1.1" status: 201 len: 201 time: 0.0311677
2026-04-27 02:41:32.000 10 INFO neutron.api.wsgi [None req-836a58a2-4d33-4863-99ff-c68c9dce633a c6a00607d6254781a7f0ba213a1183f5 15b63435051a47f0a8f080e13490de58 - - default default] 10.0.0.53 "GET /v2.0/trunks/e717a8c4-46ca-4741-83b1-03f4871db75e/tags HTTP/1.1" status: 200 len: 227 time: 0.0216696
2026-04-27 02:41:32.027 10 INFO neutron.api.wsgi [None req-a9de4733-cdcc-4b6a-b5a5-5cdbc9590032 c6a00607d6254781a7f0ba213a1183f5 15b63435051a47f0a8f080e13490de58 - - default default] 10.0.0.53 "PUT /v2.0/trunks/e717a8c4-46ca-4741-83b1-03f4871db75e/tags/red HTTP/1.1" status: 201 len: 201 time: 0.0192993
2026-04-27 02:41:32.047 9 WARNING neutron.scheduler.dhcp_agent_scheduler [None req-1bc74551-8010-4ada-86f8-4cea7ae8c458 - - - - - -] No more DHCP agents
2026-04-27 02:41:32.049 9 WARNING neutron.api.rpc.agentnotifiers.dhcp_rpc_agent_api [None req-1bc74551-8010-4ada-86f8-4cea7ae8c458 - - - - - -] Unable to schedule network 39e37d61-5fc0-4b76-b171-58e89d52fc15: no agents available; will retry on subsequent port and subnet creation events.
2026-04-27 02:41:32.052 10 INFO neutron.api.wsgi [None req-245867d6-ead2-4188-b83e-271b3dc79e3c c6a00607d6254781a7f0ba213a1183f5 15b63435051a47f0a8f080e13490de58 - - default default] 10.0.0.53 "GET /v2.0/trunks/e717a8c4-46ca-4741-83b1-03f4871db75e/tags HTTP/1.1" status: 200 len: 227 time: 0.0195477
2026-04-27 02:41:32.085 10 INFO neutron.api.wsgi [None req-84cafd0c-2c64-43a2-b273-b44b59963b94 c6a00607d6254781a7f0ba213a1183f5 15b63435051a47f0a8f080e13490de58 - - default default] 10.0.0.53 "PUT /v2.0/trunks/e717a8c4-46ca-4741-83b1-03f4871db75e/tags/black.or.white HTTP/1.1" status: 201 len: 201 time: 0.0269163
2026-04-27 02:41:32.105 10 INFO neutron.api.wsgi [None req-0737b5e8-893f-44c9-85e2-eb4342b83c4f c6a00607d6254781a7f0ba213a1183f5 15b63435051a47f0a8f080e13490de58 - - default default] 10.0.0.53 "GET /v2.0/trunks/e717a8c4-46ca-4741-83b1-03f4871db75e/tags HTTP/1.1" status: 200 len: 245 time: 0.0146208
2026-04-27 02:41:32.140 10 INFO neutron.api.wsgi [None req-11b3ec7b-e226-46e7-854c-8f7bd53d00aa c6a00607d6254781a7f0ba213a1183f5 15b63435051a47f0a8f080e13490de58 - - default default] 10.0.0.53 "PUT /v2.0/trunks/e717a8c4-46ca-4741-83b1-03f4871db75e/tags HTTP/1.1" status: 200 len: 230 time: 0.0307171
2026-04-27 02:41:32.174 9 INFO neutron.api.wsgi [None req-f18d212a-dff1-4ec9-ad53-f100d8d0fe18 c6a00607d6254781a7f0ba213a1183f5 15b63435051a47f0a8f080e13490de58 - - default default] 10.0.0.53 "GET /v2.0/trunks/e717a8c4-46ca-4741-83b1-03f4871db75e/tags HTTP/1.1" status: 200 len: 230 time: 0.0258820
2026-04-27 02:41:32.191 9 INFO neutron.db.ovn_revision_numbers_db [None req-1bc74551-8010-4ada-86f8-4cea7ae8c458 - - - - - -] Successfully bumped revision number for resource d1dc6f56-11db-4f20-89cf-ff9f06f798cd (type: ports) to 1
2026-04-27 02:41:32.197 9 INFO neutron.api.wsgi [None req-34ef7654-0ae7-4b89-b52a-9cd95bd5e181 c6a00607d6254781a7f0ba213a1183f5 15b63435051a47f0a8f080e13490de58 - - default default] 10.0.0.53 "GET /v2.0/trunks/e717a8c4-46ca-4741-83b1-03f4871db75e/tags/red HTTP/1.1" status: 204 len: 168 time: 0.0174913
2026-04-27 02:41:32.219 10 INFO neutron.api.v2.resource [None req-b67d6cf7-f0a3-4345-9ed3-e8bea34c69ec c6a00607d6254781a7f0ba213a1183f5 15b63435051a47f0a8f080e13490de58 - - default default] show failed (client error): The resource could not be found.
2026-04-27 02:41:32.220 10 INFO neutron.api.wsgi [None req-b67d6cf7-f0a3-4345-9ed3-e8bea34c69ec c6a00607d6254781a7f0ba213a1183f5 15b63435051a47f0a8f080e13490de58 - - default default] 10.0.0.53 "GET /v2.0/trunks/e717a8c4-46ca-4741-83b1-03f4871db75e/tags/green HTTP/1.1" status: 404 len: 299 time: 0.0182607
2026-04-27 02:41:32.260 9 INFO neutron.api.wsgi [None req-c160eabc-dcc7-4613-a1fa-2ff3ecacae4c c6a00607d6254781a7f0ba213a1183f5 15b63435051a47f0a8f080e13490de58 - - default default] 10.0.0.53 "DELETE /v2.0/trunks/e717a8c4-46ca-4741-83b1-03f4871db75e/tags/red HTTP/1.1" status: 204 len: 168 time: 0.0344467
2026-04-27 02:41:32.283 10 INFO neutron.api.wsgi [None req-654ae444-3953-428d-81ca-e836887604fc c6a00607d6254781a7f0ba213a1183f5 15b63435051a47f0a8f080e13490de58 - - default default] 10.0.0.53 "GET /v2.0/trunks/e717a8c4-46ca-4741-83b1-03f4871db75e/tags HTTP/1.1" status: 200 len: 223 time: 0.0177031
2026-04-27 02:41:32.305 10 INFO neutron.api.v2.resource [None req-d9888913-d239-4b84-9cfd-d3faf18767b0 c6a00607d6254781a7f0ba213a1183f5 15b63435051a47f0a8f080e13490de58 - - default default] delete failed (client error): The resource could not be found.
2026-04-27 02:41:32.306 10 INFO neutron.api.wsgi [None req-d9888913-d239-4b84-9cfd-d3faf18767b0 c6a00607d6254781a7f0ba213a1183f5 15b63435051a47f0a8f080e13490de58 - - default default] 10.0.0.53 "DELETE /v2.0/trunks/e717a8c4-46ca-4741-83b1-03f4871db75e/tags/green HTTP/1.1" status: 404 len: 299 time: 0.0190165
2026-04-27 02:41:32.338 10 INFO neutron.api.wsgi [None req-84ba8d2d-dc48-4e1c-8a8b-24b65c5eab1b c6a00607d6254781a7f0ba213a1183f5 15b63435051a47f0a8f080e13490de58 - - default default] 10.0.0.53 "DELETE /v2.0/trunks/e717a8c4-46ca-4741-83b1-03f4871db75e/tags HTTP/1.1" status: 204 len: 168 time: 0.0282166
2026-04-27 02:41:32.357 10 INFO neutron.api.wsgi [None req-99be7bd0-c4bd-49cb-af13-3a203476a423 c6a00607d6254781a7f0ba213a1183f5 15b63435051a47f0a8f080e13490de58 - - default default] 10.0.0.53 "GET /v2.0/trunks/e717a8c4-46ca-4741-83b1-03f4871db75e/tags HTTP/1.1" status: 200 len: 205 time: 0.0134220
2026-04-27 02:41:32.395 10 INFO neutron.api.wsgi [None req-cffc7106-9264-41f7-8ded-3c45311585f3 c6a00607d6254781a7f0ba213a1183f5 15b63435051a47f0a8f080e13490de58 - - default default] 10.0.0.53 "GET /v2.0/trunks/e717a8c4-46ca-4741-83b1-03f4871db75e HTTP/1.1" status: 200 len: 603 time: 0.0167401
2026-04-27 02:41:32.468 9 INFO neutron.db.ovn_revision_numbers_db [None req-1bc74551-8010-4ada-86f8-4cea7ae8c458 - - - - - -] Successfully bumped revision number for resource d1dc6f56-11db-4f20-89cf-ff9f06f798cd (type: ports) to 3
2026-04-27 02:41:32.489 9 INFO neutron.api.wsgi [None req-bc8547c9-a264-4d97-988f-9f9e744a4c2a c6a00607d6254781a7f0ba213a1183f5 15b63435051a47f0a8f080e13490de58 - - default default] 10.0.0.53 "GET /v2.0/ports/887df75e-b665-4c7d-98ef-8d7e2565922b HTTP/1.1" status: 200 len: 1020 time: 0.0881128
2026-04-27 02:41:32.519 13 ERROR oslo_messaging.rpc.server [None req-8faf04d5-f903-4554-a83e-bb2cde25055a c1cb5dcd0c2d4ae0afda34a2a287f6cc 21f06f09512f44dba4a0bb7417c44dbd - - default default] Exception during message handling: sqlalchemy.exc.PendingRollbackError: This Session's transaction has been rolled back due to a previous exception during flush. To begin a new transaction with this Session, first issue Session.rollback(). Original exception was: (pymysql.err.IntegrityError) (1062, "Duplicate entry 'a2e23648-f65d-456e-bd8b-82bba8bc8c7a-224e1fe6-d1dc-5368-8ed7-74a' for key 'routervpnagentbindings.PRIMARY'") [SQL: INSERT INTO routervpnagentbindings (router_id, vpn_agent_id) VALUES (%(router_id)s, %(vpn_agent_id)s)] [parameters: {'router_id': 'a2e23648-f65d-456e-bd8b-82bba8bc8c7a', 'vpn_agent_id': '224e1fe6-d1dc-5368-8ed7-74a76c9eabaf'}] (Background on this error at: https://sqlalche.me/e/20/gkpj) (Background on this error at: https://sqlalche.me/e/20/7s2a)
2026-04-27 02:41:32.519 13 ERROR oslo_messaging.rpc.server
Traceback (most recent call last):
2026-04-27 02:41:32.519 13 ERROR oslo_messaging.rpc.server
File "/var/lib/openstack/lib/python3.12/site-packages/oslo_messaging/rpc/server.py", line 172, in _process_incoming
2026-04-27 02:41:32.519 13 ERROR oslo_messaging.rpc.server res = self.dispatcher.dispatch(message)
2026-04-27 02:41:32.519 13 ERROR oslo_messaging.rpc.server ^^^^^^^^^^^^^^^^^^^^^^^^^^^^^^^^^
2026-04-27 02:41:32.519 13 ERROR oslo_messaging.rpc.server
File "/var/lib/openstack/lib/python3.12/site-packages/oslo_messaging/rpc/dispatcher.py", line 309, in dispatch
2026-04-27 02:41:32.519 13 ERROR oslo_messaging.rpc.server return self._do_dispatch(endpoint, method, ctxt, args)
2026-04-27 02:41:32.519 13 ERROR oslo_messaging.rpc.server ^^^^^^^^^^^^^^^^^^^^^^^^^^^^^^^^^^^^^^^^^^^^^^^
2026-04-27 02:41:32.519 13 ERROR oslo_messaging.rpc.server
File "/var/lib/openstack/lib/python3.12/site-packages/oslo_messaging/rpc/dispatcher.py", line 229, in _do_dispatch
2026-04-27 02:41:32.519 13 ERROR oslo_messaging.rpc.server result = func(ctxt, **new_args)
2026-04-27 02:41:32.519 13 ERROR oslo_messaging.rpc.server ^^^^^^^^^^^^^^^^^^^^^^
2026-04-27 02:41:32.519 13 ERROR oslo_messaging.rpc.server
File "/var/lib/openstack/lib/python3.12/site-packages/oslo_db/sqlalchemy/enginefacade.py", line 998, in wrapper
2026-04-27 02:41:32.519 13 ERROR oslo_messaging.rpc.server return fn(*args, **kwargs)
2026-04-27 02:41:32.519 13 ERROR oslo_messaging.rpc.server ^^^^^^^^^^^^^^^^^^^
2026-04-27 02:41:32.519 13 ERROR oslo_messaging.rpc.server
File "/var/lib/openstack/lib/python3.12/site-packages/neutron_vpnaas/services/vpn/service_drivers/base_ipsec.py", line 80, in get_vpn_services_on_host
2026-04-27 02:41:32.519 13 ERROR oslo_messaging.rpc.server local_cidr_map = plugin._build_local_subnet_cidr_map(context)
2026-04-27 02:41:32.519 13 ERROR oslo_messaging.rpc.server ^^^^^^^^^^^^^^^^^^^^^^^^^^^^^^^^^^^^^^^^^^^^
2026-04-27 02:41:32.519 13 ERROR oslo_messaging.rpc.server
File "/var/lib/openstack/lib/python3.12/site-packages/neutron_vpnaas/db/vpn/vpn_db.py", line 731, in _build_local_subnet_cidr_map
2026-04-27 02:41:32.519 13 ERROR oslo_messaging.rpc.server return {sn.id: sn.cidr for sn in query.all()}
2026-04-27 02:41:32.519 13 ERROR oslo_messaging.rpc.server ^^^^^^^^^^^
2026-04-27 02:41:32.519 13 ERROR oslo_messaging.rpc.server
File "/var/lib/openstack/lib/python3.12/site-packages/sqlalchemy/orm/query.py", line 2673, in all
2026-04-27 02:41:32.519 13 ERROR oslo_messaging.rpc.server return self._iter().all() # type: ignore
2026-04-27 02:41:32.519 13 ERROR oslo_messaging.rpc.server ^^^^^^^^^^^^
2026-04-27 02:41:32.519 13 ERROR oslo_messaging.rpc.server
File "/var/lib/openstack/lib/python3.12/site-packages/sqlalchemy/orm/query.py", line 2827, in _iter
2026-04-27 02:41:32.519 13 ERROR oslo_messaging.rpc.server result: Union[ScalarResult[_T], Result[_T]] = self.session.execute(
2026-04-27 02:41:32.519 13 ERROR oslo_messaging.rpc.server ^^^^^^^^^^^^^^^^^^^^^
2026-04-27 02:41:32.519 13 ERROR oslo_messaging.rpc.server
File "/var/lib/openstack/lib/python3.12/site-packages/sqlalchemy/orm/session.py", line 2362, in execute
2026-04-27 02:41:32.519 13 ERROR oslo_messaging.rpc.server return self._execute_internal(
2026-04-27 02:41:32.519 13 ERROR oslo_messaging.rpc.server ^^^^^^^^^^^^^^^^^^^^^^^
2026-04-27 02:41:32.519 13 ERROR oslo_messaging.rpc.server
File "/var/lib/openstack/lib/python3.12/site-packages/sqlalchemy/orm/session.py", line 2237, in _execute_internal
2026-04-27 02:41:32.519 13 ERROR oslo_messaging.rpc.server conn = self._connection_for_bind(bind)
2026-04-27 02:41:32.519 13 ERROR oslo_messaging.rpc.server ^^^^^^^^^^^^^^^^^^^^^^^^^^^^^^^
2026-04-27 02:41:32.519 13 ERROR oslo_messaging.rpc.server
File "/var/lib/openstack/lib/python3.12/site-packages/sqlalchemy/orm/session.py", line 2106, in _connection_for_bind
2026-04-27 02:41:32.519 13 ERROR oslo_messaging.rpc.server return trans._connection_for_bind(engine, execution_options)
2026-04-27 02:41:32.519 13 ERROR oslo_messaging.rpc.server ^^^^^^^^^^^^^^^^^^^^^^^^^^^^^^^^^^^^^^^^^^^^^^^^^^^^^
2026-04-27 02:41:32.519 13 ERROR oslo_messaging.rpc.server File "", line 2, in _connection_for_bind
2026-04-27 02:41:32.519 13 ERROR oslo_messaging.rpc.server
File "/var/lib/openstack/lib/python3.12/site-packages/sqlalchemy/orm/state_changes.py", line 103, in _go
2026-04-27 02:41:32.519 13 ERROR oslo_messaging.rpc.server self._raise_for_prerequisite_state(fn.__name__, current_state)
2026-04-27 02:41:32.519 13 ERROR oslo_messaging.rpc.server
File "/var/lib/openstack/lib/python3.12/site-packages/sqlalchemy/orm/session.py", line 973, in _raise_for_prerequisite_state
2026-04-27 02:41:32.519 13 ERROR oslo_messaging.rpc.server raise sa_exc.PendingRollbackError(
2026-04-27 02:41:32.519 13 ERROR oslo_messaging.rpc.server sqlalchemy.exc.PendingRollbackError: This Session's transaction has been rolled back due to a previous exception during flush. To begin a new transaction with this Session, first issue Session.rollback(). Original exception was: (pymysql.err.IntegrityError) (1062, "Duplicate entry 'a2e23648-f65d-456e-bd8b-82bba8bc8c7a-224e1fe6-d1dc-5368-8ed7-74a' for key 'routervpnagentbindings.PRIMARY'")
2026-04-27 02:41:32.519 13 ERROR oslo_messaging.rpc.server [SQL: INSERT INTO routervpnagentbindings (router_id, vpn_agent_id) VALUES (%(router_id)s, %(vpn_agent_id)s)]
2026-04-27 02:41:32.519 13 ERROR oslo_messaging.rpc.server [parameters: {'router_id': 'a2e23648-f65d-456e-bd8b-82bba8bc8c7a', 'vpn_agent_id': '224e1fe6-d1dc-5368-8ed7-74a76c9eabaf'}]
2026-04-27 02:41:32.519 13 ERROR oslo_messaging.rpc.server (Background on this error at: https://sqlalche.me/e/20/gkpj) (Background on this error at: https://sqlalche.me/e/20/7s2a)
2026-04-27 02:41:32.519 13 ERROR oslo_messaging.rpc.server
2026-04-27 02:41:32.599 10 INFO neutron.api.wsgi [None req-4354ca3e-22cb-463b-babc-5f535765a38d c6a00607d6254781a7f0ba213a1183f5 15b63435051a47f0a8f080e13490de58 - - default default] 10.0.0.53 "DELETE /v2.0/trunks/e717a8c4-46ca-4741-83b1-03f4871db75e HTTP/1.1" status: 204 len: 168 time: 0.1046591
2026-04-27 02:41:32.613 10 INFO neutron.api.wsgi [req-caa01878-ab80-469a-9241-929d448c0372 req-e406ebef-891e-4ec5-89de-a3b369505e5e c4a985e7802a4295997fbec356f446fb db86ffadced8488389308508b6dd26dd - - default default] 10.0.0.238 "GET /v2.0/ports?device_id=87a1fee4-6c28-4df7-8441-b0decff7994c HTTP/1.1" status: 200 len: 1172 time: 0.0363276
2026-04-27 02:41:32.652 9 INFO neutron.api.wsgi [None req-acdb7c2e-09c7-495c-983c-5c3d4d5d551f c1cb5dcd0c2d4ae0afda34a2a287f6cc 21f06f09512f44dba4a0bb7417c44dbd - - default default] 10.0.0.53 "POST /v2.0/vpn/vpnservices HTTP/1.1" status: 201 len: 657 time: 5.0520222
2026-04-27 02:41:32.652 10 WARNING neutron.plugins.ml2.drivers.ovn.mech_driver.ovsdb.ovn_client [None req-9963178a-a804-4d4e-b3cb-743473d4f367 - - - - - -] No hosting information found for port fba64628-571b-45d4-8d82-eeaf116687e7: RuntimeError: No hosting information found for port fba64628-571b-45d4-8d82-eeaf116687e7
2026-04-27 02:41:32.669 9 INFO neutron.api.wsgi [None req-64cb3a59-df6d-49b0-85fb-f68132b1368c c1cb5dcd0c2d4ae0afda34a2a287f6cc 21f06f09512f44dba4a0bb7417c44dbd - - default default] 10.0.0.53 "GET /v2.0/vpn/vpnservices HTTP/1.1" status: 200 len: 1500 time: 0.0111673
2026-04-27 02:41:32.680 10 INFO neutron.api.wsgi [req-caa01878-ab80-469a-9241-929d448c0372 req-9cd34b94-31ca-4341-aacb-b4708a42a9d9 c4a985e7802a4295997fbec356f446fb db86ffadced8488389308508b6dd26dd - - default default] 10.0.0.238 "GET /v2.0/security-groups?id=bf5325e4-85c8-4eed-9f32-90a335e58784&fields=id&fields=name HTTP/1.1" status: 200 len: 312 time: 0.0575013
2026-04-27 02:41:32.742 10 INFO neutron.db.ovn_revision_numbers_db [None req-9963178a-a804-4d4e-b3cb-743473d4f367 - - - - - -] Successfully bumped revision number for resource fba64628-571b-45d4-8d82-eeaf116687e7 (type: router_ports) to 2
2026-04-27 02:41:32.742 10 INFO neutron.plugins.ml2.drivers.ovn.mech_driver.mech_driver [None req-9963178a-a804-4d4e-b3cb-743473d4f367 - - - - - -] OVN reports status up for port: 8ae161f1-b5f5-4079-b407-35334c397f93
2026-04-27 02:41:32.760 10 INFO neutron.plugins.ml2.plugin [None req-9963178a-a804-4d4e-b3cb-743473d4f367 - - - - - -] Attempt 1 to provision port 8ae161f1-b5f5-4079-b407-35334c397f93
2026-04-27 02:41:32.918 10 INFO neutron.api.wsgi [None req-4dfc5aac-3272-4865-a740-31abc7a12b40 c6a00607d6254781a7f0ba213a1183f5 15b63435051a47f0a8f080e13490de58 - - default default] 10.0.0.53 "DELETE /v2.0/ports/887df75e-b665-4c7d-98ef-8d7e2565922b HTTP/1.1" status: 204 len: 168 time: 0.3046403
2026-04-27 02:41:33.126 9 WARNING neutron.plugins.ml2.drivers.ovn.mech_driver.ovsdb.ovn_client [None req-60fb95e1-71d1-4d6d-b7e5-4eee2d47cb00 - - - - - -] No hosting information found for port 96565032-f076-4c8e-be4c-f138bbc51667: RuntimeError: No hosting information found for port 96565032-f076-4c8e-be4c-f138bbc51667
2026-04-27 02:41:33.201 9 INFO neutron.db.ovn_revision_numbers_db [None req-60fb95e1-71d1-4d6d-b7e5-4eee2d47cb00 - - - - - -] Successfully bumped revision number for resource 96565032-f076-4c8e-be4c-f138bbc51667 (type: router_ports) to 2
2026-04-27 02:41:33.280 10 INFO neutron.services.segments.plugin [-] Segment 09cdd14a-2f8b-47c1-949d-06a3dfe10b7f resource provider aggregate not found
2026-04-27 02:41:33.288 10 INFO neutron.services.segments.plugin [-] Segment 09cdd14a-2f8b-47c1-949d-06a3dfe10b7f resource provider aggregate not found
2026-04-27 02:41:33.298 10 INFO neutron.services.segments.plugin [-] Segment 09cdd14a-2f8b-47c1-949d-06a3dfe10b7f resource provider not found; error: Placement Client Error (4xx): {"errors": [{"status": 404, "title": "Not Found", "detail": "The resource could not be found.\n\n No resource provider with uuid 09cdd14a-2f8b-47c1-949d-06a3dfe10b7f found for delete ", "request_id": "req-e8ac9095-68d9-4ae4-aa5f-dae2c99f6fbb"}]}
2026-04-27 02:41:33.307 10 INFO neutron.services.segments.plugin [-] Segment 09cdd14a-2f8b-47c1-949d-06a3dfe10b7f resource provider not found; error: Placement Client Error (4xx): {"errors": [{"status": 404, "title": "Not Found", "detail": "The resource could not be found.\n\n No resource provider with uuid 09cdd14a-2f8b-47c1-949d-06a3dfe10b7f found for delete ", "request_id": "req-7221e80d-952e-4cd5-b3e9-d7e4a3bfca8b"}]}
2026-04-27 02:41:33.322 10 INFO neutron.api.wsgi [None req-e43ffba8-57cb-4e1d-bdaf-86d97f1e7c0b c6a00607d6254781a7f0ba213a1183f5 15b63435051a47f0a8f080e13490de58 - - default default] 10.0.0.53 "DELETE /v2.0/networks/0d9d6fef-d3f4-40c5-a034-e86a3a16c638 HTTP/1.1" status: 204 len: 168 time: 0.3980637
2026-04-27 02:41:33.797 10 INFO neutron.api.wsgi [req-3f9163d0-16fd-4ec8-ad1b-f3a1f353593f req-623f57b2-5111-4791-81e2-8cb8b80c6beb c4a985e7802a4295997fbec356f446fb db86ffadced8488389308508b6dd26dd - - default default] 10.0.0.238 "GET /v2.0/ports?device_id=87a1fee4-6c28-4df7-8441-b0decff7994c HTTP/1.1" status: 200 len: 1172 time: 0.0376506
2026-04-27 02:41:33.840 10 INFO neutron.api.wsgi [req-3f9163d0-16fd-4ec8-ad1b-f3a1f353593f req-d80d28a8-cfda-45d0-a4b1-7b94ead3ce77 c4a985e7802a4295997fbec356f446fb db86ffadced8488389308508b6dd26dd - - default default] 10.0.0.238 "GET /v2.0/security-groups?id=bf5325e4-85c8-4eed-9f32-90a335e58784&fields=id&fields=name HTTP/1.1" status: 200 len: 312 time: 0.0343196
2026-04-27 02:41:34.325 10 INFO neutron.db.ovn_revision_numbers_db [None req-1fd72dc0-ec04-4692-a8b5-3ba2b2d5e59a 7f32b3f62b5c493c809c6b9a5386e3f9 8aefb44c1b324ed9a4e9ba8168f26158 - - default default] Successfully bumped revision number for resource 134de3f2-aa4d-465e-8c4f-bc12969b0e10 (type: security_groups) to 1
2026-04-27 02:41:34.347 10 INFO neutron.db.ovn_revision_numbers_db [None req-1fd72dc0-ec04-4692-a8b5-3ba2b2d5e59a 7f32b3f62b5c493c809c6b9a5386e3f9 8aefb44c1b324ed9a4e9ba8168f26158 - - default default] Successfully bumped revision number for resource 85c0ad8c-47fd-4db5-911b-523fb90d3aef (type: security_group_rules) to 0
2026-04-27 02:41:34.373 10 INFO neutron.db.ovn_revision_numbers_db [None req-1fd72dc0-ec04-4692-a8b5-3ba2b2d5e59a 7f32b3f62b5c493c809c6b9a5386e3f9 8aefb44c1b324ed9a4e9ba8168f26158 - - default default] Successfully bumped revision number for resource 91637690-8272-49e0-8644-7886a399f9d6 (type: security_group_rules) to 0
2026-04-27 02:41:34.386 10 INFO neutron.db.ovn_revision_numbers_db [None req-1fd72dc0-ec04-4692-a8b5-3ba2b2d5e59a 7f32b3f62b5c493c809c6b9a5386e3f9 8aefb44c1b324ed9a4e9ba8168f26158 - - default default] Successfully bumped revision number for resource aa5acb6f-e9ea-4adf-874c-2a9f9fa60314 (type: security_group_rules) to 0
2026-04-27 02:41:34.404 10 INFO neutron.db.ovn_revision_numbers_db [None req-1fd72dc0-ec04-4692-a8b5-3ba2b2d5e59a 7f32b3f62b5c493c809c6b9a5386e3f9 8aefb44c1b324ed9a4e9ba8168f26158 - - default default] Successfully bumped revision number for resource ad706727-f98f-40a4-8718-a5b08ba245ca (type: security_group_rules) to 0
2026-04-27 02:41:34.443 10 INFO neutron.api.wsgi [None req-1fd72dc0-ec04-4692-a8b5-3ba2b2d5e59a 7f32b3f62b5c493c809c6b9a5386e3f9 8aefb44c1b324ed9a4e9ba8168f26158 - - default default] 10.0.0.53 "GET /v2.0/security-groups?tenant_id=f6c16be6d2ae4a71ba2af0e1a5aa439f&name=default HTTP/1.1" status: 200 len: 3120 time: 0.4227598
2026-04-27 02:41:34.658 10 INFO neutron.api.wsgi [None req-8721c3b7-2e48-4b32-b8f3-2d47e91168e1 7f32b3f62b5c493c809c6b9a5386e3f9 8aefb44c1b324ed9a4e9ba8168f26158 - - default default] 10.0.0.53 "DELETE /v2.0/security-groups/134de3f2-aa4d-465e-8c4f-bc12969b0e10 HTTP/1.1" status: 204 len: 168 time: 0.2102296 /var/lib/openstack/lib/python3.12/site-packages/pycadf/identifier.py:71: UserWarning: Invalid uuid: neutron. To ensure interoperability, identifiers should be a valid uuid. warnings.warn(('Invalid uuid: %s. To ensure interoperability, '
2026-04-27 02:41:34.815 9 INFO neutron.api.wsgi [None req-47d5ea64-65bf-4afd-942a-30900a04771a 7f32b3f62b5c493c809c6b9a5386e3f9 8aefb44c1b324ed9a4e9ba8168f26158 - - default default] 10.0.0.53 "GET /v2.0/security-groups?tenant_id=15b63435051a47f0a8f080e13490de58&name=default HTTP/1.1" status: 200 len: 3120 time: 0.0365460
2026-04-27 02:41:34.939 9 INFO neutron.api.wsgi [req-e252b347-18cb-4fce-9d56-ed75e9211e66 req-1785ddf0-12f5-4176-a317-325f6594f1e5 c4a985e7802a4295997fbec356f446fb db86ffadced8488389308508b6dd26dd - - default default] 10.0.0.238 "GET /v2.0/ports?device_id=87a1fee4-6c28-4df7-8441-b0decff7994c HTTP/1.1" status: 200 len: 1172 time: 0.0440049
2026-04-27 02:41:34.984 9 INFO neutron.api.wsgi [req-e252b347-18cb-4fce-9d56-ed75e9211e66 req-7458cf06-305a-44a5-aac2-e7d034841d5a c4a985e7802a4295997fbec356f446fb db86ffadced8488389308508b6dd26dd - - default default] 10.0.0.238 "GET /v2.0/security-groups?id=bf5325e4-85c8-4eed-9f32-90a335e58784&fields=id&fields=name HTTP/1.1" status: 200 len: 312 time: 0.0396724
2026-04-27 02:41:35.054 10 INFO neutron.api.wsgi [None req-d8d117e5-eb38-4cb8-a820-05522f76a60e 7f32b3f62b5c493c809c6b9a5386e3f9 8aefb44c1b324ed9a4e9ba8168f26158 - - default default] 10.0.0.53 "DELETE /v2.0/security-groups/847afe7e-6d13-4ced-beb5-5ba2c3fb878b HTTP/1.1" status: 204 len: 168 time: 0.2319262
2026-04-27 02:41:35.099 9 INFO neutron.services.segments.plugin [-] Segment f0730326-f0fc-4475-8617-3401d79a25b7 resource provider aggregate not found
2026-04-27 02:41:35.104 9 INFO neutron.services.segments.plugin [-] Segment f0730326-f0fc-4475-8617-3401d79a25b7 resource provider aggregate not found
2026-04-27 02:41:35.114 9 INFO neutron.services.segments.plugin [-] Segment f0730326-f0fc-4475-8617-3401d79a25b7 resource provider not found; error: Placement Client Error (4xx): {"errors": [{"status": 404, "title": "Not Found", "detail": "The resource could not be found.\n\n No resource provider with uuid f0730326-f0fc-4475-8617-3401d79a25b7 found for delete ", "request_id": "req-43165420-83c4-4674-b7f5-542076df56bf"}]}
2026-04-27 02:41:35.115 9 INFO neutron.services.segments.plugin [-] Segment f0730326-f0fc-4475-8617-3401d79a25b7 resource provider not found; error: Placement Client Error (4xx): {"errors": [{"status": 404, "title": "Not Found", "detail": "The resource could not be found.\n\n No resource provider with uuid f0730326-f0fc-4475-8617-3401d79a25b7 found for delete ", "request_id": "req-d0bd6f9a-4750-4748-b6fe-0d23bad441b9"}]}
2026-04-27 02:41:35.143 9 INFO neutron.api.wsgi [None req-0916c347-c6c6-4d47-9f5e-00bf2fc176a1 c1cb5dcd0c2d4ae0afda34a2a287f6cc 21f06f09512f44dba4a0bb7417c44dbd - - default default] 10.0.0.53 "DELETE /v2.0/vpn/vpnservices/25a3e6d2-e9ca-4ee9-8e23-40a9c09c9baf HTTP/1.1" status: 204 len: 168 time: 2.4709620
2026-04-27 02:41:35.158 9 INFO neutron.api.wsgi [None req-eb3fa8d7-1bf7-4cdc-b188-254ac40bdb48 c1cb5dcd0c2d4ae0afda34a2a287f6cc 21f06f09512f44dba4a0bb7417c44dbd - - default default] 10.0.0.53 "GET /v2.0/vpn/vpnservices HTTP/1.1" status: 200 len: 1055 time: 0.0092640
2026-04-27 02:41:35.169 9 WARNING neutron_lib.context [None req-87eec3be-f30b-4881-85c3-1ab658f59041 c1cb5dcd0c2d4ae0afda34a2a287f6cc 21f06f09512f44dba4a0bb7417c44dbd - - default default] Method 'is_advsvc' is deprecated since 2023.2 release (neutron-lib 3.8.0) and will be removed once support for the old RBAC API policies will be removed from Neutron. Please use method 'is_service_role' instead.
2026-04-27 02:41:35.218 9 INFO neutron.api.v2.resource [None req-87eec3be-f30b-4881-85c3-1ab658f59041 c1cb5dcd0c2d4ae0afda34a2a287f6cc 21f06f09512f44dba4a0bb7417c44dbd - - default default] create failed (client error): The server could not comply with the request since it is either malformed or otherwise incorrect.
2026-04-27 02:41:35.219 9 INFO neutron.api.wsgi [None req-87eec3be-f30b-4881-85c3-1ab658f59041 c1cb5dcd0c2d4ae0afda34a2a287f6cc 21f06f09512f44dba4a0bb7417c44dbd - - default default] 10.0.0.53 "POST /v2.0/vpn/ipsec-site-connections HTTP/1.1" status: 400 len: 330 time: 0.0537696
2026-04-27 02:41:35.235 10 WARNING neutron_lib.context [None req-3f5cb659-5395-4042-94f7-f77da1ebd469 c1cb5dcd0c2d4ae0afda34a2a287f6cc 21f06f09512f44dba4a0bb7417c44dbd - - default default] Method 'is_advsvc' is deprecated since 2023.2 release (neutron-lib 3.8.0) and will be removed once support for the old RBAC API policies will be removed from Neutron. Please use method 'is_service_role' instead.
2026-04-27 02:41:35.291 10 INFO neutron.api.v2.resource [None req-3f5cb659-5395-4042-94f7-f77da1ebd469 c1cb5dcd0c2d4ae0afda34a2a287f6cc 21f06f09512f44dba4a0bb7417c44dbd - - default default] create failed (client error): The server could not comply with the request since it is either malformed or otherwise incorrect.
2026-04-27 02:41:35.292 10 INFO neutron.api.wsgi [None req-3f5cb659-5395-4042-94f7-f77da1ebd469 c1cb5dcd0c2d4ae0afda34a2a287f6cc 21f06f09512f44dba4a0bb7417c44dbd - - default default] 10.0.0.53 "POST /v2.0/vpn/ipsec-site-connections HTTP/1.1" status: 400 len: 339 time: 0.0645745
2026-04-27 02:41:35.305 10 WARNING neutron.api.v2.base [None req-68be6925-b631-46b8-ad7e-2055dc136def c1cb5dcd0c2d4ae0afda34a2a287f6cc 21f06f09512f44dba4a0bb7417c44dbd - - default default] An exception happened while processing the request body. The exception message is [Invalid input for dpd. Reason: '59' is not a dictionary.].: webob.exc.HTTPBadRequest: Invalid input for dpd. Reason: '59' is not a dictionary.
2026-04-27 02:41:35.305 10 INFO neutron.api.v2.resource [None req-68be6925-b631-46b8-ad7e-2055dc136def c1cb5dcd0c2d4ae0afda34a2a287f6cc 21f06f09512f44dba4a0bb7417c44dbd - - default default] create failed (client error): Invalid input for dpd. Reason: '59' is not a dictionary.
2026-04-27 02:41:35.307 10 INFO neutron.api.wsgi [None req-68be6925-b631-46b8-ad7e-2055dc136def c1cb5dcd0c2d4ae0afda34a2a287f6cc 21f06f09512f44dba4a0bb7417c44dbd - - default default] 10.0.0.53 "POST /v2.0/vpn/ipsec-site-connections HTTP/1.1" status: 400 len: 332 time: 0.0080185
2026-04-27 02:41:35.316 10 WARNING neutron_lib.context [None req-3dfb93bb-7375-48e9-8412-479257ecb79b c1cb5dcd0c2d4ae0afda34a2a287f6cc 21f06f09512f44dba4a0bb7417c44dbd - - default default] Method 'is_advsvc' is deprecated since 2023.2 release (neutron-lib 3.8.0) and will be removed once support for the old RBAC API policies will be removed from Neutron. Please use method 'is_service_role' instead.
2026-04-27 02:41:35.364 10 INFO neutron.api.wsgi [None req-3dfb93bb-7375-48e9-8412-479257ecb79b c1cb5dcd0c2d4ae0afda34a2a287f6cc 21f06f09512f44dba4a0bb7417c44dbd - - default default] 10.0.0.53 "POST /v2.0/vpn/endpoint-groups HTTP/1.1" status: 201 len: 492 time: 0.0530694
2026-04-27 02:41:35.375 10 WARNING neutron_lib.context [None req-981cba16-a3eb-4a72-81c2-8993cf25036e c1cb5dcd0c2d4ae0afda34a2a287f6cc 21f06f09512f44dba4a0bb7417c44dbd - - default default] Method 'is_advsvc' is deprecated since 2023.2 release (neutron-lib 3.8.0) and will be removed once support for the old RBAC API policies will be removed from Neutron. Please use method 'is_service_role' instead.
2026-04-27 02:41:35.411 10 INFO neutron.api.v2.resource [None req-981cba16-a3eb-4a72-81c2-8993cf25036e c1cb5dcd0c2d4ae0afda34a2a287f6cc 21f06f09512f44dba4a0bb7417c44dbd - - default default] create failed (client error): The server could not comply with the request since it is either malformed or otherwise incorrect.
2026-04-27 02:41:35.412 10 INFO neutron.api.wsgi [None req-981cba16-a3eb-4a72-81c2-8993cf25036e c1cb5dcd0c2d4ae0afda34a2a287f6cc 21f06f09512f44dba4a0bb7417c44dbd - - default default] 10.0.0.53 "POST /v2.0/vpn/ipsec-site-connections HTTP/1.1" status: 400 len: 352 time: 0.0426421
2026-04-27 02:41:35.427 10 INFO neutron.api.wsgi [None req-091f4be2-6ac3-430e-8beb-a252b4f71651 c1cb5dcd0c2d4ae0afda34a2a287f6cc 21f06f09512f44dba4a0bb7417c44dbd - - default default] 10.0.0.53 "GET /v2.0/vpn/endpoint-groups HTTP/1.1" status: 200 len: 1102 time: 0.0099635
2026-04-27 02:41:35.464 10 INFO neutron.api.wsgi [None req-59d06336-b052-409a-8b67-a45ac6c8d5d1 c1cb5dcd0c2d4ae0afda34a2a287f6cc 21f06f09512f44dba4a0bb7417c44dbd - - default default] 10.0.0.53 "DELETE /v2.0/vpn/endpoint-groups/0185f93e-6bb9-46e7-93e7-daa26103dd44 HTTP/1.1" status: 204 len: 168 time: 0.0304885
2026-04-27 02:41:35.477 10 INFO neutron.api.wsgi [None req-53758049-bdf7-424d-998c-648e74f2d571 c1cb5dcd0c2d4ae0afda34a2a287f6cc 21f06f09512f44dba4a0bb7417c44dbd - - default default] 10.0.0.53 "GET /v2.0/vpn/endpoint-groups HTTP/1.1" status: 200 len: 827 time: 0.0093362
2026-04-27 02:41:35.488 10 WARNING neutron_lib.context [None req-6e8b529f-63c7-49dc-bfb0-4e7259da6c81 c1cb5dcd0c2d4ae0afda34a2a287f6cc 21f06f09512f44dba4a0bb7417c44dbd - - default default] Method 'is_advsvc' is deprecated since 2023.2 release (neutron-lib 3.8.0) and will be removed once support for the old RBAC API policies will be removed from Neutron. Please use method 'is_service_role' instead.
2026-04-27 02:41:35.548 10 INFO neutron.api.wsgi [None req-6e8b529f-63c7-49dc-bfb0-4e7259da6c81 c1cb5dcd0c2d4ae0afda34a2a287f6cc 21f06f09512f44dba4a0bb7417c44dbd - - default default] 10.0.0.53 "POST /v2.0/vpn/endpoint-groups HTTP/1.1" status: 201 len: 501 time: 0.0639741
2026-04-27 02:41:35.559 10 WARNING neutron_lib.context [None req-34a8e332-9010-4b5d-a138-096a43175627 c1cb5dcd0c2d4ae0afda34a2a287f6cc 21f06f09512f44dba4a0bb7417c44dbd - - default default] Method 'is_advsvc' is deprecated since 2023.2 release (neutron-lib 3.8.0) and will be removed once support for the old RBAC API policies will be removed from Neutron. Please use method 'is_service_role' instead.
2026-04-27 02:41:35.614 9 INFO neutron.db.ovn_revision_numbers_db [None req-d5997268-9ed8-487c-a343-8a20ffa5be0e c715ad7a4050458bbe2369dcd146dc9c ada8bb1d69cd4cc99be9eea41e393ee7 - - default default] Successfully bumped revision number for resource 09681a10-f889-4dc2-8113-c0699eb52fa7 (type: security_groups) to 1
2026-04-27 02:41:35.621 10 INFO neutron.api.v2.resource [None req-34a8e332-9010-4b5d-a138-096a43175627 c1cb5dcd0c2d4ae0afda34a2a287f6cc 21f06f09512f44dba4a0bb7417c44dbd - - default default] create failed (client error): The server could not comply with the request since it is either malformed or otherwise incorrect.
2026-04-27 02:41:35.622 10 INFO neutron.api.wsgi [None req-34a8e332-9010-4b5d-a138-096a43175627 c1cb5dcd0c2d4ae0afda34a2a287f6cc 21f06f09512f44dba4a0bb7417c44dbd - - default default] 10.0.0.53 "POST /v2.0/vpn/ipsec-site-connections HTTP/1.1" status: 400 len: 351 time: 0.0669904
2026-04-27 02:41:35.629 9 INFO neutron.db.ovn_revision_numbers_db [None req-d5997268-9ed8-487c-a343-8a20ffa5be0e c715ad7a4050458bbe2369dcd146dc9c ada8bb1d69cd4cc99be9eea41e393ee7 - - default default] Successfully bumped revision number for resource 04107d45-af48-4e04-b41a-5fc9cdf43f44 (type: security_group_rules) to 0
2026-04-27 02:41:35.640 10 INFO neutron.api.wsgi [None req-7ccbb789-5764-460e-bb4a-cb0124cdaf1f c1cb5dcd0c2d4ae0afda34a2a287f6cc 21f06f09512f44dba4a0bb7417c44dbd - - default default] 10.0.0.53 "GET /v2.0/vpn/endpoint-groups HTTP/1.1" status: 200 len: 1111 time: 0.0116754
2026-04-27 02:41:35.642 9 INFO neutron.db.ovn_revision_numbers_db [None req-d5997268-9ed8-487c-a343-8a20ffa5be0e c715ad7a4050458bbe2369dcd146dc9c ada8bb1d69cd4cc99be9eea41e393ee7 - - default default] Successfully bumped revision number for resource 2619c653-115a-459a-8970-0c00f8912083 (type: security_group_rules) to 0
2026-04-27 02:41:35.656 9 INFO neutron.db.ovn_revision_numbers_db [None req-d5997268-9ed8-487c-a343-8a20ffa5be0e c715ad7a4050458bbe2369dcd146dc9c ada8bb1d69cd4cc99be9eea41e393ee7 - - default default] Successfully bumped revision number for resource 9c5638bc-ba24-4830-b389-850f9bf3ea2d (type: security_group_rules) to 0
2026-04-27 02:41:35.669 10 INFO neutron.api.wsgi [None req-173c6d78-d251-47b6-a3ae-f87098c3ffe1 c1cb5dcd0c2d4ae0afda34a2a287f6cc 21f06f09512f44dba4a0bb7417c44dbd - - default default] 10.0.0.53 "DELETE /v2.0/vpn/endpoint-groups/7f3b2233-ead1-4fd7-92eb-99a56227d895 HTTP/1.1" status: 204 len: 168 time: 0.0239415
2026-04-27 02:41:35.673 9 INFO neutron.db.ovn_revision_numbers_db [None req-d5997268-9ed8-487c-a343-8a20ffa5be0e c715ad7a4050458bbe2369dcd146dc9c ada8bb1d69cd4cc99be9eea41e393ee7 - - default default] Successfully bumped revision number for resource f7c05943-e78a-490c-8f36-c9e5d672aa75 (type: security_group_rules) to 0
2026-04-27 02:41:35.682 10 INFO neutron.api.wsgi [None req-f11cf973-0443-44dd-bcf3-8ab0c7871e8e c1cb5dcd0c2d4ae0afda34a2a287f6cc 21f06f09512f44dba4a0bb7417c44dbd - - default default] 10.0.0.53 "GET /v2.0/vpn/endpoint-groups HTTP/1.1" status: 200 len: 827 time: 0.0095403
2026-04-27 02:41:35.695 10 WARNING neutron.api.v2.base [None req-468b7420-6506-484a-a3f9-2cb19aa7765f c1cb5dcd0c2d4ae0afda34a2a287f6cc 21f06f09512f44dba4a0bb7417c44dbd - - default default] An exception happened while processing the request body. The exception message is [Invalid input for peer_cidrs. Reason: '1.0.0.0/33' is not a valid IP subnet.].: webob.exc.HTTPBadRequest: Invalid input for peer_cidrs. Reason: '1.0.0.0/33' is not a valid IP subnet.
2026-04-27 02:41:35.696 10 INFO neutron.api.v2.resource [None req-468b7420-6506-484a-a3f9-2cb19aa7765f c1cb5dcd0c2d4ae0afda34a2a287f6cc 21f06f09512f44dba4a0bb7417c44dbd - - default default] create failed (client error): Invalid input for peer_cidrs. Reason: '1.0.0.0/33' is not a valid IP subnet.
2026-04-27 02:41:35.697 10 INFO neutron.api.wsgi [None req-468b7420-6506-484a-a3f9-2cb19aa7765f c1cb5dcd0c2d4ae0afda34a2a287f6cc 21f06f09512f44dba4a0bb7417c44dbd - - default default] 10.0.0.53 "POST /v2.0/vpn/ipsec-site-connections HTTP/1.1" status: 400 len: 352 time: 0.0060852
2026-04-27 02:41:35.706 10 WARNING neutron_lib.context [None req-62966ef4-0248-4e3f-b11f-7cf097239a14 c1cb5dcd0c2d4ae0afda34a2a287f6cc 21f06f09512f44dba4a0bb7417c44dbd - - default default] Method 'is_advsvc' is deprecated since 2023.2 release (neutron-lib 3.8.0) and will be removed once support for the old RBAC API policies will be removed from Neutron. Please use method 'is_service_role' instead.
2026-04-27 02:41:35.743 9 INFO neutron.db.segments_db [None req-d5997268-9ed8-487c-a343-8a20ffa5be0e c715ad7a4050458bbe2369dcd146dc9c ada8bb1d69cd4cc99be9eea41e393ee7 - - default default] Added segment 78fb8c75-5b8b-4ff5-b241-e0c456bf664f of type geneve for network b741a699-726d-403e-93f1-f1dc530348d8
2026-04-27 02:41:35.813 10 INFO neutron.db.segments_db [None req-62966ef4-0248-4e3f-b11f-7cf097239a14 c1cb5dcd0c2d4ae0afda34a2a287f6cc 21f06f09512f44dba4a0bb7417c44dbd - - default default] Added segment 0160e7aa-19c5-40cd-8c74-316af6188bc1 of type geneve for network 37cfe5fc-0b06-4951-a9af-6356bde1bea7
2026-04-27 02:41:35.860 9 INFO neutron.db.ovn_revision_numbers_db [None req-d5997268-9ed8-487c-a343-8a20ffa5be0e c715ad7a4050458bbe2369dcd146dc9c ada8bb1d69cd4cc99be9eea41e393ee7 - - default default] Successfully bumped revision number for resource b741a699-726d-403e-93f1-f1dc530348d8 (type: networks) to 1
2026-04-27 02:41:35.966 10 INFO neutron.db.ovn_revision_numbers_db [None req-62966ef4-0248-4e3f-b11f-7cf097239a14 c1cb5dcd0c2d4ae0afda34a2a287f6cc 21f06f09512f44dba4a0bb7417c44dbd - - default default] Successfully bumped revision number for resource 37cfe5fc-0b06-4951-a9af-6356bde1bea7 (type: networks) to 1
2026-04-27 02:41:36.038 9 WARNING neutron.scheduler.dhcp_agent_scheduler [None req-d5997268-9ed8-487c-a343-8a20ffa5be0e c715ad7a4050458bbe2369dcd146dc9c ada8bb1d69cd4cc99be9eea41e393ee7 - - default default] No more DHCP agents
2026-04-27 02:41:36.040 9 WARNING neutron.api.rpc.agentnotifiers.dhcp_rpc_agent_api [None req-d5997268-9ed8-487c-a343-8a20ffa5be0e c715ad7a4050458bbe2369dcd146dc9c ada8bb1d69cd4cc99be9eea41e393ee7 - - default default] Unable to schedule network b741a699-726d-403e-93f1-f1dc530348d8: no agents available; will retry on subsequent port and subnet creation events.
2026-04-27 02:41:36.130 9 INFO neutron.db.ovn_revision_numbers_db [None req-d5997268-9ed8-487c-a343-8a20ffa5be0e c715ad7a4050458bbe2369dcd146dc9c ada8bb1d69cd4cc99be9eea41e393ee7 - - default default] Successfully bumped revision number for resource 6688ab10-3724-4a3e-914a-ac4b44ac18b3 (type: ports) to 1
2026-04-27 02:41:36.152 9 INFO neutron.api.wsgi [None req-d5997268-9ed8-487c-a343-8a20ffa5be0e c715ad7a4050458bbe2369dcd146dc9c ada8bb1d69cd4cc99be9eea41e393ee7 - - default default] 10.0.0.53 "POST /v2.0/networks HTTP/1.1" status: 201 len: 929 time: 0.8837750
2026-04-27 02:41:36.312 9 WARNING neutron.scheduler.dhcp_agent_scheduler [None req-018a98bd-ab88-4475-84f3-1658385ae59a c715ad7a4050458bbe2369dcd146dc9c ada8bb1d69cd4cc99be9eea41e393ee7 - - default default] No more DHCP agents
2026-04-27 02:41:36.317 9 WARNING neutron.api.rpc.agentnotifiers.dhcp_rpc_agent_api [None req-018a98bd-ab88-4475-84f3-1658385ae59a c715ad7a4050458bbe2369dcd146dc9c ada8bb1d69cd4cc99be9eea41e393ee7 - - default default] Unable to schedule network b741a699-726d-403e-93f1-f1dc530348d8: no agents available; will retry on subsequent port and subnet creation events.
2026-04-27 02:41:36.405 10 INFO neutron.api.wsgi [req-b282e933-19f7-45d4-8015-37832eee35ee req-6f243c73-0eac-4d0c-85ab-7e4ed9f37f81 c4a985e7802a4295997fbec356f446fb db86ffadced8488389308508b6dd26dd - - default default] 10.0.0.238 "GET /v2.0/ports?device_id=87a1fee4-6c28-4df7-8441-b0decff7994c HTTP/1.1" status: 200 len: 1172 time: 0.3641994
2026-04-27 02:41:36.437 10 WARNING neutron.scheduler.dhcp_agent_scheduler [None req-62966ef4-0248-4e3f-b11f-7cf097239a14 c1cb5dcd0c2d4ae0afda34a2a287f6cc 21f06f09512f44dba4a0bb7417c44dbd - - default default] No more DHCP agents
2026-04-27 02:41:36.439 10 WARNING neutron.api.rpc.agentnotifiers.dhcp_rpc_agent_api [None req-62966ef4-0248-4e3f-b11f-7cf097239a14 c1cb5dcd0c2d4ae0afda34a2a287f6cc 21f06f09512f44dba4a0bb7417c44dbd - - default default] Unable to schedule network 37cfe5fc-0b06-4951-a9af-6356bde1bea7: no agents available; will retry on subsequent port and subnet creation events.
2026-04-27 02:41:36.447 10 INFO neutron.api.wsgi [req-b282e933-19f7-45d4-8015-37832eee35ee req-92af17e5-0cff-48d6-82be-02898c0c702d c4a985e7802a4295997fbec356f446fb db86ffadced8488389308508b6dd26dd - - default default] 10.0.0.238 "GET /v2.0/security-groups?id=bf5325e4-85c8-4eed-9f32-90a335e58784&fields=id&fields=name HTTP/1.1" status: 200 len: 312 time: 0.0353589
2026-04-27 02:41:36.505 10 INFO neutron.db.ovn_revision_numbers_db [None req-62966ef4-0248-4e3f-b11f-7cf097239a14 c1cb5dcd0c2d4ae0afda34a2a287f6cc 21f06f09512f44dba4a0bb7417c44dbd - - default default] Successfully bumped revision number for resource 0c31dc3b-e05a-4a1a-a7d4-aff6f9a09a5b (type: ports) to 1
2026-04-27 02:41:36.526 10 INFO neutron.api.wsgi [None req-62966ef4-0248-4e3f-b11f-7cf097239a14 c1cb5dcd0c2d4ae0afda34a2a287f6cc 21f06f09512f44dba4a0bb7417c44dbd - - default default] 10.0.0.53 "POST /v2.0/networks HTTP/1.1" status: 201 len: 831 time: 0.8236108
2026-04-27 02:41:36.549 10 WARNING neutron_lib.context [None req-78cbb803-a670-44fd-b86e-55ad24f457c8 c1cb5dcd0c2d4ae0afda34a2a287f6cc 21f06f09512f44dba4a0bb7417c44dbd - - default default] Method 'is_advsvc' is deprecated since 2023.2 release (neutron-lib 3.8.0) and will be removed once support for the old RBAC API policies will be removed from Neutron. Please use method 'is_service_role' instead.
2026-04-27 02:41:36.752 10 WARNING neutron.scheduler.dhcp_agent_scheduler [None req-78cbb803-a670-44fd-b86e-55ad24f457c8 c1cb5dcd0c2d4ae0afda34a2a287f6cc 21f06f09512f44dba4a0bb7417c44dbd - - default default] No more DHCP agents
2026-04-27 02:41:36.754 10 WARNING neutron.api.rpc.agentnotifiers.dhcp_rpc_agent_api [None req-78cbb803-a670-44fd-b86e-55ad24f457c8 c1cb5dcd0c2d4ae0afda34a2a287f6cc 21f06f09512f44dba4a0bb7417c44dbd - - default default] Unable to schedule network 37cfe5fc-0b06-4951-a9af-6356bde1bea7: no agents available; will retry on subsequent port and subnet creation events.
2026-04-27 02:41:36.779 9 INFO neutron.db.ovn_revision_numbers_db [None req-bd435130-960d-472f-961c-557b58b892bf - - - - - -] Successfully bumped revision number for resource 6688ab10-3724-4a3e-914a-ac4b44ac18b3 (type: ports) to 2
2026-04-27 02:41:36.808 9 INFO neutron.db.ovn_revision_numbers_db [None req-bd435130-960d-472f-961c-557b58b892bf - - - - - -] Successfully bumped revision number for resource de717783-7d49-4d14-a7a3-74d0916ab994 (type: subnets) to 0
2026-04-27 02:41:36.824 9 INFO neutron.api.wsgi [None req-018a98bd-ab88-4475-84f3-1658385ae59a c715ad7a4050458bbe2369dcd146dc9c ada8bb1d69cd4cc99be9eea41e393ee7 - - default default] 10.0.0.53 "POST /v2.0/subnets HTTP/1.1" status: 201 len: 843 time: 0.6676068
2026-04-27 02:41:36.833 9 WARNING neutron.api.v2.base [None req-bcf44a95-3793-4595-b720-fbebc852cc7c c715ad7a4050458bbe2369dcd146dc9c ada8bb1d69cd4cc99be9eea41e393ee7 - - default default] An exception happened while processing the request body. The exception message is [Invalid input for target_tenant. Reason: 'None' is not a valid string.].: webob.exc.HTTPBadRequest: Invalid input for target_tenant. Reason: 'None' is not a valid string.
2026-04-27 02:41:36.834 9 INFO neutron.api.v2.resource [None req-bcf44a95-3793-4595-b720-fbebc852cc7c c715ad7a4050458bbe2369dcd146dc9c ada8bb1d69cd4cc99be9eea41e393ee7 - - default default] create failed (client error): Invalid input for target_tenant. Reason: 'None' is not a valid string.
2026-04-27 02:41:36.835 9 INFO neutron.api.wsgi [None req-bcf44a95-3793-4595-b720-fbebc852cc7c c715ad7a4050458bbe2369dcd146dc9c ada8bb1d69cd4cc99be9eea41e393ee7 - - default default] 10.0.0.53 "POST /v2.0/rbac-policies HTTP/1.1" status: 400 len: 346 time: 0.0058732
2026-04-27 02:41:37.028 10 INFO neutron.api.wsgi [-] 10.0.0.7 "GET / HTTP/1.1" status: 200 len: 246 time: 0.0017931
2026-04-27 02:41:37.030 10 INFO neutron.api.wsgi [-] 10.0.0.7 "GET / HTTP/1.1" status: 200 len: 246 time: 0.0013630
2026-04-27 02:41:37.173 10 INFO neutron.db.ovn_revision_numbers_db [None req-9093b70c-2963-434a-b574-6948152c0948 - - - - - -] Successfully bumped revision number for resource 0c31dc3b-e05a-4a1a-a7d4-aff6f9a09a5b (type: ports) to 2
2026-04-27 02:41:37.202 10 INFO neutron.db.ovn_revision_numbers_db [None req-9093b70c-2963-434a-b574-6948152c0948 - - - - - -] Successfully bumped revision number for resource 84724604-4381-45d5-9c38-5fd54ecd2583 (type: subnets) to 0
2026-04-27 02:41:37.220 10 INFO neutron.api.wsgi [None req-78cbb803-a670-44fd-b86e-55ad24f457c8 c1cb5dcd0c2d4ae0afda34a2a287f6cc 21f06f09512f44dba4a0bb7417c44dbd - - default default] 10.0.0.53 "POST /v2.0/subnets HTTP/1.1" status: 201 len: 828 time: 0.6805799
2026-04-27 02:41:37.231 9 WARNING neutron_lib.context [None req-a0704e99-9519-49fc-9794-4fa1a080fa04 c1cb5dcd0c2d4ae0afda34a2a287f6cc 21f06f09512f44dba4a0bb7417c44dbd - - default default] Method 'is_advsvc' is deprecated since 2023.2 release (neutron-lib 3.8.0) and will be removed once support for the old RBAC API policies will be removed from Neutron. Please use method 'is_service_role' instead.
2026-04-27 02:41:37.260 9 INFO neutron.services.segments.plugin [-] Segment 78fb8c75-5b8b-4ff5-b241-e0c456bf664f resource provider aggregate not found
2026-04-27 02:41:37.265 9 INFO neutron.services.segments.plugin [-] Segment 78fb8c75-5b8b-4ff5-b241-e0c456bf664f resource provider aggregate not found
2026-04-27 02:41:37.280 9 INFO neutron.services.segments.plugin [-] Segment 78fb8c75-5b8b-4ff5-b241-e0c456bf664f resource provider not found; error: Placement Client Error (4xx): {"errors": [{"status": 404, "title": "Not Found", "detail": "The resource could not be found.\n\n No resource provider with uuid 78fb8c75-5b8b-4ff5-b241-e0c456bf664f found for delete ", "request_id": "req-5ed4cb5b-5e58-43ee-b581-863e08da1c67"}]}
