2026-04-27 02:40:37.836 10 INFO neutron.api.wsgi [None req-cd6c30c8-936f-46ce-b0a7-7b9901bb7335 4e52489478324b5c95b6def23573491b 11f80443071d4c3daa48e1b987810925 - - default default] 10.0.0.53 "GET /v2.0/ports?device_id=934a141b-e0e0-47ad-ab3c-0c01f290a9e3 HTTP/1.1" status: 200 len: 205 time: 0.0182791
2026-04-27 02:40:37.843 9 INFO neutron.api.wsgi [None req-61f5d635-9efc-4cce-a3cc-900f09b0cb33 c0fa434894a24aeebfe9ec9c5ba9117e 51a357b38a684930bae82985b8ad0cc2 - - default default] 10.0.0.53 "DELETE /v2.0/networks/68925531-e4db-4dd0-914b-619a557d3444 HTTP/1.1" status: 204 len: 168 time: 0.4356406
2026-04-27 02:40:37.863 10 INFO neutron.api.v2.resource [None req-5ab3f9f1-9aa6-4df8-9110-d98e892b1f3f 4e52489478324b5c95b6def23573491b 11f80443071d4c3daa48e1b987810925 - - default default] delete failed (client error): The resource could not be found.
2026-04-27 02:40:37.864 10 INFO neutron.api.wsgi [None req-5ab3f9f1-9aa6-4df8-9110-d98e892b1f3f 4e52489478324b5c95b6def23573491b 11f80443071d4c3daa48e1b987810925 - - default default] 10.0.0.53 "DELETE /v2.0/routers/934a141b-e0e0-47ad-ab3c-0c01f290a9e3 HTTP/1.1" status: 404 len: 336 time: 0.0211568
2026-04-27 02:40:37.889 10 INFO neutron.pecan_wsgi.hooks.translation [None req-371a65e1-d631-4e2a-91dc-71912913b561 4e52489478324b5c95b6def23573491b 11f80443071d4c3daa48e1b987810925 - - default default] DELETE failed (client error): The resource could not be found.
2026-04-27 02:40:37.891 10 INFO neutron.api.wsgi [None req-371a65e1-d631-4e2a-91dc-71912913b561 4e52489478324b5c95b6def23573491b 11f80443071d4c3daa48e1b987810925 - - default default] 10.0.0.53 "DELETE /v2.0/subnets/70cad638-e656-4efe-9b1f-4652d8ab13d2 HTTP/1.1" status: 404 len: 337 time: 0.0213900
2026-04-27 02:40:37.913 10 INFO neutron.api.wsgi [None req-e6373c90-c6f4-4fe2-a6a8-9065963ee65c 4e52489478324b5c95b6def23573491b 11f80443071d4c3daa48e1b987810925 - - default default] 10.0.0.53 "GET /v2.0/ports?device_id=e61bdd19-ac33-4bc6-ba7b-b86e9dd0d424 HTTP/1.1" status: 200 len: 205 time: 0.0163841
2026-04-27 02:40:37.938 10 INFO neutron.api.v2.resource [None req-d4f1c7c3-3d14-4aec-9b0e-2508ccc09fff 4e52489478324b5c95b6def23573491b 11f80443071d4c3daa48e1b987810925 - - default default] delete failed (client error): The resource could not be found.
2026-04-27 02:40:37.939 10 INFO neutron.api.wsgi [None req-d4f1c7c3-3d14-4aec-9b0e-2508ccc09fff 4e52489478324b5c95b6def23573491b 11f80443071d4c3daa48e1b987810925 - - default default] 10.0.0.53 "DELETE /v2.0/routers/e61bdd19-ac33-4bc6-ba7b-b86e9dd0d424 HTTP/1.1" status: 404 len: 336 time: 0.0198951
2026-04-27 02:40:37.952 10 INFO neutron.pecan_wsgi.hooks.translation [None req-bb375050-54d7-4be2-bb6a-07f4eae5ffc8 4e52489478324b5c95b6def23573491b 11f80443071d4c3daa48e1b987810925 - - default default] DELETE failed (client error): The resource could not be found.
2026-04-27 02:40:37.955 10 INFO neutron.api.wsgi [None req-bb375050-54d7-4be2-bb6a-07f4eae5ffc8 4e52489478324b5c95b6def23573491b 11f80443071d4c3daa48e1b987810925 - - default default] 10.0.0.53 "DELETE /v2.0/subnets/9091870c-4094-4eba-8aa6-95ae75b29e28 HTTP/1.1" status: 404 len: 337 time: 0.0115659
2026-04-27 02:40:37.974 10 INFO neutron.api.wsgi [None req-afd91bf6-01d9-41de-8646-65ed3c0eaa1d 4e52489478324b5c95b6def23573491b 11f80443071d4c3daa48e1b987810925 - - default default] 10.0.0.53 "GET /v2.0/ports?device_id=42448748-a238-4e5e-ac09-192fafc2c248 HTTP/1.1" status: 200 len: 205 time: 0.0153210
2026-04-27 02:40:37.998 10 INFO neutron.api.v2.resource [None req-4a918faa-0350-483b-b7a9-99d25f729729 4e52489478324b5c95b6def23573491b 11f80443071d4c3daa48e1b987810925 - - default default] delete failed (client error): The resource could not be found.
2026-04-27 02:40:37.999 10 INFO neutron.api.wsgi [None req-4a918faa-0350-483b-b7a9-99d25f729729 4e52489478324b5c95b6def23573491b 11f80443071d4c3daa48e1b987810925 - - default default] 10.0.0.53 "DELETE /v2.0/routers/42448748-a238-4e5e-ac09-192fafc2c248 HTTP/1.1" status: 404 len: 336 time: 0.0187945
2026-04-27 02:40:38.014 10 INFO neutron.pecan_wsgi.hooks.translation [None req-b2963300-ea02-4d76-bd34-b24c4c8eaecc 4e52489478324b5c95b6def23573491b 11f80443071d4c3daa48e1b987810925 - - default default] DELETE failed (client error): The resource could not be found.
2026-04-27 02:40:38.017 10 INFO neutron.api.wsgi [None req-b2963300-ea02-4d76-bd34-b24c4c8eaecc 4e52489478324b5c95b6def23573491b 11f80443071d4c3daa48e1b987810925 - - default default] 10.0.0.53 "DELETE /v2.0/subnets/87b3227a-eaac-46c2-b3f3-f1a5bfe36839 HTTP/1.1" status: 404 len: 337 time: 0.0131392
2026-04-27 02:40:38.039 9 INFO neutron.pecan_wsgi.hooks.translation [None req-03f3ea52-b29c-4cb8-97fd-ee60ff8999a4 4e52489478324b5c95b6def23573491b 11f80443071d4c3daa48e1b987810925 - - default default] DELETE failed (client error): The resource could not be found.
2026-04-27 02:40:38.041 9 INFO neutron.api.wsgi [None req-03f3ea52-b29c-4cb8-97fd-ee60ff8999a4 4e52489478324b5c95b6def23573491b 11f80443071d4c3daa48e1b987810925 - - default default] 10.0.0.53 "DELETE /v2.0/subnets/f5e8937a-49f8-45ac-9449-21e59abfc9ed HTTP/1.1" status: 404 len: 337 time: 0.0197923
2026-04-27 02:40:38.200 9 INFO neutron.api.wsgi [None req-b2d077fe-c526-439e-a0c1-f0774f245723 c0fa434894a24aeebfe9ec9c5ba9117e 51a357b38a684930bae82985b8ad0cc2 - - default default] 10.0.0.53 "DELETE /v2.0/networks/e4c98137-7cb2-4992-bc28-816ff581813b HTTP/1.1" status: 204 len: 168 time: 0.3537529
2026-04-27 02:40:38.271 9 WARNING neutron.plugins.ml2.drivers.ovn.mech_driver.ovsdb.ovn_client [None req-46d49bf0-3a3f-41b1-a9f1-37b678ffa496 - - - - - -] No port found with ID c92b57cb-337c-451d-97de-22d980643aef: RuntimeError: No port found with ID c92b57cb-337c-451d-97de-22d980643aef
2026-04-27 02:40:38.303 9 INFO neutron.plugins.ml2.drivers.ovn.mech_driver.mech_driver [None req-46d49bf0-3a3f-41b1-a9f1-37b678ffa496 - - - - - -] OVN reports status up for port: 251dc975-1266-4fd6-88f1-8f88e208903a
2026-04-27 02:40:38.696 10 WARNING neutron.plugins.ml2.drivers.ovn.mech_driver.ovsdb.ovn_client [None req-561f2000-498f-44c8-9718-945740cac6e3 - - - - - -] No hosting information found for port 96d64c0a-5a5c-4808-970d-c00beecc992a: RuntimeError: No hosting information found for port 96d64c0a-5a5c-4808-970d-c00beecc992a
2026-04-27 02:40:38.720 10 INFO neutron.api.wsgi [None req-24f920ff-bf1c-4365-ae86-8d931ec8f2e3 7f32b3f62b5c493c809c6b9a5386e3f9 8aefb44c1b324ed9a4e9ba8168f26158 - - default default] 10.0.0.53 "GET /v2.0/security-groups?tenant_id=11f80443071d4c3daa48e1b987810925&name=default HTTP/1.1" status: 200 len: 3120 time: 0.1693640
2026-04-27 02:40:38.746 10 INFO neutron.api.wsgi [None req-024ea132-fdad-452e-867a-2673a044fc7b 1e9f5f1717944968a7f1d59be0ca511b 420c08d62fff4128a622611b499cc56c - - default default] 10.0.0.53 "GET /v2.0/ports/87f235df-7394-4539-acfd-010286ff9724 HTTP/1.1" status: 200 len: 1135 time: 0.0597599
2026-04-27 02:40:38.779 10 INFO neutron.api.wsgi [None req-aeb4d7ef-f4bd-455a-9950-52e4e58e085f af2628d8231b4e88b367892d98d21dff 1f0acf688c5a4eefb4fb769f317cc0ee - - default default] 10.0.0.53 "POST /v2.0/qos/policies HTTP/1.1" status: 201 len: 558 time: 0.2653644
2026-04-27 02:40:38.813 10 INFO neutron.api.wsgi [None req-1efb29c2-0a90-4a09-892e-f31a47fd1d06 af2628d8231b4e88b367892d98d21dff 1f0acf688c5a4eefb4fb769f317cc0ee - - default default] 10.0.0.53 "PUT /v2.0/policies/ccbb4ebe-a0a2-492d-815e-3fc0b3ae8a1c/tags HTTP/1.1" status: 200 len: 218 time: 0.0274930
2026-04-27 02:40:38.820 10 INFO neutron.db.ovn_revision_numbers_db [None req-561f2000-498f-44c8-9718-945740cac6e3 - - - - - -] Successfully bumped revision number for resource 96d64c0a-5a5c-4808-970d-c00beecc992a (type: router_ports) to 2
2026-04-27 02:40:38.821 10 INFO neutron.plugins.ml2.drivers.ovn.mech_driver.mech_driver [None req-561f2000-498f-44c8-9718-945740cac6e3 - - - - - -] OVN reports status up for port: 87f235df-7394-4539-acfd-010286ff9724
2026-04-27 02:40:38.829 10 INFO neutron.plugins.ml2.plugin [None req-561f2000-498f-44c8-9718-945740cac6e3 - - - - - -] Attempt 1 to provision port 87f235df-7394-4539-acfd-010286ff9724
2026-04-27 02:40:38.831 10 INFO neutron.api.wsgi [None req-edfbaa10-bf53-436b-b3a6-03a44bed2d4c af2628d8231b4e88b367892d98d21dff 1f0acf688c5a4eefb4fb769f317cc0ee - - default default] 10.0.0.53 "GET /v2.0/policies/ccbb4ebe-a0a2-492d-815e-3fc0b3ae8a1c/tags HTTP/1.1" status: 200 len: 218 time: 0.0142574
2026-04-27 02:40:38.862 9 INFO neutron.api.wsgi [None req-8bdcc81b-9781-4804-bbd0-b674d1bdbbc7 c0fa434894a24aeebfe9ec9c5ba9117e 51a357b38a684930bae82985b8ad0cc2 - - default default] 10.0.0.53 "DELETE /v2.0/networks/2e767093-9956-497c-a91c-c5426433ee4f HTTP/1.1" status: 204 len: 168 time: 0.6588411
2026-04-27 02:40:38.867 10 INFO neutron.api.wsgi [None req-07d905ab-26f0-4013-b066-2326fc52b91a af2628d8231b4e88b367892d98d21dff 1f0acf688c5a4eefb4fb769f317cc0ee - - default default] 10.0.0.53 "PUT /v2.0/policies/ccbb4ebe-a0a2-492d-815e-3fc0b3ae8a1c/tags/green HTTP/1.1" status: 201 len: 201 time: 0.0302837
2026-04-27 02:40:38.889 10 INFO neutron.api.wsgi [None req-04b25a93-53db-48f7-b055-bd376b711e7a af2628d8231b4e88b367892d98d21dff 1f0acf688c5a4eefb4fb769f317cc0ee - - default default] 10.0.0.53 "GET /v2.0/policies/ccbb4ebe-a0a2-492d-815e-3fc0b3ae8a1c/tags HTTP/1.1" status: 200 len: 227 time: 0.0170076
2026-04-27 02:40:38.911 10 INFO neutron.api.wsgi [None req-2631afec-d0d1-4508-9947-be3a9721bed9 af2628d8231b4e88b367892d98d21dff 1f0acf688c5a4eefb4fb769f317cc0ee - - default default] 10.0.0.53 "PUT /v2.0/policies/ccbb4ebe-a0a2-492d-815e-3fc0b3ae8a1c/tags/red HTTP/1.1" status: 201 len: 201 time: 0.0177534
2026-04-27 02:40:38.939 10 INFO neutron.api.wsgi [None req-a315f1f2-58ed-40c7-8ca9-bb64becb96e7 af2628d8231b4e88b367892d98d21dff 1f0acf688c5a4eefb4fb769f317cc0ee - - default default] 10.0.0.53 "GET /v2.0/policies/ccbb4ebe-a0a2-492d-815e-3fc0b3ae8a1c/tags HTTP/1.1" status: 200 len: 227 time: 0.0228329
2026-04-27 02:40:38.991 9 INFO neutron.api.wsgi [None req-c2406238-7302-4d8d-b1bd-1baad013d706 af2628d8231b4e88b367892d98d21dff 1f0acf688c5a4eefb4fb769f317cc0ee - - default default] 10.0.0.53 "PUT /v2.0/policies/ccbb4ebe-a0a2-492d-815e-3fc0b3ae8a1c/tags/black.or.white HTTP/1.1" status: 201 len: 201 time: 0.0432935
2026-04-27 02:40:38.996 9 INFO neutron.api.wsgi [None req-34f5a153-20ab-4831-82a6-f7bcf0ad8b3f 7f32b3f62b5c493c809c6b9a5386e3f9 8aefb44c1b324ed9a4e9ba8168f26158 - - default default] 10.0.0.53 "DELETE /v2.0/security-groups/38193fea-7af1-447f-9c8f-ec6224d7f4ca HTTP/1.1" status: 204 len: 168 time: 0.2710762
2026-04-27 02:40:39.018 10 INFO neutron.api.wsgi [None req-ea5033e1-b303-4dff-87bb-164bb9203fce af2628d8231b4e88b367892d98d21dff 1f0acf688c5a4eefb4fb769f317cc0ee - - default default] 10.0.0.53 "GET /v2.0/policies/ccbb4ebe-a0a2-492d-815e-3fc0b3ae8a1c/tags HTTP/1.1" status: 200 len: 245 time: 0.0227489
2026-04-27 02:40:39.057 10 INFO neutron.api.wsgi [None req-b2bc435e-f01f-490e-9235-508d8d91e80a af2628d8231b4e88b367892d98d21dff 1f0acf688c5a4eefb4fb769f317cc0ee - - default default] 10.0.0.53 "PUT /v2.0/policies/ccbb4ebe-a0a2-492d-815e-3fc0b3ae8a1c/tags HTTP/1.1" status: 200 len: 230 time: 0.0317564
2026-04-27 02:40:39.083 9 INFO neutron.api.wsgi [None req-f1fe0aa0-7ff2-40d6-8d5e-44a18055ea93 af2628d8231b4e88b367892d98d21dff 1f0acf688c5a4eefb4fb769f317cc0ee - - default default] 10.0.0.53 "GET /v2.0/policies/ccbb4ebe-a0a2-492d-815e-3fc0b3ae8a1c/tags HTTP/1.1" status: 200 len: 230 time: 0.0203528
2026-04-27 02:40:39.104 9 INFO neutron.api.wsgi [None req-2a4fd34e-25fd-473c-83a4-50219c4689b8 af2628d8231b4e88b367892d98d21dff 1f0acf688c5a4eefb4fb769f317cc0ee - - default default] 10.0.0.53 "GET /v2.0/policies/ccbb4ebe-a0a2-492d-815e-3fc0b3ae8a1c/tags/red HTTP/1.1" status: 204 len: 168 time: 0.0153306
2026-04-27 02:40:39.125 9 INFO neutron.api.v2.resource [None req-b3a42607-763c-4098-adff-cbf175ba3ad7 af2628d8231b4e88b367892d98d21dff 1f0acf688c5a4eefb4fb769f317cc0ee - - default default] show failed (client error): The resource could not be found.
2026-04-27 02:40:39.126 9 INFO neutron.api.wsgi [None req-b3a42607-763c-4098-adff-cbf175ba3ad7 af2628d8231b4e88b367892d98d21dff 1f0acf688c5a4eefb4fb769f317cc0ee - - default default] 10.0.0.53 "GET /v2.0/policies/ccbb4ebe-a0a2-492d-815e-3fc0b3ae8a1c/tags/green HTTP/1.1" status: 404 len: 299 time: 0.0179729
2026-04-27 02:40:39.170 9 INFO neutron.api.wsgi [None req-5edba974-c6af-4443-b850-807862cc34ee af2628d8231b4e88b367892d98d21dff 1f0acf688c5a4eefb4fb769f317cc0ee - - default default] 10.0.0.53 "DELETE /v2.0/policies/ccbb4ebe-a0a2-492d-815e-3fc0b3ae8a1c/tags/red HTTP/1.1" status: 204 len: 168 time: 0.0381060
2026-04-27 02:40:39.180 10 INFO neutron.db.ovn_revision_numbers_db [None req-561f2000-498f-44c8-9718-945740cac6e3 - - - - - -] Successfully bumped revision number for resource 87f235df-7394-4539-acfd-010286ff9724 (type: ports) to 2
2026-04-27 02:40:39.193 9 INFO neutron.api.wsgi [None req-acd874bf-5b91-4f8d-85bc-484ec9bff750 af2628d8231b4e88b367892d98d21dff 1f0acf688c5a4eefb4fb769f317cc0ee - - default default] 10.0.0.53 "GET /v2.0/policies/ccbb4ebe-a0a2-492d-815e-3fc0b3ae8a1c/tags HTTP/1.1" status: 200 len: 223 time: 0.0185339
2026-04-27 02:40:39.223 9 INFO neutron.api.v2.resource [None req-9bd9b234-64e6-43c0-a197-057511d13d8b af2628d8231b4e88b367892d98d21dff 1f0acf688c5a4eefb4fb769f317cc0ee - - default default] delete failed (client error): The resource could not be found.
2026-04-27 02:40:39.225 9 INFO neutron.api.wsgi [None req-9bd9b234-64e6-43c0-a197-057511d13d8b af2628d8231b4e88b367892d98d21dff 1f0acf688c5a4eefb4fb769f317cc0ee - - default default] 10.0.0.53 "DELETE /v2.0/policies/ccbb4ebe-a0a2-492d-815e-3fc0b3ae8a1c/tags/green HTTP/1.1" status: 404 len: 299 time: 0.0280707
2026-04-27 02:40:39.243 9 INFO neutron.api.wsgi [None req-ff10b424-c579-4394-a02c-1df1ccf9c742 c0fa434894a24aeebfe9ec9c5ba9117e 51a357b38a684930bae82985b8ad0cc2 - - default default] 10.0.0.53 "DELETE /v2.0/networks/6347fc63-4a78-4c8c-be8b-bbe8e686c842 HTTP/1.1" status: 204 len: 168 time: 0.3759162
2026-04-27 02:40:39.281 10 INFO neutron.api.wsgi [None req-75bb1d6f-01e4-4dc9-a275-8867ab546ba1 af2628d8231b4e88b367892d98d21dff 1f0acf688c5a4eefb4fb769f317cc0ee - - default default] 10.0.0.53 "DELETE /v2.0/policies/ccbb4ebe-a0a2-492d-815e-3fc0b3ae8a1c/tags HTTP/1.1" status: 204 len: 168 time: 0.0441651
2026-04-27 02:40:39.306 10 INFO neutron.api.wsgi [None req-ff35e284-0ea7-48a3-8dd2-929812f7e51c af2628d8231b4e88b367892d98d21dff 1f0acf688c5a4eefb4fb769f317cc0ee - - default default] 10.0.0.53 "GET /v2.0/policies/ccbb4ebe-a0a2-492d-815e-3fc0b3ae8a1c/tags HTTP/1.1" status: 200 len: 205 time: 0.0185726
2026-04-27 02:40:39.370 10 INFO neutron.api.wsgi [None req-8aaa9dd5-2edf-4940-8858-649f471b74dd af2628d8231b4e88b367892d98d21dff 1f0acf688c5a4eefb4fb769f317cc0ee - - default default] 10.0.0.53 "DELETE /v2.0/qos/policies/ccbb4ebe-a0a2-492d-815e-3fc0b3ae8a1c HTTP/1.1" status: 204 len: 168 time: 0.0569510
2026-04-27 02:40:39.786 10 INFO neutron.api.wsgi [None req-60f53e8e-2144-4fec-8f86-8f856b7643ec 1e9f5f1717944968a7f1d59be0ca511b 420c08d62fff4128a622611b499cc56c - - default default] 10.0.0.53 "GET /v2.0/ports/87f235df-7394-4539-acfd-010286ff9724 HTTP/1.1" status: 200 len: 1137 time: 0.0337176
2026-04-27 02:40:39.832 9 INFO neutron.services.segments.plugin [-] Segment a3a69f31-bc48-4bc7-8841-8e7850f66077 resource provider aggregate not found
2026-04-27 02:40:39.838 9 INFO neutron.services.segments.plugin [-] Segment a3a69f31-bc48-4bc7-8841-8e7850f66077 resource provider aggregate not found
2026-04-27 02:40:39.850 9 INFO neutron.services.segments.plugin [-] Segment a3a69f31-bc48-4bc7-8841-8e7850f66077 resource provider not found; error: Placement Client Error (4xx): {"errors": [{"status": 404, "title": "Not Found", "detail": "The resource could not be found.\n\n No resource provider with uuid a3a69f31-bc48-4bc7-8841-8e7850f66077 found for delete ", "request_id": "req-c35a3af0-6a92-43e4-a491-b85a5af4c141"}]}
2026-04-27 02:40:39.858 9 INFO neutron.services.segments.plugin [-] Segment a3a69f31-bc48-4bc7-8841-8e7850f66077 resource provider not found; error: Placement Client Error (4xx): {"errors": [{"status": 404, "title": "Not Found", "detail": "The resource could not be found.\n\n No resource provider with uuid a3a69f31-bc48-4bc7-8841-8e7850f66077 found for delete ", "request_id": "req-bba57dce-7389-409a-a235-e01edbab8aa0"}]}
2026-04-27 02:40:39.865 9 INFO neutron.services.segments.plugin [-] Segment 8bacf103-cd15-481f-839f-1c680b8c403c resource provider aggregate not found
2026-04-27 02:40:39.870 9 INFO neutron.services.segments.plugin [-] Segment 8bacf103-cd15-481f-839f-1c680b8c403c resource provider aggregate not found
2026-04-27 02:40:39.875 9 INFO neutron.services.segments.plugin [-] Segment 8bacf103-cd15-481f-839f-1c680b8c403c resource provider not found; error: Placement Client Error (4xx): {"errors": [{"status": 404, "title": "Not Found", "detail": "The resource could not be found.\n\n No resource provider with uuid 8bacf103-cd15-481f-839f-1c680b8c403c found for delete ", "request_id": "req-f111c636-a6d4-493b-b806-ad67387e83de"}]}
2026-04-27 02:40:39.885 9 INFO neutron.services.segments.plugin [-] Segment 8bacf103-cd15-481f-839f-1c680b8c403c resource provider not found; error: Placement Client Error (4xx): {"errors": [{"status": 404, "title": "Not Found", "detail": "The resource could not be found.\n\n No resource provider with uuid 8bacf103-cd15-481f-839f-1c680b8c403c found for delete ", "request_id": "req-8aab1ede-7196-477b-b339-9fedc2e522e1"}]}
2026-04-27 02:40:39.890 9 INFO neutron.services.segments.plugin [-] Segment ab25edc9-5edf-4afa-a0c4-8084a45fa192 resource provider aggregate not found
2026-04-27 02:40:39.903 9 INFO neutron.services.segments.plugin [-] Segment ab25edc9-5edf-4afa-a0c4-8084a45fa192 resource provider aggregate not found
2026-04-27 02:40:39.907 9 INFO neutron.services.segments.plugin [-] Segment ab25edc9-5edf-4afa-a0c4-8084a45fa192 resource provider not found; error: Placement Client Error (4xx): {"errors": [{"status": 404, "title": "Not Found", "detail": "The resource could not be found.\n\n No resource provider with uuid ab25edc9-5edf-4afa-a0c4-8084a45fa192 found for delete ", "request_id": "req-0bd3ad2e-010d-48e0-8c90-95399cf6db4a"}]}
2026-04-27 02:40:39.927 9 INFO neutron.services.segments.plugin [-] Segment ab25edc9-5edf-4afa-a0c4-8084a45fa192 resource provider not found; error: Placement Client Error (4xx): {"errors": [{"status": 404, "title": "Not Found", "detail": "The resource could not be found.\n\n No resource provider with uuid ab25edc9-5edf-4afa-a0c4-8084a45fa192 found for delete ", "request_id": "req-bed5fde2-cc93-4fb9-bcfd-35a94dd2664d"}]}
2026-04-27 02:40:39.985 9 INFO neutron.api.wsgi [None req-e6455270-56c8-4f41-a523-1f62989f415f 7f32b3f62b5c493c809c6b9a5386e3f9 8aefb44c1b324ed9a4e9ba8168f26158 - - default default] 10.0.0.53 "GET /v2.0/security-groups?tenant_id=51a357b38a684930bae82985b8ad0cc2&name=default HTTP/1.1" status: 200 len: 3120 time: 0.2124372
2026-04-27 02:40:40.216 9 INFO neutron.db.ovn_revision_numbers_db [None req-56476c83-33c3-464a-8966-61c9b32e5237 7f32b3f62b5c493c809c6b9a5386e3f9 8aefb44c1b324ed9a4e9ba8168f26158 - - default default] Successfully bumped revision number for resource 155f33a5-513d-4fee-bf06-dc4f2d960bc9 (type: security_groups) to 1
2026-04-27 02:40:40.231 9 INFO neutron.db.ovn_revision_numbers_db [None req-56476c83-33c3-464a-8966-61c9b32e5237 7f32b3f62b5c493c809c6b9a5386e3f9 8aefb44c1b324ed9a4e9ba8168f26158 - - default default] Successfully bumped revision number for resource 8c17d9b7-76d1-464a-b5b4-94f28a05a3f2 (type: security_group_rules) to 0
2026-04-27 02:40:40.253 9 INFO neutron.db.ovn_revision_numbers_db [None req-56476c83-33c3-464a-8966-61c9b32e5237 7f32b3f62b5c493c809c6b9a5386e3f9 8aefb44c1b324ed9a4e9ba8168f26158 - - default default] Successfully bumped revision number for resource a3bd2fae-241e-47e3-aac0-e6bdc3c8fc72 (type: security_group_rules) to 0
2026-04-27 02:40:40.266 9 INFO neutron.api.wsgi [None req-f6cb2cf7-e496-4176-a3cc-fe2962745460 7f32b3f62b5c493c809c6b9a5386e3f9 8aefb44c1b324ed9a4e9ba8168f26158 - - default default] 10.0.0.53 "DELETE /v2.0/security-groups/12d8eb70-a2c0-432a-93a5-1e2e8876a44f HTTP/1.1" status: 204 len: 168 time: 0.2775817
2026-04-27 02:40:40.274 9 INFO neutron.db.ovn_revision_numbers_db [None req-56476c83-33c3-464a-8966-61c9b32e5237 7f32b3f62b5c493c809c6b9a5386e3f9 8aefb44c1b324ed9a4e9ba8168f26158 - - default default] Successfully bumped revision number for resource ab79b3b6-1e26-4a8c-a84d-cd4637461559 (type: security_group_rules) to 0
2026-04-27 02:40:40.291 9 INFO neutron.db.ovn_revision_numbers_db [None req-56476c83-33c3-464a-8966-61c9b32e5237 7f32b3f62b5c493c809c6b9a5386e3f9 8aefb44c1b324ed9a4e9ba8168f26158 - - default default] Successfully bumped revision number for resource f9b3dc11-2fe3-4c09-8ad6-594bd5b21efb (type: security_group_rules) to 0
2026-04-27 02:40:40.328 9 INFO neutron.api.wsgi [None req-56476c83-33c3-464a-8966-61c9b32e5237 7f32b3f62b5c493c809c6b9a5386e3f9 8aefb44c1b324ed9a4e9ba8168f26158 - - default default] 10.0.0.53 "GET /v2.0/security-groups?tenant_id=d8cfa4496b064c26afefaa3fa7c3bfea&name=default HTTP/1.1" status: 200 len: 3120 time: 0.3048773
2026-04-27 02:40:40.454 10 INFO neutron.api.wsgi [None req-4fa29590-0e13-4d76-a3b5-bcefd9885e19 1e9f5f1717944968a7f1d59be0ca511b 420c08d62fff4128a622611b499cc56c - - default default] 10.0.0.53 "PUT /v2.0/routers/e0bae8a5-099d-4f27-8cda-8892a5328aef/remove_router_interface HTTP/1.1" status: 200 len: 503 time: 0.6627471
2026-04-27 02:40:40.534 9 INFO neutron.api.wsgi [None req-700780ba-9977-4e32-b06f-016daf4de67d 1e9f5f1717944968a7f1d59be0ca511b 420c08d62fff4128a622611b499cc56c - - default default] 10.0.0.53 "GET /v2.0/ports/96d64c0a-5a5c-4808-970d-c00beecc992a HTTP/1.1" status: 200 len: 1137 time: 0.0749786 /var/lib/openstack/lib/python3.12/site-packages/pycadf/identifier.py:71: UserWarning: Invalid uuid: neutron. To ensure interoperability, identifiers should be a valid uuid. warnings.warn(('Invalid uuid: %s. To ensure interoperability, '
2026-04-27 02:40:40.580 9 INFO neutron.api.wsgi [None req-ee3a549d-3c31-47ef-94e1-e3dfbdbd3c57 7f32b3f62b5c493c809c6b9a5386e3f9 8aefb44c1b324ed9a4e9ba8168f26158 - - default default] 10.0.0.53 "DELETE /v2.0/security-groups/155f33a5-513d-4fee-bf06-dc4f2d960bc9 HTTP/1.1" status: 204 len: 168 time: 0.2435560
2026-04-27 02:40:40.960 9 INFO neutron.db.ovn_revision_numbers_db [None req-92c531c9-124c-4982-90ab-80619d161e50 7f32b3f62b5c493c809c6b9a5386e3f9 8aefb44c1b324ed9a4e9ba8168f26158 - - default default] Successfully bumped revision number for resource a9005948-8986-41cc-8d4f-a888d6fe42f9 (type: security_groups) to 1
2026-04-27 02:40:40.996 9 INFO neutron.db.ovn_revision_numbers_db [None req-92c531c9-124c-4982-90ab-80619d161e50 7f32b3f62b5c493c809c6b9a5386e3f9 8aefb44c1b324ed9a4e9ba8168f26158 - - default default] Successfully bumped revision number for resource 1b843f90-0438-4d67-af92-1b1cc95554a0 (type: security_group_rules) to 0
2026-04-27 02:40:41.011 9 INFO neutron.db.ovn_revision_numbers_db [None req-92c531c9-124c-4982-90ab-80619d161e50 7f32b3f62b5c493c809c6b9a5386e3f9 8aefb44c1b324ed9a4e9ba8168f26158 - - default default] Successfully bumped revision number for resource 2369f503-0271-4240-814d-834b522370f6 (type: security_group_rules) to 0
2026-04-27 02:40:41.027 9 INFO neutron.db.ovn_revision_numbers_db [None req-92c531c9-124c-4982-90ab-80619d161e50 7f32b3f62b5c493c809c6b9a5386e3f9 8aefb44c1b324ed9a4e9ba8168f26158 - - default default] Successfully bumped revision number for resource 510718cf-3571-4971-8907-7f63660caa45 (type: security_group_rules) to 0
2026-04-27 02:40:41.041 9 INFO neutron.db.ovn_revision_numbers_db [None req-92c531c9-124c-4982-90ab-80619d161e50 7f32b3f62b5c493c809c6b9a5386e3f9 8aefb44c1b324ed9a4e9ba8168f26158 - - default default] Successfully bumped revision number for resource b1799dd5-f95b-4a66-a0e0-6e065bf0d3d4 (type: security_group_rules) to 0
2026-04-27 02:40:41.098 9 INFO neutron.api.wsgi [None req-92c531c9-124c-4982-90ab-80619d161e50 7f32b3f62b5c493c809c6b9a5386e3f9 8aefb44c1b324ed9a4e9ba8168f26158 - - default default] 10.0.0.53 "GET /v2.0/security-groups?tenant_id=1f0acf688c5a4eefb4fb769f317cc0ee&name=default HTTP/1.1" status: 200 len: 3120 time: 0.2710729
2026-04-27 02:40:41.206 10 INFO neutron.api.wsgi [None req-17a96cba-c31e-4be6-aa70-ed4d610f074b 1e9f5f1717944968a7f1d59be0ca511b 420c08d62fff4128a622611b499cc56c - - default default] 10.0.0.53 "PUT /v2.0/routers/e0bae8a5-099d-4f27-8cda-8892a5328aef/remove_router_interface HTTP/1.1" status: 200 len: 503 time: 0.6666944 /var/lib/openstack/lib/python3.12/site-packages/pycadf/identifier.py:71: UserWarning: Invalid uuid: neutron. To ensure interoperability, identifiers should be a valid uuid. warnings.warn(('Invalid uuid: %s. To ensure interoperability, '
2026-04-27 02:40:41.236 10 INFO neutron.api.wsgi [None req-527a7515-d440-446b-984c-ae83045f804e 1e9f5f1717944968a7f1d59be0ca511b 420c08d62fff4128a622611b499cc56c - - default default] 10.0.0.53 "GET /v2.0/ports?device_id=e0bae8a5-099d-4f27-8cda-8892a5328aef HTTP/1.1" status: 200 len: 205 time: 0.0231638
2026-04-27 02:40:41.410 9 INFO neutron.api.wsgi [None req-946102d5-3586-4c9c-91f2-cfb746d4640d 7f32b3f62b5c493c809c6b9a5386e3f9 8aefb44c1b324ed9a4e9ba8168f26158 - - default default] 10.0.0.53 "DELETE /v2.0/security-groups/a9005948-8986-41cc-8d4f-a888d6fe42f9 HTTP/1.1" status: 204 len: 168 time: 0.3079674
2026-04-27 02:40:41.434 9 INFO neutron.api.wsgi [None req-d34961e0-a14d-435b-8011-dacda562d8d6 1e9f5f1717944968a7f1d59be0ca511b 420c08d62fff4128a622611b499cc56c - - default default] 10.0.0.53 "DELETE /v2.0/routers/e0bae8a5-099d-4f27-8cda-8892a5328aef HTTP/1.1" status: 204 len: 168 time: 0.1924980
2026-04-27 02:40:41.616 9 INFO neutron.api.wsgi [None req-aba85a28-11db-4560-900c-85cbafd357c8 1e9f5f1717944968a7f1d59be0ca511b 420c08d62fff4128a622611b499cc56c - - default default] 10.0.0.53 "DELETE /v2.0/subnets/3072ea2e-291c-4f3c-8f83-f2b94d7f1003 HTTP/1.1" status: 204 len: 168 time: 0.1764543
2026-04-27 02:40:41.785 9 INFO neutron.api.wsgi [None req-269841be-8770-4851-a765-7d3c7ec2d269 1e9f5f1717944968a7f1d59be0ca511b 420c08d62fff4128a622611b499cc56c - - default default] 10.0.0.53 "DELETE /v2.0/subnets/448dc603-8991-4f42-b27a-aa0fbae0241e HTTP/1.1" status: 204 len: 168 time: 0.1641273
2026-04-27 02:40:42.095 9 INFO neutron.services.segments.plugin [-] Segment bf0b2d41-5073-4734-bab3-77a580cab47b resource provider aggregate not found
2026-04-27 02:40:42.101 9 INFO neutron.services.segments.plugin [-] Segment bf0b2d41-5073-4734-bab3-77a580cab47b resource provider aggregate not found
2026-04-27 02:40:42.108 9 INFO neutron.services.segments.plugin [-] Segment bf0b2d41-5073-4734-bab3-77a580cab47b resource provider not found; error: Placement Client Error (4xx): {"errors": [{"status": 404, "title": "Not Found", "detail": "The resource could not be found.\n\n No resource provider with uuid bf0b2d41-5073-4734-bab3-77a580cab47b found for delete ", "request_id": "req-162be124-4b37-4bff-97bc-5ad2459a1c8a"}]}
2026-04-27 02:40:42.123 9 INFO neutron.services.segments.plugin [-] Segment bf0b2d41-5073-4734-bab3-77a580cab47b resource provider not found; error: Placement Client Error (4xx): {"errors": [{"status": 404, "title": "Not Found", "detail": "The resource could not be found.\n\n No resource provider with uuid bf0b2d41-5073-4734-bab3-77a580cab47b found for delete ", "request_id": "req-8fd57722-f598-46e1-9710-6927d0f05c92"}]}
2026-04-27 02:40:42.132 9 INFO neutron.api.wsgi [None req-ee39e319-6502-458c-9357-cb6e55fc5aa9 1e9f5f1717944968a7f1d59be0ca511b 420c08d62fff4128a622611b499cc56c - - default default] 10.0.0.53 "DELETE /v2.0/networks/a7c1a407-0bab-4977-83e4-759492a0ece7 HTTP/1.1" status: 204 len: 168 time: 0.3402112
2026-04-27 02:40:42.262 9 WARNING neutron_lib.context [None req-7659d8f3-3365-444d-b141-c0f2347ff22f bd97c2a6119e43a583883069ab11b739 b8dda46c09c544ef9669997c196abe29 - - default default] Method 'is_advsvc' is deprecated since 2023.2 release (neutron-lib 3.8.0) and will be removed once support for the old RBAC API policies will be removed from Neutron. Please use method 'is_service_role' instead.
2026-04-27 02:40:42.342 9 INFO neutron.api.wsgi [None req-7659d8f3-3365-444d-b141-c0f2347ff22f bd97c2a6119e43a583883069ab11b739 b8dda46c09c544ef9669997c196abe29 - - default default] 10.0.0.53 "POST /v2.0/subnetpools HTTP/1.1" status: 201 len: 747 time: 0.1721857
2026-04-27 02:40:42.381 10 INFO neutron.api.wsgi [None req-29c0a65e-7e5b-40bc-96a0-ac8f0df8dbed bd97c2a6119e43a583883069ab11b739 b8dda46c09c544ef9669997c196abe29 - - default default] 10.0.0.53 "GET /v2.0/subnetpools/9b8f77d8-8c35-4ca0-814d-c1f290fe88e8 HTTP/1.1" status: 200 len: 742 time: 0.0324397
2026-04-27 02:40:42.457 9 INFO neutron.api.wsgi [None req-6076b5d2-9bc8-4f43-a1eb-f466bd6d8b2e bd97c2a6119e43a583883069ab11b739 b8dda46c09c544ef9669997c196abe29 - - default default] 10.0.0.53 "PUT /v2.0/subnetpools/9b8f77d8-8c35-4ca0-814d-c1f290fe88e8 HTTP/1.1" status: 200 len: 694 time: 0.0690908
2026-04-27 02:40:42.505 9 INFO neutron.api.wsgi [None req-770bb671-a981-408a-b3a4-1d7c07f963d3 1e9f5f1717944968a7f1d59be0ca511b 420c08d62fff4128a622611b499cc56c - - default default] 10.0.0.53 "DELETE /v2.0/networks/efa6b7c2-4d6a-4c2e-b564-7ec42b09a59e HTTP/1.1" status: 204 len: 168 time: 0.3686435
2026-04-27 02:40:42.519 10 WARNING neutron_lib.context [None req-1cffd9e6-f002-4279-a725-5c89b2917cc2 1e9f5f1717944968a7f1d59be0ca511b 420c08d62fff4128a622611b499cc56c - - default default] Method 'is_advsvc' is deprecated since 2023.2 release (neutron-lib 3.8.0) and will be removed once support for the old RBAC API policies will be removed from Neutron. Please use method 'is_service_role' instead.
2026-04-27 02:40:42.522 9 INFO neutron.api.wsgi [None req-565a1083-41ca-46b1-9294-fdde3418a5d1 bd97c2a6119e43a583883069ab11b739 b8dda46c09c544ef9669997c196abe29 - - default default] 10.0.0.53 "DELETE /v2.0/subnetpools/9b8f77d8-8c35-4ca0-814d-c1f290fe88e8 HTTP/1.1" status: 204 len: 168 time: 0.0584168
2026-04-27 02:40:42.807 10 INFO neutron.db.ovn_revision_numbers_db [None req-2638a22a-018e-4f04-8d99-41ed99b10157 7f32b3f62b5c493c809c6b9a5386e3f9 8aefb44c1b324ed9a4e9ba8168f26158 - - default default] Successfully bumped revision number for resource 04aabc26-4d3e-43d9-bc4b-ec290b7ac2fc (type: security_groups) to 1
2026-04-27 02:40:42.813 10 INFO neutron.api.v2.resource [None req-98d4aff0-e363-4dba-9928-7b19d7ac40fb bd97c2a6119e43a583883069ab11b739 b8dda46c09c544ef9669997c196abe29 - - default default] show failed (client error): The resource could not be found.
2026-04-27 02:40:42.813 10 INFO neutron.api.wsgi [None req-98d4aff0-e363-4dba-9928-7b19d7ac40fb bd97c2a6119e43a583883069ab11b739 b8dda46c09c544ef9669997c196abe29 - - default default] 10.0.0.53 "GET /v2.0/subnetpools/9b8f77d8-8c35-4ca0-814d-c1f290fe88e8 HTTP/1.1" status: 404 len: 346 time: 0.2790494
2026-04-27 02:40:42.830 10 INFO neutron.db.ovn_revision_numbers_db [None req-2638a22a-018e-4f04-8d99-41ed99b10157 7f32b3f62b5c493c809c6b9a5386e3f9 8aefb44c1b324ed9a4e9ba8168f26158 - - default default] Successfully bumped revision number for resource 32f70fc5-84c6-463d-98a2-b9aa5ea6d7c7 (type: security_group_rules) to 0
2026-04-27 02:40:42.830 9 INFO neutron.api.v2.resource [None req-4f281df8-082d-45c7-b316-e82bd882cd10 bd97c2a6119e43a583883069ab11b739 b8dda46c09c544ef9669997c196abe29 - - default default] delete failed (client error): The resource could not be found.
2026-04-27 02:40:42.831 9 INFO neutron.api.wsgi [None req-4f281df8-082d-45c7-b316-e82bd882cd10 bd97c2a6119e43a583883069ab11b739 b8dda46c09c544ef9669997c196abe29 - - default default] 10.0.0.53 "DELETE /v2.0/subnetpools/9b8f77d8-8c35-4ca0-814d-c1f290fe88e8 HTTP/1.1" status: 404 len: 346 time: 0.0126956
2026-04-27 02:40:42.841 10 INFO neutron.db.ovn_revision_numbers_db [None req-2638a22a-018e-4f04-8d99-41ed99b10157 7f32b3f62b5c493c809c6b9a5386e3f9 8aefb44c1b324ed9a4e9ba8168f26158 - - default default] Successfully bumped revision number for resource 7b6060f4-4ce8-4c9c-a6dd-609e88bab175 (type: security_group_rules) to 0
2026-04-27 02:40:42.854 10 INFO neutron.db.ovn_revision_numbers_db [None req-2638a22a-018e-4f04-8d99-41ed99b10157 7f32b3f62b5c493c809c6b9a5386e3f9 8aefb44c1b324ed9a4e9ba8168f26158 - - default default] Successfully bumped revision number for resource de0765e1-4030-49f4-98e1-b9ea912a9d29 (type: security_group_rules) to 0
2026-04-27 02:40:42.871 10 INFO neutron.db.ovn_revision_numbers_db [None req-2638a22a-018e-4f04-8d99-41ed99b10157 7f32b3f62b5c493c809c6b9a5386e3f9 8aefb44c1b324ed9a4e9ba8168f26158 - - default default] Successfully bumped revision number for resource fc870608-84b5-4006-a491-9555d7827c0b (type: security_group_rules) to 0
2026-04-27 02:40:42.876 10 INFO neutron.db.segments_db [None req-1cffd9e6-f002-4279-a725-5c89b2917cc2 1e9f5f1717944968a7f1d59be0ca511b 420c08d62fff4128a622611b499cc56c - - default default] Added segment 8386dfa3-4895-47f3-a614-24c5b8cf1fc8 of type geneve for network a05cde7c-2d4b-4cc4-af3c-6056f6c357cc
2026-04-27 02:40:42.914 10 INFO neutron.api.wsgi [None req-2638a22a-018e-4f04-8d99-41ed99b10157 7f32b3f62b5c493c809c6b9a5386e3f9 8aefb44c1b324ed9a4e9ba8168f26158 - - default default] 10.0.0.53 "GET /v2.0/security-groups?tenant_id=fb4bcad333dc415691114931f5b58613&name=default HTTP/1.1" status: 200 len: 3120 time: 0.6126118
2026-04-27 02:40:43.014 10 INFO neutron.db.ovn_revision_numbers_db [None req-1cffd9e6-f002-4279-a725-5c89b2917cc2 1e9f5f1717944968a7f1d59be0ca511b 420c08d62fff4128a622611b499cc56c - - default default] Successfully bumped revision number for resource a05cde7c-2d4b-4cc4-af3c-6056f6c357cc (type: networks) to 1
2026-04-27 02:40:43.118 9 INFO neutron.api.wsgi [None req-68db239b-040d-42fe-8faa-18ee50671414 7f32b3f62b5c493c809c6b9a5386e3f9 8aefb44c1b324ed9a4e9ba8168f26158 - - default default] 10.0.0.53 "DELETE /v2.0/security-groups/04aabc26-4d3e-43d9-bc4b-ec290b7ac2fc HTTP/1.1" status: 204 len: 168 time: 0.1990592
2026-04-27 02:40:43.192 10 WARNING neutron.scheduler.dhcp_agent_scheduler [None req-1cffd9e6-f002-4279-a725-5c89b2917cc2 1e9f5f1717944968a7f1d59be0ca511b 420c08d62fff4128a622611b499cc56c - - default default] No more DHCP agents
2026-04-27 02:40:43.194 10 WARNING neutron.api.rpc.agentnotifiers.dhcp_rpc_agent_api [None req-1cffd9e6-f002-4279-a725-5c89b2917cc2 1e9f5f1717944968a7f1d59be0ca511b 420c08d62fff4128a622611b499cc56c - - default default] Unable to schedule network a05cde7c-2d4b-4cc4-af3c-6056f6c357cc: no agents available; will retry on subsequent port and subnet creation events.
2026-04-27 02:40:43.255 10 INFO neutron.db.ovn_revision_numbers_db [None req-1cffd9e6-f002-4279-a725-5c89b2917cc2 1e9f5f1717944968a7f1d59be0ca511b 420c08d62fff4128a622611b499cc56c - - default default] Successfully bumped revision number for resource 6deecd34-1e45-44cb-befb-15734d9df0bc (type: ports) to 1
2026-04-27 02:40:43.279 10 INFO neutron.api.wsgi [None req-1cffd9e6-f002-4279-a725-5c89b2917cc2 1e9f5f1717944968a7f1d59be0ca511b 420c08d62fff4128a622611b499cc56c - - default default] 10.0.0.53 "POST /v2.0/networks HTTP/1.1" status: 201 len: 829 time: 0.7670662
2026-04-27 02:40:43.289 10 WARNING neutron_lib.context [None req-637dce9b-9137-4bd7-aad0-677846892dce 1e9f5f1717944968a7f1d59be0ca511b 420c08d62fff4128a622611b499cc56c - - default default] Method 'is_advsvc' is deprecated since 2023.2 release (neutron-lib 3.8.0) and will be removed once support for the old RBAC API policies will be removed from Neutron. Please use method 'is_service_role' instead.
2026-04-27 02:40:43.479 10 WARNING neutron.scheduler.dhcp_agent_scheduler [None req-637dce9b-9137-4bd7-aad0-677846892dce 1e9f5f1717944968a7f1d59be0ca511b 420c08d62fff4128a622611b499cc56c - - default default] No more DHCP agents
2026-04-27 02:40:43.481 10 WARNING neutron.api.rpc.agentnotifiers.dhcp_rpc_agent_api [None req-637dce9b-9137-4bd7-aad0-677846892dce 1e9f5f1717944968a7f1d59be0ca511b 420c08d62fff4128a622611b499cc56c - - default default] Unable to schedule network a05cde7c-2d4b-4cc4-af3c-6056f6c357cc: no agents available; will retry on subsequent port and subnet creation events.
2026-04-27 02:40:43.562 9 INFO neutron.db.ovn_revision_numbers_db [None req-2989a07c-084d-46dc-9bf8-4737e020bb7f 7f32b3f62b5c493c809c6b9a5386e3f9 8aefb44c1b324ed9a4e9ba8168f26158 - - default default] Successfully bumped revision number for resource ea406aa5-d41b-48a3-ab11-6345c9fc7ce7 (type: security_groups) to 1
2026-04-27 02:40:43.575 9 INFO neutron.db.ovn_revision_numbers_db [None req-2989a07c-084d-46dc-9bf8-4737e020bb7f 7f32b3f62b5c493c809c6b9a5386e3f9 8aefb44c1b324ed9a4e9ba8168f26158 - - default default] Successfully bumped revision number for resource 5125fa58-074b-4c74-9869-7e5ce45f3632 (type: security_group_rules) to 0
2026-04-27 02:40:43.594 9 INFO neutron.db.ovn_revision_numbers_db [None req-2989a07c-084d-46dc-9bf8-4737e020bb7f 7f32b3f62b5c493c809c6b9a5386e3f9 8aefb44c1b324ed9a4e9ba8168f26158 - - default default] Successfully bumped revision number for resource c8d42d9a-8ffa-477c-b02d-6ed35fbc3e0b (type: security_group_rules) to 0
2026-04-27 02:40:43.618 9 INFO neutron.db.ovn_revision_numbers_db [None req-2989a07c-084d-46dc-9bf8-4737e020bb7f 7f32b3f62b5c493c809c6b9a5386e3f9 8aefb44c1b324ed9a4e9ba8168f26158 - - default default] Successfully bumped revision number for resource e218c23f-7e41-47de-bd06-3c3810e3eba5 (type: security_group_rules) to 0
2026-04-27 02:40:43.629 9 INFO neutron.db.ovn_revision_numbers_db [None req-2989a07c-084d-46dc-9bf8-4737e020bb7f 7f32b3f62b5c493c809c6b9a5386e3f9 8aefb44c1b324ed9a4e9ba8168f26158 - - default default] Successfully bumped revision number for resource f1e8ded2-082d-4c2f-a6b8-3b879018d06b (type: security_group_rules) to 0
2026-04-27 02:40:43.671 9 INFO neutron.api.wsgi [None req-2989a07c-084d-46dc-9bf8-4737e020bb7f 7f32b3f62b5c493c809c6b9a5386e3f9 8aefb44c1b324ed9a4e9ba8168f26158 - - default default] 10.0.0.53 "GET /v2.0/security-groups?tenant_id=b8dda46c09c544ef9669997c196abe29&name=default HTTP/1.1" status: 200 len: 3120 time: 0.3030510
2026-04-27 02:40:43.900 9 INFO neutron.api.wsgi [None req-348d6e6c-9554-499b-a8d7-b83c2b84beeb 7f32b3f62b5c493c809c6b9a5386e3f9 8aefb44c1b324ed9a4e9ba8168f26158 - - default default] 10.0.0.53 "DELETE /v2.0/security-groups/ea406aa5-d41b-48a3-ab11-6345c9fc7ce7 HTTP/1.1" status: 204 len: 168 time: 0.2230206
2026-04-27 02:40:43.965 10 INFO neutron.db.ovn_revision_numbers_db [None req-5be1c2df-a3b3-406c-8498-306b801cd380 - - - - - -] Successfully bumped revision number for resource 6deecd34-1e45-44cb-befb-15734d9df0bc (type: ports) to 2
2026-04-27 02:40:43.999 10 INFO neutron.db.ovn_revision_numbers_db [None req-5be1c2df-a3b3-406c-8498-306b801cd380 - - - - - -] Successfully bumped revision number for resource ed1e6457-9790-431c-aacb-a28546442473 (type: subnets) to 0
2026-04-27 02:40:44.019 10 INFO neutron.api.wsgi [None req-637dce9b-9137-4bd7-aad0-677846892dce 1e9f5f1717944968a7f1d59be0ca511b 420c08d62fff4128a622611b499cc56c - - default default] 10.0.0.53 "POST /v2.0/subnets HTTP/1.1" status: 201 len: 825 time: 0.7338634
2026-04-27 02:40:44.030 10 WARNING neutron_lib.context [None req-a5430c70-b30b-4de5-a6a3-7e67cbb0f37d 1e9f5f1717944968a7f1d59be0ca511b 420c08d62fff4128a622611b499cc56c - - default default] Method 'is_advsvc' is deprecated since 2023.2 release (neutron-lib 3.8.0) and will be removed once support for the old RBAC API policies will be removed from Neutron. Please use method 'is_service_role' instead.
2026-04-27 02:40:44.130 9 INFO neutron.services.segments.plugin [-] Segment daf8b491-fdb3-4ef4-88cb-fa95730fa412 resource provider aggregate not found
2026-04-27 02:40:44.133 10 INFO neutron.db.ovn_revision_numbers_db [None req-a5430c70-b30b-4de5-a6a3-7e67cbb0f37d 1e9f5f1717944968a7f1d59be0ca511b 420c08d62fff4128a622611b499cc56c - - default default] Successfully bumped revision number for resource 0743571e-03ef-4d5a-8440-37450276bf09 (type: routers) to 1
2026-04-27 02:40:44.146 9 INFO neutron.services.segments.plugin [-] Segment daf8b491-fdb3-4ef4-88cb-fa95730fa412 resource provider not found; error: Placement Client Error (4xx): {"errors": [{"status": 404, "title": "Not Found", "detail": "The resource could not be found.\n\n No resource provider with uuid daf8b491-fdb3-4ef4-88cb-fa95730fa412 found for delete ", "request_id": "req-566ba282-64e0-42c3-b229-68b012302452"}]}
2026-04-27 02:40:44.147 9 INFO neutron.services.segments.plugin [-] Segment daf8b491-fdb3-4ef4-88cb-fa95730fa412 resource provider aggregate not found
2026-04-27 02:40:44.149 10 INFO neutron.api.wsgi [None req-a5430c70-b30b-4de5-a6a3-7e67cbb0f37d 1e9f5f1717944968a7f1d59be0ca511b 420c08d62fff4128a622611b499cc56c - - default default] 10.0.0.53 "POST /v2.0/routers HTTP/1.1" status: 201 len: 801 time: 0.1231580
2026-04-27 02:40:44.158 9 WARNING neutron_lib.context [None req-58806fcf-cc18-46ef-88a9-a18e9e10049e 1e9f5f1717944968a7f1d59be0ca511b 420c08d62fff4128a622611b499cc56c - - default default] Method 'is_advsvc' is deprecated since 2023.2 release (neutron-lib 3.8.0) and will be removed once support for the old RBAC API policies will be removed from Neutron. Please use method 'is_service_role' instead.
2026-04-27 02:40:44.162 9 INFO neutron.services.segments.plugin [-] Segment daf8b491-fdb3-4ef4-88cb-fa95730fa412 resource provider not found; error: Placement Client Error (4xx): {"errors": [{"status": 404, "title": "Not Found", "detail": "The resource could not be found.\n\n No resource provider with uuid daf8b491-fdb3-4ef4-88cb-fa95730fa412 found for delete ", "request_id": "req-c78a2c37-73f2-4a29-ab40-20020196d368"}]}
2026-04-27 02:40:44.467 9 WARNING neutron.scheduler.dhcp_agent_scheduler [None req-58806fcf-cc18-46ef-88a9-a18e9e10049e 1e9f5f1717944968a7f1d59be0ca511b 420c08d62fff4128a622611b499cc56c - - default default] No more DHCP agents
2026-04-27 02:40:44.468 9 WARNING neutron.api.rpc.agentnotifiers.dhcp_rpc_agent_api [None req-58806fcf-cc18-46ef-88a9-a18e9e10049e 1e9f5f1717944968a7f1d59be0ca511b 420c08d62fff4128a622611b499cc56c - - default default] Unable to schedule network a05cde7c-2d4b-4cc4-af3c-6056f6c357cc: no agents available; will retry on subsequent port and subnet creation events.
2026-04-27 02:40:44.557 10 WARNING neutron.plugins.ml2.drivers.ovn.mech_driver.ovsdb.ovn_client [None req-8d8db21c-4e45-4904-915c-7f74b85e22aa - - - - - -] No port found with ID 87f235df-7394-4539-acfd-010286ff9724: RuntimeError: No port found with ID 87f235df-7394-4539-acfd-010286ff9724
2026-04-27 02:40:44.620 9 INFO neutron.db.ovn_revision_numbers_db [None req-58806fcf-cc18-46ef-88a9-a18e9e10049e 1e9f5f1717944968a7f1d59be0ca511b 420c08d62fff4128a622611b499cc56c - - default default] Successfully bumped revision number for resource 179b9f5e-5370-4ce1-891d-86c28e57a3b8 (type: ports) to 1
2026-04-27 02:40:44.642 9 INFO neutron.api.wsgi [None req-58806fcf-cc18-46ef-88a9-a18e9e10049e 1e9f5f1717944968a7f1d59be0ca511b 420c08d62fff4128a622611b499cc56c - - default default] 10.0.0.53 "POST /v2.0/ports HTTP/1.1" status: 201 len: 1147 time: 0.4888191 /var/lib/openstack/lib/python3.12/site-packages/pycadf/identifier.py:71: UserWarning: Invalid uuid: neutron. To ensure interoperability, identifiers should be a valid uuid. warnings.warn(('Invalid uuid: %s. To ensure interoperability, '
2026-04-27 02:40:44.719 9 WARNING neutron_lib.context [None req-f9c2c49b-c77c-40d1-8182-c77de709837e 961a51256e994bf1b76ee6f3fc9ef576 7ad6f3b7fc8d49499b0dfaa51b665ba0 - - default default] Method 'is_advsvc' is deprecated since 2023.2 release (neutron-lib 3.8.0) and will be removed once support for the old RBAC API policies will be removed from Neutron. Please use method 'is_service_role' instead.
2026-04-27 02:40:44.884 9 INFO neutron.db.ovn_revision_numbers_db [None req-f9c2c49b-c77c-40d1-8182-c77de709837e 961a51256e994bf1b76ee6f3fc9ef576 7ad6f3b7fc8d49499b0dfaa51b665ba0 - - default default] Successfully bumped revision number for resource 4c7184f9-feda-48fe-905f-eb774adb1008 (type: security_groups) to 1
2026-04-27 02:40:44.898 9 INFO neutron.db.ovn_revision_numbers_db [None req-f9c2c49b-c77c-40d1-8182-c77de709837e 961a51256e994bf1b76ee6f3fc9ef576 7ad6f3b7fc8d49499b0dfaa51b665ba0 - - default default] Successfully bumped revision number for resource 0ae2df96-6849-414f-afe6-dcaefc907f56 (type: security_group_rules) to 0
2026-04-27 02:40:44.919 9 INFO neutron.db.ovn_revision_numbers_db [None req-f9c2c49b-c77c-40d1-8182-c77de709837e 961a51256e994bf1b76ee6f3fc9ef576 7ad6f3b7fc8d49499b0dfaa51b665ba0 - - default default] Successfully bumped revision number for resource 403a87b4-5805-4b94-90a4-9abb21731652 (type: security_group_rules) to 0
2026-04-27 02:40:44.947 9 INFO neutron.db.ovn_revision_numbers_db [None req-f9c2c49b-c77c-40d1-8182-c77de709837e 961a51256e994bf1b76ee6f3fc9ef576 7ad6f3b7fc8d49499b0dfaa51b665ba0 - - default default] Successfully bumped revision number for resource 9a5cb563-e087-426d-b0e8-66cda790a564 (type: security_group_rules) to 0
2026-04-27 02:40:44.967 9 INFO neutron.db.ovn_revision_numbers_db [None req-f9c2c49b-c77c-40d1-8182-c77de709837e 961a51256e994bf1b76ee6f3fc9ef576 7ad6f3b7fc8d49499b0dfaa51b665ba0 - - default default] Successfully bumped revision number for resource ecc59ce3-0b2e-41ec-84d5-a5a0466d5d18 (type: security_group_rules) to 0
2026-04-27 02:40:45.090 9 INFO neutron.db.ovn_revision_numbers_db [None req-f9c2c49b-c77c-40d1-8182-c77de709837e 961a51256e994bf1b76ee6f3fc9ef576 7ad6f3b7fc8d49499b0dfaa51b665ba0 - - default default] Successfully bumped revision number for resource 89dbbe78-c298-499c-9da9-d0ccbae37a37 (type: security_groups) to 1
2026-04-27 02:40:45.104 9 INFO neutron.db.ovn_revision_numbers_db [None req-f9c2c49b-c77c-40d1-8182-c77de709837e 961a51256e994bf1b76ee6f3fc9ef576 7ad6f3b7fc8d49499b0dfaa51b665ba0 - - default default] Successfully bumped revision number for resource 05ccbf04-bbd6-4291-b166-e7a011d7aa3b (type: security_group_rules) to 0
2026-04-27 02:40:45.128 9 INFO neutron.db.ovn_revision_numbers_db [None req-f9c2c49b-c77c-40d1-8182-c77de709837e 961a51256e994bf1b76ee6f3fc9ef576 7ad6f3b7fc8d49499b0dfaa51b665ba0 - - default default] Successfully bumped revision number for resource 1d0889c8-cc75-4de9-86b8-c06435eee8b3 (type: security_group_rules) to 0
2026-04-27 02:40:45.146 10 INFO neutron.plugins.ml2.drivers.ovn.mech_driver.mech_driver [None req-8d8db21c-4e45-4904-915c-7f74b85e22aa - - - - - -] OVN reports status up for port: 179b9f5e-5370-4ce1-891d-86c28e57a3b8
2026-04-27 02:40:45.155 10 INFO neutron.plugins.ml2.plugin [None req-8d8db21c-4e45-4904-915c-7f74b85e22aa - - - - - -] Attempt 1 to provision port 179b9f5e-5370-4ce1-891d-86c28e57a3b8
2026-04-27 02:40:45.185 9 INFO neutron.api.wsgi [None req-f9c2c49b-c77c-40d1-8182-c77de709837e 961a51256e994bf1b76ee6f3fc9ef576 7ad6f3b7fc8d49499b0dfaa51b665ba0 - - default default] 10.0.0.53 "POST /v2.0/security-groups HTTP/1.1" status: 201 len: 1801 time: 0.5898814
2026-04-27 02:40:45.188 9 INFO neutron.db.ovn_revision_numbers_db [None req-c23d3b4a-fa54-495c-98db-23407744a586 1e9f5f1717944968a7f1d59be0ca511b 420c08d62fff4128a622611b499cc56c - - default default] Successfully bumped revision number for resource 179b9f5e-5370-4ce1-891d-86c28e57a3b8 (type: ports) to 2 /var/lib/openstack/lib/python3.12/site-packages/pycadf/identifier.py:71: UserWarning: Invalid uuid: neutron. To ensure interoperability, identifiers should be a valid uuid. warnings.warn(('Invalid uuid: %s. To ensure interoperability, '
2026-04-27 02:40:45.241 9 INFO neutron.api.wsgi [None req-cb1fdc71-e1d1-4e32-9909-65961d741689 961a51256e994bf1b76ee6f3fc9ef576 7ad6f3b7fc8d49499b0dfaa51b665ba0 - - default default] 10.0.0.53 "PUT /v2.0/security-groups/89dbbe78-c298-499c-9da9-d0ccbae37a37/tags HTTP/1.1" status: 200 len: 218 time: 0.0490937
2026-04-27 02:40:45.285 10 INFO neutron.api.wsgi [None req-4fffc83f-3423-4959-8e89-5185193a955e 961a51256e994bf1b76ee6f3fc9ef576 7ad6f3b7fc8d49499b0dfaa51b665ba0 - - default default] 10.0.0.53 "GET /v2.0/security-groups/89dbbe78-c298-499c-9da9-d0ccbae37a37/tags HTTP/1.1" status: 200 len: 218 time: 0.0395527
2026-04-27 02:40:45.337 10 INFO neutron.api.wsgi [None req-aba45982-33f7-4fa8-bba8-76c89e69a5d1 961a51256e994bf1b76ee6f3fc9ef576 7ad6f3b7fc8d49499b0dfaa51b665ba0 - - default default] 10.0.0.53 "PUT /v2.0/security-groups/89dbbe78-c298-499c-9da9-d0ccbae37a37/tags/green HTTP/1.1" status: 201 len: 201 time: 0.0472929
2026-04-27 02:40:45.368 9 INFO neutron.api.wsgi [None req-3d78ceb5-8bf9-4a74-abea-6aa09ed73136 961a51256e994bf1b76ee6f3fc9ef576 7ad6f3b7fc8d49499b0dfaa51b665ba0 - - default default] 10.0.0.53 "GET /v2.0/security-groups/89dbbe78-c298-499c-9da9-d0ccbae37a37/tags HTTP/1.1" status: 200 len: 227 time: 0.0244548
2026-04-27 02:40:45.400 10 INFO neutron.api.wsgi [None req-8f0f2e05-d299-4c08-bdc5-fff5d2d16516 961a51256e994bf1b76ee6f3fc9ef576 7ad6f3b7fc8d49499b0dfaa51b665ba0 - - default default] 10.0.0.53 "PUT /v2.0/security-groups/89dbbe78-c298-499c-9da9-d0ccbae37a37/tags/red HTTP/1.1" status: 201 len: 201 time: 0.0268762
2026-04-27 02:40:45.444 9 INFO neutron.api.wsgi [None req-354aaa65-120b-40bc-b71b-fbd7659bac7b 961a51256e994bf1b76ee6f3fc9ef576 7ad6f3b7fc8d49499b0dfaa51b665ba0 - - default default] 10.0.0.53 "GET /v2.0/security-groups/89dbbe78-c298-499c-9da9-d0ccbae37a37/tags HTTP/1.1" status: 200 len: 227 time: 0.0380147
2026-04-27 02:40:45.497 10 INFO neutron.api.wsgi [None req-0dbae069-52ff-4d6d-be9f-48f10b115c9c 961a51256e994bf1b76ee6f3fc9ef576 7ad6f3b7fc8d49499b0dfaa51b665ba0 - - default default] 10.0.0.53 "PUT /v2.0/security-groups/89dbbe78-c298-499c-9da9-d0ccbae37a37/tags/black.or.white HTTP/1.1" status: 201 len: 201 time: 0.0469005
2026-04-27 02:40:45.513 10 INFO neutron.db.ovn_revision_numbers_db [None req-8d8db21c-4e45-4904-915c-7f74b85e22aa - - - - - -] Successfully bumped revision number for resource 179b9f5e-5370-4ce1-891d-86c28e57a3b8 (type: ports) to 3
