File "/var/lib/openstack/lib/python3.10/site-packages/neutron_lib/db/api.py", line 223, in wrapped
2026-09-12 05:25:11.652 9 ERROR neutron.plugins.ml2.managers return f_with_retry(*args, **kwargs,
2026-09-12 05:25:11.652 9 ERROR neutron.plugins.ml2.managers
File "/var/lib/openstack/lib/python3.10/site-packages/neutron_lib/db/api.py", line 137, in wrapped
2026-09-12 05:25:11.652 9 ERROR neutron.plugins.ml2.managers with excutils.save_and_reraise_exception():
2026-09-12 05:25:11.652 9 ERROR neutron.plugins.ml2.managers
File "/var/lib/openstack/lib/python3.10/site-packages/oslo_utils/excutils.py", line 227, in __exit__
2026-09-12 05:25:11.652 9 ERROR neutron.plugins.ml2.managers self.force_reraise()
2026-09-12 05:25:11.652 9 ERROR neutron.plugins.ml2.managers
File "/var/lib/openstack/lib/python3.10/site-packages/oslo_utils/excutils.py", line 200, in force_reraise
2026-09-12 05:25:11.652 9 ERROR neutron.plugins.ml2.managers raise self.value
2026-09-12 05:25:11.652 9 ERROR neutron.plugins.ml2.managers
File "/var/lib/openstack/lib/python3.10/site-packages/neutron_lib/db/api.py", line 135, in wrapped
2026-09-12 05:25:11.652 9 ERROR neutron.plugins.ml2.managers return f(*args, **kwargs)
2026-09-12 05:25:11.652 9 ERROR neutron.plugins.ml2.managers
File "/var/lib/openstack/lib/python3.10/site-packages/oslo_db/api.py", line 144, in wrapper
2026-09-12 05:25:11.652 9 ERROR neutron.plugins.ml2.managers with excutils.save_and_reraise_exception() as ectxt:
2026-09-12 05:25:11.652 9 ERROR neutron.plugins.ml2.managers
File "/var/lib/openstack/lib/python3.10/site-packages/oslo_utils/excutils.py", line 227, in __exit__
2026-09-12 05:25:11.652 9 ERROR neutron.plugins.ml2.managers self.force_reraise()
2026-09-12 05:25:11.652 9 ERROR neutron.plugins.ml2.managers
File "/var/lib/openstack/lib/python3.10/site-packages/oslo_utils/excutils.py", line 200, in force_reraise
2026-09-12 05:25:11.652 9 ERROR neutron.plugins.ml2.managers raise self.value
2026-09-12 05:25:11.652 9 ERROR neutron.plugins.ml2.managers
File "/var/lib/openstack/lib/python3.10/site-packages/oslo_db/api.py", line 142, in wrapper
2026-09-12 05:25:11.652 9 ERROR neutron.plugins.ml2.managers return f(*args, **kwargs)
2026-09-12 05:25:11.652 9 ERROR neutron.plugins.ml2.managers
File "/var/lib/openstack/lib/python3.10/site-packages/neutron_lib/db/api.py", line 183, in wrapped
2026-09-12 05:25:11.652 9 ERROR neutron.plugins.ml2.managers with excutils.save_and_reraise_exception():
2026-09-12 05:25:11.652 9 ERROR neutron.plugins.ml2.managers
File "/var/lib/openstack/lib/python3.10/site-packages/oslo_utils/excutils.py", line 227, in __exit__
2026-09-12 05:25:11.652 9 ERROR neutron.plugins.ml2.managers self.force_reraise()
2026-09-12 05:25:11.652 9 ERROR neutron.plugins.ml2.managers
File "/var/lib/openstack/lib/python3.10/site-packages/oslo_utils/excutils.py", line 200, in force_reraise
2026-09-12 05:25:11.652 9 ERROR neutron.plugins.ml2.managers raise self.value
2026-09-12 05:25:11.652 9 ERROR neutron.plugins.ml2.managers
File "/var/lib/openstack/lib/python3.10/site-packages/neutron_lib/db/api.py", line 181, in wrapped
2026-09-12 05:25:11.652 9 ERROR neutron.plugins.ml2.managers return f(*dup_args, **dup_kwargs)
2026-09-12 05:25:11.652 9 ERROR neutron.plugins.ml2.managers
File "/var/lib/openstack/lib/python3.10/site-packages/neutron/db/db_base_plugin_v2.py", line 1233, in get_subnet
2026-09-12 05:25:11.652 9 ERROR neutron.plugins.ml2.managers subnet_obj = self._get_subnet_object(context, id)
2026-09-12 05:25:11.652 9 ERROR neutron.plugins.ml2.managers
File "/var/lib/openstack/lib/python3.10/site-packages/neutron/db/db_base_plugin_common.py", line 282, in _get_subnet_object
2026-09-12 05:25:11.652 9 ERROR neutron.plugins.ml2.managers raise exceptions.SubnetNotFound(subnet_id=id)
2026-09-12 05:25:11.652 9 ERROR neutron.plugins.ml2.managers neutron_lib.exceptions.SubnetNotFound: Subnet e856d4bd-f0aa-45e0-8e47-51df385bf80b could not be found.
2026-09-12 05:25:11.652 9 ERROR neutron.plugins.ml2.managers 
2026-09-12 05:25:11.653 9 ERROR neutron.plugins.ml2.managers [None req-e7529696-dca4-44a2-b157-091c0b78a0bb - - - - - -] Failed to bind port 6a41862e-017c-4e60-8ab6-cf7bb4ef7f3b on host instance for vnic_type normal using segments [{'id': '82c91e22-683b-43e4-afc6-63dfa28da55c', 'network_type': 'vxlan', 'physical_network': None, 'segmentation_id': 331, 'network_id': 'e033b640-f0f5-4e01-9263-b99eb5ab09a4'}]
2026-09-12 05:25:11.654 9 INFO neutron.plugins.ml2.plugin [None req-e7529696-dca4-44a2-b157-091c0b78a0bb - - - - - -] Attempt 8 to bind port 6a41862e-017c-4e60-8ab6-cf7bb4ef7f3b
2026-09-12 05:25:11.681 9 ERROR neutron.plugins.ml2.managers [None req-e7529696-dca4-44a2-b157-091c0b78a0bb - - - - - -] Mechanism driver openvswitch failed in bind_port: neutron_lib.exceptions.SubnetNotFound: Subnet e856d4bd-f0aa-45e0-8e47-51df385bf80b could not be found.
2026-09-12 05:25:11.681 9 ERROR neutron.plugins.ml2.managers
Traceback (most recent call last):
2026-09-12 05:25:11.681 9 ERROR neutron.plugins.ml2.managers
File "/var/lib/openstack/lib/python3.10/site-packages/neutron/plugins/ml2/managers.py", line 850, in _bind_port_level
2026-09-12 05:25:11.681 9 ERROR neutron.plugins.ml2.managers driver.obj.bind_port(context)
2026-09-12 05:25:11.681 9 ERROR neutron.plugins.ml2.managers
File "/var/lib/openstack/lib/python3.10/site-packages/neutron/plugins/ml2/drivers/openvswitch/mech_driver/mech_openvswitch.py", line 133, in bind_port
2026-09-12 05:25:11.681 9 ERROR neutron.plugins.ml2.managers super(OpenvswitchMechanismDriver, self).bind_port(context)
2026-09-12 05:25:11.681 9 ERROR neutron.plugins.ml2.managers
File "/var/lib/openstack/lib/python3.10/site-packages/neutron/plugins/ml2/drivers/mech_agent.py", line 104, in bind_port
2026-09-12 05:25:11.681 9 ERROR neutron.plugins.ml2.managers subnets = self.get_subnets_from_fixed_ips(context)
2026-09-12 05:25:11.681 9 ERROR neutron.plugins.ml2.managers
File "/var/lib/openstack/lib/python3.10/site-packages/neutron/plugins/ml2/drivers/mech_agent.py", line 149, in get_subnets_from_fixed_ips
2026-09-12 05:25:11.681 9 ERROR neutron.plugins.ml2.managers subnets.append(context._plugin.get_subnet(
2026-09-12 05:25:11.681 9 ERROR neutron.plugins.ml2.managers
File "/var/lib/openstack/lib/python3.10/site-packages/neutron_lib/db/api.py", line 223, in wrapped
2026-09-12 05:25:11.681 9 ERROR neutron.plugins.ml2.managers return f_with_retry(*args, **kwargs,
2026-09-12 05:25:11.681 9 ERROR neutron.plugins.ml2.managers
File "/var/lib/openstack/lib/python3.10/site-packages/neutron_lib/db/api.py", line 137, in wrapped
2026-09-12 05:25:11.681 9 ERROR neutron.plugins.ml2.managers with excutils.save_and_reraise_exception():
2026-09-12 05:25:11.681 9 ERROR neutron.plugins.ml2.managers
File "/var/lib/openstack/lib/python3.10/site-packages/oslo_utils/excutils.py", line 227, in __exit__
2026-09-12 05:25:11.681 9 ERROR neutron.plugins.ml2.managers self.force_reraise()
2026-09-12 05:25:11.681 9 ERROR neutron.plugins.ml2.managers
File "/var/lib/openstack/lib/python3.10/site-packages/oslo_utils/excutils.py", line 200, in force_reraise
2026-09-12 05:25:11.681 9 ERROR neutron.plugins.ml2.managers raise self.value
2026-09-12 05:25:11.681 9 ERROR neutron.plugins.ml2.managers
File "/var/lib/openstack/lib/python3.10/site-packages/neutron_lib/db/api.py", line 135, in wrapped
2026-09-12 05:25:11.681 9 ERROR neutron.plugins.ml2.managers return f(*args, **kwargs)
2026-09-12 05:25:11.681 9 ERROR neutron.plugins.ml2.managers
File "/var/lib/openstack/lib/python3.10/site-packages/oslo_db/api.py", line 144, in wrapper
2026-09-12 05:25:11.681 9 ERROR neutron.plugins.ml2.managers with excutils.save_and_reraise_exception() as ectxt:
2026-09-12 05:25:11.681 9 ERROR neutron.plugins.ml2.managers
File "/var/lib/openstack/lib/python3.10/site-packages/oslo_utils/excutils.py", line 227, in __exit__
2026-09-12 05:25:11.681 9 ERROR neutron.plugins.ml2.managers self.force_reraise()
2026-09-12 05:25:11.681 9 ERROR neutron.plugins.ml2.managers
File "/var/lib/openstack/lib/python3.10/site-packages/oslo_utils/excutils.py", line 200, in force_reraise
2026-09-12 05:25:11.681 9 ERROR neutron.plugins.ml2.managers raise self.value
2026-09-12 05:25:11.681 9 ERROR neutron.plugins.ml2.managers
File "/var/lib/openstack/lib/python3.10/site-packages/oslo_db/api.py", line 142, in wrapper
2026-09-12 05:25:11.681 9 ERROR neutron.plugins.ml2.managers return f(*args, **kwargs)
2026-09-12 05:25:11.681 9 ERROR neutron.plugins.ml2.managers
File "/var/lib/openstack/lib/python3.10/site-packages/neutron_lib/db/api.py", line 183, in wrapped
2026-09-12 05:25:11.681 9 ERROR neutron.plugins.ml2.managers with excutils.save_and_reraise_exception():
2026-09-12 05:25:11.681 9 ERROR neutron.plugins.ml2.managers
File "/var/lib/openstack/lib/python3.10/site-packages/oslo_utils/excutils.py", line 227, in __exit__
2026-09-12 05:25:11.681 9 ERROR neutron.plugins.ml2.managers self.force_reraise()
2026-09-12 05:25:11.681 9 ERROR neutron.plugins.ml2.managers
File "/var/lib/openstack/lib/python3.10/site-packages/oslo_utils/excutils.py", line 200, in force_reraise
2026-09-12 05:25:11.681 9 ERROR neutron.plugins.ml2.managers raise self.value
2026-09-12 05:25:11.681 9 ERROR neutron.plugins.ml2.managers
File "/var/lib/openstack/lib/python3.10/site-packages/neutron_lib/db/api.py", line 181, in wrapped
2026-09-12 05:25:11.681 9 ERROR neutron.plugins.ml2.managers return f(*dup_args, **dup_kwargs)
2026-09-12 05:25:11.681 9 ERROR neutron.plugins.ml2.managers
File "/var/lib/openstack/lib/python3.10/site-packages/neutron/db/db_base_plugin_v2.py", line 1233, in get_subnet
2026-09-12 05:25:11.681 9 ERROR neutron.plugins.ml2.managers subnet_obj = self._get_subnet_object(context, id)
2026-09-12 05:25:11.681 9 ERROR neutron.plugins.ml2.managers
File "/var/lib/openstack/lib/python3.10/site-packages/neutron/db/db_base_plugin_common.py", line 282, in _get_subnet_object
2026-09-12 05:25:11.681 9 ERROR neutron.plugins.ml2.managers raise exceptions.SubnetNotFound(subnet_id=id)
2026-09-12 05:25:11.681 9 ERROR neutron.plugins.ml2.managers neutron_lib.exceptions.SubnetNotFound: Subnet e856d4bd-f0aa-45e0-8e47-51df385bf80b could not be found.
2026-09-12 05:25:11.681 9 ERROR neutron.plugins.ml2.managers 
2026-09-12 05:25:11.682 9 ERROR neutron.plugins.ml2.managers [None req-e7529696-dca4-44a2-b157-091c0b78a0bb - - - - - -] Failed to bind port 6a41862e-017c-4e60-8ab6-cf7bb4ef7f3b on host instance for vnic_type normal using segments [{'id': '82c91e22-683b-43e4-afc6-63dfa28da55c', 'network_type': 'vxlan', 'physical_network': None, 'segmentation_id': 331, 'network_id': 'e033b640-f0f5-4e01-9263-b99eb5ab09a4'}]
2026-09-12 05:25:11.682 9 INFO neutron.plugins.ml2.plugin [None req-e7529696-dca4-44a2-b157-091c0b78a0bb - - - - - -] Attempt 9 to bind port 6a41862e-017c-4e60-8ab6-cf7bb4ef7f3b
2026-09-12 05:25:11.713 9 ERROR neutron.plugins.ml2.managers [None req-e7529696-dca4-44a2-b157-091c0b78a0bb - - - - - -] Mechanism driver openvswitch failed in bind_port: neutron_lib.exceptions.SubnetNotFound: Subnet e856d4bd-f0aa-45e0-8e47-51df385bf80b could not be found.
2026-09-12 05:25:11.713 9 ERROR neutron.plugins.ml2.managers
Traceback (most recent call last):
2026-09-12 05:25:11.713 9 ERROR neutron.plugins.ml2.managers
File "/var/lib/openstack/lib/python3.10/site-packages/neutron/plugins/ml2/managers.py", line 850, in _bind_port_level
2026-09-12 05:25:11.713 9 ERROR neutron.plugins.ml2.managers driver.obj.bind_port(context)
2026-09-12 05:25:11.713 9 ERROR neutron.plugins.ml2.managers
File "/var/lib/openstack/lib/python3.10/site-packages/neutron/plugins/ml2/drivers/openvswitch/mech_driver/mech_openvswitch.py", line 133, in bind_port
2026-09-12 05:25:11.713 9 ERROR neutron.plugins.ml2.managers super(OpenvswitchMechanismDriver, self).bind_port(context)
2026-09-12 05:25:11.713 9 ERROR neutron.plugins.ml2.managers
File "/var/lib/openstack/lib/python3.10/site-packages/neutron/plugins/ml2/drivers/mech_agent.py", line 104, in bind_port
2026-09-12 05:25:11.713 9 ERROR neutron.plugins.ml2.managers subnets = self.get_subnets_from_fixed_ips(context)
2026-09-12 05:25:11.713 9 ERROR neutron.plugins.ml2.managers
File "/var/lib/openstack/lib/python3.10/site-packages/neutron/plugins/ml2/drivers/mech_agent.py", line 149, in get_subnets_from_fixed_ips
2026-09-12 05:25:11.713 9 ERROR neutron.plugins.ml2.managers subnets.append(context._plugin.get_subnet(
2026-09-12 05:25:11.713 9 ERROR neutron.plugins.ml2.managers
File "/var/lib/openstack/lib/python3.10/site-packages/neutron_lib/db/api.py", line 223, in wrapped
2026-09-12 05:25:11.713 9 ERROR neutron.plugins.ml2.managers return f_with_retry(*args, **kwargs,
2026-09-12 05:25:11.713 9 ERROR neutron.plugins.ml2.managers
File "/var/lib/openstack/lib/python3.10/site-packages/neutron_lib/db/api.py", line 137, in wrapped
2026-09-12 05:25:11.713 9 ERROR neutron.plugins.ml2.managers with excutils.save_and_reraise_exception():
2026-09-12 05:25:11.713 9 ERROR neutron.plugins.ml2.managers
File "/var/lib/openstack/lib/python3.10/site-packages/oslo_utils/excutils.py", line 227, in __exit__
2026-09-12 05:25:11.713 9 ERROR neutron.plugins.ml2.managers self.force_reraise()
2026-09-12 05:25:11.713 9 ERROR neutron.plugins.ml2.managers
File "/var/lib/openstack/lib/python3.10/site-packages/oslo_utils/excutils.py", line 200, in force_reraise
2026-09-12 05:25:11.713 9 ERROR neutron.plugins.ml2.managers raise self.value
2026-09-12 05:25:11.713 9 ERROR neutron.plugins.ml2.managers
File "/var/lib/openstack/lib/python3.10/site-packages/neutron_lib/db/api.py", line 135, in wrapped
2026-09-12 05:25:11.713 9 ERROR neutron.plugins.ml2.managers return f(*args, **kwargs)
2026-09-12 05:25:11.713 9 ERROR neutron.plugins.ml2.managers
File "/var/lib/openstack/lib/python3.10/site-packages/oslo_db/api.py", line 144, in wrapper
2026-09-12 05:25:11.713 9 ERROR neutron.plugins.ml2.managers with excutils.save_and_reraise_exception() as ectxt:
2026-09-12 05:25:11.713 9 ERROR neutron.plugins.ml2.managers
File "/var/lib/openstack/lib/python3.10/site-packages/oslo_utils/excutils.py", line 227, in __exit__
2026-09-12 05:25:11.713 9 ERROR neutron.plugins.ml2.managers self.force_reraise()
2026-09-12 05:25:11.713 9 ERROR neutron.plugins.ml2.managers
File "/var/lib/openstack/lib/python3.10/site-packages/oslo_utils/excutils.py", line 200, in force_reraise
2026-09-12 05:25:11.713 9 ERROR neutron.plugins.ml2.managers raise self.value
2026-09-12 05:25:11.713 9 ERROR neutron.plugins.ml2.managers
File "/var/lib/openstack/lib/python3.10/site-packages/oslo_db/api.py", line 142, in wrapper
2026-09-12 05:25:11.713 9 ERROR neutron.plugins.ml2.managers return f(*args, **kwargs)
2026-09-12 05:25:11.713 9 ERROR neutron.plugins.ml2.managers
File "/var/lib/openstack/lib/python3.10/site-packages/neutron_lib/db/api.py", line 183, in wrapped
2026-09-12 05:25:11.713 9 ERROR neutron.plugins.ml2.managers with excutils.save_and_reraise_exception():
2026-09-12 05:25:11.713 9 ERROR neutron.plugins.ml2.managers
File "/var/lib/openstack/lib/python3.10/site-packages/oslo_utils/excutils.py", line 227, in __exit__
2026-09-12 05:25:11.713 9 ERROR neutron.plugins.ml2.managers self.force_reraise()
2026-09-12 05:25:11.713 9 ERROR neutron.plugins.ml2.managers
File "/var/lib/openstack/lib/python3.10/site-packages/oslo_utils/excutils.py", line 200, in force_reraise
2026-09-12 05:25:11.713 9 ERROR neutron.plugins.ml2.managers raise self.value
2026-09-12 05:25:11.713 9 ERROR neutron.plugins.ml2.managers
File "/var/lib/openstack/lib/python3.10/site-packages/neutron_lib/db/api.py", line 181, in wrapped
2026-09-12 05:25:11.713 9 ERROR neutron.plugins.ml2.managers return f(*dup_args, **dup_kwargs)
2026-09-12 05:25:11.713 9 ERROR neutron.plugins.ml2.managers
File "/var/lib/openstack/lib/python3.10/site-packages/neutron/db/db_base_plugin_v2.py", line 1233, in get_subnet
2026-09-12 05:25:11.713 9 ERROR neutron.plugins.ml2.managers subnet_obj = self._get_subnet_object(context, id)
2026-09-12 05:25:11.713 9 ERROR neutron.plugins.ml2.managers
File "/var/lib/openstack/lib/python3.10/site-packages/neutron/db/db_base_plugin_common.py", line 282, in _get_subnet_object
2026-09-12 05:25:11.713 9 ERROR neutron.plugins.ml2.managers raise exceptions.SubnetNotFound(subnet_id=id)
2026-09-12 05:25:11.713 9 ERROR neutron.plugins.ml2.managers neutron_lib.exceptions.SubnetNotFound: Subnet e856d4bd-f0aa-45e0-8e47-51df385bf80b could not be found.
2026-09-12 05:25:11.713 9 ERROR neutron.plugins.ml2.managers 
2026-09-12 05:25:11.714 9 ERROR neutron.plugins.ml2.managers [None req-e7529696-dca4-44a2-b157-091c0b78a0bb - - - - - -] Failed to bind port 6a41862e-017c-4e60-8ab6-cf7bb4ef7f3b on host instance for vnic_type normal using segments [{'id': '82c91e22-683b-43e4-afc6-63dfa28da55c', 'network_type': 'vxlan', 'physical_network': None, 'segmentation_id': 331, 'network_id': 'e033b640-f0f5-4e01-9263-b99eb5ab09a4'}]
2026-09-12 05:25:11.714 9 INFO neutron.plugins.ml2.plugin [None req-e7529696-dca4-44a2-b157-091c0b78a0bb - - - - - -] Attempt 10 to bind port 6a41862e-017c-4e60-8ab6-cf7bb4ef7f3b
2026-09-12 05:25:11.731 9 ERROR neutron.plugins.ml2.managers [None req-e7529696-dca4-44a2-b157-091c0b78a0bb - - - - - -] Mechanism driver openvswitch failed in bind_port: neutron_lib.exceptions.SubnetNotFound: Subnet e856d4bd-f0aa-45e0-8e47-51df385bf80b could not be found.
2026-09-12 05:25:11.731 9 ERROR neutron.plugins.ml2.managers
Traceback (most recent call last):
2026-09-12 05:25:11.731 9 ERROR neutron.plugins.ml2.managers
File "/var/lib/openstack/lib/python3.10/site-packages/neutron/plugins/ml2/managers.py", line 850, in _bind_port_level
2026-09-12 05:25:11.731 9 ERROR neutron.plugins.ml2.managers driver.obj.bind_port(context)
2026-09-12 05:25:11.731 9 ERROR neutron.plugins.ml2.managers
File "/var/lib/openstack/lib/python3.10/site-packages/neutron/plugins/ml2/drivers/openvswitch/mech_driver/mech_openvswitch.py", line 133, in bind_port
2026-09-12 05:25:11.731 9 ERROR neutron.plugins.ml2.managers super(OpenvswitchMechanismDriver, self).bind_port(context)
2026-09-12 05:25:11.731 9 ERROR neutron.plugins.ml2.managers
File "/var/lib/openstack/lib/python3.10/site-packages/neutron/plugins/ml2/drivers/mech_agent.py", line 104, in bind_port
2026-09-12 05:25:11.731 9 ERROR neutron.plugins.ml2.managers subnets = self.get_subnets_from_fixed_ips(context)
2026-09-12 05:25:11.731 9 ERROR neutron.plugins.ml2.managers
File "/var/lib/openstack/lib/python3.10/site-packages/neutron/plugins/ml2/drivers/mech_agent.py", line 149, in get_subnets_from_fixed_ips
2026-09-12 05:25:11.731 9 ERROR neutron.plugins.ml2.managers subnets.append(context._plugin.get_subnet(
2026-09-12 05:25:11.731 9 ERROR neutron.plugins.ml2.managers
File "/var/lib/openstack/lib/python3.10/site-packages/neutron_lib/db/api.py", line 223, in wrapped
2026-09-12 05:25:11.731 9 ERROR neutron.plugins.ml2.managers return f_with_retry(*args, **kwargs,
2026-09-12 05:25:11.731 9 ERROR neutron.plugins.ml2.managers
File "/var/lib/openstack/lib/python3.10/site-packages/neutron_lib/db/api.py", line 137, in wrapped
2026-09-12 05:25:11.731 9 ERROR neutron.plugins.ml2.managers with excutils.save_and_reraise_exception():
2026-09-12 05:25:11.731 9 ERROR neutron.plugins.ml2.managers
File "/var/lib/openstack/lib/python3.10/site-packages/oslo_utils/excutils.py", line 227, in __exit__
2026-09-12 05:25:11.731 9 ERROR neutron.plugins.ml2.managers self.force_reraise()
2026-09-12 05:25:11.731 9 ERROR neutron.plugins.ml2.managers
File "/var/lib/openstack/lib/python3.10/site-packages/oslo_utils/excutils.py", line 200, in force_reraise
2026-09-12 05:25:11.731 9 ERROR neutron.plugins.ml2.managers raise self.value
2026-09-12 05:25:11.731 9 ERROR neutron.plugins.ml2.managers
File "/var/lib/openstack/lib/python3.10/site-packages/neutron_lib/db/api.py", line 135, in wrapped
2026-09-12 05:25:11.731 9 ERROR neutron.plugins.ml2.managers return f(*args, **kwargs)
2026-09-12 05:25:11.731 9 ERROR neutron.plugins.ml2.managers
File "/var/lib/openstack/lib/python3.10/site-packages/oslo_db/api.py", line 144, in wrapper
2026-09-12 05:25:11.731 9 ERROR neutron.plugins.ml2.managers with excutils.save_and_reraise_exception() as ectxt:
2026-09-12 05:25:11.731 9 ERROR neutron.plugins.ml2.managers
File "/var/lib/openstack/lib/python3.10/site-packages/oslo_utils/excutils.py", line 227, in __exit__
2026-09-12 05:25:11.731 9 ERROR neutron.plugins.ml2.managers self.force_reraise()
2026-09-12 05:25:11.731 9 ERROR neutron.plugins.ml2.managers
File "/var/lib/openstack/lib/python3.10/site-packages/oslo_utils/excutils.py", line 200, in force_reraise
2026-09-12 05:25:11.731 9 ERROR neutron.plugins.ml2.managers raise self.value
2026-09-12 05:25:11.731 9 ERROR neutron.plugins.ml2.managers
File "/var/lib/openstack/lib/python3.10/site-packages/oslo_db/api.py", line 142, in wrapper
2026-09-12 05:25:11.731 9 ERROR neutron.plugins.ml2.managers return f(*args, **kwargs)
2026-09-12 05:25:11.731 9 ERROR neutron.plugins.ml2.managers
File "/var/lib/openstack/lib/python3.10/site-packages/neutron_lib/db/api.py", line 183, in wrapped
2026-09-12 05:25:11.731 9 ERROR neutron.plugins.ml2.managers with excutils.save_and_reraise_exception():
2026-09-12 05:25:11.731 9 ERROR neutron.plugins.ml2.managers
File "/var/lib/openstack/lib/python3.10/site-packages/oslo_utils/excutils.py", line 227, in __exit__
2026-09-12 05:25:11.731 9 ERROR neutron.plugins.ml2.managers self.force_reraise()
2026-09-12 05:25:11.731 9 ERROR neutron.plugins.ml2.managers
File "/var/lib/openstack/lib/python3.10/site-packages/oslo_utils/excutils.py", line 200, in force_reraise
2026-09-12 05:25:11.731 9 ERROR neutron.plugins.ml2.managers raise self.value
2026-09-12 05:25:11.731 9 ERROR neutron.plugins.ml2.managers
File "/var/lib/openstack/lib/python3.10/site-packages/neutron_lib/db/api.py", line 181, in wrapped
2026-09-12 05:25:11.731 9 ERROR neutron.plugins.ml2.managers return f(*dup_args, **dup_kwargs)
2026-09-12 05:25:11.731 9 ERROR neutron.plugins.ml2.managers
File "/var/lib/openstack/lib/python3.10/site-packages/neutron/db/db_base_plugin_v2.py", line 1233, in get_subnet
2026-09-12 05:25:11.731 9 ERROR neutron.plugins.ml2.managers subnet_obj = self._get_subnet_object(context, id)
2026-09-12 05:25:11.731 9 ERROR neutron.plugins.ml2.managers
File "/var/lib/openstack/lib/python3.10/site-packages/neutron/db/db_base_plugin_common.py", line 282, in _get_subnet_object
2026-09-12 05:25:11.731 9 ERROR neutron.plugins.ml2.managers raise exceptions.SubnetNotFound(subnet_id=id)
2026-09-12 05:25:11.731 9 ERROR neutron.plugins.ml2.managers neutron_lib.exceptions.SubnetNotFound: Subnet e856d4bd-f0aa-45e0-8e47-51df385bf80b could not be found.
2026-09-12 05:25:11.731 9 ERROR neutron.plugins.ml2.managers 
2026-09-12 05:25:11.732 9 ERROR neutron.plugins.ml2.managers [None req-e7529696-dca4-44a2-b157-091c0b78a0bb - - - - - -] Failed to bind port 6a41862e-017c-4e60-8ab6-cf7bb4ef7f3b on host instance for vnic_type normal using segments [{'id': '82c91e22-683b-43e4-afc6-63dfa28da55c', 'network_type': 'vxlan', 'physical_network': None, 'segmentation_id': 331, 'network_id': 'e033b640-f0f5-4e01-9263-b99eb5ab09a4'}]
2026-09-12 05:25:19.024 10 INFO neutron.plugins.ml2.plugin [None req-934d6687-811b-44e1-b5ac-9ea2088038d8 - - - - - -] Attempt 1 to provision port bc6d4d91-51c2-4767-b19f-1b7ad5729045
2026-09-12 05:25:19.256 10 INFO neutron.plugins.ml2.plugin [None req-48118879-3d50-4945-8b1b-933b3a90ab7a - - - - - -] Attempt 1 to provision port bc6d4d91-51c2-4767-b19f-1b7ad5729045
2026-09-12 05:25:20.943 10 INFO neutron.plugins.ml2.plugin [None req-934d6687-811b-44e1-b5ac-9ea2088038d8 - - - - - -] Attempt 1 to provision port bc6d4d91-51c2-4767-b19f-1b7ad5729045 /var/lib/openstack/lib/python3.10/site-packages/oslo_db/sqlalchemy/enginefacade.py:664: SAWarning: DELETE statement on table 'portsecuritybindings' expected to delete 1 row(s); 0 were matched. Please set confirm_deleted_rows=False within the mapper configuration to prevent this warning. self.session.flush() /var/lib/openstack/lib/python3.10/site-packages/oslo_db/sqlalchemy/enginefacade.py:664: SAWarning: DELETE statement on table 'ml2_port_bindings' expected to delete 1 row(s); 0 were matched. Please set confirm_deleted_rows=False within the mapper configuration to prevent this warning. self.session.flush() /var/lib/openstack/lib/python3.10/site-packages/oslo_db/sqlalchemy/enginefacade.py:664: SAWarning: DELETE statement on table 'ml2_port_binding_levels' expected to delete 1 row(s); 0 were matched. Please set confirm_deleted_rows=False within the mapper configuration to prevent this warning. self.session.flush() /var/lib/openstack/lib/python3.10/site-packages/oslo_db/sqlalchemy/enginefacade.py:664: SAWarning: DELETE statement on table 'ports' expected to delete 1 row(s); 0 were matched. Please set confirm_deleted_rows=False within the mapper configuration to prevent this warning. self.session.flush()
2026-09-12 05:25:28.371 9 INFO neutron.plugins.ml2.plugin [None req-6503b201-ea63-4864-977c-a4f9f3443d1e - - - - - -] Attempt 1 to provision port 2951b045-54e6-46cc-a305-74c71fe4b10f
2026-09-12 05:25:28.959 10 INFO neutron.plugins.ml2.plugin [None req-934d6687-811b-44e1-b5ac-9ea2088038d8 - - - - - -] Attempt 1 to provision port 2951b045-54e6-46cc-a305-74c71fe4b10f
2026-09-12 05:25:29.069 9 INFO neutron.plugins.ml2.plugin [None req-a93be322-e9bc-4bbc-9a37-9f199b89dc27 - - - - - -] Attempt 1 to provision port 9fdd4593-5fdf-49c0-9656-268afbd871e1
2026-09-12 05:25:29.246 10 INFO neutron.plugins.ml2.plugin [None req-934d6687-811b-44e1-b5ac-9ea2088038d8 - - - - - -] Attempt 1 to provision port 9fdd4593-5fdf-49c0-9656-268afbd871e1
2026-09-12 05:25:29.784 10 INFO neutron.plugins.ml2.plugin [None req-3c3438f9-9c4e-48e3-9d9e-07f695b11224 - - - - - -] Attempt 1 to provision port a1f84bd2-33f6-4b94-806b-bb54305df405
2026-09-12 05:25:30.247 9 INFO neutron.plugins.ml2.plugin [None req-a957e2cc-29a4-4826-a48c-383763a3f009 - - - - - -] Attempt 1 to provision port a1f84bd2-33f6-4b94-806b-bb54305df405
2026-09-12 05:25:30.923 10 INFO neutron.plugins.ml2.plugin [None req-934d6687-811b-44e1-b5ac-9ea2088038d8 - - - - - -] Attempt 1 to provision port 9fdd4593-5fdf-49c0-9656-268afbd871e1
2026-09-12 05:25:31.509 9 INFO neutron.plugins.ml2.plugin [None req-ff2c998f-b0fb-4b29-a8c1-9d42fc6c21fb - - - - - -] Attempt 1 to provision port b664c49c-3a88-484b-920f-62131fbce351
2026-09-12 05:25:32.574 10 INFO neutron.plugins.ml2.plugin [None req-5caaa063-047c-4385-afc1-813c1e64cf6b - - - - - -] Attempt 1 to provision port b664c49c-3a88-484b-920f-62131fbce351
2026-09-12 05:25:40.953 9 INFO neutron.plugins.ml2.plugin [None req-934d6687-811b-44e1-b5ac-9ea2088038d8 - - - - - -] Attempt 1 to provision port 0dff0e17-7928-48e8-8a08-02e6c83f2860
2026-09-12 05:25:41.122 10 INFO neutron.plugins.ml2.plugin [None req-38b1abd6-9589-4eba-b313-ccdc63838a09 - - - - - -] Attempt 1 to provision port 0dff0e17-7928-48e8-8a08-02e6c83f2860
2026-09-12 05:25:42.522 9 INFO neutron.plugins.ml2.plugin [None req-a34a7e03-33d3-4003-98a6-4deae7300e18 - - - - - -] Attempt 1 to provision port a3974340-1a9a-439b-8d4d-86f258fd43b4
2026-09-12 05:25:42.863 10 INFO neutron.plugins.ml2.plugin [None req-d2b042f1-59fa-4b5f-94aa-8f446005ea62 - - - - - -] Attempt 1 to provision port a3974340-1a9a-439b-8d4d-86f258fd43b4
2026-09-12 05:25:42.928 9 INFO neutron.plugins.ml2.plugin [None req-934d6687-811b-44e1-b5ac-9ea2088038d8 - - - - - -] Attempt 1 to provision port 0dff0e17-7928-48e8-8a08-02e6c83f2860
2026-09-12 05:25:48.439 10 INFO neutron.plugins.ml2.plugin [None req-d9eea559-0f27-463f-984c-c953ee630c08 - - - - - -] Attempt 1 to provision port 1659b6ea-adad-4e53-8bb3-9d0ab719a254
2026-09-12 05:25:48.926 9 INFO neutron.plugins.ml2.plugin [None req-934d6687-811b-44e1-b5ac-9ea2088038d8 - - - - - -] Attempt 1 to provision port 1659b6ea-adad-4e53-8bb3-9d0ab719a254
2026-09-12 05:25:50.127 10 INFO neutron.plugins.ml2.plugin [None req-389e4ddb-b6ad-4be6-b674-5f09040e2757 - - - - - -] Attempt 1 to provision port 9d390ce3-fe26-425e-a185-56f2956ffc57
2026-09-12 05:25:50.429 9 INFO neutron.plugins.ml2.plugin [None req-6dbc3303-4b85-44e4-9384-4c6fc30d61ce - - - - - -] Attempt 1 to provision port 9d390ce3-fe26-425e-a185-56f2956ffc57
2026-09-12 05:25:50.951 10 INFO neutron.plugins.ml2.plugin [None req-934d6687-811b-44e1-b5ac-9ea2088038d8 - - - - - -] Attempt 1 to provision port 1659b6ea-adad-4e53-8bb3-9d0ab719a254
2026-09-12 05:25:54.012 10 INFO neutron.plugins.ml2.plugin [None req-fc201a63-b402-4d22-a7dc-a3276ebf8667 - - - - - -] Attempt 1 to provision port 8d932652-4260-4285-bfb6-5d8980c8fb44
2026-09-12 05:25:56.956 10 INFO neutron.plugins.ml2.plugin [None req-934d6687-811b-44e1-b5ac-9ea2088038d8 - - - - - -] Attempt 1 to provision port f142e4f0-d1f1-4624-82c3-46e9badc0f8a
2026-09-12 05:26:01.066 9 INFO neutron.plugins.ml2.plugin [None req-934d6687-811b-44e1-b5ac-9ea2088038d8 - - - - - -] Attempt 1 to provision port b1a53c98-9c73-4882-8ee4-e82b9c4cd3d1
2026-09-12 05:26:01.128 10 INFO neutron.plugins.ml2.plugin [None req-82a5d4dd-ae82-47fc-87a6-240938175130 - - - - - -] Attempt 1 to provision port b1a53c98-9c73-4882-8ee4-e82b9c4cd3d1
2026-09-12 05:26:01.812 9 INFO neutron.plugins.ml2.plugin [None req-934d6687-811b-44e1-b5ac-9ea2088038d8 - - - - - -] Attempt 1 to provision port 0f0ce105-8403-458b-abb9-25b798f818ad
2026-09-12 05:26:02.839 10 INFO neutron.plugins.ml2.plugin [None req-dcadf4f6-5c77-4ec5-b7d0-ccb538b242fd - - - - - -] Attempt 1 to provision port dd346204-4ccb-4dc1-bc84-9c26eac1657a
2026-09-12 05:26:03.122 10 INFO neutron.plugins.ml2.plugin [None req-d100b338-1925-43cb-b008-b07b18f520c8 - - - - - -] Attempt 1 to provision port 0f0ce105-8403-458b-abb9-25b798f818ad
2026-09-12 05:26:03.132 9 INFO neutron.plugins.ml2.plugin [None req-934d6687-811b-44e1-b5ac-9ea2088038d8 - - - - - -] Attempt 1 to provision port e3c52cb9-b5c8-45ac-ad25-8719e8c87ada
2026-09-12 05:26:03.334 9 INFO neutron.plugins.ml2.plugin [None req-1d9881e2-22ec-4dde-87f5-06c51cd954cd - - - - - -] Attempt 1 to provision port b1a53c98-9c73-4882-8ee4-e82b9c4cd3d1
2026-09-12 05:26:03.686 9 INFO neutron.plugins.ml2.plugin [None req-934d6687-811b-44e1-b5ac-9ea2088038d8 - - - - - -] Attempt 1 to provision port b1a53c98-9c73-4882-8ee4-e82b9c4cd3d1
2026-09-12 05:26:04.016 9 INFO neutron.plugins.ml2.plugin [None req-934d6687-811b-44e1-b5ac-9ea2088038d8 - - - - - -] Attempt 1 to provision port 0f0ce105-8403-458b-abb9-25b798f818ad
2026-09-12 05:26:04.257 10 INFO neutron.plugins.ml2.plugin [None req-b93b3044-2351-4c14-b454-78a4985fa0f6 - - - - - -] Attempt 1 to provision port e3c52cb9-b5c8-45ac-ad25-8719e8c87ada
2026-09-12 05:26:04.772 10 INFO neutron.plugins.ml2.plugin [None req-42189659-3dc4-405d-b827-543e5b91889d - - - - - -] Attempt 1 to provision port 0f0ce105-8403-458b-abb9-25b798f818ad
2026-09-12 05:26:04.929 9 INFO neutron.plugins.ml2.plugin [None req-934d6687-811b-44e1-b5ac-9ea2088038d8 - - - - - -] Attempt 1 to provision port e3c52cb9-b5c8-45ac-ad25-8719e8c87ada
2026-09-12 05:26:05.893 10 INFO neutron.plugins.ml2.plugin [None req-5fda80c5-0ca3-4d11-970b-b92b4a97a1ec - - - - - -] Attempt 1 to provision port e3c52cb9-b5c8-45ac-ad25-8719e8c87ada
2026-09-12 05:26:06.204 10 INFO neutron.plugins.ml2.plugin [None req-a3e65b8d-5863-42b3-85a8-092a67f7f6b7 - - - - - -] Attempt 1 to provision port 452c5584-5092-4841-a3f0-4707d5b4e2ec
2026-09-12 05:26:06.975 10 INFO neutron.plugins.ml2.plugin [None req-934d6687-811b-44e1-b5ac-9ea2088038d8 - - - - - -] Attempt 1 to provision port a5577d39-91ed-4fc8-aa29-34f33f75afac
2026-09-12 05:26:07.051 9 INFO neutron.plugins.ml2.plugin [None req-aa14046b-5514-4b38-9029-a314ffed9022 - - - - - -] Attempt 1 to provision port 452c5584-5092-4841-a3f0-4707d5b4e2ec
2026-09-12 05:26:08.011 9 INFO neutron.plugins.ml2.plugin [None req-6862b9c5-1106-46c2-9b75-1f5ebe8ec7b3 - - - - - -] Attempt 1 to provision port ae3209fd-1957-4867-b476-d37013a4c7e8
2026-09-12 05:26:08.698 9 INFO neutron.plugins.ml2.plugin [None req-886eb072-5713-4aa3-ac6a-7cd82d29bf38 - - - - - -] Attempt 1 to provision port ae3209fd-1957-4867-b476-d37013a4c7e8
2026-09-12 05:26:08.984 10 INFO neutron.plugins.ml2.plugin [None req-934d6687-811b-44e1-b5ac-9ea2088038d8 - - - - - -] Attempt 1 to provision port a5577d39-91ed-4fc8-aa29-34f33f75afac
2026-09-12 05:26:09.562 10 INFO neutron.plugins.ml2.plugin [None req-73af40a1-3999-4252-b65f-43a205e3063f - - - - - -] Attempt 1 to provision port 8b9556b9-3bfa-4553-a953-a6a57df9b1d5
2026-09-12 05:26:10.342 10 INFO neutron.plugins.ml2.plugin [None req-a57e9968-df2d-4021-97f9-ee650c631967 - - - - - -] Attempt 1 to provision port 8b9556b9-3bfa-4553-a953-a6a57df9b1d5
2026-09-12 05:26:16.073 10 INFO neutron.plugins.ml2.plugin [None req-1ae29c05-7e1b-49b8-87a4-527726c95a19 - - - - - -] Attempt 1 to provision port 4e60555f-bf3a-485f-a3b9-b3c508db925d
2026-09-12 05:26:19.191 10 INFO neutron.plugins.ml2.plugin [None req-934d6687-811b-44e1-b5ac-9ea2088038d8 - - - - - -] Attempt 1 to provision port 4e60555f-bf3a-485f-a3b9-b3c508db925d
2026-09-12 05:26:19.421 10 INFO neutron.notifiers.nova [-] Nova event matching ['req-0689dc64-a485-4007-a663-b855d34ca97a'] response: {'server_uuid': 'ad50793f-6116-4bc8-b482-e1b0bcd8701c', 'name': 'network-vif-plugged', 'status': 'completed', 'tag': '4e60555f-bf3a-485f-a3b9-b3c508db925d', 'code': 200}
2026-09-12 05:26:20.987 9 INFO neutron.plugins.ml2.plugin [None req-934d6687-811b-44e1-b5ac-9ea2088038d8 - - - - - -] Attempt 1 to provision port 4e60555f-bf3a-485f-a3b9-b3c508db925d
2026-09-12 05:26:27.053 10 INFO neutron.plugins.ml2.plugin [None req-934d6687-811b-44e1-b5ac-9ea2088038d8 - - - - - -] Attempt 1 to provision port ae3209fd-1957-4867-b476-d37013a4c7e8
2026-09-12 05:26:27.654 10 INFO neutron.plugins.ml2.plugin [None req-934d6687-811b-44e1-b5ac-9ea2088038d8 - - - - - -] Attempt 1 to provision port 8b9556b9-3bfa-4553-a953-a6a57df9b1d5
2026-09-12 05:26:28.112 10 INFO neutron.plugins.ml2.plugin [None req-934d6687-811b-44e1-b5ac-9ea2088038d8 - - - - - -] Attempt 1 to provision port dd346204-4ccb-4dc1-bc84-9c26eac1657a
2026-09-12 05:26:28.647 10 INFO neutron.plugins.ml2.plugin [None req-934d6687-811b-44e1-b5ac-9ea2088038d8 - - - - - -] Attempt 1 to provision port 452c5584-5092-4841-a3f0-4707d5b4e2ec
2026-09-12 05:26:29.135 9 INFO neutron.plugins.ml2.plugin [None req-934d6687-811b-44e1-b5ac-9ea2088038d8 - - - - - -] Attempt 1 to provision port ae3209fd-1957-4867-b476-d37013a4c7e8
2026-09-12 05:26:29.434 9 INFO neutron.plugins.ml2.plugin [None req-91039967-e4eb-41de-ba46-3330ca5cf2a5 - - - - - -] Attempt 1 to provision port 385d3d9e-4006-4503-b7e0-6b7458dbd9a9
2026-09-12 05:26:29.452 9 INFO neutron.plugins.ml2.plugin [None req-934d6687-811b-44e1-b5ac-9ea2088038d8 - - - - - -] Attempt 1 to provision port 8b9556b9-3bfa-4553-a953-a6a57df9b1d5
2026-09-12 05:26:29.709 9 INFO neutron.plugins.ml2.plugin [None req-934d6687-811b-44e1-b5ac-9ea2088038d8 - - - - - -] Attempt 1 to provision port dd346204-4ccb-4dc1-bc84-9c26eac1657a
2026-09-12 05:26:29.878 9 INFO neutron.plugins.ml2.plugin [None req-934d6687-811b-44e1-b5ac-9ea2088038d8 - - - - - -] Attempt 1 to provision port 452c5584-5092-4841-a3f0-4707d5b4e2ec
2026-09-12 05:26:31.156 10 INFO neutron.plugins.ml2.plugin [None req-934d6687-811b-44e1-b5ac-9ea2088038d8 - - - - - -] Attempt 1 to provision port 385d3d9e-4006-4503-b7e0-6b7458dbd9a9
2026-09-12 05:26:31.288 10 INFO neutron.notifiers.nova [-] Nova event matching ['req-6cc739d0-01c2-4fbb-a8f3-5c4942103907'] response: {'server_uuid': '824d6f96-12c8-45f0-9c3c-678b2fa10b97', 'name': 'network-vif-plugged', 'status': 'completed', 'tag': '385d3d9e-4006-4503-b7e0-6b7458dbd9a9', 'code': 200}
2026-09-12 05:26:33.200 9 INFO neutron.plugins.ml2.plugin [None req-934d6687-811b-44e1-b5ac-9ea2088038d8 - - - - - -] Attempt 1 to provision port 385d3d9e-4006-4503-b7e0-6b7458dbd9a9
2026-09-12 05:26:33.722 9 INFO neutron.plugins.ml2.plugin [None req-112b5bbe-3d64-4e83-8443-fd833f0e1a3e - - - - - -] Attempt 1 to provision port 1f135476-944a-4dbc-bd57-a31bc6a61fb3
2026-09-12 05:26:37.159 10 INFO neutron.plugins.ml2.plugin [None req-934d6687-811b-44e1-b5ac-9ea2088038d8 - - - - - -] Attempt 1 to provision port 390a714a-dcd9-4064-90d8-6a9b34c4d8fb
2026-09-12 05:26:37.683 10 INFO neutron.plugins.ml2.plugin [None req-934d6687-811b-44e1-b5ac-9ea2088038d8 - - - - - -] Attempt 1 to provision port 59f37e39-ee02-4dce-9058-171640fc9dc1
2026-09-12 05:26:37.895 10 INFO neutron.plugins.ml2.plugin [None req-7603ed3c-fff2-4e49-b8c3-0bda64640b4c - - - - - -] Attempt 1 to provision port 489dde89-d4d0-4bca-8ddd-e43e15ff5893
2026-09-12 05:26:37.945 10 INFO neutron.plugins.ml2.plugin [None req-7603ed3c-fff2-4e49-b8c3-0bda64640b4c - - - - - -] Attempt 1 to provision port 59f37e39-ee02-4dce-9058-171640fc9dc1
2026-09-12 05:26:38.162 10 INFO neutron.plugins.ml2.plugin [None req-eda7f140-27c0-4290-88f8-ae9ea7ec4620 - - - - - -] Attempt 1 to provision port 489dde89-d4d0-4bca-8ddd-e43e15ff5893
2026-09-12 05:26:38.509 10 INFO neutron.plugins.ml2.plugin [None req-fd34f78a-0439-4db0-a1b2-6c4aa246c37f - - - - - -] Attempt 1 to provision port 489dde89-d4d0-4bca-8ddd-e43e15ff5893
2026-09-12 05:26:39.115 9 INFO neutron.plugins.ml2.plugin [None req-934d6687-811b-44e1-b5ac-9ea2088038d8 - - - - - -] Attempt 1 to provision port 390a714a-dcd9-4064-90d8-6a9b34c4d8fb
2026-09-12 05:26:39.352 9 INFO neutron.plugins.ml2.plugin [None req-934d6687-811b-44e1-b5ac-9ea2088038d8 - - - - - -] Attempt 1 to provision port 59f37e39-ee02-4dce-9058-171640fc9dc1
2026-09-12 05:26:42.634 9 INFO neutron.plugins.ml2.plugin [None req-bb9c0fdf-e164-43be-b439-d80d929f2931 - - - - - -] Attempt 1 to provision port cd0dca48-6859-4225-a9b1-17a5b9dd3d33
2026-09-12 05:26:45.246 9 INFO neutron.plugins.ml2.plugin [None req-934d6687-811b-44e1-b5ac-9ea2088038d8 - - - - - -] Attempt 1 to provision port cd0dca48-6859-4225-a9b1-17a5b9dd3d33
2026-09-12 05:26:45.368 9 INFO neutron.notifiers.nova [-] Nova event matching ['req-5dd882d9-5319-4b6d-b3c0-86e7933dc3b0'] response: {'server_uuid': 'b4d811fc-f7c6-4a02-8a79-9a8fc39afd54', 'name': 'network-vif-plugged', 'status': 'completed', 'tag': 'cd0dca48-6859-4225-a9b1-17a5b9dd3d33', 'code': 200}
2026-09-12 05:26:47.175 10 INFO neutron.plugins.ml2.plugin [None req-934d6687-811b-44e1-b5ac-9ea2088038d8 - - - - - -] Attempt 1 to provision port cd0dca48-6859-4225-a9b1-17a5b9dd3d33
2026-09-12 05:26:51.570 10 INFO neutron.plugins.ml2.plugin [None req-24e6c00b-3fc0-464c-8e3d-e7e5b34016f9 - - - - - -] Attempt 1 to provision port f9fa17f8-8ad7-4c14-861e-e86477f9a3f1
2026-09-12 05:27:01.177 9 INFO neutron.plugins.ml2.plugin [None req-934d6687-811b-44e1-b5ac-9ea2088038d8 - - - - - -] Attempt 1 to provision port 1f135476-944a-4dbc-bd57-a31bc6a61fb3
2026-09-12 05:27:01.465 9 INFO neutron.plugins.ml2.plugin [None req-934d6687-811b-44e1-b5ac-9ea2088038d8 - - - - - -] Attempt 1 to provision port 489dde89-d4d0-4bca-8ddd-e43e15ff5893
2026-09-12 05:27:03.185 10 INFO neutron.plugins.ml2.plugin [None req-934d6687-811b-44e1-b5ac-9ea2088038d8 - - - - - -] Attempt 1 to provision port 1f135476-944a-4dbc-bd57-a31bc6a61fb3
2026-09-12 05:27:03.419 10 INFO neutron.plugins.ml2.plugin [None req-934d6687-811b-44e1-b5ac-9ea2088038d8 - - - - - -] Attempt 1 to provision port 489dde89-d4d0-4bca-8ddd-e43e15ff5893
2026-09-12 05:27:06.152 10 INFO neutron.plugins.ml2.plugin [None req-6c6f1b00-8c66-4dba-b5d0-9a8d9d5a934f - - - - - -] Attempt 1 to provision port f2b91ad9-c55d-4a3d-bd5f-7becdf71ea72
2026-09-12 05:27:09.264 10 INFO neutron.plugins.ml2.plugin [None req-934d6687-811b-44e1-b5ac-9ea2088038d8 - - - - - -] Attempt 1 to provision port f2b91ad9-c55d-4a3d-bd5f-7becdf71ea72
2026-09-12 05:27:09.431 10 INFO neutron.notifiers.nova [-] Nova event matching ['req-b2e98777-2d87-4ffd-a1de-6b6b14a94fc7'] response: {'server_uuid': 'ae47a0ae-d739-49ba-8001-85c08601e04f', 'name': 'network-vif-plugged', 'status': 'completed', 'tag': 'f2b91ad9-c55d-4a3d-bd5f-7becdf71ea72', 'code': 200}
2026-09-12 05:27:11.157 9 INFO neutron.plugins.ml2.plugin [None req-934d6687-811b-44e1-b5ac-9ea2088038d8 - - - - - -] Attempt 1 to provision port f2b91ad9-c55d-4a3d-bd5f-7becdf71ea72
2026-09-12 05:27:12.864 9 INFO neutron.plugins.ml2.plugin [None req-7a029f5e-d0c1-48b1-a4bf-1ef603838468 - - - - - -] Attempt 1 to provision port 815c41fe-b054-4e36-a93b-6d202fc5e2f6
2026-09-12 05:27:15.244 9 INFO neutron.plugins.ml2.plugin [None req-934d6687-811b-44e1-b5ac-9ea2088038d8 - - - - - -] Attempt 1 to provision port 815c41fe-b054-4e36-a93b-6d202fc5e2f6
2026-09-12 05:27:15.377 9 INFO neutron.notifiers.nova [-] Nova event matching ['req-82fe23de-2ac4-4a22-bf95-e96fe53f7086'] response: {'server_uuid': '77e37a16-481f-4601-afdd-75dff6dfb7f0', 'name': 'network-vif-plugged', 'status': 'completed', 'tag': '815c41fe-b054-4e36-a93b-6d202fc5e2f6', 'code': 200}
2026-09-12 05:27:17.263 10 INFO neutron.plugins.ml2.plugin [None req-934d6687-811b-44e1-b5ac-9ea2088038d8 - - - - - -] Attempt 1 to provision port 815c41fe-b054-4e36-a93b-6d202fc5e2f6
2026-09-12 05:27:48.802 10 INFO neutron.plugins.ml2.plugin [None req-65deca63-5b50-4e92-9ff7-c8804ac128ac - - - - - -] Attempt 1 to provision port e79aa5ff-d7e6-4629-97d3-f185572ec264
2026-09-12 05:27:51.361 10 INFO neutron.plugins.ml2.plugin [None req-934d6687-811b-44e1-b5ac-9ea2088038d8 - - - - - -] Attempt 1 to provision port e79aa5ff-d7e6-4629-97d3-f185572ec264
2026-09-12 05:27:51.781 10 INFO neutron.notifiers.nova [-] Nova event matching ['req-883ab12a-4417-426e-96da-4be232bd7e35'] response: {'server_uuid': 'ae47a0ae-d739-49ba-8001-85c08601e04f', 'name': 'network-vif-plugged', 'status': 'completed', 'tag': 'e79aa5ff-d7e6-4629-97d3-f185572ec264', 'code': 200}
2026-09-12 05:27:53.230 10 INFO neutron.plugins.ml2.plugin [None req-934d6687-811b-44e1-b5ac-9ea2088038d8 - - - - - -] Attempt 1 to provision port e79aa5ff-d7e6-4629-97d3-f185572ec264
2026-09-12 05:28:19.087 10 INFO neutron.plugins.ml2.plugin [None req-10d609d8-0ccf-47f7-89e2-7e406d3eb3dd - - - - - -] Attempt 1 to provision port eb9aef5e-660b-49f6-ba3a-13534296a9a5
2026-09-12 05:28:23.249 9 INFO neutron.plugins.ml2.plugin [None req-934d6687-811b-44e1-b5ac-9ea2088038d8 - - - - - -] Attempt 1 to provision port eb9aef5e-660b-49f6-ba3a-13534296a9a5
2026-09-12 05:28:23.512 9 INFO neutron.notifiers.nova [-] Nova event matching ['req-e0a8a697-cfc1-405e-b5f8-2af79bafa667'] response: {'server_uuid': 'ae47a0ae-d739-49ba-8001-85c08601e04f', 'name': 'network-vif-plugged', 'status': 'completed', 'tag': 'eb9aef5e-660b-49f6-ba3a-13534296a9a5', 'code': 200}
2026-09-12 05:28:25.207 10 INFO neutron.plugins.ml2.plugin [None req-934d6687-811b-44e1-b5ac-9ea2088038d8 - - - - - -] Attempt 1 to provision port eb9aef5e-660b-49f6-ba3a-13534296a9a5
2026-09-12 05:28:34.808 10 INFO neutron.plugins.ml2.plugin [None req-48aafb1c-12f9-45c9-baad-19908db993e8 - - - - - -] Attempt 1 to provision port 0fc9296e-5eea-44e0-82be-403da0245260
2026-09-12 05:28:39.370 9 INFO neutron.plugins.ml2.plugin [None req-934d6687-811b-44e1-b5ac-9ea2088038d8 - - - - - -] Attempt 1 to provision port 0fc9296e-5eea-44e0-82be-403da0245260
2026-09-12 05:28:39.617 9 INFO neutron.notifiers.nova [-] Nova event matching ['req-1f621285-6248-42ba-817c-67d88838643f'] response: {'server_uuid': 'ae47a0ae-d739-49ba-8001-85c08601e04f', 'name': 'network-vif-plugged', 'status': 'completed', 'tag': '0fc9296e-5eea-44e0-82be-403da0245260', 'code': 200}
2026-09-12 05:28:41.201 10 INFO neutron.plugins.ml2.plugin [None req-934d6687-811b-44e1-b5ac-9ea2088038d8 - - - - - -] Attempt 1 to provision port 0fc9296e-5eea-44e0-82be-403da0245260
2026-09-12 05:28:54.281 10 INFO neutron.plugins.ml2.plugin [None req-09c686e5-3ce7-41cb-951a-68bc32031666 - - - - - -] Attempt 1 to provision port 0fc9296e-5eea-44e0-82be-403da0245260
2026-09-12 05:28:55.313 9 INFO neutron.plugins.ml2.plugin [None req-934d6687-811b-44e1-b5ac-9ea2088038d8 - - - - - -] Attempt 1 to provision port 0fc9296e-5eea-44e0-82be-403da0245260
2026-09-12 05:29:24.022 9 INFO neutron.plugins.ml2.plugin [None req-17808d57-5082-4743-b7f2-f1db3c995b10 - - - - - -] Attempt 1 to provision port eb9aef5e-660b-49f6-ba3a-13534296a9a5
2026-09-12 05:29:25.272 10 INFO neutron.plugins.ml2.plugin [None req-934d6687-811b-44e1-b5ac-9ea2088038d8 - - - - - -] Attempt 1 to provision port eb9aef5e-660b-49f6-ba3a-13534296a9a5