Mar 26 01:08:10.898200 np0000160867 neutron-periodic-workers[105147]: DEBUG cotyledon.oslo_config_glue [-] ml2.type_drivers = ['local', 'flat', 'vlan', 'geneve'] {{(pid=105147) log_opt_values /opt/stack/data/venv/lib/python3.12/site-packages/oslo_config/cfg.py:3006}}
Mar 26 01:08:10.898421 np0000160867 neutron-periodic-workers[105147]: DEBUG cotyledon.oslo_config_glue [-] ml2_type_flat.flat_networks = ['public'] {{(pid=105147) log_opt_values /opt/stack/data/venv/lib/python3.12/site-packages/oslo_config/cfg.py:3006}}
Mar 26 01:08:10.898421 np0000160867 neutron-periodic-workers[105147]: DEBUG cotyledon.oslo_config_glue [-] ml2_type_geneve.max_header_size = 38 {{(pid=105147) log_opt_values /opt/stack/data/venv/lib/python3.12/site-packages/oslo_config/cfg.py:3006}}
Mar 26 01:08:10.898421 np0000160867 neutron-periodic-workers[105147]: DEBUG cotyledon.oslo_config_glue [-] ml2_type_geneve.vni_ranges = ['1:65536'] {{(pid=105147) log_opt_values /opt/stack/data/venv/lib/python3.12/site-packages/oslo_config/cfg.py:3006}}
Mar 26 01:08:10.898421 np0000160867 neutron-periodic-workers[105147]: DEBUG cotyledon.oslo_config_glue [-] ml2_type_vlan.network_vlan_ranges = ['public'] {{(pid=105147) log_opt_values /opt/stack/data/venv/lib/python3.12/site-packages/oslo_config/cfg.py:3006}}
Mar 26 01:08:10.898540 np0000160867 neutron-periodic-workers[105147]: DEBUG cotyledon.oslo_config_glue [-] network_log.burst_limit = 25 {{(pid=105147) log_opt_values /opt/stack/data/venv/lib/python3.12/site-packages/oslo_config/cfg.py:3006}}
Mar 26 01:08:10.898540 np0000160867 neutron-periodic-workers[105147]: DEBUG cotyledon.oslo_config_glue [-] network_log.local_output_log_base = None {{(pid=105147) log_opt_values /opt/stack/data/venv/lib/python3.12/site-packages/oslo_config/cfg.py:3006}}
Mar 26 01:08:10.898632 np0000160867 neutron-periodic-workers[105147]: DEBUG cotyledon.oslo_config_glue [-] network_log.rate_limit = 100 {{(pid=105147) log_opt_values /opt/stack/data/venv/lib/python3.12/site-packages/oslo_config/cfg.py:3006}}
Mar 26 01:08:10.898632 np0000160867 neutron-periodic-workers[105147]: DEBUG cotyledon.oslo_config_glue [-] database.asyncio_connection = **** {{(pid=105147) log_opt_values /opt/stack/data/venv/lib/python3.12/site-packages/oslo_config/cfg.py:3006}}
Mar 26 01:08:10.898709 np0000160867 neutron-periodic-workers[105147]: DEBUG cotyledon.oslo_config_glue [-] database.asyncio_slave_connection = **** {{(pid=105147) log_opt_values /opt/stack/data/venv/lib/python3.12/site-packages/oslo_config/cfg.py:3006}}
Mar 26 01:08:10.898917 np0000160867 neutron-periodic-workers[105147]: DEBUG cotyledon.oslo_config_glue [-] database.backend = sqlalchemy {{(pid=105147) log_opt_values /opt/stack/data/venv/lib/python3.12/site-packages/oslo_config/cfg.py:3006}}
Mar 26 01:08:10.898917 np0000160867 neutron-periodic-workers[105147]: DEBUG cotyledon.oslo_config_glue [-] database.connection = **** {{(pid=105147) log_opt_values /opt/stack/data/venv/lib/python3.12/site-packages/oslo_config/cfg.py:3006}}
Mar 26 01:08:10.898917 np0000160867 neutron-periodic-workers[105147]: DEBUG cotyledon.oslo_config_glue [-] database.connection_debug = 0 {{(pid=105147) log_opt_values /opt/stack/data/venv/lib/python3.12/site-packages/oslo_config/cfg.py:3006}}
Mar 26 01:08:10.898917 np0000160867 neutron-periodic-workers[105147]: DEBUG cotyledon.oslo_config_glue [-] database.connection_parameters = {{(pid=105147) log_opt_values /opt/stack/data/venv/lib/python3.12/site-packages/oslo_config/cfg.py:3006}}
Mar 26 01:08:10.898917 np0000160867 neutron-periodic-workers[105147]: DEBUG cotyledon.oslo_config_glue [-] database.connection_recycle_time = 3600 {{(pid=105147) log_opt_values /opt/stack/data/venv/lib/python3.12/site-packages/oslo_config/cfg.py:3006}}
Mar 26 01:08:10.898917 np0000160867 neutron-periodic-workers[105147]: DEBUG cotyledon.oslo_config_glue [-] database.connection_trace = False {{(pid=105147) log_opt_values /opt/stack/data/venv/lib/python3.12/site-packages/oslo_config/cfg.py:3006}}
Mar 26 01:08:10.899100 np0000160867 neutron-periodic-workers[105147]: DEBUG cotyledon.oslo_config_glue [-] database.db_inc_retry_interval = True {{(pid=105147) log_opt_values /opt/stack/data/venv/lib/python3.12/site-packages/oslo_config/cfg.py:3006}}
Mar 26 01:08:10.899100 np0000160867 neutron-periodic-workers[105147]: DEBUG cotyledon.oslo_config_glue [-] database.db_max_retries = 20 {{(pid=105147) log_opt_values /opt/stack/data/venv/lib/python3.12/site-packages/oslo_config/cfg.py:3006}}
Mar 26 01:08:10.899100 np0000160867 neutron-periodic-workers[105147]: DEBUG cotyledon.oslo_config_glue [-] database.db_max_retry_interval = 10 {{(pid=105147) log_opt_values /opt/stack/data/venv/lib/python3.12/site-packages/oslo_config/cfg.py:3006}}
Mar 26 01:08:10.899100 np0000160867 neutron-periodic-workers[105147]: DEBUG cotyledon.oslo_config_glue [-] database.db_retry_interval = 1 {{(pid=105147) log_opt_values /opt/stack/data/venv/lib/python3.12/site-packages/oslo_config/cfg.py:3006}}
Mar 26 01:08:10.899100 np0000160867 neutron-periodic-workers[105147]: DEBUG cotyledon.oslo_config_glue [-] database.max_overflow = 50 {{(pid=105147) log_opt_values /opt/stack/data/venv/lib/python3.12/site-packages/oslo_config/cfg.py:3006}}
Mar 26 01:08:10.899267 np0000160867 neutron-periodic-workers[105147]: DEBUG cotyledon.oslo_config_glue [-] database.max_pool_size = 5 {{(pid=105147) log_opt_values /opt/stack/data/venv/lib/python3.12/site-packages/oslo_config/cfg.py:3006}}
Mar 26 01:08:10.899267 np0000160867 neutron-periodic-workers[105147]: DEBUG cotyledon.oslo_config_glue [-] database.max_retries = 10 {{(pid=105147) log_opt_values /opt/stack/data/venv/lib/python3.12/site-packages/oslo_config/cfg.py:3006}}
Mar 26 01:08:10.899267 np0000160867 neutron-periodic-workers[105147]: DEBUG cotyledon.oslo_config_glue [-] database.mysql_sql_mode = TRADITIONAL {{(pid=105147) log_opt_values /opt/stack/data/venv/lib/python3.12/site-packages/oslo_config/cfg.py:3006}}
Mar 26 01:08:10.899405 np0000160867 neutron-periodic-workers[105147]: DEBUG cotyledon.oslo_config_glue [-] database.mysql_wsrep_sync_wait = None {{(pid=105147) log_opt_values /opt/stack/data/venv/lib/python3.12/site-packages/oslo_config/cfg.py:3006}}
Mar 26 01:08:10.899405 np0000160867 neutron-periodic-workers[105147]: DEBUG cotyledon.oslo_config_glue [-] database.pool_timeout = None {{(pid=105147) log_opt_values /opt/stack/data/venv/lib/python3.12/site-packages/oslo_config/cfg.py:3006}}
Mar 26 01:08:10.899571 np0000160867 neutron-periodic-workers[105147]: DEBUG cotyledon.oslo_config_glue [-] database.retry_interval = 10 {{(pid=105147) log_opt_values /opt/stack/data/venv/lib/python3.12/site-packages/oslo_config/cfg.py:3006}}
Mar 26 01:08:10.899631 np0000160867 neutron-periodic-workers[105147]: DEBUG cotyledon.oslo_config_glue [-] database.slave_connection = **** {{(pid=105147) log_opt_values /opt/stack/data/venv/lib/python3.12/site-packages/oslo_config/cfg.py:3006}}
Mar 26 01:08:10.899695 np0000160867 neutron-periodic-workers[105147]: DEBUG cotyledon.oslo_config_glue [-] database.sqlite_synchronous = True {{(pid=105147) log_opt_values /opt/stack/data/venv/lib/python3.12/site-packages/oslo_config/cfg.py:3006}}
Mar 26 01:08:10.899695 np0000160867 neutron-periodic-workers[105147]: DEBUG cotyledon.oslo_config_glue [-] database.synchronous_reader = True {{(pid=105147) log_opt_values /opt/stack/data/venv/lib/python3.12/site-packages/oslo_config/cfg.py:3006}}
Mar 26 01:08:10.899773 np0000160867 neutron-periodic-workers[105147]: DEBUG cotyledon.oslo_config_glue [-] database.use_db_reconnect = False {{(pid=105147) log_opt_values /opt/stack/data/venv/lib/python3.12/site-packages/oslo_config/cfg.py:3006}}
Mar 26 01:08:10.899835 np0000160867 neutron-periodic-workers[105147]: DEBUG cotyledon.oslo_config_glue [-] ovn.bfd_min_rx = 1000 {{(pid=105147) log_opt_values /opt/stack/data/venv/lib/python3.12/site-packages/oslo_config/cfg.py:3006}}
Mar 26 01:08:10.899835 np0000160867 neutron-periodic-workers[105147]: DEBUG cotyledon.oslo_config_glue [-] ovn.bfd_min_tx = 100 {{(pid=105147) log_opt_values /opt/stack/data/venv/lib/python3.12/site-packages/oslo_config/cfg.py:3006}}
Mar 26 01:08:10.899912 np0000160867 neutron-periodic-workers[105147]: DEBUG cotyledon.oslo_config_glue [-] ovn.bfd_mult = 3 {{(pid=105147) log_opt_values /opt/stack/data/venv/lib/python3.12/site-packages/oslo_config/cfg.py:3006}}
Mar 26 01:08:10.899912 np0000160867 neutron-periodic-workers[105147]: DEBUG cotyledon.oslo_config_glue [-] ovn.broadcast_arps_to_all_routers = True {{(pid=105147) log_opt_values /opt/stack/data/venv/lib/python3.12/site-packages/oslo_config/cfg.py:3006}}
Mar 26 01:08:10.899987 np0000160867 neutron-periodic-workers[105147]: DEBUG cotyledon.oslo_config_glue [-] ovn.dhcp_default_lease_time = 43200 {{(pid=105147) log_opt_values /opt/stack/data/venv/lib/python3.12/site-packages/oslo_config/cfg.py:3006}}
Mar 26 01:08:10.899987 np0000160867 neutron-periodic-workers[105147]: DEBUG cotyledon.oslo_config_glue [-] ovn.disable_ovn_dhcp_for_baremetal_ports = False {{(pid=105147) log_opt_values /opt/stack/data/venv/lib/python3.12/site-packages/oslo_config/cfg.py:3006}}
Mar 26 01:08:10.900076 np0000160867 neutron-periodic-workers[105147]: DEBUG cotyledon.oslo_config_glue [-] ovn.dns_records_ovn_owned = False {{(pid=105147) log_opt_values /opt/stack/data/venv/lib/python3.12/site-packages/oslo_config/cfg.py:3006}}
Mar 26 01:08:10.900076 np0000160867 neutron-periodic-workers[105147]: DEBUG cotyledon.oslo_config_glue [-] ovn.dns_servers = [] {{(pid=105147) log_opt_values /opt/stack/data/venv/lib/python3.12/site-packages/oslo_config/cfg.py:3006}}
Mar 26 01:08:10.900164 np0000160867 neutron-periodic-workers[105147]: DEBUG cotyledon.oslo_config_glue [-] ovn.enable_distributed_floating_ip = False {{(pid=105147) log_opt_values /opt/stack/data/venv/lib/python3.12/site-packages/oslo_config/cfg.py:3006}}
Mar 26 01:08:10.900164 np0000160867 neutron-periodic-workers[105147]: DEBUG cotyledon.oslo_config_glue [-] ovn.fdb_age_threshold = 300 {{(pid=105147) log_opt_values /opt/stack/data/venv/lib/python3.12/site-packages/oslo_config/cfg.py:3006}}
Mar 26 01:08:10.900247 np0000160867 neutron-periodic-workers[105147]: DEBUG cotyledon.oslo_config_glue [-] ovn.ha_failover_strategy = normal {{(pid=105147) log_opt_values /opt/stack/data/venv/lib/python3.12/site-packages/oslo_config/cfg.py:3006}}
Mar 26 01:08:10.900247 np0000160867 neutron-periodic-workers[105147]: DEBUG cotyledon.oslo_config_glue [-] ovn.live_migration_activation_strategy = rarp {{(pid=105147) log_opt_values /opt/stack/data/venv/lib/python3.12/site-packages/oslo_config/cfg.py:3006}}
Mar 26 01:08:10.900247 np0000160867 neutron-periodic-workers[105147]: DEBUG cotyledon.oslo_config_glue [-] ovn.localnet_learn_fdb = False {{(pid=105147) log_opt_values /opt/stack/data/venv/lib/python3.12/site-packages/oslo_config/cfg.py:3006}}
Mar 26 01:08:10.900353 np0000160867 neutron-periodic-workers[105147]: DEBUG cotyledon.oslo_config_glue [-] ovn.mac_binding_age_threshold = 300 {{(pid=105147) log_opt_values /opt/stack/data/venv/lib/python3.12/site-packages/oslo_config/cfg.py:3006}}
Mar 26 01:08:10.900353 np0000160867 neutron-periodic-workers[105147]: DEBUG cotyledon.oslo_config_glue [-] ovn.neutron_sync_mode = log {{(pid=105147) log_opt_values /opt/stack/data/venv/lib/python3.12/site-packages/oslo_config/cfg.py:3006}}
Mar 26 01:08:10.900430 np0000160867 neutron-periodic-workers[105147]: DEBUG cotyledon.oslo_config_glue [-] ovn.ovn_dhcp4_global_options = {} {{(pid=105147) log_opt_values /opt/stack/data/venv/lib/python3.12/site-packages/oslo_config/cfg.py:3006}}
Mar 26 01:08:10.900430 np0000160867 neutron-periodic-workers[105147]: DEBUG cotyledon.oslo_config_glue [-] ovn.ovn_dhcp6_global_options = {} {{(pid=105147) log_opt_values /opt/stack/data/venv/lib/python3.12/site-packages/oslo_config/cfg.py:3006}}
Mar 26 01:08:10.900430 np0000160867 neutron-periodic-workers[105147]: DEBUG cotyledon.oslo_config_glue [-] ovn.ovn_l3_scheduler = leastloaded {{(pid=105147) log_opt_values /opt/stack/data/venv/lib/python3.12/site-packages/oslo_config/cfg.py:3006}}
Mar 26 01:08:10.900533 np0000160867 neutron-periodic-workers[105147]: DEBUG cotyledon.oslo_config_glue [-] ovn.ovn_metadata_enabled = True {{(pid=105147) log_opt_values /opt/stack/data/venv/lib/python3.12/site-packages/oslo_config/cfg.py:3006}}
Mar 26 01:08:10.900533 np0000160867 neutron-periodic-workers[105147]: DEBUG cotyledon.oslo_config_glue [-] ovn.ovn_nb_ca_cert = /opt/stack/data/CA/int-ca/ca-chain.pem {{(pid=105147) log_opt_values /opt/stack/data/venv/lib/python3.12/site-packages/oslo_config/cfg.py:3006}}
Mar 26 01:08:10.900629 np0000160867 neutron-periodic-workers[105147]: DEBUG cotyledon.oslo_config_glue [-] ovn.ovn_nb_certificate = /opt/stack/data/CA/int-ca/devstack-cert.crt {{(pid=105147) log_opt_values /opt/stack/data/venv/lib/python3.12/site-packages/oslo_config/cfg.py:3006}}
Mar 26 01:08:10.900629 np0000160867 neutron-periodic-workers[105147]: DEBUG cotyledon.oslo_config_glue [-] ovn.ovn_nb_connection = ['ssl:199.204.45.229:6641'] {{(pid=105147) log_opt_values /opt/stack/data/venv/lib/python3.12/site-packages/oslo_config/cfg.py:3006}}
Mar 26 01:08:10.900722 np0000160867 neutron-periodic-workers[105147]: DEBUG cotyledon.oslo_config_glue [-] ovn.ovn_nb_private_key = /opt/stack/data/CA/int-ca/private/devstack-cert.key {{(pid=105147) log_opt_values /opt/stack/data/venv/lib/python3.12/site-packages/oslo_config/cfg.py:3006}}
Mar 26 01:08:10.900722 np0000160867 neutron-periodic-workers[105147]: DEBUG cotyledon.oslo_config_glue [-] ovn.ovn_router_indirect_snat = False {{(pid=105147) log_opt_values /opt/stack/data/venv/lib/python3.12/site-packages/oslo_config/cfg.py:3006}}
Mar 26 01:08:10.900722 np0000160867 neutron-periodic-workers[105147]: DEBUG cotyledon.oslo_config_glue [-] ovn.ovn_sb_ca_cert = /opt/stack/data/CA/int-ca/ca-chain.pem {{(pid=105147) log_opt_values /opt/stack/data/venv/lib/python3.12/site-packages/oslo_config/cfg.py:3006}}
Mar 26 01:08:10.900823 np0000160867 neutron-periodic-workers[105147]: DEBUG cotyledon.oslo_config_glue [-] ovn.ovn_sb_certificate = /opt/stack/data/CA/int-ca/devstack-cert.crt {{(pid=105147) log_opt_values /opt/stack/data/venv/lib/python3.12/site-packages/oslo_config/cfg.py:3006}}
Mar 26 01:08:10.900823 np0000160867 neutron-periodic-workers[105147]: DEBUG cotyledon.oslo_config_glue [-] ovn.ovn_sb_connection = ['ssl:199.204.45.229:6642'] {{(pid=105147) log_opt_values /opt/stack/data/venv/lib/python3.12/site-packages/oslo_config/cfg.py:3006}}
Mar 26 01:08:10.900912 np0000160867 neutron-periodic-workers[105147]: DEBUG cotyledon.oslo_config_glue [-] ovn.ovn_sb_private_key = /opt/stack/data/CA/int-ca/private/devstack-cert.key {{(pid=105147) log_opt_values /opt/stack/data/venv/lib/python3.12/site-packages/oslo_config/cfg.py:3006}}
Mar 26 01:08:10.900912 np0000160867 neutron-periodic-workers[105147]: DEBUG cotyledon.oslo_config_glue [-] ovn.ovs_create_tap = False {{(pid=105147) log_opt_values /opt/stack/data/venv/lib/python3.12/site-packages/oslo_config/cfg.py:3006}}
Mar 26 01:08:10.900912 np0000160867 neutron-periodic-workers[105147]: DEBUG cotyledon.oslo_config_glue [-] ovn.ovsdb_connection_timeout = 180 {{(pid=105147) log_opt_values /opt/stack/data/venv/lib/python3.12/site-packages/oslo_config/cfg.py:3006}}
Mar 26 01:08:10.901020 np0000160867 neutron-periodic-workers[105147]: DEBUG cotyledon.oslo_config_glue [-] ovn.ovsdb_log_level = INFO {{(pid=105147) log_opt_values /opt/stack/data/venv/lib/python3.12/site-packages/oslo_config/cfg.py:3006}}
Mar 26 01:08:10.901020 np0000160867 neutron-periodic-workers[105147]: DEBUG cotyledon.oslo_config_glue [-] ovn.ovsdb_probe_interval = 60000 {{(pid=105147) log_opt_values /opt/stack/data/venv/lib/python3.12/site-packages/oslo_config/cfg.py:3006}}
Mar 26 01:08:10.901020 np0000160867 neutron-periodic-workers[105147]: DEBUG cotyledon.oslo_config_glue [-] ovn.ovsdb_retry_max_interval = 180 {{(pid=105147) log_opt_values /opt/stack/data/venv/lib/python3.12/site-packages/oslo_config/cfg.py:3006}}
Mar 26 01:08:10.901118 np0000160867 neutron-periodic-workers[105147]: DEBUG cotyledon.oslo_config_glue [-] ovn.stateless_nat_enabled = False {{(pid=105147) log_opt_values /opt/stack/data/venv/lib/python3.12/site-packages/oslo_config/cfg.py:3006}}
Mar 26 01:08:10.901118 np0000160867 neutron-periodic-workers[105147]: DEBUG cotyledon.oslo_config_glue [-] ovn.vhost_sock_dir = /var/run/openvswitch {{(pid=105147) log_opt_values /opt/stack/data/venv/lib/python3.12/site-packages/oslo_config/cfg.py:3006}}
Mar 26 01:08:10.901205 np0000160867 neutron-periodic-workers[105147]: DEBUG cotyledon.oslo_config_glue [-] OVS.bridge_mac_table_size = 50000 {{(pid=105147) log_opt_values /opt/stack/data/venv/lib/python3.12/site-packages/oslo_config/cfg.py:3006}}
Mar 26 01:08:10.901205 np0000160867 neutron-periodic-workers[105147]: DEBUG cotyledon.oslo_config_glue [-] OVS.igmp_flood = False {{(pid=105147) log_opt_values /opt/stack/data/venv/lib/python3.12/site-packages/oslo_config/cfg.py:3006}}
Mar 26 01:08:10.901283 np0000160867 neutron-periodic-workers[105147]: DEBUG cotyledon.oslo_config_glue [-] OVS.igmp_flood_reports = True {{(pid=105147) log_opt_values /opt/stack/data/venv/lib/python3.12/site-packages/oslo_config/cfg.py:3006}}
Mar 26 01:08:10.901283 np0000160867 neutron-periodic-workers[105147]: DEBUG cotyledon.oslo_config_glue [-] OVS.igmp_flood_unregistered = False {{(pid=105147) log_opt_values /opt/stack/data/venv/lib/python3.12/site-packages/oslo_config/cfg.py:3006}}
Mar 26 01:08:10.901358 np0000160867 neutron-periodic-workers[105147]: DEBUG cotyledon.oslo_config_glue [-] OVS.igmp_snooping_enable = False {{(pid=105147) log_opt_values /opt/stack/data/venv/lib/python3.12/site-packages/oslo_config/cfg.py:3006}}
Mar 26 01:08:10.901502 np0000160867 neutron-periodic-workers[105147]: DEBUG cotyledon.oslo_config_glue [-] OVS.ovsdb_timeout = 10 {{(pid=105147) log_opt_values /opt/stack/data/venv/lib/python3.12/site-packages/oslo_config/cfg.py:3006}}
Mar 26 01:08:10.901648 np0000160867 neutron-periodic-workers[105147]: DEBUG cotyledon.oslo_config_glue [-] ovn_nb_global.fdb_removal_limit = 0 {{(pid=105147) log_opt_values /opt/stack/data/venv/lib/python3.12/site-packages/oslo_config/cfg.py:3006}}
Mar 26 01:08:10.901648 np0000160867 neutron-periodic-workers[105147]: DEBUG cotyledon.oslo_config_glue [-] ovn_nb_global.ignore_lsp_down = False {{(pid=105147) log_opt_values /opt/stack/data/venv/lib/python3.12/site-packages/oslo_config/cfg.py:3006}}
Mar 26 01:08:10.901725 np0000160867 neutron-periodic-workers[105147]: DEBUG cotyledon.oslo_config_glue [-] ovn_nb_global.mac_binding_removal_limit = 0 {{(pid=105147) log_opt_values /opt/stack/data/venv/lib/python3.12/site-packages/oslo_config/cfg.py:3006}}
Mar 26 01:08:10.901725 np0000160867 neutron-periodic-workers[105147]: DEBUG cotyledon.oslo_config_glue [-] ******************************************************************************** {{(pid=105147) log_opt_values /opt/stack/data/venv/lib/python3.12/site-packages/oslo_config/cfg.py:3013}}
Mar 26 01:08:10.901898 np0000160867 neutron-periodic-workers[105147]: DEBUG cotyledon._service_worker [-] Run service ServiceWrapper(0) [105147] {{(pid=105147) wait_forever /opt/stack/data/venv/lib/python3.12/site-packages/cotyledon/_service_worker.py:218}}
Mar 26 01:08:20.558311 np0000160867 neutron-periodic-workers[104381]: DEBUG dbcounter [-] [104381] Writing DB stats neutron:SELECT=4 {{(pid=104381) stat_writer /opt/stack/data/venv/lib/python3.12/site-packages/dbcounter.py:115}}
Mar 26 01:08:54.894988 np0000160867 neutron-periodic-workers[105132]: DEBUG oslo_db.sqlalchemy.engines [None req-7104c976-4a36-40d3-86af-1862173d5778 None None] Parent process 104381 forked (105132) with an open database connection, which is being discarded and recreated. {{(pid=105132) checkout /opt/stack/data/venv/lib/python3.12/site-packages/oslo_db/sqlalchemy/engines.py:402}}
Mar 26 01:08:54.902895 np0000160867 neutron-periodic-workers[105132]: DEBUG dbcounter [-] [105132] Writer thread running {{(pid=105132) stat_writer /opt/stack/data/venv/lib/python3.12/site-packages/dbcounter.py:102}}
Mar 26 01:08:54.906577 np0000160867 neutron-periodic-workers[105132]: DEBUG neutron.db.agents_db [None req-7104c976-4a36-40d3-86af-1862173d5778 None None] Agent healthcheck: found 0 active agents {{(pid=105132) agent_health_check /opt/stack/neutron/neutron/db/agents_db.py:317}}
Mar 26 01:08:54.906753 np0000160867 neutron-periodic-workers[105132]: DEBUG oslo.service.backend._threading.loopingcall [None req-7104c976-4a36-40d3-86af-1862173d5778 None None] Fixed interval looping call 'neutron.plugins.ml2.plugin.AgentDbMixin.agent_health_check' sleeping for 36.98 seconds {{(pid=105132) _run_loop /opt/stack/data/venv/lib/python3.12/site-packages/oslo_service/backend/_threading/loopingcall.py:125}}
Mar 26 01:09:04.903536 np0000160867 neutron-periodic-workers[105132]: DEBUG dbcounter [-] [105132] Writing DB stats neutron:SELECT=1 {{(pid=105132) stat_writer /opt/stack/data/venv/lib/python3.12/site-packages/dbcounter.py:115}}
Mar 26 01:09:21.885091 np0000160867 neutron-periodic-workers[105124]: DEBUG dbcounter [-] [105124] Writer thread running {{(pid=105124) stat_writer /opt/stack/data/venv/lib/python3.12/site-packages/dbcounter.py:102}}
Mar 26 01:09:21.892821 np0000160867 neutron-periodic-workers[105124]: DEBUG oslo.service.backend._threading.loopingcall [None req-8347afbf-3286-40ca-91ea-b438f4804f3c None None] Fixed interval looping call 'neutron.plugins.ml2.plugin.DhcpAgentSchedulerDbMixin.remove_networks_from_down_agents' sleeping for 36.98 seconds {{(pid=105124) _run_loop /opt/stack/data/venv/lib/python3.12/site-packages/oslo_service/backend/_threading/loopingcall.py:125}}
Mar 26 01:09:31.891816 np0000160867 neutron-periodic-workers[105124]: DEBUG dbcounter [-] [105124] Writing DB stats neutron:SELECT=3 {{(pid=105124) stat_writer /opt/stack/data/venv/lib/python3.12/site-packages/dbcounter.py:115}}
Mar 26 01:09:31.892780 np0000160867 neutron-periodic-workers[105132]: DEBUG neutron.db.agents_db [None req-7104c976-4a36-40d3-86af-1862173d5778 None None] Agent healthcheck: found 0 active agents {{(pid=105132) agent_health_check /opt/stack/neutron/neutron/db/agents_db.py:317}}
Mar 26 01:09:31.892780 np0000160867 neutron-periodic-workers[105132]: DEBUG oslo.service.backend._threading.loopingcall [None req-7104c976-4a36-40d3-86af-1862173d5778 None None] Fixed interval looping call 'neutron.plugins.ml2.plugin.AgentDbMixin.agent_health_check' sleeping for 36.99 seconds {{(pid=105132) _run_loop /opt/stack/data/venv/lib/python3.12/site-packages/oslo_service/backend/_threading/loopingcall.py:125}}
Mar 26 01:09:31.911070 np0000160867 neutron-periodic-workers[105113]: DEBUG dbcounter [-] [105113] Writer thread running {{(pid=105113) stat_writer /opt/stack/data/venv/lib/python3.12/site-packages/dbcounter.py:102}}
Mar 26 01:09:31.921677 np0000160867 neutron-periodic-workers[105113]: DEBUG oslo.service.backend._threading.loopingcall [None req-a7f0074d-57ce-44d2-9eb1-2a86c43ef4a3 None None] Fixed interval looping call 'neutron.services.ovn_l3.plugin.L3_NAT_dbonly_mixin._clean_garbage' sleeping for 299.95 seconds {{(pid=105113) _run_loop /opt/stack/data/venv/lib/python3.12/site-packages/oslo_service/backend/_threading/loopingcall.py:125}}
Mar 26 01:09:41.891109 np0000160867 neutron-periodic-workers[105132]: DEBUG dbcounter [-] [105132] Writing DB stats neutron:SELECT=1 {{(pid=105132) stat_writer /opt/stack/data/venv/lib/python3.12/site-packages/dbcounter.py:115}}
Mar 26 01:09:41.912588 np0000160867 neutron-periodic-workers[105113]: DEBUG dbcounter [-] [105113] Writing DB stats neutron:SELECT=1 {{(pid=105113) stat_writer /opt/stack/data/venv/lib/python3.12/site-packages/dbcounter.py:115}}
Mar 26 01:09:58.885041 np0000160867 neutron-periodic-workers[105124]: DEBUG oslo.service.backend._threading.loopingcall [None req-8347afbf-3286-40ca-91ea-b438f4804f3c None None] Fixed interval looping call 'neutron.plugins.ml2.plugin.DhcpAgentSchedulerDbMixin.remove_networks_from_down_agents' sleeping for 36.99 seconds {{(pid=105124) _run_loop /opt/stack/data/venv/lib/python3.12/site-packages/oslo_service/backend/_threading/loopingcall.py:125}}
Mar 26 01:10:08.882607 np0000160867 neutron-periodic-workers[105124]: DEBUG dbcounter [-] [105124] Writing DB stats neutron:SELECT=3 {{(pid=105124) stat_writer /opt/stack/data/venv/lib/python3.12/site-packages/dbcounter.py:115}}
Mar 26 01:10:08.890143 np0000160867 neutron-periodic-workers[105132]: DEBUG neutron.db.agents_db [None req-7104c976-4a36-40d3-86af-1862173d5778 None None] Agent healthcheck: found 0 active agents {{(pid=105132) agent_health_check /opt/stack/neutron/neutron/db/agents_db.py:317}}
Mar 26 01:10:08.890143 np0000160867 neutron-periodic-workers[105132]: DEBUG oslo.service.backend._threading.loopingcall [None req-7104c976-4a36-40d3-86af-1862173d5778 None None] Fixed interval looping call 'neutron.plugins.ml2.plugin.AgentDbMixin.agent_health_check' sleeping for 36.99 seconds {{(pid=105132) _run_loop /opt/stack/data/venv/lib/python3.12/site-packages/oslo_service/backend/_threading/loopingcall.py:125}}
Mar 26 01:10:10.925868 np0000160867 neutron-periodic-workers[105147]: DEBUG dbcounter [-] [105147] Writer thread running {{(pid=105147) stat_writer /opt/stack/data/venv/lib/python3.12/site-packages/dbcounter.py:102}}
Mar 26 01:10:10.928948 np0000160867 neutron-periodic-workers[105147]: DEBUG oslo.service.backend._threading.loopingcall [None req-8abecab6-9234-41d2-95cb-820385359684 None None] Fixed interval looping call 'neutron.db.quota.driver_nolock.DbQuotaNoLockDriver._remove_expired_reservations' sleeping for 119.98 seconds {{(pid=105147) _run_loop /opt/stack/data/venv/lib/python3.12/site-packages/oslo_service/backend/_threading/loopingcall.py:125}}
Mar 26 01:10:18.886722 np0000160867 neutron-periodic-workers[105132]: DEBUG dbcounter [-] [105132] Writing DB stats neutron:SELECT=1 {{(pid=105132) stat_writer /opt/stack/data/venv/lib/python3.12/site-packages/dbcounter.py:115}}
Mar 26 01:10:20.926406 np0000160867 neutron-periodic-workers[105147]: DEBUG dbcounter [-] [105147] Writing DB stats neutron:DELETE=1 {{(pid=105147) stat_writer /opt/stack/data/venv/lib/python3.12/site-packages/dbcounter.py:115}}
Mar 26 01:10:35.883986 np0000160867 neutron-periodic-workers[105124]: DEBUG oslo.service.backend._threading.loopingcall [None req-8347afbf-3286-40ca-91ea-b438f4804f3c None None] Fixed interval looping call 'neutron.plugins.ml2.plugin.DhcpAgentSchedulerDbMixin.remove_networks_from_down_agents' sleeping for 36.99 seconds {{(pid=105124) _run_loop /opt/stack/data/venv/lib/python3.12/site-packages/oslo_service/backend/_threading/loopingcall.py:125}}
Mar 26 01:10:45.883357 np0000160867 neutron-periodic-workers[105124]: DEBUG dbcounter [-] [105124] Writing DB stats neutron:SELECT=3 {{(pid=105124) stat_writer /opt/stack/data/venv/lib/python3.12/site-packages/dbcounter.py:115}}
Mar 26 01:10:45.884242 np0000160867 neutron-periodic-workers[105132]: DEBUG neutron.db.agents_db [None req-7104c976-4a36-40d3-86af-1862173d5778 None None] Agent healthcheck: found 0 active agents {{(pid=105132) agent_health_check /opt/stack/neutron/neutron/db/agents_db.py:317}}
Mar 26 01:10:45.884242 np0000160867 neutron-periodic-workers[105132]: DEBUG oslo.service.backend._threading.loopingcall [None req-7104c976-4a36-40d3-86af-1862173d5778 None None] Fixed interval looping call 'neutron.plugins.ml2.plugin.AgentDbMixin.agent_health_check' sleeping for 37.00 seconds {{(pid=105132) _run_loop /opt/stack/data/venv/lib/python3.12/site-packages/oslo_service/backend/_threading/loopingcall.py:125}}
Mar 26 01:10:55.882545 np0000160867 neutron-periodic-workers[105132]: DEBUG dbcounter [-] [105132] Writing DB stats neutron:SELECT=1 {{(pid=105132) stat_writer /opt/stack/data/venv/lib/python3.12/site-packages/dbcounter.py:115}}
Mar 26 01:11:12.883270 np0000160867 neutron-periodic-workers[105124]: DEBUG oslo.service.backend._threading.loopingcall [None req-8347afbf-3286-40ca-91ea-b438f4804f3c None None] Fixed interval looping call 'neutron.plugins.ml2.plugin.DhcpAgentSchedulerDbMixin.remove_networks_from_down_agents' sleeping for 36.99 seconds {{(pid=105124) _run_loop /opt/stack/data/venv/lib/python3.12/site-packages/oslo_service/backend/_threading/loopingcall.py:125}}
Mar 26 01:11:22.898258 np0000160867 neutron-periodic-workers[105124]: DEBUG dbcounter [-] [105124] Writing DB stats neutron:SELECT=3 {{(pid=105124) stat_writer /opt/stack/data/venv/lib/python3.12/site-packages/dbcounter.py:115}}
Mar 26 01:11:22.901062 np0000160867 neutron-periodic-workers[105132]: DEBUG neutron.db.agents_db [None req-7104c976-4a36-40d3-86af-1862173d5778 None None] Agent healthcheck: found 0 active agents {{(pid=105132) agent_health_check /opt/stack/neutron/neutron/db/agents_db.py:317}}
Mar 26 01:11:22.901248 np0000160867 neutron-periodic-workers[105132]: DEBUG oslo.service.backend._threading.loopingcall [None req-7104c976-4a36-40d3-86af-1862173d5778 None None] Fixed interval looping call 'neutron.plugins.ml2.plugin.AgentDbMixin.agent_health_check' sleeping for 37.00 seconds {{(pid=105132) _run_loop /opt/stack/data/venv/lib/python3.12/site-packages/oslo_service/backend/_threading/loopingcall.py:125}}
Mar 26 01:11:32.900348 np0000160867 neutron-periodic-workers[105132]: DEBUG dbcounter [-] [105132] Writing DB stats neutron:SELECT=1 {{(pid=105132) stat_writer /opt/stack/data/venv/lib/python3.12/site-packages/dbcounter.py:115}}
Mar 26 01:11:49.882283 np0000160867 neutron-periodic-workers[105124]: DEBUG oslo.service.backend._threading.loopingcall [None req-8347afbf-3286-40ca-91ea-b438f4804f3c None None] Fixed interval looping call 'neutron.plugins.ml2.plugin.DhcpAgentSchedulerDbMixin.remove_networks_from_down_agents' sleeping for 36.99 seconds {{(pid=105124) _run_loop /opt/stack/data/venv/lib/python3.12/site-packages/oslo_service/backend/_threading/loopingcall.py:125}}
Mar 26 01:11:59.881335 np0000160867 neutron-periodic-workers[105124]: DEBUG dbcounter [-] [105124] Writing DB stats neutron:SELECT=3 {{(pid=105124) stat_writer /opt/stack/data/venv/lib/python3.12/site-packages/dbcounter.py:115}}
Mar 26 01:11:59.905872 np0000160867 neutron-periodic-workers[105132]: DEBUG neutron.db.agents_db [None req-7104c976-4a36-40d3-86af-1862173d5778 None None] Agent healthcheck: found 0 active agents {{(pid=105132) agent_health_check /opt/stack/neutron/neutron/db/agents_db.py:317}}
Mar 26 01:11:59.906169 np0000160867 neutron-periodic-workers[105132]: DEBUG oslo.service.backend._threading.loopingcall [None req-7104c976-4a36-40d3-86af-1862173d5778 None None] Fixed interval looping call 'neutron.plugins.ml2.plugin.AgentDbMixin.agent_health_check' sleeping for 37.00 seconds {{(pid=105132) _run_loop /opt/stack/data/venv/lib/python3.12/site-packages/oslo_service/backend/_threading/loopingcall.py:125}}
Mar 26 01:12:09.904892 np0000160867 neutron-periodic-workers[105132]: DEBUG dbcounter [-] [105132] Writing DB stats neutron:SELECT=1 {{(pid=105132) stat_writer /opt/stack/data/venv/lib/python3.12/site-packages/dbcounter.py:115}}
Mar 26 01:12:10.914736 np0000160867 neutron-periodic-workers[105147]: DEBUG oslo.service.backend._threading.loopingcall [None req-8abecab6-9234-41d2-95cb-820385359684 None None] Fixed interval looping call 'neutron.db.quota.driver_nolock.DbQuotaNoLockDriver._remove_expired_reservations' sleeping for 119.99 seconds {{(pid=105147) _run_loop /opt/stack/data/venv/lib/python3.12/site-packages/oslo_service/backend/_threading/loopingcall.py:125}}
Mar 26 01:12:20.913295 np0000160867 neutron-periodic-workers[105147]: DEBUG dbcounter [-] [105147] Writing DB stats neutron:DELETE=1 {{(pid=105147) stat_writer /opt/stack/data/venv/lib/python3.12/site-packages/dbcounter.py:115}}
Mar 26 01:12:26.880909 np0000160867 neutron-periodic-workers[105124]: DEBUG oslo.service.backend._threading.loopingcall [None req-8347afbf-3286-40ca-91ea-b438f4804f3c None None] Fixed interval looping call 'neutron.plugins.ml2.plugin.DhcpAgentSchedulerDbMixin.remove_networks_from_down_agents' sleeping for 36.99 seconds {{(pid=105124) _run_loop /opt/stack/data/venv/lib/python3.12/site-packages/oslo_service/backend/_threading/loopingcall.py:125}}
Mar 26 01:12:36.880001 np0000160867 neutron-periodic-workers[105124]: DEBUG dbcounter [-] [105124] Writing DB stats neutron:SELECT=3 {{(pid=105124) stat_writer /opt/stack/data/venv/lib/python3.12/site-packages/dbcounter.py:115}}
Mar 26 01:12:36.911368 np0000160867 neutron-periodic-workers[105132]: DEBUG neutron.db.agents_db [None req-7104c976-4a36-40d3-86af-1862173d5778 None None] Agent healthcheck: found 0 active agents {{(pid=105132) agent_health_check /opt/stack/neutron/neutron/db/agents_db.py:317}}
Mar 26 01:12:36.911909 np0000160867 neutron-periodic-workers[105132]: DEBUG oslo.service.backend._threading.loopingcall [None req-7104c976-4a36-40d3-86af-1862173d5778 None None] Fixed interval looping call 'neutron.plugins.ml2.plugin.AgentDbMixin.agent_health_check' sleeping for 36.99 seconds {{(pid=105132) _run_loop /opt/stack/data/venv/lib/python3.12/site-packages/oslo_service/backend/_threading/loopingcall.py:125}}
Mar 26 01:12:46.910139 np0000160867 neutron-periodic-workers[105132]: DEBUG dbcounter [-] [105132] Writing DB stats neutron:SELECT=1 {{(pid=105132) stat_writer /opt/stack/data/venv/lib/python3.12/site-packages/dbcounter.py:115}}
Mar 26 01:13:03.877779 np0000160867 neutron-periodic-workers[105124]: DEBUG oslo.service.backend._threading.loopingcall [None req-8347afbf-3286-40ca-91ea-b438f4804f3c None None] Fixed interval looping call 'neutron.plugins.ml2.plugin.DhcpAgentSchedulerDbMixin.remove_networks_from_down_agents' sleeping for 36.99 seconds {{(pid=105124) _run_loop /opt/stack/data/venv/lib/python3.12/site-packages/oslo_service/backend/_threading/loopingcall.py:125}}
Mar 26 01:13:13.877286 np0000160867 neutron-periodic-workers[105124]: DEBUG dbcounter [-] [105124] Writing DB stats neutron:SELECT=3 {{(pid=105124) stat_writer /opt/stack/data/venv/lib/python3.12/site-packages/dbcounter.py:115}}
Mar 26 01:13:13.906804 np0000160867 neutron-periodic-workers[105132]: DEBUG neutron.db.agents_db [None req-7104c976-4a36-40d3-86af-1862173d5778 None None] Agent healthcheck: found 0 active agents {{(pid=105132) agent_health_check /opt/stack/neutron/neutron/db/agents_db.py:317}}
Mar 26 01:13:13.908037 np0000160867 neutron-periodic-workers[105132]: DEBUG oslo.service.backend._threading.loopingcall [None req-7104c976-4a36-40d3-86af-1862173d5778 None None] Fixed interval looping call 'neutron.plugins.ml2.plugin.AgentDbMixin.agent_health_check' sleeping for 36.99 seconds {{(pid=105132) _run_loop /opt/stack/data/venv/lib/python3.12/site-packages/oslo_service/backend/_threading/loopingcall.py:125}}
Mar 26 01:13:23.904952 np0000160867 neutron-periodic-workers[105132]: DEBUG dbcounter [-] [105132] Writing DB stats neutron:SELECT=1 {{(pid=105132) stat_writer /opt/stack/data/venv/lib/python3.12/site-packages/dbcounter.py:115}}
Mar 26 01:13:40.876901 np0000160867 neutron-periodic-workers[105124]: DEBUG oslo.service.backend._threading.loopingcall [None req-8347afbf-3286-40ca-91ea-b438f4804f3c None None] Fixed interval looping call 'neutron.plugins.ml2.plugin.DhcpAgentSchedulerDbMixin.remove_networks_from_down_agents' sleeping for 36.99 seconds {{(pid=105124) _run_loop /opt/stack/data/venv/lib/python3.12/site-packages/oslo_service/backend/_threading/loopingcall.py:125}}
Mar 26 01:13:50.875688 np0000160867 neutron-periodic-workers[105124]: DEBUG dbcounter [-] [105124] Writing DB stats neutron:SELECT=3 {{(pid=105124) stat_writer /opt/stack/data/venv/lib/python3.12/site-packages/dbcounter.py:115}}
Mar 26 01:13:50.901686 np0000160867 neutron-periodic-workers[105132]: DEBUG neutron.db.agents_db [None req-7104c976-4a36-40d3-86af-1862173d5778 None None] Agent healthcheck: found 0 active agents {{(pid=105132) agent_health_check /opt/stack/neutron/neutron/db/agents_db.py:317}}
Mar 26 01:13:50.902183 np0000160867 neutron-periodic-workers[105132]: DEBUG oslo.service.backend._threading.loopingcall [None req-7104c976-4a36-40d3-86af-1862173d5778 None None] Fixed interval looping call 'neutron.plugins.ml2.plugin.AgentDbMixin.agent_health_check' sleeping for 37.00 seconds {{(pid=105132) _run_loop /opt/stack/data/venv/lib/python3.12/site-packages/oslo_service/backend/_threading/loopingcall.py:125}}
Mar 26 01:14:00.900930 np0000160867 neutron-periodic-workers[105132]: DEBUG dbcounter [-] [105132] Writing DB stats neutron:SELECT=1 {{(pid=105132) stat_writer /opt/stack/data/venv/lib/python3.12/site-packages/dbcounter.py:115}}
Mar 26 01:14:10.911419 np0000160867 neutron-periodic-workers[105147]: DEBUG oslo.service.backend._threading.loopingcall [None req-8abecab6-9234-41d2-95cb-820385359684 None None] Fixed interval looping call 'neutron.db.quota.driver_nolock.DbQuotaNoLockDriver._remove_expired_reservations' sleeping for 119.99 seconds {{(pid=105147) _run_loop /opt/stack/data/venv/lib/python3.12/site-packages/oslo_service/backend/_threading/loopingcall.py:125}}
Mar 26 01:14:17.877573 np0000160867 neutron-periodic-workers[105124]: DEBUG oslo.service.backend._threading.loopingcall [None req-8347afbf-3286-40ca-91ea-b438f4804f3c None None] Fixed interval looping call 'neutron.plugins.ml2.plugin.DhcpAgentSchedulerDbMixin.remove_networks_from_down_agents' sleeping for 36.99 seconds {{(pid=105124) _run_loop /opt/stack/data/venv/lib/python3.12/site-packages/oslo_service/backend/_threading/loopingcall.py:125}}
Mar 26 01:14:20.909088 np0000160867 neutron-periodic-workers[105147]: DEBUG dbcounter [-] [105147] Writing DB stats neutron:DELETE=1 {{(pid=105147) stat_writer /opt/stack/data/venv/lib/python3.12/site-packages/dbcounter.py:115}}
Mar 26 01:14:27.876436 np0000160867 neutron-periodic-workers[105124]: DEBUG dbcounter [-] [105124] Writing DB stats neutron:SELECT=3 {{(pid=105124) stat_writer /opt/stack/data/venv/lib/python3.12/site-packages/dbcounter.py:115}}
Mar 26 01:14:27.907213 np0000160867 neutron-periodic-workers[105132]: DEBUG neutron.db.agents_db [None req-7104c976-4a36-40d3-86af-1862173d5778 None None] Agent healthcheck: found 0 active agents {{(pid=105132) agent_health_check /opt/stack/neutron/neutron/db/agents_db.py:317}}
Mar 26 01:14:27.907724 np0000160867 neutron-periodic-workers[105132]: DEBUG oslo.service.backend._threading.loopingcall [None req-7104c976-4a36-40d3-86af-1862173d5778 None None] Fixed interval looping call 'neutron.plugins.ml2.plugin.AgentDbMixin.agent_health_check' sleeping for 36.99 seconds {{(pid=105132) _run_loop /opt/stack/data/venv/lib/python3.12/site-packages/oslo_service/backend/_threading/loopingcall.py:125}}
Mar 26 01:14:31.880047 np0000160867 neutron-periodic-workers[105113]: DEBUG oslo.service.backend._threading.loopingcall [None req-a7f0074d-57ce-44d2-9eb1-2a86c43ef4a3 None None] Fixed interval looping call 'neutron.services.ovn_l3.plugin.L3_NAT_dbonly_mixin._clean_garbage' sleeping for 299.99 seconds {{(pid=105113) _run_loop /opt/stack/data/venv/lib/python3.12/site-packages/oslo_service/backend/_threading/loopingcall.py:125}}
Mar 26 01:14:37.905531 np0000160867 neutron-periodic-workers[105132]: DEBUG dbcounter [-] [105132] Writing DB stats neutron:SELECT=1 {{(pid=105132) stat_writer /opt/stack/data/venv/lib/python3.12/site-packages/dbcounter.py:115}}
Mar 26 01:14:41.874633 np0000160867 neutron-periodic-workers[105113]: DEBUG dbcounter [-] [105113] Writing DB stats neutron:SELECT=1 {{(pid=105113) stat_writer /opt/stack/data/venv/lib/python3.12/site-packages/dbcounter.py:115}}
Mar 26 01:14:54.878262 np0000160867 neutron-periodic-workers[105124]: DEBUG oslo.service.backend._threading.loopingcall [None req-8347afbf-3286-40ca-91ea-b438f4804f3c None None] Fixed interval looping call 'neutron.plugins.ml2.plugin.DhcpAgentSchedulerDbMixin.remove_networks_from_down_agents' sleeping for 36.99 seconds {{(pid=105124) _run_loop /opt/stack/data/venv/lib/python3.12/site-packages/oslo_service/backend/_threading/loopingcall.py:125}}
Mar 26 01:15:04.877326 np0000160867 neutron-periodic-workers[105124]: DEBUG dbcounter [-] [105124] Writing DB stats neutron:SELECT=3 {{(pid=105124) stat_writer /opt/stack/data/venv/lib/python3.12/site-packages/dbcounter.py:115}}
Mar 26 01:15:04.901617 np0000160867 neutron-periodic-workers[105132]: DEBUG neutron.db.agents_db [None req-7104c976-4a36-40d3-86af-1862173d5778 None None] Agent healthcheck: found 0 active agents {{(pid=105132) agent_health_check /opt/stack/neutron/neutron/db/agents_db.py:317}}
Mar 26 01:15:04.902247 np0000160867 neutron-periodic-workers[105132]: DEBUG oslo.service.backend._threading.loopingcall [None req-7104c976-4a36-40d3-86af-1862173d5778 None None] Fixed interval looping call 'neutron.plugins.ml2.plugin.AgentDbMixin.agent_health_check' sleeping for 37.00 seconds {{(pid=105132) _run_loop /opt/stack/data/venv/lib/python3.12/site-packages/oslo_service/backend/_threading/loopingcall.py:125}}
Mar 26 01:15:14.900198 np0000160867 neutron-periodic-workers[105132]: DEBUG dbcounter [-] [105132] Writing DB stats neutron:SELECT=1 {{(pid=105132) stat_writer /opt/stack/data/venv/lib/python3.12/site-packages/dbcounter.py:115}}
Mar 26 01:15:31.876773 np0000160867 neutron-periodic-workers[105124]: DEBUG oslo.service.backend._threading.loopingcall [None req-8347afbf-3286-40ca-91ea-b438f4804f3c None None] Fixed interval looping call 'neutron.plugins.ml2.plugin.DhcpAgentSchedulerDbMixin.remove_networks_from_down_agents' sleeping for 36.99 seconds {{(pid=105124) _run_loop /opt/stack/data/venv/lib/python3.12/site-packages/oslo_service/backend/_threading/loopingcall.py:125}}
Mar 26 01:15:41.875998 np0000160867 neutron-periodic-workers[105124]: DEBUG dbcounter [-] [105124] Writing DB stats neutron:SELECT=3 {{(pid=105124) stat_writer /opt/stack/data/venv/lib/python3.12/site-packages/dbcounter.py:115}}
Mar 26 01:15:41.906788 np0000160867 neutron-periodic-workers[105132]: DEBUG neutron.db.agents_db [None req-7104c976-4a36-40d3-86af-1862173d5778 None None] Agent healthcheck: found 0 active agents {{(pid=105132) agent_health_check /opt/stack/neutron/neutron/db/agents_db.py:317}}
Mar 26 01:15:41.907362 np0000160867 neutron-periodic-workers[105132]: DEBUG oslo.service.backend._threading.loopingcall [None req-7104c976-4a36-40d3-86af-1862173d5778 None None] Fixed interval looping call 'neutron.plugins.ml2.plugin.AgentDbMixin.agent_health_check' sleeping for 37.00 seconds {{(pid=105132) _run_loop /opt/stack/data/venv/lib/python3.12/site-packages/oslo_service/backend/_threading/loopingcall.py:125}}
Mar 26 01:15:51.905228 np0000160867 neutron-periodic-workers[105132]: DEBUG dbcounter [-] [105132] Writing DB stats neutron:SELECT=1 {{(pid=105132) stat_writer /opt/stack/data/venv/lib/python3.12/site-packages/dbcounter.py:115}}
Mar 26 01:16:08.876516 np0000160867 neutron-periodic-workers[105124]: DEBUG oslo.service.backend._threading.loopingcall [None req-8347afbf-3286-40ca-91ea-b438f4804f3c None None] Fixed interval looping call 'neutron.plugins.ml2.plugin.DhcpAgentSchedulerDbMixin.remove_networks_from_down_agents' sleeping for 36.99 seconds {{(pid=105124) _run_loop /opt/stack/data/venv/lib/python3.12/site-packages/oslo_service/backend/_threading/loopingcall.py:125}}
Mar 26 01:16:10.906765 np0000160867 neutron-periodic-workers[105147]: DEBUG oslo.service.backend._threading.loopingcall [None req-8abecab6-9234-41d2-95cb-820385359684 None None] Fixed interval looping call 'neutron.db.quota.driver_nolock.DbQuotaNoLockDriver._remove_expired_reservations' sleeping for 120.00 seconds {{(pid=105147) _run_loop /opt/stack/data/venv/lib/python3.12/site-packages/oslo_service/backend/_threading/loopingcall.py:125}}
Mar 26 01:16:18.875743 np0000160867 neutron-periodic-workers[105124]: DEBUG dbcounter [-] [105124] Writing DB stats neutron:SELECT=3 {{(pid=105124) stat_writer /opt/stack/data/venv/lib/python3.12/site-packages/dbcounter.py:115}}
Mar 26 01:16:18.911328 np0000160867 neutron-periodic-workers[105132]: DEBUG neutron.db.agents_db [None req-7104c976-4a36-40d3-86af-1862173d5778 None None] Agent healthcheck: found 0 active agents {{(pid=105132) agent_health_check /opt/stack/neutron/neutron/db/agents_db.py:317}}
Mar 26 01:16:18.911823 np0000160867 neutron-periodic-workers[105132]: DEBUG oslo.service.backend._threading.loopingcall [None req-7104c976-4a36-40d3-86af-1862173d5778 None None] Fixed interval looping call 'neutron.plugins.ml2.plugin.AgentDbMixin.agent_health_check' sleeping for 37.00 seconds {{(pid=105132) _run_loop /opt/stack/data/venv/lib/python3.12/site-packages/oslo_service/backend/_threading/loopingcall.py:125}}
Mar 26 01:16:20.905930 np0000160867 neutron-periodic-workers[105147]: DEBUG dbcounter [-] [105147] Writing DB stats neutron:DELETE=1 {{(pid=105147) stat_writer /opt/stack/data/venv/lib/python3.12/site-packages/dbcounter.py:115}}
Mar 26 01:16:28.910173 np0000160867 neutron-periodic-workers[105132]: DEBUG dbcounter [-] [105132] Writing DB stats neutron:SELECT=1 {{(pid=105132) stat_writer /opt/stack/data/venv/lib/python3.12/site-packages/dbcounter.py:115}}
Mar 26 01:16:45.875590 np0000160867 neutron-periodic-workers[105124]: DEBUG oslo.service.backend._threading.loopingcall [None req-8347afbf-3286-40ca-91ea-b438f4804f3c None None] Fixed interval looping call 'neutron.plugins.ml2.plugin.DhcpAgentSchedulerDbMixin.remove_networks_from_down_agents' sleeping for 36.99 seconds {{(pid=105124) _run_loop /opt/stack/data/venv/lib/python3.12/site-packages/oslo_service/backend/_threading/loopingcall.py:125}}
Mar 26 01:16:55.875026 np0000160867 neutron-periodic-workers[105124]: DEBUG dbcounter [-] [105124] Writing DB stats neutron:SELECT=3 {{(pid=105124) stat_writer /opt/stack/data/venv/lib/python3.12/site-packages/dbcounter.py:115}}
Mar 26 01:16:55.915353 np0000160867 neutron-periodic-workers[105132]: DEBUG neutron.db.agents_db [None req-7104c976-4a36-40d3-86af-1862173d5778 None None] Agent healthcheck: found 0 active agents {{(pid=105132) agent_health_check /opt/stack/neutron/neutron/db/agents_db.py:317}}
Mar 26 01:16:55.915750 np0000160867 neutron-periodic-workers[105132]: DEBUG oslo.service.backend._threading.loopingcall [None req-7104c976-4a36-40d3-86af-1862173d5778 None None] Fixed interval looping call 'neutron.plugins.ml2.plugin.AgentDbMixin.agent_health_check' sleeping for 37.00 seconds {{(pid=105132) _run_loop /opt/stack/data/venv/lib/python3.12/site-packages/oslo_service/backend/_threading/loopingcall.py:125}}
Mar 26 01:17:05.914261 np0000160867 neutron-periodic-workers[105132]: DEBUG dbcounter [-] [105132] Writing DB stats neutron:SELECT=1 {{(pid=105132) stat_writer /opt/stack/data/venv/lib/python3.12/site-packages/dbcounter.py:115}}
Mar 26 01:17:22.875777 np0000160867 neutron-periodic-workers[105124]: DEBUG oslo.service.backend._threading.loopingcall [None req-8347afbf-3286-40ca-91ea-b438f4804f3c None None] Fixed interval looping call 'neutron.plugins.ml2.plugin.DhcpAgentSchedulerDbMixin.remove_networks_from_down_agents' sleeping for 36.99 seconds {{(pid=105124) _run_loop /opt/stack/data/venv/lib/python3.12/site-packages/oslo_service/backend/_threading/loopingcall.py:125}}
Mar 26 01:17:32.874275 np0000160867 neutron-periodic-workers[105124]: DEBUG dbcounter [-] [105124] Writing DB stats neutron:SELECT=3 {{(pid=105124) stat_writer /opt/stack/data/venv/lib/python3.12/site-packages/dbcounter.py:115}}
Mar 26 01:17:32.920035 np0000160867 neutron-periodic-workers[105132]: DEBUG neutron.db.agents_db [None req-7104c976-4a36-40d3-86af-1862173d5778 None None] Agent healthcheck: found 0 active agents {{(pid=105132) agent_health_check /opt/stack/neutron/neutron/db/agents_db.py:317}}
Mar 26 01:17:32.920757 np0000160867 neutron-periodic-workers[105132]: DEBUG oslo.service.backend._threading.loopingcall [None req-7104c976-4a36-40d3-86af-1862173d5778 None None] Fixed interval looping call 'neutron.plugins.ml2.plugin.AgentDbMixin.agent_health_check' sleeping for 37.00 seconds {{(pid=105132) _run_loop /opt/stack/data/venv/lib/python3.12/site-packages/oslo_service/backend/_threading/loopingcall.py:125}}
Mar 26 01:17:42.932186 np0000160867 neutron-periodic-workers[105132]: DEBUG dbcounter [-] [105132] Writing DB stats neutron:SELECT=1 {{(pid=105132) stat_writer /opt/stack/data/venv/lib/python3.12/site-packages/dbcounter.py:115}}
Mar 26 01:17:59.872841 np0000160867 neutron-periodic-workers[105124]: DEBUG oslo.service.backend._threading.loopingcall [None req-8347afbf-3286-40ca-91ea-b438f4804f3c None None] Fixed interval looping call 'neutron.plugins.ml2.plugin.DhcpAgentSchedulerDbMixin.remove_networks_from_down_agents' sleeping for 36.99 seconds {{(pid=105124) _run_loop /opt/stack/data/venv/lib/python3.12/site-packages/oslo_service/backend/_threading/loopingcall.py:125}}
Mar 26 01:18:09.871256 np0000160867 neutron-periodic-workers[105124]: DEBUG dbcounter [-] [105124] Writing DB stats neutron:SELECT=3 {{(pid=105124) stat_writer /opt/stack/data/venv/lib/python3.12/site-packages/dbcounter.py:115}}
Mar 26 01:18:09.925660 np0000160867 neutron-periodic-workers[105132]: DEBUG neutron.db.agents_db [None req-7104c976-4a36-40d3-86af-1862173d5778 None None] Agent healthcheck: found 0 active agents {{(pid=105132) agent_health_check /opt/stack/neutron/neutron/db/agents_db.py:317}}
Mar 26 01:18:09.925660 np0000160867 neutron-periodic-workers[105132]: DEBUG oslo.service.backend._threading.loopingcall [None req-7104c976-4a36-40d3-86af-1862173d5778 None None] Fixed interval looping call 'neutron.plugins.ml2.plugin.AgentDbMixin.agent_health_check' sleeping for 36.99 seconds {{(pid=105132) _run_loop /opt/stack/data/venv/lib/python3.12/site-packages/oslo_service/backend/_threading/loopingcall.py:125}}
