+ COMMAND=start + start + for KEYSTONE_WSGI_SCRIPT in keystone-wsgi-public ++ type -p keystone-wsgi-public + cp -a /var/lib/openstack/bin/keystone-wsgi-public /var/www/cgi-bin/keystone/ + '[' -f /etc/apache2/envvars ']' + source /etc/apache2/envvars ++ unset HOME ++ '[' '' '!=' '' ']' ++ SUFFIX= ++ export APACHE_RUN_USER=www-data ++ APACHE_RUN_USER=www-data ++ export APACHE_RUN_GROUP=www-data ++ APACHE_RUN_GROUP=www-data ++ export APACHE_PID_FILE=/var/run/apache2/apache2.pid ++ APACHE_PID_FILE=/var/run/apache2/apache2.pid ++ export APACHE_RUN_DIR=/var/run/apache2 ++ APACHE_RUN_DIR=/var/run/apache2 ++ export APACHE_LOCK_DIR=/var/lock/apache2 ++ APACHE_LOCK_DIR=/var/lock/apache2 ++ export APACHE_LOG_DIR=/var/log/apache2 ++ APACHE_LOG_DIR=/var/log/apache2 ++ export LANG=C ++ LANG=C ++ export LANG + '[' -f /var/run/apache2/apache2.pid ']' + exec apache2 -DFOREGROUND AH00558: apache2: Could not reliably determine the server's fully qualified domain name, using 10.0.0.101. Set the 'ServerName' directive globally to suppress this message AH00558: apache2: Could not reliably determine the server's fully qualified domain name, using 10.0.0.101. Set the 'ServerName' directive globally to suppress this message
[Wed May 20 17:38:42.016659 2026] [mpm_event:notice] [pid 1:tid 140163545110400] AH00489: Apache/2.4.58 (Ubuntu) mod_wsgi/5.0.0 Python/3.12 configured -- resuming normal operations
[Wed May 20 17:38:42.016817 2026] [core:notice] [pid 1:tid 140163545110400] AH00094: Command line: 'apache2 -D FOREGROUND'
[Wed May 20 17:39:39.522640 2026] [wsgi:error] [pid 11:tid 140162908337856] /var/lib/openstack/lib/python3.12/site-packages/oslo_utils/importutils.py:77: EventletDeprecationWarning:
[Wed May 20 17:39:39.522699 2026] [wsgi:error] [pid 11:tid 140162908337856] Eventlet is deprecated. It is currently being maintained in bugfix mode, and
[Wed May 20 17:39:39.522701 2026] [wsgi:error] [pid 11:tid 140162908337856] we strongly recommend against using it for new projects.
[Wed May 20 17:39:39.522702 2026] [wsgi:error] [pid 11:tid 140162908337856]
[Wed May 20 17:39:39.522703 2026] [wsgi:error] [pid 11:tid 140162908337856] If you are already using Eventlet, we recommend migrating to a different
[Wed May 20 17:39:39.522704 2026] [wsgi:error] [pid 11:tid 140162908337856] framework. For more detail see
[Wed May 20 17:39:39.522705 2026] [wsgi:error] [pid 11:tid 140162908337856] https://eventlet.readthedocs.io/en/latest/asyncio/migration.html
[Wed May 20 17:39:39.522707 2026] [wsgi:error] [pid 11:tid 140162908337856]
[Wed May 20 17:39:39.522708 2026] [wsgi:error] [pid 11:tid 140162908337856] __import__(import_str)
[Wed May 20 17:39:39.526871 2026] [wsgi:error] [pid 9:tid 140162908337856] /var/lib/openstack/lib/python3.12/site-packages/oslo_utils/importutils.py:77: EventletDeprecationWarning:
[Wed May 20 17:39:39.526917 2026] [wsgi:error] [pid 9:tid 140162908337856] Eventlet is deprecated. It is currently being maintained in bugfix mode, and
[Wed May 20 17:39:39.526919 2026] [wsgi:error] [pid 9:tid 140162908337856] we strongly recommend against using it for new projects.
[Wed May 20 17:39:39.526920 2026] [wsgi:error] [pid 9:tid 140162908337856]
[Wed May 20 17:39:39.526921 2026] [wsgi:error] [pid 9:tid 140162908337856] If you are already using Eventlet, we recommend migrating to a different
[Wed May 20 17:39:39.526922 2026] [wsgi:error] [pid 9:tid 140162908337856] framework. For more detail see
[Wed May 20 17:39:39.526924 2026] [wsgi:error] [pid 9:tid 140162908337856] https://eventlet.readthedocs.io/en/latest/asyncio/migration.html
[Wed May 20 17:39:39.526925 2026] [wsgi:error] [pid 9:tid 140162908337856]
[Wed May 20 17:39:39.526926 2026] [wsgi:error] [pid 9:tid 140162908337856] __import__(import_str) 10.0.0.117 - - [20/May/2026:17:39:38 +0000] "GET /v3/ HTTP/1.1" 200 250 10.0.0.117 - - [20/May/2026:17:39:38 +0000] "GET /v3/ HTTP/1.1" 200 250
[Wed May 20 17:39:44.961944 2026] [wsgi:error] [pid 10:tid 140162908337856] /var/lib/openstack/lib/python3.12/site-packages/oslo_utils/importutils.py:77: EventletDeprecationWarning:
[Wed May 20 17:39:44.961983 2026] [wsgi:error] [pid 10:tid 140162908337856] Eventlet is deprecated. It is currently being maintained in bugfix mode, and
[Wed May 20 17:39:44.961985 2026] [wsgi:error] [pid 10:tid 140162908337856] we strongly recommend against using it for new projects.
[Wed May 20 17:39:44.961986 2026] [wsgi:error] [pid 10:tid 140162908337856]
[Wed May 20 17:39:44.961987 2026] [wsgi:error] [pid 10:tid 140162908337856] If you are already using Eventlet, we recommend migrating to a different
[Wed May 20 17:39:44.961988 2026] [wsgi:error] [pid 10:tid 140162908337856] framework. For more detail see
[Wed May 20 17:39:44.961989 2026] [wsgi:error] [pid 10:tid 140162908337856] https://eventlet.readthedocs.io/en/latest/asyncio/migration.html
[Wed May 20 17:39:44.961991 2026] [wsgi:error] [pid 10:tid 140162908337856]
[Wed May 20 17:39:44.961992 2026] [wsgi:error] [pid 10:tid 140162908337856] __import__(import_str) 10.0.0.117 - - [20/May/2026:17:39:44 +0000] "GET /v3/ HTTP/1.1" 200 250
[Wed May 20 17:39:52.648781 2026] [wsgi:error] [pid 12:tid 140162908337856] /var/lib/openstack/lib/python3.12/site-packages/oslo_utils/importutils.py:77: EventletDeprecationWarning:
[Wed May 20 17:39:52.648819 2026] [wsgi:error] [pid 12:tid 140162908337856] Eventlet is deprecated. It is currently being maintained in bugfix mode, and
[Wed May 20 17:39:52.648821 2026] [wsgi:error] [pid 12:tid 140162908337856] we strongly recommend against using it for new projects.
[Wed May 20 17:39:52.648822 2026] [wsgi:error] [pid 12:tid 140162908337856]
[Wed May 20 17:39:52.648823 2026] [wsgi:error] [pid 12:tid 140162908337856] If you are already using Eventlet, we recommend migrating to a different
[Wed May 20 17:39:52.648824 2026] [wsgi:error] [pid 12:tid 140162908337856] framework. For more detail see
[Wed May 20 17:39:52.648825 2026] [wsgi:error] [pid 12:tid 140162908337856] https://eventlet.readthedocs.io/en/latest/asyncio/migration.html
[Wed May 20 17:39:52.648827 2026] [wsgi:error] [pid 12:tid 140162908337856]
[Wed May 20 17:39:52.648828 2026] [wsgi:error] [pid 12:tid 140162908337856] __import__(import_str) 10.0.0.69 - - [20/May/2026:17:39:51 +0000] "GET / HTTP/1.1" 300 295
[Wed May 20 17:39:57.187613 2026] [wsgi:error] [pid 9:tid 140162908337856] [remote 10.0.0.69:50208] 2026-05-20 17:39:57.184 9 WARNING keystone.identity.core [None req-7307f282-8889-4135-b92f-c4e0dbfe8eb5 - - - - - -] Invalid domain name (atmosphere) found in config file name: keystone.exception.DomainNotFound: Could not find domain: atmosphere.
[Wed May 20 17:39:57.239141 2026] [wsgi:error] [pid 9:tid 140162908337856] [remote 10.0.0.69:50208] 2026-05-20 17:39:57.238 9 WARNING keystone.common.password_hashing [None req-7307f282-8889-4135-b92f-c4e0dbfe8eb5 - - - - - -] Truncating password to algorithm specific maximum length 72 characters.
[Wed May 20 17:39:57.523963 2026] [wsgi:error] [pid 9:tid 140162908337856] [remote 10.0.0.69:50208] 2026-05-20 17:39:57.523 9 WARNING keystone.common.fernet_utils [None req-7307f282-8889-4135-b92f-c4e0dbfe8eb5 - - - - - -] key_repository is world readable: /etc/keystone/fernet-keys/ 10.0.0.69 - - [20/May/2026:17:39:57 +0000] "POST /v3/auth/tokens HTTP/1.1" 201 1360
[Wed May 20 17:39:57.862527 2026] [wsgi:error] [pid 11:tid 140162908337856] [remote 10.0.0.69:50208] 2026-05-20 17:39:57.859 11 WARNING keystone.identity.core [None req-be48a168-2b6e-4332-aae9-32ddaf45d9ce - - - - - -] Invalid domain name (atmosphere) found in config file name: keystone.exception.DomainNotFound: Could not find domain: atmosphere. 10.0.0.69 - - [20/May/2026:17:39:57 +0000] "POST /v3/domains HTTP/1.1" 201 261 10.0.0.180 - - [20/May/2026:17:40:10 +0000] "GET / HTTP/1.1" 300 295
[Wed May 20 17:40:10.396443 2026] [wsgi:error] [pid 12:tid 140162908337856] [remote 10.0.0.180:40876] 2026-05-20 17:40:10.395 12 WARNING keystone.common.password_hashing [None req-ab47909f-6449-4b29-9e85-3224f56182a4 - - - - - -] Truncating password to algorithm specific maximum length 72 characters.
[Wed May 20 17:40:10.684084 2026] [wsgi:error] [pid 12:tid 140162908337856] [remote 10.0.0.180:40876] 2026-05-20 17:40:10.683 12 WARNING keystone.common.fernet_utils [None req-ab47909f-6449-4b29-9e85-3224f56182a4 - - - - - -] key_repository is world readable: /etc/keystone/fernet-keys/ 10.0.0.180 - - [20/May/2026:17:40:10 +0000] "POST /v3/auth/tokens HTTP/1.1" 201 1360 10.0.0.180 - - [20/May/2026:17:40:10 +0000] "GET /v3/roles/admin HTTP/1.1" 404 83
[Wed May 20 17:40:10.935070 2026] [wsgi:error] [pid 11:tid 140162908337856] [remote 10.0.0.180:40876] 2026-05-20 17:40:10.934 11 WARNING keystone.common.rbac_enforcer.enforcer [None req-cf355e72-44f0-4182-9ea6-b54899aa49ce 974a8273837b4ab4848fc2e401295652 7e1928c50d0f48d28916ad214d7874d0 - - default default] Deprecated policy rules found. Use oslopolicy-policy-generator and oslopolicy-policy-upgrade to detect and resolve deprecated policies in your configuration. 10.0.0.180 - - [20/May/2026:17:40:10 +0000] "GET /v3/roles?name=admin HTTP/1.1" 200 389
[Wed May 20 17:40:11.310494 2026] [wsgi:error] [pid 10:tid 140162908337856] [remote 10.0.0.180:40876] 2026-05-20 17:40:11.310 10 WARNING keystone.common.rbac_enforcer.enforcer [None req-b114d307-ab80-453f-8438-88077a4f2821 974a8273837b4ab4848fc2e401295652 7e1928c50d0f48d28916ad214d7874d0 - - default default] Deprecated policy rules found. Use oslopolicy-policy-generator and oslopolicy-policy-upgrade to detect and resolve deprecated policies in your configuration. 10.0.0.180 - - [20/May/2026:17:40:10 +0000] "GET /v3/users/admin-RegionOne HTTP/1.1" 404 93
[Wed May 20 17:40:11.485137 2026] [wsgi:error] [pid 12:tid 140162908337856] [remote 10.0.0.180:40876] 2026-05-20 17:40:11.484 12 WARNING keystone.common.rbac_enforcer.enforcer [None req-8ac700b5-3c43-4964-bc2d-100f29512171 974a8273837b4ab4848fc2e401295652 7e1928c50d0f48d28916ad214d7874d0 - - default default] Deprecated policy rules found. Use oslopolicy-policy-generator and oslopolicy-policy-upgrade to detect and resolve deprecated policies in your configuration. 10.0.0.180 - - [20/May/2026:17:40:11 +0000] "GET /v3/users?name=admin-RegionOne HTTP/1.1" 200 422
[Wed May 20 17:40:11.773033 2026] [wsgi:error] [pid 9:tid 140162908337856] [remote 10.0.0.180:40876] 2026-05-20 17:40:11.772 9 WARNING keystone.common.rbac_enforcer.enforcer [None req-2441098c-a6a4-406c-8b98-105d86b297c3 974a8273837b4ab4848fc2e401295652 7e1928c50d0f48d28916ad214d7874d0 - - default default] Deprecated policy rules found. Use oslopolicy-policy-generator and oslopolicy-policy-upgrade to detect and resolve deprecated policies in your configuration. 10.0.0.180 - - [20/May/2026:17:40:11 +0000] "GET /v3/domains/default HTTP/1.1" 200 224 10.0.0.180 - - [20/May/2026:17:40:11 +0000] "PUT /v3/domains/default/users/974a8273837b4ab4848fc2e401295652/roles/b6e11528692e4ac699c80a9b12d0e1d1 HTTP/1.1" 204 - 10.0.0.117 - - [20/May/2026:17:40:21 +0000] "GET / HTTP/1.1" 300 281 10.0.0.117 - - [20/May/2026:17:40:22 +0000] "GET /v3 HTTP/1.1" 200 266
[Wed May 20 17:40:22.841636 2026] [wsgi:error] [pid 9:tid 140162908337856] [remote 10.0.0.117:39510] 2026-05-20 17:40:22.841 9 WARNING keystone.common.password_hashing [None req-adb30f4d-c804-4912-bf60-a46eb5eefa34 - - - - - -] Truncating password to algorithm specific maximum length 72 characters.
[Wed May 20 17:40:23.117273 2026] [wsgi:error] [pid 9:tid 140162908337856] [remote 10.0.0.117:39510] 2026-05-20 17:40:23.117 9 WARNING keystone.common.fernet_utils [None req-adb30f4d-c804-4912-bf60-a46eb5eefa34 - - - - - -] key_repository is world readable: /etc/keystone/fernet-keys/ 10.0.0.117 - - [20/May/2026:17:40:22 +0000] "POST /v3/auth/tokens HTTP/1.1" 201 1360 10.0.0.117 - - [20/May/2026:17:40:23 +0000] "GET / HTTP/1.1" 300 281 10.0.0.117 - - [20/May/2026:17:40:23 +0000] "GET /v3/domains/atmosphere HTTP/1.1" 404 90 10.0.0.117 - - [20/May/2026:17:40:23 +0000] "GET /v3/domains?name=atmosphere HTTP/1.1" 200 370 10.0.0.117 - - [20/May/2026:17:40:23 +0000] "GET /v3/domains/721a1e542cfa44e28f64ca709579f230 HTTP/1.1" 200 247 10.0.0.117 - - [20/May/2026:17:40:24 +0000] "GET /v3 HTTP/1.1" 200 266
[Wed May 20 17:40:24.296669 2026] [wsgi:error] [pid 10:tid 140162908337856] [remote 10.0.0.117:39510] 2026-05-20 17:40:24.296 10 WARNING keystone.common.password_hashing [None req-a5cd5263-5ac0-45f8-9a50-14074d0a9c23 - - - - - -] Truncating password to algorithm specific maximum length 72 characters.
[Wed May 20 17:40:24.567516 2026] [wsgi:error] [pid 10:tid 140162908337856] [remote 10.0.0.117:39510] 2026-05-20 17:40:24.567 10 WARNING keystone.common.fernet_utils [None req-a5cd5263-5ac0-45f8-9a50-14074d0a9c23 - - - - - -] key_repository is world readable: /etc/keystone/fernet-keys/ 10.0.0.117 - - [20/May/2026:17:40:24 +0000] "POST /v3/auth/tokens HTTP/1.1" 201 1360 10.0.0.117 - - [20/May/2026:17:40:24 +0000] "GET / HTTP/1.1" 300 281 10.0.0.117 - - [20/May/2026:17:40:24 +0000] "GET /v3/OS-FEDERATION/identity_providers/atmosphere HTTP/1.1" 404 101 10.0.0.117 - - [20/May/2026:17:40:24 +0000] "GET /v3/OS-FEDERATION/identity_providers HTTP/1.1" 200 156 10.0.0.117 - - [20/May/2026:17:40:24 +0000] "PUT /v3/OS-FEDERATION/identity_providers/atmosphere HTTP/1.1" 201 342 10.0.0.117 - - [20/May/2026:17:40:25 +0000] "GET /v3 HTTP/1.1" 200 266
[Wed May 20 17:40:25.407842 2026] [wsgi:error] [pid 9:tid 140162908337856] [remote 10.0.0.117:39510] 2026-05-20 17:40:25.407 9 WARNING keystone.common.password_hashing [None req-7f1ac7d3-32b7-4546-a3a6-2e46526d9467 - - - - - -] Truncating password to algorithm specific maximum length 72 characters.
[Wed May 20 17:40:25.687833 2026] [wsgi:error] [pid 9:tid 140162908337856] [remote 10.0.0.117:39510] 2026-05-20 17:40:25.687 9 WARNING keystone.common.fernet_utils [None req-7f1ac7d3-32b7-4546-a3a6-2e46526d9467 - - - - - -] key_repository is world readable: /etc/keystone/fernet-keys/ 10.0.0.117 - - [20/May/2026:17:40:25 +0000] "POST /v3/auth/tokens HTTP/1.1" 201 1360 10.0.0.117 - - [20/May/2026:17:40:25 +0000] "GET / HTTP/1.1" 300 281 10.0.0.117 - - [20/May/2026:17:40:25 +0000] "GET /v3/OS-FEDERATION/mappings/atmosphere-openid HTTP/1.1" 404 98 10.0.0.117 - - [20/May/2026:17:40:25 +0000] "GET /v3/OS-FEDERATION/mappings HTTP/1.1" 200 136 10.0.0.117 - - [20/May/2026:17:40:25 +0000] "PUT /v3/OS-FEDERATION/mappings/atmosphere-openid HTTP/1.1" 201 357 10.0.0.117 - - [20/May/2026:17:40:26 +0000] "GET /v3 HTTP/1.1" 200 266
[Wed May 20 17:40:26.417951 2026] [wsgi:error] [pid 10:tid 140162908337856] [remote 10.0.0.117:39518] 2026-05-20 17:40:26.417 10 WARNING keystone.common.password_hashing [None req-706d8591-631b-4c56-8b71-bbd9d3f53668 - - - - - -] Truncating password to algorithm specific maximum length 72 characters.
[Wed May 20 17:40:26.685704 2026] [wsgi:error] [pid 10:tid 140162908337856] [remote 10.0.0.117:39518] 2026-05-20 17:40:26.685 10 WARNING keystone.common.fernet_utils [None req-706d8591-631b-4c56-8b71-bbd9d3f53668 - - - - - -] key_repository is world readable: /etc/keystone/fernet-keys/ 10.0.0.117 - - [20/May/2026:17:40:26 +0000] "POST /v3/auth/tokens HTTP/1.1" 201 1360 10.0.0.117 - - [20/May/2026:17:40:26 +0000] "GET / HTTP/1.1" 300 281 10.0.0.117 - - [20/May/2026:17:40:26 +0000] "GET /v3/OS-FEDERATION/identity_providers/atmosphere/protocols/openid?idp_id=atmosphere HTTP/1.1" 404 131 10.0.0.117 - - [20/May/2026:17:40:26 +0000] "GET /v3/OS-FEDERATION/identity_providers/atmosphere/protocols HTTP/1.1" 200 168 10.0.0.117 - - [20/May/2026:17:40:26 +0000] "PUT /v3/OS-FEDERATION/identity_providers/atmosphere/protocols/openid HTTP/1.1" 201 224 10.0.0.117 - - [20/May/2026:17:40:38 +0000] "GET /v3/ HTTP/1.1" 200 250 10.0.0.117 - - [20/May/2026:17:40:38 +0000] "GET /v3/ HTTP/1.1" 200 250 10.0.0.117 - - [20/May/2026:17:41:38 +0000] "GET /v3/ HTTP/1.1" 200 250 10.0.0.117 - - [20/May/2026:17:41:38 +0000] "GET /v3/ HTTP/1.1" 200 250 10.0.0.74 - - [20/May/2026:17:41:45 +0000] "GET / HTTP/1.1" 300 295
[Wed May 20 17:41:45.949602 2026] [wsgi:error] [pid 12:tid 140162908337856] [remote 10.0.0.74:51594] 2026-05-20 17:41:45.949 12 WARNING keystone.common.password_hashing [None req-1451343a-ff58-4897-a157-b24e64bf0e04 - - - - - -] Truncating password to algorithm specific maximum length 72 characters.
[Wed May 20 17:41:46.228600 2026] [wsgi:error] [pid 12:tid 140162908337856] [remote 10.0.0.74:51594] 2026-05-20 17:41:46.228 12 WARNING keystone.common.fernet_utils [None req-1451343a-ff58-4897-a157-b24e64bf0e04 - - - - - -] key_repository is world readable: /etc/keystone/fernet-keys/ 10.0.0.74 - - [20/May/2026:17:41:45 +0000] "POST /v3/auth/tokens HTTP/1.1" 201 1360 10.0.0.74 - - [20/May/2026:17:41:46 +0000] "GET /v3/services HTTP/1.1" 200 355 10.0.0.74 - - [20/May/2026:17:41:49 +0000] "GET / HTTP/1.1" 300 295
[Wed May 20 17:41:49.683748 2026] [wsgi:error] [pid 9:tid 140162908337856] [remote 10.0.0.74:49222] 2026-05-20 17:41:49.683 9 WARNING keystone.common.password_hashing [None req-a3ab8968-3ef2-4ff3-9be9-56df980ed7f0 - - - - - -] Truncating password to algorithm specific maximum length 72 characters.
[Wed May 20 17:41:49.952067 2026] [wsgi:error] [pid 9:tid 140162908337856] [remote 10.0.0.74:49222] 2026-05-20 17:41:49.951 9 WARNING keystone.common.fernet_utils [None req-a3ab8968-3ef2-4ff3-9be9-56df980ed7f0 - - - - - -] key_repository is world readable: /etc/keystone/fernet-keys/ 10.0.0.74 - - [20/May/2026:17:41:49 +0000] "POST /v3/auth/tokens HTTP/1.1" 201 1360 10.0.0.74 - - [20/May/2026:17:41:50 +0000] "GET /v3/services HTTP/1.1" 200 355 10.0.0.74 - - [20/May/2026:17:41:53 +0000] "GET / HTTP/1.1" 300 295
[Wed May 20 17:41:53.393969 2026] [wsgi:error] [pid 11:tid 140162908337856] [remote 10.0.0.74:49236] 2026-05-20 17:41:53.393 11 WARNING keystone.common.password_hashing [None req-8a11f683-d14f-44da-9502-c49f350712a8 - - - - - -] Truncating password to algorithm specific maximum length 72 characters.
[Wed May 20 17:41:53.674013 2026] [wsgi:error] [pid 11:tid 140162908337856] [remote 10.0.0.74:49236] 2026-05-20 17:41:53.673 11 WARNING keystone.common.fernet_utils [None req-8a11f683-d14f-44da-9502-c49f350712a8 - - - - - -] key_repository is world readable: /etc/keystone/fernet-keys/ 10.0.0.74 - - [20/May/2026:17:41:53 +0000] "POST /v3/auth/tokens HTTP/1.1" 201 1360 10.0.0.74 - - [20/May/2026:17:41:53 +0000] "GET /v3/services HTTP/1.1" 200 355 10.0.0.74 - - [20/May/2026:17:41:57 +0000] "GET / HTTP/1.1" 300 295
[Wed May 20 17:41:57.169303 2026] [wsgi:error] [pid 10:tid 140162908337856] [remote 10.0.0.74:49252] 2026-05-20 17:41:57.169 10 WARNING keystone.common.password_hashing [None req-f313f7aa-73ea-4e07-80b1-82acfdf866e6 - - - - - -] Truncating password to algorithm specific maximum length 72 characters.
[Wed May 20 17:41:57.448739 2026] [wsgi:error] [pid 10:tid 140162908337856] [remote 10.0.0.74:49252] 2026-05-20 17:41:57.448 10 WARNING keystone.common.fernet_utils [None req-f313f7aa-73ea-4e07-80b1-82acfdf866e6 - - - - - -] key_repository is world readable: /etc/keystone/fernet-keys/ 10.0.0.74 - - [20/May/2026:17:41:57 +0000] "POST /v3/auth/tokens HTTP/1.1" 201 1360 10.0.0.74 - - [20/May/2026:17:41:57 +0000] "POST /v3/services HTTP/1.1" 201 296 10.0.0.159 - - [20/May/2026:17:42:09 +0000] "GET / HTTP/1.1" 300 295
[Wed May 20 17:42:09.207317 2026] [wsgi:error] [pid 12:tid 140162908337856] [remote 10.0.0.159:38052] 2026-05-20 17:42:09.207 12 WARNING keystone.common.password_hashing [None req-7e0512dd-ecf1-4c17-ab06-e82adbb59f6f - - - - - -] Truncating password to algorithm specific maximum length 72 characters. 10.0.0.159 - - [20/May/2026:17:42:09 +0000] "GET / HTTP/1.1" 300 295
[Wed May 20 17:42:09.310563 2026] [wsgi:error] [pid 11:tid 140162908337856] [remote 10.0.0.159:38068] 2026-05-20 17:42:09.310 11 WARNING keystone.common.password_hashing [None req-4fc2e236-9e59-4c4f-b4c7-1e2d22945b8b - - - - - -] Truncating password to algorithm specific maximum length 72 characters.
[Wed May 20 17:42:09.482687 2026] [wsgi:error] [pid 12:tid 140162908337856] [remote 10.0.0.159:38052] 2026-05-20 17:42:09.482 12 WARNING keystone.common.fernet_utils [None req-7e0512dd-ecf1-4c17-ab06-e82adbb59f6f - - - - - -] key_repository is world readable: /etc/keystone/fernet-keys/ 10.0.0.159 - - [20/May/2026:17:42:09 +0000] "GET / HTTP/1.1" 300 295
[Wed May 20 17:42:09.506978 2026] [wsgi:error] [pid 10:tid 140162908337856] [remote 10.0.0.159:38076] 2026-05-20 17:42:09.506 10 WARNING keystone.common.password_hashing [None req-ef51de4d-e617-4c3d-9a96-be2ad29e243e - - - - - -] Truncating password to algorithm specific maximum length 72 characters. 10.0.0.159 - - [20/May/2026:17:42:09 +0000] "POST /v3/auth/tokens HTTP/1.1" 201 1464
[Wed May 20 17:42:09.587223 2026] [wsgi:error] [pid 11:tid 140162908337856] [remote 10.0.0.159:38068] 2026-05-20 17:42:09.587 11 WARNING keystone.common.fernet_utils [None req-4fc2e236-9e59-4c4f-b4c7-1e2d22945b8b - - - - - -] key_repository is world readable: /etc/keystone/fernet-keys/ 10.0.0.159 - - [20/May/2026:17:42:09 +0000] "POST /v3/auth/tokens HTTP/1.1" 201 1464 10.0.0.159 - - [20/May/2026:17:42:09 +0000] "GET /v3/services HTTP/1.1" 200 639 10.0.0.159 - - [20/May/2026:17:42:09 +0000] "GET /v3/services HTTP/1.1" 200 639
[Wed May 20 17:42:09.779237 2026] [wsgi:error] [pid 10:tid 140162908337856] [remote 10.0.0.159:38076] 2026-05-20 17:42:09.779 10 WARNING keystone.common.fernet_utils [None req-ef51de4d-e617-4c3d-9a96-be2ad29e243e - - - - - -] key_repository is world readable: /etc/keystone/fernet-keys/ 10.0.0.159 - - [20/May/2026:17:42:09 +0000] "POST /v3/auth/tokens HTTP/1.1" 201 1464 10.0.0.159 - - [20/May/2026:17:42:09 +0000] "GET /v3/services HTTP/1.1" 200 639 10.0.0.159 - - [20/May/2026:17:42:11 +0000] "GET / HTTP/1.1" 300 295
[Wed May 20 17:42:11.114332 2026] [wsgi:error] [pid 12:tid 140162908337856] [remote 10.0.0.159:38084] 2026-05-20 17:42:11.114 12 WARNING keystone.common.password_hashing [None req-5f100fea-11f5-4c33-97f8-da93dc0691c0 - - - - - -] Truncating password to algorithm specific maximum length 72 characters. 10.0.0.159 - - [20/May/2026:17:42:11 +0000] "GET / HTTP/1.1" 300 295
[Wed May 20 17:42:11.158250 2026] [wsgi:error] [pid 11:tid 140162908337856] [remote 10.0.0.159:38092] 2026-05-20 17:42:11.158 11 WARNING keystone.common.password_hashing [None req-53c2d12b-e9e5-4df0-8ded-609f0bab00e2 - - - - - -] Truncating password to algorithm specific maximum length 72 characters.
[Wed May 20 17:42:11.393628 2026] [wsgi:error] [pid 12:tid 140162908337856] [remote 10.0.0.159:38084] 2026-05-20 17:42:11.393 12 WARNING keystone.common.fernet_utils [None req-5f100fea-11f5-4c33-97f8-da93dc0691c0 - - - - - -] key_repository is world readable: /etc/keystone/fernet-keys/ 10.0.0.159 - - [20/May/2026:17:42:11 +0000] "POST /v3/auth/tokens HTTP/1.1" 201 1464
[Wed May 20 17:42:11.427182 2026] [wsgi:error] [pid 11:tid 140162908337856] [remote 10.0.0.159:38092] 2026-05-20 17:42:11.427 11 WARNING keystone.common.fernet_utils [None req-53c2d12b-e9e5-4df0-8ded-609f0bab00e2 - - - - - -] key_repository is world readable: /etc/keystone/fernet-keys/ 10.0.0.159 - - [20/May/2026:17:42:11 +0000] "POST /v3/auth/tokens HTTP/1.1" 201 1464 10.0.0.159 - - [20/May/2026:17:42:11 +0000] "GET /v3/endpoints HTTP/1.1" 200 1227 10.0.0.159 - - [20/May/2026:17:42:11 +0000] "GET / HTTP/1.1" 300 295 10.0.0.159 - - [20/May/2026:17:42:11 +0000] "GET /v3/services/717a27c0af0d485fb3afb416b33cbcc3 HTTP/1.1" 200 233
[Wed May 20 17:42:11.538785 2026] [wsgi:error] [pid 11:tid 140162908337856] [remote 10.0.0.159:38108] 2026-05-20 17:42:11.538 11 WARNING keystone.common.password_hashing [None req-aa153ca2-ed1e-4e15-965f-99ad367d111b - - - - - -] Truncating password to algorithm specific maximum length 72 characters. 10.0.0.159 - - [20/May/2026:17:42:11 +0000] "GET /v3/endpoints HTTP/1.1" 200 1227 10.0.0.159 - - [20/May/2026:17:42:11 +0000] "GET /v3/services/717a27c0af0d485fb3afb416b33cbcc3 HTTP/1.1" 200 233 10.0.0.159 - - [20/May/2026:17:42:11 +0000] "GET /v3/services/717a27c0af0d485fb3afb416b33cbcc3 HTTP/1.1" 200 233 10.0.0.159 - - [20/May/2026:17:42:11 +0000] "GET /v3/services/717a27c0af0d485fb3afb416b33cbcc3 HTTP/1.1" 200 233 10.0.0.159 - - [20/May/2026:17:42:11 +0000] "GET /v3/services/717a27c0af0d485fb3afb416b33cbcc3 HTTP/1.1" 200 233 10.0.0.159 - - [20/May/2026:17:42:11 +0000] "GET /v3/services/717a27c0af0d485fb3afb416b33cbcc3 HTTP/1.1" 200 233
[Wed May 20 17:42:11.812379 2026] [wsgi:error] [pid 11:tid 140162908337856] [remote 10.0.0.159:38108] 2026-05-20 17:42:11.812 11 WARNING keystone.common.fernet_utils [None req-aa153ca2-ed1e-4e15-965f-99ad367d111b - - - - - -] key_repository is world readable: /etc/keystone/fernet-keys/ 10.0.0.159 - - [20/May/2026:17:42:11 +0000] "POST /v3/auth/tokens HTTP/1.1" 201 1464 10.0.0.159 - - [20/May/2026:17:42:11 +0000] "GET /v3/endpoints HTTP/1.1" 200 1227 10.0.0.159 - - [20/May/2026:17:42:11 +0000] "GET /v3/services/717a27c0af0d485fb3afb416b33cbcc3 HTTP/1.1" 200 233 10.0.0.159 - - [20/May/2026:17:42:11 +0000] "GET /v3/services/717a27c0af0d485fb3afb416b33cbcc3 HTTP/1.1" 200 233 10.0.0.159 - - [20/May/2026:17:42:11 +0000] "GET /v3/services/717a27c0af0d485fb3afb416b33cbcc3 HTTP/1.1" 200 233 10.0.0.159 - - [20/May/2026:17:42:12 +0000] "GET / HTTP/1.1" 300 295
[Wed May 20 17:42:12.888254 2026] [wsgi:error] [pid 10:tid 140162908337856] [remote 10.0.0.159:38116] 2026-05-20 17:42:12.888 10 WARNING keystone.common.password_hashing [None req-5f78cd88-f7cc-4b6c-b06c-e5f834528ea9 - - - - - -] Truncating password to algorithm specific maximum length 72 characters. 10.0.0.159 - - [20/May/2026:17:42:12 +0000] "GET / HTTP/1.1" 300 295
[Wed May 20 17:42:12.916440 2026] [wsgi:error] [pid 11:tid 140162908337856] [remote 10.0.0.159:38118] 2026-05-20 17:42:12.916 11 WARNING keystone.common.password_hashing [None req-76987b33-1c39-4618-86d5-4b0c8b4fdaf3 - - - - - -] Truncating password to algorithm specific maximum length 72 characters.
[Wed May 20 17:42:13.168081 2026] [wsgi:error] [pid 10:tid 140162908337856] [remote 10.0.0.159:38116] 2026-05-20 17:42:13.167 10 WARNING keystone.common.fernet_utils [None req-5f78cd88-f7cc-4b6c-b06c-e5f834528ea9 - - - - - -] key_repository is world readable: /etc/keystone/fernet-keys/ 10.0.0.159 - - [20/May/2026:17:42:12 +0000] "POST /v3/auth/tokens HTTP/1.1" 201 1464
[Wed May 20 17:42:13.187427 2026] [wsgi:error] [pid 11:tid 140162908337856] [remote 10.0.0.159:38118] 2026-05-20 17:42:13.187 11 WARNING keystone.common.fernet_utils [None req-76987b33-1c39-4618-86d5-4b0c8b4fdaf3 - - - - - -] key_repository is world readable: /etc/keystone/fernet-keys/ 10.0.0.159 - - [20/May/2026:17:42:12 +0000] "POST /v3/auth/tokens HTTP/1.1" 201 1464 10.0.0.159 - - [20/May/2026:17:42:13 +0000] "GET /v3/services/2d3475b732f341c18b7221777cff61e9 HTTP/1.1" 200 296 10.0.0.159 - - [20/May/2026:17:42:13 +0000] "GET /v3/services/2d3475b732f341c18b7221777cff61e9 HTTP/1.1" 200 296 10.0.0.159 - - [20/May/2026:17:42:13 +0000] "GET /v3/regions/RegionOne HTTP/1.1" 200 173 10.0.0.159 - - [20/May/2026:17:42:13 +0000] "GET /v3/regions/RegionOne HTTP/1.1" 200 173 10.0.0.159 - - [20/May/2026:17:42:13 +0000] "POST /v3/endpoints HTTP/1.1" 201 383 10.0.0.159 - - [20/May/2026:17:42:13 +0000] "GET / HTTP/1.1" 300 295 10.0.0.159 - - [20/May/2026:17:42:13 +0000] "POST /v3/endpoints HTTP/1.1" 201 380
[Wed May 20 17:42:13.497327 2026] [wsgi:error] [pid 11:tid 140162908337856] [remote 10.0.0.159:38120] 2026-05-20 17:42:13.497 11 WARNING keystone.common.password_hashing [None req-a0123711-4551-49ac-938c-925602f94132 - - - - - -] Truncating password to algorithm specific maximum length 72 characters.
[Wed May 20 17:42:13.777298 2026] [wsgi:error] [pid 11:tid 140162908337856] [remote 10.0.0.159:38120] 2026-05-20 17:42:13.777 11 WARNING keystone.common.fernet_utils [None req-a0123711-4551-49ac-938c-925602f94132 - - - - - -] key_repository is world readable: /etc/keystone/fernet-keys/ 10.0.0.159 - - [20/May/2026:17:42:13 +0000] "POST /v3/auth/tokens HTTP/1.1" 201 1823 10.0.0.159 - - [20/May/2026:17:42:13 +0000] "GET /v3/services/2d3475b732f341c18b7221777cff61e9 HTTP/1.1" 200 296 10.0.0.159 - - [20/May/2026:17:42:13 +0000] "GET /v3/regions/RegionOne HTTP/1.1" 200 173 10.0.0.159 - - [20/May/2026:17:42:13 +0000] "POST /v3/endpoints HTTP/1.1" 201 370 10.0.0.159 - - [20/May/2026:17:42:14 +0000] "GET / HTTP/1.1" 300 295
[Wed May 20 17:42:14.801797 2026] [wsgi:error] [pid 9:tid 140162908337856] [remote 10.0.0.159:38128] 2026-05-20 17:42:14.801 9 WARNING keystone.common.password_hashing [None req-aa571634-0a79-4fb6-834d-ffff6802f0a9 - - - - - -] Truncating password to algorithm specific maximum length 72 characters. 10.0.0.159 - - [20/May/2026:17:42:14 +0000] "GET / HTTP/1.1" 300 295
[Wed May 20 17:42:14.931518 2026] [wsgi:error] [pid 12:tid 140162908337856] [remote 10.0.0.159:38138] 2026-05-20 17:42:14.931 12 WARNING keystone.common.password_hashing [None req-b1539339-48af-4004-9bbe-1429b385b411 - - - - - -] Truncating password to algorithm specific maximum length 72 characters.
[Wed May 20 17:42:15.087721 2026] [wsgi:error] [pid 9:tid 140162908337856] [remote 10.0.0.159:38128] 2026-05-20 17:42:15.087 9 WARNING keystone.common.fernet_utils [None req-aa571634-0a79-4fb6-834d-ffff6802f0a9 - - - - - -] key_repository is world readable: /etc/keystone/fernet-keys/ 10.0.0.159 - - [20/May/2026:17:42:14 +0000] "POST /v3/auth/tokens HTTP/1.1" 201 1992
[Wed May 20 17:42:15.203050 2026] [wsgi:error] [pid 12:tid 140162908337856] [remote 10.0.0.159:38138] 2026-05-20 17:42:15.202 12 WARNING keystone.common.fernet_utils [None req-b1539339-48af-4004-9bbe-1429b385b411 - - - - - -] key_repository is world readable: /etc/keystone/fernet-keys/ 10.0.0.159 - - [20/May/2026:17:42:14 +0000] "POST /v3/auth/tokens HTTP/1.1" 201 1992 10.0.0.159 - - [20/May/2026:17:42:15 +0000] "GET /v3/endpoints/e943c7e7f0d3436aa192aada2b985827 HTTP/1.1" 200 380 10.0.0.159 - - [20/May/2026:17:42:15 +0000] "GET /v3/services/2d3475b732f341c18b7221777cff61e9 HTTP/1.1" 200 296 10.0.0.159 - - [20/May/2026:17:42:15 +0000] "GET /v3/endpoints/0db77bb02d114e5f8d46054fc0af6ea2 HTTP/1.1" 200 383 10.0.0.159 - - [20/May/2026:17:42:15 +0000] "GET / HTTP/1.1" 300 295 10.0.0.159 - - [20/May/2026:17:42:15 +0000] "GET /v3/services/2d3475b732f341c18b7221777cff61e9 HTTP/1.1" 200 296
[Wed May 20 17:42:15.350871 2026] [wsgi:error] [pid 10:tid 140162908337856] [remote 10.0.0.159:38154] 2026-05-20 17:42:15.350 10 WARNING keystone.common.password_hashing [None req-6beb104d-fc6d-4366-b7a6-45dabffc97ee - - - - - -] Truncating password to algorithm specific maximum length 72 characters.
[Wed May 20 17:42:15.628369 2026] [wsgi:error] [pid 10:tid 140162908337856] [remote 10.0.0.159:38154] 2026-05-20 17:42:15.628 10 WARNING keystone.common.fernet_utils [None req-6beb104d-fc6d-4366-b7a6-45dabffc97ee - - - - - -] key_repository is world readable: /etc/keystone/fernet-keys/ 10.0.0.159 - - [20/May/2026:17:42:15 +0000] "POST /v3/auth/tokens HTTP/1.1" 201 1992 10.0.0.159 - - [20/May/2026:17:42:15 +0000] "GET /v3/endpoints/71863b9764d04816af215d95a283fa4c HTTP/1.1" 200 370 10.0.0.159 - - [20/May/2026:17:42:15 +0000] "GET /v3/services/2d3475b732f341c18b7221777cff61e9 HTTP/1.1" 200 296 10.0.0.123 - - [20/May/2026:17:42:27 +0000] "GET / HTTP/1.1" 300 295
[Wed May 20 17:42:27.411369 2026] [wsgi:error] [pid 10:tid 140162908337856] [remote 10.0.0.123:36428] 2026-05-20 17:42:27.411 10 WARNING keystone.common.password_hashing [None req-95bf92f6-048d-42a1-8a60-c1a4d314e4b1 - - - - - -] Truncating password to algorithm specific maximum length 72 characters.
[Wed May 20 17:42:27.676185 2026] [wsgi:error] [pid 10:tid 140162908337856] [remote 10.0.0.123:36428] 2026-05-20 17:42:27.676 10 WARNING keystone.common.fernet_utils [None req-95bf92f6-048d-42a1-8a60-c1a4d314e4b1 - - - - - -] key_repository is world readable: /etc/keystone/fernet-keys/ 10.0.0.123 - - [20/May/2026:17:42:27 +0000] "POST /v3/auth/tokens HTTP/1.1" 201 1992 10.0.0.123 - - [20/May/2026:17:42:27 +0000] "POST /v3/domains HTTP/1.1" 201 284 10.0.0.123 - - [20/May/2026:17:42:29 +0000] "GET / HTTP/1.1" 300 295
[Wed May 20 17:42:29.314600 2026] [wsgi:error] [pid 11:tid 140162908337856] [remote 10.0.0.123:44870] 2026-05-20 17:42:29.314 11 WARNING keystone.common.password_hashing [None req-e7a39983-1a2a-4c1c-b010-11b477250b3d - - - - - -] Truncating password to algorithm specific maximum length 72 characters.
[Wed May 20 17:42:29.589867 2026] [wsgi:error] [pid 11:tid 140162908337856] [remote 10.0.0.123:44870] 2026-05-20 17:42:29.589 11 WARNING keystone.common.fernet_utils [None req-e7a39983-1a2a-4c1c-b010-11b477250b3d - - - - - -] key_repository is world readable: /etc/keystone/fernet-keys/ 10.0.0.123 - - [20/May/2026:17:42:29 +0000] "POST /v3/auth/tokens HTTP/1.1" 201 1992
[Wed May 20 17:42:29.777366 2026] [wsgi:error] [pid 10:tid 140162908337856] [remote 10.0.0.123:44870] 2026-05-20 17:42:29.762 10 ERROR keystone.server.flask.application [None req-47a116a1-50b6-4e06-a933-ff43b736626d 974a8273837b4ab4848fc2e401295652 7e1928c50d0f48d28916ad214d7874d0 - - default default] Conflict occurred attempting to store project - it is not permitted to have two projects acting as domains with the same name: service.: keystone.exception.Conflict: Conflict occurred attempting to store project - it is not permitted to have two projects acting as domains with the same name: service.
[Wed May 20 17:42:29.777388 2026] [wsgi:error] [pid 10:tid 140162908337856] [remote 10.0.0.123:44870] 2026-05-20 17:42:29.762 10 ERROR keystone.server.flask.application
Traceback (most recent call last):
[Wed May 20 17:42:29.777390 2026] [wsgi:error] [pid 10:tid 140162908337856] [remote 10.0.0.123:44870] 2026-05-20 17:42:29.762 10 ERROR keystone.server.flask.application
File "/var/lib/openstack/lib/python3.12/site-packages/sqlalchemy/engine/base.py", line 1967, in _exec_single_context
[Wed May 20 17:42:29.777391 2026] [wsgi:error] [pid 10:tid 140162908337856] [remote 10.0.0.123:44870] 2026-05-20 17:42:29.762 10 ERROR keystone.server.flask.application self.dialect.do_execute(
[Wed May 20 17:42:29.777393 2026] [wsgi:error] [pid 10:tid 140162908337856] [remote 10.0.0.123:44870] 2026-05-20 17:42:29.762 10 ERROR keystone.server.flask.application
File "/var/lib/openstack/lib/python3.12/site-packages/sqlalchemy/engine/default.py", line 952, in do_execute
[Wed May 20 17:42:29.777394 2026] [wsgi:error] [pid 10:tid 140162908337856] [remote 10.0.0.123:44870] 2026-05-20 17:42:29.762 10 ERROR keystone.server.flask.application cursor.execute(statement, parameters)
[Wed May 20 17:42:29.777396 2026] [wsgi:error] [pid 10:tid 140162908337856] [remote 10.0.0.123:44870] 2026-05-20 17:42:29.762 10 ERROR keystone.server.flask.application
File "/var/lib/openstack/lib/python3.12/site-packages/pymysql/cursors.py", line 157, in execute
[Wed May 20 17:42:29.777397 2026] [wsgi:error] [pid 10:tid 140162908337856] [remote 10.0.0.123:44870] 2026-05-20 17:42:29.762 10 ERROR keystone.server.flask.application result = self._query(query)
[Wed May 20 17:42:29.777399 2026] [wsgi:error] [pid 10:tid 140162908337856] [remote 10.0.0.123:44870] 2026-05-20 17:42:29.762 10 ERROR keystone.server.flask.application ^^^^^^^^^^^^^^^^^^
[Wed May 20 17:42:29.777400 2026] [wsgi:error] [pid 10:tid 140162908337856] [remote 10.0.0.123:44870] 2026-05-20 17:42:29.762 10 ERROR keystone.server.flask.application
File "/var/lib/openstack/lib/python3.12/site-packages/pymysql/cursors.py", line 328, in _query
[Wed May 20 17:42:29.777401 2026] [wsgi:error] [pid 10:tid 140162908337856] [remote 10.0.0.123:44870] 2026-05-20 17:42:29.762 10 ERROR keystone.server.flask.application conn.query(q)
[Wed May 20 17:42:29.777403 2026] [wsgi:error] [pid 10:tid 140162908337856] [remote 10.0.0.123:44870] 2026-05-20 17:42:29.762 10 ERROR keystone.server.flask.application
File "/var/lib/openstack/lib/python3.12/site-packages/pymysql/connections.py", line 575, in query
[Wed May 20 17:42:29.777404 2026] [wsgi:error] [pid 10:tid 140162908337856] [remote 10.0.0.123:44870] 2026-05-20 17:42:29.762 10 ERROR keystone.server.flask.application self._affected_rows = self._read_query_result(unbuffered=unbuffered)
[Wed May 20 17:42:29.777406 2026] [wsgi:error] [pid 10:tid 140162908337856] [remote 10.0.0.123:44870] 2026-05-20 17:42:29.762 10 ERROR keystone.server.flask.application ^^^^^^^^^^^^^^^^^^^^^^^^^^^^^^^^^^^^^^^^^^^^^^
[Wed May 20 17:42:29.777407 2026] [wsgi:error] [pid 10:tid 140162908337856] [remote 10.0.0.123:44870] 2026-05-20 17:42:29.762 10 ERROR keystone.server.flask.application
File "/var/lib/openstack/lib/python3.12/site-packages/pymysql/connections.py", line 826, in _read_query_result
[Wed May 20 17:42:29.777408 2026] [wsgi:error] [pid 10:tid 140162908337856] [remote 10.0.0.123:44870] 2026-05-20 17:42:29.762 10 ERROR keystone.server.flask.application result.read()
[Wed May 20 17:42:29.777411 2026] [wsgi:error] [pid 10:tid 140162908337856] [remote 10.0.0.123:44870] 2026-05-20 17:42:29.762 10 ERROR keystone.server.flask.application
File "/var/lib/openstack/lib/python3.12/site-packages/pymysql/connections.py", line 1203, in read
[Wed May 20 17:42:29.777413 2026] [wsgi:error] [pid 10:tid 140162908337856] [remote 10.0.0.123:44870] 2026-05-20 17:42:29.762 10 ERROR keystone.server.flask.application first_packet = self.connection._read_packet()
[Wed May 20 17:42:29.777414 2026] [wsgi:error] [pid 10:tid 140162908337856] [remote 10.0.0.123:44870] 2026-05-20 17:42:29.762 10 ERROR keystone.server.flask.application ^^^^^^^^^^^^^^^^^^^^^^^^^^^^^^
[Wed May 20 17:42:29.777415 2026] [wsgi:error] [pid 10:tid 140162908337856] [remote 10.0.0.123:44870] 2026-05-20 17:42:29.762 10 ERROR keystone.server.flask.application
File "/var/lib/openstack/lib/python3.12/site-packages/pymysql/connections.py", line 782, in _read_packet
[Wed May 20 17:42:29.777417 2026] [wsgi:error] [pid 10:tid 140162908337856] [remote 10.0.0.123:44870] 2026-05-20 17:42:29.762 10 ERROR keystone.server.flask.application packet.raise_for_error()
[Wed May 20 17:42:29.777418 2026] [wsgi:error] [pid 10:tid 140162908337856] [remote 10.0.0.123:44870] 2026-05-20 17:42:29.762 10 ERROR keystone.server.flask.application
File "/var/lib/openstack/lib/python3.12/site-packages/pymysql/protocol.py", line 219, in raise_for_error
[Wed May 20 17:42:29.777420 2026] [wsgi:error] [pid 10:tid 140162908337856] [remote 10.0.0.123:44870] 2026-05-20 17:42:29.762 10 ERROR keystone.server.flask.application err.raise_mysql_exception(self._data)
[Wed May 20 17:42:29.777421 2026] [wsgi:error] [pid 10:tid 140162908337856] [remote 10.0.0.123:44870] 2026-05-20 17:42:29.762 10 ERROR keystone.server.flask.application
File "/var/lib/openstack/lib/python3.12/site-packages/pymysql/err.py", line 150, in raise_mysql_exception
[Wed May 20 17:42:29.777422 2026] [wsgi:error] [pid 10:tid 140162908337856] [remote 10.0.0.123:44870] 2026-05-20 17:42:29.762 10 ERROR keystone.server.flask.application raise errorclass(errno, errval)
[Wed May 20 17:42:29.777424 2026] [wsgi:error] [pid 10:tid 140162908337856] [remote 10.0.0.123:44870] 2026-05-20 17:42:29.762 10 ERROR keystone.server.flask.application pymysql.err.IntegrityError: (1062, "Duplicate entry '<>-service' for key 'project.ixu_project_name_domain_id'")
[Wed May 20 17:42:29.777426 2026] [wsgi:error] [pid 10:tid 140162908337856] [remote 10.0.0.123:44870] 2026-05-20 17:42:29.762 10 ERROR keystone.server.flask.application
[Wed May 20 17:42:29.777427 2026] [wsgi:error] [pid 10:tid 140162908337856] [remote 10.0.0.123:44870] 2026-05-20 17:42:29.762 10 ERROR keystone.server.flask.application The above exception was the direct cause of the following exception:
[Wed May 20 17:42:29.777428 2026] [wsgi:error] [pid 10:tid 140162908337856] [remote 10.0.0.123:44870] 2026-05-20 17:42:29.762 10 ERROR keystone.server.flask.application
[Wed May 20 17:42:29.777430 2026] [wsgi:error] [pid 10:tid 140162908337856] [remote 10.0.0.123:44870] 2026-05-20 17:42:29.762 10 ERROR keystone.server.flask.application
Traceback (most recent call last):
[Wed May 20 17:42:29.777431 2026] [wsgi:error] [pid 10:tid 140162908337856] [remote 10.0.0.123:44870] 2026-05-20 17:42:29.762 10 ERROR keystone.server.flask.application
File "/var/lib/openstack/lib/python3.12/site-packages/keystone/common/sql/core.py", line 575, in wrapper
[Wed May 20 17:42:29.777432 2026] [wsgi:error] [pid 10:tid 140162908337856] [remote 10.0.0.123:44870] 2026-05-20 17:42:29.762 10 ERROR keystone.server.flask.application return method(*args, **kwargs)
[Wed May 20 17:42:29.777434 2026] [wsgi:error] [pid 10:tid 140162908337856] [remote 10.0.0.123:44870] 2026-05-20 17:42:29.762 10 ERROR keystone.server.flask.application ^^^^^^^^^^^^^^^^^^^^^^^
[Wed May 20 17:42:29.777436 2026] [wsgi:error] [pid 10:tid 140162908337856] [remote 10.0.0.123:44870] 2026-05-20 17:42:29.762 10 ERROR keystone.server.flask.application
File "/var/lib/openstack/lib/python3.12/site-packages/keystone/resource/backends/sql.py", line 278, in create_project
[Wed May 20 17:42:29.777437 2026] [wsgi:error] [pid 10:tid 140162908337856] [remote 10.0.0.123:44870] 2026-05-20 17:42:29.762 10 ERROR keystone.server.flask.application with sql.session_for_write() as session:
[Wed May 20 17:42:29.777439 2026] [wsgi:error] [pid 10:tid 140162908337856] [remote 10.0.0.123:44870] 2026-05-20 17:42:29.762 10 ERROR keystone.server.flask.application
File "/usr/lib/python3.12/contextlib.py", line 144, in __exit__
[Wed May 20 17:42:29.777440 2026] [wsgi:error] [pid 10:tid 140162908337856] [remote 10.0.0.123:44870] 2026-05-20 17:42:29.762 10 ERROR keystone.server.flask.application next(self.gen)
[Wed May 20 17:42:29.777441 2026] [wsgi:error] [pid 10:tid 140162908337856] [remote 10.0.0.123:44870] 2026-05-20 17:42:29.762 10 ERROR keystone.server.flask.application
File "/var/lib/openstack/lib/python3.12/site-packages/oslo_db/sqlalchemy/enginefacade.py", line 1175, in _transaction_scope
[Wed May 20 17:42:29.777443 2026] [wsgi:error] [pid 10:tid 140162908337856] [remote 10.0.0.123:44870] 2026-05-20 17:42:29.762 10 ERROR keystone.server.flask.application with current._produce_block(
[Wed May 20 17:42:29.777444 2026] [wsgi:error] [pid 10:tid 140162908337856] [remote 10.0.0.123:44870] 2026-05-20 17:42:29.762 10 ERROR keystone.server.flask.application
File "/usr/lib/python3.12/contextlib.py", line 144, in __exit__
[Wed May 20 17:42:29.777445 2026] [wsgi:error] [pid 10:tid 140162908337856] [remote 10.0.0.123:44870] 2026-05-20 17:42:29.762 10 ERROR keystone.server.flask.application next(self.gen)
[Wed May 20 17:42:29.777447 2026] [wsgi:error] [pid 10:tid 140162908337856] [remote 10.0.0.123:44870] 2026-05-20 17:42:29.762 10 ERROR keystone.server.flask.application
File "/var/lib/openstack/lib/python3.12/site-packages/oslo_db/sqlalchemy/enginefacade.py", line 837, in _session
[Wed May 20 17:42:29.777448 2026] [wsgi:error] [pid 10:tid 140162908337856] [remote 10.0.0.123:44870] 2026-05-20 17:42:29.762 10 ERROR keystone.server.flask.application with excutils.save_and_reraise_exception():
[Wed May 20 17:42:29.777449 2026] [wsgi:error] [pid 10:tid 140162908337856] [remote 10.0.0.123:44870] 2026-05-20 17:42:29.762 10 ERROR keystone.server.flask.application
File "/var/lib/openstack/lib/python3.12/site-packages/oslo_utils/excutils.py", line 271, in __exit__
[Wed May 20 17:42:29.777451 2026] [wsgi:error] [pid 10:tid 140162908337856] [remote 10.0.0.123:44870] 2026-05-20 17:42:29.762 10 ERROR keystone.server.flask.application self.force_reraise()
[Wed May 20 17:42:29.777452 2026] [wsgi:error] [pid 10:tid 140162908337856] [remote 10.0.0.123:44870] 2026-05-20 17:42:29.762 10 ERROR keystone.server.flask.application
File "/var/lib/openstack/lib/python3.12/site-packages/oslo_utils/excutils.py", line 233, in force_reraise
[Wed May 20 17:42:29.777454 2026] [wsgi:error] [pid 10:tid 140162908337856] [remote 10.0.0.123:44870] 2026-05-20 17:42:29.762 10 ERROR keystone.server.flask.application raise self.value
[Wed May 20 17:42:29.777455 2026] [wsgi:error] [pid 10:tid 140162908337856] [remote 10.0.0.123:44870] 2026-05-20 17:42:29.762 10 ERROR keystone.server.flask.application
File "/var/lib/openstack/lib/python3.12/site-packages/oslo_db/sqlalchemy/enginefacade.py", line 835, in _session
[Wed May 20 17:42:29.777456 2026] [wsgi:error] [pid 10:tid 140162908337856] [remote 10.0.0.123:44870] 2026-05-20 17:42:29.762 10 ERROR keystone.server.flask.application self._end_session_transaction(self.session)
[Wed May 20 17:42:29.777458 2026] [wsgi:error] [pid 10:tid 140162908337856] [remote 10.0.0.123:44870] 2026-05-20 17:42:29.762 10 ERROR keystone.server.flask.application
File "/var/lib/openstack/lib/python3.12/site-packages/oslo_db/sqlalchemy/enginefacade.py", line 748, in _end_session_transaction
[Wed May 20 17:42:29.777460 2026] [wsgi:error] [pid 10:tid 140162908337856] [remote 10.0.0.123:44870] 2026-05-20 17:42:29.762 10 ERROR keystone.server.flask.application session.commit()
[Wed May 20 17:42:29.777461 2026] [wsgi:error] [pid 10:tid 140162908337856] [remote 10.0.0.123:44870] 2026-05-20 17:42:29.762 10 ERROR keystone.server.flask.application
File "/var/lib/openstack/lib/python3.12/site-packages/sqlalchemy/orm/session.py", line 2030, in commit
[Wed May 20 17:42:29.777463 2026] [wsgi:error] [pid 10:tid 140162908337856] [remote 10.0.0.123:44870] 2026-05-20 17:42:29.762 10 ERROR keystone.server.flask.application trans.commit(_to_root=True)
[Wed May 20 17:42:29.777464 2026] [wsgi:error] [pid 10:tid 140162908337856] [remote 10.0.0.123:44870] 2026-05-20 17:42:29.762 10 ERROR keystone.server.flask.application File "", line 2, in commit
[Wed May 20 17:42:29.777465 2026] [wsgi:error] [pid 10:tid 140162908337856] [remote 10.0.0.123:44870] 2026-05-20 17:42:29.762 10 ERROR keystone.server.flask.application
File "/var/lib/openstack/lib/python3.12/site-packages/sqlalchemy/orm/state_changes.py", line 137, in _go
[Wed May 20 17:42:29.777467 2026] [wsgi:error] [pid 10:tid 140162908337856] [remote 10.0.0.123:44870] 2026-05-20 17:42:29.762 10 ERROR keystone.server.flask.application ret_value = fn(self, *arg, **kw)
[Wed May 20 17:42:29.777468 2026] [wsgi:error] [pid 10:tid 140162908337856] [remote 10.0.0.123:44870] 2026-05-20 17:42:29.762 10 ERROR keystone.server.flask.application ^^^^^^^^^^^^^^^^^^^^
[Wed May 20 17:42:29.777469 2026] [wsgi:error] [pid 10:tid 140162908337856] [remote 10.0.0.123:44870] 2026-05-20 17:42:29.762 10 ERROR keystone.server.flask.application
File "/var/lib/openstack/lib/python3.12/site-packages/sqlalchemy/orm/session.py", line 1311, in commit
[Wed May 20 17:42:29.777471 2026] [wsgi:error] [pid 10:tid 140162908337856] [remote 10.0.0.123:44870] 2026-05-20 17:42:29.762 10 ERROR keystone.server.flask.application self._prepare_impl()
[Wed May 20 17:42:29.777472 2026] [wsgi:error] [pid 10:tid 140162908337856] [remote 10.0.0.123:44870] 2026-05-20 17:42:29.762 10 ERROR keystone.server.flask.application File "", line 2, in _prepare_impl
[Wed May 20 17:42:29.777473 2026] [wsgi:error] [pid 10:tid 140162908337856] [remote 10.0.0.123:44870] 2026-05-20 17:42:29.762 10 ERROR keystone.server.flask.application
File "/var/lib/openstack/lib/python3.12/site-packages/sqlalchemy/orm/state_changes.py", line 137, in _go
[Wed May 20 17:42:29.777475 2026] [wsgi:error] [pid 10:tid 140162908337856] [remote 10.0.0.123:44870] 2026-05-20 17:42:29.762 10 ERROR keystone.server.flask.application ret_value = fn(self, *arg, **kw)
[Wed May 20 17:42:29.777476 2026] [wsgi:error] [pid 10:tid 140162908337856] [remote 10.0.0.123:44870] 2026-05-20 17:42:29.762 10 ERROR keystone.server.flask.application ^^^^^^^^^^^^^^^^^^^^
[Wed May 20 17:42:29.777477 2026] [wsgi:error] [pid 10:tid 140162908337856] [remote 10.0.0.123:44870] 2026-05-20 17:42:29.762 10 ERROR keystone.server.flask.application
File "/var/lib/openstack/lib/python3.12/site-packages/sqlalchemy/orm/session.py", line 1286, in _prepare_impl
[Wed May 20 17:42:29.777479 2026] [wsgi:error] [pid 10:tid 140162908337856] [remote 10.0.0.123:44870] 2026-05-20 17:42:29.762 10 ERROR keystone.server.flask.application self.session.flush()
[Wed May 20 17:42:29.777480 2026] [wsgi:error] [pid 10:tid 140162908337856] [remote 10.0.0.123:44870] 2026-05-20 17:42:29.762 10 ERROR keystone.server.flask.application
File "/var/lib/openstack/lib/python3.12/site-packages/sqlalchemy/orm/session.py", line 4331, in flush
[Wed May 20 17:42:29.777481 2026] [wsgi:error] [pid 10:tid 140162908337856] [remote 10.0.0.123:44870] 2026-05-20 17:42:29.762 10 ERROR keystone.server.flask.application self._flush(objects)
[Wed May 20 17:42:29.777484 2026] [wsgi:error] [pid 10:tid 140162908337856] [remote 10.0.0.123:44870] 2026-05-20 17:42:29.762 10 ERROR keystone.server.flask.application
File "/var/lib/openstack/lib/python3.12/site-packages/sqlalchemy/orm/session.py", line 4466, in _flush
[Wed May 20 17:42:29.777485 2026] [wsgi:error] [pid 10:tid 140162908337856] [remote 10.0.0.123:44870] 2026-05-20 17:42:29.762 10 ERROR keystone.server.flask.application with util.safe_reraise():
[Wed May 20 17:42:29.777486 2026] [wsgi:error] [pid 10:tid 140162908337856] [remote 10.0.0.123:44870] 2026-05-20 17:42:29.762 10 ERROR keystone.server.flask.application
File "/var/lib/openstack/lib/python3.12/site-packages/sqlalchemy/util/langhelpers.py", line 121, in __exit__
[Wed May 20 17:42:29.777488 2026] [wsgi:error] [pid 10:tid 140162908337856] [remote 10.0.0.123:44870] 2026-05-20 17:42:29.762 10 ERROR keystone.server.flask.application raise exc_value.with_traceback(exc_tb)
[Wed May 20 17:42:29.777489 2026] [wsgi:error] [pid 10:tid 140162908337856] [remote 10.0.0.123:44870] 2026-05-20 17:42:29.762 10 ERROR keystone.server.flask.application
File "/var/lib/openstack/lib/python3.12/site-packages/sqlalchemy/orm/session.py", line 4427, in _flush
[Wed May 20 17:42:29.777490 2026] [wsgi:error] [pid 10:tid 140162908337856] [remote 10.0.0.123:44870] 2026-05-20 17:42:29.762 10 ERROR keystone.server.flask.application flush_context.execute()
[Wed May 20 17:42:29.777492 2026] [wsgi:error] [pid 10:tid 140162908337856] [remote 10.0.0.123:44870] 2026-05-20 17:42:29.762 10 ERROR keystone.server.flask.application
