2026-09-10 03:16:31.117 7 INFO neutron.services.segments.plugin [-] Client error retrieving segment c3ee62dd-09f5-45b3-bb30-dc72837994e2 resource provider; error: Placement Client Error (4xx): {"errors": [{"status": 404, "title": "Not Found", "detail": "The resource could not be found.\n\n No resource provider with uuid c3ee62dd-09f5-45b3-bb30-dc72837994e2 found for delete ", "request_id": "req-4e86157b-b2a8-45ab-853a-2755e985c3cf"}]} [pid: 7|app: 0|req: 978/1902] 10.0.0.154 () {32 vars in 726 bytes} [Thu Sep 10 03:16:30 2026] DELETE /v2.0/networks/f3528061-ec45-4cb3-91ab-9b5eee799314 => generated 0 bytes in 410 msecs (HTTP/1.1 204) 3 headers in 131 bytes (1 switches on core 0)
2026-09-10 03:16:31.261 8 INFO neutron_taas.services.taas.taas_plugin [None req-5267ca65-7688-4a22-89c1-c6349f211415 004c6ed1631c4bb2b33d79f09f32a923 7fabb99594d6463dba17ee507bd3d3c6 - - default default] TaaS: Handle Delete Port: f7e8df2c-05cc-41a1-b7b2-cc22beab67cf
2026-09-10 03:16:31.265 8 INFO neutron_taas.services.taas.tap_mirror_plugin [None req-5267ca65-7688-4a22-89c1-c6349f211415 004c6ed1631c4bb2b33d79f09f32a923 7fabb99594d6463dba17ee507bd3d3c6 - - default default] Tap Mirror: Handle Delete Port: f7e8df2c-05cc-41a1-b7b2-cc22beab67cf [pid: 7|app: 0|req: 979/1903] 10.0.0.154 () {32 vars in 774 bytes} [Thu Sep 10 03:16:31 2026] GET /v2.0/security-groups?tenant_id=55d144ad288c4144b05d50af207c42a0&name=default => generated 2925 bytes in 117 msecs (HTTP/1.1 200) 4 headers in 158 bytes (1 switches on core 0) [pid: 7|app: 0|req: 980/1904] 10.0.0.154 () {32 vars in 740 bytes} [Thu Sep 10 03:16:31 2026] DELETE /v2.0/security-groups/ec8bfb8e-8203-43c7-af4a-d985994ec0c1 => generated 0 bytes in 226 msecs (HTTP/1.1 204) 2 headers in 112 bytes (1 switches on core 0) [pid: 8|app: 0|req: 925/1905] 10.0.0.154 () {32 vars in 726 bytes} [Thu Sep 10 03:16:31 2026] DELETE /v2.0/networks/bd72d1c8-63ed-4ba6-b183-d22f1119e455 => generated 0 bytes in 384 msecs (HTTP/1.1 204) 3 headers in 131 bytes (1 switches on core 0)
2026-09-10 03:16:31.639 8 INFO neutron_taas.services.taas.taas_plugin [None req-cd5c643f-4206-4b0d-8b36-a159ecc68b5f 004c6ed1631c4bb2b33d79f09f32a923 7fabb99594d6463dba17ee507bd3d3c6 - - default default] TaaS: Handle Delete Port: 728630f0-e21a-4d9a-a0c9-cee30b5467cd
2026-09-10 03:16:31.642 8 INFO neutron_taas.services.taas.tap_mirror_plugin [None req-cd5c643f-4206-4b0d-8b36-a159ecc68b5f 004c6ed1631c4bb2b33d79f09f32a923 7fabb99594d6463dba17ee507bd3d3c6 - - default default] Tap Mirror: Handle Delete Port: 728630f0-e21a-4d9a-a0c9-cee30b5467cd
2026-09-10 03:16:31.693 7 INFO neutron.db.ovn_revision_numbers_db [None req-e1a2eb18-8c2c-41be-9a91-a03c8111dd50 9be05118273c47059f023cc96afb3114 a4648771171f470290b3a82f5bc8347c - - default default] Successfully bumped revision number for resource a7d903b2-06c5-4150-9a00-162461d02200 (type: security_groups) to 1
2026-09-10 03:16:31.701 7 INFO neutron.db.ovn_revision_numbers_db [None req-e1a2eb18-8c2c-41be-9a91-a03c8111dd50 9be05118273c47059f023cc96afb3114 a4648771171f470290b3a82f5bc8347c - - default default] Successfully bumped revision number for resource 10018c72-5184-4bd6-98a1-6cc44c71acb6 (type: security_group_rules) to 0
2026-09-10 03:16:31.710 7 INFO neutron.db.ovn_revision_numbers_db [None req-e1a2eb18-8c2c-41be-9a91-a03c8111dd50 9be05118273c47059f023cc96afb3114 a4648771171f470290b3a82f5bc8347c - - default default] Successfully bumped revision number for resource 40ce67ba-30ed-4ec7-b03a-9f92b0ef5a4d (type: security_group_rules) to 0
2026-09-10 03:16:31.723 7 INFO neutron.db.ovn_revision_numbers_db [None req-e1a2eb18-8c2c-41be-9a91-a03c8111dd50 9be05118273c47059f023cc96afb3114 a4648771171f470290b3a82f5bc8347c - - default default] Successfully bumped revision number for resource 7e8852bc-45bc-487f-ba41-c8a51a42386f (type: security_group_rules) to 0
2026-09-10 03:16:31.756 7 INFO neutron.db.ovn_revision_numbers_db [None req-e1a2eb18-8c2c-41be-9a91-a03c8111dd50 9be05118273c47059f023cc96afb3114 a4648771171f470290b3a82f5bc8347c - - default default] Successfully bumped revision number for resource f72ce465-f315-43d0-9cd0-8df084d9eaa1 (type: security_group_rules) to 0 [pid: 8|app: 0|req: 926/1906] 10.0.0.154 () {32 vars in 726 bytes} [Thu Sep 10 03:16:31 2026] DELETE /v2.0/networks/e837beb1-6ba3-4b6a-a00f-aa6169809abf => generated 0 bytes in 314 msecs (HTTP/1.1 204) 3 headers in 131 bytes (1 switches on core 0)
2026-09-10 03:16:31.864 7 INFO neutron.db.segments_db [None req-e1a2eb18-8c2c-41be-9a91-a03c8111dd50 9be05118273c47059f023cc96afb3114 a4648771171f470290b3a82f5bc8347c - - default default] Added segment 4a7b8a00-5065-4237-8936-3982cdedd415 of type geneve for network 7e86a3fd-7016-4b3a-a125-1c7b4a6db348
2026-09-10 03:16:32.004 7 INFO neutron.db.ovn_revision_numbers_db [None req-e1a2eb18-8c2c-41be-9a91-a03c8111dd50 9be05118273c47059f023cc96afb3114 a4648771171f470290b3a82f5bc8347c - - default default] Successfully bumped revision number for resource 7e86a3fd-7016-4b3a-a125-1c7b4a6db348 (type: networks) to 1
2026-09-10 03:16:32.021 8 INFO neutron_taas.services.taas.taas_plugin [None req-b17fdb2d-d48f-4e6c-9f52-3ec3b75916dd 004c6ed1631c4bb2b33d79f09f32a923 7fabb99594d6463dba17ee507bd3d3c6 - - default default] TaaS: Handle Delete Port: 0054158b-22ab-451e-9d31-8ebff75bfb5e
2026-09-10 03:16:32.027 8 INFO neutron_taas.services.taas.tap_mirror_plugin [None req-b17fdb2d-d48f-4e6c-9f52-3ec3b75916dd 004c6ed1631c4bb2b33d79f09f32a923 7fabb99594d6463dba17ee507bd3d3c6 - - default default] Tap Mirror: Handle Delete Port: 0054158b-22ab-451e-9d31-8ebff75bfb5e
2026-09-10 03:16:32.225 7 WARNING neutron.scheduler.dhcp_agent_scheduler [None req-e1a2eb18-8c2c-41be-9a91-a03c8111dd50 9be05118273c47059f023cc96afb3114 a4648771171f470290b3a82f5bc8347c - - default default] No more DHCP agents
2026-09-10 03:16:32.227 7 WARNING neutron.api.rpc.agentnotifiers.dhcp_rpc_agent_api [None req-e1a2eb18-8c2c-41be-9a91-a03c8111dd50 9be05118273c47059f023cc96afb3114 a4648771171f470290b3a82f5bc8347c - - default default] Unable to schedule network 7e86a3fd-7016-4b3a-a125-1c7b4a6db348: no agents available; will retry on subsequent port and subnet creation events.
2026-09-10 03:16:32.276 7 INFO neutron.plugins.ml2.drivers.ovn.mech_driver.mech_driver [None req-1ac3d58a-42dc-4765-a42f-ef76293677f2 - - - - - -] OVN reports status down for port: b1630ea5-2a81-440e-a814-d8f81bbc8dfe [pid: 8|app: 0|req: 927/1907] 10.0.0.154 () {32 vars in 726 bytes} [Thu Sep 10 03:16:31 2026] DELETE /v2.0/networks/14808d17-4f4e-4ebb-bd84-83a920caed41 => generated 0 bytes in 444 msecs (HTTP/1.1 204) 3 headers in 131 bytes (1 switches on core 0)
2026-09-10 03:16:32.365 7 INFO neutron.db.ovn_revision_numbers_db [None req-e1a2eb18-8c2c-41be-9a91-a03c8111dd50 9be05118273c47059f023cc96afb3114 a4648771171f470290b3a82f5bc8347c - - default default] Successfully bumped revision number for resource b1630ea5-2a81-440e-a814-d8f81bbc8dfe (type: ports) to 1 [pid: 7|app: 0|req: 981/1908] 10.0.0.154 () {34 vars in 670 bytes} [Thu Sep 10 03:16:31 2026] POST /v2.0/networks => generated 640 bytes in 907 msecs (HTTP/1.1 201) 4 headers in 162 bytes (1 switches on core 0)
2026-09-10 03:16:32.571 8 INFO neutron_taas.services.taas.taas_plugin [None req-0b7a1855-3dfc-4a53-877b-3c4940febfb3 d09948cf5eea45c7b398f9f4e86287ca b203ce58303f4b7d8ea22a479925bc94 - - default default] TaaS: Handle Delete Port: 010ec7ef-c528-404b-83fe-857b679a16bb
2026-09-10 03:16:32.573 7 WARNING neutron.scheduler.dhcp_agent_scheduler [None req-fef1c9bd-a737-4fde-bea8-99495e3547f9 9be05118273c47059f023cc96afb3114 a4648771171f470290b3a82f5bc8347c - - default default] No more DHCP agents
2026-09-10 03:16:32.574 8 INFO neutron_taas.services.taas.tap_mirror_plugin [None req-0b7a1855-3dfc-4a53-877b-3c4940febfb3 d09948cf5eea45c7b398f9f4e86287ca b203ce58303f4b7d8ea22a479925bc94 - - default default] Tap Mirror: Handle Delete Port: 010ec7ef-c528-404b-83fe-857b679a16bb
2026-09-10 03:16:32.574 7 WARNING neutron.api.rpc.agentnotifiers.dhcp_rpc_agent_api [None req-fef1c9bd-a737-4fde-bea8-99495e3547f9 9be05118273c47059f023cc96afb3114 a4648771171f470290b3a82f5bc8347c - - default default] Unable to schedule network 7e86a3fd-7016-4b3a-a125-1c7b4a6db348: no agents available; will retry on subsequent port and subnet creation events.
2026-09-10 03:16:32.610 8 WARNING neutron.plugins.ml2.drivers.ovn.mech_driver.ovsdb.ovn_client [None req-1c009e6b-0741-4b10-97b3-1bd42ccff7b8 - - - - - -] No port found with ID 4926c4a6-66a8-4c6f-9297-21193618b20e: RuntimeError: No port found with ID 4926c4a6-66a8-4c6f-9297-21193618b20e
2026-09-10 03:16:32.612 8 INFO neutron.plugins.ml2.drivers.ovn.mech_driver.mech_driver [None req-1c009e6b-0741-4b10-97b3-1bd42ccff7b8 - - - - - -] OVN reports status down for port: 386ebacb-1b71-4a07-a8da-913f2ba00e1b
2026-09-10 03:16:32.630 8 INFO neutron.plugins.ml2.drivers.ovn.mech_driver.mech_driver [None req-1c009e6b-0741-4b10-97b3-1bd42ccff7b8 - - - - - -] OVN reports status down for port: 1711b915-4cd8-408a-98e8-cdd92a91e0d5
2026-09-10 03:16:32.648 8 INFO neutron.plugins.ml2.drivers.ovn.mech_driver.mech_driver [None req-1c009e6b-0741-4b10-97b3-1bd42ccff7b8 - - - - - -] OVN reports status down for port: f7e8df2c-05cc-41a1-b7b2-cc22beab67cf
2026-09-10 03:16:32.710 8 INFO neutron.services.segments.plugin [-] Segment 8da62ffe-3037-4785-bb91-a83ac1878029 resource provider aggregate not found
2026-09-10 03:16:32.725 8 INFO neutron.services.segments.plugin [-] Segment 8da62ffe-3037-4785-bb91-a83ac1878029 resource provider aggregate not found
2026-09-10 03:16:32.733 8 INFO neutron.services.segments.plugin [-] Client error retrieving segment 8da62ffe-3037-4785-bb91-a83ac1878029 resource provider; error: Placement Client Error (4xx): {"errors": [{"status": 404, "title": "Not Found", "detail": "The resource could not be found.\n\n No resource provider with uuid 8da62ffe-3037-4785-bb91-a83ac1878029 found for delete ", "request_id": "req-89145ce7-d6e9-45d4-9db9-b196e602be34"}]}
2026-09-10 03:16:32.750 8 INFO neutron.services.segments.plugin [-] Client error retrieving segment 8da62ffe-3037-4785-bb91-a83ac1878029 resource provider; error: Placement Client Error (4xx): {"errors": [{"status": 404, "title": "Not Found", "detail": "The resource could not be found.\n\n No resource provider with uuid 8da62ffe-3037-4785-bb91-a83ac1878029 found for delete ", "request_id": "req-60ade798-a5a5-4e7d-9a2f-5411b72dba17"}]}
2026-09-10 03:16:32.760 8 INFO neutron.services.segments.plugin [-] Segment 26bbd396-7fe9-4677-8f08-d22ebb9be46d resource provider aggregate not found
2026-09-10 03:16:32.782 8 INFO neutron.services.segments.plugin [-] Segment 26bbd396-7fe9-4677-8f08-d22ebb9be46d resource provider aggregate not found
2026-09-10 03:16:32.788 8 INFO neutron.services.segments.plugin [-] Client error retrieving segment 26bbd396-7fe9-4677-8f08-d22ebb9be46d resource provider; error: Placement Client Error (4xx): {"errors": [{"status": 404, "title": "Not Found", "detail": "The resource could not be found.\n\n No resource provider with uuid 26bbd396-7fe9-4677-8f08-d22ebb9be46d found for delete ", "request_id": "req-4801a931-a46a-4f3b-b592-ee8210706d45"}]}
2026-09-10 03:16:32.811 8 INFO neutron.services.segments.plugin [-] Client error retrieving segment 26bbd396-7fe9-4677-8f08-d22ebb9be46d resource provider; error: Placement Client Error (4xx): {"errors": [{"status": 404, "title": "Not Found", "detail": "The resource could not be found.\n\n No resource provider with uuid 26bbd396-7fe9-4677-8f08-d22ebb9be46d found for delete ", "request_id": "req-8dfba882-0830-4160-ab98-2b999b4a03b7"}]}
2026-09-10 03:16:32.818 8 INFO neutron.services.segments.plugin [-] Segment 40a64636-e337-47cc-be83-ec66a7b7b280 resource provider aggregate not found
2026-09-10 03:16:32.843 8 INFO neutron.services.segments.plugin [-] Segment 40a64636-e337-47cc-be83-ec66a7b7b280 resource provider aggregate not found
2026-09-10 03:16:32.849 8 INFO neutron.services.segments.plugin [-] Client error retrieving segment 40a64636-e337-47cc-be83-ec66a7b7b280 resource provider; error: Placement Client Error (4xx): {"errors": [{"status": 404, "title": "Not Found", "detail": "The resource could not be found.\n\n No resource provider with uuid 40a64636-e337-47cc-be83-ec66a7b7b280 found for delete ", "request_id": "req-5c079d87-c1ee-4e17-891a-2d33f185780a"}]}
2026-09-10 03:16:32.872 8 INFO neutron.services.segments.plugin [-] Client error retrieving segment 40a64636-e337-47cc-be83-ec66a7b7b280 resource provider; error: Placement Client Error (4xx): {"errors": [{"status": 404, "title": "Not Found", "detail": "The resource could not be found.\n\n No resource provider with uuid 40a64636-e337-47cc-be83-ec66a7b7b280 found for delete ", "request_id": "req-b69068cc-d43e-40b5-bd06-f22e50fbe620"}]}
2026-09-10 03:16:33.039 7 INFO neutron.db.ovn_revision_numbers_db [None req-b777f900-6f4d-40f1-aab9-fb9226a5b5c3 - - - - - -] Successfully bumped revision number for resource b1630ea5-2a81-440e-a814-d8f81bbc8dfe (type: ports) to 2
2026-09-10 03:16:33.087 7 INFO neutron.db.ovn_revision_numbers_db [None req-b777f900-6f4d-40f1-aab9-fb9226a5b5c3 - - - - - -] Successfully bumped revision number for resource cdb45648-4dd3-43eb-b05d-b2da7e488348 (type: subnets) to 0 [pid: 7|app: 0|req: 982/1909] 10.0.0.154 () {34 vars in 669 bytes} [Thu Sep 10 03:16:32 2026] POST /v2.0/subnets => generated 658 bytes in 688 msecs (HTTP/1.1 201) 4 headers in 162 bytes (1 switches on core 0) [pid: 8|app: 0|req: 928/1910] 10.0.0.154 () {34 vars in 789 bytes} [Thu Sep 10 03:16:32 2026] PUT /v2.0/routers/87697d87-d9db-483c-a363-ed948ae9a8fd/remove_router_interface => generated 309 bytes in 1071 msecs (HTTP/1.1 200) 4 headers in 157 bytes (1 switches on core 0)
2026-09-10 03:16:33.431 7 INFO neutron.db.ovn_revision_numbers_db [None req-72acf2a6-228c-4cb3-a7e1-e77b2f199b61 d09948cf5eea45c7b398f9f4e86287ca b203ce58303f4b7d8ea22a479925bc94 - - default default] Successfully bumped revision number for resource b5b5ec4a-b44d-464e-9d3c-f52d563fd137 (type: security_groups) to 1
2026-09-10 03:16:33.447 7 INFO neutron.db.ovn_revision_numbers_db [None req-72acf2a6-228c-4cb3-a7e1-e77b2f199b61 d09948cf5eea45c7b398f9f4e86287ca b203ce58303f4b7d8ea22a479925bc94 - - default default] Successfully bumped revision number for resource 0422d663-d130-4a6e-830a-0101b2b9dea9 (type: security_group_rules) to 0
2026-09-10 03:16:33.462 7 INFO neutron.db.ovn_revision_numbers_db [None req-72acf2a6-228c-4cb3-a7e1-e77b2f199b61 d09948cf5eea45c7b398f9f4e86287ca b203ce58303f4b7d8ea22a479925bc94 - - default default] Successfully bumped revision number for resource 0e9100ec-c189-4133-8f39-511d6b0e8e0e (type: security_group_rules) to 0 /var/lib/openstack/lib/python3.12/site-packages/pycadf/identifier.py:70: UserWarning: Invalid uuid: neutron. To ensure interoperability, identifiers should be a valid uuid. warnings.warn(('Invalid uuid: %s. To ensure interoperability, '
2026-09-10 03:16:33.475 7 INFO neutron.db.ovn_revision_numbers_db [None req-72acf2a6-228c-4cb3-a7e1-e77b2f199b61 d09948cf5eea45c7b398f9f4e86287ca b203ce58303f4b7d8ea22a479925bc94 - - default default] Successfully bumped revision number for resource 5dde2787-1856-49b7-8d30-70119bd823ca (type: security_group_rules) to 0 [pid: 8|app: 0|req: 929/1911] 10.0.0.154 () {32 vars in 722 bytes} [Thu Sep 10 03:16:33 2026] GET /v2.0/subnetpools?name=shared-default-subnetpool-v6 => generated 19 bytes in 121 msecs (HTTP/1.1 200) 4 headers in 156 bytes (1 switches on core 0)
2026-09-10 03:16:33.488 7 INFO neutron.db.ovn_revision_numbers_db [None req-72acf2a6-228c-4cb3-a7e1-e77b2f199b61 d09948cf5eea45c7b398f9f4e86287ca b203ce58303f4b7d8ea22a479925bc94 - - default default] Successfully bumped revision number for resource f027bab1-6463-4e66-b88b-cfcdc27122d5 (type: security_group_rules) to 0 [pid: 7|app: 0|req: 983/1912] 10.0.0.154 () {32 vars in 774 bytes} [Thu Sep 10 03:16:33 2026] GET /v2.0/security-groups?tenant_id=0c0f73ac6380479ba085acd4cfd18fe5&name=default => generated 2925 bytes in 410 msecs (HTTP/1.1 200) 4 headers in 158 bytes (1 switches on core 0)
2026-09-10 03:16:33.721 7 WARNING neutron.scheduler.dhcp_agent_scheduler [None req-d63542cf-4c29-4c00-a9dc-1f4056405167 9be05118273c47059f023cc96afb3114 a4648771171f470290b3a82f5bc8347c - - default default] No more DHCP agents
2026-09-10 03:16:33.722 7 WARNING neutron.api.rpc.agentnotifiers.dhcp_rpc_agent_api [None req-d63542cf-4c29-4c00-a9dc-1f4056405167 9be05118273c47059f023cc96afb3114 a4648771171f470290b3a82f5bc8347c - - default default] Unable to schedule network 7e86a3fd-7016-4b3a-a125-1c7b4a6db348: no agents available; will retry on subsequent port and subnet creation events.
2026-09-10 03:16:33.759 7 INFO neutron.db.ovn_revision_numbers_db [None req-d63542cf-4c29-4c00-a9dc-1f4056405167 9be05118273c47059f023cc96afb3114 a4648771171f470290b3a82f5bc8347c - - default default] Successfully bumped revision number for resource a4e432e1-e3a1-4d4a-8529-89c211718eda (type: subnets) to 0 [pid: 7|app: 0|req: 984/1913] 10.0.0.154 () {34 vars in 669 bytes} [Thu Sep 10 03:16:33 2026] POST /v2.0/subnets => generated 731 bytes in 251 msecs (HTTP/1.1 201) 4 headers in 162 bytes (1 switches on core 0)
2026-09-10 03:16:33.817 8 INFO neutron_taas.services.taas.taas_plugin [None req-cfd15884-cc75-4935-b808-ef494809a6e8 d09948cf5eea45c7b398f9f4e86287ca b203ce58303f4b7d8ea22a479925bc94 - - default default] TaaS: Handle Delete Port: d906b666-1ea8-4794-995b-33df7a8ab48e
2026-09-10 03:16:33.822 8 INFO neutron_taas.services.taas.tap_mirror_plugin [None req-cfd15884-cc75-4935-b808-ef494809a6e8 d09948cf5eea45c7b398f9f4e86287ca b203ce58303f4b7d8ea22a479925bc94 - - default default] Tap Mirror: Handle Delete Port: d906b666-1ea8-4794-995b-33df7a8ab48e [pid: 7|app: 0|req: 985/1914] 10.0.0.154 () {32 vars in 740 bytes} [Thu Sep 10 03:16:33 2026] DELETE /v2.0/security-groups/b5b5ec4a-b44d-464e-9d3c-f52d563fd137 => generated 0 bytes in 228 msecs (HTTP/1.1 204) 2 headers in 112 bytes (1 switches on core 0)
2026-09-10 03:16:34.094 7 INFO neutron.db.segments_db [None req-b88d9df9-b720-430f-b38b-35f0a299304e 9be05118273c47059f023cc96afb3114 a4648771171f470290b3a82f5bc8347c - - default default] Added segment 5d0d6320-d135-46b4-a5ef-8b40718f4fd3 of type geneve for network cafc2e1d-ce63-4bdd-8b5d-ec0d8946890a
2026-09-10 03:16:34.188 7 INFO neutron.db.ovn_revision_numbers_db [None req-b88d9df9-b720-430f-b38b-35f0a299304e 9be05118273c47059f023cc96afb3114 a4648771171f470290b3a82f5bc8347c - - default default] Successfully bumped revision number for resource cafc2e1d-ce63-4bdd-8b5d-ec0d8946890a (type: networks) to 1
2026-09-10 03:16:34.331 7 WARNING neutron.scheduler.dhcp_agent_scheduler [None req-b88d9df9-b720-430f-b38b-35f0a299304e 9be05118273c47059f023cc96afb3114 a4648771171f470290b3a82f5bc8347c - - default default] No more DHCP agents
2026-09-10 03:16:34.333 7 WARNING neutron.api.rpc.agentnotifiers.dhcp_rpc_agent_api [None req-b88d9df9-b720-430f-b38b-35f0a299304e 9be05118273c47059f023cc96afb3114 a4648771171f470290b3a82f5bc8347c - - default default] Unable to schedule network cafc2e1d-ce63-4bdd-8b5d-ec0d8946890a: no agents available; will retry on subsequent port and subnet creation events.
2026-09-10 03:16:34.389 7 INFO neutron.plugins.ml2.drivers.ovn.mech_driver.mech_driver [None req-1ac3d58a-42dc-4765-a42f-ef76293677f2 - - - - - -] OVN reports status down for port: b9a41fa7-8c7b-4a29-93c8-41362e29c521
2026-09-10 03:16:34.467 7 INFO neutron.db.ovn_revision_numbers_db [None req-b88d9df9-b720-430f-b38b-35f0a299304e 9be05118273c47059f023cc96afb3114 a4648771171f470290b3a82f5bc8347c - - default default] Successfully bumped revision number for resource b9a41fa7-8c7b-4a29-93c8-41362e29c521 (type: ports) to 1 [pid: 7|app: 0|req: 986/1915] 10.0.0.154 () {34 vars in 670 bytes} [Thu Sep 10 03:16:34 2026] POST /v2.0/networks => generated 637 bytes in 518 msecs (HTTP/1.1 201) 4 headers in 162 bytes (1 switches on core 0)
2026-09-10 03:16:34.675 7 INFO neutron.db.ovn_revision_numbers_db [None req-17c4d4c9-d826-4ff0-b970-005a94d719e1 d09948cf5eea45c7b398f9f4e86287ca b203ce58303f4b7d8ea22a479925bc94 - - default default] Successfully bumped revision number for resource ec622e03-6204-4ff6-a171-b6cfff53a4fb (type: security_groups) to 1
2026-09-10 03:16:34.689 7 INFO neutron.db.ovn_revision_numbers_db [None req-17c4d4c9-d826-4ff0-b970-005a94d719e1 d09948cf5eea45c7b398f9f4e86287ca b203ce58303f4b7d8ea22a479925bc94 - - default default] Successfully bumped revision number for resource 0baf023b-8e8f-4c2b-8ece-6112b3a04f7c (type: security_group_rules) to 0
2026-09-10 03:16:34.705 7 INFO neutron.db.ovn_revision_numbers_db [None req-17c4d4c9-d826-4ff0-b970-005a94d719e1 d09948cf5eea45c7b398f9f4e86287ca b203ce58303f4b7d8ea22a479925bc94 - - default default] Successfully bumped revision number for resource 3b68e735-b4b6-4fd7-bb6a-4a45939deccd (type: security_group_rules) to 0
2026-09-10 03:16:34.716 7 INFO neutron.db.ovn_revision_numbers_db [None req-17c4d4c9-d826-4ff0-b970-005a94d719e1 d09948cf5eea45c7b398f9f4e86287ca b203ce58303f4b7d8ea22a479925bc94 - - default default] Successfully bumped revision number for resource dac3461b-1786-4f81-a084-a5e6843b29a9 (type: security_group_rules) to 0
2026-09-10 03:16:34.729 7 INFO neutron.db.ovn_revision_numbers_db [None req-17c4d4c9-d826-4ff0-b970-005a94d719e1 d09948cf5eea45c7b398f9f4e86287ca b203ce58303f4b7d8ea22a479925bc94 - - default default] Successfully bumped revision number for resource f8f35b19-fa20-4b63-98b6-22af76dc41fd (type: security_group_rules) to 0 [pid: 7|app: 0|req: 987/1916] 10.0.0.154 () {32 vars in 774 bytes} [Thu Sep 10 03:16:34 2026] GET /v2.0/security-groups?tenant_id=07699835af524f0aba3e7d21cd97641d&name=default => generated 2925 bytes in 247 msecs (HTTP/1.1 200) 4 headers in 158 bytes (1 switches on core 0) [pid: 8|app: 0|req: 930/1917] 10.0.0.154 () {32 vars in 724 bytes} [Thu Sep 10 03:16:33 2026] DELETE /v2.0/routers/87697d87-d9db-483c-a363-ed948ae9a8fd => generated 0 bytes in 1364 msecs (HTTP/1.1 204) 2 headers in 112 bytes (1 switches on core 0)
2026-09-10 03:16:34.993 7 WARNING neutron.scheduler.dhcp_agent_scheduler [None req-99e84189-f848-43ba-ade0-594fa78cef8c 9be05118273c47059f023cc96afb3114 a4648771171f470290b3a82f5bc8347c - - default default] No more DHCP agents
2026-09-10 03:16:34.996 7 WARNING neutron.api.rpc.agentnotifiers.dhcp_rpc_agent_api [None req-99e84189-f848-43ba-ade0-594fa78cef8c 9be05118273c47059f023cc96afb3114 a4648771171f470290b3a82f5bc8347c - - default default] Unable to schedule network cafc2e1d-ce63-4bdd-8b5d-ec0d8946890a: no agents available; will retry on subsequent port and subnet creation events. [pid: 8|app: 0|req: 931/1918] 10.0.0.154 () {32 vars in 740 bytes} [Thu Sep 10 03:16:34 2026] DELETE /v2.0/security-groups/ec622e03-6204-4ff6-a171-b6cfff53a4fb => generated 0 bytes in 242 msecs (HTTP/1.1 204) 2 headers in 112 bytes (1 switches on core 0) [pid: 8|app: 0|req: 932/1919] 10.0.0.154 () {32 vars in 724 bytes} [Thu Sep 10 03:16:35 2026] DELETE /v2.0/subnets/a98476e6-4eb6-4261-9097-da37fd318c13 => generated 0 bytes in 150 msecs (HTTP/1.1 204) 3 headers in 131 bytes (1 switches on core 0)
2026-09-10 03:16:35.359 8 INFO neutron_taas.services.taas.taas_plugin [None req-0dff43c1-c02c-4897-9943-a7466040d7cb d09948cf5eea45c7b398f9f4e86287ca b203ce58303f4b7d8ea22a479925bc94 - - default default] TaaS: Handle Delete Port: 3bd2eaae-a8f1-489b-b108-ef8bc1269c14
2026-09-10 03:16:35.362 8 INFO neutron_taas.services.taas.tap_mirror_plugin [None req-0dff43c1-c02c-4897-9943-a7466040d7cb d09948cf5eea45c7b398f9f4e86287ca b203ce58303f4b7d8ea22a479925bc94 - - default default] Tap Mirror: Handle Delete Port: 3bd2eaae-a8f1-489b-b108-ef8bc1269c14
2026-09-10 03:16:35.446 7 INFO neutron.db.ovn_revision_numbers_db [None req-f56208ac-e1fa-4cd7-9115-44fa15e5d9b5 - - - - - -] Successfully bumped revision number for resource b9a41fa7-8c7b-4a29-93c8-41362e29c521 (type: ports) to 2
2026-09-10 03:16:35.482 7 INFO neutron.db.ovn_revision_numbers_db [None req-f56208ac-e1fa-4cd7-9115-44fa15e5d9b5 - - - - - -] Successfully bumped revision number for resource e703fec0-9328-4198-a515-6885dd7027a3 (type: subnets) to 0 [pid: 7|app: 0|req: 988/1920] 10.0.0.154 () {34 vars in 669 bytes} [Thu Sep 10 03:16:34 2026] POST /v2.0/subnets => generated 656 bytes in 734 msecs (HTTP/1.1 201) 4 headers in 162 bytes (1 switches on core 0) [pid: 7|app: 0|req: 989/1921] 10.0.0.154 () {32 vars in 774 bytes} [Thu Sep 10 03:16:35 2026] GET /v2.0/security-groups?tenant_id=7fabb99594d6463dba17ee507bd3d3c6&name=default => generated 2925 bytes in 32 msecs (HTTP/1.1 200) 4 headers in 158 bytes (1 switches on core 0)
2026-09-10 03:16:35.568 8 INFO neutron.services.segments.plugin [-] Segment 762b15d7-6e98-4ca4-a84e-746556213f34 resource provider aggregate not found
2026-09-10 03:16:35.579 8 INFO neutron.services.segments.plugin [-] Segment 762b15d7-6e98-4ca4-a84e-746556213f34 resource provider aggregate not found
2026-09-10 03:16:35.600 8 INFO neutron.services.segments.plugin [-] Client error retrieving segment 762b15d7-6e98-4ca4-a84e-746556213f34 resource provider; error: Placement Client Error (4xx): {"errors": [{"status": 404, "title": "Not Found", "detail": "The resource could not be found.\n\n No resource provider with uuid 762b15d7-6e98-4ca4-a84e-746556213f34 found for delete ", "request_id": "req-2cbbdf7c-b5d4-45a6-a680-91e1337a0111"}]}
2026-09-10 03:16:35.601 8 INFO neutron.services.segments.plugin [-] Client error retrieving segment 762b15d7-6e98-4ca4-a84e-746556213f34 resource provider; error: Placement Client Error (4xx): {"errors": [{"status": 404, "title": "Not Found", "detail": "The resource could not be found.\n\n No resource provider with uuid 762b15d7-6e98-4ca4-a84e-746556213f34 found for delete ", "request_id": "req-9138c63b-07d7-4474-bbd1-9af30bc47d9b"}]} [pid: 8|app: 0|req: 933/1922] 10.0.0.154 () {32 vars in 726 bytes} [Thu Sep 10 03:16:35 2026] DELETE /v2.0/networks/9fdc426c-9805-4d66-88b9-d01fbedd4889 => generated 0 bytes in 372 msecs (HTTP/1.1 204) 3 headers in 131 bytes (1 switches on core 0)
2026-09-10 03:16:35.837 7 WARNING neutron.scheduler.dhcp_agent_scheduler [None req-1f6b2fc1-b930-47a1-aacc-f96f5a9c007f 9be05118273c47059f023cc96afb3114 a4648771171f470290b3a82f5bc8347c - - default default] No more DHCP agents
2026-09-10 03:16:35.838 7 WARNING neutron.api.rpc.agentnotifiers.dhcp_rpc_agent_api [None req-1f6b2fc1-b930-47a1-aacc-f96f5a9c007f 9be05118273c47059f023cc96afb3114 a4648771171f470290b3a82f5bc8347c - - default default] Unable to schedule network cafc2e1d-ce63-4bdd-8b5d-ec0d8946890a: no agents available; will retry on subsequent port and subnet creation events.
2026-09-10 03:16:35.874 7 INFO neutron.db.ovn_revision_numbers_db [None req-1f6b2fc1-b930-47a1-aacc-f96f5a9c007f 9be05118273c47059f023cc96afb3114 a4648771171f470290b3a82f5bc8347c - - default default] Successfully bumped revision number for resource 9fd06ba5-45f7-4453-97ba-3c2515220c52 (type: subnets) to 0 [pid: 7|app: 0|req: 990/1923] 10.0.0.154 () {34 vars in 669 bytes} [Thu Sep 10 03:16:35 2026] POST /v2.0/subnets => generated 725 bytes in 361 msecs (HTTP/1.1 201) 4 headers in 162 bytes (1 switches on core 0) [pid: 8|app: 0|req: 934/1924] 10.0.0.154 () {32 vars in 740 bytes} [Thu Sep 10 03:16:35 2026] DELETE /v2.0/security-groups/f31d4f52-9ec9-470e-86c3-6cd2d4068128 => generated 0 bytes in 291 msecs (HTTP/1.1 204) 2 headers in 112 bytes (1 switches on core 0) [pid: 7|app: 0|req: 991/1925] 10.0.0.154 () {32 vars in 774 bytes} [Thu Sep 10 03:16:35 2026] GET /v2.0/security-groups?tenant_id=3453f1d51885409e8f6184913d27c814&name=default => generated 2925 bytes in 31 msecs (HTTP/1.1 200) 4 headers in 158 bytes (1 switches on core 0)
2026-09-10 03:16:36.029 8 INFO neutron.db.segments_db [None req-c2531de8-d584-4996-9375-0ad3aa08bd00 9be05118273c47059f023cc96afb3114 a4648771171f470290b3a82f5bc8347c - - default default] Added segment f4e439f7-0abe-43a6-8e89-bada2e2ebca7 of type geneve for network e4a58dab-cef5-4b1b-a038-3a0f13021290 [pid: 7|app: 0|req: 992/1926] 10.0.0.154 () {32 vars in 740 bytes} [Thu Sep 10 03:16:35 2026] DELETE /v2.0/security-groups/33e47fde-8577-49c8-a435-2f1b3e13a97f => generated 0 bytes in 216 msecs (HTTP/1.1 204) 2 headers in 112 bytes (1 switches on core 0)
2026-09-10 03:16:36.187 8 INFO neutron.db.ovn_revision_numbers_db [None req-c2531de8-d584-4996-9375-0ad3aa08bd00 9be05118273c47059f023cc96afb3114 a4648771171f470290b3a82f5bc8347c - - default default] Successfully bumped revision number for resource e4a58dab-cef5-4b1b-a038-3a0f13021290 (type: networks) to 1
2026-09-10 03:16:36.376 8 WARNING neutron.scheduler.dhcp_agent_scheduler [None req-c2531de8-d584-4996-9375-0ad3aa08bd00 9be05118273c47059f023cc96afb3114 a4648771171f470290b3a82f5bc8347c - - default default] No more DHCP agents
2026-09-10 03:16:36.377 8 WARNING neutron.api.rpc.agentnotifiers.dhcp_rpc_agent_api [None req-c2531de8-d584-4996-9375-0ad3aa08bd00 9be05118273c47059f023cc96afb3114 a4648771171f470290b3a82f5bc8347c - - default default] Unable to schedule network e4a58dab-cef5-4b1b-a038-3a0f13021290: no agents available; will retry on subsequent port and subnet creation events.
2026-09-10 03:16:36.409 7 INFO neutron.db.ovn_revision_numbers_db [None req-fa5808c2-0df9-446e-9417-2033f7fd715b d09948cf5eea45c7b398f9f4e86287ca b203ce58303f4b7d8ea22a479925bc94 - - default default] Successfully bumped revision number for resource e86a43de-add3-49ff-864d-63691bf791c4 (type: security_groups) to 1
2026-09-10 03:16:36.422 7 INFO neutron.db.ovn_revision_numbers_db [None req-fa5808c2-0df9-446e-9417-2033f7fd715b d09948cf5eea45c7b398f9f4e86287ca b203ce58303f4b7d8ea22a479925bc94 - - default default] Successfully bumped revision number for resource 315a9c77-5b18-470c-a0dc-ce51086d1eb3 (type: security_group_rules) to 0
2026-09-10 03:16:36.433 7 INFO neutron.db.ovn_revision_numbers_db [None req-fa5808c2-0df9-446e-9417-2033f7fd715b d09948cf5eea45c7b398f9f4e86287ca b203ce58303f4b7d8ea22a479925bc94 - - default default] Successfully bumped revision number for resource 5447d659-6c26-4010-a907-77aaeefd70de (type: security_group_rules) to 0
2026-09-10 03:16:36.446 7 INFO neutron.db.ovn_revision_numbers_db [None req-fa5808c2-0df9-446e-9417-2033f7fd715b d09948cf5eea45c7b398f9f4e86287ca b203ce58303f4b7d8ea22a479925bc94 - - default default] Successfully bumped revision number for resource 5b7fa679-24de-46eb-aba9-cb36c2541aed (type: security_group_rules) to 0
2026-09-10 03:16:36.464 7 INFO neutron.db.ovn_revision_numbers_db [None req-fa5808c2-0df9-446e-9417-2033f7fd715b d09948cf5eea45c7b398f9f4e86287ca b203ce58303f4b7d8ea22a479925bc94 - - default default] Successfully bumped revision number for resource ed1d3034-a5ca-4fcb-98b9-6b16361e055e (type: security_group_rules) to 0
2026-09-10 03:16:36.469 8 INFO neutron.plugins.ml2.drivers.ovn.mech_driver.mech_driver [None req-1c009e6b-0741-4b10-97b3-1bd42ccff7b8 - - - - - -] OVN reports status down for port: 7df4a9c5-4077-4d56-9098-63b8ba21a04d [pid: 7|app: 0|req: 993/1927] 10.0.0.154 () {32 vars in 774 bytes} [Thu Sep 10 03:16:36 2026] GET /v2.0/security-groups?tenant_id=f00ca8bf434c422aae6ce27422e814e0&name=default => generated 2925 bytes in 342 msecs (HTTP/1.1 200) 4 headers in 158 bytes (1 switches on core 0)
2026-09-10 03:16:36.554 8 INFO neutron.db.ovn_revision_numbers_db [None req-c2531de8-d584-4996-9375-0ad3aa08bd00 9be05118273c47059f023cc96afb3114 a4648771171f470290b3a82f5bc8347c - - default default] Successfully bumped revision number for resource 7df4a9c5-4077-4d56-9098-63b8ba21a04d (type: ports) to 1 [pid: 8|app: 0|req: 935/1928] 10.0.0.154 () {34 vars in 670 bytes} [Thu Sep 10 03:16:35 2026] POST /v2.0/networks => generated 638 bytes in 705 msecs (HTTP/1.1 201) 4 headers in 162 bytes (1 switches on core 0) [pid: 7|app: 0|req: 994/1929] 10.0.0.154 () {32 vars in 740 bytes} [Thu Sep 10 03:16:36 2026] DELETE /v2.0/security-groups/e86a43de-add3-49ff-864d-63691bf791c4 => generated 0 bytes in 218 msecs (HTTP/1.1 204) 2 headers in 112 bytes (1 switches on core 0)
2026-09-10 03:16:36.862 8 WARNING neutron.scheduler.dhcp_agent_scheduler [None req-d0bb1d3f-117d-4148-9066-a229a0e1e58a 9be05118273c47059f023cc96afb3114 a4648771171f470290b3a82f5bc8347c - - default default] No more DHCP agents
2026-09-10 03:16:36.864 8 WARNING neutron.api.rpc.agentnotifiers.dhcp_rpc_agent_api [None req-d0bb1d3f-117d-4148-9066-a229a0e1e58a 9be05118273c47059f023cc96afb3114 a4648771171f470290b3a82f5bc8347c - - default default] Unable to schedule network e4a58dab-cef5-4b1b-a038-3a0f13021290: no agents available; will retry on subsequent port and subnet creation events.
2026-09-10 03:16:36.983 7 INFO neutron.db.ovn_revision_numbers_db [None req-d7c1ba1a-6a7f-4d9e-b8c0-83ac6920f147 d09948cf5eea45c7b398f9f4e86287ca b203ce58303f4b7d8ea22a479925bc94 - - default default] Successfully bumped revision number for resource 44ebe26c-5099-4aa7-a930-d119305830a3 (type: security_groups) to 1
2026-09-10 03:16:36.998 7 INFO neutron.db.ovn_revision_numbers_db [None req-d7c1ba1a-6a7f-4d9e-b8c0-83ac6920f147 d09948cf5eea45c7b398f9f4e86287ca b203ce58303f4b7d8ea22a479925bc94 - - default default] Successfully bumped revision number for resource 24523e71-a776-48f2-a45a-659e59ea5ffe (type: security_group_rules) to 0
2026-09-10 03:16:37.021 7 INFO neutron.db.ovn_revision_numbers_db [None req-d7c1ba1a-6a7f-4d9e-b8c0-83ac6920f147 d09948cf5eea45c7b398f9f4e86287ca b203ce58303f4b7d8ea22a479925bc94 - - default default] Successfully bumped revision number for resource 5e35e223-245b-4641-94be-e7bdef439210 (type: security_group_rules) to 0
2026-09-10 03:16:37.034 7 INFO neutron.db.ovn_revision_numbers_db [None req-d7c1ba1a-6a7f-4d9e-b8c0-83ac6920f147 d09948cf5eea45c7b398f9f4e86287ca b203ce58303f4b7d8ea22a479925bc94 - - default default] Successfully bumped revision number for resource 6a4a3065-7a87-494f-a201-8fa8bd51db41 (type: security_group_rules) to 0
2026-09-10 03:16:37.046 7 INFO neutron.db.ovn_revision_numbers_db [None req-d7c1ba1a-6a7f-4d9e-b8c0-83ac6920f147 d09948cf5eea45c7b398f9f4e86287ca b203ce58303f4b7d8ea22a479925bc94 - - default default] Successfully bumped revision number for resource 9605cfad-af85-434c-a5d7-3262b9a09c1e (type: security_group_rules) to 0 [pid: 7|app: 0|req: 995/1930] 10.0.0.154 () {32 vars in 774 bytes} [Thu Sep 10 03:16:36 2026] GET /v2.0/security-groups?tenant_id=f24c37914a304f8b83352bf39592559b&name=default => generated 2925 bytes in 240 msecs (HTTP/1.1 200) 4 headers in 158 bytes (1 switches on core 0) [pid: 7|app: 0|req: 996/1931] 10.0.0.154 () {32 vars in 740 bytes} [Thu Sep 10 03:16:37 2026] DELETE /v2.0/security-groups/44ebe26c-5099-4aa7-a930-d119305830a3 => generated 0 bytes in 243 msecs (HTTP/1.1 204) 2 headers in 112 bytes (1 switches on core 0)
2026-09-10 03:16:37.330 8 INFO neutron.db.ovn_revision_numbers_db [None req-81e60618-a5a0-4847-94b9-88dd948070ba - - - - - -] Successfully bumped revision number for resource 7df4a9c5-4077-4d56-9098-63b8ba21a04d (type: ports) to 2
2026-09-10 03:16:37.359 8 INFO neutron.db.ovn_revision_numbers_db [None req-81e60618-a5a0-4847-94b9-88dd948070ba - - - - - -] Successfully bumped revision number for resource 12fa7d02-e2d3-48c4-a676-709a3bb7e173 (type: subnets) to 0 [pid: 8|app: 0|req: 936/1932] 10.0.0.154 () {34 vars in 669 bytes} [Thu Sep 10 03:16:36 2026] POST /v2.0/subnets => generated 656 bytes in 767 msecs (HTTP/1.1 201) 4 headers in 162 bytes (1 switches on core 0)
2026-09-10 03:16:37.660 7 WARNING neutron.scheduler.dhcp_agent_scheduler [None req-96b93a4f-68d9-4940-b2d4-95e0e5a86ee1 9be05118273c47059f023cc96afb3114 a4648771171f470290b3a82f5bc8347c - - default default] No more DHCP agents
2026-09-10 03:16:37.662 7 WARNING neutron.api.rpc.agentnotifiers.dhcp_rpc_agent_api [None req-96b93a4f-68d9-4940-b2d4-95e0e5a86ee1 9be05118273c47059f023cc96afb3114 a4648771171f470290b3a82f5bc8347c - - default default] Unable to schedule network e4a58dab-cef5-4b1b-a038-3a0f13021290: no agents available; will retry on subsequent port and subnet creation events.
2026-09-10 03:16:37.686 7 INFO neutron.db.ovn_revision_numbers_db [None req-96b93a4f-68d9-4940-b2d4-95e0e5a86ee1 9be05118273c47059f023cc96afb3114 a4648771171f470290b3a82f5bc8347c - - default default] Successfully bumped revision number for resource ad863fbf-e64c-4111-8a48-e51a15a22b78 (type: subnets) to 0 [pid: 7|app: 0|req: 997/1933] 10.0.0.154 () {34 vars in 669 bytes} [Thu Sep 10 03:16:37 2026] POST /v2.0/subnets => generated 730 bytes in 312 msecs (HTTP/1.1 201) 4 headers in 162 bytes (1 switches on core 0)
2026-09-10 03:16:38.198 8 WARNING neutron.scheduler.dhcp_agent_scheduler [None req-4b502f6b-429c-43b9-aa1c-e541b20e19be 9be05118273c47059f023cc96afb3114 a4648771171f470290b3a82f5bc8347c - - default default] No more DHCP agents
2026-09-10 03:16:38.199 8 WARNING neutron.api.rpc.agentnotifiers.dhcp_rpc_agent_api [None req-4b502f6b-429c-43b9-aa1c-e541b20e19be 9be05118273c47059f023cc96afb3114 a4648771171f470290b3a82f5bc8347c - - default default] Unable to schedule network 3bf051bd-ebaa-480a-a078-2e35f65e68d7: no agents available; will retry on subsequent port and subnet creation events.
2026-09-10 03:16:38.304 8 INFO neutron.plugins.ml2.drivers.ovn.mech_driver.mech_driver [None req-1c009e6b-0741-4b10-97b3-1bd42ccff7b8 - - - - - -] OVN reports status down for port: 3a5fcd5f-a879-432d-a9a9-7803a1c64724
2026-09-10 03:16:38.383 8 INFO neutron.db.ovn_revision_numbers_db [None req-4b502f6b-429c-43b9-aa1c-e541b20e19be 9be05118273c47059f023cc96afb3114 a4648771171f470290b3a82f5bc8347c - - default default] Successfully bumped revision number for resource 3a5fcd5f-a879-432d-a9a9-7803a1c64724 (type: ports) to 1
2026-09-10 03:16:38.984 8 INFO neutron.plugins.ml2.drivers.ovn.mech_driver.ovsdb.commands [None req-2dcc7338-532a-40b8-91a0-c6b24fe7d67d - - - - - -] Schedule LRP lrp-3a5fcd5f-a879-432d-a9a9-7803a1c64724 on gateway 1ead0ecb-2af1-43b1-9d9c-c72c7393b63e with priority 1
2026-09-10 03:16:39.087 8 INFO neutron.plugins.ml2.drivers.ovn.mech_driver.mech_driver [None req-1c009e6b-0741-4b10-97b3-1bd42ccff7b8 - - - - - -] OVN reports status up for port: 3a5fcd5f-a879-432d-a9a9-7803a1c64724
2026-09-10 03:16:39.089 8 INFO neutron.plugins.ml2.drivers.ovn.mech_driver.ovsdb.ovsdb_monitor [None req-02264979-bab0-43fd-91f9-6a1f7ac09876 - - - - - -] Router 477a3fe4-b977-438d-9d70-0014a90caa6c is bound to host instance
2026-09-10 03:16:39.150 8 INFO neutron.plugins.ml2.plugin [None req-1c009e6b-0741-4b10-97b3-1bd42ccff7b8 - - - - - -] Attempt 1 to provision port 3a5fcd5f-a879-432d-a9a9-7803a1c64724
2026-09-10 03:16:39.169 8 INFO neutron.db.ovn_revision_numbers_db [None req-4b502f6b-429c-43b9-aa1c-e541b20e19be 9be05118273c47059f023cc96afb3114 a4648771171f470290b3a82f5bc8347c - - default default] Successfully bumped revision number for resource 3a5fcd5f-a879-432d-a9a9-7803a1c64724 (type: router_ports) to 1
2026-09-10 03:16:39.377 8 INFO neutron.db.ovn_revision_numbers_db [None req-4b502f6b-429c-43b9-aa1c-e541b20e19be 9be05118273c47059f023cc96afb3114 a4648771171f470290b3a82f5bc8347c - - default default] Successfully bumped revision number for resource 477a3fe4-b977-438d-9d70-0014a90caa6c (type: routers) to 2 [pid: 8|app: 0|req: 937/1936] 10.0.0.154 () {34 vars in 669 bytes} [Thu Sep 10 03:16:37 2026] POST /v2.0/routers => generated 945 bytes in 1709 msecs (HTTP/1.1 201) 4 headers in 162 bytes (1 switches on core 0)
2026-09-10 03:16:39.956 7 WARNING neutron.scheduler.dhcp_agent_scheduler [None req-97dc0012-4584-4f91-808a-ca18e22aeff3 9be05118273c47059f023cc96afb3114 a4648771171f470290b3a82f5bc8347c - - default default] No more DHCP agents
2026-09-10 03:16:39.957 7 WARNING neutron.api.rpc.agentnotifiers.dhcp_rpc_agent_api [None req-97dc0012-4584-4f91-808a-ca18e22aeff3 9be05118273c47059f023cc96afb3114 a4648771171f470290b3a82f5bc8347c - - default default] Unable to schedule network 7e86a3fd-7016-4b3a-a125-1c7b4a6db348: no agents available; will retry on subsequent port and subnet creation events.
2026-09-10 03:16:40.059 8 INFO neutron.db.ovn_revision_numbers_db [None req-a7d3b78c-8649-45fe-8cf2-7688d13e5891 - - - - - -] Successfully bumped revision number for resource 3a5fcd5f-a879-432d-a9a9-7803a1c64724 (type: ports) to 4
2026-09-10 03:16:40.084 7 INFO neutron.plugins.ml2.drivers.ovn.mech_driver.mech_driver [None req-1ac3d58a-42dc-4765-a42f-ef76293677f2 - - - - - -] OVN reports status down for port: 75edaffe-8e17-4862-8e56-4498c75536ec
2026-09-10 03:16:40.154 7 INFO neutron.db.ovn_revision_numbers_db [None req-97dc0012-4584-4f91-808a-ca18e22aeff3 9be05118273c47059f023cc96afb3114 a4648771171f470290b3a82f5bc8347c - - default default] Successfully bumped revision number for resource 75edaffe-8e17-4862-8e56-4498c75536ec (type: ports) to 1
2026-09-10 03:16:40.349 8 INFO neutron.db.ovn_revision_numbers_db [None req-a7d3b78c-8649-45fe-8cf2-7688d13e5891 - - - - - -] Successfully bumped revision number for resource 3a5fcd5f-a879-432d-a9a9-7803a1c64724 (type: ports) to 5
2026-09-10 03:16:40.787 7 INFO neutron.plugins.ml2.drivers.ovn.mech_driver.mech_driver [None req-1ac3d58a-42dc-4765-a42f-ef76293677f2 - - - - - -] OVN reports status up for port: 75edaffe-8e17-4862-8e56-4498c75536ec
2026-09-10 03:16:40.814 8 INFO neutron.db.ovn_revision_numbers_db [None req-8865dd20-03e3-4a3e-940a-252519025b2b 01feb6855f944b2697e59d03c2e58eae a569f29be19a47dbadf69fdc9a49b583 - - default default] Successfully bumped revision number for resource 77c8518e-6922-468b-b1fd-1209d154c08e (type: security_groups) to 1
2026-09-10 03:16:40.816 7 INFO neutron.plugins.ml2.plugin [None req-1ac3d58a-42dc-4765-a42f-ef76293677f2 - - - - - -] Attempt 1 to provision port 75edaffe-8e17-4862-8e56-4498c75536ec
2026-09-10 03:16:40.830 8 INFO neutron.db.ovn_revision_numbers_db [None req-8865dd20-03e3-4a3e-940a-252519025b2b 01feb6855f944b2697e59d03c2e58eae a569f29be19a47dbadf69fdc9a49b583 - - default default] Successfully bumped revision number for resource 605b43bf-2661-448e-825b-9db227857d8b (type: security_group_rules) to 0
2026-09-10 03:16:40.848 8 INFO neutron.db.ovn_revision_numbers_db [None req-8865dd20-03e3-4a3e-940a-252519025b2b 01feb6855f944b2697e59d03c2e58eae a569f29be19a47dbadf69fdc9a49b583 - - default default] Successfully bumped revision number for resource e7d60e8e-adb0-4768-b84e-459a5901f6b7 (type: security_group_rules) to 0
2026-09-10 03:16:40.863 8 INFO neutron.db.ovn_revision_numbers_db [None req-8865dd20-03e3-4a3e-940a-252519025b2b 01feb6855f944b2697e59d03c2e58eae a569f29be19a47dbadf69fdc9a49b583 - - default default] Successfully bumped revision number for resource ef909834-7f93-4d6e-97a8-5ea4471466ea (type: security_group_rules) to 0
2026-09-10 03:16:40.879 8 INFO neutron.db.ovn_revision_numbers_db [None req-8865dd20-03e3-4a3e-940a-252519025b2b 01feb6855f944b2697e59d03c2e58eae a569f29be19a47dbadf69fdc9a49b583 - - default default] Successfully bumped revision number for resource fd5a15b5-f887-409d-aad4-aeb79cc8cabb (type: security_group_rules) to 0
2026-09-10 03:16:40.913 7 WARNING neutron.scheduler.dhcp_agent_scheduler [None req-97dc0012-4584-4f91-808a-ca18e22aeff3 9be05118273c47059f023cc96afb3114 a4648771171f470290b3a82f5bc8347c - - default default] No more DHCP agents
2026-09-10 03:16:40.915 7 WARNING neutron.api.rpc.agentnotifiers.dhcp_rpc_agent_api [None req-97dc0012-4584-4f91-808a-ca18e22aeff3 9be05118273c47059f023cc96afb3114 a4648771171f470290b3a82f5bc8347c - - default default] Unable to schedule network 7e86a3fd-7016-4b3a-a125-1c7b4a6db348: no agents available; will retry on subsequent port and subnet creation events.
2026-09-10 03:16:41.002 8 INFO neutron.db.ovn_revision_numbers_db [None req-8865dd20-03e3-4a3e-940a-252519025b2b 01feb6855f944b2697e59d03c2e58eae a569f29be19a47dbadf69fdc9a49b583 - - default default] Successfully bumped revision number for resource 3826a902-63e5-45d3-85e0-dcfacd0256b6 (type: security_groups) to 1
2026-09-10 03:16:41.017 8 INFO neutron.db.ovn_revision_numbers_db [None req-8865dd20-03e3-4a3e-940a-252519025b2b 01feb6855f944b2697e59d03c2e58eae a569f29be19a47dbadf69fdc9a49b583 - - default default] Successfully bumped revision number for resource a7975b02-cc97-473c-9201-b28afbfe7d3a (type: security_group_rules) to 0
2026-09-10 03:16:41.033 8 INFO neutron.db.ovn_revision_numbers_db [None req-8865dd20-03e3-4a3e-940a-252519025b2b 01feb6855f944b2697e59d03c2e58eae a569f29be19a47dbadf69fdc9a49b583 - - default default] Successfully bumped revision number for resource dc20ff33-d46b-4f46-b8f9-1637ff6f84f5 (type: security_group_rules) to 0 [pid: 8|app: 0|req: 938/1937] 10.0.0.154 () {34 vars in 684 bytes} [Thu Sep 10 03:16:40 2026] POST /v2.0/security-groups => generated 1601 bytes in 550 msecs (HTTP/1.1 201) 4 headers in 163 bytes (1 switches on core 0) [pid: 8|app: 0|req: 939/1938] 10.0.0.154 () {34 vars in 678 bytes} [Thu Sep 10 03:16:41 2026] POST /v2.0/qos/policies => generated 359 bytes in 136 msecs (HTTP/1.1 201) 4 headers in 162 bytes (1 switches on core 0)
2026-09-10 03:16:41.363 8 INFO neutron.db.ovn_revision_numbers_db [None req-ba158d11-e973-450a-b200-9246023b632e 01feb6855f944b2697e59d03c2e58eae a569f29be19a47dbadf69fdc9a49b583 - - default default] Successfully bumped revision number for resource bdf89dd7-2049-4b27-98e4-4e5e85ea26ec (type: security_groups) to 1
2026-09-10 03:16:41.379 8 INFO neutron.db.ovn_revision_numbers_db [None req-ba158d11-e973-450a-b200-9246023b632e 01feb6855f944b2697e59d03c2e58eae a569f29be19a47dbadf69fdc9a49b583 - - default default] Successfully bumped revision number for resource 6e60ef1d-db6e-4d61-a1f0-3a2bb0f19fd9 (type: security_group_rules) to 0
2026-09-10 03:16:41.395 8 INFO neutron.db.ovn_revision_numbers_db [None req-ba158d11-e973-450a-b200-9246023b632e 01feb6855f944b2697e59d03c2e58eae a569f29be19a47dbadf69fdc9a49b583 - - default default] Successfully bumped revision number for resource dbb311d5-d4e5-4413-8bdb-1c74721556c1 (type: security_group_rules) to 0 [pid: 8|app: 0|req: 940/1939] 10.0.0.154 () {34 vars in 684 bytes} [Thu Sep 10 03:16:41 2026] POST /v2.0/security-groups => generated 1601 bytes in 220 msecs (HTTP/1.1 201) 4 headers in 163 bytes (1 switches on core 0) [pid: 8|app: 0|req: 941/1940] 10.0.0.154 () {34 vars in 678 bytes} [Thu Sep 10 03:16:41 2026] POST /v2.0/qos/policies => generated 359 bytes in 60 msecs (HTTP/1.1 201) 4 headers in 162 bytes (1 switches on core 0)
2026-09-10 03:16:41.543 7 INFO neutron.db.ovn_revision_numbers_db [None req-1ac3d58a-42dc-4765-a42f-ef76293677f2 - - - - - -] Successfully bumped revision number for resource 75edaffe-8e17-4862-8e56-4498c75536ec (type: ports) to 2
2026-09-10 03:16:41.670 8 INFO neutron.db.ovn_revision_numbers_db [None req-53f91161-bed4-49af-bf7c-704b9b43bd9c 01feb6855f944b2697e59d03c2e58eae a569f29be19a47dbadf69fdc9a49b583 - - default default] Successfully bumped revision number for resource 87bf19d5-c968-4f97-a700-9a650640480a (type: security_groups) to 1
2026-09-10 03:16:41.687 8 INFO neutron.db.ovn_revision_numbers_db [None req-53f91161-bed4-49af-bf7c-704b9b43bd9c 01feb6855f944b2697e59d03c2e58eae a569f29be19a47dbadf69fdc9a49b583 - - default default] Successfully bumped revision number for resource e0cb8ac6-098a-495a-a365-ed2dd729d9d7 (type: security_group_rules) to 0
2026-09-10 03:16:41.705 8 INFO neutron.db.ovn_revision_numbers_db [None req-53f91161-bed4-49af-bf7c-704b9b43bd9c 01feb6855f944b2697e59d03c2e58eae a569f29be19a47dbadf69fdc9a49b583 - - default default] Successfully bumped revision number for resource e61fe49b-d901-4960-aed4-03c8484f7754 (type: security_group_rules) to 0 [pid: 8|app: 0|req: 942/1941] 10.0.0.154 () {34 vars in 684 bytes} [Thu Sep 10 03:16:41 2026] POST /v2.0/security-groups => generated 1601 bytes in 226 msecs (HTTP/1.1 201) 4 headers in 163 bytes (1 switches on core 0)
2026-09-10 03:16:41.748 7 INFO neutron.db.ovn_revision_numbers_db [None req-97dc0012-4584-4f91-808a-ca18e22aeff3 9be05118273c47059f023cc96afb3114 a4648771171f470290b3a82f5bc8347c - - default default] Successfully bumped revision number for resource 75edaffe-8e17-4862-8e56-4498c75536ec (type: router_ports) to 1 [pid: 7|app: 0|req: 1000/1942] 10.0.0.154 () {34 vars in 783 bytes} [Thu Sep 10 03:16:39 2026] PUT /v2.0/routers/477a3fe4-b977-438d-9d70-0014a90caa6c/add_router_interface => generated 309 bytes in 2337 msecs (HTTP/1.1 200) 4 headers in 157 bytes (1 switches on core 0) [pid: 8|app: 0|req: 943/1943] 10.0.0.154 () {34 vars in 678 bytes} [Thu Sep 10 03:16:41 2026] POST /v2.0/qos/policies => generated 359 bytes in 38 msecs (HTTP/1.1 201) 4 headers in 162 bytes (1 switches on core 0)
2026-09-10 03:16:41.857 7 INFO neutron.db.ovn_revision_numbers_db [None req-6ffcae7c-f83a-4d25-b1a4-6d43989f4f65 - - - - - -] Successfully bumped revision number for resource 75edaffe-8e17-4862-8e56-4498c75536ec (type: router_ports) to 2
2026-09-10 03:16:41.969 7 INFO neutron.db.ovn_revision_numbers_db [None req-354f0e85-8435-49f1-974d-45517f707275 01feb6855f944b2697e59d03c2e58eae a569f29be19a47dbadf69fdc9a49b583 - - default default] Successfully bumped revision number for resource b7bea2ef-1229-408c-8caf-d9b93617b441 (type: security_groups) to 1
2026-09-10 03:16:41.989 7 INFO neutron.db.ovn_revision_numbers_db [None req-354f0e85-8435-49f1-974d-45517f707275 01feb6855f944b2697e59d03c2e58eae a569f29be19a47dbadf69fdc9a49b583 - - default default] Successfully bumped revision number for resource 06d120b2-4598-4cde-9f81-d131029038c7 (type: security_group_rules) to 0
