2026-09-10 03:15:43.610 7 INFO neutron.db.ovn_revision_numbers_db [None req-e005456a-2633-47fb-8fd8-1a90ae596bce 4e019d707f364e16aaeb9e84aaf35e3f 8e1ef215d73f473b95d765790d32dea0 - - default default] Successfully bumped revision number for resource 9170382a-4411-43cd-9f38-233e329f591a (type: ports) to 1 [pid: 7|app: 0|req: 812/1581] 10.0.0.154 () {34 vars in 670 bytes} [Thu Sep 10 03:15:43 2026] POST /v2.0/networks => generated 636 bytes in 540 msecs (HTTP/1.1 201) 4 headers in 162 bytes (1 switches on core 0)
2026-09-10 03:15:43.812 7 WARNING neutron.scheduler.dhcp_agent_scheduler [None req-9d93a8d1-d258-462f-960f-278f42b791aa 4e019d707f364e16aaeb9e84aaf35e3f 8e1ef215d73f473b95d765790d32dea0 - - default default] No more DHCP agents
2026-09-10 03:15:43.813 7 WARNING neutron.api.rpc.agentnotifiers.dhcp_rpc_agent_api [None req-9d93a8d1-d258-462f-960f-278f42b791aa 4e019d707f364e16aaeb9e84aaf35e3f 8e1ef215d73f473b95d765790d32dea0 - - default default] Unable to schedule network 65428807-e7a9-4dee-9b2c-c4bf087da394: no agents available; will retry on subsequent port and subnet creation events.
2026-09-10 03:15:43.840 7 INFO neutron.db.ovn_revision_numbers_db [None req-9d93a8d1-d258-462f-960f-278f42b791aa 4e019d707f364e16aaeb9e84aaf35e3f 8e1ef215d73f473b95d765790d32dea0 - - default default] Successfully bumped revision number for resource d381d210-9dcf-4261-92ed-e208c92a458e (type: subnets) to 0 [pid: 7|app: 0|req: 813/1582] 10.0.0.154 () {34 vars in 669 bytes} [Thu Sep 10 03:15:43 2026] POST /v2.0/subnets => generated 646 bytes in 205 msecs (HTTP/1.1 201) 4 headers in 162 bytes (1 switches on core 0)
2026-09-10 03:15:43.899 8 INFO neutron.db.ovn_revision_numbers_db [None req-0ffd902e-01a3-463b-a372-10575d9a5c78 d09948cf5eea45c7b398f9f4e86287ca b203ce58303f4b7d8ea22a479925bc94 - - default default] Successfully bumped revision number for resource 7ba37e43-a7c4-43cf-81f6-e7326bb2d65c (type: security_groups) to 1
2026-09-10 03:15:43.911 8 INFO neutron.db.ovn_revision_numbers_db [None req-0ffd902e-01a3-463b-a372-10575d9a5c78 d09948cf5eea45c7b398f9f4e86287ca b203ce58303f4b7d8ea22a479925bc94 - - default default] Successfully bumped revision number for resource 0b98d034-b057-47b2-a9de-49c850b2b570 (type: security_group_rules) to 0
2026-09-10 03:15:43.923 8 INFO neutron.db.ovn_revision_numbers_db [None req-0ffd902e-01a3-463b-a372-10575d9a5c78 d09948cf5eea45c7b398f9f4e86287ca b203ce58303f4b7d8ea22a479925bc94 - - default default] Successfully bumped revision number for resource 6dce2a9f-1c7c-4cdd-a137-0fc4330762e8 (type: security_group_rules) to 0
2026-09-10 03:15:43.931 8 INFO neutron.db.ovn_revision_numbers_db [None req-0ffd902e-01a3-463b-a372-10575d9a5c78 d09948cf5eea45c7b398f9f4e86287ca b203ce58303f4b7d8ea22a479925bc94 - - default default] Successfully bumped revision number for resource b8cfac62-97a5-44ae-9c05-22b056ca8c57 (type: security_group_rules) to 0
2026-09-10 03:15:43.942 8 INFO neutron.db.ovn_revision_numbers_db [None req-0ffd902e-01a3-463b-a372-10575d9a5c78 d09948cf5eea45c7b398f9f4e86287ca b203ce58303f4b7d8ea22a479925bc94 - - default default] Successfully bumped revision number for resource e25bc2db-cad8-4c92-9c29-5eedb1482a7e (type: security_group_rules) to 0 [pid: 8|app: 0|req: 770/1583] 10.0.0.154 () {32 vars in 774 bytes} [Thu Sep 10 03:15:43 2026] GET /v2.0/security-groups?tenant_id=28121065099843f1b23502980e12c2f7&name=default => generated 2925 bytes in 388 msecs (HTTP/1.1 200) 4 headers in 158 bytes (1 switches on core 0)
2026-09-10 03:15:44.146 7 WARNING neutron.scheduler.dhcp_agent_scheduler [None req-0a50c4ed-3a06-4d21-a45b-4296d2400e28 4e019d707f364e16aaeb9e84aaf35e3f 8e1ef215d73f473b95d765790d32dea0 - - default default] No more DHCP agents
2026-09-10 03:15:44.149 7 WARNING neutron.api.rpc.agentnotifiers.dhcp_rpc_agent_api [None req-0a50c4ed-3a06-4d21-a45b-4296d2400e28 4e019d707f364e16aaeb9e84aaf35e3f 8e1ef215d73f473b95d765790d32dea0 - - default default] Unable to schedule network 65428807-e7a9-4dee-9b2c-c4bf087da394: no agents available; will retry on subsequent port and subnet creation events. [pid: 8|app: 0|req: 771/1584] 10.0.0.154 () {32 vars in 740 bytes} [Thu Sep 10 03:15:43 2026] DELETE /v2.0/security-groups/7ba37e43-a7c4-43cf-81f6-e7326bb2d65c => generated 0 bytes in 202 msecs (HTTP/1.1 204) 2 headers in 112 bytes (1 switches on core 0)
2026-09-10 03:15:44.233 8 INFO neutron.plugins.ml2.drivers.ovn.mech_driver.mech_driver [None req-edb3c3bc-9552-4433-a809-7673bc957efc - - - - - -] OVN reports status down for port: 130b5c97-9add-45d2-b1c7-1301ef238342
2026-09-10 03:15:44.280 7 INFO neutron.db.ovn_revision_numbers_db [None req-0a50c4ed-3a06-4d21-a45b-4296d2400e28 4e019d707f364e16aaeb9e84aaf35e3f 8e1ef215d73f473b95d765790d32dea0 - - default default] Successfully bumped revision number for resource 130b5c97-9add-45d2-b1c7-1301ef238342 (type: ports) to 1 [pid: 7|app: 0|req: 814/1585] 10.0.0.154 () {34 vars in 665 bytes} [Thu Sep 10 03:15:43 2026] POST /v2.0/ports => generated 966 bytes in 440 msecs (HTTP/1.1 201) 4 headers in 162 bytes (1 switches on core 0) /var/lib/openstack/lib/python3.12/site-packages/pycadf/identifier.py:70: UserWarning: Invalid uuid: neutron. To ensure interoperability, identifiers should be a valid uuid. warnings.warn(('Invalid uuid: %s. To ensure interoperability, '
2026-09-10 03:15:44.398 7 INFO neutron_taas.services.taas.taas_plugin [None req-418dce72-6462-4e35-8293-9d538aa1d8cb 4e019d707f364e16aaeb9e84aaf35e3f 8e1ef215d73f473b95d765790d32dea0 - - default default] TaaS: Handle Delete Port: 130b5c97-9add-45d2-b1c7-1301ef238342
2026-09-10 03:15:44.400 7 INFO neutron_taas.services.taas.tap_mirror_plugin [None req-418dce72-6462-4e35-8293-9d538aa1d8cb 4e019d707f364e16aaeb9e84aaf35e3f 8e1ef215d73f473b95d765790d32dea0 - - default default] Tap Mirror: Handle Delete Port: 130b5c97-9add-45d2-b1c7-1301ef238342 [pid: 7|app: 0|req: 815/1586] 10.0.0.154 () {32 vars in 720 bytes} [Thu Sep 10 03:15:44 2026] DELETE /v2.0/ports/130b5c97-9add-45d2-b1c7-1301ef238342 => generated 0 bytes in 191 msecs (HTTP/1.1 204) 3 headers in 131 bytes (1 switches on core 0)
2026-09-10 03:15:44.598 8 INFO neutron.db.ovn_revision_numbers_db [None req-ce098820-7629-4d96-9a9f-df9e366871b7 a6fa0663fd2141d39055ddc3cfd5064a e7af1f9dc17f47f3b49bb2564f1917bc - - default default] Successfully bumped revision number for resource 16362af2-4c06-4e2c-8497-055967601df7 (type: security_groups) to 1
2026-09-10 03:15:44.620 7 INFO neutron.db.ovn_revision_numbers_db [None req-5a7d1f47-daa2-4c2c-af2a-ef0ae36641f1 d09948cf5eea45c7b398f9f4e86287ca b203ce58303f4b7d8ea22a479925bc94 - - default default] Successfully bumped revision number for resource 91e392fe-5971-4864-9373-07d964b88f69 (type: security_groups) to 1
2026-09-10 03:15:44.622 8 INFO neutron.db.ovn_revision_numbers_db [None req-ce098820-7629-4d96-9a9f-df9e366871b7 a6fa0663fd2141d39055ddc3cfd5064a e7af1f9dc17f47f3b49bb2564f1917bc - - default default] Successfully bumped revision number for resource 78efae25-31a1-4fab-90e0-ee3ab310006b (type: security_group_rules) to 0
2026-09-10 03:15:44.642 7 INFO neutron.db.ovn_revision_numbers_db [None req-5a7d1f47-daa2-4c2c-af2a-ef0ae36641f1 d09948cf5eea45c7b398f9f4e86287ca b203ce58303f4b7d8ea22a479925bc94 - - default default] Successfully bumped revision number for resource 4e4b2f77-2223-4de4-b161-0ef51c2c1daa (type: security_group_rules) to 0
2026-09-10 03:15:44.648 8 INFO neutron.db.ovn_revision_numbers_db [None req-ce098820-7629-4d96-9a9f-df9e366871b7 a6fa0663fd2141d39055ddc3cfd5064a e7af1f9dc17f47f3b49bb2564f1917bc - - default default] Successfully bumped revision number for resource 9f929780-c19f-4637-a288-9cc53a8e9c7f (type: security_group_rules) to 0
2026-09-10 03:15:44.662 7 INFO neutron.db.ovn_revision_numbers_db [None req-5a7d1f47-daa2-4c2c-af2a-ef0ae36641f1 d09948cf5eea45c7b398f9f4e86287ca b203ce58303f4b7d8ea22a479925bc94 - - default default] Successfully bumped revision number for resource 4f8968d6-770b-4618-8647-bbff5448463e (type: security_group_rules) to 0
2026-09-10 03:15:44.667 8 INFO neutron.db.ovn_revision_numbers_db [None req-ce098820-7629-4d96-9a9f-df9e366871b7 a6fa0663fd2141d39055ddc3cfd5064a e7af1f9dc17f47f3b49bb2564f1917bc - - default default] Successfully bumped revision number for resource afe427c9-de33-412e-9018-71903ff25578 (type: security_group_rules) to 0
2026-09-10 03:15:44.675 7 INFO neutron.db.ovn_revision_numbers_db [None req-5a7d1f47-daa2-4c2c-af2a-ef0ae36641f1 d09948cf5eea45c7b398f9f4e86287ca b203ce58303f4b7d8ea22a479925bc94 - - default default] Successfully bumped revision number for resource 951033df-1429-4425-82ec-e17b7daa47c6 (type: security_group_rules) to 0
2026-09-10 03:15:44.683 8 INFO neutron.db.ovn_revision_numbers_db [None req-ce098820-7629-4d96-9a9f-df9e366871b7 a6fa0663fd2141d39055ddc3cfd5064a e7af1f9dc17f47f3b49bb2564f1917bc - - default default] Successfully bumped revision number for resource f02d3b31-bf89-4245-a5d5-23e870cb5216 (type: security_group_rules) to 0
2026-09-10 03:15:44.694 7 INFO neutron.db.ovn_revision_numbers_db [None req-5a7d1f47-daa2-4c2c-af2a-ef0ae36641f1 d09948cf5eea45c7b398f9f4e86287ca b203ce58303f4b7d8ea22a479925bc94 - - default default] Successfully bumped revision number for resource f231bfa5-51bf-4fbd-b453-43faeb4006d3 (type: security_group_rules) to 0 [pid: 7|app: 0|req: 816/1587] 10.0.0.154 () {32 vars in 774 bytes} [Thu Sep 10 03:15:44 2026] GET /v2.0/security-groups?tenant_id=1e4dd1b2b5084782912d3599cf040a49&name=default => generated 2925 bytes in 244 msecs (HTTP/1.1 200) 4 headers in 158 bytes (1 switches on core 0)
2026-09-10 03:15:44.758 7 INFO neutron.pecan_wsgi.hooks.translation [None req-055b16ab-8ce2-4a8a-a1dd-b1e804b66e0f 4e019d707f364e16aaeb9e84aaf35e3f 8e1ef215d73f473b95d765790d32dea0 - - default default] DELETE failed (client error): The resource could not be found. [pid: 7|app: 0|req: 817/1588] 10.0.0.154 () {32 vars in 720 bytes} [Thu Sep 10 03:15:44 2026] DELETE /v2.0/ports/130b5c97-9add-45d2-b1c7-1301ef238342 => generated 132 bytes in 16 msecs (HTTP/1.1 404) 4 headers in 164 bytes (1 switches on core 0)
2026-09-10 03:15:44.799 8 INFO neutron.db.ovn_revision_numbers_db [None req-ce098820-7629-4d96-9a9f-df9e366871b7 a6fa0663fd2141d39055ddc3cfd5064a e7af1f9dc17f47f3b49bb2564f1917bc - - default default] Successfully bumped revision number for resource 1c6f1735-ce45-43c1-a8e5-d09a5a4d7164 (type: security_groups) to 1
2026-09-10 03:15:44.817 8 INFO neutron.db.ovn_revision_numbers_db [None req-ce098820-7629-4d96-9a9f-df9e366871b7 a6fa0663fd2141d39055ddc3cfd5064a e7af1f9dc17f47f3b49bb2564f1917bc - - default default] Successfully bumped revision number for resource 50154d3b-157b-429d-b0c5-3ac94cff7c37 (type: security_group_rules) to 0
2026-09-10 03:15:44.828 8 INFO neutron.db.ovn_revision_numbers_db [None req-ce098820-7629-4d96-9a9f-df9e366871b7 a6fa0663fd2141d39055ddc3cfd5064a e7af1f9dc17f47f3b49bb2564f1917bc - - default default] Successfully bumped revision number for resource 94767f1d-4c94-44df-a265-3025ecbed5c3 (type: security_group_rules) to 0 [pid: 8|app: 0|req: 772/1589] 10.0.0.154 () {34 vars in 684 bytes} [Thu Sep 10 03:15:44 2026] POST /v2.0/security-groups => generated 1625 bytes in 599 msecs (HTTP/1.1 201) 4 headers in 163 bytes (1 switches on core 0)
2026-09-10 03:15:44.884 8 INFO neutron.pecan_wsgi.hooks.translation [None req-b7b53ca5-2659-4d7a-8d34-972e127aa0de 4e019d707f364e16aaeb9e84aaf35e3f 8e1ef215d73f473b95d765790d32dea0 - - default default] GET failed (client error): The resource could not be found. [pid: 8|app: 0|req: 773/1590] 10.0.0.154 () {32 vars in 717 bytes} [Thu Sep 10 03:15:44 2026] GET /v2.0/ports/130b5c97-9add-45d2-b1c7-1301ef238342 => generated 132 bytes in 22 msecs (HTTP/1.1 404) 4 headers in 164 bytes (1 switches on core 0) [pid: 8|app: 0|req: 774/1591] 10.0.0.154 () {32 vars in 663 bytes} [Thu Sep 10 03:15:44 2026] GET /v2.0/security-groups => generated 4530 bytes in 49 msecs (HTTP/1.1 200) 4 headers in 158 bytes (1 switches on core 0) [pid: 7|app: 0|req: 818/1592] 10.0.0.154 () {32 vars in 740 bytes} [Thu Sep 10 03:15:44 2026] DELETE /v2.0/security-groups/91e392fe-5971-4864-9373-07d964b88f69 => generated 0 bytes in 215 msecs (HTTP/1.1 204) 2 headers in 112 bytes (1 switches on core 0)
2026-09-10 03:15:45.085 7 INFO neutron.db.ovn_revision_numbers_db [None req-ad45634c-248d-45bc-9073-ac75b2ee02e1 a6fa0663fd2141d39055ddc3cfd5064a e7af1f9dc17f47f3b49bb2564f1917bc - - default default] Successfully bumped revision number for resource 1c6f1735-ce45-43c1-a8e5-d09a5a4d7164 (type: security_groups) to 2 [pid: 8|app: 0|req: 775/1593] 10.0.0.154 () {32 vars in 724 bytes} [Thu Sep 10 03:15:44 2026] DELETE /v2.0/subnets/d381d210-9dcf-4261-92ed-e208c92a458e => generated 0 bytes in 152 msecs (HTTP/1.1 204) 3 headers in 131 bytes (1 switches on core 0) [pid: 7|app: 0|req: 819/1594] 10.0.0.154 () {34 vars in 758 bytes} [Thu Sep 10 03:15:44 2026] PUT /v2.0/security-groups/1c6f1735-ce45-43c1-a8e5-d09a5a4d7164 => generated 1662 bytes in 133 msecs (HTTP/1.1 200) 4 headers in 158 bytes (1 switches on core 0) [pid: 7|app: 0|req: 820/1595] 10.0.0.154 () {32 vars in 737 bytes} [Thu Sep 10 03:15:45 2026] GET /v2.0/security-groups/1c6f1735-ce45-43c1-a8e5-d09a5a4d7164 => generated 1662 bytes in 20 msecs (HTTP/1.1 200) 4 headers in 158 bytes (1 switches on core 0)
2026-09-10 03:15:45.210 8 INFO neutron_taas.services.taas.taas_plugin [None req-60e42a20-9d63-4c8b-8a85-13b96953983c 4e019d707f364e16aaeb9e84aaf35e3f 8e1ef215d73f473b95d765790d32dea0 - - default default] TaaS: Handle Delete Port: 9170382a-4411-43cd-9f38-233e329f591a
2026-09-10 03:15:45.218 8 INFO neutron_taas.services.taas.tap_mirror_plugin [None req-60e42a20-9d63-4c8b-8a85-13b96953983c 4e019d707f364e16aaeb9e84aaf35e3f 8e1ef215d73f473b95d765790d32dea0 - - default default] Tap Mirror: Handle Delete Port: 9170382a-4411-43cd-9f38-233e329f591a [pid: 7|app: 0|req: 821/1596] 10.0.0.154 () {32 vars in 740 bytes} [Thu Sep 10 03:15:45 2026] DELETE /v2.0/security-groups/1c6f1735-ce45-43c1-a8e5-d09a5a4d7164 => generated 0 bytes in 96 msecs (HTTP/1.1 204) 2 headers in 112 bytes (1 switches on core 0) [pid: 7|app: 0|req: 822/1597] 10.0.0.154 () {32 vars in 663 bytes} [Thu Sep 10 03:15:45 2026] GET /v2.0/security-groups => generated 2925 bytes in 51 msecs (HTTP/1.1 200) 4 headers in 158 bytes (1 switches on core 0)
2026-09-10 03:15:45.315 7 INFO neutron.api.v2.resource [None req-74144f3b-a7ac-49a0-9418-3f4616b7c5c4 a6fa0663fd2141d39055ddc3cfd5064a e7af1f9dc17f47f3b49bb2564f1917bc - - default default] delete failed (client error): The resource could not be found. [pid: 7|app: 0|req: 823/1598] 10.0.0.154 () {32 vars in 740 bytes} [Thu Sep 10 03:15:45 2026] DELETE /v2.0/security-groups/1c6f1735-ce45-43c1-a8e5-d09a5a4d7164 => generated 146 bytes in 11 msecs (HTTP/1.1 404) 4 headers in 164 bytes (1 switches on core 0)
2026-09-10 03:15:45.366 8 INFO neutron.services.segments.plugin [-] Segment 4b33da32-c71d-4593-85c8-0a34da54d789 resource provider aggregate not found
2026-09-10 03:15:45.373 8 INFO neutron.services.segments.plugin [-] Segment 4b33da32-c71d-4593-85c8-0a34da54d789 resource provider aggregate not found
2026-09-10 03:15:45.398 8 INFO neutron.services.segments.plugin [-] Client error retrieving segment 4b33da32-c71d-4593-85c8-0a34da54d789 resource provider; error: Placement Client Error (4xx): {"errors": [{"status": 404, "title": "Not Found", "detail": "The resource could not be found.\n\n No resource provider with uuid 4b33da32-c71d-4593-85c8-0a34da54d789 found for delete ", "request_id": "req-8cd1206b-232a-4da5-a2d1-728532b12c11"}]}
2026-09-10 03:15:45.403 8 INFO neutron.services.segments.plugin [-] Client error retrieving segment 4b33da32-c71d-4593-85c8-0a34da54d789 resource provider; error: Placement Client Error (4xx): {"errors": [{"status": 404, "title": "Not Found", "detail": "The resource could not be found.\n\n No resource provider with uuid 4b33da32-c71d-4593-85c8-0a34da54d789 found for delete ", "request_id": "req-463dd0c6-b2c2-4a9b-a1f8-c408a1ad56fc"}]} [pid: 8|app: 0|req: 776/1599] 10.0.0.154 () {32 vars in 726 bytes} [Thu Sep 10 03:15:45 2026] DELETE /v2.0/networks/65428807-e7a9-4dee-9b2c-c4bf087da394 => generated 0 bytes in 314 msecs (HTTP/1.1 204) 3 headers in 131 bytes (1 switches on core 0)
2026-09-10 03:15:45.448 7 INFO neutron.db.ovn_revision_numbers_db [None req-d3679340-d357-457f-bfec-75752e11d65a a6fa0663fd2141d39055ddc3cfd5064a e7af1f9dc17f47f3b49bb2564f1917bc - - default default] Successfully bumped revision number for resource 62eb1004-3270-46db-887e-58539ec4a0eb (type: security_groups) to 1
2026-09-10 03:15:45.458 7 INFO neutron.db.ovn_revision_numbers_db [None req-d3679340-d357-457f-bfec-75752e11d65a a6fa0663fd2141d39055ddc3cfd5064a e7af1f9dc17f47f3b49bb2564f1917bc - - default default] Successfully bumped revision number for resource 75541b25-fe83-4305-b2a1-8bd43a16ce6f (type: security_group_rules) to 0
2026-09-10 03:15:45.471 7 INFO neutron.db.ovn_revision_numbers_db [None req-d3679340-d357-457f-bfec-75752e11d65a a6fa0663fd2141d39055ddc3cfd5064a e7af1f9dc17f47f3b49bb2564f1917bc - - default default] Successfully bumped revision number for resource b1039133-815b-4729-8955-5b145fbf6405 (type: security_group_rules) to 0 [pid: 7|app: 0|req: 824/1600] 10.0.0.154 () {34 vars in 684 bytes} [Thu Sep 10 03:15:45 2026] POST /v2.0/security-groups => generated 1624 bytes in 184 msecs (HTTP/1.1 201) 4 headers in 163 bytes (1 switches on core 0)
2026-09-10 03:15:45.522 8 INFO neutron.db.segments_db [None req-b86884e5-334b-4a76-bc6a-32d00f7718ce 4e019d707f364e16aaeb9e84aaf35e3f 8e1ef215d73f473b95d765790d32dea0 - - default default] Added segment 18ce44cf-9595-4eab-a2e5-4b21a8208bcf of type geneve for network 5fdb71e7-42a6-4634-89cd-06c3dc824876
2026-09-10 03:15:45.623 7 INFO neutron.db.ovn_revision_numbers_db [None req-bc5eb0e7-8a3b-4440-81fe-9fceb3b48016 a6fa0663fd2141d39055ddc3cfd5064a e7af1f9dc17f47f3b49bb2564f1917bc - - default default] Successfully bumped revision number for resource c843f37a-4afb-4470-b76d-1557503f7ace (type: security_group_rules) to 0 [pid: 7|app: 0|req: 825/1601] 10.0.0.154 () {34 vars in 695 bytes} [Thu Sep 10 03:15:45 2026] POST /v2.0/security-group-rules => generated 601 bytes in 143 msecs (HTTP/1.1 201) 4 headers in 162 bytes (1 switches on core 0) [pid: 7|app: 0|req: 826/1602] 10.0.0.154 () {32 vars in 747 bytes} [Thu Sep 10 03:15:45 2026] GET /v2.0/security-group-rules/c843f37a-4afb-4470-b76d-1557503f7ace => generated 601 bytes in 12 msecs (HTTP/1.1 200) 4 headers in 157 bytes (1 switches on core 0)
2026-09-10 03:15:45.677 8 INFO neutron.db.ovn_revision_numbers_db [None req-b86884e5-334b-4a76-bc6a-32d00f7718ce 4e019d707f364e16aaeb9e84aaf35e3f 8e1ef215d73f473b95d765790d32dea0 - - default default] Successfully bumped revision number for resource 5fdb71e7-42a6-4634-89cd-06c3dc824876 (type: networks) to 1 [pid: 7|app: 0|req: 827/1603] 10.0.0.154 () {32 vars in 673 bytes} [Thu Sep 10 03:15:45 2026] GET /v2.0/security-group-rules => generated 4138 bytes in 54 msecs (HTTP/1.1 200) 4 headers in 158 bytes (1 switches on core 0)
2026-09-10 03:15:45.834 8 WARNING neutron.scheduler.dhcp_agent_scheduler [None req-b86884e5-334b-4a76-bc6a-32d00f7718ce 4e019d707f364e16aaeb9e84aaf35e3f 8e1ef215d73f473b95d765790d32dea0 - - default default] No more DHCP agents
2026-09-10 03:15:45.835 8 WARNING neutron.api.rpc.agentnotifiers.dhcp_rpc_agent_api [None req-b86884e5-334b-4a76-bc6a-32d00f7718ce 4e019d707f364e16aaeb9e84aaf35e3f 8e1ef215d73f473b95d765790d32dea0 - - default default] Unable to schedule network 5fdb71e7-42a6-4634-89cd-06c3dc824876: no agents available; will retry on subsequent port and subnet creation events. [pid: 7|app: 0|req: 828/1604] 10.0.0.154 () {32 vars in 750 bytes} [Thu Sep 10 03:15:45 2026] DELETE /v2.0/security-group-rules/c843f37a-4afb-4470-b76d-1557503f7ace => generated 0 bytes in 117 msecs (HTTP/1.1 204) 2 headers in 112 bytes (1 switches on core 0)
2026-09-10 03:15:45.920 7 INFO neutron.plugins.ml2.drivers.ovn.mech_driver.mech_driver [None req-d0987162-6ec5-4a3e-bab5-111b654a55ed - - - - - -] OVN reports status down for port: 0191949b-2972-416a-ac34-e830e3f2f280
2026-09-10 03:15:45.934 8 INFO neutron.db.ovn_revision_numbers_db [None req-b86884e5-334b-4a76-bc6a-32d00f7718ce 4e019d707f364e16aaeb9e84aaf35e3f 8e1ef215d73f473b95d765790d32dea0 - - default default] Successfully bumped revision number for resource 0191949b-2972-416a-ac34-e830e3f2f280 (type: ports) to 1 [pid: 8|app: 0|req: 777/1605] 10.0.0.154 () {34 vars in 670 bytes} [Thu Sep 10 03:15:45 2026] POST /v2.0/networks => generated 635 bytes in 542 msecs (HTTP/1.1 201) 4 headers in 162 bytes (1 switches on core 0) [pid: 7|app: 0|req: 829/1606] 10.0.0.154 () {32 vars in 673 bytes} [Thu Sep 10 03:15:45 2026] GET /v2.0/security-group-rules => generated 3560 bytes in 107 msecs (HTTP/1.1 200) 4 headers in 158 bytes (1 switches on core 0)
2026-09-10 03:15:46.121 7 INFO neutron.db.ovn_revision_numbers_db [None req-55fdae2b-57e7-4e91-b03e-0335941dc9fa a6fa0663fd2141d39055ddc3cfd5064a e7af1f9dc17f47f3b49bb2564f1917bc - - default default] Successfully bumped revision number for resource 500c7c50-ada7-4cc3-960b-d2fab3c2cd19 (type: security_group_rules) to 0 [pid: 7|app: 0|req: 830/1607] 10.0.0.154 () {34 vars in 695 bytes} [Thu Sep 10 03:15:45 2026] POST /v2.0/security-group-rules => generated 601 bytes in 184 msecs (HTTP/1.1 201) 4 headers in 162 bytes (1 switches on core 0)
2026-09-10 03:15:46.174 8 WARNING neutron.scheduler.dhcp_agent_scheduler [None req-64419597-d4ca-4b79-b4ab-7e6db4bc53a1 4e019d707f364e16aaeb9e84aaf35e3f 8e1ef215d73f473b95d765790d32dea0 - - default default] No more DHCP agents
2026-09-10 03:15:46.175 8 WARNING neutron.api.rpc.agentnotifiers.dhcp_rpc_agent_api [None req-64419597-d4ca-4b79-b4ab-7e6db4bc53a1 4e019d707f364e16aaeb9e84aaf35e3f 8e1ef215d73f473b95d765790d32dea0 - - default default] Unable to schedule network 5fdb71e7-42a6-4634-89cd-06c3dc824876: no agents available; will retry on subsequent port and subnet creation events. [pid: 7|app: 0|req: 831/1608] 10.0.0.154 () {32 vars in 747 bytes} [Thu Sep 10 03:15:46 2026] GET /v2.0/security-group-rules/500c7c50-ada7-4cc3-960b-d2fab3c2cd19 => generated 601 bytes in 21 msecs (HTTP/1.1 200) 4 headers in 157 bytes (1 switches on core 0)
2026-09-10 03:15:46.208 8 INFO neutron.db.ovn_revision_numbers_db [None req-64419597-d4ca-4b79-b4ab-7e6db4bc53a1 4e019d707f364e16aaeb9e84aaf35e3f 8e1ef215d73f473b95d765790d32dea0 - - default default] Successfully bumped revision number for resource f9d3f15d-4111-48f2-9d69-e492e0feee86 (type: subnets) to 0 [pid: 8|app: 0|req: 778/1609] 10.0.0.154 () {34 vars in 669 bytes} [Thu Sep 10 03:15:45 2026] POST /v2.0/subnets => generated 646 bytes in 260 msecs (HTTP/1.1 201) 4 headers in 162 bytes (1 switches on core 0) [pid: 7|app: 0|req: 832/1610] 10.0.0.154 () {32 vars in 673 bytes} [Thu Sep 10 03:15:46 2026] GET /v2.0/security-group-rules => generated 4138 bytes in 80 msecs (HTTP/1.1 200) 4 headers in 158 bytes (1 switches on core 0) [pid: 7|app: 0|req: 833/1611] 10.0.0.154 () {32 vars in 750 bytes} [Thu Sep 10 03:15:46 2026] DELETE /v2.0/security-group-rules/500c7c50-ada7-4cc3-960b-d2fab3c2cd19 => generated 0 bytes in 118 msecs (HTTP/1.1 204) 2 headers in 112 bytes (1 switches on core 0) [pid: 7|app: 0|req: 834/1612] 10.0.0.154 () {32 vars in 673 bytes} [Thu Sep 10 03:15:46 2026] GET /v2.0/security-group-rules => generated 3560 bytes in 46 msecs (HTTP/1.1 200) 4 headers in 158 bytes (1 switches on core 0)
2026-09-10 03:15:46.449 8 WARNING neutron.scheduler.dhcp_agent_scheduler [None req-5da4c36d-b1ac-476a-885f-81397cf40cbc 4e019d707f364e16aaeb9e84aaf35e3f 8e1ef215d73f473b95d765790d32dea0 - - default default] No more DHCP agents
2026-09-10 03:15:46.451 8 WARNING neutron.api.rpc.agentnotifiers.dhcp_rpc_agent_api [None req-5da4c36d-b1ac-476a-885f-81397cf40cbc 4e019d707f364e16aaeb9e84aaf35e3f 8e1ef215d73f473b95d765790d32dea0 - - default default] Unable to schedule network 5fdb71e7-42a6-4634-89cd-06c3dc824876: no agents available; will retry on subsequent port and subnet creation events.
2026-09-10 03:15:46.484 7 INFO neutron.db.securitygroups_db [None req-d6808835-a7eb-40de-86dc-5c8e178c61d0 a6fa0663fd2141d39055ddc3cfd5064a e7af1f9dc17f47f3b49bb2564f1917bc - - default default] Project e7af1f9dc17f47f3b49bb2564f1917bc added a security group rule with legacy IPv6 ICMP protocol name icmp, ipv6-icmp should be used instead. It was automatically converted.
2026-09-10 03:15:46.548 7 INFO neutron.plugins.ml2.drivers.ovn.mech_driver.mech_driver [None req-d0987162-6ec5-4a3e-bab5-111b654a55ed - - - - - -] OVN reports status down for port: b1bcb999-bbb2-405d-88aa-cc1621df1dae
2026-09-10 03:15:46.559 8 INFO neutron.db.ovn_revision_numbers_db [None req-5da4c36d-b1ac-476a-885f-81397cf40cbc 4e019d707f364e16aaeb9e84aaf35e3f 8e1ef215d73f473b95d765790d32dea0 - - default default] Successfully bumped revision number for resource b1bcb999-bbb2-405d-88aa-cc1621df1dae (type: ports) to 1 [pid: 8|app: 0|req: 779/1613] 10.0.0.154 () {34 vars in 665 bytes} [Thu Sep 10 03:15:46 2026] POST /v2.0/ports => generated 924 bytes in 360 msecs (HTTP/1.1 201) 4 headers in 162 bytes (1 switches on core 0)
2026-09-10 03:15:46.609 7 INFO neutron.db.ovn_revision_numbers_db [None req-d6808835-a7eb-40de-86dc-5c8e178c61d0 a6fa0663fd2141d39055ddc3cfd5064a e7af1f9dc17f47f3b49bb2564f1917bc - - default default] Successfully bumped revision number for resource ee1b8a2a-4cd8-472c-9758-1c4df7d784c1 (type: security_group_rules) to 0 [pid: 7|app: 0|req: 835/1614] 10.0.0.154 () {34 vars in 695 bytes} [Thu Sep 10 03:15:46 2026] POST /v2.0/security-group-rules => generated 607 bytes in 206 msecs (HTTP/1.1 201) 4 headers in 162 bytes (1 switches on core 0) [pid: 7|app: 0|req: 836/1615] 10.0.0.154 () {32 vars in 747 bytes} [Thu Sep 10 03:15:46 2026] GET /v2.0/security-group-rules/ee1b8a2a-4cd8-472c-9758-1c4df7d784c1 => generated 607 bytes in 12 msecs (HTTP/1.1 200) 4 headers in 157 bytes (1 switches on core 0)
2026-09-10 03:15:46.699 8 INFO neutron_taas.services.taas.taas_plugin [None req-1160f612-3151-4e5f-8c00-c5db36842f0f 4e019d707f364e16aaeb9e84aaf35e3f 8e1ef215d73f473b95d765790d32dea0 - - default default] TaaS: Handle Delete Port: b1bcb999-bbb2-405d-88aa-cc1621df1dae
2026-09-10 03:15:46.701 8 INFO neutron_taas.services.taas.tap_mirror_plugin [None req-1160f612-3151-4e5f-8c00-c5db36842f0f 4e019d707f364e16aaeb9e84aaf35e3f 8e1ef215d73f473b95d765790d32dea0 - - default default] Tap Mirror: Handle Delete Port: b1bcb999-bbb2-405d-88aa-cc1621df1dae [pid: 7|app: 0|req: 837/1616] 10.0.0.154 () {32 vars in 673 bytes} [Thu Sep 10 03:15:46 2026] GET /v2.0/security-group-rules => generated 4144 bytes in 43 msecs (HTTP/1.1 200) 4 headers in 158 bytes (1 switches on core 0) [pid: 8|app: 0|req: 780/1617] 10.0.0.154 () {32 vars in 720 bytes} [Thu Sep 10 03:15:46 2026] DELETE /v2.0/ports/b1bcb999-bbb2-405d-88aa-cc1621df1dae => generated 0 bytes in 214 msecs (HTTP/1.1 204) 3 headers in 131 bytes (1 switches on core 0)
2026-09-10 03:15:46.833 8 INFO neutron.pecan_wsgi.hooks.translation [None req-c86e4ed0-9bdf-4706-a6e3-cc3755c7a4d0 4e019d707f364e16aaeb9e84aaf35e3f 8e1ef215d73f473b95d765790d32dea0 - - default default] GET failed (client error): The resource could not be found. [pid: 8|app: 0|req: 781/1618] 10.0.0.154 () {32 vars in 717 bytes} [Thu Sep 10 03:15:46 2026] GET /v2.0/ports/b1bcb999-bbb2-405d-88aa-cc1621df1dae => generated 132 bytes in 21 msecs (HTTP/1.1 404) 4 headers in 164 bytes (1 switches on core 0) [pid: 7|app: 0|req: 838/1619] 10.0.0.154 () {32 vars in 750 bytes} [Thu Sep 10 03:15:46 2026] DELETE /v2.0/security-group-rules/ee1b8a2a-4cd8-472c-9758-1c4df7d784c1 => generated 0 bytes in 115 msecs (HTTP/1.1 204) 2 headers in 112 bytes (1 switches on core 0) [pid: 8|app: 0|req: 782/1620] 10.0.0.154 () {32 vars in 724 bytes} [Thu Sep 10 03:15:46 2026] DELETE /v2.0/subnets/f9d3f15d-4111-48f2-9d69-e492e0feee86 => generated 0 bytes in 172 msecs (HTTP/1.1 204) 3 headers in 131 bytes (1 switches on core 0)
2026-09-10 03:15:47.195 8 INFO neutron_taas.services.taas.taas_plugin [None req-b9e8462d-eaf8-449c-94b0-f7859c07f80c 4e019d707f364e16aaeb9e84aaf35e3f 8e1ef215d73f473b95d765790d32dea0 - - default default] TaaS: Handle Delete Port: 0191949b-2972-416a-ac34-e830e3f2f280
2026-09-10 03:15:47.198 8 INFO neutron_taas.services.taas.tap_mirror_plugin [None req-b9e8462d-eaf8-449c-94b0-f7859c07f80c 4e019d707f364e16aaeb9e84aaf35e3f 8e1ef215d73f473b95d765790d32dea0 - - default default] Tap Mirror: Handle Delete Port: 0191949b-2972-416a-ac34-e830e3f2f280 [pid: 7|app: 0|req: 839/1621] 10.0.0.154 () {32 vars in 673 bytes} [Thu Sep 10 03:15:46 2026] GET /v2.0/security-group-rules => generated 3560 bytes in 488 msecs (HTTP/1.1 200) 4 headers in 158 bytes (1 switches on core 0) [pid: 8|app: 0|req: 783/1622] 10.0.0.154 () {32 vars in 726 bytes} [Thu Sep 10 03:15:47 2026] DELETE /v2.0/networks/5fdb71e7-42a6-4634-89cd-06c3dc824876 => generated 0 bytes in 361 msecs (HTTP/1.1 204) 3 headers in 131 bytes (1 switches on core 0)
2026-09-10 03:15:47.422 8 INFO neutron.services.segments.plugin [-] Segment 18ce44cf-9595-4eab-a2e5-4b21a8208bcf resource provider aggregate not found
2026-09-10 03:15:47.431 8 INFO neutron.services.segments.plugin [-] Segment 18ce44cf-9595-4eab-a2e5-4b21a8208bcf resource provider aggregate not found
2026-09-10 03:15:47.452 8 INFO neutron.services.segments.plugin [-] Client error retrieving segment 18ce44cf-9595-4eab-a2e5-4b21a8208bcf resource provider; error: Placement Client Error (4xx): {"errors": [{"status": 404, "title": "Not Found", "detail": "The resource could not be found.\n\n No resource provider with uuid 18ce44cf-9595-4eab-a2e5-4b21a8208bcf found for delete ", "request_id": "req-b7848741-2122-4b55-baef-f9dd3b7accf3"}]}
2026-09-10 03:15:47.454 8 INFO neutron.services.segments.plugin [-] Client error retrieving segment 18ce44cf-9595-4eab-a2e5-4b21a8208bcf resource provider; error: Placement Client Error (4xx): {"errors": [{"status": 404, "title": "Not Found", "detail": "The resource could not be found.\n\n No resource provider with uuid 18ce44cf-9595-4eab-a2e5-4b21a8208bcf found for delete ", "request_id": "req-856d18ce-f31b-4cf0-8bb6-dcd65228e2b8"}]} [pid: 7|app: 0|req: 840/1623] 10.0.0.154 () {32 vars in 740 bytes} [Thu Sep 10 03:15:47 2026] DELETE /v2.0/security-groups/62eb1004-3270-46db-887e-58539ec4a0eb => generated 0 bytes in 116 msecs (HTTP/1.1 204) 2 headers in 112 bytes (1 switches on core 0) [pid: 7|app: 0|req: 841/1624] 10.0.0.154 () {32 vars in 663 bytes} [Thu Sep 10 03:15:47 2026] GET /v2.0/security-groups => generated 2925 bytes in 23 msecs (HTTP/1.1 200) 4 headers in 158 bytes (1 switches on core 0) [pid: 7|app: 0|req: 842/1625] 10.0.0.154 () {32 vars in 663 bytes} [Thu Sep 10 03:15:47 2026] GET /v2.0/security-groups => generated 2925 bytes in 41 msecs (HTTP/1.1 200) 4 headers in 158 bytes (1 switches on core 0)
2026-09-10 03:15:47.647 8 WARNING neutron.scheduler.dhcp_agent_scheduler [None req-83aaad4f-62c6-4b08-bba2-bd808cd1adf5 4e019d707f364e16aaeb9e84aaf35e3f 8e1ef215d73f473b95d765790d32dea0 - - default default] No more DHCP agents
2026-09-10 03:15:47.648 8 WARNING neutron.api.rpc.agentnotifiers.dhcp_rpc_agent_api [None req-83aaad4f-62c6-4b08-bba2-bd808cd1adf5 4e019d707f364e16aaeb9e84aaf35e3f 8e1ef215d73f473b95d765790d32dea0 - - default default] Unable to schedule network 778a3814-2b01-4a07-9fc7-8a29426bb268: no agents available; will retry on subsequent port and subnet creation events.
2026-09-10 03:15:47.706 7 INFO neutron.plugins.ml2.drivers.ovn.mech_driver.mech_driver [None req-d0987162-6ec5-4a3e-bab5-111b654a55ed - - - - - -] OVN reports status down for port: 82e140d5-7aea-487d-b247-dd9e9e790bcf
2026-09-10 03:15:47.744 8 INFO neutron.db.ovn_revision_numbers_db [None req-83aaad4f-62c6-4b08-bba2-bd808cd1adf5 4e019d707f364e16aaeb9e84aaf35e3f 8e1ef215d73f473b95d765790d32dea0 - - default default] Successfully bumped revision number for resource 82e140d5-7aea-487d-b247-dd9e9e790bcf (type: ports) to 1 [pid: 8|app: 0|req: 784/1626] 10.0.0.154 () {34 vars in 665 bytes} [Thu Sep 10 03:15:47 2026] POST /v2.0/ports => generated 779 bytes in 428 msecs (HTTP/1.1 201) 4 headers in 162 bytes (1 switches on core 0) /var/lib/openstack/lib/python3.12/site-packages/pycadf/identifier.py:70: UserWarning: Invalid uuid: neutron. To ensure interoperability, identifiers should be a valid uuid. warnings.warn(('Invalid uuid: %s. To ensure interoperability, '
2026-09-10 03:15:47.897 7 INFO neutron.db.ovn_revision_numbers_db [None req-4dcd5863-a4c6-4c3d-be12-3f098574e0c9 d09948cf5eea45c7b398f9f4e86287ca b203ce58303f4b7d8ea22a479925bc94 - - default default] Successfully bumped revision number for resource 7185ea88-2759-419b-a8cd-e1c2c0d74723 (type: security_groups) to 1
2026-09-10 03:15:47.909 7 INFO neutron.db.ovn_revision_numbers_db [None req-4dcd5863-a4c6-4c3d-be12-3f098574e0c9 d09948cf5eea45c7b398f9f4e86287ca b203ce58303f4b7d8ea22a479925bc94 - - default default] Successfully bumped revision number for resource 74179c0f-eb15-43a5-bbb3-23f008a8f85b (type: security_group_rules) to 0
2026-09-10 03:15:47.919 7 INFO neutron.db.ovn_revision_numbers_db [None req-4dcd5863-a4c6-4c3d-be12-3f098574e0c9 d09948cf5eea45c7b398f9f4e86287ca b203ce58303f4b7d8ea22a479925bc94 - - default default] Successfully bumped revision number for resource 84b6307c-2918-4859-9741-ce6fa8217540 (type: security_group_rules) to 0
2026-09-10 03:15:47.943 7 INFO neutron.db.ovn_revision_numbers_db [None req-4dcd5863-a4c6-4c3d-be12-3f098574e0c9 d09948cf5eea45c7b398f9f4e86287ca b203ce58303f4b7d8ea22a479925bc94 - - default default] Successfully bumped revision number for resource 85954b60-9a86-4e89-b5f1-40244ceef7fa (type: security_group_rules) to 0
2026-09-10 03:15:47.961 7 INFO neutron.db.ovn_revision_numbers_db [None req-4dcd5863-a4c6-4c3d-be12-3f098574e0c9 d09948cf5eea45c7b398f9f4e86287ca b203ce58303f4b7d8ea22a479925bc94 - - default default] Successfully bumped revision number for resource c100ba94-955b-450b-86bb-c6425b422efc (type: security_group_rules) to 0 [pid: 7|app: 0|req: 843/1627] 10.0.0.154 () {32 vars in 774 bytes} [Thu Sep 10 03:15:47 2026] GET /v2.0/security-groups?tenant_id=ac11a61442514f80a5d2c3abd8821fcf&name=default => generated 2925 bytes in 474 msecs (HTTP/1.1 200) 4 headers in 158 bytes (1 switches on core 0)
2026-09-10 03:15:48.056 7 INFO neutron.plugins.ml2.drivers.ovn.mech_driver.mech_driver [None req-d0987162-6ec5-4a3e-bab5-111b654a55ed - - - - - -] OVN reports status down for port: 82e140d5-7aea-487d-b247-dd9e9e790bcf
2026-09-10 03:15:48.084 8 INFO neutron.db.ovn_revision_numbers_db [None req-63a057a2-c0b5-44f2-bdd2-0bc34a7ec600 4e019d707f364e16aaeb9e84aaf35e3f 8e1ef215d73f473b95d765790d32dea0 - - default default] Successfully bumped revision number for resource 82e140d5-7aea-487d-b247-dd9e9e790bcf (type: ports) to 2 [pid: 8|app: 0|req: 785/1628] 10.0.0.154 () {34 vars in 737 bytes} [Thu Sep 10 03:15:47 2026] PUT /v2.0/ports/82e140d5-7aea-487d-b247-dd9e9e790bcf => generated 752 bytes in 279 msecs (HTTP/1.1 200) 4 headers in 157 bytes (1 switches on core 0) /var/lib/openstack/lib/python3.12/site-packages/pycadf/identifier.py:70: UserWarning: Invalid uuid: neutron. To ensure interoperability, identifiers should be a valid uuid. warnings.warn(('Invalid uuid: %s. To ensure interoperability, '
2026-09-10 03:15:48.311 7 INFO neutron.db.ovn_revision_numbers_db [None req-e2c34d1f-a57a-4c11-8e25-5acc036cff65 d09948cf5eea45c7b398f9f4e86287ca b203ce58303f4b7d8ea22a479925bc94 - - default default] Successfully bumped revision number for resource 213439a1-d081-4979-b6cd-a352332f8f24 (type: security_groups) to 1
2026-09-10 03:15:48.323 7 INFO neutron.db.ovn_revision_numbers_db [None req-e2c34d1f-a57a-4c11-8e25-5acc036cff65 d09948cf5eea45c7b398f9f4e86287ca b203ce58303f4b7d8ea22a479925bc94 - - default default] Successfully bumped revision number for resource 6843c85a-b925-4306-aabb-b1f8c69abcb5 (type: security_group_rules) to 0 [pid: 8|app: 0|req: 786/1629] 10.0.0.154 () {32 vars in 740 bytes} [Thu Sep 10 03:15:48 2026] DELETE /v2.0/security-groups/7185ea88-2759-419b-a8cd-e1c2c0d74723 => generated 0 bytes in 243 msecs (HTTP/1.1 204) 2 headers in 112 bytes (1 switches on core 0)
2026-09-10 03:15:48.350 7 INFO neutron.db.ovn_revision_numbers_db [None req-e2c34d1f-a57a-4c11-8e25-5acc036cff65 d09948cf5eea45c7b398f9f4e86287ca b203ce58303f4b7d8ea22a479925bc94 - - default default] Successfully bumped revision number for resource 91654750-f56e-48d9-a439-d55eaa1f74d8 (type: security_group_rules) to 0
2026-09-10 03:15:48.392 7 INFO neutron.db.ovn_revision_numbers_db [None req-e2c34d1f-a57a-4c11-8e25-5acc036cff65 d09948cf5eea45c7b398f9f4e86287ca b203ce58303f4b7d8ea22a479925bc94 - - default default] Successfully bumped revision number for resource c40bb872-d11f-450b-8d22-20a95111e144 (type: security_group_rules) to 0 [pid: 8|app: 0|req: 787/1630] 10.0.0.154 () {32 vars in 774 bytes} [Thu Sep 10 03:15:48 2026] GET /v2.0/security-groups?tenant_id=e7af1f9dc17f47f3b49bb2564f1917bc&name=default => generated 2925 bytes in 83 msecs (HTTP/1.1 200) 4 headers in 158 bytes (1 switches on core 0)
2026-09-10 03:15:48.434 7 INFO neutron.db.ovn_revision_numbers_db [None req-e2c34d1f-a57a-4c11-8e25-5acc036cff65 d09948cf5eea45c7b398f9f4e86287ca b203ce58303f4b7d8ea22a479925bc94 - - default default] Successfully bumped revision number for resource f6cd242f-f044-47e4-b5bb-f704403b746f (type: security_group_rules) to 0 [pid: 7|app: 0|req: 844/1631] 10.0.0.154 () {32 vars in 774 bytes} [Thu Sep 10 03:15:48 2026] GET /v2.0/security-groups?tenant_id=c082348137e241f485417bc859bc3e25&name=default => generated 2925 bytes in 456 msecs (HTTP/1.1 200) 4 headers in 158 bytes (1 switches on core 0)
2026-09-10 03:15:48.512 8 INFO neutron_taas.services.taas.taas_plugin [None req-dda544cc-170e-4d75-b249-fb9fb0977513 4e019d707f364e16aaeb9e84aaf35e3f 8e1ef215d73f473b95d765790d32dea0 - - default default] TaaS: Handle Delete Port: 82e140d5-7aea-487d-b247-dd9e9e790bcf
2026-09-10 03:15:48.514 8 INFO neutron_taas.services.taas.tap_mirror_plugin [None req-dda544cc-170e-4d75-b249-fb9fb0977513 4e019d707f364e16aaeb9e84aaf35e3f 8e1ef215d73f473b95d765790d32dea0 - - default default] Tap Mirror: Handle Delete Port: 82e140d5-7aea-487d-b247-dd9e9e790bcf [pid: 8|app: 0|req: 788/1632] 10.0.0.154 () {32 vars in 720 bytes} [Thu Sep 10 03:15:48 2026] DELETE /v2.0/ports/82e140d5-7aea-487d-b247-dd9e9e790bcf => generated 0 bytes in 235 msecs (HTTP/1.1 204) 3 headers in 131 bytes (1 switches on core 0) [pid: 7|app: 0|req: 845/1633] 10.0.0.154 () {32 vars in 740 bytes} [Thu Sep 10 03:15:48 2026] DELETE /v2.0/security-groups/16362af2-4c06-4e2c-8497-055967601df7 => generated 0 bytes in 261 msecs (HTTP/1.1 204) 2 headers in 112 bytes (1 switches on core 0) [pid: 7|app: 0|req: 846/1634] 10.0.0.154 () {32 vars in 643 bytes} [Thu Sep 10 03:15:48 2026] GET /v2.0/ports => generated 1537 bytes in 105 msecs (HTTP/1.1 200) 4 headers in 158 bytes (1 switches on core 0)
2026-09-10 03:15:48.858 7 INFO neutron.pecan_wsgi.hooks.translation [None req-02758c6b-66a3-412e-b856-4fceb091c488 4e019d707f364e16aaeb9e84aaf35e3f 8e1ef215d73f473b95d765790d32dea0 - - default default] GET failed (client error): The resource could not be found. [pid: 7|app: 0|req: 847/1635] 10.0.0.154 () {32 vars in 717 bytes} [Thu Sep 10 03:15:48 2026] GET /v2.0/ports/82e140d5-7aea-487d-b247-dd9e9e790bcf => generated 132 bytes in 18 msecs (HTTP/1.1 404) 4 headers in 164 bytes (1 switches on core 0) [pid: 7|app: 0|req: 848/1636] 10.0.0.154 () {32 vars in 643 bytes} [Thu Sep 10 03:15:48 2026] GET /v2.0/ports => generated 1537 bytes in 40 msecs (HTTP/1.1 200) 4 headers in 158 bytes (1 switches on core 0) [pid: 8|app: 0|req: 789/1637] 10.0.0.154 () {32 vars in 740 bytes} [Thu Sep 10 03:15:48 2026] DELETE /v2.0/security-groups/213439a1-d081-4979-b6cd-a352332f8f24 => generated 0 bytes in 257 msecs (HTTP/1.1 204) 2 headers in 112 bytes (1 switches on core 0) [pid: 7|app: 0|req: 849/1638] 10.0.0.154 () {32 vars in 717 bytes} [Thu Sep 10 03:15:48 2026] GET /v2.0/ports/4d7a36b6-1a3e-420b-af1b-29aa3ba02d43 => generated 778 bytes in 32 msecs (HTTP/1.1 200) 4 headers in 157 bytes (1 switches on core 0)
2026-09-10 03:15:48.967 8 INFO neutron.pecan_wsgi.hooks.translation [None req-79c5c76d-7c90-437f-b339-4bd11132ea37 4e019d707f364e16aaeb9e84aaf35e3f 8e1ef215d73f473b95d765790d32dea0 - - default default] DELETE failed (client error): The resource could not be found. [pid: 8|app: 0|req: 790/1639] 10.0.0.154 () {32 vars in 720 bytes} [Thu Sep 10 03:15:48 2026] DELETE /v2.0/ports/b1bcb999-bbb2-405d-88aa-cc1621df1dae => generated 132 bytes in 22 msecs (HTTP/1.1 404) 4 headers in 164 bytes (1 switches on core 0)
2026-09-10 03:15:48.993 7 INFO neutron.pecan_wsgi.hooks.translation [None req-7db17145-69da-4577-9de8-1e55ede74db0 4e019d707f364e16aaeb9e84aaf35e3f 8e1ef215d73f473b95d765790d32dea0 - - default default] DELETE failed (client error): The resource could not be found. [pid: 7|app: 0|req: 850/1640] 10.0.0.154 () {32 vars in 724 bytes} [Thu Sep 10 03:15:48 2026] DELETE /v2.0/subnets/f9d3f15d-4111-48f2-9d69-e492e0feee86 => generated 136 bytes in 15 msecs (HTTP/1.1 404) 4 headers in 164 bytes (1 switches on core 0)
2026-09-10 03:15:49.015 8 INFO neutron.pecan_wsgi.hooks.translation [None req-e5765c66-fbf7-437e-a7b0-0134e6969f77 4e019d707f364e16aaeb9e84aaf35e3f 8e1ef215d73f473b95d765790d32dea0 - - default default] DELETE failed (client error): The resource could not be found. [pid: 8|app: 0|req: 791/1641] 10.0.0.154 () {32 vars in 724 bytes} [Thu Sep 10 03:15:49 2026] DELETE /v2.0/subnets/d381d210-9dcf-4261-92ed-e208c92a458e => generated 136 bytes in 17 msecs (HTTP/1.1 404) 4 headers in 164 bytes (1 switches on core 0)
2026-09-10 03:15:49.144 7 INFO neutron_taas.services.taas.taas_plugin [None req-f68e8618-e287-4ebd-b718-aa71816e9893 4e019d707f364e16aaeb9e84aaf35e3f 8e1ef215d73f473b95d765790d32dea0 - - default default] TaaS: Handle Delete Port: 4d7a36b6-1a3e-420b-af1b-29aa3ba02d43
2026-09-10 03:15:49.146 7 INFO neutron_taas.services.taas.tap_mirror_plugin [None req-f68e8618-e287-4ebd-b718-aa71816e9893 4e019d707f364e16aaeb9e84aaf35e3f 8e1ef215d73f473b95d765790d32dea0 - - default default] Tap Mirror: Handle Delete Port: 4d7a36b6-1a3e-420b-af1b-29aa3ba02d43 [pid: 7|app: 0|req: 851/1642] 10.0.0.154 () {32 vars in 720 bytes} [Thu Sep 10 03:15:49 2026] DELETE /v2.0/ports/4d7a36b6-1a3e-420b-af1b-29aa3ba02d43 => generated 0 bytes in 242 msecs (HTTP/1.1 204) 3 headers in 131 bytes (1 switches on core 0)
2026-09-10 03:15:49.398 8 INFO neutron_taas.services.taas.taas_plugin [None req-eb788a27-93d0-4140-87b3-b331a27123b3 4e019d707f364e16aaeb9e84aaf35e3f 8e1ef215d73f473b95d765790d32dea0 - - default default] TaaS: Handle Delete Port: 88294a75-d4b3-4ba6-9806-3980ff7c1aa5
2026-09-10 03:15:49.401 8 INFO neutron_taas.services.taas.tap_mirror_plugin [None req-eb788a27-93d0-4140-87b3-b331a27123b3 4e019d707f364e16aaeb9e84aaf35e3f 8e1ef215d73f473b95d765790d32dea0 - - default default] Tap Mirror: Handle Delete Port: 88294a75-d4b3-4ba6-9806-3980ff7c1aa5
2026-09-10 03:15:49.614 8 INFO neutron.services.segments.plugin [-] Segment 19df5e6a-7703-4cac-912b-201a0a5c9e0c resource provider aggregate not found
2026-09-10 03:15:49.617 8 INFO neutron.services.segments.plugin [-] Segment 19df5e6a-7703-4cac-912b-201a0a5c9e0c resource provider aggregate not found
2026-09-10 03:15:49.648 8 INFO neutron.services.segments.plugin [-] Client error retrieving segment 19df5e6a-7703-4cac-912b-201a0a5c9e0c resource provider; error: Placement Client Error (4xx): {"errors": [{"status": 404, "title": "Not Found", "detail": "The resource could not be found.\n\n No resource provider with uuid 19df5e6a-7703-4cac-912b-201a0a5c9e0c found for delete ", "request_id": "req-deed49c1-94a4-4d8d-8cee-619b2625fa4e"}]}
2026-09-10 03:15:49.654 8 INFO neutron.services.segments.plugin [-] Client error retrieving segment 19df5e6a-7703-4cac-912b-201a0a5c9e0c resource provider; error: Placement Client Error (4xx): {"errors": [{"status": 404, "title": "Not Found", "detail": "The resource could not be found.\n\n No resource provider with uuid 19df5e6a-7703-4cac-912b-201a0a5c9e0c found for delete ", "request_id": "req-fdf07a53-7c8d-4efb-adcc-d271f1a2c839"}]} [pid: 8|app: 0|req: 792/1643] 10.0.0.154 () {32 vars in 726 bytes} [Thu Sep 10 03:15:49 2026] DELETE /v2.0/networks/778a3814-2b01-4a07-9fc7-8a29426bb268 => generated 0 bytes in 411 msecs (HTTP/1.1 204) 3 headers in 131 bytes (1 switches on core 0) [pid: 7|app: 0|req: 852/1644] 10.0.0.154 () {32 vars in 774 bytes} [Thu Sep 10 03:15:50 2026] GET /v2.0/security-groups?tenant_id=8e1ef215d73f473b95d765790d32dea0&name=default => generated 2925 bytes in 179 msecs (HTTP/1.1 200) 4 headers in 158 bytes (1 switches on core 0) [pid: 8|app: 0|req: 793/1645] 10.0.0.154 () {32 vars in 740 bytes} [Thu Sep 10 03:15:50 2026] DELETE /v2.0/security-groups/beb03743-7985-47e2-b452-71e8e70365a2 => generated 0 bytes in 268 msecs (HTTP/1.1 204) 2 headers in 112 bytes (1 switches on core 0)
2026-09-10 03:15:50.824 7 INFO neutron.db.ovn_revision_numbers_db [None req-d7ecec54-a3e0-4611-9cea-6a25b0c74a79 1ff55f8758634b28a9ec1bb6b06c0df8 49be285ca3794948aee207dba3233468 - - default default] Successfully bumped revision number for resource 24f2a363-1e8c-4f5f-8218-ebbfb072d462 (type: security_groups) to 1
2026-09-10 03:15:50.844 7 INFO neutron.db.ovn_revision_numbers_db [None req-d7ecec54-a3e0-4611-9cea-6a25b0c74a79 1ff55f8758634b28a9ec1bb6b06c0df8 49be285ca3794948aee207dba3233468 - - default default] Successfully bumped revision number for resource 3996c955-c98f-4997-af21-ccb3f230f8ca (type: security_group_rules) to 0
2026-09-10 03:15:50.865 7 INFO neutron.db.ovn_revision_numbers_db [None req-d7ecec54-a3e0-4611-9cea-6a25b0c74a79 1ff55f8758634b28a9ec1bb6b06c0df8 49be285ca3794948aee207dba3233468 - - default default] Successfully bumped revision number for resource 46d4a73c-285d-4625-b305-425e6e960209 (type: security_group_rules) to 0
2026-09-10 03:15:50.873 8 INFO neutron.db.ovn_revision_numbers_db [None req-b0e4aea7-ed0a-455d-aa00-a66a5b93400b ada57cd15a604cb1bad2205794711152 02ad7a2a187e42e68fdb1e947270c261 - - default default] Successfully bumped revision number for resource 91764b11-f596-427d-abe4-dedbfb02eb56 (type: security_groups) to 1
2026-09-10 03:15:50.880 7 INFO neutron.db.ovn_revision_numbers_db [None req-d7ecec54-a3e0-4611-9cea-6a25b0c74a79 1ff55f8758634b28a9ec1bb6b06c0df8 49be285ca3794948aee207dba3233468 - - default default] Successfully bumped revision number for resource 8984e65f-89c4-49de-a1d6-15247c96148b (type: security_group_rules) to 0
2026-09-10 03:15:50.890 8 INFO neutron.db.ovn_revision_numbers_db [None req-b0e4aea7-ed0a-455d-aa00-a66a5b93400b ada57cd15a604cb1bad2205794711152 02ad7a2a187e42e68fdb1e947270c261 - - default default] Successfully bumped revision number for resource 35c4157f-0d38-40ef-8d9d-f810a9cb6fb1 (type: security_group_rules) to 0
2026-09-10 03:15:50.896 7 INFO neutron.db.ovn_revision_numbers_db [None req-d7ecec54-a3e0-4611-9cea-6a25b0c74a79 1ff55f8758634b28a9ec1bb6b06c0df8 49be285ca3794948aee207dba3233468 - - default default] Successfully bumped revision number for resource c929469c-dd32-44ec-8ad7-d5457071ecc3 (type: security_group_rules) to 0
2026-09-10 03:15:50.907 8 INFO neutron.db.ovn_revision_numbers_db [None req-b0e4aea7-ed0a-455d-aa00-a66a5b93400b ada57cd15a604cb1bad2205794711152 02ad7a2a187e42e68fdb1e947270c261 - - default default] Successfully bumped revision number for resource 91c9cc07-6ae1-4da1-b1fc-734f6f7a75a6 (type: security_group_rules) to 0
2026-09-10 03:15:50.930 8 INFO neutron.db.ovn_revision_numbers_db [None req-b0e4aea7-ed0a-455d-aa00-a66a5b93400b ada57cd15a604cb1bad2205794711152 02ad7a2a187e42e68fdb1e947270c261 - - default default] Successfully bumped revision number for resource ea036313-565c-4dfd-92ba-2bcd53366293 (type: security_group_rules) to 0
2026-09-10 03:15:50.956 8 INFO neutron.db.ovn_revision_numbers_db [None req-b0e4aea7-ed0a-455d-aa00-a66a5b93400b ada57cd15a604cb1bad2205794711152 02ad7a2a187e42e68fdb1e947270c261 - - default default] Successfully bumped revision number for resource f30732c3-0ed1-437e-8231-b9e1d66d2a23 (type: security_group_rules) to 0
2026-09-10 03:15:51.048 7 INFO neutron.db.ovn_revision_numbers_db [None req-d7ecec54-a3e0-4611-9cea-6a25b0c74a79 1ff55f8758634b28a9ec1bb6b06c0df8 49be285ca3794948aee207dba3233468 - - default default] Successfully bumped revision number for resource 5bdbfec5-d129-4851-a55a-24d5863cdd66 (type: security_groups) to 1
2026-09-10 03:15:51.078 7 INFO neutron.db.ovn_revision_numbers_db [None req-d7ecec54-a3e0-4611-9cea-6a25b0c74a79 1ff55f8758634b28a9ec1bb6b06c0df8 49be285ca3794948aee207dba3233468 - - default default] Successfully bumped revision number for resource 9f46e253-b31e-4dc7-ae73-91770f4b9a09 (type: security_group_rules) to 0
2026-09-10 03:15:51.095 7 INFO neutron.db.ovn_revision_numbers_db [None req-d7ecec54-a3e0-4611-9cea-6a25b0c74a79 1ff55f8758634b28a9ec1bb6b06c0df8 49be285ca3794948aee207dba3233468 - - default default] Successfully bumped revision number for resource dfe36d4e-9587-40ad-b6d8-7a5a53ca307d (type: security_group_rules) to 0
2026-09-10 03:15:51.097 8 INFO neutron.db.segments_db [None req-b0e4aea7-ed0a-455d-aa00-a66a5b93400b ada57cd15a604cb1bad2205794711152 02ad7a2a187e42e68fdb1e947270c261 - - default default] Added segment 52cd89f5-3176-4ffc-91ea-ade8dbb0d8d8 of type geneve for network 9a01f0e7-7d2d-4733-804c-90b17fd2d36d [pid: 7|app: 0|req: 853/1646] 10.0.0.154 () {34 vars in 684 bytes} [Thu Sep 10 03:15:50 2026] POST /v2.0/security-groups => generated 1625 bytes in 557 msecs (HTTP/1.1 201) 4 headers in 163 bytes (1 switches on core 0)
