2026-09-10 03:15:33.797 7 WARNING neutron.api.rpc.agentnotifiers.dhcp_rpc_agent_api [None req-89ef163b-5707-4b6c-b396-6dba00eed857 589c0d6540204d178ed9968c5f73e526 80993fd8295b4fa18016b7a0d22cb053 - - default default] Unable to schedule network f1fe79b1-7d6f-4d0e-9961-7dfc4b2cff7e: no agents available; will retry on subsequent port and subnet creation events.
2026-09-10 03:15:33.959 8 INFO neutron.plugins.ml2.drivers.ovn.mech_driver.mech_driver [None req-a72db429-0d11-4d6f-852e-931f082c91e7 - - - - - -] OVN reports status up for port: 01ed9378-7ddd-447a-9c12-0d4296b41ac3
2026-09-10 03:15:34.003 8 INFO neutron.plugins.ml2.plugin [None req-a72db429-0d11-4d6f-852e-931f082c91e7 - - - - - -] Attempt 1 to provision port 01ed9378-7ddd-447a-9c12-0d4296b41ac3
2026-09-10 03:15:34.127 8 WARNING neutron.scheduler.dhcp_agent_scheduler [None req-cb5a1434-47d8-4bbd-a3e9-191112e94704 16d1a4f5aebf4b909b25c21c1c4ee98c eeabe282bd334a5095ffef6a843a7db6 - - default default] No more DHCP agents
2026-09-10 03:15:34.129 8 WARNING neutron.api.rpc.agentnotifiers.dhcp_rpc_agent_api [None req-cb5a1434-47d8-4bbd-a3e9-191112e94704 16d1a4f5aebf4b909b25c21c1c4ee98c eeabe282bd334a5095ffef6a843a7db6 - - default default] Unable to schedule network 6220c57a-e089-4037-a8b1-284b0a53b14e: no agents available; will retry on subsequent port and subnet creation events.
2026-09-10 03:15:34.242 7 INFO neutron.db.ovn_revision_numbers_db [None req-1fdf65c4-746f-4c16-aa74-aea272871237 - - - - - -] Successfully bumped revision number for resource d3b6818b-d9f7-4bfb-88b9-d7df8cb9d6b6 (type: ports) to 2
2026-09-10 03:15:34.277 7 INFO neutron.db.ovn_revision_numbers_db [None req-1fdf65c4-746f-4c16-aa74-aea272871237 - - - - - -] Successfully bumped revision number for resource 3e2c4a49-1b47-4b14-a3d8-c0c9fd5f52af (type: subnets) to 0 [pid: 7|app: 0|req: 778/1516] 10.0.0.154 () {34 vars in 669 bytes} [Thu Sep 10 03:15:33 2026] POST /v2.0/subnets => generated 641 bytes in 672 msecs (HTTP/1.1 201) 4 headers in 162 bytes (1 switches on core 0)
2026-09-10 03:15:34.386 7 INFO neutron.db.segments_db [None req-27a2cda2-1f10-47da-95e7-b2e7b16f5e9e 589c0d6540204d178ed9968c5f73e526 80993fd8295b4fa18016b7a0d22cb053 - - default default] Added segment 2062ae8c-8d38-4bac-99be-e01d98ffe3aa of type geneve for network 079e20a8-6376-4253-83e2-7f6cf9ad2f72
2026-09-10 03:15:34.469 7 INFO neutron.db.ovn_revision_numbers_db [None req-27a2cda2-1f10-47da-95e7-b2e7b16f5e9e 589c0d6540204d178ed9968c5f73e526 80993fd8295b4fa18016b7a0d22cb053 - - default default] Successfully bumped revision number for resource 079e20a8-6376-4253-83e2-7f6cf9ad2f72 (type: networks) to 1
2026-09-10 03:15:34.542 8 INFO neutron.db.ovn_revision_numbers_db [None req-cb5a1434-47d8-4bbd-a3e9-191112e94704 16d1a4f5aebf4b909b25c21c1c4ee98c eeabe282bd334a5095ffef6a843a7db6 - - default default] Successfully bumped revision number for resource 01ed9378-7ddd-447a-9c12-0d4296b41ac3 (type: router_ports) to 1 [pid: 8|app: 0|req: 739/1517] 10.0.0.154 () {34 vars in 783 bytes} [Thu Sep 10 03:15:32 2026] PUT /v2.0/routers/46438dd9-d80d-4fe4-bb73-e48a1b170f42/add_router_interface => generated 309 bytes in 1863 msecs (HTTP/1.1 200) 4 headers in 157 bytes (1 switches on core 0) [pid: 8|app: 0|req: 740/1518] 10.0.0.154 () {32 vars in 717 bytes} [Thu Sep 10 03:15:34 2026] GET /v2.0/ports/01ed9378-7ddd-447a-9c12-0d4296b41ac3 => generated 943 bytes in 83 msecs (HTTP/1.1 200) 4 headers in 157 bytes (1 switches on core 0)
2026-09-10 03:15:34.668 7 WARNING neutron.scheduler.dhcp_agent_scheduler [None req-27a2cda2-1f10-47da-95e7-b2e7b16f5e9e 589c0d6540204d178ed9968c5f73e526 80993fd8295b4fa18016b7a0d22cb053 - - default default] No more DHCP agents
2026-09-10 03:15:34.670 7 WARNING neutron.api.rpc.agentnotifiers.dhcp_rpc_agent_api [None req-27a2cda2-1f10-47da-95e7-b2e7b16f5e9e 589c0d6540204d178ed9968c5f73e526 80993fd8295b4fa18016b7a0d22cb053 - - default default] Unable to schedule network 079e20a8-6376-4253-83e2-7f6cf9ad2f72: no agents available; will retry on subsequent port and subnet creation events.
2026-09-10 03:15:34.731 7 INFO neutron.plugins.ml2.drivers.ovn.mech_driver.mech_driver [None req-d0987162-6ec5-4a3e-bab5-111b654a55ed - - - - - -] OVN reports status down for port: fe61ca69-d740-4eba-80a7-a0b2e5750974 [pid: 8|app: 0|req: 741/1519] 10.0.0.154 () {32 vars in 717 bytes} [Thu Sep 10 03:15:34 2026] GET /v2.0/ports/01ed9378-7ddd-447a-9c12-0d4296b41ac3 => generated 943 bytes in 83 msecs (HTTP/1.1 200) 4 headers in 157 bytes (1 switches on core 0)
2026-09-10 03:15:34.791 7 INFO neutron.db.ovn_revision_numbers_db [None req-27a2cda2-1f10-47da-95e7-b2e7b16f5e9e 589c0d6540204d178ed9968c5f73e526 80993fd8295b4fa18016b7a0d22cb053 - - default default] Successfully bumped revision number for resource fe61ca69-d740-4eba-80a7-a0b2e5750974 (type: ports) to 1 [pid: 7|app: 0|req: 779/1520] 10.0.0.154 () {34 vars in 670 bytes} [Thu Sep 10 03:15:34 2026] POST /v2.0/networks => generated 644 bytes in 517 msecs (HTTP/1.1 201) 4 headers in 162 bytes (1 switches on core 0)
2026-09-10 03:15:34.849 8 INFO neutron.db.ovn_revision_numbers_db [None req-a72db429-0d11-4d6f-852e-931f082c91e7 - - - - - -] Successfully bumped revision number for resource 01ed9378-7ddd-447a-9c12-0d4296b41ac3 (type: ports) to 2
2026-09-10 03:15:34.950 7 INFO neutron.db.ovn_revision_numbers_db [None req-423000fd-f5d0-43b3-9b5d-7474c85cdd9d 589c0d6540204d178ed9968c5f73e526 80993fd8295b4fa18016b7a0d22cb053 - - default default] Successfully bumped revision number for resource 079e20a8-6376-4253-83e2-7f6cf9ad2f72 (type: networks) to 2 [pid: 7|app: 0|req: 780/1521] 10.0.0.154 () {34 vars in 743 bytes} [Thu Sep 10 03:15:34 2026] PUT /v2.0/networks/079e20a8-6376-4253-83e2-7f6cf9ad2f72 => generated 598 bytes in 136 msecs (HTTP/1.1 200) 4 headers in 157 bytes (1 switches on core 0)
2026-09-10 03:15:35.152 7 WARNING neutron.scheduler.dhcp_agent_scheduler [None req-6f6cfe1d-41ab-4f13-bf12-bffe7ede5eb7 589c0d6540204d178ed9968c5f73e526 80993fd8295b4fa18016b7a0d22cb053 - - default default] No more DHCP agents
2026-09-10 03:15:35.153 7 WARNING neutron.api.rpc.agentnotifiers.dhcp_rpc_agent_api [None req-6f6cfe1d-41ab-4f13-bf12-bffe7ede5eb7 589c0d6540204d178ed9968c5f73e526 80993fd8295b4fa18016b7a0d22cb053 - - default default] Unable to schedule network 079e20a8-6376-4253-83e2-7f6cf9ad2f72: no agents available; will retry on subsequent port and subnet creation events.
2026-09-10 03:15:35.161 8 INFO neutron.db.ovn_revision_numbers_db [None req-edb3c3bc-9552-4433-a809-7673bc957efc - - - - - -] Successfully bumped revision number for resource 01ed9378-7ddd-447a-9c12-0d4296b41ac3 (type: router_ports) to 2
2026-09-10 03:15:35.256 8 INFO neutron_taas.services.taas.taas_plugin [None req-ece263fa-592d-466f-8c84-1bf81ec92b87 16d1a4f5aebf4b909b25c21c1c4ee98c eeabe282bd334a5095ffef6a843a7db6 - - default default] TaaS: Handle Delete Port: 01ed9378-7ddd-447a-9c12-0d4296b41ac3
2026-09-10 03:15:35.259 8 INFO neutron_taas.services.taas.tap_mirror_plugin [None req-ece263fa-592d-466f-8c84-1bf81ec92b87 16d1a4f5aebf4b909b25c21c1c4ee98c eeabe282bd334a5095ffef6a843a7db6 - - default default] Tap Mirror: Handle Delete Port: 01ed9378-7ddd-447a-9c12-0d4296b41ac3
2026-09-10 03:15:35.572 7 INFO neutron.db.ovn_revision_numbers_db [None req-4d5c8c13-e7ad-46e3-b87b-76932b850352 - - - - - -] Successfully bumped revision number for resource fe61ca69-d740-4eba-80a7-a0b2e5750974 (type: ports) to 2 [pid: 8|app: 0|req: 742/1522] 10.0.0.154 () {34 vars in 789 bytes} [Thu Sep 10 03:15:34 2026] PUT /v2.0/routers/46438dd9-d80d-4fe4-bb73-e48a1b170f42/remove_router_interface => generated 309 bytes in 834 msecs (HTTP/1.1 200) 4 headers in 157 bytes (1 switches on core 0) /var/lib/openstack/lib/python3.12/site-packages/pycadf/identifier.py:70: UserWarning: Invalid uuid: neutron. To ensure interoperability, identifiers should be a valid uuid. warnings.warn(('Invalid uuid: %s. To ensure interoperability, '
2026-09-10 03:15:35.610 7 INFO neutron.db.ovn_revision_numbers_db [None req-4d5c8c13-e7ad-46e3-b87b-76932b850352 - - - - - -] Successfully bumped revision number for resource f6be6af5-7670-4ab5-ad7b-d69f81fb40fe (type: subnets) to 0 [pid: 8|app: 0|req: 743/1523] 10.0.0.154 () {32 vars in 736 bytes} [Thu Sep 10 03:15:35 2026] GET /v2.0/ports?device_id=46438dd9-d80d-4fe4-bb73-e48a1b170f42 => generated 12 bytes in 21 msecs (HTTP/1.1 200) 4 headers in 156 bytes (1 switches on core 0) [pid: 7|app: 0|req: 781/1524] 10.0.0.154 () {34 vars in 669 bytes} [Thu Sep 10 03:15:34 2026] POST /v2.0/subnets => generated 626 bytes in 675 msecs (HTTP/1.1 201) 4 headers in 162 bytes (1 switches on core 0) [pid: 8|app: 0|req: 744/1525] 10.0.0.154 () {32 vars in 724 bytes} [Thu Sep 10 03:15:35 2026] DELETE /v2.0/routers/46438dd9-d80d-4fe4-bb73-e48a1b170f42 => generated 0 bytes in 197 msecs (HTTP/1.1 204) 2 headers in 112 bytes (1 switches on core 0)
2026-09-10 03:15:35.852 7 INFO neutron.db.ovn_revision_numbers_db [None req-2d37ca5c-3ec6-4ad8-a966-10131e6e665d 589c0d6540204d178ed9968c5f73e526 80993fd8295b4fa18016b7a0d22cb053 - - default default] Successfully bumped revision number for resource f6be6af5-7670-4ab5-ad7b-d69f81fb40fe (type: subnets) to 1 [pid: 7|app: 0|req: 782/1526] 10.0.0.154 () {34 vars in 741 bytes} [Thu Sep 10 03:15:35 2026] PUT /v2.0/subnets/f6be6af5-7670-4ab5-ad7b-d69f81fb40fe => generated 636 bytes in 214 msecs (HTTP/1.1 200) 4 headers in 157 bytes (1 switches on core 0) [pid: 7|app: 0|req: 783/1527] 10.0.0.154 () {32 vars in 724 bytes} [Thu Sep 10 03:15:35 2026] DELETE /v2.0/subnets/76ed4d2d-e292-4b36-99ff-efc91502f5f7 => generated 0 bytes in 158 msecs (HTTP/1.1 204) 3 headers in 131 bytes (1 switches on core 0)
2026-09-10 03:15:36.180 7 INFO neutron_taas.services.taas.taas_plugin [None req-c4073323-50de-402b-a15b-e06663bcff21 589c0d6540204d178ed9968c5f73e526 80993fd8295b4fa18016b7a0d22cb053 - - default default] TaaS: Handle Delete Port: fe61ca69-d740-4eba-80a7-a0b2e5750974
2026-09-10 03:15:36.186 7 INFO neutron_taas.services.taas.tap_mirror_plugin [None req-c4073323-50de-402b-a15b-e06663bcff21 589c0d6540204d178ed9968c5f73e526 80993fd8295b4fa18016b7a0d22cb053 - - default default] Tap Mirror: Handle Delete Port: fe61ca69-d740-4eba-80a7-a0b2e5750974
2026-09-10 03:15:36.225 8 INFO neutron.db.ovn_revision_numbers_db [None req-2ca9d3a1-07fc-4ddf-a05a-2595d05a632d d09948cf5eea45c7b398f9f4e86287ca b203ce58303f4b7d8ea22a479925bc94 - - default default] Successfully bumped revision number for resource e17a1b20-c685-4c4d-907b-3a20b5492953 (type: security_groups) to 1
2026-09-10 03:15:36.241 8 INFO neutron.db.ovn_revision_numbers_db [None req-2ca9d3a1-07fc-4ddf-a05a-2595d05a632d d09948cf5eea45c7b398f9f4e86287ca b203ce58303f4b7d8ea22a479925bc94 - - default default] Successfully bumped revision number for resource 51732a13-f36c-4c6e-874a-c3cc2589efea (type: security_group_rules) to 0
2026-09-10 03:15:36.255 8 INFO neutron.db.ovn_revision_numbers_db [None req-2ca9d3a1-07fc-4ddf-a05a-2595d05a632d d09948cf5eea45c7b398f9f4e86287ca b203ce58303f4b7d8ea22a479925bc94 - - default default] Successfully bumped revision number for resource cc3a5b03-555d-4882-951c-e0561c386c86 (type: security_group_rules) to 0
2026-09-10 03:15:36.273 8 INFO neutron.db.ovn_revision_numbers_db [None req-2ca9d3a1-07fc-4ddf-a05a-2595d05a632d d09948cf5eea45c7b398f9f4e86287ca b203ce58303f4b7d8ea22a479925bc94 - - default default] Successfully bumped revision number for resource ceeabf74-eb2a-4c0d-9025-11e814e3ad20 (type: security_group_rules) to 0
2026-09-10 03:15:36.286 8 INFO neutron.db.ovn_revision_numbers_db [None req-2ca9d3a1-07fc-4ddf-a05a-2595d05a632d d09948cf5eea45c7b398f9f4e86287ca b203ce58303f4b7d8ea22a479925bc94 - - default default] Successfully bumped revision number for resource f3090f4d-fc85-4184-b7ee-ce486be5a39e (type: security_group_rules) to 0 [pid: 8|app: 0|req: 745/1528] 10.0.0.154 () {32 vars in 774 bytes} [Thu Sep 10 03:15:35 2026] GET /v2.0/security-groups?tenant_id=03c616fba92343f4b450184fc538d9b1&name=default => generated 2925 bytes in 492 msecs (HTTP/1.1 200) 4 headers in 158 bytes (1 switches on core 0)
2026-09-10 03:15:36.428 8 INFO neutron_taas.services.taas.taas_plugin [None req-dd6ba134-cdfc-4742-a159-b45f7769f0cb 16d1a4f5aebf4b909b25c21c1c4ee98c eeabe282bd334a5095ffef6a843a7db6 - - default default] TaaS: Handle Delete Port: 4c9a920c-978a-48cf-9d90-7785d0846922
2026-09-10 03:15:36.432 8 INFO neutron_taas.services.taas.tap_mirror_plugin [None req-dd6ba134-cdfc-4742-a159-b45f7769f0cb 16d1a4f5aebf4b909b25c21c1c4ee98c eeabe282bd334a5095ffef6a843a7db6 - - default default] Tap Mirror: Handle Delete Port: 4c9a920c-978a-48cf-9d90-7785d0846922
2026-09-10 03:15:36.536 7 INFO neutron.services.segments.plugin [-] Segment 2062ae8c-8d38-4bac-99be-e01d98ffe3aa resource provider aggregate not found
2026-09-10 03:15:36.543 7 INFO neutron.services.segments.plugin [-] Segment 2062ae8c-8d38-4bac-99be-e01d98ffe3aa resource provider aggregate not found
2026-09-10 03:15:36.551 7 INFO neutron.services.segments.plugin [-] Client error retrieving segment 2062ae8c-8d38-4bac-99be-e01d98ffe3aa resource provider; error: Placement Client Error (4xx): {"errors": [{"status": 404, "title": "Not Found", "detail": "The resource could not be found.\n\n No resource provider with uuid 2062ae8c-8d38-4bac-99be-e01d98ffe3aa found for delete ", "request_id": "req-ae05efac-b88a-4e82-a859-d102ba2db983"}]}
2026-09-10 03:15:36.562 7 INFO neutron.services.segments.plugin [-] Client error retrieving segment 2062ae8c-8d38-4bac-99be-e01d98ffe3aa resource provider; error: Placement Client Error (4xx): {"errors": [{"status": 404, "title": "Not Found", "detail": "The resource could not be found.\n\n No resource provider with uuid 2062ae8c-8d38-4bac-99be-e01d98ffe3aa found for delete ", "request_id": "req-a5e3cee1-368a-4ab5-b3f7-e21f20af2bcb"}]} [pid: 7|app: 0|req: 784/1529] 10.0.0.154 () {32 vars in 726 bytes} [Thu Sep 10 03:15:36 2026] DELETE /v2.0/networks/079e20a8-6376-4253-83e2-7f6cf9ad2f72 => generated 0 bytes in 592 msecs (HTTP/1.1 204) 3 headers in 131 bytes (1 switches on core 0)
2026-09-10 03:15:36.633 8 INFO neutron.services.segments.plugin [-] Segment e3d28503-2106-4141-8f08-74a096ad2593 resource provider aggregate not found
2026-09-10 03:15:36.639 8 INFO neutron.services.segments.plugin [-] Segment e3d28503-2106-4141-8f08-74a096ad2593 resource provider aggregate not found
2026-09-10 03:15:36.655 8 INFO neutron.services.segments.plugin [-] Client error retrieving segment e3d28503-2106-4141-8f08-74a096ad2593 resource provider; error: Placement Client Error (4xx): {"errors": [{"status": 404, "title": "Not Found", "detail": "The resource could not be found.\n\n No resource provider with uuid e3d28503-2106-4141-8f08-74a096ad2593 found for delete ", "request_id": "req-0ed277c6-ef40-450e-bced-2613b2d2f060"}]}
2026-09-10 03:15:36.658 8 INFO neutron.services.segments.plugin [-] Client error retrieving segment e3d28503-2106-4141-8f08-74a096ad2593 resource provider; error: Placement Client Error (4xx): {"errors": [{"status": 404, "title": "Not Found", "detail": "The resource could not be found.\n\n No resource provider with uuid e3d28503-2106-4141-8f08-74a096ad2593 found for delete ", "request_id": "req-29fdb3f6-4c8c-4356-8bcb-4060a29948cc"}]} [pid: 8|app: 0|req: 746/1530] 10.0.0.154 () {32 vars in 726 bytes} [Thu Sep 10 03:15:36 2026] DELETE /v2.0/networks/6220c57a-e089-4037-a8b1-284b0a53b14e => generated 0 bytes in 378 msecs (HTTP/1.1 204) 3 headers in 131 bytes (1 switches on core 0)
2026-09-10 03:15:36.718 8 INFO neutron.pecan_wsgi.hooks.translation [None req-612a4beb-f1e4-4ea3-9541-3725e480d946 589c0d6540204d178ed9968c5f73e526 80993fd8295b4fa18016b7a0d22cb053 - - default default] DELETE failed (client error): The resource could not be found. [pid: 8|app: 0|req: 747/1531] 10.0.0.154 () {32 vars in 726 bytes} [Thu Sep 10 03:15:36 2026] DELETE /v2.0/networks/079e20a8-6376-4253-83e2-7f6cf9ad2f72 => generated 138 bytes in 26 msecs (HTTP/1.1 404) 4 headers in 164 bytes (1 switches on core 0) [pid: 7|app: 0|req: 785/1532] 10.0.0.154 () {32 vars in 740 bytes} [Thu Sep 10 03:15:36 2026] DELETE /v2.0/security-groups/e17a1b20-c685-4c4d-907b-3a20b5492953 => generated 0 bytes in 268 msecs (HTTP/1.1 204) 2 headers in 112 bytes (1 switches on core 0) [pid: 7|app: 0|req: 786/1533] 10.0.0.154 () {32 vars in 694 bytes} [Thu Sep 10 03:15:36 2026] GET /v2.0/networks?router%3Aexternal=True => generated 651 bytes in 51 msecs (HTTP/1.1 200) 4 headers in 157 bytes (1 switches on core 0) [pid: 7|app: 0|req: 787/1534] 10.0.0.154 () {32 vars in 742 bytes} [Thu Sep 10 03:15:36 2026] GET /v2.0/subnets?network_id=3bf051bd-ebaa-480a-a078-2e35f65e68d7 => generated 649 bytes in 44 msecs (HTTP/1.1 200) 4 headers in 157 bytes (1 switches on core 0) [pid: 7|app: 0|req: 788/1535] 10.0.0.154 () {32 vars in 653 bytes} [Thu Sep 10 03:15:36 2026] GET /v2.0/extensions => generated 20118 bytes in 6 msecs (HTTP/1.1 200) 4 headers in 159 bytes (1 switches on core 0) [pid: 7|app: 0|req: 789/1536] 10.0.0.154 () {32 vars in 649 bytes} [Thu Sep 10 03:15:36 2026] GET /v2.0/networks => generated 1309 bytes in 81 msecs (HTTP/1.1 200) 4 headers in 158 bytes (1 switches on core 0)
2026-09-10 03:15:37.188 8 WARNING neutron.scheduler.dhcp_agent_scheduler [None req-927013a3-78a0-4c3c-9185-849931b80fb2 16d1a4f5aebf4b909b25c21c1c4ee98c eeabe282bd334a5095ffef6a843a7db6 - - default default] No more DHCP agents
2026-09-10 03:15:37.190 8 WARNING neutron.api.rpc.agentnotifiers.dhcp_rpc_agent_api [None req-927013a3-78a0-4c3c-9185-849931b80fb2 16d1a4f5aebf4b909b25c21c1c4ee98c eeabe282bd334a5095ffef6a843a7db6 - - default default] Unable to schedule network 3bf051bd-ebaa-480a-a078-2e35f65e68d7: no agents available; will retry on subsequent port and subnet creation events.
2026-09-10 03:15:37.210 7 INFO neutron.db.ovn_revision_numbers_db [None req-817f2125-3bdf-4fc3-a987-f7e568f79a58 d09948cf5eea45c7b398f9f4e86287ca b203ce58303f4b7d8ea22a479925bc94 - - default default] Successfully bumped revision number for resource 089235ed-b327-45ba-8669-4a6a01eea339 (type: security_groups) to 1
2026-09-10 03:15:37.224 7 INFO neutron.db.ovn_revision_numbers_db [None req-817f2125-3bdf-4fc3-a987-f7e568f79a58 d09948cf5eea45c7b398f9f4e86287ca b203ce58303f4b7d8ea22a479925bc94 - - default default] Successfully bumped revision number for resource 21b336b6-a207-4eb0-90d2-fb04405af20a (type: security_group_rules) to 0
2026-09-10 03:15:37.242 7 INFO neutron.db.ovn_revision_numbers_db [None req-817f2125-3bdf-4fc3-a987-f7e568f79a58 d09948cf5eea45c7b398f9f4e86287ca b203ce58303f4b7d8ea22a479925bc94 - - default default] Successfully bumped revision number for resource 900a79e8-8f31-4c8b-89bc-a706158df145 (type: security_group_rules) to 0
2026-09-10 03:15:37.264 7 INFO neutron.db.ovn_revision_numbers_db [None req-817f2125-3bdf-4fc3-a987-f7e568f79a58 d09948cf5eea45c7b398f9f4e86287ca b203ce58303f4b7d8ea22a479925bc94 - - default default] Successfully bumped revision number for resource 982702e3-ef69-4eed-b51d-4478c94518ef (type: security_group_rules) to 0
2026-09-10 03:15:37.286 7 INFO neutron.db.ovn_revision_numbers_db [None req-817f2125-3bdf-4fc3-a987-f7e568f79a58 d09948cf5eea45c7b398f9f4e86287ca b203ce58303f4b7d8ea22a479925bc94 - - default default] Successfully bumped revision number for resource a4840ad9-a972-48f2-a601-6b907f72d7f1 (type: security_group_rules) to 0
2026-09-10 03:15:37.291 8 INFO neutron.plugins.ml2.drivers.ovn.mech_driver.mech_driver [None req-edb3c3bc-9552-4433-a809-7673bc957efc - - - - - -] OVN reports status down for port: 03c598f8-5a68-4d2f-83c8-f101e27fd4fe [pid: 7|app: 0|req: 790/1537] 10.0.0.154 () {32 vars in 774 bytes} [Thu Sep 10 03:15:37 2026] GET /v2.0/security-groups?tenant_id=5c5302e0506144da87ddcd55aa61d2f4&name=default => generated 2925 bytes in 246 msecs (HTTP/1.1 200) 4 headers in 158 bytes (1 switches on core 0)
2026-09-10 03:15:37.355 8 INFO neutron.db.ovn_revision_numbers_db [None req-927013a3-78a0-4c3c-9185-849931b80fb2 16d1a4f5aebf4b909b25c21c1c4ee98c eeabe282bd334a5095ffef6a843a7db6 - - default default] Successfully bumped revision number for resource 03c598f8-5a68-4d2f-83c8-f101e27fd4fe (type: ports) to 1 [pid: 7|app: 0|req: 791/1538] 10.0.0.154 () {32 vars in 647 bytes} [Thu Sep 10 03:15:37 2026] GET /v2.0/subnets => generated 1280 bytes in 38 msecs (HTTP/1.1 200) 4 headers in 158 bytes (1 switches on core 0) [pid: 7|app: 0|req: 792/1539] 10.0.0.154 () {32 vars in 740 bytes} [Thu Sep 10 03:15:37 2026] DELETE /v2.0/security-groups/089235ed-b327-45ba-8669-4a6a01eea339 => generated 0 bytes in 341 msecs (HTTP/1.1 204) 2 headers in 112 bytes (1 switches on core 0) [pid: 7|app: 0|req: 793/1540] 10.0.0.154 () {32 vars in 723 bytes} [Thu Sep 10 03:15:37 2026] GET /v2.0/networks/f1fe79b1-7d6f-4d0e-9961-7dfc4b2cff7e => generated 669 bytes in 40 msecs (HTTP/1.1 200) 4 headers in 157 bytes (1 switches on core 0) [pid: 7|app: 0|req: 794/1541] 10.0.0.154 () {32 vars in 721 bytes} [Thu Sep 10 03:15:37 2026] GET /v2.0/subnets/3e2c4a49-1b47-4b14-a3d8-c0c9fd5f52af => generated 641 bytes in 29 msecs (HTTP/1.1 200) 4 headers in 157 bytes (1 switches on core 0)
2026-09-10 03:15:37.798 7 INFO neutron.pecan_wsgi.hooks.translation [None req-19815985-3f2a-489c-901d-954db4e8cd70 589c0d6540204d178ed9968c5f73e526 80993fd8295b4fa18016b7a0d22cb053 - - default default] DELETE failed (client error): The resource could not be found. [pid: 7|app: 0|req: 795/1542] 10.0.0.154 () {32 vars in 724 bytes} [Thu Sep 10 03:15:37 2026] DELETE /v2.0/subnets/f6be6af5-7670-4ab5-ad7b-d69f81fb40fe => generated 136 bytes in 13 msecs (HTTP/1.1 404) 4 headers in 164 bytes (1 switches on core 0)
2026-09-10 03:15:38.039 8 INFO neutron.plugins.ml2.drivers.ovn.mech_driver.ovsdb.commands [None req-2dcc7338-532a-40b8-91a0-c6b24fe7d67d - - - - - -] Schedule LRP lrp-03c598f8-5a68-4d2f-83c8-f101e27fd4fe on gateway 1ead0ecb-2af1-43b1-9d9c-c72c7393b63e with priority 1
2026-09-10 03:15:38.089 8 INFO neutron.plugins.ml2.drivers.ovn.mech_driver.mech_driver [None req-edb3c3bc-9552-4433-a809-7673bc957efc - - - - - -] OVN reports status up for port: 03c598f8-5a68-4d2f-83c8-f101e27fd4fe
2026-09-10 03:15:38.131 8 INFO neutron.plugins.ml2.plugin [None req-edb3c3bc-9552-4433-a809-7673bc957efc - - - - - -] Attempt 1 to provision port 03c598f8-5a68-4d2f-83c8-f101e27fd4fe
2026-09-10 03:15:38.158 7 INFO neutron.db.ovn_revision_numbers_db [None req-c319227e-2b9b-43db-894a-1fdcfce3213f d09948cf5eea45c7b398f9f4e86287ca b203ce58303f4b7d8ea22a479925bc94 - - default default] Successfully bumped revision number for resource e22d59e6-c044-4a7d-b559-21b1376630d6 (type: security_groups) to 1
2026-09-10 03:15:38.166 8 INFO neutron.db.ovn_revision_numbers_db [None req-927013a3-78a0-4c3c-9185-849931b80fb2 16d1a4f5aebf4b909b25c21c1c4ee98c eeabe282bd334a5095ffef6a843a7db6 - - default default] Successfully bumped revision number for resource 03c598f8-5a68-4d2f-83c8-f101e27fd4fe (type: router_ports) to 1
2026-09-10 03:15:38.182 7 INFO neutron.db.ovn_revision_numbers_db [None req-c319227e-2b9b-43db-894a-1fdcfce3213f d09948cf5eea45c7b398f9f4e86287ca b203ce58303f4b7d8ea22a479925bc94 - - default default] Successfully bumped revision number for resource 35349f99-7589-4a50-8888-d570ef4055a3 (type: security_group_rules) to 0
2026-09-10 03:15:38.195 7 INFO neutron.db.ovn_revision_numbers_db [None req-c319227e-2b9b-43db-894a-1fdcfce3213f d09948cf5eea45c7b398f9f4e86287ca b203ce58303f4b7d8ea22a479925bc94 - - default default] Successfully bumped revision number for resource 4f6ee7e9-082e-4b3f-9f1f-37d346693c9d (type: security_group_rules) to 0
2026-09-10 03:15:38.206 7 INFO neutron.db.ovn_revision_numbers_db [None req-c319227e-2b9b-43db-894a-1fdcfce3213f d09948cf5eea45c7b398f9f4e86287ca b203ce58303f4b7d8ea22a479925bc94 - - default default] Successfully bumped revision number for resource 940b53b2-101d-498a-b746-20463b48c639 (type: security_group_rules) to 0
2026-09-10 03:15:38.217 7 INFO neutron.db.ovn_revision_numbers_db [None req-c319227e-2b9b-43db-894a-1fdcfce3213f d09948cf5eea45c7b398f9f4e86287ca b203ce58303f4b7d8ea22a479925bc94 - - default default] Successfully bumped revision number for resource b9937fce-ecbd-4edc-bdbb-e37cafb90df8 (type: security_group_rules) to 0 [pid: 7|app: 0|req: 796/1543] 10.0.0.154 () {32 vars in 774 bytes} [Thu Sep 10 03:15:37 2026] GET /v2.0/security-groups?tenant_id=f6090a2522e145c98a149b5cc8789fa2&name=default => generated 2925 bytes in 461 msecs (HTTP/1.1 200) 4 headers in 158 bytes (1 switches on core 0)
2026-09-10 03:15:38.274 7 INFO neutron.pecan_wsgi.hooks.translation [None req-f70d0e96-6b37-4490-a96c-cb363f3bf5f4 589c0d6540204d178ed9968c5f73e526 80993fd8295b4fa18016b7a0d22cb053 - - default default] DELETE failed (client error): The resource could not be found. [pid: 7|app: 0|req: 797/1544] 10.0.0.154 () {32 vars in 726 bytes} [Thu Sep 10 03:15:38 2026] DELETE /v2.0/networks/079e20a8-6376-4253-83e2-7f6cf9ad2f72 => generated 138 bytes in 13 msecs (HTTP/1.1 404) 4 headers in 164 bytes (1 switches on core 0)
2026-09-10 03:15:38.296 8 INFO neutron.db.ovn_revision_numbers_db [None req-927013a3-78a0-4c3c-9185-849931b80fb2 16d1a4f5aebf4b909b25c21c1c4ee98c eeabe282bd334a5095ffef6a843a7db6 - - default default] Successfully bumped revision number for resource 84a00748-edce-44a8-b421-2531aec09efb (type: routers) to 2 [pid: 8|app: 0|req: 748/1545] 10.0.0.154 () {34 vars in 669 bytes} [Thu Sep 10 03:15:36 2026] POST /v2.0/routers => generated 948 bytes in 1590 msecs (HTTP/1.1 201) 4 headers in 162 bytes (1 switches on core 0) [pid: 7|app: 0|req: 798/1547] 10.0.0.154 () {32 vars in 740 bytes} [Thu Sep 10 03:15:38 2026] DELETE /v2.0/security-groups/e22d59e6-c044-4a7d-b559-21b1376630d6 => generated 0 bytes in 243 msecs (HTTP/1.1 204) 2 headers in 112 bytes (1 switches on core 0) [pid: 8|app: 0|req: 749/1547] 10.0.0.154 () {32 vars in 724 bytes} [Thu Sep 10 03:15:38 2026] DELETE /v2.0/subnets/3e2c4a49-1b47-4b14-a3d8-c0c9fd5f52af => generated 0 bytes in 205 msecs (HTTP/1.1 204) 3 headers in 131 bytes (1 switches on core 0) [pid: 8|app: 0|req: 750/1548] 10.0.0.154 () {32 vars in 721 bytes} [Thu Sep 10 03:15:38 2026] GET /v2.0/routers/84a00748-edce-44a8-b421-2531aec09efb => generated 954 bytes in 74 msecs (HTTP/1.1 200) 4 headers in 157 bytes (1 switches on core 0)
2026-09-10 03:15:38.677 7 INFO neutron_taas.services.taas.taas_plugin [None req-a7cbdf6c-2fed-4e7e-90a9-b2c9364e7cd5 589c0d6540204d178ed9968c5f73e526 80993fd8295b4fa18016b7a0d22cb053 - - default default] TaaS: Handle Delete Port: d3b6818b-d9f7-4bfb-88b9-d7df8cb9d6b6 [pid: 8|app: 0|req: 751/1549] 10.0.0.154 () {32 vars in 647 bytes} [Thu Sep 10 03:15:38 2026] GET /v2.0/routers => generated 957 bytes in 79 msecs (HTTP/1.1 200) 4 headers in 157 bytes (1 switches on core 0)
2026-09-10 03:15:38.683 7 INFO neutron_taas.services.taas.tap_mirror_plugin [None req-a7cbdf6c-2fed-4e7e-90a9-b2c9364e7cd5 589c0d6540204d178ed9968c5f73e526 80993fd8295b4fa18016b7a0d22cb053 - - default default] Tap Mirror: Handle Delete Port: d3b6818b-d9f7-4bfb-88b9-d7df8cb9d6b6
2026-09-10 03:15:38.868 8 INFO neutron.db.ovn_revision_numbers_db [None req-071a3941-234a-482e-be88-12663b50f2df d09948cf5eea45c7b398f9f4e86287ca b203ce58303f4b7d8ea22a479925bc94 - - default default] Successfully bumped revision number for resource b8d2e0bc-9206-4c7c-a5a0-947aaa8aa681 (type: security_groups) to 1
2026-09-10 03:15:38.888 8 INFO neutron.db.ovn_revision_numbers_db [None req-071a3941-234a-482e-be88-12663b50f2df d09948cf5eea45c7b398f9f4e86287ca b203ce58303f4b7d8ea22a479925bc94 - - default default] Successfully bumped revision number for resource 493c84b6-fde6-4433-9cde-160e67875490 (type: security_group_rules) to 0
2026-09-10 03:15:38.922 8 INFO neutron.db.ovn_revision_numbers_db [None req-071a3941-234a-482e-be88-12663b50f2df d09948cf5eea45c7b398f9f4e86287ca b203ce58303f4b7d8ea22a479925bc94 - - default default] Successfully bumped revision number for resource 64dba8c9-b5f6-45b8-8013-559e04aeb7ff (type: security_group_rules) to 0
2026-09-10 03:15:38.926 7 INFO neutron.services.segments.plugin [-] Segment 8c525247-58fa-42ad-bc35-f298d0fd1d28 resource provider aggregate not found
2026-09-10 03:15:38.933 7 INFO neutron.services.segments.plugin [-] Segment 8c525247-58fa-42ad-bc35-f298d0fd1d28 resource provider aggregate not found
2026-09-10 03:15:38.938 8 INFO neutron.db.ovn_revision_numbers_db [None req-071a3941-234a-482e-be88-12663b50f2df d09948cf5eea45c7b398f9f4e86287ca b203ce58303f4b7d8ea22a479925bc94 - - default default] Successfully bumped revision number for resource 6b2a7224-87a1-4df0-ac0b-2212c2b31744 (type: security_group_rules) to 0
2026-09-10 03:15:38.973 7 INFO neutron.services.segments.plugin [-] Client error retrieving segment 8c525247-58fa-42ad-bc35-f298d0fd1d28 resource provider; error: Placement Client Error (4xx): {"errors": [{"status": 404, "title": "Not Found", "detail": "The resource could not be found.\n\n No resource provider with uuid 8c525247-58fa-42ad-bc35-f298d0fd1d28 found for delete ", "request_id": "req-6f6ab55b-45c7-48ad-b192-ba9ec2325fdf"}]}
2026-09-10 03:15:38.976 7 INFO neutron.services.segments.plugin [-] Client error retrieving segment 8c525247-58fa-42ad-bc35-f298d0fd1d28 resource provider; error: Placement Client Error (4xx): {"errors": [{"status": 404, "title": "Not Found", "detail": "The resource could not be found.\n\n No resource provider with uuid 8c525247-58fa-42ad-bc35-f298d0fd1d28 found for delete ", "request_id": "req-d602b566-8fba-4094-ba3f-a8522307c3cf"}]}
2026-09-10 03:15:38.986 8 INFO neutron.db.ovn_revision_numbers_db [None req-071a3941-234a-482e-be88-12663b50f2df d09948cf5eea45c7b398f9f4e86287ca b203ce58303f4b7d8ea22a479925bc94 - - default default] Successfully bumped revision number for resource 9bf63cf9-66ea-4c4b-b130-ed6b61507c5b (type: security_group_rules) to 0 [pid: 7|app: 0|req: 799/1550] 10.0.0.154 () {32 vars in 726 bytes} [Thu Sep 10 03:15:38 2026] DELETE /v2.0/networks/f1fe79b1-7d6f-4d0e-9961-7dfc4b2cff7e => generated 0 bytes in 480 msecs (HTTP/1.1 204) 3 headers in 131 bytes (1 switches on core 0) [pid: 8|app: 0|req: 752/1551] 10.0.0.154 () {32 vars in 774 bytes} [Thu Sep 10 03:15:38 2026] GET /v2.0/security-groups?tenant_id=2be5b8fe0d12446e992a6a51ed3c6531&name=default => generated 2925 bytes in 376 msecs (HTTP/1.1 200) 4 headers in 158 bytes (1 switches on core 0) [pid: 8|app: 0|req: 753/1552] 10.0.0.154 () {32 vars in 740 bytes} [Thu Sep 10 03:15:39 2026] DELETE /v2.0/security-groups/b8d2e0bc-9206-4c7c-a5a0-947aaa8aa681 => generated 0 bytes in 245 msecs (HTTP/1.1 204) 2 headers in 112 bytes (1 switches on core 0)
2026-09-10 03:15:39.533 7 INFO neutron.db.ovn_revision_numbers_db [None req-88e22a4e-5a49-4563-9e28-4e0701f313f1 16d1a4f5aebf4b909b25c21c1c4ee98c eeabe282bd334a5095ffef6a843a7db6 - - default default] Successfully bumped revision number for resource 84a00748-edce-44a8-b421-2531aec09efb (type: routers) to 3 [pid: 7|app: 0|req: 800/1555] 10.0.0.154 () {34 vars in 741 bytes} [Thu Sep 10 03:15:39 2026] PUT /v2.0/routers/84a00748-edce-44a8-b421-2531aec09efb => generated 961 bytes in 529 msecs (HTTP/1.1 200) 4 headers in 157 bytes (1 switches on core 0) [pid: 7|app: 0|req: 801/1556] 10.0.0.154 () {32 vars in 721 bytes} [Thu Sep 10 03:15:39 2026] GET /v2.0/routers/84a00748-edce-44a8-b421-2531aec09efb => generated 961 bytes in 62 msecs (HTTP/1.1 200) 4 headers in 157 bytes (1 switches on core 0) [pid: 7|app: 0|req: 802/1557] 10.0.0.154 () {32 vars in 736 bytes} [Thu Sep 10 03:15:39 2026] GET /v2.0/ports?device_id=84a00748-edce-44a8-b421-2531aec09efb => generated 12 bytes in 21 msecs (HTTP/1.1 200) 4 headers in 156 bytes (1 switches on core 0) [pid: 8|app: 0|req: 756/1558] 10.0.0.154 () {32 vars in 774 bytes} [Thu Sep 10 03:15:39 2026] GET /v2.0/security-groups?tenant_id=80993fd8295b4fa18016b7a0d22cb053&name=default => generated 2925 bytes in 167 msecs (HTTP/1.1 200) 4 headers in 158 bytes (1 switches on core 0) [pid: 8|app: 0|req: 757/1559] 10.0.0.154 () {32 vars in 740 bytes} [Thu Sep 10 03:15:39 2026] DELETE /v2.0/security-groups/80873add-d145-4cb3-8a97-ff1d05824575 => generated 0 bytes in 319 msecs (HTTP/1.1 204) 2 headers in 112 bytes (1 switches on core 0)
2026-09-10 03:15:40.003 7 INFO neutron_taas.services.taas.taas_plugin [None req-7103d1e3-49aa-4c0d-82c4-e5b085e16561 16d1a4f5aebf4b909b25c21c1c4ee98c eeabe282bd334a5095ffef6a843a7db6 - - default default] TaaS: Handle Delete Port: 03c598f8-5a68-4d2f-83c8-f101e27fd4fe
2026-09-10 03:15:40.007 7 INFO neutron_taas.services.taas.tap_mirror_plugin [None req-7103d1e3-49aa-4c0d-82c4-e5b085e16561 16d1a4f5aebf4b909b25c21c1c4ee98c eeabe282bd334a5095ffef6a843a7db6 - - default default] Tap Mirror: Handle Delete Port: 03c598f8-5a68-4d2f-83c8-f101e27fd4fe [pid: 7|app: 0|req: 803/1560] 10.0.0.154 () {32 vars in 724 bytes} [Thu Sep 10 03:15:39 2026] DELETE /v2.0/routers/84a00748-edce-44a8-b421-2531aec09efb => generated 0 bytes in 1316 msecs (HTTP/1.1 204) 2 headers in 112 bytes (1 switches on core 0) [pid: 8|app: 0|req: 758/1561] 10.0.0.154 () {32 vars in 736 bytes} [Thu Sep 10 03:15:40 2026] GET /v2.0/ports?device_id=84a00748-edce-44a8-b421-2531aec09efb => generated 12 bytes in 26 msecs (HTTP/1.1 200) 4 headers in 156 bytes (1 switches on core 0)
2026-09-10 03:15:41.020 7 INFO neutron.api.v2.resource [None req-dc2240e6-a9b1-4082-9755-b7a1af2bb970 16d1a4f5aebf4b909b25c21c1c4ee98c eeabe282bd334a5095ffef6a843a7db6 - - default default] delete failed (client error): The resource could not be found. [pid: 7|app: 0|req: 804/1562] 10.0.0.154 () {32 vars in 724 bytes} [Thu Sep 10 03:15:40 2026] DELETE /v2.0/routers/84a00748-edce-44a8-b421-2531aec09efb => generated 135 bytes in 27 msecs (HTTP/1.1 404) 4 headers in 164 bytes (1 switches on core 0) [pid: 8|app: 0|req: 759/1563] 10.0.0.154 () {32 vars in 736 bytes} [Thu Sep 10 03:15:41 2026] GET /v2.0/ports?device_id=46438dd9-d80d-4fe4-bb73-e48a1b170f42 => generated 12 bytes in 33 msecs (HTTP/1.1 200) 4 headers in 156 bytes (1 switches on core 0)
2026-09-10 03:15:41.091 7 INFO neutron.api.v2.resource [None req-7d4456c8-f95f-424a-965a-bad57d1e28d0 16d1a4f5aebf4b909b25c21c1c4ee98c eeabe282bd334a5095ffef6a843a7db6 - - default default] delete failed (client error): The resource could not be found. [pid: 7|app: 0|req: 805/1564] 10.0.0.154 () {32 vars in 724 bytes} [Thu Sep 10 03:15:41 2026] DELETE /v2.0/routers/46438dd9-d80d-4fe4-bb73-e48a1b170f42 => generated 135 bytes in 25 msecs (HTTP/1.1 404) 4 headers in 164 bytes (1 switches on core 0)
2026-09-10 03:15:41.114 8 INFO neutron.pecan_wsgi.hooks.translation [None req-216d03e2-0240-4317-b8bf-972fa51f9160 16d1a4f5aebf4b909b25c21c1c4ee98c eeabe282bd334a5095ffef6a843a7db6 - - default default] DELETE failed (client error): The resource could not be found. [pid: 8|app: 0|req: 760/1565] 10.0.0.154 () {32 vars in 724 bytes} [Thu Sep 10 03:15:41 2026] DELETE /v2.0/subnets/76ed4d2d-e292-4b36-99ff-efc91502f5f7 => generated 136 bytes in 14 msecs (HTTP/1.1 404) 4 headers in 164 bytes (1 switches on core 0) [pid: 7|app: 0|req: 806/1566] 10.0.0.154 () {32 vars in 736 bytes} [Thu Sep 10 03:15:41 2026] GET /v2.0/ports?device_id=fbe5110b-12b3-43d2-a7c2-fde0fa4440e8 => generated 12 bytes in 20 msecs (HTTP/1.1 200) 4 headers in 156 bytes (1 switches on core 0)
2026-09-10 03:15:41.169 8 INFO neutron.api.v2.resource [None req-4c2fbc5d-fd25-483f-9857-e05ae08c48f5 16d1a4f5aebf4b909b25c21c1c4ee98c eeabe282bd334a5095ffef6a843a7db6 - - default default] delete failed (client error): The resource could not be found. [pid: 8|app: 0|req: 761/1567] 10.0.0.154 () {32 vars in 724 bytes} [Thu Sep 10 03:15:41 2026] DELETE /v2.0/routers/fbe5110b-12b3-43d2-a7c2-fde0fa4440e8 => generated 135 bytes in 26 msecs (HTTP/1.1 404) 4 headers in 164 bytes (1 switches on core 0)
2026-09-10 03:15:41.186 7 INFO neutron.pecan_wsgi.hooks.translation [None req-1c8ac942-e05b-4118-9699-9d40c9957c65 16d1a4f5aebf4b909b25c21c1c4ee98c eeabe282bd334a5095ffef6a843a7db6 - - default default] DELETE failed (client error): The resource could not be found. [pid: 7|app: 0|req: 807/1568] 10.0.0.154 () {32 vars in 724 bytes} [Thu Sep 10 03:15:41 2026] DELETE /v2.0/subnets/6c5d13fd-4008-4849-8991-1cbba3de5236 => generated 136 bytes in 14 msecs (HTTP/1.1 404) 4 headers in 164 bytes (1 switches on core 0) [pid: 8|app: 0|req: 762/1569] 10.0.0.154 () {32 vars in 736 bytes} [Thu Sep 10 03:15:41 2026] GET /v2.0/ports?device_id=959d5a68-0ce6-459e-9321-4b9511b8038b => generated 12 bytes in 20 msecs (HTTP/1.1 200) 4 headers in 156 bytes (1 switches on core 0)
2026-09-10 03:15:41.240 7 INFO neutron.api.v2.resource [None req-a3d690d3-7dea-4501-a4fb-6f4fbb63b95a 16d1a4f5aebf4b909b25c21c1c4ee98c eeabe282bd334a5095ffef6a843a7db6 - - default default] delete failed (client error): The resource could not be found. [pid: 7|app: 0|req: 808/1570] 10.0.0.154 () {32 vars in 724 bytes} [Thu Sep 10 03:15:41 2026] DELETE /v2.0/routers/959d5a68-0ce6-459e-9321-4b9511b8038b => generated 135 bytes in 23 msecs (HTTP/1.1 404) 4 headers in 164 bytes (1 switches on core 0)
2026-09-10 03:15:41.267 8 INFO neutron.pecan_wsgi.hooks.translation [None req-b942fe38-da10-42c3-8ca3-87cd15fa699c 16d1a4f5aebf4b909b25c21c1c4ee98c eeabe282bd334a5095ffef6a843a7db6 - - default default] DELETE failed (client error): The resource could not be found. [pid: 8|app: 0|req: 763/1571] 10.0.0.154 () {32 vars in 724 bytes} [Thu Sep 10 03:15:41 2026] DELETE /v2.0/subnets/51da0b84-aadc-4e7e-9933-bcb261c703c0 => generated 136 bytes in 23 msecs (HTTP/1.1 404) 4 headers in 164 bytes (1 switches on core 0)
2026-09-10 03:15:41.289 7 INFO neutron.pecan_wsgi.hooks.translation [None req-f1d52512-13b7-414d-bd26-d75f8b240e35 16d1a4f5aebf4b909b25c21c1c4ee98c eeabe282bd334a5095ffef6a843a7db6 - - default default] DELETE failed (client error): The resource could not be found. [pid: 7|app: 0|req: 809/1572] 10.0.0.154 () {32 vars in 724 bytes} [Thu Sep 10 03:15:41 2026] DELETE /v2.0/subnets/e164092c-e149-4487-8833-d0d98e844bf3 => generated 136 bytes in 18 msecs (HTTP/1.1 404) 4 headers in 164 bytes (1 switches on core 0) [pid: 8|app: 0|req: 764/1573] 10.0.0.154 () {32 vars in 774 bytes} [Thu Sep 10 03:15:41 2026] GET /v2.0/security-groups?tenant_id=eeabe282bd334a5095ffef6a843a7db6&name=default => generated 2925 bytes in 170 msecs (HTTP/1.1 200) 4 headers in 158 bytes (1 switches on core 0)
2026-09-10 03:15:42.114 7 INFO neutron.db.ovn_revision_numbers_db [None req-8c11e7cf-72ca-441a-81d1-c5060896800a 4e019d707f364e16aaeb9e84aaf35e3f 8e1ef215d73f473b95d765790d32dea0 - - default default] Successfully bumped revision number for resource beb03743-7985-47e2-b452-71e8e70365a2 (type: security_groups) to 1
2026-09-10 03:15:42.124 7 INFO neutron.db.ovn_revision_numbers_db [None req-8c11e7cf-72ca-441a-81d1-c5060896800a 4e019d707f364e16aaeb9e84aaf35e3f 8e1ef215d73f473b95d765790d32dea0 - - default default] Successfully bumped revision number for resource 0f4091be-64e5-4444-a56d-7da7d888f4f2 (type: security_group_rules) to 0
2026-09-10 03:15:42.136 7 INFO neutron.db.ovn_revision_numbers_db [None req-8c11e7cf-72ca-441a-81d1-c5060896800a 4e019d707f364e16aaeb9e84aaf35e3f 8e1ef215d73f473b95d765790d32dea0 - - default default] Successfully bumped revision number for resource 14bb6345-6ae2-41dc-b95f-c0925d640cf3 (type: security_group_rules) to 0
2026-09-10 03:15:42.149 7 INFO neutron.db.ovn_revision_numbers_db [None req-8c11e7cf-72ca-441a-81d1-c5060896800a 4e019d707f364e16aaeb9e84aaf35e3f 8e1ef215d73f473b95d765790d32dea0 - - default default] Successfully bumped revision number for resource 22f41817-da02-4f39-b31d-e60a334c4c9f (type: security_group_rules) to 0
2026-09-10 03:15:42.160 7 INFO neutron.db.ovn_revision_numbers_db [None req-8c11e7cf-72ca-441a-81d1-c5060896800a 4e019d707f364e16aaeb9e84aaf35e3f 8e1ef215d73f473b95d765790d32dea0 - - default default] Successfully bumped revision number for resource 24cacff0-d741-4d72-a5ea-c9bcc61e4230 (type: security_group_rules) to 0 [pid: 8|app: 0|req: 765/1574] 10.0.0.154 () {32 vars in 740 bytes} [Thu Sep 10 03:15:41 2026] DELETE /v2.0/security-groups/cb405a85-1d76-4265-b578-ced27f4eb53b => generated 0 bytes in 311 msecs (HTTP/1.1 204) 2 headers in 112 bytes (1 switches on core 0)
2026-09-10 03:15:42.259 7 INFO neutron.db.segments_db [None req-8c11e7cf-72ca-441a-81d1-c5060896800a 4e019d707f364e16aaeb9e84aaf35e3f 8e1ef215d73f473b95d765790d32dea0 - - default default] Added segment 19df5e6a-7703-4cac-912b-201a0a5c9e0c of type geneve for network 778a3814-2b01-4a07-9fc7-8a29426bb268
2026-09-10 03:15:42.393 7 INFO neutron.db.ovn_revision_numbers_db [None req-8c11e7cf-72ca-441a-81d1-c5060896800a 4e019d707f364e16aaeb9e84aaf35e3f 8e1ef215d73f473b95d765790d32dea0 - - default default] Successfully bumped revision number for resource 778a3814-2b01-4a07-9fc7-8a29426bb268 (type: networks) to 1
2026-09-10 03:15:42.452 8 INFO neutron.db.ovn_revision_numbers_db [None req-256bb87b-70a1-4156-8883-6f9be609b125 d09948cf5eea45c7b398f9f4e86287ca b203ce58303f4b7d8ea22a479925bc94 - - default default] Successfully bumped revision number for resource 19dd3afa-1272-4da1-a576-408d02af1e5d (type: security_groups) to 1
2026-09-10 03:15:42.465 8 INFO neutron.db.ovn_revision_numbers_db [None req-256bb87b-70a1-4156-8883-6f9be609b125 d09948cf5eea45c7b398f9f4e86287ca b203ce58303f4b7d8ea22a479925bc94 - - default default] Successfully bumped revision number for resource 3259625f-9745-4111-af26-b51d19848139 (type: security_group_rules) to 0
2026-09-10 03:15:42.477 8 INFO neutron.db.ovn_revision_numbers_db [None req-256bb87b-70a1-4156-8883-6f9be609b125 d09948cf5eea45c7b398f9f4e86287ca b203ce58303f4b7d8ea22a479925bc94 - - default default] Successfully bumped revision number for resource 6c254806-0c3e-4138-babc-97fe56e8b7c9 (type: security_group_rules) to 0
2026-09-10 03:15:42.489 8 INFO neutron.db.ovn_revision_numbers_db [None req-256bb87b-70a1-4156-8883-6f9be609b125 d09948cf5eea45c7b398f9f4e86287ca b203ce58303f4b7d8ea22a479925bc94 - - default default] Successfully bumped revision number for resource c26602be-f0a8-40ce-9952-16c1f4e00c27 (type: security_group_rules) to 0
2026-09-10 03:15:42.499 8 INFO neutron.db.ovn_revision_numbers_db [None req-256bb87b-70a1-4156-8883-6f9be609b125 d09948cf5eea45c7b398f9f4e86287ca b203ce58303f4b7d8ea22a479925bc94 - - default default] Successfully bumped revision number for resource ccc4077a-f17e-466f-a245-6f428cd6eb20 (type: security_group_rules) to 0 [pid: 8|app: 0|req: 766/1575] 10.0.0.154 () {32 vars in 774 bytes} [Thu Sep 10 03:15:42 2026] GET /v2.0/security-groups?tenant_id=c1546c8fc34b4468a6cca56682fe04c9&name=default => generated 2925 bytes in 336 msecs (HTTP/1.1 200) 4 headers in 158 bytes (1 switches on core 0)
2026-09-10 03:15:42.546 7 WARNING neutron.scheduler.dhcp_agent_scheduler [None req-8c11e7cf-72ca-441a-81d1-c5060896800a 4e019d707f364e16aaeb9e84aaf35e3f 8e1ef215d73f473b95d765790d32dea0 - - default default] No more DHCP agents
2026-09-10 03:15:42.548 7 WARNING neutron.api.rpc.agentnotifiers.dhcp_rpc_agent_api [None req-8c11e7cf-72ca-441a-81d1-c5060896800a 4e019d707f364e16aaeb9e84aaf35e3f 8e1ef215d73f473b95d765790d32dea0 - - default default] Unable to schedule network 778a3814-2b01-4a07-9fc7-8a29426bb268: no agents available; will retry on subsequent port and subnet creation events.
2026-09-10 03:15:42.624 7 INFO neutron.db.ovn_revision_numbers_db [None req-8c11e7cf-72ca-441a-81d1-c5060896800a 4e019d707f364e16aaeb9e84aaf35e3f 8e1ef215d73f473b95d765790d32dea0 - - default default] Successfully bumped revision number for resource 88294a75-d4b3-4ba6-9806-3980ff7c1aa5 (type: ports) to 1 [pid: 7|app: 0|req: 810/1576] 10.0.0.154 () {34 vars in 670 bytes} [Thu Sep 10 03:15:41 2026] POST /v2.0/networks => generated 648 bytes in 852 msecs (HTTP/1.1 201) 4 headers in 162 bytes (1 switches on core 0)
2026-09-10 03:15:42.710 8 WARNING neutron.plugins.ml2.drivers.ovn.mech_driver.ovsdb.ovn_client [None req-edb3c3bc-9552-4433-a809-7673bc957efc - - - - - -] No port found with ID 03c598f8-5a68-4d2f-83c8-f101e27fd4fe: RuntimeError: No port found with ID 03c598f8-5a68-4d2f-83c8-f101e27fd4fe
2026-09-10 03:15:42.711 8 INFO neutron.plugins.ml2.drivers.ovn.mech_driver.mech_driver [None req-edb3c3bc-9552-4433-a809-7673bc957efc - - - - - -] OVN reports status down for port: 88294a75-d4b3-4ba6-9806-3980ff7c1aa5 [pid: 8|app: 0|req: 767/1577] 10.0.0.154 () {32 vars in 740 bytes} [Thu Sep 10 03:15:42 2026] DELETE /v2.0/security-groups/19dd3afa-1272-4da1-a576-408d02af1e5d => generated 0 bytes in 375 msecs (HTTP/1.1 204) 2 headers in 112 bytes (1 switches on core 0)
2026-09-10 03:15:42.953 7 WARNING neutron.scheduler.dhcp_agent_scheduler [None req-33202170-0b0d-4efe-b556-a963a408a248 4e019d707f364e16aaeb9e84aaf35e3f 8e1ef215d73f473b95d765790d32dea0 - - default default] No more DHCP agents
2026-09-10 03:15:42.954 7 WARNING neutron.api.rpc.agentnotifiers.dhcp_rpc_agent_api [None req-33202170-0b0d-4efe-b556-a963a408a248 4e019d707f364e16aaeb9e84aaf35e3f 8e1ef215d73f473b95d765790d32dea0 - - default default] Unable to schedule network 778a3814-2b01-4a07-9fc7-8a29426bb268: no agents available; will retry on subsequent port and subnet creation events.
2026-09-10 03:15:43.025 8 INFO neutron.plugins.ml2.drivers.ovn.mech_driver.mech_driver [None req-edb3c3bc-9552-4433-a809-7673bc957efc - - - - - -] OVN reports status down for port: 4d7a36b6-1a3e-420b-af1b-29aa3ba02d43
2026-09-10 03:15:43.053 7 INFO neutron.db.ovn_revision_numbers_db [None req-33202170-0b0d-4efe-b556-a963a408a248 4e019d707f364e16aaeb9e84aaf35e3f 8e1ef215d73f473b95d765790d32dea0 - - default default] Successfully bumped revision number for resource 4d7a36b6-1a3e-420b-af1b-29aa3ba02d43 (type: ports) to 1 [pid: 7|app: 0|req: 811/1578] 10.0.0.154 () {34 vars in 665 bytes} [Thu Sep 10 03:15:42 2026] POST /v2.0/ports => generated 778 bytes in 435 msecs (HTTP/1.1 201) 4 headers in 162 bytes (1 switches on core 0) /var/lib/openstack/lib/python3.12/site-packages/pycadf/identifier.py:70: UserWarning: Invalid uuid: neutron. To ensure interoperability, identifiers should be a valid uuid. warnings.warn(('Invalid uuid: %s. To ensure interoperability, '
2026-09-10 03:15:43.176 7 INFO neutron.db.segments_db [None req-e005456a-2633-47fb-8fd8-1a90ae596bce 4e019d707f364e16aaeb9e84aaf35e3f 8e1ef215d73f473b95d765790d32dea0 - - default default] Added segment 4b33da32-c71d-4593-85c8-0a34da54d789 of type geneve for network 65428807-e7a9-4dee-9b2c-c4bf087da394
2026-09-10 03:15:43.234 8 INFO neutron.db.ovn_revision_numbers_db [None req-9d4160de-9bf6-430f-ad6a-67c764966f9e d09948cf5eea45c7b398f9f4e86287ca b203ce58303f4b7d8ea22a479925bc94 - - default default] Successfully bumped revision number for resource 45164fc7-72be-4d61-9d56-bb52ddc02f85 (type: security_groups) to 1
2026-09-10 03:15:43.247 8 INFO neutron.db.ovn_revision_numbers_db [None req-9d4160de-9bf6-430f-ad6a-67c764966f9e d09948cf5eea45c7b398f9f4e86287ca b203ce58303f4b7d8ea22a479925bc94 - - default default] Successfully bumped revision number for resource 50e8d7b8-bb78-45e1-b49a-f0a93064c4cf (type: security_group_rules) to 0
2026-09-10 03:15:43.262 8 INFO neutron.db.ovn_revision_numbers_db [None req-9d4160de-9bf6-430f-ad6a-67c764966f9e d09948cf5eea45c7b398f9f4e86287ca b203ce58303f4b7d8ea22a479925bc94 - - default default] Successfully bumped revision number for resource 58941bc2-5147-477a-af04-985ec70ea771 (type: security_group_rules) to 0
2026-09-10 03:15:43.272 8 INFO neutron.db.ovn_revision_numbers_db [None req-9d4160de-9bf6-430f-ad6a-67c764966f9e d09948cf5eea45c7b398f9f4e86287ca b203ce58303f4b7d8ea22a479925bc94 - - default default] Successfully bumped revision number for resource 6869023b-110b-46ee-8c6f-b6cb55316b3c (type: security_group_rules) to 0
2026-09-10 03:15:43.291 8 INFO neutron.db.ovn_revision_numbers_db [None req-9d4160de-9bf6-430f-ad6a-67c764966f9e d09948cf5eea45c7b398f9f4e86287ca b203ce58303f4b7d8ea22a479925bc94 - - default default] Successfully bumped revision number for resource 68da9b77-b457-441c-bee5-369fd1e53e83 (type: security_group_rules) to 0
2026-09-10 03:15:43.332 7 INFO neutron.db.ovn_revision_numbers_db [None req-e005456a-2633-47fb-8fd8-1a90ae596bce 4e019d707f364e16aaeb9e84aaf35e3f 8e1ef215d73f473b95d765790d32dea0 - - default default] Successfully bumped revision number for resource 65428807-e7a9-4dee-9b2c-c4bf087da394 (type: networks) to 1 [pid: 8|app: 0|req: 768/1579] 10.0.0.154 () {32 vars in 774 bytes} [Thu Sep 10 03:15:43 2026] GET /v2.0/security-groups?tenant_id=09e9ff1609584941914ca0b17bc85c22&name=default => generated 2925 bytes in 281 msecs (HTTP/1.1 200) 4 headers in 158 bytes (1 switches on core 0)
2026-09-10 03:15:43.497 7 WARNING neutron.scheduler.dhcp_agent_scheduler [None req-e005456a-2633-47fb-8fd8-1a90ae596bce 4e019d707f364e16aaeb9e84aaf35e3f 8e1ef215d73f473b95d765790d32dea0 - - default default] No more DHCP agents
2026-09-10 03:15:43.498 7 WARNING neutron.api.rpc.agentnotifiers.dhcp_rpc_agent_api [None req-e005456a-2633-47fb-8fd8-1a90ae596bce 4e019d707f364e16aaeb9e84aaf35e3f 8e1ef215d73f473b95d765790d32dea0 - - default default] Unable to schedule network 65428807-e7a9-4dee-9b2c-c4bf087da394: no agents available; will retry on subsequent port and subnet creation events.
2026-09-10 03:15:43.561 8 INFO neutron.plugins.ml2.drivers.ovn.mech_driver.mech_driver [None req-edb3c3bc-9552-4433-a809-7673bc957efc - - - - - -] OVN reports status down for port: 9170382a-4411-43cd-9f38-233e329f591a [pid: 8|app: 0|req: 769/1580] 10.0.0.154 () {32 vars in 740 bytes} [Thu Sep 10 03:15:43 2026] DELETE /v2.0/security-groups/45164fc7-72be-4d61-9d56-bb52ddc02f85 => generated 0 bytes in 257 msecs (HTTP/1.1 204) 2 headers in 112 bytes (1 switches on core 0)
