2026-09-10 03:15:51.170 8 INFO neutron.db.segments_db [None req-b0e4aea7-ed0a-455d-aa00-a66a5b93400b ada57cd15a604cb1bad2205794711152 02ad7a2a187e42e68fdb1e947270c261 - - default default] Added segment 44ab9a43-b215-4dba-9830-7e035ec6b2e1 of type geneve for network ac2317ac-f7fa-408f-bebd-b0e572a77c03 [pid: 7|app: 0|req: 854/1647] 10.0.0.154 () {32 vars in 663 bytes} [Thu Sep 10 03:15:51 2026] GET /v2.0/security-groups => generated 4530 bytes in 35 msecs (HTTP/1.1 200) 4 headers in 158 bytes (1 switches on core 0)
2026-09-10 03:15:51.250 7 INFO neutron.db.ovn_revision_numbers_db [None req-0aabc947-2c2d-4f65-a1bf-a0d841342fa1 1ff55f8758634b28a9ec1bb6b06c0df8 49be285ca3794948aee207dba3233468 - - default default] Successfully bumped revision number for resource 5bdbfec5-d129-4851-a55a-24d5863cdd66 (type: security_groups) to 2 [pid: 7|app: 0|req: 855/1648] 10.0.0.154 () {34 vars in 758 bytes} [Thu Sep 10 03:15:51 2026] PUT /v2.0/security-groups/5bdbfec5-d129-4851-a55a-24d5863cdd66 => generated 1662 bytes in 94 msecs (HTTP/1.1 200) 4 headers in 158 bytes (1 switches on core 0)
2026-09-10 03:15:51.277 8 INFO neutron.db.ovn_revision_numbers_db [None req-b0e4aea7-ed0a-455d-aa00-a66a5b93400b ada57cd15a604cb1bad2205794711152 02ad7a2a187e42e68fdb1e947270c261 - - default default] Successfully bumped revision number for resource 9a01f0e7-7d2d-4733-804c-90b17fd2d36d (type: networks) to 1 [pid: 7|app: 0|req: 856/1649] 10.0.0.154 () {32 vars in 737 bytes} [Thu Sep 10 03:15:51 2026] GET /v2.0/security-groups/5bdbfec5-d129-4851-a55a-24d5863cdd66 => generated 1662 bytes in 26 msecs (HTTP/1.1 200) 4 headers in 158 bytes (1 switches on core 0) [pid: 7|app: 0|req: 857/1650] 10.0.0.154 () {32 vars in 740 bytes} [Thu Sep 10 03:15:51 2026] DELETE /v2.0/security-groups/5bdbfec5-d129-4851-a55a-24d5863cdd66 => generated 0 bytes in 114 msecs (HTTP/1.1 204) 2 headers in 112 bytes (1 switches on core 0) [pid: 7|app: 0|req: 858/1651] 10.0.0.154 () {32 vars in 663 bytes} [Thu Sep 10 03:15:51 2026] GET /v2.0/security-groups => generated 2925 bytes in 25 msecs (HTTP/1.1 200) 4 headers in 158 bytes (1 switches on core 0)
2026-09-10 03:15:51.467 7 INFO neutron.api.v2.resource [None req-ea2f97cc-83ee-49d0-960d-1f6074d553b8 1ff55f8758634b28a9ec1bb6b06c0df8 49be285ca3794948aee207dba3233468 - - default default] delete failed (client error): The resource could not be found. [pid: 7|app: 0|req: 859/1652] 10.0.0.154 () {32 vars in 740 bytes} [Thu Sep 10 03:15:51 2026] DELETE /v2.0/security-groups/5bdbfec5-d129-4851-a55a-24d5863cdd66 => generated 146 bytes in 8 msecs (HTTP/1.1 404) 4 headers in 164 bytes (1 switches on core 0)
2026-09-10 03:15:51.508 8 WARNING neutron.scheduler.dhcp_agent_scheduler [None req-b0e4aea7-ed0a-455d-aa00-a66a5b93400b ada57cd15a604cb1bad2205794711152 02ad7a2a187e42e68fdb1e947270c261 - - default default] No more DHCP agents
2026-09-10 03:15:51.509 8 WARNING neutron.api.rpc.agentnotifiers.dhcp_rpc_agent_api [None req-b0e4aea7-ed0a-455d-aa00-a66a5b93400b ada57cd15a604cb1bad2205794711152 02ad7a2a187e42e68fdb1e947270c261 - - default default] Unable to schedule network 9a01f0e7-7d2d-4733-804c-90b17fd2d36d: no agents available; will retry on subsequent port and subnet creation events.
2026-09-10 03:15:51.577 8 INFO neutron.plugins.ml2.drivers.ovn.mech_driver.mech_driver [None req-edb3c3bc-9552-4433-a809-7673bc957efc - - - - - -] OVN reports status down for port: 54972412-996f-45de-8858-12e317bbec0a
2026-09-10 03:15:51.597 7 INFO neutron.db.ovn_revision_numbers_db [None req-6afe509e-58ea-4697-ad1c-725db834dcac 1ff55f8758634b28a9ec1bb6b06c0df8 49be285ca3794948aee207dba3233468 - - default default] Successfully bumped revision number for resource 7ce2ec54-472d-4987-84dd-07ac2583d743 (type: security_groups) to 1
2026-09-10 03:15:51.631 7 INFO neutron.db.ovn_revision_numbers_db [None req-6afe509e-58ea-4697-ad1c-725db834dcac 1ff55f8758634b28a9ec1bb6b06c0df8 49be285ca3794948aee207dba3233468 - - default default] Successfully bumped revision number for resource 1d2f2f39-3945-4e0c-b949-f3ba5fd2d7ad (type: security_group_rules) to 0
2026-09-10 03:15:51.648 8 INFO neutron.db.ovn_revision_numbers_db [None req-b0e4aea7-ed0a-455d-aa00-a66a5b93400b ada57cd15a604cb1bad2205794711152 02ad7a2a187e42e68fdb1e947270c261 - - default default] Successfully bumped revision number for resource 54972412-996f-45de-8858-12e317bbec0a (type: ports) to 1
2026-09-10 03:15:51.658 7 INFO neutron.db.ovn_revision_numbers_db [None req-6afe509e-58ea-4697-ad1c-725db834dcac 1ff55f8758634b28a9ec1bb6b06c0df8 49be285ca3794948aee207dba3233468 - - default default] Successfully bumped revision number for resource d098c214-9b6e-47c9-962a-25c9e8fe83c1 (type: security_group_rules) to 0 [pid: 7|app: 0|req: 860/1653] 10.0.0.154 () {34 vars in 684 bytes} [Thu Sep 10 03:15:51 2026] POST /v2.0/security-groups => generated 1624 bytes in 229 msecs (HTTP/1.1 201) 4 headers in 163 bytes (1 switches on core 0)
2026-09-10 03:15:51.743 8 INFO neutron.db.ovn_revision_numbers_db [None req-b0e4aea7-ed0a-455d-aa00-a66a5b93400b ada57cd15a604cb1bad2205794711152 02ad7a2a187e42e68fdb1e947270c261 - - default default] Successfully bumped revision number for resource ac2317ac-f7fa-408f-bebd-b0e572a77c03 (type: networks) to 1
2026-09-10 03:15:51.836 7 INFO neutron.db.ovn_revision_numbers_db [None req-041dd982-6517-426e-9f16-4501783a6522 1ff55f8758634b28a9ec1bb6b06c0df8 49be285ca3794948aee207dba3233468 - - default default] Successfully bumped revision number for resource 0fccc580-0689-4a14-8864-2bbef0d68170 (type: security_group_rules) to 0 [pid: 7|app: 0|req: 861/1654] 10.0.0.154 () {34 vars in 695 bytes} [Thu Sep 10 03:15:51 2026] POST /v2.0/security-group-rules => generated 601 bytes in 164 msecs (HTTP/1.1 201) 4 headers in 162 bytes (1 switches on core 0) [pid: 7|app: 0|req: 862/1655] 10.0.0.154 () {32 vars in 747 bytes} [Thu Sep 10 03:15:51 2026] GET /v2.0/security-group-rules/0fccc580-0689-4a14-8864-2bbef0d68170 => generated 601 bytes in 18 msecs (HTTP/1.1 200) 4 headers in 157 bytes (1 switches on core 0)
2026-09-10 03:15:51.912 8 WARNING neutron.scheduler.dhcp_agent_scheduler [None req-b0e4aea7-ed0a-455d-aa00-a66a5b93400b ada57cd15a604cb1bad2205794711152 02ad7a2a187e42e68fdb1e947270c261 - - default default] No more DHCP agents
2026-09-10 03:15:51.913 8 WARNING neutron.api.rpc.agentnotifiers.dhcp_rpc_agent_api [None req-b0e4aea7-ed0a-455d-aa00-a66a5b93400b ada57cd15a604cb1bad2205794711152 02ad7a2a187e42e68fdb1e947270c261 - - default default] Unable to schedule network ac2317ac-f7fa-408f-bebd-b0e572a77c03: no agents available; will retry on subsequent port and subnet creation events.
2026-09-10 03:15:51.966 7 INFO neutron.plugins.ml2.drivers.ovn.mech_driver.mech_driver [None req-d0987162-6ec5-4a3e-bab5-111b654a55ed - - - - - -] OVN reports status down for port: 86ad9d9f-adee-4c05-8fcb-cc06b939d009 [pid: 7|app: 0|req: 863/1656] 10.0.0.154 () {32 vars in 673 bytes} [Thu Sep 10 03:15:51 2026] GET /v2.0/security-group-rules => generated 4138 bytes in 83 msecs (HTTP/1.1 200) 4 headers in 158 bytes (1 switches on core 0)
2026-09-10 03:15:51.996 8 INFO neutron.db.ovn_revision_numbers_db [None req-b0e4aea7-ed0a-455d-aa00-a66a5b93400b ada57cd15a604cb1bad2205794711152 02ad7a2a187e42e68fdb1e947270c261 - - default default] Successfully bumped revision number for resource 86ad9d9f-adee-4c05-8fcb-cc06b939d009 (type: ports) to 1 [pid: 8|app: 0|req: 794/1657] 10.0.0.154 () {34 vars in 670 bytes} [Thu Sep 10 03:15:50 2026] POST /v2.0/networks => generated 1245 bytes in 1365 msecs (HTTP/1.1 201) 4 headers in 163 bytes (1 switches on core 0) [pid: 8|app: 0|req: 795/1658] 10.0.0.154 () {32 vars in 649 bytes} [Thu Sep 10 03:15:52 2026] GET /v2.0/networks => generated 1856 bytes in 58 msecs (HTTP/1.1 200) 4 headers in 158 bytes (1 switches on core 0) [pid: 7|app: 0|req: 864/1659] 10.0.0.154 () {32 vars in 750 bytes} [Thu Sep 10 03:15:51 2026] DELETE /v2.0/security-group-rules/0fccc580-0689-4a14-8864-2bbef0d68170 => generated 0 bytes in 155 msecs (HTTP/1.1 204) 2 headers in 112 bytes (1 switches on core 0) [pid: 7|app: 0|req: 865/1660] 10.0.0.154 () {32 vars in 673 bytes} [Thu Sep 10 03:15:52 2026] GET /v2.0/security-group-rules => generated 3560 bytes in 43 msecs (HTTP/1.1 200) 4 headers in 158 bytes (1 switches on core 0)
2026-09-10 03:15:52.203 8 INFO neutron_taas.services.taas.taas_plugin [None req-a93ebcab-82c3-4c9b-b341-71d097a27c04 ada57cd15a604cb1bad2205794711152 02ad7a2a187e42e68fdb1e947270c261 - - default default] TaaS: Handle Delete Port: 54972412-996f-45de-8858-12e317bbec0a
2026-09-10 03:15:52.206 8 INFO neutron_taas.services.taas.tap_mirror_plugin [None req-a93ebcab-82c3-4c9b-b341-71d097a27c04 ada57cd15a604cb1bad2205794711152 02ad7a2a187e42e68fdb1e947270c261 - - default default] Tap Mirror: Handle Delete Port: 54972412-996f-45de-8858-12e317bbec0a
2026-09-10 03:15:52.336 7 INFO neutron.db.ovn_revision_numbers_db [None req-6cdf078f-a0c6-4bc7-bc8d-4cb4ff163d29 1ff55f8758634b28a9ec1bb6b06c0df8 49be285ca3794948aee207dba3233468 - - default default] Successfully bumped revision number for resource a0ffd918-4c78-4344-82c5-d28c5732c344 (type: security_group_rules) to 0 [pid: 7|app: 0|req: 866/1661] 10.0.0.154 () {34 vars in 695 bytes} [Thu Sep 10 03:15:52 2026] POST /v2.0/security-group-rules => generated 601 bytes in 192 msecs (HTTP/1.1 201) 4 headers in 162 bytes (1 switches on core 0)
2026-09-10 03:15:52.394 8 INFO neutron.services.segments.plugin [-] Segment 52cd89f5-3176-4ffc-91ea-ade8dbb0d8d8 resource provider aggregate not found
2026-09-10 03:15:52.399 8 INFO neutron.services.segments.plugin [-] Segment 52cd89f5-3176-4ffc-91ea-ade8dbb0d8d8 resource provider aggregate not found
2026-09-10 03:15:52.412 8 INFO neutron.services.segments.plugin [-] Client error retrieving segment 52cd89f5-3176-4ffc-91ea-ade8dbb0d8d8 resource provider; error: Placement Client Error (4xx): {"errors": [{"status": 404, "title": "Not Found", "detail": "The resource could not be found.\n\n No resource provider with uuid 52cd89f5-3176-4ffc-91ea-ade8dbb0d8d8 found for delete ", "request_id": "req-92803d78-ab1b-4799-a5a3-2c09cd5b250e"}]}
2026-09-10 03:15:52.415 8 INFO neutron.services.segments.plugin [-] Client error retrieving segment 52cd89f5-3176-4ffc-91ea-ade8dbb0d8d8 resource provider; error: Placement Client Error (4xx): {"errors": [{"status": 404, "title": "Not Found", "detail": "The resource could not be found.\n\n No resource provider with uuid 52cd89f5-3176-4ffc-91ea-ade8dbb0d8d8 found for delete ", "request_id": "req-fdb6c7b0-65f8-43d1-a7ce-f24b61c1c3d3"}]} [pid: 8|app: 0|req: 796/1662] 10.0.0.154 () {32 vars in 726 bytes} [Thu Sep 10 03:15:52 2026] DELETE /v2.0/networks/9a01f0e7-7d2d-4733-804c-90b17fd2d36d => generated 0 bytes in 369 msecs (HTTP/1.1 204) 3 headers in 131 bytes (1 switches on core 0) [pid: 8|app: 0|req: 797/1663] 10.0.0.154 () {32 vars in 747 bytes} [Thu Sep 10 03:15:52 2026] GET /v2.0/security-group-rules/a0ffd918-4c78-4344-82c5-d28c5732c344 => generated 601 bytes in 21 msecs (HTTP/1.1 200) 4 headers in 157 bytes (1 switches on core 0)
2026-09-10 03:15:52.614 8 INFO neutron_taas.services.taas.taas_plugin [None req-67d77ee9-87af-42ac-b5fe-009124b07e83 ada57cd15a604cb1bad2205794711152 02ad7a2a187e42e68fdb1e947270c261 - - default default] TaaS: Handle Delete Port: 86ad9d9f-adee-4c05-8fcb-cc06b939d009
2026-09-10 03:15:52.617 8 INFO neutron_taas.services.taas.tap_mirror_plugin [None req-67d77ee9-87af-42ac-b5fe-009124b07e83 ada57cd15a604cb1bad2205794711152 02ad7a2a187e42e68fdb1e947270c261 - - default default] Tap Mirror: Handle Delete Port: 86ad9d9f-adee-4c05-8fcb-cc06b939d009
2026-09-10 03:15:52.686 7 INFO neutron.db.ovn_revision_numbers_db [None req-9e2d4434-db78-47d0-99fc-6392ec9a15c6 48f5be28642542e9b845c6395f6da5f2 433ea9522102454e9f6a3b0108437a0f - - default default] Successfully bumped revision number for resource 12cdef54-b7b2-4b2c-8742-9bffb67ad591 (type: security_groups) to 1
2026-09-10 03:15:52.701 7 INFO neutron.db.ovn_revision_numbers_db [None req-9e2d4434-db78-47d0-99fc-6392ec9a15c6 48f5be28642542e9b845c6395f6da5f2 433ea9522102454e9f6a3b0108437a0f - - default default] Successfully bumped revision number for resource 17c07217-8c0d-47c1-9b07-0295803c70ca (type: security_group_rules) to 0
2026-09-10 03:15:52.728 7 INFO neutron.db.ovn_revision_numbers_db [None req-9e2d4434-db78-47d0-99fc-6392ec9a15c6 48f5be28642542e9b845c6395f6da5f2 433ea9522102454e9f6a3b0108437a0f - - default default] Successfully bumped revision number for resource 3f80e9ce-0c98-4ca1-9f3b-76a19ad3db19 (type: security_group_rules) to 0
2026-09-10 03:15:52.764 7 INFO neutron.db.ovn_revision_numbers_db [None req-9e2d4434-db78-47d0-99fc-6392ec9a15c6 48f5be28642542e9b845c6395f6da5f2 433ea9522102454e9f6a3b0108437a0f - - default default] Successfully bumped revision number for resource 93323b5f-8706-46b5-be98-9f05c8d5d098 (type: security_group_rules) to 0
2026-09-10 03:15:52.785 7 INFO neutron.db.ovn_revision_numbers_db [None req-9e2d4434-db78-47d0-99fc-6392ec9a15c6 48f5be28642542e9b845c6395f6da5f2 433ea9522102454e9f6a3b0108437a0f - - default default] Successfully bumped revision number for resource 99f29924-e840-43ab-8348-2c31826cf500 (type: security_group_rules) to 0
2026-09-10 03:15:52.893 7 INFO neutron.db.segments_db [None req-9e2d4434-db78-47d0-99fc-6392ec9a15c6 48f5be28642542e9b845c6395f6da5f2 433ea9522102454e9f6a3b0108437a0f - - default default] Added segment 8af0b766-2c41-4100-821a-e8d344ac7dbc of type geneve for network eab196a4-ae53-4a22-b305-3489f4fddd16 [pid: 8|app: 0|req: 798/1664] 10.0.0.154 () {32 vars in 726 bytes} [Thu Sep 10 03:15:52 2026] DELETE /v2.0/networks/ac2317ac-f7fa-408f-bebd-b0e572a77c03 => generated 0 bytes in 431 msecs (HTTP/1.1 204) 3 headers in 131 bytes (1 switches on core 0) [pid: 8|app: 0|req: 799/1665] 10.0.0.154 () {32 vars in 673 bytes} [Thu Sep 10 03:15:52 2026] GET /v2.0/security-group-rules => generated 4138 bytes in 86 msecs (HTTP/1.1 200) 4 headers in 158 bytes (1 switches on core 0) [pid: 8|app: 0|req: 800/1666] 10.0.0.154 () {32 vars in 649 bytes} [Thu Sep 10 03:15:53 2026] GET /v2.0/networks => generated 651 bytes in 74 msecs (HTTP/1.1 200) 4 headers in 157 bytes (1 switches on core 0)
2026-09-10 03:15:53.122 7 INFO neutron.db.ovn_revision_numbers_db [None req-9e2d4434-db78-47d0-99fc-6392ec9a15c6 48f5be28642542e9b845c6395f6da5f2 433ea9522102454e9f6a3b0108437a0f - - default default] Successfully bumped revision number for resource eab196a4-ae53-4a22-b305-3489f4fddd16 (type: networks) to 1 [pid: 8|app: 0|req: 801/1667] 10.0.0.154 () {32 vars in 750 bytes} [Thu Sep 10 03:15:53 2026] DELETE /v2.0/security-group-rules/a0ffd918-4c78-4344-82c5-d28c5732c344 => generated 0 bytes in 178 msecs (HTTP/1.1 204) 2 headers in 112 bytes (1 switches on core 0)
2026-09-10 03:15:53.297 7 WARNING neutron.scheduler.dhcp_agent_scheduler [None req-9e2d4434-db78-47d0-99fc-6392ec9a15c6 48f5be28642542e9b845c6395f6da5f2 433ea9522102454e9f6a3b0108437a0f - - default default] No more DHCP agents
2026-09-10 03:15:53.300 7 WARNING neutron.api.rpc.agentnotifiers.dhcp_rpc_agent_api [None req-9e2d4434-db78-47d0-99fc-6392ec9a15c6 48f5be28642542e9b845c6395f6da5f2 433ea9522102454e9f6a3b0108437a0f - - default default] Unable to schedule network eab196a4-ae53-4a22-b305-3489f4fddd16: no agents available; will retry on subsequent port and subnet creation events.
2026-09-10 03:15:53.359 8 INFO neutron.plugins.ml2.drivers.ovn.mech_driver.mech_driver [None req-edb3c3bc-9552-4433-a809-7673bc957efc - - - - - -] OVN reports status down for port: c298b32d-0cc2-4400-8ada-e9b858553fda
2026-09-10 03:15:53.398 7 INFO neutron.db.ovn_revision_numbers_db [None req-9e2d4434-db78-47d0-99fc-6392ec9a15c6 48f5be28642542e9b845c6395f6da5f2 433ea9522102454e9f6a3b0108437a0f - - default default] Successfully bumped revision number for resource c298b32d-0cc2-4400-8ada-e9b858553fda (type: ports) to 1
2026-09-10 03:15:53.414 8 INFO neutron.db.segments_db [None req-941c0021-31f4-4831-8e1e-aed54b3472b3 ada57cd15a604cb1bad2205794711152 02ad7a2a187e42e68fdb1e947270c261 - - default default] Added segment 486ee648-d72a-4605-9dce-efe7ad8b951c of type geneve for network a5b2e4b6-21bc-45c5-a643-cde9a7822d06 [pid: 7|app: 0|req: 867/1668] 10.0.0.154 () {34 vars in 670 bytes} [Thu Sep 10 03:15:52 2026] POST /v2.0/networks => generated 644 bytes in 1045 msecs (HTTP/1.1 201) 4 headers in 162 bytes (1 switches on core 0) [pid: 7|app: 0|req: 868/1669] 10.0.0.154 () {32 vars in 673 bytes} [Thu Sep 10 03:15:53 2026] GET /v2.0/security-group-rules => generated 3560 bytes in 51 msecs (HTTP/1.1 200) 4 headers in 158 bytes (1 switches on core 0)
2026-09-10 03:15:53.569 8 INFO neutron.db.ovn_revision_numbers_db [None req-941c0021-31f4-4831-8e1e-aed54b3472b3 ada57cd15a604cb1bad2205794711152 02ad7a2a187e42e68fdb1e947270c261 - - default default] Successfully bumped revision number for resource a5b2e4b6-21bc-45c5-a643-cde9a7822d06 (type: networks) to 1
2026-09-10 03:15:53.659 7 WARNING neutron.scheduler.dhcp_agent_scheduler [None req-f76a388a-2fee-440a-b56c-e9da1a448fac 48f5be28642542e9b845c6395f6da5f2 433ea9522102454e9f6a3b0108437a0f - - default default] No more DHCP agents
2026-09-10 03:15:53.660 7 WARNING neutron.api.rpc.agentnotifiers.dhcp_rpc_agent_api [None req-f76a388a-2fee-440a-b56c-e9da1a448fac 48f5be28642542e9b845c6395f6da5f2 433ea9522102454e9f6a3b0108437a0f - - default default] Unable to schedule network eab196a4-ae53-4a22-b305-3489f4fddd16: no agents available; will retry on subsequent port and subnet creation events.
2026-09-10 03:15:53.729 7 INFO neutron.plugins.ml2.drivers.ovn.mech_driver.mech_driver [None req-d0987162-6ec5-4a3e-bab5-111b654a55ed - - - - - -] OVN reports status down for port: 7a1ee75a-8467-4df2-aa11-373bdecbade2
2026-09-10 03:15:53.779 8 WARNING neutron.scheduler.dhcp_agent_scheduler [None req-941c0021-31f4-4831-8e1e-aed54b3472b3 ada57cd15a604cb1bad2205794711152 02ad7a2a187e42e68fdb1e947270c261 - - default default] No more DHCP agents
2026-09-10 03:15:53.781 8 WARNING neutron.api.rpc.agentnotifiers.dhcp_rpc_agent_api [None req-941c0021-31f4-4831-8e1e-aed54b3472b3 ada57cd15a604cb1bad2205794711152 02ad7a2a187e42e68fdb1e947270c261 - - default default] Unable to schedule network a5b2e4b6-21bc-45c5-a643-cde9a7822d06: no agents available; will retry on subsequent port and subnet creation events.
2026-09-10 03:15:53.787 7 INFO neutron.db.ovn_revision_numbers_db [None req-f76a388a-2fee-440a-b56c-e9da1a448fac 48f5be28642542e9b845c6395f6da5f2 433ea9522102454e9f6a3b0108437a0f - - default default] Successfully bumped revision number for resource 7a1ee75a-8467-4df2-aa11-373bdecbade2 (type: ports) to 1
2026-09-10 03:15:53.877 8 INFO neutron.db.ovn_revision_numbers_db [None req-941c0021-31f4-4831-8e1e-aed54b3472b3 ada57cd15a604cb1bad2205794711152 02ad7a2a187e42e68fdb1e947270c261 - - default default] Successfully bumped revision number for resource 4dc535b6-f328-4ee9-ba21-681bfdf78fab (type: ports) to 1
2026-09-10 03:15:53.891 7 INFO neutron.plugins.ml2.drivers.ovn.mech_driver.mech_driver [None req-d0987162-6ec5-4a3e-bab5-111b654a55ed - - - - - -] OVN reports status down for port: 4dc535b6-f328-4ee9-ba21-681bfdf78fab [pid: 8|app: 0|req: 802/1670] 10.0.0.154 () {34 vars in 670 bytes} [Thu Sep 10 03:15:53 2026] POST /v2.0/networks => generated 647 bytes in 658 msecs (HTTP/1.1 201) 4 headers in 162 bytes (1 switches on core 0) [pid: 7|app: 0|req: 869/1671] 10.0.0.154 () {34 vars in 665 bytes} [Thu Sep 10 03:15:53 2026] POST /v2.0/ports => generated 775 bytes in 450 msecs (HTTP/1.1 201) 4 headers in 162 bytes (1 switches on core 0) /var/lib/openstack/lib/python3.12/site-packages/pycadf/identifier.py:70: UserWarning: Invalid uuid: neutron. To ensure interoperability, identifiers should be a valid uuid. warnings.warn(('Invalid uuid: %s. To ensure interoperability, '
2026-09-10 03:15:54.131 7 INFO neutron.db.ovn_revision_numbers_db [None req-b0823be5-f645-446f-9b38-6a331f27d009 1ff55f8758634b28a9ec1bb6b06c0df8 49be285ca3794948aee207dba3233468 - - default default] Successfully bumped revision number for resource 2dde322d-0161-4e61-808d-01edf4fe09a5 (type: security_group_rules) to 0 [pid: 7|app: 0|req: 870/1672] 10.0.0.154 () {34 vars in 695 bytes} [Thu Sep 10 03:15:53 2026] POST /v2.0/security-group-rules => generated 602 bytes in 245 msecs (HTTP/1.1 201) 4 headers in 162 bytes (1 switches on core 0)
2026-09-10 03:15:54.304 7 INFO neutron.db.segments_db [None req-f167a031-fff7-45e8-b90c-e2e4ff8756a4 ada57cd15a604cb1bad2205794711152 02ad7a2a187e42e68fdb1e947270c261 - - default default] Added segment 0c04c792-5a19-41c9-ac88-e47161638c82 of type geneve for network 1eef6718-d8aa-4312-a3bc-eb373c7c4503
2026-09-10 03:15:54.435 7 INFO neutron.db.ovn_revision_numbers_db [None req-f167a031-fff7-45e8-b90c-e2e4ff8756a4 ada57cd15a604cb1bad2205794711152 02ad7a2a187e42e68fdb1e947270c261 - - default default] Successfully bumped revision number for resource 1eef6718-d8aa-4312-a3bc-eb373c7c4503 (type: networks) to 1
2026-09-10 03:15:54.580 8 INFO neutron.services.segments.plugin [-] Segment 44ab9a43-b215-4dba-9830-7e035ec6b2e1 resource provider aggregate not found
2026-09-10 03:15:54.586 8 INFO neutron.services.segments.plugin [-] Segment 44ab9a43-b215-4dba-9830-7e035ec6b2e1 resource provider aggregate not found
2026-09-10 03:15:54.603 8 INFO neutron.services.segments.plugin [-] Client error retrieving segment 44ab9a43-b215-4dba-9830-7e035ec6b2e1 resource provider; error: Placement Client Error (4xx): {"errors": [{"status": 404, "title": "Not Found", "detail": "The resource could not be found.\n\n No resource provider with uuid 44ab9a43-b215-4dba-9830-7e035ec6b2e1 found for delete ", "request_id": "req-a2cc1c5b-ebdf-428e-9d87-bd5274138f5b"}]}
2026-09-10 03:15:54.604 8 INFO neutron.services.segments.plugin [-] Client error retrieving segment 44ab9a43-b215-4dba-9830-7e035ec6b2e1 resource provider; error: Placement Client Error (4xx): {"errors": [{"status": 404, "title": "Not Found", "detail": "The resource could not be found.\n\n No resource provider with uuid 44ab9a43-b215-4dba-9830-7e035ec6b2e1 found for delete ", "request_id": "req-f81870f4-aa0a-4373-b679-f91ad3147a44"}]}
2026-09-10 03:15:54.615 7 WARNING neutron.scheduler.dhcp_agent_scheduler [None req-f167a031-fff7-45e8-b90c-e2e4ff8756a4 ada57cd15a604cb1bad2205794711152 02ad7a2a187e42e68fdb1e947270c261 - - default default] No more DHCP agents
2026-09-10 03:15:54.617 7 WARNING neutron.api.rpc.agentnotifiers.dhcp_rpc_agent_api [None req-f167a031-fff7-45e8-b90c-e2e4ff8756a4 ada57cd15a604cb1bad2205794711152 02ad7a2a187e42e68fdb1e947270c261 - - default default] Unable to schedule network 1eef6718-d8aa-4312-a3bc-eb373c7c4503: no agents available; will retry on subsequent port and subnet creation events.
2026-09-10 03:15:54.673 8 INFO neutron.plugins.ml2.drivers.ovn.mech_driver.mech_driver [None req-edb3c3bc-9552-4433-a809-7673bc957efc - - - - - -] OVN reports status down for port: a59eb962-3f03-4fa1-a6f7-aecedd8ef3e9
2026-09-10 03:15:54.713 7 INFO neutron.db.ovn_revision_numbers_db [None req-f167a031-fff7-45e8-b90c-e2e4ff8756a4 ada57cd15a604cb1bad2205794711152 02ad7a2a187e42e68fdb1e947270c261 - - default default] Successfully bumped revision number for resource a59eb962-3f03-4fa1-a6f7-aecedd8ef3e9 (type: ports) to 1 [pid: 7|app: 0|req: 871/1673] 10.0.0.154 () {34 vars in 670 bytes} [Thu Sep 10 03:15:54 2026] POST /v2.0/networks => generated 650 bytes in 564 msecs (HTTP/1.1 201) 4 headers in 162 bytes (1 switches on core 0)
2026-09-10 03:15:54.781 8 INFO neutron.db.ovn_revision_numbers_db [None req-09caefb5-33d4-4270-be55-8c6a84571697 d09948cf5eea45c7b398f9f4e86287ca b203ce58303f4b7d8ea22a479925bc94 - - default default] Successfully bumped revision number for resource 5d4e69f4-11ec-4794-a339-905c227d9fac (type: security_groups) to 1
2026-09-10 03:15:54.800 8 INFO neutron.db.ovn_revision_numbers_db [None req-09caefb5-33d4-4270-be55-8c6a84571697 d09948cf5eea45c7b398f9f4e86287ca b203ce58303f4b7d8ea22a479925bc94 - - default default] Successfully bumped revision number for resource 3e9be13a-d0db-4eee-b615-d39f8a6f426b (type: security_group_rules) to 0
2026-09-10 03:15:54.816 8 INFO neutron.db.ovn_revision_numbers_db [None req-09caefb5-33d4-4270-be55-8c6a84571697 d09948cf5eea45c7b398f9f4e86287ca b203ce58303f4b7d8ea22a479925bc94 - - default default] Successfully bumped revision number for resource 78942100-b9df-4ed6-b593-c5cf0d66c010 (type: security_group_rules) to 0
2026-09-10 03:15:54.832 8 INFO neutron.db.ovn_revision_numbers_db [None req-09caefb5-33d4-4270-be55-8c6a84571697 d09948cf5eea45c7b398f9f4e86287ca b203ce58303f4b7d8ea22a479925bc94 - - default default] Successfully bumped revision number for resource a1b2a42b-e2a9-4f0a-8aef-ea102d8519f3 (type: security_group_rules) to 0
2026-09-10 03:15:54.849 8 INFO neutron.db.ovn_revision_numbers_db [None req-09caefb5-33d4-4270-be55-8c6a84571697 d09948cf5eea45c7b398f9f4e86287ca b203ce58303f4b7d8ea22a479925bc94 - - default default] Successfully bumped revision number for resource aca23f85-3a60-4925-bf77-0adf33d5a51f (type: security_group_rules) to 0
2026-09-10 03:15:54.849 7 INFO neutron.db.segments_db [None req-74a8ad87-c091-4a9c-9943-dd6bbcf893db 48f5be28642542e9b845c6395f6da5f2 433ea9522102454e9f6a3b0108437a0f - - default default] Added segment c4adc9d6-4cd4-4ed0-9e0c-1e95911d0b81 of type geneve for network 3ca96018-3d09-47c0-aad7-6790d2372e5a [pid: 8|app: 0|req: 803/1674] 10.0.0.154 () {32 vars in 774 bytes} [Thu Sep 10 03:15:53 2026] GET /v2.0/security-groups?tenant_id=9df790d6b64c432fab49cda8cfbe155c&name=default => generated 2925 bytes in 981 msecs (HTTP/1.1 200) 4 headers in 158 bytes (1 switches on core 0) [pid: 8|app: 0|req: 806/1677] 10.0.0.154 () {32 vars in 747 bytes} [Thu Sep 10 03:15:54 2026] GET /v2.0/security-group-rules/2dde322d-0161-4e61-808d-01edf4fe09a5 => generated 602 bytes in 17 msecs (HTTP/1.1 200) 4 headers in 157 bytes (1 switches on core 0)
2026-09-10 03:15:54.999 7 INFO neutron.db.ovn_revision_numbers_db [None req-74a8ad87-c091-4a9c-9943-dd6bbcf893db 48f5be28642542e9b845c6395f6da5f2 433ea9522102454e9f6a3b0108437a0f - - default default] Successfully bumped revision number for resource 3ca96018-3d09-47c0-aad7-6790d2372e5a (type: networks) to 1
2026-09-10 03:15:55.227 7 WARNING neutron.scheduler.dhcp_agent_scheduler [None req-74a8ad87-c091-4a9c-9943-dd6bbcf893db 48f5be28642542e9b845c6395f6da5f2 433ea9522102454e9f6a3b0108437a0f - - default default] No more DHCP agents
2026-09-10 03:15:55.228 7 WARNING neutron.api.rpc.agentnotifiers.dhcp_rpc_agent_api [None req-74a8ad87-c091-4a9c-9943-dd6bbcf893db 48f5be28642542e9b845c6395f6da5f2 433ea9522102454e9f6a3b0108437a0f - - default default] Unable to schedule network 3ca96018-3d09-47c0-aad7-6790d2372e5a: no agents available; will retry on subsequent port and subnet creation events.
2026-09-10 03:15:55.292 7 INFO neutron.plugins.ml2.drivers.ovn.mech_driver.mech_driver [None req-d0987162-6ec5-4a3e-bab5-111b654a55ed - - - - - -] OVN reports status down for port: 6de3c3b4-2180-4419-ba94-bd329870779d
2026-09-10 03:15:55.360 7 INFO neutron.db.ovn_revision_numbers_db [None req-74a8ad87-c091-4a9c-9943-dd6bbcf893db 48f5be28642542e9b845c6395f6da5f2 433ea9522102454e9f6a3b0108437a0f - - default default] Successfully bumped revision number for resource 6de3c3b4-2180-4419-ba94-bd329870779d (type: ports) to 1 [pid: 7|app: 0|req: 872/1678] 10.0.0.154 () {34 vars in 670 bytes} [Thu Sep 10 03:15:54 2026] POST /v2.0/networks => generated 632 bytes in 651 msecs (HTTP/1.1 201) 4 headers in 162 bytes (1 switches on core 0)
2026-09-10 03:15:55.413 8 WARNING neutron.scheduler.dhcp_agent_scheduler [None req-7d5acede-079a-4cc5-8bb7-63af238ffe04 ada57cd15a604cb1bad2205794711152 02ad7a2a187e42e68fdb1e947270c261 - - default default] No more DHCP agents
2026-09-10 03:15:55.415 8 WARNING neutron.api.rpc.agentnotifiers.dhcp_rpc_agent_api [None req-7d5acede-079a-4cc5-8bb7-63af238ffe04 ada57cd15a604cb1bad2205794711152 02ad7a2a187e42e68fdb1e947270c261 - - default default] Unable to schedule network a5b2e4b6-21bc-45c5-a643-cde9a7822d06: no agents available; will retry on subsequent port and subnet creation events.
2026-09-10 03:15:55.471 8 INFO neutron.plugins.ml2.drivers.ovn.mech_driver.mech_driver [None req-edb3c3bc-9552-4433-a809-7673bc957efc - - - - - -] OVN reports status down for port: ce36d6d0-49b8-4637-86ee-2608be3145e4
2026-09-10 03:15:55.545 8 INFO neutron.db.ovn_revision_numbers_db [None req-7d5acede-079a-4cc5-8bb7-63af238ffe04 ada57cd15a604cb1bad2205794711152 02ad7a2a187e42e68fdb1e947270c261 - - default default] Successfully bumped revision number for resource ce36d6d0-49b8-4637-86ee-2608be3145e4 (type: ports) to 1
2026-09-10 03:15:55.652 8 WARNING neutron.scheduler.dhcp_agent_scheduler [None req-7d5acede-079a-4cc5-8bb7-63af238ffe04 ada57cd15a604cb1bad2205794711152 02ad7a2a187e42e68fdb1e947270c261 - - default default] No more DHCP agents
2026-09-10 03:15:55.655 8 WARNING neutron.api.rpc.agentnotifiers.dhcp_rpc_agent_api [None req-7d5acede-079a-4cc5-8bb7-63af238ffe04 ada57cd15a604cb1bad2205794711152 02ad7a2a187e42e68fdb1e947270c261 - - default default] Unable to schedule network 1eef6718-d8aa-4312-a3bc-eb373c7c4503: no agents available; will retry on subsequent port and subnet creation events. [pid: 7|app: 0|req: 873/1679] 10.0.0.154 () {32 vars in 740 bytes} [Thu Sep 10 03:15:55 2026] DELETE /v2.0/security-groups/5d4e69f4-11ec-4794-a339-905c227d9fac => generated 0 bytes in 294 msecs (HTTP/1.1 204) 2 headers in 112 bytes (1 switches on core 0)
2026-09-10 03:15:55.744 7 INFO neutron.plugins.ml2.drivers.ovn.mech_driver.mech_driver [None req-d0987162-6ec5-4a3e-bab5-111b654a55ed - - - - - -] OVN reports status down for port: 0c34c821-375f-422f-9f42-692d38a6055d
2026-09-10 03:15:55.754 8 INFO neutron.db.ovn_revision_numbers_db [None req-7d5acede-079a-4cc5-8bb7-63af238ffe04 ada57cd15a604cb1bad2205794711152 02ad7a2a187e42e68fdb1e947270c261 - - default default] Successfully bumped revision number for resource 0c34c821-375f-422f-9f42-692d38a6055d (type: ports) to 1 [pid: 7|app: 0|req: 874/1680] 10.0.0.154 () {32 vars in 673 bytes} [Thu Sep 10 03:15:55 2026] GET /v2.0/security-group-rules => generated 4139 bytes in 135 msecs (HTTP/1.1 200) 4 headers in 158 bytes (1 switches on core 0) [pid: 8|app: 0|req: 807/1681] 10.0.0.154 () {34 vars in 665 bytes} [Thu Sep 10 03:15:54 2026] POST /v2.0/ports => generated 1505 bytes in 903 msecs (HTTP/1.1 201) 4 headers in 163 bytes (1 switches on core 0) /var/lib/openstack/lib/python3.12/site-packages/pycadf/identifier.py:70: UserWarning: Invalid uuid: neutron. To ensure interoperability, identifiers should be a valid uuid. warnings.warn(('Invalid uuid: %s. To ensure interoperability, ' [pid: 8|app: 0|req: 808/1682] 10.0.0.154 () {32 vars in 750 bytes} [Thu Sep 10 03:15:55 2026] DELETE /v2.0/security-group-rules/2dde322d-0161-4e61-808d-01edf4fe09a5 => generated 0 bytes in 100 msecs (HTTP/1.1 204) 2 headers in 112 bytes (1 switches on core 0) [pid: 8|app: 0|req: 809/1683] 10.0.0.154 () {32 vars in 643 bytes} [Thu Sep 10 03:15:55 2026] GET /v2.0/ports => generated 3017 bytes in 69 msecs (HTTP/1.1 200) 4 headers in 158 bytes (1 switches on core 0) [pid: 8|app: 0|req: 810/1684] 10.0.0.154 () {32 vars in 673 bytes} [Thu Sep 10 03:15:56 2026] GET /v2.0/security-group-rules => generated 3560 bytes in 46 msecs (HTTP/1.1 200) 4 headers in 158 bytes (1 switches on core 0)
2026-09-10 03:15:56.075 7 WARNING neutron.scheduler.dhcp_agent_scheduler [None req-8cef7f3e-48e7-46b5-bd61-5cd741928755 48f5be28642542e9b845c6395f6da5f2 433ea9522102454e9f6a3b0108437a0f - - default default] No more DHCP agents
2026-09-10 03:15:56.077 7 WARNING neutron.api.rpc.agentnotifiers.dhcp_rpc_agent_api [None req-8cef7f3e-48e7-46b5-bd61-5cd741928755 48f5be28642542e9b845c6395f6da5f2 433ea9522102454e9f6a3b0108437a0f - - default default] Unable to schedule network 3ca96018-3d09-47c0-aad7-6790d2372e5a: no agents available; will retry on subsequent port and subnet creation events.
2026-09-10 03:15:56.162 8 INFO neutron_taas.services.taas.taas_plugin [None req-18ee2eff-55fc-4fc5-853c-ddd1237ae049 ada57cd15a604cb1bad2205794711152 02ad7a2a187e42e68fdb1e947270c261 - - default default] TaaS: Handle Delete Port: ce36d6d0-49b8-4637-86ee-2608be3145e4
2026-09-10 03:15:56.164 8 INFO neutron_taas.services.taas.tap_mirror_plugin [None req-18ee2eff-55fc-4fc5-853c-ddd1237ae049 ada57cd15a604cb1bad2205794711152 02ad7a2a187e42e68fdb1e947270c261 - - default default] Tap Mirror: Handle Delete Port: ce36d6d0-49b8-4637-86ee-2608be3145e4 [pid: 8|app: 0|req: 811/1685] 10.0.0.154 () {32 vars in 720 bytes} [Thu Sep 10 03:15:56 2026] DELETE /v2.0/ports/ce36d6d0-49b8-4637-86ee-2608be3145e4 => generated 0 bytes in 201 msecs (HTTP/1.1 204) 3 headers in 131 bytes (1 switches on core 0) [pid: 8|app: 0|req: 812/1686] 10.0.0.154 () {32 vars in 740 bytes} [Thu Sep 10 03:15:56 2026] DELETE /v2.0/security-groups/7ce2ec54-472d-4987-84dd-07ac2583d743 => generated 0 bytes in 145 msecs (HTTP/1.1 204) 2 headers in 112 bytes (1 switches on core 0)
2026-09-10 03:15:56.518 8 INFO neutron_taas.services.taas.taas_plugin [None req-bd07b556-afda-48a7-bce3-388c50ce5e51 ada57cd15a604cb1bad2205794711152 02ad7a2a187e42e68fdb1e947270c261 - - default default] TaaS: Handle Delete Port: 0c34c821-375f-422f-9f42-692d38a6055d
2026-09-10 03:15:56.521 8 INFO neutron_taas.services.taas.tap_mirror_plugin [None req-bd07b556-afda-48a7-bce3-388c50ce5e51 ada57cd15a604cb1bad2205794711152 02ad7a2a187e42e68fdb1e947270c261 - - default default] Tap Mirror: Handle Delete Port: 0c34c821-375f-422f-9f42-692d38a6055d
2026-09-10 03:15:56.545 7 INFO neutron.db.ovn_revision_numbers_db [None req-6606469b-a5d1-4952-945f-461d6412fa52 - - - - - -] Successfully bumped revision number for resource 6de3c3b4-2180-4419-ba94-bd329870779d (type: ports) to 2
2026-09-10 03:15:56.581 7 INFO neutron.db.ovn_revision_numbers_db [None req-6606469b-a5d1-4952-945f-461d6412fa52 - - - - - -] Successfully bumped revision number for resource f7bcf301-33dd-45ab-9639-c9539eec301a (type: subnets) to 0 [pid: 7|app: 0|req: 875/1687] 10.0.0.154 () {34 vars in 669 bytes} [Thu Sep 10 03:15:55 2026] POST /v2.0/subnets => generated 626 bytes in 784 msecs (HTTP/1.1 201) 4 headers in 162 bytes (1 switches on core 0) [pid: 8|app: 0|req: 813/1688] 10.0.0.154 () {32 vars in 720 bytes} [Thu Sep 10 03:15:56 2026] DELETE /v2.0/ports/0c34c821-375f-422f-9f42-692d38a6055d => generated 0 bytes in 221 msecs (HTTP/1.1 204) 3 headers in 131 bytes (1 switches on core 0) [pid: 7|app: 0|req: 876/1689] 10.0.0.154 () {32 vars in 663 bytes} [Thu Sep 10 03:15:56 2026] GET /v2.0/security-groups => generated 2925 bytes in 43 msecs (HTTP/1.1 200) 4 headers in 158 bytes (1 switches on core 0) [pid: 7|app: 0|req: 877/1690] 10.0.0.154 () {32 vars in 643 bytes} [Thu Sep 10 03:15:56 2026] GET /v2.0/ports => generated 1523 bytes in 98 msecs (HTTP/1.1 200) 4 headers in 158 bytes (1 switches on core 0) [pid: 7|app: 0|req: 878/1691] 10.0.0.154 () {32 vars in 663 bytes} [Thu Sep 10 03:15:56 2026] GET /v2.0/security-groups => generated 2925 bytes in 22 msecs (HTTP/1.1 200) 4 headers in 158 bytes (1 switches on core 0)
2026-09-10 03:15:56.861 7 INFO neutron.db.segments_db [None req-76213901-5e73-4d50-8fdc-ec24c5df7274 ada57cd15a604cb1bad2205794711152 02ad7a2a187e42e68fdb1e947270c261 - - default default] Added segment 87b06481-d749-42c5-b394-44aab862cee8 of type geneve for network fc37a48a-0c7c-46a0-b518-1af6f3e31be5
2026-09-10 03:15:56.929 8 WARNING neutron.scheduler.dhcp_agent_scheduler [None req-8e29b52e-0aff-4c24-821a-2b90669ac825 48f5be28642542e9b845c6395f6da5f2 433ea9522102454e9f6a3b0108437a0f - - default default] No more DHCP agents
2026-09-10 03:15:56.930 8 WARNING neutron.api.rpc.agentnotifiers.dhcp_rpc_agent_api [None req-8e29b52e-0aff-4c24-821a-2b90669ac825 48f5be28642542e9b845c6395f6da5f2 433ea9522102454e9f6a3b0108437a0f - - default default] Unable to schedule network 3ca96018-3d09-47c0-aad7-6790d2372e5a: no agents available; will retry on subsequent port and subnet creation events.
2026-09-10 03:15:56.990 7 INFO neutron.db.ovn_revision_numbers_db [None req-76213901-5e73-4d50-8fdc-ec24c5df7274 ada57cd15a604cb1bad2205794711152 02ad7a2a187e42e68fdb1e947270c261 - - default default] Successfully bumped revision number for resource fc37a48a-0c7c-46a0-b518-1af6f3e31be5 (type: networks) to 1
2026-09-10 03:15:57.093 8 INFO neutron.plugins.ml2.drivers.ovn.mech_driver.mech_driver [None req-edb3c3bc-9552-4433-a809-7673bc957efc - - - - - -] OVN reports status down for port: ca1f1538-0d87-4e55-9c2b-15708dbcde4f
2026-09-10 03:15:57.163 8 INFO neutron.db.ovn_revision_numbers_db [None req-8e29b52e-0aff-4c24-821a-2b90669ac825 48f5be28642542e9b845c6395f6da5f2 433ea9522102454e9f6a3b0108437a0f - - default default] Successfully bumped revision number for resource ca1f1538-0d87-4e55-9c2b-15708dbcde4f (type: ports) to 1
2026-09-10 03:15:57.200 7 WARNING neutron.scheduler.dhcp_agent_scheduler [None req-76213901-5e73-4d50-8fdc-ec24c5df7274 ada57cd15a604cb1bad2205794711152 02ad7a2a187e42e68fdb1e947270c261 - - default default] No more DHCP agents
2026-09-10 03:15:57.201 7 WARNING neutron.api.rpc.agentnotifiers.dhcp_rpc_agent_api [None req-76213901-5e73-4d50-8fdc-ec24c5df7274 ada57cd15a604cb1bad2205794711152 02ad7a2a187e42e68fdb1e947270c261 - - default default] Unable to schedule network fc37a48a-0c7c-46a0-b518-1af6f3e31be5: no agents available; will retry on subsequent port and subnet creation events.
2026-09-10 03:15:57.244 7 INFO neutron.plugins.ml2.drivers.ovn.mech_driver.mech_driver [None req-d0987162-6ec5-4a3e-bab5-111b654a55ed - - - - - -] OVN reports status down for port: fbde00c6-d2be-4be0-94ca-650e5a82749a [pid: 8|app: 0|req: 814/1692] 10.0.0.154 () {34 vars in 665 bytes} [Thu Sep 10 03:15:56 2026] POST /v2.0/ports => generated 953 bytes in 640 msecs (HTTP/1.1 201) 4 headers in 162 bytes (1 switches on core 0)
2026-09-10 03:15:57.284 7 INFO neutron.db.ovn_revision_numbers_db [None req-76213901-5e73-4d50-8fdc-ec24c5df7274 ada57cd15a604cb1bad2205794711152 02ad7a2a187e42e68fdb1e947270c261 - - default default] Successfully bumped revision number for resource fbde00c6-d2be-4be0-94ca-650e5a82749a (type: ports) to 1 [pid: 7|app: 0|req: 879/1693] 10.0.0.154 () {34 vars in 670 bytes} [Thu Sep 10 03:15:56 2026] POST /v2.0/networks => generated 649 bytes in 546 msecs (HTTP/1.1 201) 4 headers in 162 bytes (1 switches on core 0)
2026-09-10 03:15:57.435 7 INFO neutron_taas.services.taas.taas_plugin [None req-c86e4ef6-2d26-415e-bffd-8dc2077942cc 48f5be28642542e9b845c6395f6da5f2 433ea9522102454e9f6a3b0108437a0f - - default default] TaaS: Handle Delete Port: ca1f1538-0d87-4e55-9c2b-15708dbcde4f
2026-09-10 03:15:57.438 7 INFO neutron_taas.services.taas.tap_mirror_plugin [None req-c86e4ef6-2d26-415e-bffd-8dc2077942cc 48f5be28642542e9b845c6395f6da5f2 433ea9522102454e9f6a3b0108437a0f - - default default] Tap Mirror: Handle Delete Port: ca1f1538-0d87-4e55-9c2b-15708dbcde4f /var/lib/openstack/lib/python3.12/site-packages/pycadf/identifier.py:70: UserWarning: Invalid uuid: neutron. To ensure interoperability, identifiers should be a valid uuid. warnings.warn(('Invalid uuid: %s. To ensure interoperability, ' [pid: 8|app: 0|req: 815/1694] 10.0.0.154 () {32 vars in 774 bytes} [Thu Sep 10 03:15:57 2026] GET /v2.0/security-groups?tenant_id=49be285ca3794948aee207dba3233468&name=default => generated 2925 bytes in 317 msecs (HTTP/1.1 200) 4 headers in 158 bytes (1 switches on core 0) [pid: 7|app: 0|req: 880/1695] 10.0.0.154 () {32 vars in 720 bytes} [Thu Sep 10 03:15:57 2026] DELETE /v2.0/ports/ca1f1538-0d87-4e55-9c2b-15708dbcde4f => generated 0 bytes in 307 msecs (HTTP/1.1 204) 3 headers in 131 bytes (1 switches on core 0)
2026-09-10 03:15:57.721 8 INFO neutron.db.segments_db [None req-9a543963-eb9c-4366-89c6-2a019787c0df ada57cd15a604cb1bad2205794711152 02ad7a2a187e42e68fdb1e947270c261 - - default default] Added segment 4cd69d74-0e31-4776-9fcd-f61646408fae of type geneve for network f41a2858-165b-4c0e-8d2c-6771e9f3f3d3 [pid: 7|app: 0|req: 881/1696] 10.0.0.154 () {32 vars in 740 bytes} [Thu Sep 10 03:15:57 2026] DELETE /v2.0/security-groups/24f2a363-1e8c-4f5f-8218-ebbfb072d462 => generated 0 bytes in 287 msecs (HTTP/1.1 204) 2 headers in 112 bytes (1 switches on core 0)
2026-09-10 03:15:57.929 7 INFO neutron.pecan_wsgi.hooks.translation [None req-86e95eea-483d-4bea-9566-a53b0bf3ded3 48f5be28642542e9b845c6395f6da5f2 433ea9522102454e9f6a3b0108437a0f - - default default] DELETE failed (client error): The resource could not be found. [pid: 7|app: 0|req: 882/1697] 10.0.0.154 () {32 vars in 720 bytes} [Thu Sep 10 03:15:57 2026] DELETE /v2.0/ports/ca1f1538-0d87-4e55-9c2b-15708dbcde4f => generated 132 bytes in 17 msecs (HTTP/1.1 404) 4 headers in 164 bytes (1 switches on core 0)
2026-09-10 03:15:57.932 8 INFO neutron.db.ovn_revision_numbers_db [None req-9a543963-eb9c-4366-89c6-2a019787c0df ada57cd15a604cb1bad2205794711152 02ad7a2a187e42e68fdb1e947270c261 - - default default] Successfully bumped revision number for resource f41a2858-165b-4c0e-8d2c-6771e9f3f3d3 (type: networks) to 1
2026-09-10 03:15:57.953 7 INFO neutron.pecan_wsgi.hooks.translation [None req-33146678-f142-4787-8c6c-566d890aaed5 48f5be28642542e9b845c6395f6da5f2 433ea9522102454e9f6a3b0108437a0f - - default default] GET failed (client error): The resource could not be found. [pid: 7|app: 0|req: 883/1698] 10.0.0.154 () {32 vars in 717 bytes} [Thu Sep 10 03:15:57 2026] GET /v2.0/ports/ca1f1538-0d87-4e55-9c2b-15708dbcde4f => generated 132 bytes in 17 msecs (HTTP/1.1 404) 4 headers in 164 bytes (1 switches on core 0)
2026-09-10 03:15:58.160 8 WARNING neutron.scheduler.dhcp_agent_scheduler [None req-9a543963-eb9c-4366-89c6-2a019787c0df ada57cd15a604cb1bad2205794711152 02ad7a2a187e42e68fdb1e947270c261 - - default default] No more DHCP agents
2026-09-10 03:15:58.162 8 WARNING neutron.api.rpc.agentnotifiers.dhcp_rpc_agent_api [None req-9a543963-eb9c-4366-89c6-2a019787c0df ada57cd15a604cb1bad2205794711152 02ad7a2a187e42e68fdb1e947270c261 - - default default] Unable to schedule network f41a2858-165b-4c0e-8d2c-6771e9f3f3d3: no agents available; will retry on subsequent port and subnet creation events. [pid: 7|app: 0|req: 884/1699] 10.0.0.154 () {32 vars in 724 bytes} [Thu Sep 10 03:15:57 2026] DELETE /v2.0/subnets/f7bcf301-33dd-45ab-9639-c9539eec301a => generated 0 bytes in 229 msecs (HTTP/1.1 204) 3 headers in 131 bytes (1 switches on core 0)
2026-09-10 03:15:58.214 8 INFO neutron.plugins.ml2.drivers.ovn.mech_driver.mech_driver [None req-edb3c3bc-9552-4433-a809-7673bc957efc - - - - - -] OVN reports status down for port: 75640f46-3bd9-474e-93f5-a299054f4d64
2026-09-10 03:15:58.277 8 INFO neutron.db.ovn_revision_numbers_db [None req-9a543963-eb9c-4366-89c6-2a019787c0df ada57cd15a604cb1bad2205794711152 02ad7a2a187e42e68fdb1e947270c261 - - default default] Successfully bumped revision number for resource 75640f46-3bd9-474e-93f5-a299054f4d64 (type: ports) to 1 [pid: 8|app: 0|req: 816/1700] 10.0.0.154 () {34 vars in 670 bytes} [Thu Sep 10 03:15:57 2026] POST /v2.0/networks => generated 650 bytes in 750 msecs (HTTP/1.1 201) 4 headers in 162 bytes (1 switches on core 0)
2026-09-10 03:15:58.431 8 INFO neutron_taas.services.taas.taas_plugin [None req-94c10cf8-1c4e-4ca9-99cf-deadadb91fb5 48f5be28642542e9b845c6395f6da5f2 433ea9522102454e9f6a3b0108437a0f - - default default] TaaS: Handle Delete Port: 6de3c3b4-2180-4419-ba94-bd329870779d
2026-09-10 03:15:58.433 8 INFO neutron_taas.services.taas.tap_mirror_plugin [None req-94c10cf8-1c4e-4ca9-99cf-deadadb91fb5 48f5be28642542e9b845c6395f6da5f2 433ea9522102454e9f6a3b0108437a0f - - default default] Tap Mirror: Handle Delete Port: 6de3c3b4-2180-4419-ba94-bd329870779d
2026-09-10 03:15:58.597 8 INFO neutron.services.segments.plugin [-] Segment c4adc9d6-4cd4-4ed0-9e0c-1e95911d0b81 resource provider aggregate not found
2026-09-10 03:15:58.601 8 INFO neutron.services.segments.plugin [-] Segment c4adc9d6-4cd4-4ed0-9e0c-1e95911d0b81 resource provider aggregate not found
2026-09-10 03:15:58.622 8 INFO neutron.services.segments.plugin [-] Client error retrieving segment c4adc9d6-4cd4-4ed0-9e0c-1e95911d0b81 resource provider; error: Placement Client Error (4xx): {"errors": [{"status": 404, "title": "Not Found", "detail": "The resource could not be found.\n\n No resource provider with uuid c4adc9d6-4cd4-4ed0-9e0c-1e95911d0b81 found for delete ", "request_id": "req-05af1b68-2367-4779-a313-0e0434a1337a"}]}
2026-09-10 03:15:58.627 8 INFO neutron.services.segments.plugin [-] Client error retrieving segment c4adc9d6-4cd4-4ed0-9e0c-1e95911d0b81 resource provider; error: Placement Client Error (4xx): {"errors": [{"status": 404, "title": "Not Found", "detail": "The resource could not be found.\n\n No resource provider with uuid c4adc9d6-4cd4-4ed0-9e0c-1e95911d0b81 found for delete ", "request_id": "req-1bacfad0-e445-4c83-90ea-48a94cb8e486"}]}
2026-09-10 03:15:58.677 7 INFO neutron.db.ovn_revision_numbers_db [None req-adaeceeb-c18a-4aae-bcaa-15ac8f292cf4 d09948cf5eea45c7b398f9f4e86287ca b203ce58303f4b7d8ea22a479925bc94 - - default default] Successfully bumped revision number for resource b1d7d296-3d1f-4149-93c2-2ee0beb966c9 (type: security_groups) to 1 [pid: 8|app: 0|req: 817/1701] 10.0.0.154 () {32 vars in 726 bytes} [Thu Sep 10 03:15:58 2026] DELETE /v2.0/networks/3ca96018-3d09-47c0-aad7-6790d2372e5a => generated 0 bytes in 358 msecs (HTTP/1.1 204) 3 headers in 131 bytes (1 switches on core 0)
2026-09-10 03:15:58.693 7 INFO neutron.db.ovn_revision_numbers_db [None req-adaeceeb-c18a-4aae-bcaa-15ac8f292cf4 d09948cf5eea45c7b398f9f4e86287ca b203ce58303f4b7d8ea22a479925bc94 - - default default] Successfully bumped revision number for resource 55bdc4d1-c413-4d67-9861-be9b422f545d (type: security_group_rules) to 0
2026-09-10 03:15:58.706 7 INFO neutron.db.ovn_revision_numbers_db [None req-adaeceeb-c18a-4aae-bcaa-15ac8f292cf4 d09948cf5eea45c7b398f9f4e86287ca b203ce58303f4b7d8ea22a479925bc94 - - default default] Successfully bumped revision number for resource 76bdf7cb-7215-4fed-a4b3-960c6df4ab18 (type: security_group_rules) to 0
2026-09-10 03:15:58.720 7 INFO neutron.db.ovn_revision_numbers_db [None req-adaeceeb-c18a-4aae-bcaa-15ac8f292cf4 d09948cf5eea45c7b398f9f4e86287ca b203ce58303f4b7d8ea22a479925bc94 - - default default] Successfully bumped revision number for resource 77ed0876-5bfa-48c1-991c-c8f1cc9a0393 (type: security_group_rules) to 0
2026-09-10 03:15:58.737 7 INFO neutron.db.ovn_revision_numbers_db [None req-adaeceeb-c18a-4aae-bcaa-15ac8f292cf4 d09948cf5eea45c7b398f9f4e86287ca b203ce58303f4b7d8ea22a479925bc94 - - default default] Successfully bumped revision number for resource c835331b-197d-4bf5-8a2a-0b7f537225fe (type: security_group_rules) to 0 [pid: 7|app: 0|req: 885/1702] 10.0.0.154 () {32 vars in 774 bytes} [Thu Sep 10 03:15:58 2026] GET /v2.0/security-groups?tenant_id=224cee5e1f6e41088f62a890a4c11e73&name=default => generated 2925 bytes in 598 msecs (HTTP/1.1 200) 4 headers in 158 bytes (1 switches on core 0)
2026-09-10 03:15:58.875 7 INFO neutron.db.segments_db [None req-7fee84bb-16a8-4f7e-9a4f-16bee03e3789 48f5be28642542e9b845c6395f6da5f2 433ea9522102454e9f6a3b0108437a0f - - default default] Added segment 71da30ff-1454-4b41-91bc-0d041e7f1979 of type geneve for network e88080f9-2802-4020-8f28-66f0a228084d
2026-09-10 03:15:59.003 8 WARNING neutron.scheduler.dhcp_agent_scheduler [None req-d1b1da7b-5e31-4f96-b102-4ba2167960e7 ada57cd15a604cb1bad2205794711152 02ad7a2a187e42e68fdb1e947270c261 - - default default] No more DHCP agents
2026-09-10 03:15:59.007 8 WARNING neutron.api.rpc.agentnotifiers.dhcp_rpc_agent_api [None req-d1b1da7b-5e31-4f96-b102-4ba2167960e7 ada57cd15a604cb1bad2205794711152 02ad7a2a187e42e68fdb1e947270c261 - - default default] Unable to schedule network fc37a48a-0c7c-46a0-b518-1af6f3e31be5: no agents available; will retry on subsequent port and subnet creation events.
2026-09-10 03:15:59.033 7 INFO neutron.db.ovn_revision_numbers_db [None req-7fee84bb-16a8-4f7e-9a4f-16bee03e3789 48f5be28642542e9b845c6395f6da5f2 433ea9522102454e9f6a3b0108437a0f - - default default] Successfully bumped revision number for resource e88080f9-2802-4020-8f28-66f0a228084d (type: networks) to 1
2026-09-10 03:15:59.196 7 WARNING neutron.scheduler.dhcp_agent_scheduler [None req-7fee84bb-16a8-4f7e-9a4f-16bee03e3789 48f5be28642542e9b845c6395f6da5f2 433ea9522102454e9f6a3b0108437a0f - - default default] No more DHCP agents
2026-09-10 03:15:59.197 7 WARNING neutron.api.rpc.agentnotifiers.dhcp_rpc_agent_api [None req-7fee84bb-16a8-4f7e-9a4f-16bee03e3789 48f5be28642542e9b845c6395f6da5f2 433ea9522102454e9f6a3b0108437a0f - - default default] Unable to schedule network e88080f9-2802-4020-8f28-66f0a228084d: no agents available; will retry on subsequent port and subnet creation events.
2026-09-10 03:15:59.248 8 INFO neutron.plugins.ml2.drivers.ovn.mech_driver.mech_driver [None req-edb3c3bc-9552-4433-a809-7673bc957efc - - - - - -] OVN reports status down for port: a3bfcb78-bcff-41a6-a80d-b0c5f38a6291
2026-09-10 03:15:59.266 7 INFO neutron.db.ovn_revision_numbers_db [None req-7fee84bb-16a8-4f7e-9a4f-16bee03e3789 48f5be28642542e9b845c6395f6da5f2 433ea9522102454e9f6a3b0108437a0f - - default default] Successfully bumped revision number for resource a3bfcb78-bcff-41a6-a80d-b0c5f38a6291 (type: ports) to 1 [pid: 7|app: 0|req: 886/1703] 10.0.0.154 () {34 vars in 670 bytes} [Thu Sep 10 03:15:58 2026] POST /v2.0/networks => generated 632 bytes in 497 msecs (HTTP/1.1 201) 4 headers in 162 bytes (1 switches on core 0)
2026-09-10 03:15:59.472 8 INFO neutron.db.ovn_revision_numbers_db [None req-02803763-7b02-4cb3-95a4-e86501b77d1e - - - - - -] Successfully bumped revision number for resource fbde00c6-d2be-4be0-94ca-650e5a82749a (type: ports) to 2
