2026-02-25 21:01:39.214 7 INFO neutron.db.ovn_revision_numbers_db [None req-1e9b34f6-010b-4ecc-ae94-698c30e6207c - - - - - -] Successfully bumped revision number for resource 17c047a2-51b8-434b-95ff-7ea507eae5e2 (type: ports) to 6 [pid: 7|app: 0|req: 686/1570] 10.0.0.22 () {34 vars in 1094 bytes} [Wed Feb 25 21:01:39 2026] GET /v2.0/security-groups?name=tempest-secgroup-smoke-303383788&fields=id&tenant_id=76a9cd49ef0e4761ae6f7683d10b4e88 => generated 69 bytes in 60 msecs (HTTP/1.1 200) 4 headers in 156 bytes (1 switches on core 0)
2026-02-25 21:01:39.339 8 INFO neutron.db.ovn_revision_numbers_db [None req-dcaa6a8c-802c-42c8-97d9-6b3c65f2941b 33615129ce394898b054302210d14240 983051184d944e3cb2ada521046f268d - - default default] Successfully bumped revision number for resource 6667a08d-9c59-4f54-9cf5-987c7633d9d1 (type: security_groups) to 1
2026-02-25 21:01:39.353 8 INFO neutron.db.ovn_revision_numbers_db [None req-dcaa6a8c-802c-42c8-97d9-6b3c65f2941b 33615129ce394898b054302210d14240 983051184d944e3cb2ada521046f268d - - default default] Successfully bumped revision number for resource 2c3baf3d-c54b-4b6e-971e-bdc2a5b9bfd2 (type: security_group_rules) to 0
2026-02-25 21:01:39.365 8 INFO neutron.db.ovn_revision_numbers_db [None req-dcaa6a8c-802c-42c8-97d9-6b3c65f2941b 33615129ce394898b054302210d14240 983051184d944e3cb2ada521046f268d - - default default] Successfully bumped revision number for resource 376aae95-5b69-40b1-ac8a-8c13acecefa0 (type: security_group_rules) to 0
2026-02-25 21:01:39.377 8 INFO neutron.db.ovn_revision_numbers_db [None req-dcaa6a8c-802c-42c8-97d9-6b3c65f2941b 33615129ce394898b054302210d14240 983051184d944e3cb2ada521046f268d - - default default] Successfully bumped revision number for resource 3a1a23ef-e23f-4ea6-be3b-496feb1f19bf (type: security_group_rules) to 0 [pid: 7|app: 0|req: 687/1571] 10.0.0.22 () {34 vars in 978 bytes} [Wed Feb 25 21:01:39 2026] GET /v2.0/networks?id=94485b26-a770-4277-9989-be580551cd24 => generated 698 bytes in 119 msecs (HTTP/1.1 200) 4 headers in 157 bytes (1 switches on core 0)
2026-02-25 21:01:39.413 8 INFO neutron.db.ovn_revision_numbers_db [None req-dcaa6a8c-802c-42c8-97d9-6b3c65f2941b 33615129ce394898b054302210d14240 983051184d944e3cb2ada521046f268d - - default default] Successfully bumped revision number for resource fdd8f6c4-960d-4bd7-b08a-eed1b6fdab60 (type: security_group_rules) to 0 [pid: 7|app: 0|req: 688/1572] 10.0.0.22 () {34 vars in 961 bytes} [Wed Feb 25 21:01:39 2026] GET /v2.0/quotas/76a9cd49ef0e4761ae6f7683d10b4e88 => generated 292 bytes in 30 msecs (HTTP/1.1 200) 4 headers in 157 bytes (1 switches on core 0) [pid: 8|app: 0|req: 885/1573] 10.0.0.34 () {32 vars in 770 bytes} [Wed Feb 25 21:01:39 2026] GET /v2.0/security-groups?tenant_id=fcbfd709d9a14b7eb90aa685481a9ffc&name=default => generated 2925 bytes in 424 msecs (HTTP/1.1 200) 4 headers in 158 bytes (1 switches on core 0)
2026-02-25 21:01:39.609 7 WARNING neutron.plugins.ml2.drivers.ovn.mech_driver.ovsdb.ovn_client [None req-7ae5635e-a8e4-4f72-9d25-b7a577e265b9 - - - - - -] Logical_Switch_Port %s host information not removed, the port state is up
2026-02-25 21:01:39.610 7 INFO neutron.plugins.ml2.drivers.ovn.mech_driver.mech_driver [None req-7ae5635e-a8e4-4f72-9d25-b7a577e265b9 - - - - - -] OVN reports status up for port: c7022435-d4d6-489e-aed1-7382df3ef50e [pid: 7|app: 0|req: 689/1574] 10.0.0.22 () {34 vars in 998 bytes} [Wed Feb 25 21:01:39 2026] GET /v2.0/ports?tenant_id=76a9cd49ef0e4761ae6f7683d10b4e88&fields=id => generated 103 bytes in 162 msecs (HTTP/1.1 200) 4 headers in 157 bytes (1 switches on core 0)
2026-02-25 21:01:39.626 7 INFO neutron.plugins.ml2.plugin [None req-7ae5635e-a8e4-4f72-9d25-b7a577e265b9 - - - - - -] Attempt 1 to provision port c7022435-d4d6-489e-aed1-7382df3ef50e [pid: 8|app: 0|req: 886/1575] 10.0.0.34 () {32 vars in 736 bytes} [Wed Feb 25 21:01:39 2026] DELETE /v2.0/security-groups/6667a08d-9c59-4f54-9cf5-987c7633d9d1 => generated 0 bytes in 310 msecs (HTTP/1.1 204) 2 headers in 112 bytes (1 switches on core 0) [pid: 7|app: 0|req: 690/1576] 10.0.0.22 () {34 vars in 1004 bytes} [Wed Feb 25 21:01:39 2026] GET /v2.0/networks/94485b26-a770-4277-9989-be580551cd24?fields=segments => generated 14 bytes in 254 msecs (HTTP/1.1 200) 4 headers in 156 bytes (1 switches on core 0) [pid: 8|app: 0|req: 887/1577] 10.0.0.22 () {34 vars in 1104 bytes} [Wed Feb 25 21:01:39 2026] GET /v2.0/networks/94485b26-a770-4277-9989-be580551cd24?fields=provider%3Aphysical_network&fields=provider%3Anetwork_type => generated 79 bytes in 37 msecs (HTTP/1.1 200) 4 headers in 156 bytes (1 switches on core 0) [pid: 8|app: 0|req: 888/1578] 10.0.0.22 () {34 vars in 986 bytes} [Wed Feb 25 21:01:40 2026] GET /v2.0/ports?device_id=ad5296ff-7ea4-43bf-9cfe-87ef08546ebe => generated 12 bytes in 23 msecs (HTTP/1.1 200) 4 headers in 156 bytes (1 switches on core 0) [pid: 8|app: 0|req: 889/1579] 10.0.0.22 () {34 vars in 986 bytes} [Wed Feb 25 21:01:40 2026] GET /v2.0/ports?device_id=127a0e62-e9fe-4af5-97c5-9a57779571e2 => generated 12 bytes in 17 msecs (HTTP/1.1 200) 4 headers in 156 bytes (1 switches on core 0) [pid: 7|app: 0|req: 691/1580] 10.0.0.34 () {32 vars in 770 bytes} [Wed Feb 25 21:01:40 2026] GET /v2.0/security-groups?tenant_id=794b9335dcbb4e8299d0c8fc0699d099&name=default => generated 2925 bytes in 102 msecs (HTTP/1.1 200) 4 headers in 158 bytes (1 switches on core 0)
2026-02-25 21:01:40.225 7 INFO neutron.db.ovn_revision_numbers_db [None req-7ae5635e-a8e4-4f72-9d25-b7a577e265b9 - - - - - -] Successfully bumped revision number for resource c7022435-d4d6-489e-aed1-7382df3ef50e (type: ports) to 2 [pid: 7|app: 0|req: 692/1581] 10.0.0.22 () {34 vars in 986 bytes} [Wed Feb 25 21:01:40 2026] GET /v2.0/ports?device_id=127a0e62-e9fe-4af5-97c5-9a57779571e2 => generated 12 bytes in 44 msecs (HTTP/1.1 200) 4 headers in 156 bytes (1 switches on core 0) [pid: 8|app: 0|req: 890/1582] 10.0.0.34 () {32 vars in 736 bytes} [Wed Feb 25 21:01:40 2026] DELETE /v2.0/security-groups/efa8e87f-7331-4657-b2a9-ef4f59ec8e46 => generated 0 bytes in 337 msecs (HTTP/1.1 204) 2 headers in 112 bytes (1 switches on core 0) [pid: 7|app: 0|req: 693/1583] 10.0.0.34 () {32 vars in 736 bytes} [Wed Feb 25 21:01:40 2026] DELETE /v2.0/security-groups/c073c4bc-e0e3-45ef-9638-3d3ea570b9b2 => generated 0 bytes in 211 msecs (HTTP/1.1 204) 2 headers in 112 bytes (1 switches on core 0)
2026-02-25 21:01:40.716 7 INFO neutron.api.v2.resource [None req-1a482187-a2d1-4706-aebb-79541f329604 7e8b1f32f5d84dfa9b1a445522f23aad 0518b5362e534ddab742419fce130555 - - default default] show failed (client error): The resource could not be found. [pid: 7|app: 0|req: 694/1584] 10.0.0.34 () {32 vars in 733 bytes} [Wed Feb 25 21:01:40 2026] GET /v2.0/security-groups/c073c4bc-e0e3-45ef-9638-3d3ea570b9b2 => generated 146 bytes in 10 msecs (HTTP/1.1 404) 4 headers in 164 bytes (1 switches on core 0)
2026-02-25 21:01:40.790 8 INFO neutron.db.ovn_revision_numbers_db [None req-53c5e149-ac1f-43ff-94ac-6a213b4829ce 33615129ce394898b054302210d14240 983051184d944e3cb2ada521046f268d - - default default] Successfully bumped revision number for resource ba68d30c-36b8-4d1f-befd-813666d44a0d (type: security_groups) to 1
2026-02-25 21:01:40.803 8 INFO neutron.db.ovn_revision_numbers_db [None req-53c5e149-ac1f-43ff-94ac-6a213b4829ce 33615129ce394898b054302210d14240 983051184d944e3cb2ada521046f268d - - default default] Successfully bumped revision number for resource bb795840-fd79-40c9-99c4-fffd88813322 (type: security_group_rules) to 0
2026-02-25 21:01:40.813 8 INFO neutron.db.ovn_revision_numbers_db [None req-53c5e149-ac1f-43ff-94ac-6a213b4829ce 33615129ce394898b054302210d14240 983051184d944e3cb2ada521046f268d - - default default] Successfully bumped revision number for resource ed1697e2-f6c1-4166-b971-e701fefe1f3f (type: security_group_rules) to 0
2026-02-25 21:01:40.827 8 INFO neutron.db.ovn_revision_numbers_db [None req-53c5e149-ac1f-43ff-94ac-6a213b4829ce 33615129ce394898b054302210d14240 983051184d944e3cb2ada521046f268d - - default default] Successfully bumped revision number for resource f7298b08-0512-446e-8248-f174339182ed (type: security_group_rules) to 0
2026-02-25 21:01:40.841 8 INFO neutron.db.ovn_revision_numbers_db [None req-53c5e149-ac1f-43ff-94ac-6a213b4829ce 33615129ce394898b054302210d14240 983051184d944e3cb2ada521046f268d - - default default] Successfully bumped revision number for resource fab333da-5141-4818-b3ee-94c644247c91 (type: security_group_rules) to 0 [pid: 8|app: 0|req: 891/1585] 10.0.0.34 () {32 vars in 770 bytes} [Wed Feb 25 21:01:40 2026] GET /v2.0/security-groups?tenant_id=9883d98591de4e6492abd5e64c3dea52&name=default => generated 2925 bytes in 312 msecs (HTTP/1.1 200) 4 headers in 158 bytes (1 switches on core 0)
2026-02-25 21:01:40.898 7 INFO neutron_taas.services.taas.taas_plugin [None req-562e56e9-c61b-4ed8-beb7-ab44c7d0e462 7e8b1f32f5d84dfa9b1a445522f23aad 0518b5362e534ddab742419fce130555 - - default default] TaaS: Handle Delete Port: 1094d604-d411-4e9a-9026-9410f2914817
2026-02-25 21:01:40.901 7 INFO neutron_taas.services.taas.tap_mirror_plugin [None req-562e56e9-c61b-4ed8-beb7-ab44c7d0e462 7e8b1f32f5d84dfa9b1a445522f23aad 0518b5362e534ddab742419fce130555 - - default default] Tap Mirror: Handle Delete Port: 1094d604-d411-4e9a-9026-9410f2914817 [pid: 7|app: 0|req: 695/1586] 10.0.0.34 () {32 vars in 728 bytes} [Wed Feb 25 21:01:40 2026] DELETE /v2.0/floatingips/03d87ba7-64a0-4c46-bfc1-1fa0a16bdeb5 => generated 0 bytes in 360 msecs (HTTP/1.1 204) 2 headers in 112 bytes (1 switches on core 0) [pid: 8|app: 0|req: 892/1587] 10.0.0.34 () {32 vars in 736 bytes} [Wed Feb 25 21:01:40 2026] DELETE /v2.0/security-groups/ba68d30c-36b8-4d1f-befd-813666d44a0d => generated 0 bytes in 317 msecs (HTTP/1.1 204) 2 headers in 112 bytes (1 switches on core 0) [pid: 8|app: 0|req: 893/1588] 10.0.0.22 () {34 vars in 986 bytes} [Wed Feb 25 21:01:41 2026] GET /v2.0/ports?device_id=ad5296ff-7ea4-43bf-9cfe-87ef08546ebe => generated 12 bytes in 23 msecs (HTTP/1.1 200) 4 headers in 156 bytes (1 switches on core 0) [pid: 8|app: 0|req: 894/1589] 10.0.0.22 () {34 vars in 986 bytes} [Wed Feb 25 21:01:41 2026] GET /v2.0/ports?device_id=ad5296ff-7ea4-43bf-9cfe-87ef08546ebe => generated 12 bytes in 22 msecs (HTTP/1.1 200) 4 headers in 156 bytes (1 switches on core 0) [pid: 7|app: 0|req: 696/1590] 10.0.0.34 () {32 vars in 736 bytes} [Wed Feb 25 21:01:41 2026] DELETE /v2.0/security-groups/d97140fb-fb4e-4cff-b667-09398d784875 => generated 0 bytes in 331 msecs (HTTP/1.1 204) 2 headers in 112 bytes (1 switches on core 0) [pid: 7|app: 0|req: 697/1591] 10.0.0.34 () {32 vars in 736 bytes} [Wed Feb 25 21:01:41 2026] DELETE /v2.0/security-groups/55267496-bd30-4b52-a276-66b53f11ef7b => generated 0 bytes in 233 msecs (HTTP/1.1 204) 2 headers in 112 bytes (1 switches on core 0)
2026-02-25 21:01:41.975 8 INFO neutron_taas.services.taas.taas_plugin [None req-aae63f74-a90f-4af9-8db0-abfa2e883279 33615129ce394898b054302210d14240 983051184d944e3cb2ada521046f268d - - default default] TaaS: Handle Delete Port: 3d3f3758-79de-4118-a10c-50f9a1bd8347
2026-02-25 21:01:41.978 8 INFO neutron_taas.services.taas.tap_mirror_plugin [None req-aae63f74-a90f-4af9-8db0-abfa2e883279 33615129ce394898b054302210d14240 983051184d944e3cb2ada521046f268d - - default default] Tap Mirror: Handle Delete Port: 3d3f3758-79de-4118-a10c-50f9a1bd8347
2026-02-25 21:01:42.353 7 INFO neutron_taas.services.taas.taas_plugin [None req-8ac38eb5-0133-4dfd-88b0-d2320c460515 adf0013c58ce417d8e0434612602c0f1 76a9cd49ef0e4761ae6f7683d10b4e88 - - default default] TaaS: Handle Delete Port: b256d87c-97c7-463d-939b-407995254507
2026-02-25 21:01:42.355 7 INFO neutron_taas.services.taas.tap_mirror_plugin [None req-8ac38eb5-0133-4dfd-88b0-d2320c460515 adf0013c58ce417d8e0434612602c0f1 76a9cd49ef0e4761ae6f7683d10b4e88 - - default default] Tap Mirror: Handle Delete Port: b256d87c-97c7-463d-939b-407995254507 [pid: 7|app: 0|req: 698/1592] 10.0.0.34 () {34 vars in 785 bytes} [Wed Feb 25 21:01:41 2026] PUT /v2.0/routers/b2a22700-d719-4868-9047-f9868e2b1646/remove_router_interface => generated 309 bytes in 1002 msecs (HTTP/1.1 200) 4 headers in 157 bytes (1 switches on core 0) /var/lib/openstack/lib/python3.12/site-packages/pycadf/identifier.py:70: UserWarning: Invalid uuid: neutron. To ensure interoperability, identifiers should be a valid uuid. warnings.warn(('Invalid uuid: %s. To ensure interoperability, '
2026-02-25 21:01:43.409 7 INFO neutron.db.ovn_revision_numbers_db [None req-4e678e9c-37be-45d8-8612-deef34d6fb16 33615129ce394898b054302210d14240 983051184d944e3cb2ada521046f268d - - default default] Successfully bumped revision number for resource 2c3ce04c-3cc0-49d4-9894-7fc03592e131 (type: security_groups) to 1 [pid: 8|app: 0|req: 895/1593] 10.0.0.34 () {34 vars in 785 bytes} [Wed Feb 25 21:01:41 2026] PUT /v2.0/routers/4569cd4a-1868-4331-9c4e-cbaafeb63fbd/remove_router_interface => generated 309 bytes in 1950 msecs (HTTP/1.1 200) 4 headers in 157 bytes (1 switches on core 0)
2026-02-25 21:01:43.435 7 INFO neutron.db.ovn_revision_numbers_db [None req-4e678e9c-37be-45d8-8612-deef34d6fb16 33615129ce394898b054302210d14240 983051184d944e3cb2ada521046f268d - - default default] Successfully bumped revision number for resource 44e1ae6b-f3ee-47c8-a4b1-452ce4de7ed4 (type: security_group_rules) to 0 /var/lib/openstack/lib/python3.12/site-packages/pycadf/identifier.py:70: UserWarning: Invalid uuid: neutron. To ensure interoperability, identifiers should be a valid uuid. warnings.warn(('Invalid uuid: %s. To ensure interoperability, '
2026-02-25 21:01:43.457 7 INFO neutron.db.ovn_revision_numbers_db [None req-4e678e9c-37be-45d8-8612-deef34d6fb16 33615129ce394898b054302210d14240 983051184d944e3cb2ada521046f268d - - default default] Successfully bumped revision number for resource 4b382971-dbc5-4631-821b-d6dc2ccfcacf (type: security_group_rules) to 0
2026-02-25 21:01:43.468 7 INFO neutron.db.ovn_revision_numbers_db [None req-4e678e9c-37be-45d8-8612-deef34d6fb16 33615129ce394898b054302210d14240 983051184d944e3cb2ada521046f268d - - default default] Successfully bumped revision number for resource 574439c9-ec72-4ecb-b006-2cec9669bca8 (type: security_group_rules) to 0
2026-02-25 21:01:43.487 7 INFO neutron.db.ovn_revision_numbers_db [None req-4e678e9c-37be-45d8-8612-deef34d6fb16 33615129ce394898b054302210d14240 983051184d944e3cb2ada521046f268d - - default default] Successfully bumped revision number for resource d1d6757d-bdf0-4293-9321-85fa4927bf44 (type: security_group_rules) to 0 [pid: 7|app: 0|req: 699/1596] 10.0.0.34 () {32 vars in 770 bytes} [Wed Feb 25 21:01:42 2026] GET /v2.0/security-groups?tenant_id=1efe16c1c7c643aaa333a2e1f1a31c33&name=default => generated 2925 bytes in 543 msecs (HTTP/1.1 200) 4 headers in 158 bytes (1 switches on core 0) [pid: 8|app: 0|req: 898/1597] 10.0.0.34 () {32 vars in 720 bytes} [Wed Feb 25 21:01:43 2026] DELETE /v2.0/subnets/c1eccab5-ccdf-4041-8c08-9f0eb32415e5 => generated 0 bytes in 211 msecs (HTTP/1.1 204) 3 headers in 131 bytes (1 switches on core 0)
2026-02-25 21:01:43.877 7 INFO neutron_taas.services.taas.taas_plugin [None req-a0eaed6d-c867-4c04-9bdc-bda0804214f1 33615129ce394898b054302210d14240 983051184d944e3cb2ada521046f268d - - default default] TaaS: Handle Delete Port: e01dd7ce-f157-4d56-9a3a-384d5d69f755
2026-02-25 21:01:43.881 7 INFO neutron_taas.services.taas.tap_mirror_plugin [None req-a0eaed6d-c867-4c04-9bdc-bda0804214f1 33615129ce394898b054302210d14240 983051184d944e3cb2ada521046f268d - - default default] Tap Mirror: Handle Delete Port: e01dd7ce-f157-4d56-9a3a-384d5d69f755 [pid: 8|app: 0|req: 899/1598] 10.0.0.34 () {32 vars in 736 bytes} [Wed Feb 25 21:01:43 2026] DELETE /v2.0/security-groups/2c3ce04c-3cc0-49d4-9894-7fc03592e131 => generated 0 bytes in 293 msecs (HTTP/1.1 204) 2 headers in 112 bytes (1 switches on core 0)
2026-02-25 21:01:44.286 8 INFO neutron_taas.services.taas.taas_plugin [None req-45d04606-e60f-41df-94e8-26d20aac6b6e adf0013c58ce417d8e0434612602c0f1 76a9cd49ef0e4761ae6f7683d10b4e88 - - default default] TaaS: Handle Delete Port: 17c047a2-51b8-434b-95ff-7ea507eae5e2
2026-02-25 21:01:44.290 8 INFO neutron_taas.services.taas.tap_mirror_plugin [None req-45d04606-e60f-41df-94e8-26d20aac6b6e adf0013c58ce417d8e0434612602c0f1 76a9cd49ef0e4761ae6f7683d10b4e88 - - default default] Tap Mirror: Handle Delete Port: 17c047a2-51b8-434b-95ff-7ea507eae5e2 [pid: 7|app: 0|req: 700/1599] 10.0.0.34 () {32 vars in 720 bytes} [Wed Feb 25 21:01:43 2026] DELETE /v2.0/routers/4569cd4a-1868-4331-9c4e-cbaafeb63fbd => generated 0 bytes in 895 msecs (HTTP/1.1 204) 2 headers in 112 bytes (1 switches on core 0) [pid: 7|app: 0|req: 701/1600] 10.0.0.217 () {28 vars in 580 bytes} [Wed Feb 25 21:01:44 2026] GET /v2.0/subnets => generated 2663 bytes in 344 msecs (HTTP/1.1 200) 4 headers in 158 bytes (1 switches on core 0) [pid: 8|app: 0|req: 900/1601] 10.0.0.34 () {32 vars in 720 bytes} [Wed Feb 25 21:01:43 2026] DELETE /v2.0/routers/b2a22700-d719-4868-9047-f9868e2b1646 => generated 0 bytes in 920 msecs (HTTP/1.1 204) 2 headers in 112 bytes (1 switches on core 0) [pid: 8|app: 0|req: 901/1602] 10.0.0.217 () {28 vars in 588 bytes} [Wed Feb 25 21:01:44 2026] GET /v2.0/subnetpools => generated 19 bytes in 10 msecs (HTTP/1.1 200) 4 headers in 156 bytes (1 switches on core 0)
2026-02-25 21:01:45.042 8 INFO neutron_taas.services.taas.taas_plugin [None req-33662f57-4b5f-4589-8845-d7cb26590495 adf0013c58ce417d8e0434612602c0f1 76a9cd49ef0e4761ae6f7683d10b4e88 - - default default] TaaS: Handle Delete Port: 12e7872a-1554-4f23-90b6-dd23ee3e89ea
2026-02-25 21:01:45.045 8 INFO neutron_taas.services.taas.tap_mirror_plugin [None req-33662f57-4b5f-4589-8845-d7cb26590495 adf0013c58ce417d8e0434612602c0f1 76a9cd49ef0e4761ae6f7683d10b4e88 - - default default] Tap Mirror: Handle Delete Port: 12e7872a-1554-4f23-90b6-dd23ee3e89ea [pid: 7|app: 0|req: 702/1603] 10.0.0.34 () {32 vars in 720 bytes} [Wed Feb 25 21:01:44 2026] DELETE /v2.0/subnets/e8071e77-550a-4f3b-95b7-11b3d1dd2065 => generated 0 bytes in 301 msecs (HTTP/1.1 204) 3 headers in 131 bytes (1 switches on core 0) [pid: 7|app: 0|req: 703/1604] 10.0.0.217 () {28 vars in 588 bytes} [Wed Feb 25 21:01:45 2026] GET /v2.0/floatingips => generated 19 bytes in 19 msecs (HTTP/1.1 200) 4 headers in 156 bytes (1 switches on core 0)
2026-02-25 21:01:45.243 7 WARNING neutron.plugins.ml2.drivers.ovn.mech_driver.ovsdb.ovn_client [None req-77409276-f3f1-480a-9113-f1b484291f36 - - - - - -] No hosting information found for port c7022435-d4d6-489e-aed1-7382df3ef50e: RuntimeError: No hosting information found for port c7022435-d4d6-489e-aed1-7382df3ef50e
2026-02-25 21:01:45.244 7 INFO neutron.plugins.ml2.drivers.ovn.mech_driver.mech_driver [None req-77409276-f3f1-480a-9113-f1b484291f36 - - - - - -] OVN reports status up for port: 17c047a2-51b8-434b-95ff-7ea507eae5e2
2026-02-25 21:01:45.280 8 INFO neutron.services.segments.plugin [-] Segment da18d6b5-6a0b-4220-8ba1-fa10b027e76d resource provider aggregate not found
2026-02-25 21:01:45.288 8 INFO neutron.services.segments.plugin [-] Segment da18d6b5-6a0b-4220-8ba1-fa10b027e76d resource provider aggregate not found
2026-02-25 21:01:45.297 7 INFO neutron_taas.services.taas.taas_plugin [None req-fd17dc99-ae46-4e03-b17a-7bc487079ae5 33615129ce394898b054302210d14240 983051184d944e3cb2ada521046f268d - - default default] TaaS: Handle Delete Port: da76ad9a-6ff0-4c60-8cfe-b1e3e5d8eb88
2026-02-25 21:01:45.303 7 INFO neutron_taas.services.taas.tap_mirror_plugin [None req-fd17dc99-ae46-4e03-b17a-7bc487079ae5 33615129ce394898b054302210d14240 983051184d944e3cb2ada521046f268d - - default default] Tap Mirror: Handle Delete Port: da76ad9a-6ff0-4c60-8cfe-b1e3e5d8eb88
2026-02-25 21:01:45.305 8 INFO neutron.services.segments.plugin [-] Segment da18d6b5-6a0b-4220-8ba1-fa10b027e76d resource provider not found; error: Placement Client Error (4xx): {"errors": [{"status": 404, "title": "Not Found", "detail": "The resource could not be found.\n\n No resource provider with uuid da18d6b5-6a0b-4220-8ba1-fa10b027e76d found for delete ", "request_id": "req-f86e0684-059d-4180-b36b-9312659c20cd"}]}
2026-02-25 21:01:45.307 8 INFO neutron.services.segments.plugin [-] Segment da18d6b5-6a0b-4220-8ba1-fa10b027e76d resource provider not found; error: Placement Client Error (4xx): {"errors": [{"status": 404, "title": "Not Found", "detail": "The resource could not be found.\n\n No resource provider with uuid da18d6b5-6a0b-4220-8ba1-fa10b027e76d found for delete ", "request_id": "req-68347ea5-70f3-49cb-a937-9f1b5db7ae75"}]} [pid: 8|app: 0|req: 902/1605] 10.0.0.34 () {32 vars in 722 bytes} [Wed Feb 25 21:01:44 2026] DELETE /v2.0/networks/94485b26-a770-4277-9989-be580551cd24 => generated 0 bytes in 480 msecs (HTTP/1.1 204) 3 headers in 131 bytes (1 switches on core 0) [pid: 8|app: 0|req: 903/1606] 10.0.0.217 () {28 vars in 580 bytes} [Wed Feb 25 21:01:45 2026] GET /v2.0/routers => generated 974 bytes in 113 msecs (HTTP/1.1 200) 4 headers in 157 bytes (1 switches on core 0) [pid: 8|app: 0|req: 904/1607] 10.0.0.217 () {28 vars in 621 bytes} [Wed Feb 25 21:01:45 2026] GET /v2.0/agents?binary=ovn-controller => generated 416 bytes in 9 msecs (HTTP/1.1 200) 4 headers in 157 bytes (1 switches on core 0) [pid: 8|app: 0|req: 905/1608] 10.0.0.217 () {28 vars in 578 bytes} [Wed Feb 25 21:01:45 2026] GET /v2.0/agents => generated 1214 bytes in 10 msecs (HTTP/1.1 200) 4 headers in 158 bytes (1 switches on core 0)
2026-02-25 21:01:45.537 7 INFO neutron.db.ovn_revision_numbers_db [None req-77409276-f3f1-480a-9113-f1b484291f36 - - - - - -] Successfully bumped revision number for resource c7022435-d4d6-489e-aed1-7382df3ef50e (type: router_ports) to 2
2026-02-25 21:01:45.538 7 INFO neutron.plugins.ml2.drivers.ovn.mech_driver.mech_driver [None req-77409276-f3f1-480a-9113-f1b484291f36 - - - - - -] OVN reports status down for port: 07b10f35-a065-43a2-b636-e5bf17d54e6d [pid: 8|app: 0|req: 906/1609] 10.0.0.217 () {28 vars in 596 bytes} [Wed Feb 25 21:01:45 2026] GET /v2.0/security-groups => generated 26113 bytes in 48 msecs (HTTP/1.1 200) 4 headers in 159 bytes (1 switches on core 0)
2026-02-25 21:01:45.568 7 INFO neutron.plugins.ml2.drivers.ovn.mech_driver.mech_driver [None req-77409276-f3f1-480a-9113-f1b484291f36 - - - - - -] OVN reports status up for port: 07b10f35-a065-43a2-b636-e5bf17d54e6d
2026-02-25 21:01:45.583 7 INFO neutron.plugins.ml2.drivers.ovn.mech_driver.mech_driver [None req-77409276-f3f1-480a-9113-f1b484291f36 - - - - - -] OVN reports status down for port: b256d87c-97c7-463d-939b-407995254507
2026-02-25 21:01:45.605 7 INFO neutron.plugins.ml2.drivers.ovn.mech_driver.mech_driver [None req-77409276-f3f1-480a-9113-f1b484291f36 - - - - - -] OVN reports status down for port: e2e24d27-c8b4-455f-ad17-c7917c1174d8
2026-02-25 21:01:45.676 7 INFO neutron.plugins.ml2.drivers.ovn.mech_driver.mech_driver [None req-77409276-f3f1-480a-9113-f1b484291f36 - - - - - -] OVN reports status up for port: b256d87c-97c7-463d-939b-407995254507
2026-02-25 21:01:45.805 7 INFO neutron.services.segments.plugin [-] Segment ef8c6c0f-ece3-4429-8dbf-b9fc2afb8654 resource provider aggregate not found
2026-02-25 21:01:45.811 7 INFO neutron.services.segments.plugin [-] Segment ef8c6c0f-ece3-4429-8dbf-b9fc2afb8654 resource provider aggregate not found
2026-02-25 21:01:45.822 7 INFO neutron.services.segments.plugin [-] Segment ef8c6c0f-ece3-4429-8dbf-b9fc2afb8654 resource provider not found; error: Placement Client Error (4xx): {"errors": [{"status": 404, "title": "Not Found", "detail": "The resource could not be found.\n\n No resource provider with uuid ef8c6c0f-ece3-4429-8dbf-b9fc2afb8654 found for delete ", "request_id": "req-8259639a-3be7-41cf-82ae-62fb5d3b8a78"}]}
2026-02-25 21:01:45.828 7 INFO neutron.services.segments.plugin [-] Segment ef8c6c0f-ece3-4429-8dbf-b9fc2afb8654 resource provider not found; error: Placement Client Error (4xx): {"errors": [{"status": 404, "title": "Not Found", "detail": "The resource could not be found.\n\n No resource provider with uuid ef8c6c0f-ece3-4429-8dbf-b9fc2afb8654 found for delete ", "request_id": "req-63f7df63-b84e-4cae-a159-fa27f497bffb"}]} [pid: 7|app: 0|req: 704/1610] 10.0.0.34 () {32 vars in 722 bytes} [Wed Feb 25 21:01:45 2026] DELETE /v2.0/networks/b598cb96-16b3-411e-b5dd-3db62d33815b => generated 0 bytes in 777 msecs (HTTP/1.1 204) 3 headers in 131 bytes (1 switches on core 0) [pid: 7|app: 0|req: 705/1611] 10.0.0.217 () {28 vars in 580 bytes} [Wed Feb 25 21:01:45 2026] GET /v2.0/subnets => generated 1985 bytes in 30 msecs (HTTP/1.1 200) 4 headers in 158 bytes (1 switches on core 0)
2026-02-25 21:01:45.995 8 INFO neutron.db.ovn_revision_numbers_db [None req-111abe96-5c11-456d-bd2f-4f2d84a57477 4e190ef253eb426dbb7cbe1ca721455c ae59c67cab974013b4dcc4c7f7d15c61 - - default default] Successfully bumped revision number for resource 880890d2-369f-4867-a339-41a4c86eab05 (type: security_groups) to 1
2026-02-25 21:01:46.006 8 INFO neutron.db.ovn_revision_numbers_db [None req-111abe96-5c11-456d-bd2f-4f2d84a57477 4e190ef253eb426dbb7cbe1ca721455c ae59c67cab974013b4dcc4c7f7d15c61 - - default default] Successfully bumped revision number for resource 1a9ca55d-00e8-4c96-8d8f-b0c1580198ec (type: security_group_rules) to 0
2026-02-25 21:01:46.020 8 INFO neutron.db.ovn_revision_numbers_db [None req-111abe96-5c11-456d-bd2f-4f2d84a57477 4e190ef253eb426dbb7cbe1ca721455c ae59c67cab974013b4dcc4c7f7d15c61 - - default default] Successfully bumped revision number for resource 4a6905f3-a75c-45cb-b717-c3b0c494eacd (type: security_group_rules) to 0
2026-02-25 21:01:46.034 8 INFO neutron.db.ovn_revision_numbers_db [None req-111abe96-5c11-456d-bd2f-4f2d84a57477 4e190ef253eb426dbb7cbe1ca721455c ae59c67cab974013b4dcc4c7f7d15c61 - - default default] Successfully bumped revision number for resource bbc1e01f-6659-46c4-af86-2ad4201fc245 (type: security_group_rules) to 0
2026-02-25 21:01:46.046 8 INFO neutron.db.ovn_revision_numbers_db [None req-111abe96-5c11-456d-bd2f-4f2d84a57477 4e190ef253eb426dbb7cbe1ca721455c ae59c67cab974013b4dcc4c7f7d15c61 - - default default] Successfully bumped revision number for resource f2573022-7eb9-4d30-ba22-25eccdec9361 (type: security_group_rules) to 0
2026-02-25 21:01:46.117 8 INFO neutron.db.segments_db [None req-111abe96-5c11-456d-bd2f-4f2d84a57477 4e190ef253eb426dbb7cbe1ca721455c ae59c67cab974013b4dcc4c7f7d15c61 - - default default] Added segment a6365450-57d6-4d76-bdd7-884175c51de9 of type geneve for network dfd0b5e7-5376-4faa-9b99-c21c4c6712cb
2026-02-25 21:01:46.219 7 INFO neutron.db.ovn_revision_numbers_db [None req-5a105838-01d0-4c6c-85ff-01383d3621e2 33615129ce394898b054302210d14240 983051184d944e3cb2ada521046f268d - - default default] Successfully bumped revision number for resource 1a366509-f5d7-4935-a077-009f5dbe994b (type: security_groups) to 1
2026-02-25 21:01:46.235 7 INFO neutron.db.ovn_revision_numbers_db [None req-5a105838-01d0-4c6c-85ff-01383d3621e2 33615129ce394898b054302210d14240 983051184d944e3cb2ada521046f268d - - default default] Successfully bumped revision number for resource 38f3775a-dc42-4a98-a9c5-f4fa3eb26cf3 (type: security_group_rules) to 0
2026-02-25 21:01:46.253 7 INFO neutron.db.ovn_revision_numbers_db [None req-5a105838-01d0-4c6c-85ff-01383d3621e2 33615129ce394898b054302210d14240 983051184d944e3cb2ada521046f268d - - default default] Successfully bumped revision number for resource 6ba491e3-8cd1-491d-937f-5aeb6e4e9f4a (type: security_group_rules) to 0
2026-02-25 21:01:46.277 7 INFO neutron.db.ovn_revision_numbers_db [None req-5a105838-01d0-4c6c-85ff-01383d3621e2 33615129ce394898b054302210d14240 983051184d944e3cb2ada521046f268d - - default default] Successfully bumped revision number for resource c5d924c1-1fa0-45c5-8667-082b6b87f9be (type: security_group_rules) to 0
2026-02-25 21:01:46.291 7 INFO neutron.db.ovn_revision_numbers_db [None req-5a105838-01d0-4c6c-85ff-01383d3621e2 33615129ce394898b054302210d14240 983051184d944e3cb2ada521046f268d - - default default] Successfully bumped revision number for resource f26b986c-a715-486e-ad9d-8fa10035bca2 (type: security_group_rules) to 0
2026-02-25 21:01:46.299 8 INFO neutron.db.ovn_revision_numbers_db [None req-111abe96-5c11-456d-bd2f-4f2d84a57477 4e190ef253eb426dbb7cbe1ca721455c ae59c67cab974013b4dcc4c7f7d15c61 - - default default] Successfully bumped revision number for resource dfd0b5e7-5376-4faa-9b99-c21c4c6712cb (type: networks) to 1
2026-02-25 21:01:46.359 7 INFO neutron.db.segments_db [None req-5a105838-01d0-4c6c-85ff-01383d3621e2 33615129ce394898b054302210d14240 983051184d944e3cb2ada521046f268d - - default default] Added segment 30649e00-bd02-4e06-b7f0-8f37d72a0c5e of type geneve for network b4256b4e-f961-4f70-8231-f25c909a4406
2026-02-25 21:01:46.486 8 WARNING neutron.scheduler.dhcp_agent_scheduler [None req-111abe96-5c11-456d-bd2f-4f2d84a57477 4e190ef253eb426dbb7cbe1ca721455c ae59c67cab974013b4dcc4c7f7d15c61 - - default default] No more DHCP agents
2026-02-25 21:01:46.486 7 INFO neutron.db.ovn_revision_numbers_db [None req-5a105838-01d0-4c6c-85ff-01383d3621e2 33615129ce394898b054302210d14240 983051184d944e3cb2ada521046f268d - - default default] Successfully bumped revision number for resource b4256b4e-f961-4f70-8231-f25c909a4406 (type: networks) to 1
2026-02-25 21:01:46.487 8 WARNING neutron.api.rpc.agentnotifiers.dhcp_rpc_agent_api [None req-111abe96-5c11-456d-bd2f-4f2d84a57477 4e190ef253eb426dbb7cbe1ca721455c ae59c67cab974013b4dcc4c7f7d15c61 - - default default] Unable to schedule network dfd0b5e7-5376-4faa-9b99-c21c4c6712cb: no agents available; will retry on subsequent port and subnet creation events.
2026-02-25 21:01:46.587 7 INFO neutron.plugins.ml2.drivers.ovn.mech_driver.mech_driver [None req-77409276-f3f1-480a-9113-f1b484291f36 - - - - - -] OVN reports status down for port: 31f0e355-f919-425d-97c6-740c296eeb16
2026-02-25 21:01:46.598 8 INFO neutron.db.ovn_revision_numbers_db [None req-111abe96-5c11-456d-bd2f-4f2d84a57477 4e190ef253eb426dbb7cbe1ca721455c ae59c67cab974013b4dcc4c7f7d15c61 - - default default] Successfully bumped revision number for resource 31f0e355-f919-425d-97c6-740c296eeb16 (type: ports) to 1 [pid: 8|app: 0|req: 907/1612] 10.0.0.34 () {34 vars in 666 bytes} [Wed Feb 25 21:01:45 2026] POST /v2.0/networks => generated 651 bytes in 1059 msecs (HTTP/1.1 201) 4 headers in 162 bytes (1 switches on core 0)
2026-02-25 21:01:46.735 7 WARNING neutron.scheduler.dhcp_agent_scheduler [None req-5a105838-01d0-4c6c-85ff-01383d3621e2 33615129ce394898b054302210d14240 983051184d944e3cb2ada521046f268d - - default default] No more DHCP agents
2026-02-25 21:01:46.737 7 WARNING neutron.api.rpc.agentnotifiers.dhcp_rpc_agent_api [None req-5a105838-01d0-4c6c-85ff-01383d3621e2 33615129ce394898b054302210d14240 983051184d944e3cb2ada521046f268d - - default default] Unable to schedule network b4256b4e-f961-4f70-8231-f25c909a4406: no agents available; will retry on subsequent port and subnet creation events.
2026-02-25 21:01:46.800 7 INFO neutron.plugins.ml2.drivers.ovn.mech_driver.mech_driver [None req-77409276-f3f1-480a-9113-f1b484291f36 - - - - - -] OVN reports status down for port: 04bac156-12e3-4a0b-8e3c-82d79110a9b7
2026-02-25 21:01:46.868 7 INFO neutron.db.ovn_revision_numbers_db [None req-5a105838-01d0-4c6c-85ff-01383d3621e2 33615129ce394898b054302210d14240 983051184d944e3cb2ada521046f268d - - default default] Successfully bumped revision number for resource 04bac156-12e3-4a0b-8e3c-82d79110a9b7 (type: ports) to 1 [pid: 7|app: 0|req: 706/1613] 10.0.0.34 () {34 vars in 667 bytes} [Wed Feb 25 21:01:45 2026] POST /v2.0/networks => generated 762 bytes in 1003 msecs (HTTP/1.1 201) 4 headers in 162 bytes (1 switches on core 0)
2026-02-25 21:01:46.934 8 INFO neutron_taas.services.taas.taas_plugin [None req-ffdef8d3-03ba-48d2-9e64-a62c91a34ed5 33615129ce394898b054302210d14240 983051184d944e3cb2ada521046f268d - - default default] TaaS: Handle Delete Port: c7022435-d4d6-489e-aed1-7382df3ef50e
2026-02-25 21:01:46.937 8 INFO neutron_taas.services.taas.tap_mirror_plugin [None req-ffdef8d3-03ba-48d2-9e64-a62c91a34ed5 33615129ce394898b054302210d14240 983051184d944e3cb2ada521046f268d - - default default] Tap Mirror: Handle Delete Port: c7022435-d4d6-489e-aed1-7382df3ef50e [pid: 7|app: 0|req: 707/1614] 10.0.0.217 () {28 vars in 576 bytes} [Wed Feb 25 21:01:46 2026] GET /v2.0/ports => generated 10152 bytes in 84 msecs (HTTP/1.1 200) 4 headers in 159 bytes (1 switches on core 0) [pid: 7|app: 0|req: 708/1615] 10.0.0.34 () {32 vars in 770 bytes} [Wed Feb 25 21:01:46 2026] GET /v2.0/security-groups?tenant_id=76a9cd49ef0e4761ae6f7683d10b4e88&name=default => generated 2925 bytes in 60 msecs (HTTP/1.1 200) 4 headers in 158 bytes (1 switches on core 0)
2026-02-25 21:01:47.298 7 WARNING neutron.scheduler.dhcp_agent_scheduler [None req-8f8115da-65f9-4a27-b684-cac462b1ca0e 4e190ef253eb426dbb7cbe1ca721455c ae59c67cab974013b4dcc4c7f7d15c61 - - default default] No more DHCP agents
2026-02-25 21:01:47.299 7 WARNING neutron.api.rpc.agentnotifiers.dhcp_rpc_agent_api [None req-8f8115da-65f9-4a27-b684-cac462b1ca0e 4e190ef253eb426dbb7cbe1ca721455c ae59c67cab974013b4dcc4c7f7d15c61 - - default default] Unable to schedule network dfd0b5e7-5376-4faa-9b99-c21c4c6712cb: no agents available; will retry on subsequent port and subnet creation events.
2026-02-25 21:01:47.373 7 INFO neutron.plugins.ml2.drivers.ovn.mech_driver.mech_driver [None req-77409276-f3f1-480a-9113-f1b484291f36 - - - - - -] OVN reports status down for port: 8e647bc0-9a64-4223-a6f8-9ecf1719405d
2026-02-25 21:01:47.480 7 INFO neutron.db.ovn_revision_numbers_db [None req-8f8115da-65f9-4a27-b684-cac462b1ca0e 4e190ef253eb426dbb7cbe1ca721455c ae59c67cab974013b4dcc4c7f7d15c61 - - default default] Successfully bumped revision number for resource 8e647bc0-9a64-4223-a6f8-9ecf1719405d (type: ports) to 1 [pid: 7|app: 0|req: 709/1616] 10.0.0.34 () {34 vars in 660 bytes} [Wed Feb 25 21:01:47 2026] POST /v2.0/ports => generated 743 bytes in 504 msecs (HTTP/1.1 201) 4 headers in 162 bytes (1 switches on core 0) /var/lib/openstack/lib/python3.12/site-packages/pycadf/identifier.py:70: UserWarning: Invalid uuid: neutron. To ensure interoperability, identifiers should be a valid uuid. warnings.warn(('Invalid uuid: %s. To ensure interoperability, ' [pid: 8|app: 0|req: 908/1617] 10.0.0.34 () {34 vars in 785 bytes} [Wed Feb 25 21:01:46 2026] PUT /v2.0/routers/b33687b0-6ef7-471b-ad53-026a58457cc3/remove_router_interface => generated 309 bytes in 1049 msecs (HTTP/1.1 200) 4 headers in 157 bytes (1 switches on core 0) /var/lib/openstack/lib/python3.12/site-packages/pycadf/identifier.py:70: UserWarning: Invalid uuid: neutron. To ensure interoperability, identifiers should be a valid uuid. warnings.warn(('Invalid uuid: %s. To ensure interoperability, ' [pid: 8|app: 0|req: 909/1618] 10.0.0.217 () {28 vars in 616 bytes} [Wed Feb 25 21:01:47 2026] GET /v2.0/network-ip-availabilities => generated 2122 bytes in 15 msecs (HTTP/1.1 200) 4 headers in 158 bytes (1 switches on core 0)
2026-02-25 21:01:47.728 7 WARNING neutron.scheduler.dhcp_agent_scheduler [None req-714ae385-4f0b-4d39-a725-4a5db9ceee28 33615129ce394898b054302210d14240 983051184d944e3cb2ada521046f268d - - default default] No more DHCP agents
2026-02-25 21:01:47.729 7 WARNING neutron.api.rpc.agentnotifiers.dhcp_rpc_agent_api [None req-714ae385-4f0b-4d39-a725-4a5db9ceee28 33615129ce394898b054302210d14240 983051184d944e3cb2ada521046f268d - - default default] Unable to schedule network b4256b4e-f961-4f70-8231-f25c909a4406: no agents available; will retry on subsequent port and subnet creation events. [pid: 8|app: 0|req: 910/1619] 10.0.0.34 () {32 vars in 736 bytes} [Wed Feb 25 21:01:47 2026] DELETE /v2.0/security-groups/b92ec9d6-7ebb-4bb4-ac52-9aa799891621 => generated 0 bytes in 294 msecs (HTTP/1.1 204) 2 headers in 112 bytes (1 switches on core 0)
2026-02-25 21:01:48.067 8 INFO neutron.db.segments_db [None req-194ef849-47ad-4d74-b52f-cdd8e3abe8f3 4e190ef253eb426dbb7cbe1ca721455c ae59c67cab974013b4dcc4c7f7d15c61 - - default default] Added segment 00f439d1-4002-4c60-93d3-010eaf66775c of type geneve for network e1b19105-034f-4286-b9a2-76601922a635
2026-02-25 21:01:48.193 8 INFO neutron.db.ovn_revision_numbers_db [None req-194ef849-47ad-4d74-b52f-cdd8e3abe8f3 4e190ef253eb426dbb7cbe1ca721455c ae59c67cab974013b4dcc4c7f7d15c61 - - default default] Successfully bumped revision number for resource e1b19105-034f-4286-b9a2-76601922a635 (type: networks) to 1
2026-02-25 21:01:48.304 7 INFO neutron.db.ovn_revision_numbers_db [None req-689c049f-b274-4af7-a766-871345d57193 - - - - - -] Successfully bumped revision number for resource 04bac156-12e3-4a0b-8e3c-82d79110a9b7 (type: ports) to 2
2026-02-25 21:01:48.334 7 INFO neutron.db.ovn_revision_numbers_db [None req-689c049f-b274-4af7-a766-871345d57193 - - - - - -] Successfully bumped revision number for resource 3a26e3a8-0a01-4d61-8e1f-127fe6ad7666 (type: subnets) to 0 [pid: 7|app: 0|req: 710/1620] 10.0.0.34 () {34 vars in 665 bytes} [Wed Feb 25 21:01:47 2026] POST /v2.0/subnets => generated 687 bytes in 797 msecs (HTTP/1.1 201) 4 headers in 162 bytes (1 switches on core 0)
2026-02-25 21:01:48.402 8 WARNING neutron.scheduler.dhcp_agent_scheduler [None req-194ef849-47ad-4d74-b52f-cdd8e3abe8f3 4e190ef253eb426dbb7cbe1ca721455c ae59c67cab974013b4dcc4c7f7d15c61 - - default default] No more DHCP agents
2026-02-25 21:01:48.403 8 WARNING neutron.api.rpc.agentnotifiers.dhcp_rpc_agent_api [None req-194ef849-47ad-4d74-b52f-cdd8e3abe8f3 4e190ef253eb426dbb7cbe1ca721455c ae59c67cab974013b4dcc4c7f7d15c61 - - default default] Unable to schedule network e1b19105-034f-4286-b9a2-76601922a635: no agents available; will retry on subsequent port and subnet creation events.
2026-02-25 21:01:48.512 8 INFO neutron.db.ovn_revision_numbers_db [None req-194ef849-47ad-4d74-b52f-cdd8e3abe8f3 4e190ef253eb426dbb7cbe1ca721455c ae59c67cab974013b4dcc4c7f7d15c61 - - default default] Successfully bumped revision number for resource fa75879e-a89b-4bc2-9640-7ae37d023f17 (type: ports) to 1
2026-02-25 21:01:48.512 7 INFO neutron.plugins.ml2.drivers.ovn.mech_driver.mech_driver [None req-77409276-f3f1-480a-9113-f1b484291f36 - - - - - -] OVN reports status down for port: fa75879e-a89b-4bc2-9640-7ae37d023f17 [pid: 8|app: 0|req: 911/1621] 10.0.0.34 () {34 vars in 666 bytes} [Wed Feb 25 21:01:47 2026] POST /v2.0/networks => generated 650 bytes in 556 msecs (HTTP/1.1 201) 4 headers in 162 bytes (1 switches on core 0) [pid: 8|app: 0|req: 912/1622] 10.0.0.217 () {28 vars in 582 bytes} [Wed Feb 25 21:01:48 2026] GET /v2.0/networks => generated 5366 bytes in 58 msecs (HTTP/1.1 200) 4 headers in 158 bytes (1 switches on core 0)
2026-02-25 21:01:48.799 8 INFO neutron.db.ovn_revision_numbers_db [None req-8b7cd82d-ecd8-4a59-a577-fc47983def6a 33615129ce394898b054302210d14240 983051184d944e3cb2ada521046f268d - - default default] Successfully bumped revision number for resource 958f4fed-b62e-4d61-87be-9924dded63ea (type: security_groups) to 1
2026-02-25 21:01:48.819 8 INFO neutron.db.ovn_revision_numbers_db [None req-8b7cd82d-ecd8-4a59-a577-fc47983def6a 33615129ce394898b054302210d14240 983051184d944e3cb2ada521046f268d - - default default] Successfully bumped revision number for resource 7b70977d-0da6-43bd-b21b-c4961b28ed95 (type: security_group_rules) to 0
2026-02-25 21:01:48.825 7 INFO neutron_taas.services.taas.taas_plugin [None req-bbd8a29f-6c12-40e0-9b86-09fa0cdff5c2 33615129ce394898b054302210d14240 983051184d944e3cb2ada521046f268d - - default default] TaaS: Handle Delete Port: cdd05aa3-8d21-49d1-a5d3-aced9d3cb49f
2026-02-25 21:01:48.829 7 INFO neutron_taas.services.taas.tap_mirror_plugin [None req-bbd8a29f-6c12-40e0-9b86-09fa0cdff5c2 33615129ce394898b054302210d14240 983051184d944e3cb2ada521046f268d - - default default] Tap Mirror: Handle Delete Port: cdd05aa3-8d21-49d1-a5d3-aced9d3cb49f
2026-02-25 21:01:48.831 8 INFO neutron.db.ovn_revision_numbers_db [None req-8b7cd82d-ecd8-4a59-a577-fc47983def6a 33615129ce394898b054302210d14240 983051184d944e3cb2ada521046f268d - - default default] Successfully bumped revision number for resource a7a9b421-8acf-4dd6-9dad-a661a8471572 (type: security_group_rules) to 0
2026-02-25 21:01:48.851 8 INFO neutron.db.ovn_revision_numbers_db [None req-8b7cd82d-ecd8-4a59-a577-fc47983def6a 33615129ce394898b054302210d14240 983051184d944e3cb2ada521046f268d - - default default] Successfully bumped revision number for resource c48d89f3-4e23-424f-b8dd-624c25b4a596 (type: security_group_rules) to 0
2026-02-25 21:01:48.867 8 INFO neutron.db.ovn_revision_numbers_db [None req-8b7cd82d-ecd8-4a59-a577-fc47983def6a 33615129ce394898b054302210d14240 983051184d944e3cb2ada521046f268d - - default default] Successfully bumped revision number for resource fe368094-b049-4d0f-b5a3-58b6ca763db8 (type: security_group_rules) to 0 [pid: 8|app: 0|req: 913/1623] 10.0.0.34 () {32 vars in 770 bytes} [Wed Feb 25 21:01:48 2026] GET /v2.0/security-groups?tenant_id=6a6f40123a6243f79327268c0fa24699&name=default => generated 2925 bytes in 312 msecs (HTTP/1.1 200) 4 headers in 158 bytes (1 switches on core 0) [pid: 7|app: 0|req: 711/1624] 10.0.0.34 () {32 vars in 720 bytes} [Wed Feb 25 21:01:48 2026] DELETE /v2.0/routers/b33687b0-6ef7-471b-ad53-026a58457cc3 => generated 0 bytes in 958 msecs (HTTP/1.1 204) 2 headers in 112 bytes (1 switches on core 0)
2026-02-25 21:01:49.442 8 WARNING neutron.scheduler.dhcp_agent_scheduler [None req-d680548a-59eb-4f16-86de-97a7fac31b74 33615129ce394898b054302210d14240 983051184d944e3cb2ada521046f268d - - default default] No more DHCP agents
2026-02-25 21:01:49.444 8 WARNING neutron.api.rpc.agentnotifiers.dhcp_rpc_agent_api [None req-d680548a-59eb-4f16-86de-97a7fac31b74 33615129ce394898b054302210d14240 983051184d944e3cb2ada521046f268d - - default default] Unable to schedule network acc1cd2c-42c0-455a-af25-3cd9cdc9f37a: no agents available; will retry on subsequent port and subnet creation events.
2026-02-25 21:01:49.511 7 WARNING neutron.scheduler.dhcp_agent_scheduler [None req-fe257ce7-fbe4-41e2-bcd8-5f46d3baabbd 4e190ef253eb426dbb7cbe1ca721455c ae59c67cab974013b4dcc4c7f7d15c61 - - default default] No more DHCP agents
2026-02-25 21:01:49.512 7 WARNING neutron.api.rpc.agentnotifiers.dhcp_rpc_agent_api [None req-fe257ce7-fbe4-41e2-bcd8-5f46d3baabbd 4e190ef253eb426dbb7cbe1ca721455c ae59c67cab974013b4dcc4c7f7d15c61 - - default default] Unable to schedule network e1b19105-034f-4286-b9a2-76601922a635: no agents available; will retry on subsequent port and subnet creation events.
2026-02-25 21:01:49.596 7 INFO neutron.plugins.ml2.drivers.ovn.mech_driver.mech_driver [None req-77409276-f3f1-480a-9113-f1b484291f36 - - - - - -] OVN reports status down for port: f8047775-fc2e-4c9d-8d19-d46affaa3c69
2026-02-25 21:01:49.725 7 INFO neutron.db.ovn_revision_numbers_db [None req-fe257ce7-fbe4-41e2-bcd8-5f46d3baabbd 4e190ef253eb426dbb7cbe1ca721455c ae59c67cab974013b4dcc4c7f7d15c61 - - default default] Successfully bumped revision number for resource bcdb4391-d5e7-48a5-b286-54f0cc6c0cf0 (type: ports) to 1
2026-02-25 21:01:49.732 8 INFO neutron.db.ovn_revision_numbers_db [None req-d680548a-59eb-4f16-86de-97a7fac31b74 33615129ce394898b054302210d14240 983051184d944e3cb2ada521046f268d - - default default] Successfully bumped revision number for resource f8047775-fc2e-4c9d-8d19-d46affaa3c69 (type: ports) to 1 [pid: 7|app: 0|req: 712/1625] 10.0.0.34 () {34 vars in 660 bytes} [Wed Feb 25 21:01:49 2026] POST /v2.0/ports => generated 743 bytes in 487 msecs (HTTP/1.1 201) 4 headers in 162 bytes (1 switches on core 0) /var/lib/openstack/lib/python3.12/site-packages/pycadf/identifier.py:70: UserWarning: Invalid uuid: neutron. To ensure interoperability, identifiers should be a valid uuid. warnings.warn(('Invalid uuid: %s. To ensure interoperability, '
2026-02-25 21:01:49.810 7 INFO neutron.plugins.ml2.drivers.ovn.mech_driver.mech_driver [None req-77409276-f3f1-480a-9113-f1b484291f36 - - - - - -] OVN reports status down for port: bcdb4391-d5e7-48a5-b286-54f0cc6c0cf0 [pid: 7|app: 0|req: 713/1626] 10.0.0.34 () {32 vars in 736 bytes} [Wed Feb 25 21:01:49 2026] DELETE /v2.0/security-groups/958f4fed-b62e-4d61-87be-9924dded63ea => generated 0 bytes in 312 msecs (HTTP/1.1 204) 2 headers in 112 bytes (1 switches on core 0) [pid: 7|app: 0|req: 714/1627] 10.0.0.34 () {32 vars in 720 bytes} [Wed Feb 25 21:01:50 2026] DELETE /v2.0/subnets/0ff58e82-0122-415c-bbd7-87b7403ac738 => generated 0 bytes in 149 msecs (HTTP/1.1 204) 3 headers in 131 bytes (1 switches on core 0)
2026-02-25 21:01:50.340 7 INFO neutron.db.segments_db [None req-be5fa0dd-8111-482d-96f5-0bd31a660757 4e190ef253eb426dbb7cbe1ca721455c ae59c67cab974013b4dcc4c7f7d15c61 - - default default] Added segment e4469730-87a1-4932-bb56-eab7be31a6a7 of type geneve for network e143a994-2743-47a1-921e-6ea2c546d320
2026-02-25 21:01:50.404 8 INFO neutron.plugins.ml2.drivers.ovn.mech_driver.ovsdb.commands [-] Schedule LRP lrp-f8047775-fc2e-4c9d-8d19-d46affaa3c69 on gateway 97cb74a6-c06a-4959-bd64-8798431cc87f with priority 1
2026-02-25 21:01:50.577 7 INFO neutron.plugins.ml2.drivers.ovn.mech_driver.ovsdb.ovsdb_monitor [None req-96c30f54-280e-4474-b758-c9f4f3a27d3e - - - - - -] Router b8a5f73a-4b7a-4649-b58c-46ecd6712f54 is bound to host instance
2026-02-25 21:01:50.597 7 INFO neutron.plugins.ml2.drivers.ovn.mech_driver.mech_driver [None req-77409276-f3f1-480a-9113-f1b484291f36 - - - - - -] OVN reports status up for port: f8047775-fc2e-4c9d-8d19-d46affaa3c69
2026-02-25 21:01:50.606 8 INFO neutron.db.ovn_revision_numbers_db [None req-d680548a-59eb-4f16-86de-97a7fac31b74 33615129ce394898b054302210d14240 983051184d944e3cb2ada521046f268d - - default default] Successfully bumped revision number for resource f8047775-fc2e-4c9d-8d19-d46affaa3c69 (type: router_ports) to 1
2026-02-25 21:01:50.677 8 INFO neutron.db.ovn_revision_numbers_db [None req-d680548a-59eb-4f16-86de-97a7fac31b74 33615129ce394898b054302210d14240 983051184d944e3cb2ada521046f268d - - default default] Successfully bumped revision number for resource b8a5f73a-4b7a-4649-b58c-46ecd6712f54 (type: routers) to 2
2026-02-25 21:01:50.681 7 INFO neutron.plugins.ml2.plugin [None req-77409276-f3f1-480a-9113-f1b484291f36 - - - - - -] Attempt 1 to provision port f8047775-fc2e-4c9d-8d19-d46affaa3c69 [pid: 8|app: 0|req: 914/1628] 10.0.0.34 () {34 vars in 665 bytes} [Wed Feb 25 21:01:48 2026] POST /v2.0/routers => generated 965 bytes in 1787 msecs (HTTP/1.1 201) 4 headers in 162 bytes (1 switches on core 0)
2026-02-25 21:01:50.700 7 INFO neutron.db.ovn_revision_numbers_db [None req-be5fa0dd-8111-482d-96f5-0bd31a660757 4e190ef253eb426dbb7cbe1ca721455c ae59c67cab974013b4dcc4c7f7d15c61 - - default default] Successfully bumped revision number for resource e143a994-2743-47a1-921e-6ea2c546d320 (type: networks) to 1
2026-02-25 21:01:50.843 8 INFO neutron_taas.services.taas.taas_plugin [None req-a35bc75d-9be0-43d0-8ec2-79c3896674bd 33615129ce394898b054302210d14240 983051184d944e3cb2ada521046f268d - - default default] TaaS: Handle Delete Port: ea2ff9b5-cdf2-499c-ac38-9aebf5e73405
2026-02-25 21:01:50.846 8 INFO neutron_taas.services.taas.tap_mirror_plugin [None req-a35bc75d-9be0-43d0-8ec2-79c3896674bd 33615129ce394898b054302210d14240 983051184d944e3cb2ada521046f268d - - default default] Tap Mirror: Handle Delete Port: ea2ff9b5-cdf2-499c-ac38-9aebf5e73405
2026-02-25 21:01:51.041 8 INFO neutron.services.segments.plugin [-] Segment dcba4fb8-90d6-4207-b9c7-a9aceb906f0e resource provider aggregate not found
2026-02-25 21:01:51.048 8 INFO neutron.services.segments.plugin [-] Segment dcba4fb8-90d6-4207-b9c7-a9aceb906f0e resource provider aggregate not found
2026-02-25 21:01:51.071 8 INFO neutron.services.segments.plugin [-] Segment dcba4fb8-90d6-4207-b9c7-a9aceb906f0e resource provider not found; error: Placement Client Error (4xx): {"errors": [{"status": 404, "title": "Not Found", "detail": "The resource could not be found.\n\n No resource provider with uuid dcba4fb8-90d6-4207-b9c7-a9aceb906f0e found for delete ", "request_id": "req-144e1752-5822-4342-a2ac-c6b6438d55cb"}]}
2026-02-25 21:01:51.072 8 INFO neutron.services.segments.plugin [-] Segment dcba4fb8-90d6-4207-b9c7-a9aceb906f0e resource provider not found; error: Placement Client Error (4xx): {"errors": [{"status": 404, "title": "Not Found", "detail": "The resource could not be found.\n\n No resource provider with uuid dcba4fb8-90d6-4207-b9c7-a9aceb906f0e found for delete ", "request_id": "req-70f08c1d-bda0-4172-a0e3-9f7046119eb6"}]} [pid: 8|app: 0|req: 915/1629] 10.0.0.34 () {32 vars in 722 bytes} [Wed Feb 25 21:01:50 2026] DELETE /v2.0/networks/cbb2becf-ad1d-41aa-bc52-9aeacb857c1b => generated 0 bytes in 406 msecs (HTTP/1.1 204) 3 headers in 131 bytes (1 switches on core 0)
2026-02-25 21:01:51.225 7 WARNING neutron.scheduler.dhcp_agent_scheduler [None req-be5fa0dd-8111-482d-96f5-0bd31a660757 4e190ef253eb426dbb7cbe1ca721455c ae59c67cab974013b4dcc4c7f7d15c61 - - default default] No more DHCP agents
2026-02-25 21:01:51.228 7 WARNING neutron.api.rpc.agentnotifiers.dhcp_rpc_agent_api [None req-be5fa0dd-8111-482d-96f5-0bd31a660757 4e190ef253eb426dbb7cbe1ca721455c ae59c67cab974013b4dcc4c7f7d15c61 - - default default] Unable to schedule network e143a994-2743-47a1-921e-6ea2c546d320: no agents available; will retry on subsequent port and subnet creation events.
2026-02-25 21:01:51.474 7 INFO neutron.db.ovn_revision_numbers_db [None req-be5fa0dd-8111-482d-96f5-0bd31a660757 4e190ef253eb426dbb7cbe1ca721455c ae59c67cab974013b4dcc4c7f7d15c61 - - default default] Successfully bumped revision number for resource a493c767-6216-4e16-bacf-cb1784b2c3d6 (type: ports) to 1 [pid: 7|app: 0|req: 715/1630] 10.0.0.34 () {34 vars in 666 bytes} [Wed Feb 25 21:01:50 2026] POST /v2.0/networks => generated 650 bytes in 1255 msecs (HTTP/1.1 201) 4 headers in 162 bytes (1 switches on core 0)
2026-02-25 21:01:51.577 8 WARNING neutron.scheduler.dhcp_agent_scheduler [None req-5bb4b38f-d42e-4c16-b116-6e2330c8a97b 33615129ce394898b054302210d14240 983051184d944e3cb2ada521046f268d - - default default] No more DHCP agents
