2026-02-25 21:00:34.563 7 INFO neutron.db.l3_db [None req-ecdc05c4-fcdb-4f2d-8588-67d957df518c ecbbe4c28f8249398734b61e959c575f 3988a1b4524a45dfa10420f08116b197 - - default default] Floating IP 0f8fa43e-adfc-4a27-8f94-45497b7c41f1 disassociated. External IP: 10.96.250.206, port: 0914509b-25b4-4ce7-ad68-4c2484ed6ac8. [pid: 7|app: 0|req: 499/1195] 10.0.0.34 () {34 vars in 745 bytes} [Wed Feb 25 21:00:33 2026] PUT /v2.0/floatingips/0f8fa43e-adfc-4a27-8f94-45497b7c41f1 => generated 554 bytes in 797 msecs (HTTP/1.1 200) 4 headers in 157 bytes (1 switches on core 0) /var/lib/openstack/lib/python3.12/site-packages/pycadf/identifier.py:70: UserWarning: Invalid uuid: neutron. To ensure interoperability, identifiers should be a valid uuid. warnings.warn(('Invalid uuid: %s. To ensure interoperability, '
2026-02-25 21:00:34.748 8 WARNING neutron.scheduler.dhcp_agent_scheduler [None req-d639e4df-ca5a-42e0-8f4f-7e1c10d79222 de465046b8204a72a90bc015cb758650 087690eab44d4e9383cfb66399f29bd9 - - default default] No more DHCP agents
2026-02-25 21:00:34.749 8 WARNING neutron.api.rpc.agentnotifiers.dhcp_rpc_agent_api [None req-d639e4df-ca5a-42e0-8f4f-7e1c10d79222 de465046b8204a72a90bc015cb758650 087690eab44d4e9383cfb66399f29bd9 - - default default] Unable to schedule network cb6611a3-1ecf-4ea1-9fd8-b3fc95984632: no agents available; will retry on subsequent port and subnet creation events.
2026-02-25 21:00:34.907 8 INFO neutron.db.ovn_revision_numbers_db [None req-d639e4df-ca5a-42e0-8f4f-7e1c10d79222 de465046b8204a72a90bc015cb758650 087690eab44d4e9383cfb66399f29bd9 - - default default] Successfully bumped revision number for resource 2dd55098-5cf9-4a39-8d37-1a2c9c8bfbe1 (type: ports) to 1
2026-02-25 21:00:35.097 7 WARNING neutron.scheduler.dhcp_agent_scheduler [None req-3a3f8830-edb3-4974-9b05-f1615453b0d3 3f95d20241414b6c8bc34c5808b3e764 91cf91a48eb54bb78f48b86bc35b127d - - default default] No more DHCP agents
2026-02-25 21:00:35.103 7 WARNING neutron.api.rpc.agentnotifiers.dhcp_rpc_agent_api [None req-3a3f8830-edb3-4974-9b05-f1615453b0d3 3f95d20241414b6c8bc34c5808b3e764 91cf91a48eb54bb78f48b86bc35b127d - - default default] Unable to schedule network fc2e9be3-9686-4e73-a5f1-d074424f89f0: no agents available; will retry on subsequent port and subnet creation events.
2026-02-25 21:00:35.228 7 INFO neutron.db.ovn_revision_numbers_db [None req-69fe17b6-bb72-4781-8153-0a38b14008a1 - - - - - -] Successfully bumped revision number for resource 74c1768d-d29a-422d-8e5f-de683d7458f5 (type: ports) to 6
2026-02-25 21:00:35.364 7 WARNING neutron.plugins.ml2.drivers.ovn.mech_driver.ovsdb.ovn_client [None req-8c6570c1-e42d-4995-b473-5aef646efaef - - - - - -] Logical_Switch_Port %s host information not removed, the port state is up
2026-02-25 21:00:35.364 7 INFO neutron.plugins.ml2.drivers.ovn.mech_driver.mech_driver [None req-8c6570c1-e42d-4995-b473-5aef646efaef - - - - - -] OVN reports status up for port: 74c1768d-d29a-422d-8e5f-de683d7458f5
2026-02-25 21:00:35.377 7 INFO neutron.db.ovn_revision_numbers_db [None req-3a3f8830-edb3-4974-9b05-f1615453b0d3 3f95d20241414b6c8bc34c5808b3e764 91cf91a48eb54bb78f48b86bc35b127d - - default default] Successfully bumped revision number for resource 15c39352-714c-4031-b5e4-bd89635e714a (type: ports) to 1
2026-02-25 21:00:35.380 7 INFO neutron.plugins.ml2.plugin [None req-8c6570c1-e42d-4995-b473-5aef646efaef - - - - - -] Attempt 1 to provision port 74c1768d-d29a-422d-8e5f-de683d7458f5 [pid: 7|app: 0|req: 500/1196] 10.0.0.34 () {34 vars in 661 bytes} [Wed Feb 25 21:00:34 2026] POST /v2.0/ports => generated 778 bytes in 827 msecs (HTTP/1.1 201) 4 headers in 162 bytes (1 switches on core 0) /var/lib/openstack/lib/python3.12/site-packages/pycadf/identifier.py:70: UserWarning: Invalid uuid: neutron. To ensure interoperability, identifiers should be a valid uuid. warnings.warn(('Invalid uuid: %s. To ensure interoperability, ' [pid: 7|app: 0|req: 501/1197] 10.0.0.34 () {32 vars in 770 bytes} [Wed Feb 25 21:00:35 2026] GET /v2.0/security-groups?tenant_id=145efd916eda446ca4724c5786dd3108&name=default => generated 2925 bytes in 885 msecs (HTTP/1.1 200) 4 headers in 158 bytes (1 switches on core 0)
2026-02-25 21:00:36.365 8 WARNING neutron.scheduler.dhcp_agent_scheduler [None req-d639e4df-ca5a-42e0-8f4f-7e1c10d79222 de465046b8204a72a90bc015cb758650 087690eab44d4e9383cfb66399f29bd9 - - default default] No more DHCP agents
2026-02-25 21:00:36.366 8 WARNING neutron.api.rpc.agentnotifiers.dhcp_rpc_agent_api [None req-d639e4df-ca5a-42e0-8f4f-7e1c10d79222 de465046b8204a72a90bc015cb758650 087690eab44d4e9383cfb66399f29bd9 - - default default] Unable to schedule network cb6611a3-1ecf-4ea1-9fd8-b3fc95984632: no agents available; will retry on subsequent port and subnet creation events.
2026-02-25 21:00:36.587 7 INFO neutron_taas.services.taas.taas_plugin [None req-1db60709-1565-4712-80ec-382fa7a0c3dc ecbbe4c28f8249398734b61e959c575f 3988a1b4524a45dfa10420f08116b197 - - default default] TaaS: Handle Delete Port: c9b791fe-c974-4c2b-a2c5-cec343bd42c5
2026-02-25 21:00:36.593 7 INFO neutron_taas.services.taas.tap_mirror_plugin [None req-1db60709-1565-4712-80ec-382fa7a0c3dc ecbbe4c28f8249398734b61e959c575f 3988a1b4524a45dfa10420f08116b197 - - default default] Tap Mirror: Handle Delete Port: c9b791fe-c974-4c2b-a2c5-cec343bd42c5
2026-02-25 21:00:36.775 7 INFO neutron.db.ovn_revision_numbers_db [None req-8c6570c1-e42d-4995-b473-5aef646efaef - - - - - -] Successfully bumped revision number for resource 74c1768d-d29a-422d-8e5f-de683d7458f5 (type: ports) to 7
2026-02-25 21:00:36.781 8 INFO neutron.db.ovn_revision_numbers_db [None req-d639e4df-ca5a-42e0-8f4f-7e1c10d79222 de465046b8204a72a90bc015cb758650 087690eab44d4e9383cfb66399f29bd9 - - default default] Successfully bumped revision number for resource 2dd55098-5cf9-4a39-8d37-1a2c9c8bfbe1 (type: router_ports) to 1 [pid: 8|app: 0|req: 697/1198] 10.0.0.34 () {34 vars in 779 bytes} [Wed Feb 25 21:00:34 2026] PUT /v2.0/routers/a0c33e00-d725-4cab-aa97-abbdf442b33d/add_router_interface => generated 309 bytes in 2546 msecs (HTTP/1.1 200) 4 headers in 157 bytes (1 switches on core 0)
2026-02-25 21:00:36.912 8 INFO neutron.db.segments_db [None req-44ca2980-2647-47b6-aedb-e8f6fb43be3b 3f95d20241414b6c8bc34c5808b3e764 91cf91a48eb54bb78f48b86bc35b127d - - default default] Added segment 98a61ffb-b9ac-4fa0-b41c-5cf0d337f137 of type geneve for network 62f4c1b7-3b99-4568-b15e-e6870619d277
2026-02-25 21:00:37.084 8 INFO neutron.db.ovn_revision_numbers_db [None req-44ca2980-2647-47b6-aedb-e8f6fb43be3b 3f95d20241414b6c8bc34c5808b3e764 91cf91a48eb54bb78f48b86bc35b127d - - default default] Successfully bumped revision number for resource 62f4c1b7-3b99-4568-b15e-e6870619d277 (type: networks) to 1 [pid: 7|app: 0|req: 502/1199] 10.0.0.34 () {32 vars in 728 bytes} [Wed Feb 25 21:00:36 2026] DELETE /v2.0/floatingips/0f8fa43e-adfc-4a27-8f94-45497b7c41f1 => generated 0 bytes in 879 msecs (HTTP/1.1 204) 2 headers in 112 bytes (1 switches on core 0) /var/lib/openstack/lib/python3.12/site-packages/pycadf/identifier.py:70: UserWarning: Invalid uuid: neutron. To ensure interoperability, identifiers should be a valid uuid. warnings.warn(('Invalid uuid: %s. To ensure interoperability, '
2026-02-25 21:00:37.232 8 WARNING neutron.scheduler.dhcp_agent_scheduler [None req-44ca2980-2647-47b6-aedb-e8f6fb43be3b 3f95d20241414b6c8bc34c5808b3e764 91cf91a48eb54bb78f48b86bc35b127d - - default default] No more DHCP agents
2026-02-25 21:00:37.234 8 WARNING neutron.api.rpc.agentnotifiers.dhcp_rpc_agent_api [None req-44ca2980-2647-47b6-aedb-e8f6fb43be3b 3f95d20241414b6c8bc34c5808b3e764 91cf91a48eb54bb78f48b86bc35b127d - - default default] Unable to schedule network 62f4c1b7-3b99-4568-b15e-e6870619d277: no agents available; will retry on subsequent port and subnet creation events.
2026-02-25 21:00:37.234 7 INFO neutron.plugins.ml2.drivers.ovn.mech_driver.mech_driver [None req-fda417b1-eb64-47ca-beb9-ee3c9918dfe1 - - - - - -] OVN reports status down for port: a4f1c216-5bfd-4dc6-b0b8-b858294e34b2
2026-02-25 21:00:37.346 8 INFO neutron.db.ovn_revision_numbers_db [None req-44ca2980-2647-47b6-aedb-e8f6fb43be3b 3f95d20241414b6c8bc34c5808b3e764 91cf91a48eb54bb78f48b86bc35b127d - - default default] Successfully bumped revision number for resource 5b59d2ee-a5e4-4e7b-bc56-d7d8bd270a95 (type: ports) to 1 [pid: 8|app: 0|req: 698/1200] 10.0.0.34 () {34 vars in 666 bytes} [Wed Feb 25 21:00:36 2026] POST /v2.0/networks => generated 655 bytes in 580 msecs (HTTP/1.1 201) 4 headers in 162 bytes (1 switches on core 0)
2026-02-25 21:00:37.423 7 WARNING neutron.plugins.ml2.drivers.ovn.mech_driver.ovsdb.ovn_client [None req-fda417b1-eb64-47ca-beb9-ee3c9918dfe1 - - - - - -] Logical_Switch_Port %s host information not removed, the port state is up
2026-02-25 21:00:37.424 7 INFO neutron.plugins.ml2.drivers.ovn.mech_driver.mech_driver [None req-fda417b1-eb64-47ca-beb9-ee3c9918dfe1 - - - - - -] OVN reports status up for port: a4f1c216-5bfd-4dc6-b0b8-b858294e34b2
2026-02-25 21:00:37.445 7 INFO neutron.plugins.ml2.plugin [None req-fda417b1-eb64-47ca-beb9-ee3c9918dfe1 - - - - - -] Attempt 1 to provision port a4f1c216-5bfd-4dc6-b0b8-b858294e34b2 [pid: 7|app: 0|req: 503/1201] 10.0.0.34 () {32 vars in 736 bytes} [Wed Feb 25 21:00:37 2026] DELETE /v2.0/security-groups/596362a1-aada-458f-a472-85162c8ad204 => generated 0 bytes in 556 msecs (HTTP/1.1 204) 2 headers in 112 bytes (1 switches on core 0)
2026-02-25 21:00:37.808 7 INFO neutron.api.v2.resource [None req-8312a58b-686f-4173-a8d5-e6df5e73d6f2 ecbbe4c28f8249398734b61e959c575f 3988a1b4524a45dfa10420f08116b197 - - default default] delete failed (client error): The resource could not be found. [pid: 7|app: 0|req: 504/1202] 10.0.0.34 () {32 vars in 728 bytes} [Wed Feb 25 21:00:37 2026] DELETE /v2.0/floatingips/0f8fa43e-adfc-4a27-8f94-45497b7c41f1 => generated 144 bytes in 36 msecs (HTTP/1.1 404) 4 headers in 164 bytes (1 switches on core 0)
2026-02-25 21:00:37.909 8 WARNING neutron.scheduler.dhcp_agent_scheduler [None req-b4c3986f-a346-42e1-82be-ba859229dba2 de465046b8204a72a90bc015cb758650 087690eab44d4e9383cfb66399f29bd9 - - default default] No more DHCP agents
2026-02-25 21:00:37.911 8 WARNING neutron.api.rpc.agentnotifiers.dhcp_rpc_agent_api [None req-b4c3986f-a346-42e1-82be-ba859229dba2 de465046b8204a72a90bc015cb758650 087690eab44d4e9383cfb66399f29bd9 - - default default] Unable to schedule network 274080ec-5250-4ad3-9af7-bcd862933e7b: no agents available; will retry on subsequent port and subnet creation events.
2026-02-25 21:00:38.111 8 INFO neutron.db.ovn_revision_numbers_db [None req-b4c3986f-a346-42e1-82be-ba859229dba2 de465046b8204a72a90bc015cb758650 087690eab44d4e9383cfb66399f29bd9 - - default default] Successfully bumped revision number for resource ad7df87c-5902-470c-86f1-8f4591eac1f1 (type: ports) to 1
2026-02-25 21:00:38.235 7 INFO neutron.db.ovn_revision_numbers_db [None req-fda417b1-eb64-47ca-beb9-ee3c9918dfe1 - - - - - -] Successfully bumped revision number for resource a4f1c216-5bfd-4dc6-b0b8-b858294e34b2 (type: ports) to 2
2026-02-25 21:00:38.272 7 WARNING neutron.scheduler.dhcp_agent_scheduler [None req-1b0a4232-8193-4bf4-b6f3-cdf9660f9574 3f95d20241414b6c8bc34c5808b3e764 91cf91a48eb54bb78f48b86bc35b127d - - default default] No more DHCP agents
2026-02-25 21:00:38.275 7 WARNING neutron.api.rpc.agentnotifiers.dhcp_rpc_agent_api [None req-1b0a4232-8193-4bf4-b6f3-cdf9660f9574 3f95d20241414b6c8bc34c5808b3e764 91cf91a48eb54bb78f48b86bc35b127d - - default default] Unable to schedule network 62f4c1b7-3b99-4568-b15e-e6870619d277: no agents available; will retry on subsequent port and subnet creation events.
2026-02-25 21:00:38.373 7 INFO neutron.db.ovn_revision_numbers_db [None req-1b0a4232-8193-4bf4-b6f3-cdf9660f9574 3f95d20241414b6c8bc34c5808b3e764 91cf91a48eb54bb78f48b86bc35b127d - - default default] Successfully bumped revision number for resource 1cac717e-039c-4a68-8762-d1c7eb2b1501 (type: subnets) to 0 [pid: 7|app: 0|req: 505/1203] 10.0.0.34 () {34 vars in 665 bytes} [Wed Feb 25 21:00:37 2026] POST /v2.0/subnets => generated 646 bytes in 585 msecs (HTTP/1.1 201) 4 headers in 162 bytes (1 switches on core 0)
2026-02-25 21:00:38.571 7 INFO neutron_taas.services.taas.taas_plugin [None req-bc3c24ef-f860-4431-8f30-2d5a95d21869 ecbbe4c28f8249398734b61e959c575f 3988a1b4524a45dfa10420f08116b197 - - default default] TaaS: Handle Delete Port: 0914509b-25b4-4ce7-ad68-4c2484ed6ac8
2026-02-25 21:00:38.574 7 INFO neutron_taas.services.taas.tap_mirror_plugin [None req-bc3c24ef-f860-4431-8f30-2d5a95d21869 ecbbe4c28f8249398734b61e959c575f 3988a1b4524a45dfa10420f08116b197 - - default default] Tap Mirror: Handle Delete Port: 0914509b-25b4-4ce7-ad68-4c2484ed6ac8 [pid: 7|app: 0|req: 506/1204] 10.0.0.34 () {32 vars in 716 bytes} [Wed Feb 25 21:00:38 2026] DELETE /v2.0/ports/0914509b-25b4-4ce7-ad68-4c2484ed6ac8 => generated 0 bytes in 441 msecs (HTTP/1.1 204) 3 headers in 131 bytes (1 switches on core 0)
2026-02-25 21:00:39.056 8 WARNING neutron.scheduler.dhcp_agent_scheduler [None req-b4c3986f-a346-42e1-82be-ba859229dba2 de465046b8204a72a90bc015cb758650 087690eab44d4e9383cfb66399f29bd9 - - default default] No more DHCP agents
2026-02-25 21:00:39.058 8 WARNING neutron.api.rpc.agentnotifiers.dhcp_rpc_agent_api [None req-b4c3986f-a346-42e1-82be-ba859229dba2 de465046b8204a72a90bc015cb758650 087690eab44d4e9383cfb66399f29bd9 - - default default] Unable to schedule network 274080ec-5250-4ad3-9af7-bcd862933e7b: no agents available; will retry on subsequent port and subnet creation events.
2026-02-25 21:00:39.186 7 WARNING neutron.scheduler.dhcp_agent_scheduler [None req-4e0992f4-c057-4c46-a6ec-4bb7fec9ede1 3f95d20241414b6c8bc34c5808b3e764 91cf91a48eb54bb78f48b86bc35b127d - - default default] No more DHCP agents
2026-02-25 21:00:39.188 7 WARNING neutron.api.rpc.agentnotifiers.dhcp_rpc_agent_api [None req-4e0992f4-c057-4c46-a6ec-4bb7fec9ede1 3f95d20241414b6c8bc34c5808b3e764 91cf91a48eb54bb78f48b86bc35b127d - - default default] Unable to schedule network 62f4c1b7-3b99-4568-b15e-e6870619d277: no agents available; will retry on subsequent port and subnet creation events.
2026-02-25 21:00:39.387 7 INFO neutron.db.ovn_revision_numbers_db [None req-4e0992f4-c057-4c46-a6ec-4bb7fec9ede1 3f95d20241414b6c8bc34c5808b3e764 91cf91a48eb54bb78f48b86bc35b127d - - default default] Successfully bumped revision number for resource ec870430-11aa-498a-8319-7ff4cc2a3c98 (type: ports) to 1 [pid: 7|app: 0|req: 507/1205] 10.0.0.34 () {34 vars in 661 bytes} [Wed Feb 25 21:00:38 2026] POST /v2.0/ports => generated 966 bytes in 571 msecs (HTTP/1.1 201) 4 headers in 162 bytes (1 switches on core 0) /var/lib/openstack/lib/python3.12/site-packages/pycadf/identifier.py:70: UserWarning: Invalid uuid: neutron. To ensure interoperability, identifiers should be a valid uuid. warnings.warn(('Invalid uuid: %s. To ensure interoperability, '
2026-02-25 21:00:39.518 8 INFO neutron.db.ovn_revision_numbers_db [None req-b4c3986f-a346-42e1-82be-ba859229dba2 de465046b8204a72a90bc015cb758650 087690eab44d4e9383cfb66399f29bd9 - - default default] Successfully bumped revision number for resource ad7df87c-5902-470c-86f1-8f4591eac1f1 (type: router_ports) to 1 [pid: 8|app: 0|req: 699/1206] 10.0.0.34 () {34 vars in 779 bytes} [Wed Feb 25 21:00:37 2026] PUT /v2.0/routers/a0c33e00-d725-4cab-aa97-abbdf442b33d/add_router_interface => generated 309 bytes in 2156 msecs (HTTP/1.1 200) 4 headers in 157 bytes (1 switches on core 0)
2026-02-25 21:00:39.653 7 INFO neutron_taas.services.taas.taas_plugin [None req-eaacdaa3-4829-46fd-9bcb-a135075102b4 ecbbe4c28f8249398734b61e959c575f 3988a1b4524a45dfa10420f08116b197 - - default default] TaaS: Handle Delete Port: ec9773fc-caef-4b40-8e9d-878bb95ca684
2026-02-25 21:00:39.656 7 INFO neutron_taas.services.taas.tap_mirror_plugin [None req-eaacdaa3-4829-46fd-9bcb-a135075102b4 ecbbe4c28f8249398734b61e959c575f 3988a1b4524a45dfa10420f08116b197 - - default default] Tap Mirror: Handle Delete Port: ec9773fc-caef-4b40-8e9d-878bb95ca684
2026-02-25 21:00:39.690 8 INFO neutron_taas.services.taas.taas_plugin [None req-84a894b3-29e0-4c3d-b6a6-10c4949787e8 3f95d20241414b6c8bc34c5808b3e764 91cf91a48eb54bb78f48b86bc35b127d - - default default] TaaS: Handle Delete Port: ec870430-11aa-498a-8319-7ff4cc2a3c98
2026-02-25 21:00:39.693 8 INFO neutron_taas.services.taas.tap_mirror_plugin [None req-84a894b3-29e0-4c3d-b6a6-10c4949787e8 3f95d20241414b6c8bc34c5808b3e764 91cf91a48eb54bb78f48b86bc35b127d - - default default] Tap Mirror: Handle Delete Port: ec870430-11aa-498a-8319-7ff4cc2a3c98 [pid: 7|app: 0|req: 508/1207] 10.0.0.34 () {32 vars in 716 bytes} [Wed Feb 25 21:00:39 2026] DELETE /v2.0/ports/ec9773fc-caef-4b40-8e9d-878bb95ca684 => generated 0 bytes in 509 msecs (HTTP/1.1 204) 3 headers in 131 bytes (1 switches on core 0) [pid: 8|app: 0|req: 700/1208] 10.0.0.34 () {32 vars in 716 bytes} [Wed Feb 25 21:00:39 2026] DELETE /v2.0/ports/ec870430-11aa-498a-8319-7ff4cc2a3c98 => generated 0 bytes in 401 msecs (HTTP/1.1 204) 3 headers in 131 bytes (1 switches on core 0)
2026-02-25 21:00:40.130 8 INFO neutron.db.ovn_revision_numbers_db [None req-25fccb99-5347-45b9-b5b0-167f6bb33fff de465046b8204a72a90bc015cb758650 087690eab44d4e9383cfb66399f29bd9 - - default default] Successfully bumped revision number for resource fe541478-af9f-4dc8-a17d-abe98f2842be (type: security_groups) to 1
2026-02-25 21:00:40.160 8 INFO neutron.db.ovn_revision_numbers_db [None req-25fccb99-5347-45b9-b5b0-167f6bb33fff de465046b8204a72a90bc015cb758650 087690eab44d4e9383cfb66399f29bd9 - - default default] Successfully bumped revision number for resource e0d2175f-7759-4c8b-8d14-9ae036cefc05 (type: security_group_rules) to 0
2026-02-25 21:00:40.170 8 INFO neutron.db.ovn_revision_numbers_db [None req-25fccb99-5347-45b9-b5b0-167f6bb33fff de465046b8204a72a90bc015cb758650 087690eab44d4e9383cfb66399f29bd9 - - default default] Successfully bumped revision number for resource f140db46-da7c-4492-9af3-b7237b385a05 (type: security_group_rules) to 0 [pid: 8|app: 0|req: 701/1209] 10.0.0.34 () {34 vars in 680 bytes} [Wed Feb 25 21:00:39 2026] POST /v2.0/security-groups => generated 1628 bytes in 287 msecs (HTTP/1.1 201) 4 headers in 163 bytes (1 switches on core 0)
2026-02-25 21:00:40.262 7 INFO neutron.db.ovn_revision_numbers_db [None req-33985795-e763-4a4d-8666-827274e8cf53 7ae142d3914a42d6b4db1894dc6d5177 1f6a8aff065f4ee7ae13ee9c601f6290 - - default default] Successfully bumped revision number for resource 1eb9d4d8-b7ff-4885-9abe-f870236d7c96 (type: security_groups) to 1
2026-02-25 21:00:40.284 7 INFO neutron.db.ovn_revision_numbers_db [None req-33985795-e763-4a4d-8666-827274e8cf53 7ae142d3914a42d6b4db1894dc6d5177 1f6a8aff065f4ee7ae13ee9c601f6290 - - default default] Successfully bumped revision number for resource 0df04367-b4d9-4622-935e-58bf66a6ea53 (type: security_group_rules) to 0
2026-02-25 21:00:40.316 7 INFO neutron.db.ovn_revision_numbers_db [None req-33985795-e763-4a4d-8666-827274e8cf53 7ae142d3914a42d6b4db1894dc6d5177 1f6a8aff065f4ee7ae13ee9c601f6290 - - default default] Successfully bumped revision number for resource 0ec87ca4-62b5-46c0-9a34-e455f6c77711 (type: security_group_rules) to 0
2026-02-25 21:00:40.328 7 INFO neutron.db.ovn_revision_numbers_db [None req-33985795-e763-4a4d-8666-827274e8cf53 7ae142d3914a42d6b4db1894dc6d5177 1f6a8aff065f4ee7ae13ee9c601f6290 - - default default] Successfully bumped revision number for resource 3a0f83c2-f90c-4946-9ff9-7580e051403c (type: security_group_rules) to 0 [pid: 8|app: 0|req: 702/1210] 10.0.0.34 () {32 vars in 732 bytes} [Wed Feb 25 21:00:40 2026] GET /v2.0/ports?device_id=442c211a-a3d2-4ef9-9ca3-39d53094a127 => generated 946 bytes in 116 msecs (HTTP/1.1 200) 4 headers in 157 bytes (1 switches on core 0)
2026-02-25 21:00:40.341 7 INFO neutron.db.ovn_revision_numbers_db [None req-33985795-e763-4a4d-8666-827274e8cf53 7ae142d3914a42d6b4db1894dc6d5177 1f6a8aff065f4ee7ae13ee9c601f6290 - - default default] Successfully bumped revision number for resource 90f483a2-8ab9-4bd4-bbb4-5804f1e538b1 (type: security_group_rules) to 0
2026-02-25 21:00:40.343 8 INFO neutron.pecan_wsgi.hooks.translation [None req-70a604a3-2cc5-43cd-b2bc-6c607ce30386 3f95d20241414b6c8bc34c5808b3e764 91cf91a48eb54bb78f48b86bc35b127d - - default default] DELETE failed (client error): The resource could not be found. [pid: 8|app: 0|req: 703/1211] 10.0.0.34 () {32 vars in 716 bytes} [Wed Feb 25 21:00:40 2026] DELETE /v2.0/ports/ec870430-11aa-498a-8319-7ff4cc2a3c98 => generated 132 bytes in 14 msecs (HTTP/1.1 404) 4 headers in 164 bytes (1 switches on core 0)
2026-02-25 21:00:40.424 7 INFO neutron.db.segments_db [None req-33985795-e763-4a4d-8666-827274e8cf53 7ae142d3914a42d6b4db1894dc6d5177 1f6a8aff065f4ee7ae13ee9c601f6290 - - default default] Added segment d6a5c1ce-8ab5-4e52-91bb-f00bbed9f1e5 of type geneve for network 9e1e02e7-0e6e-4591-9d06-e5b7453f3103
2026-02-25 21:00:40.489 8 INFO neutron.db.ovn_revision_numbers_db [None req-c099345b-9fa6-4476-953a-8809f080c658 de465046b8204a72a90bc015cb758650 087690eab44d4e9383cfb66399f29bd9 - - default default] Successfully bumped revision number for resource f7080934-5e61-4050-b405-5fce5199036a (type: security_group_rules) to 0 [pid: 8|app: 0|req: 704/1212] 10.0.0.34 () {34 vars in 691 bytes} [Wed Feb 25 21:00:40 2026] POST /v2.0/security-group-rules => generated 597 bytes in 174 msecs (HTTP/1.1 201) 4 headers in 162 bytes (1 switches on core 0)
2026-02-25 21:00:40.574 7 INFO neutron.db.ovn_revision_numbers_db [None req-33985795-e763-4a4d-8666-827274e8cf53 7ae142d3914a42d6b4db1894dc6d5177 1f6a8aff065f4ee7ae13ee9c601f6290 - - default default] Successfully bumped revision number for resource 9e1e02e7-0e6e-4591-9d06-e5b7453f3103 (type: networks) to 1
2026-02-25 21:00:40.759 7 WARNING neutron.scheduler.dhcp_agent_scheduler [None req-33985795-e763-4a4d-8666-827274e8cf53 7ae142d3914a42d6b4db1894dc6d5177 1f6a8aff065f4ee7ae13ee9c601f6290 - - default default] No more DHCP agents
2026-02-25 21:00:40.760 7 WARNING neutron.api.rpc.agentnotifiers.dhcp_rpc_agent_api [None req-33985795-e763-4a4d-8666-827274e8cf53 7ae142d3914a42d6b4db1894dc6d5177 1f6a8aff065f4ee7ae13ee9c601f6290 - - default default] Unable to schedule network 9e1e02e7-0e6e-4591-9d06-e5b7453f3103: no agents available; will retry on subsequent port and subnet creation events.
2026-02-25 21:00:40.860 8 INFO neutron_taas.services.taas.taas_plugin [None req-269b9a8b-6b6d-4892-98c5-7c6d23ab9e24 ecbbe4c28f8249398734b61e959c575f 3988a1b4524a45dfa10420f08116b197 - - default default] TaaS: Handle Delete Port: fc6d690e-2f5d-4d17-8dd0-9ddd675eb89c
2026-02-25 21:00:40.863 8 INFO neutron_taas.services.taas.tap_mirror_plugin [None req-269b9a8b-6b6d-4892-98c5-7c6d23ab9e24 ecbbe4c28f8249398734b61e959c575f 3988a1b4524a45dfa10420f08116b197 - - default default] Tap Mirror: Handle Delete Port: fc6d690e-2f5d-4d17-8dd0-9ddd675eb89c
2026-02-25 21:00:40.870 7 INFO neutron.db.ovn_revision_numbers_db [None req-33985795-e763-4a4d-8666-827274e8cf53 7ae142d3914a42d6b4db1894dc6d5177 1f6a8aff065f4ee7ae13ee9c601f6290 - - default default] Successfully bumped revision number for resource dfa5d7ca-dfdc-47ea-bf1c-4cb5c91cc468 (type: ports) to 1 [pid: 7|app: 0|req: 509/1213] 10.0.0.34 () {34 vars in 666 bytes} [Wed Feb 25 21:00:39 2026] POST /v2.0/networks => generated 649 bytes in 986 msecs (HTTP/1.1 201) 4 headers in 162 bytes (1 switches on core 0)
2026-02-25 21:00:40.921 7 INFO neutron.pecan_wsgi.hooks.translation [None req-8fac0300-7331-4cc3-b556-9ac6cc4c4e4c 3f95d20241414b6c8bc34c5808b3e764 91cf91a48eb54bb78f48b86bc35b127d - - default default] GET failed (client error): The resource could not be found. [pid: 7|app: 0|req: 510/1214] 10.0.0.34 () {32 vars in 713 bytes} [Wed Feb 25 21:00:40 2026] GET /v2.0/ports/ec870430-11aa-498a-8319-7ff4cc2a3c98 => generated 132 bytes in 16 msecs (HTTP/1.1 404) 4 headers in 164 bytes (1 switches on core 0)
2026-02-25 21:00:41.101 7 INFO neutron.db.ovn_revision_numbers_db [None req-ad04a177-34a8-4295-8808-9b294e63758c de465046b8204a72a90bc015cb758650 087690eab44d4e9383cfb66399f29bd9 - - default default] Successfully bumped revision number for resource f2125d48-3467-4f8d-9331-9c7436816026 (type: security_group_rules) to 0 [pid: 7|app: 0|req: 511/1215] 10.0.0.34 () {34 vars in 691 bytes} [Wed Feb 25 21:00:40 2026] POST /v2.0/security-group-rules => generated 597 bytes in 207 msecs (HTTP/1.1 201) 4 headers in 162 bytes (1 switches on core 0)
2026-02-25 21:00:41.215 7 INFO neutron.db.segments_db [None req-7deeb8a9-329a-4ec1-abe3-8275a3210eae 7ae142d3914a42d6b4db1894dc6d5177 1f6a8aff065f4ee7ae13ee9c601f6290 - - default default] Added segment be66ccdf-f05a-4c4a-8606-c6bda8503ff3 of type geneve for network d2927b34-60e3-419d-b202-2ba71494b608
2026-02-25 21:00:41.348 7 INFO neutron.db.ovn_revision_numbers_db [None req-7deeb8a9-329a-4ec1-abe3-8275a3210eae 7ae142d3914a42d6b4db1894dc6d5177 1f6a8aff065f4ee7ae13ee9c601f6290 - - default default] Successfully bumped revision number for resource d2927b34-60e3-419d-b202-2ba71494b608 (type: networks) to 1 [pid: 8|app: 0|req: 705/1216] 10.0.0.34 () {34 vars in 785 bytes} [Wed Feb 25 21:00:40 2026] PUT /v2.0/routers/442c211a-a3d2-4ef9-9ca3-39d53094a127/remove_router_interface => generated 309 bytes in 867 msecs (HTTP/1.1 200) 4 headers in 157 bytes (1 switches on core 0) /var/lib/openstack/lib/python3.12/site-packages/pycadf/identifier.py:70: UserWarning: Invalid uuid: neutron. To ensure interoperability, identifiers should be a valid uuid. warnings.warn(('Invalid uuid: %s. To ensure interoperability, ' [pid: 8|app: 0|req: 706/1217] 10.0.0.34 () {32 vars in 720 bytes} [Wed Feb 25 21:00:41 2026] DELETE /v2.0/subnets/1cac717e-039c-4a68-8762-d1c7eb2b1501 => generated 0 bytes in 122 msecs (HTTP/1.1 204) 3 headers in 131 bytes (1 switches on core 0)
2026-02-25 21:00:41.517 7 WARNING neutron.scheduler.dhcp_agent_scheduler [None req-7deeb8a9-329a-4ec1-abe3-8275a3210eae 7ae142d3914a42d6b4db1894dc6d5177 1f6a8aff065f4ee7ae13ee9c601f6290 - - default default] No more DHCP agents
2026-02-25 21:00:41.518 7 WARNING neutron.api.rpc.agentnotifiers.dhcp_rpc_agent_api [None req-7deeb8a9-329a-4ec1-abe3-8275a3210eae 7ae142d3914a42d6b4db1894dc6d5177 1f6a8aff065f4ee7ae13ee9c601f6290 - - default default] Unable to schedule network d2927b34-60e3-419d-b202-2ba71494b608: no agents available; will retry on subsequent port and subnet creation events.
2026-02-25 21:00:41.626 7 INFO neutron.db.ovn_revision_numbers_db [None req-7deeb8a9-329a-4ec1-abe3-8275a3210eae 7ae142d3914a42d6b4db1894dc6d5177 1f6a8aff065f4ee7ae13ee9c601f6290 - - default default] Successfully bumped revision number for resource 349a7f50-f769-4a63-b559-8a4db781ab53 (type: ports) to 1 [pid: 7|app: 0|req: 512/1218] 10.0.0.34 () {34 vars in 666 bytes} [Wed Feb 25 21:00:41 2026] POST /v2.0/networks => generated 649 bytes in 518 msecs (HTTP/1.1 201) 4 headers in 162 bytes (1 switches on core 0)
2026-02-25 21:00:41.691 8 INFO neutron.db.ovn_revision_numbers_db [None req-8306cbbf-e311-4f7a-bc0b-44b6cc5ef89b de465046b8204a72a90bc015cb758650 087690eab44d4e9383cfb66399f29bd9 - - default default] Successfully bumped revision number for resource 99e33641-4393-4fff-955d-f4fb84f2e762 (type: security_group_rules) to 0 [pid: 8|app: 0|req: 707/1219] 10.0.0.34 () {34 vars in 691 bytes} [Wed Feb 25 21:00:41 2026] POST /v2.0/security-group-rules => generated 599 bytes in 212 msecs (HTTP/1.1 201) 4 headers in 162 bytes (1 switches on core 0)
2026-02-25 21:00:41.827 8 INFO neutron_taas.services.taas.taas_plugin [None req-fdcbbdf2-7bd0-4c47-b75f-84692625dc56 3f95d20241414b6c8bc34c5808b3e764 91cf91a48eb54bb78f48b86bc35b127d - - default default] TaaS: Handle Delete Port: 5b59d2ee-a5e4-4e7b-bc56-d7d8bd270a95
2026-02-25 21:00:41.829 8 INFO neutron_taas.services.taas.tap_mirror_plugin [None req-fdcbbdf2-7bd0-4c47-b75f-84692625dc56 3f95d20241414b6c8bc34c5808b3e764 91cf91a48eb54bb78f48b86bc35b127d - - default default] Tap Mirror: Handle Delete Port: 5b59d2ee-a5e4-4e7b-bc56-d7d8bd270a95
2026-02-25 21:00:42.000 7 INFO neutron_taas.services.taas.taas_plugin [None req-988b641c-741a-4edf-9c2d-42e47a2f6c07 ecbbe4c28f8249398734b61e959c575f 3988a1b4524a45dfa10420f08116b197 - - default default] TaaS: Handle Delete Port: 27cb5949-225d-48b8-9c08-948f88194d6b
2026-02-25 21:00:42.003 7 INFO neutron_taas.services.taas.tap_mirror_plugin [None req-988b641c-741a-4edf-9c2d-42e47a2f6c07 ecbbe4c28f8249398734b61e959c575f 3988a1b4524a45dfa10420f08116b197 - - default default] Tap Mirror: Handle Delete Port: 27cb5949-225d-48b8-9c08-948f88194d6b
2026-02-25 21:00:42.009 8 INFO neutron.services.segments.plugin [-] Segment 98a61ffb-b9ac-4fa0-b41c-5cf0d337f137 resource provider aggregate not found
2026-02-25 21:00:42.019 8 INFO neutron.services.segments.plugin [-] Segment 98a61ffb-b9ac-4fa0-b41c-5cf0d337f137 resource provider aggregate not found
2026-02-25 21:00:42.030 8 INFO neutron.services.segments.plugin [-] Segment 98a61ffb-b9ac-4fa0-b41c-5cf0d337f137 resource provider not found; error: Placement Client Error (4xx): {"errors": [{"status": 404, "title": "Not Found", "detail": "The resource could not be found.\n\n No resource provider with uuid 98a61ffb-b9ac-4fa0-b41c-5cf0d337f137 found for delete ", "request_id": "req-3bb768dc-21d3-47d6-9a32-751b7598d89c"}]}
2026-02-25 21:00:42.041 8 INFO neutron.services.segments.plugin [-] Segment 98a61ffb-b9ac-4fa0-b41c-5cf0d337f137 resource provider not found; error: Placement Client Error (4xx): {"errors": [{"status": 404, "title": "Not Found", "detail": "The resource could not be found.\n\n No resource provider with uuid 98a61ffb-b9ac-4fa0-b41c-5cf0d337f137 found for delete ", "request_id": "req-6acacfec-fb4c-4338-a3a0-e7c1a42a5099"}]} [pid: 8|app: 0|req: 708/1220] 10.0.0.34 () {32 vars in 722 bytes} [Wed Feb 25 21:00:41 2026] DELETE /v2.0/networks/62f4c1b7-3b99-4568-b15e-e6870619d277 => generated 0 bytes in 373 msecs (HTTP/1.1 204) 3 headers in 131 bytes (1 switches on core 0)
2026-02-25 21:00:42.269 8 WARNING neutron.scheduler.dhcp_agent_scheduler [None req-356ff3bd-327e-4f79-9ce6-a1df822a71d4 7ae142d3914a42d6b4db1894dc6d5177 1f6a8aff065f4ee7ae13ee9c601f6290 - - default default] No more DHCP agents
2026-02-25 21:00:42.271 8 WARNING neutron.api.rpc.agentnotifiers.dhcp_rpc_agent_api [None req-356ff3bd-327e-4f79-9ce6-a1df822a71d4 7ae142d3914a42d6b4db1894dc6d5177 1f6a8aff065f4ee7ae13ee9c601f6290 - - default default] Unable to schedule network 9e1e02e7-0e6e-4591-9d06-e5b7453f3103: no agents available; will retry on subsequent port and subnet creation events. [pid: 7|app: 0|req: 513/1221] 10.0.0.34 () {32 vars in 720 bytes} [Wed Feb 25 21:00:41 2026] DELETE /v2.0/routers/442c211a-a3d2-4ef9-9ca3-39d53094a127 => generated 0 bytes in 860 msecs (HTTP/1.1 204) 2 headers in 112 bytes (1 switches on core 0)
2026-02-25 21:00:42.662 7 INFO neutron.db.ovn_revision_numbers_db [None req-3402f45d-3420-488d-9d70-9e227fce471b de465046b8204a72a90bc015cb758650 087690eab44d4e9383cfb66399f29bd9 - - default default] Successfully bumped revision number for resource 79f20589-d28d-4fdf-a5ab-eb43a64b9284 (type: security_group_rules) to 0 [pid: 7|app: 0|req: 514/1222] 10.0.0.34 () {34 vars in 691 bytes} [Wed Feb 25 21:00:42 2026] POST /v2.0/security-group-rules => generated 601 bytes in 191 msecs (HTTP/1.1 201) 4 headers in 162 bytes (1 switches on core 0)
2026-02-25 21:00:42.794 8 INFO neutron.db.ovn_revision_numbers_db [None req-3e17587f-1da1-4c96-9a72-692d14ebaec7 - - - - - -] Successfully bumped revision number for resource dfa5d7ca-dfdc-47ea-bf1c-4cb5c91cc468 (type: ports) to 2
2026-02-25 21:00:42.806 7 INFO neutron.db.segments_db [None req-50d59cf8-e27a-408f-b3e2-3dc3db373642 3f95d20241414b6c8bc34c5808b3e764 91cf91a48eb54bb78f48b86bc35b127d - - default default] Added segment 34741e8c-7b3e-42ae-bd83-15cb18d12425 of type geneve for network 5db156b1-283e-4b06-a2af-9f4e008ab087
2026-02-25 21:00:42.818 8 INFO neutron.db.ovn_revision_numbers_db [None req-3e17587f-1da1-4c96-9a72-692d14ebaec7 - - - - - -] Successfully bumped revision number for resource dcd14acf-b959-4a3c-8deb-c9d47d465c86 (type: subnets) to 0 [pid: 8|app: 0|req: 709/1223] 10.0.0.34 () {34 vars in 665 bytes} [Wed Feb 25 21:00:42 2026] POST /v2.0/subnets => generated 626 bytes in 737 msecs (HTTP/1.1 201) 4 headers in 162 bytes (1 switches on core 0)
2026-02-25 21:00:42.943 7 INFO neutron.db.ovn_revision_numbers_db [None req-50d59cf8-e27a-408f-b3e2-3dc3db373642 3f95d20241414b6c8bc34c5808b3e764 91cf91a48eb54bb78f48b86bc35b127d - - default default] Successfully bumped revision number for resource 5db156b1-283e-4b06-a2af-9f4e008ab087 (type: networks) to 1 [pid: 8|app: 0|req: 712/1226] 10.0.0.34 () {32 vars in 720 bytes} [Wed Feb 25 21:00:42 2026] DELETE /v2.0/subnets/399aa461-1757-4e60-90a5-66f51aed4534 => generated 0 bytes in 149 msecs (HTTP/1.1 204) 3 headers in 131 bytes (1 switches on core 0)
2026-02-25 21:00:43.103 7 WARNING neutron.scheduler.dhcp_agent_scheduler [None req-50d59cf8-e27a-408f-b3e2-3dc3db373642 3f95d20241414b6c8bc34c5808b3e764 91cf91a48eb54bb78f48b86bc35b127d - - default default] No more DHCP agents
2026-02-25 21:00:43.106 7 WARNING neutron.api.rpc.agentnotifiers.dhcp_rpc_agent_api [None req-50d59cf8-e27a-408f-b3e2-3dc3db373642 3f95d20241414b6c8bc34c5808b3e764 91cf91a48eb54bb78f48b86bc35b127d - - default default] Unable to schedule network 5db156b1-283e-4b06-a2af-9f4e008ab087: no agents available; will retry on subsequent port and subnet creation events.
2026-02-25 21:00:43.162 8 INFO neutron.db.ovn_revision_numbers_db [None req-9dfa5356-c4b7-4151-a002-72fbd70a4e71 de465046b8204a72a90bc015cb758650 087690eab44d4e9383cfb66399f29bd9 - - default default] Successfully bumped revision number for resource d764c9c3-e7aa-4a90-abe6-1df19363002f (type: security_group_rules) to 0 [pid: 8|app: 0|req: 713/1227] 10.0.0.34 () {34 vars in 691 bytes} [Wed Feb 25 21:00:42 2026] POST /v2.0/security-group-rules => generated 601 bytes in 259 msecs (HTTP/1.1 201) 4 headers in 162 bytes (1 switches on core 0)
2026-02-25 21:00:43.271 7 INFO neutron.db.ovn_revision_numbers_db [None req-50d59cf8-e27a-408f-b3e2-3dc3db373642 3f95d20241414b6c8bc34c5808b3e764 91cf91a48eb54bb78f48b86bc35b127d - - default default] Successfully bumped revision number for resource c15e44d7-efc0-4de5-9ef9-9543b174c3d6 (type: ports) to 1 [pid: 7|app: 0|req: 515/1228] 10.0.0.34 () {34 vars in 666 bytes} [Wed Feb 25 21:00:42 2026] POST /v2.0/networks => generated 654 bytes in 645 msecs (HTTP/1.1 201) 4 headers in 162 bytes (1 switches on core 0)
2026-02-25 21:00:43.493 8 WARNING neutron.scheduler.dhcp_agent_scheduler [None req-2aa2b27a-cc0e-41ff-bda3-db526aac86bf 7ae142d3914a42d6b4db1894dc6d5177 1f6a8aff065f4ee7ae13ee9c601f6290 - - default default] No more DHCP agents
2026-02-25 21:00:43.494 8 WARNING neutron.api.rpc.agentnotifiers.dhcp_rpc_agent_api [None req-2aa2b27a-cc0e-41ff-bda3-db526aac86bf 7ae142d3914a42d6b4db1894dc6d5177 1f6a8aff065f4ee7ae13ee9c601f6290 - - default default] Unable to schedule network d2927b34-60e3-419d-b202-2ba71494b608: no agents available; will retry on subsequent port and subnet creation events.
2026-02-25 21:00:43.504 7 INFO neutron_taas.services.taas.taas_plugin [None req-0cffb616-898b-4c67-ace9-4495d1f70690 ecbbe4c28f8249398734b61e959c575f 3988a1b4524a45dfa10420f08116b197 - - default default] TaaS: Handle Delete Port: b88bf3de-b704-4630-b3d7-dbcee6285f61
2026-02-25 21:00:43.506 7 INFO neutron_taas.services.taas.tap_mirror_plugin [None req-0cffb616-898b-4c67-ace9-4495d1f70690 ecbbe4c28f8249398734b61e959c575f 3988a1b4524a45dfa10420f08116b197 - - default default] Tap Mirror: Handle Delete Port: b88bf3de-b704-4630-b3d7-dbcee6285f61
2026-02-25 21:00:43.561 7 WARNING neutron.plugins.ml2.drivers.ovn.mech_driver.ovsdb.ovn_client [None req-03edb90f-8a89-4408-949f-da567f04ef14 - - - - - -] No hosting information found for port a4f1c216-5bfd-4dc6-b0b8-b858294e34b2: RuntimeError: No hosting information found for port a4f1c216-5bfd-4dc6-b0b8-b858294e34b2
2026-02-25 21:00:43.805 7 INFO neutron.db.ovn_revision_numbers_db [None req-03edb90f-8a89-4408-949f-da567f04ef14 - - - - - -] Successfully bumped revision number for resource a4f1c216-5bfd-4dc6-b0b8-b858294e34b2 (type: router_ports) to 2
2026-02-25 21:00:43.806 7 INFO neutron.plugins.ml2.drivers.ovn.mech_driver.mech_driver [None req-03edb90f-8a89-4408-949f-da567f04ef14 - - - - - -] OVN reports status down for port: bf6d217b-3d47-4add-a4e0-6171d9eea789
2026-02-25 21:00:43.867 7 INFO neutron.services.segments.plugin [-] Segment ebf18bf5-b1be-48a2-b545-15d23533a3f5 resource provider aggregate not found
2026-02-25 21:00:43.873 7 INFO neutron.services.segments.plugin [-] Segment ebf18bf5-b1be-48a2-b545-15d23533a3f5 resource provider aggregate not found
2026-02-25 21:00:43.888 7 INFO neutron.services.segments.plugin [-] Segment ebf18bf5-b1be-48a2-b545-15d23533a3f5 resource provider not found; error: Placement Client Error (4xx): {"errors": [{"status": 404, "title": "Not Found", "detail": "The resource could not be found.\n\n No resource provider with uuid ebf18bf5-b1be-48a2-b545-15d23533a3f5 found for delete ", "request_id": "req-5a207212-511f-4ae8-bca6-8ddfa256d1c8"}]}
2026-02-25 21:00:43.896 7 INFO neutron.services.segments.plugin [-] Segment ebf18bf5-b1be-48a2-b545-15d23533a3f5 resource provider not found; error: Placement Client Error (4xx): {"errors": [{"status": 404, "title": "Not Found", "detail": "The resource could not be found.\n\n No resource provider with uuid ebf18bf5-b1be-48a2-b545-15d23533a3f5 found for delete ", "request_id": "req-c53546e0-3e9e-4805-a8ad-db5a2865f8d4"}]} [pid: 7|app: 0|req: 516/1229] 10.0.0.34 () {32 vars in 722 bytes} [Wed Feb 25 21:00:43 2026] DELETE /v2.0/networks/15b07ef5-1f37-4753-b209-1f6a4781b87e => generated 0 bytes in 644 msecs (HTTP/1.1 204) 3 headers in 131 bytes (1 switches on core 0) /var/lib/openstack/lib/python3.12/site-packages/pycadf/identifier.py:70: UserWarning: Invalid uuid: neutron. To ensure interoperability, identifiers should be a valid uuid. warnings.warn(('Invalid uuid: %s. To ensure interoperability, '
2026-02-25 21:00:43.995 7 INFO neutron.plugins.ml2.drivers.ovn.mech_driver.mech_driver [None req-03edb90f-8a89-4408-949f-da567f04ef14 - - - - - -] OVN reports status down for port: 2dd55098-5cf9-4a39-8d37-1a2c9c8bfbe1
2026-02-25 21:00:44.201 8 INFO neutron.db.ovn_revision_numbers_db [None req-2e8146d1-3ff0-4c49-877a-f04c6250ac30 - - - - - -] Successfully bumped revision number for resource 349a7f50-f769-4a63-b559-8a4db781ab53 (type: ports) to 2
2026-02-25 21:00:44.229 7 WARNING neutron.plugins.ml2.drivers.ovn.mech_driver.ovsdb.ovn_client [None req-03edb90f-8a89-4408-949f-da567f04ef14 - - - - - -] Logical_Switch_Port %s host information not removed, the port state is up
2026-02-25 21:00:44.230 7 INFO neutron.plugins.ml2.drivers.ovn.mech_driver.mech_driver [None req-03edb90f-8a89-4408-949f-da567f04ef14 - - - - - -] OVN reports status down for port: 15c39352-714c-4031-b5e4-bd89635e714a
2026-02-25 21:00:44.250 8 INFO neutron.db.ovn_revision_numbers_db [None req-2e8146d1-3ff0-4c49-877a-f04c6250ac30 - - - - - -] Successfully bumped revision number for resource 071db853-806f-4bc3-ac25-3e4ac85fd2e0 (type: subnets) to 0 [pid: 8|app: 0|req: 714/1230] 10.0.0.34 () {34 vars in 665 bytes} [Wed Feb 25 21:00:43 2026] POST /v2.0/subnets => generated 626 bytes in 1028 msecs (HTTP/1.1 201) 4 headers in 162 bytes (1 switches on core 0)
2026-02-25 21:00:44.360 7 INFO neutron.db.ovn_revision_numbers_db [None req-4d4be631-271a-448e-977c-72bebc030132 de465046b8204a72a90bc015cb758650 087690eab44d4e9383cfb66399f29bd9 - - default default] Successfully bumped revision number for resource 388e9286-a595-45d2-8625-3bf039eb13b6 (type: security_group_rules) to 0
2026-02-25 21:00:44.371 7 INFO neutron.plugins.ml2.drivers.ovn.mech_driver.mech_driver [None req-03edb90f-8a89-4408-949f-da567f04ef14 - - - - - -] OVN reports status up for port: 2dd55098-5cf9-4a39-8d37-1a2c9c8bfbe1
2026-02-25 21:00:44.388 7 INFO neutron.plugins.ml2.plugin [None req-03edb90f-8a89-4408-949f-da567f04ef14 - - - - - -] Attempt 1 to provision port 2dd55098-5cf9-4a39-8d37-1a2c9c8bfbe1 [pid: 7|app: 0|req: 517/1231] 10.0.0.34 () {34 vars in 691 bytes} [Wed Feb 25 21:00:43 2026] POST /v2.0/security-group-rules => generated 597 bytes in 423 msecs (HTTP/1.1 201) 4 headers in 162 bytes (1 switches on core 0)
2026-02-25 21:00:44.503 8 WARNING neutron.scheduler.dhcp_agent_scheduler [None req-296503b9-18a5-4131-aba2-1be0ee545666 3f95d20241414b6c8bc34c5808b3e764 91cf91a48eb54bb78f48b86bc35b127d - - default default] No more DHCP agents
2026-02-25 21:00:44.504 8 WARNING neutron.api.rpc.agentnotifiers.dhcp_rpc_agent_api [None req-296503b9-18a5-4131-aba2-1be0ee545666 3f95d20241414b6c8bc34c5808b3e764 91cf91a48eb54bb78f48b86bc35b127d - - default default] Unable to schedule network 5db156b1-283e-4b06-a2af-9f4e008ab087: no agents available; will retry on subsequent port and subnet creation events.
2026-02-25 21:00:44.554 8 INFO neutron.db.ovn_revision_numbers_db [None req-296503b9-18a5-4131-aba2-1be0ee545666 3f95d20241414b6c8bc34c5808b3e764 91cf91a48eb54bb78f48b86bc35b127d - - default default] Successfully bumped revision number for resource 9cd18cf0-551f-448b-bada-3d0128e5697b (type: subnets) to 0 [pid: 8|app: 0|req: 715/1232] 10.0.0.34 () {34 vars in 665 bytes} [Wed Feb 25 21:00:44 2026] POST /v2.0/subnets => generated 646 bytes in 294 msecs (HTTP/1.1 201) 4 headers in 162 bytes (1 switches on core 0)
2026-02-25 21:00:44.691 8 INFO neutron.db.ovn_revision_numbers_db [None req-d27fa203-c769-4041-9559-f58915ded15f 7ae142d3914a42d6b4db1894dc6d5177 1f6a8aff065f4ee7ae13ee9c601f6290 - - default default] Successfully bumped revision number for resource e2b9c526-f632-4b72-ae28-efe7529ee821 (type: routers) to 1 [pid: 7|app: 0|req: 518/1233] 10.0.0.217 () {28 vars in 580 bytes} [Wed Feb 25 21:00:44 2026] GET /v2.0/subnets => generated 7432 bytes in 281 msecs (HTTP/1.1 200) 4 headers in 158 bytes (1 switches on core 0) [pid: 8|app: 0|req: 716/1234] 10.0.0.34 () {34 vars in 665 bytes} [Wed Feb 25 21:00:44 2026] POST /v2.0/routers => generated 602 bytes in 141 msecs (HTTP/1.1 201) 4 headers in 162 bytes (1 switches on core 0) [pid: 8|app: 0|req: 717/1235] 10.0.0.34 () {32 vars in 770 bytes} [Wed Feb 25 21:00:44 2026] GET /v2.0/security-groups?tenant_id=3988a1b4524a45dfa10420f08116b197&name=default => generated 2925 bytes in 74 msecs (HTTP/1.1 200) 4 headers in 158 bytes (1 switches on core 0)
2026-02-25 21:00:45.085 8 WARNING neutron.scheduler.dhcp_agent_scheduler [None req-9b0992a5-ec19-4090-8c21-8c5d6019c439 3f95d20241414b6c8bc34c5808b3e764 91cf91a48eb54bb78f48b86bc35b127d - - default default] No more DHCP agents
2026-02-25 21:00:45.087 8 WARNING neutron.api.rpc.agentnotifiers.dhcp_rpc_agent_api [None req-9b0992a5-ec19-4090-8c21-8c5d6019c439 3f95d20241414b6c8bc34c5808b3e764 91cf91a48eb54bb78f48b86bc35b127d - - default default] Unable to schedule network 5db156b1-283e-4b06-a2af-9f4e008ab087: no agents available; will retry on subsequent port and subnet creation events.
2026-02-25 21:00:45.104 7 INFO neutron.db.ovn_revision_numbers_db [None req-03edb90f-8a89-4408-949f-da567f04ef14 - - - - - -] Successfully bumped revision number for resource 2dd55098-5cf9-4a39-8d37-1a2c9c8bfbe1 (type: ports) to 2
2026-02-25 21:00:45.130 7 INFO neutron.db.ovn_revision_numbers_db [None req-e0311bd6-8192-4225-acb3-8441123501bb de465046b8204a72a90bc015cb758650 087690eab44d4e9383cfb66399f29bd9 - - default default] Successfully bumped revision number for resource 966cf3c1-b32e-4337-bd52-ef3a7b48ed25 (type: security_group_rules) to 0
2026-02-25 21:00:45.242 8 INFO neutron.db.ovn_revision_numbers_db [None req-9b0992a5-ec19-4090-8c21-8c5d6019c439 3f95d20241414b6c8bc34c5808b3e764 91cf91a48eb54bb78f48b86bc35b127d - - default default] Successfully bumped revision number for resource 58698957-533d-4eac-958f-c0d3a118e41e (type: ports) to 1 [pid: 7|app: 0|req: 519/1236] 10.0.0.34 () {34 vars in 691 bytes} [Wed Feb 25 21:00:44 2026] POST /v2.0/security-group-rules => generated 597 bytes in 548 msecs (HTTP/1.1 201) 4 headers in 162 bytes (1 switches on core 0) [pid: 8|app: 0|req: 718/1237] 10.0.0.34 () {34 vars in 661 bytes} [Wed Feb 25 21:00:44 2026] POST /v2.0/ports => generated 927 bytes in 477 msecs (HTTP/1.1 201) 4 headers in 162 bytes (1 switches on core 0) [pid: 7|app: 0|req: 520/1238] 10.0.0.217 () {28 vars in 580 bytes} [Wed Feb 25 21:00:45 2026] GET /v2.0/routers => generated 1575 bytes in 125 msecs (HTTP/1.1 200) 4 headers in 158 bytes (1 switches on core 0) [pid: 7|app: 0|req: 521/1239] 10.0.0.34 () {32 vars in 736 bytes} [Wed Feb 25 21:00:45 2026] DELETE /v2.0/security-groups/752823e4-b255-49ac-937b-34a168fded54 => generated 0 bytes in 281 msecs (HTTP/1.1 204) 2 headers in 112 bytes (1 switches on core 0)
2026-02-25 21:00:45.678 8 WARNING neutron.scheduler.dhcp_agent_scheduler [None req-451443fe-1b56-44cd-9a4d-7251a173a4c1 7ae142d3914a42d6b4db1894dc6d5177 1f6a8aff065f4ee7ae13ee9c601f6290 - - default default] No more DHCP agents
2026-02-25 21:00:45.679 8 WARNING neutron.api.rpc.agentnotifiers.dhcp_rpc_agent_api [None req-451443fe-1b56-44cd-9a4d-7251a173a4c1 7ae142d3914a42d6b4db1894dc6d5177 1f6a8aff065f4ee7ae13ee9c601f6290 - - default default] Unable to schedule network 9e1e02e7-0e6e-4591-9d06-e5b7453f3103: no agents available; will retry on subsequent port and subnet creation events.
2026-02-25 21:00:45.847 8 INFO neutron.db.ovn_revision_numbers_db [None req-451443fe-1b56-44cd-9a4d-7251a173a4c1 7ae142d3914a42d6b4db1894dc6d5177 1f6a8aff065f4ee7ae13ee9c601f6290 - - default default] Successfully bumped revision number for resource 04a6ba24-04bc-4dfc-a31b-317270a36ea5 (type: ports) to 1
2026-02-25 21:00:45.868 7 INFO neutron.db.ovn_revision_numbers_db [None req-48fc5eb1-66df-4321-b7a1-58da152358b5 de465046b8204a72a90bc015cb758650 087690eab44d4e9383cfb66399f29bd9 - - default default] Successfully bumped revision number for resource 3387b184-5f8e-4c00-b909-7ebb0e545753 (type: security_group_rules) to 0 [pid: 7|app: 0|req: 522/1240] 10.0.0.34 () {34 vars in 691 bytes} [Wed Feb 25 21:00:45 2026] POST /v2.0/security-group-rules => generated 597 bytes in 246 msecs (HTTP/1.1 201) 4 headers in 162 bytes (1 switches on core 0)
2026-02-25 21:00:46.083 7 INFO neutron_taas.services.taas.taas_plugin [None req-81327ee4-3f0f-4f3b-a99d-9a8dec4801f2 3f95d20241414b6c8bc34c5808b3e764 91cf91a48eb54bb78f48b86bc35b127d - - default default] TaaS: Handle Delete Port: 58698957-533d-4eac-958f-c0d3a118e41e
2026-02-25 21:00:46.086 7 INFO neutron_taas.services.taas.tap_mirror_plugin [None req-81327ee4-3f0f-4f3b-a99d-9a8dec4801f2 3f95d20241414b6c8bc34c5808b3e764 91cf91a48eb54bb78f48b86bc35b127d - - default default] Tap Mirror: Handle Delete Port: 58698957-533d-4eac-958f-c0d3a118e41e [pid: 7|app: 0|req: 523/1241] 10.0.0.34 () {32 vars in 716 bytes} [Wed Feb 25 21:00:45 2026] DELETE /v2.0/ports/58698957-533d-4eac-958f-c0d3a118e41e => generated 0 bytes in 373 msecs (HTTP/1.1 204) 3 headers in 131 bytes (1 switches on core 0) [pid: 7|app: 0|req: 524/1242] 10.0.0.217 () {28 vars in 621 bytes} [Wed Feb 25 21:00:46 2026] GET /v2.0/agents?binary=ovn-controller => generated 416 bytes in 11 msecs (HTTP/1.1 200) 4 headers in 157 bytes (1 switches on core 0)
2026-02-25 21:00:46.487 8 WARNING neutron.scheduler.dhcp_agent_scheduler [None req-451443fe-1b56-44cd-9a4d-7251a173a4c1 7ae142d3914a42d6b4db1894dc6d5177 1f6a8aff065f4ee7ae13ee9c601f6290 - - default default] No more DHCP agents
2026-02-25 21:00:46.489 8 WARNING neutron.api.rpc.agentnotifiers.dhcp_rpc_agent_api [None req-451443fe-1b56-44cd-9a4d-7251a173a4c1 7ae142d3914a42d6b4db1894dc6d5177 1f6a8aff065f4ee7ae13ee9c601f6290 - - default default] Unable to schedule network 9e1e02e7-0e6e-4591-9d06-e5b7453f3103: no agents available; will retry on subsequent port and subnet creation events.
2026-02-25 21:00:46.533 7 INFO neutron.db.ovn_revision_numbers_db [None req-59f18a98-1343-4697-8398-29aa4cc5f724 de465046b8204a72a90bc015cb758650 087690eab44d4e9383cfb66399f29bd9 - - default default] Successfully bumped revision number for resource 732fb963-c274-4f4c-bd65-886c5889317d (type: security_group_rules) to 0 [pid: 7|app: 0|req: 525/1243] 10.0.0.34 () {34 vars in 691 bytes} [Wed Feb 25 21:00:46 2026] POST /v2.0/security-group-rules => generated 599 bytes in 276 msecs (HTTP/1.1 201) 4 headers in 162 bytes (1 switches on core 0)
2026-02-25 21:00:46.576 7 INFO neutron.pecan_wsgi.hooks.translation [None req-c7ab345c-1862-401e-84fa-fd8575a4adfe 3f95d20241414b6c8bc34c5808b3e764 91cf91a48eb54bb78f48b86bc35b127d - - default default] GET failed (client error): The resource could not be found. [pid: 7|app: 0|req: 526/1244] 10.0.0.34 () {32 vars in 713 bytes} [Wed Feb 25 21:00:46 2026] GET /v2.0/ports/58698957-533d-4eac-958f-c0d3a118e41e => generated 132 bytes in 15 msecs (HTTP/1.1 404) 4 headers in 164 bytes (1 switches on core 0) [pid: 7|app: 0|req: 527/1245] 10.0.0.217 () {28 vars in 578 bytes} [Wed Feb 25 21:00:46 2026] GET /v2.0/agents => generated 1214 bytes in 8 msecs (HTTP/1.1 200) 4 headers in 158 bytes (1 switches on core 0)
2026-02-25 21:00:46.820 8 INFO neutron.db.ovn_revision_numbers_db [None req-451443fe-1b56-44cd-9a4d-7251a173a4c1 7ae142d3914a42d6b4db1894dc6d5177 1f6a8aff065f4ee7ae13ee9c601f6290 - - default default] Successfully bumped revision number for resource 04a6ba24-04bc-4dfc-a31b-317270a36ea5 (type: router_ports) to 1 [pid: 8|app: 0|req: 719/1246] 10.0.0.34 () {34 vars in 779 bytes} [Wed Feb 25 21:00:45 2026] PUT /v2.0/routers/e2b9c526-f632-4b72-ae28-efe7529ee821/add_router_interface => generated 309 bytes in 1563 msecs (HTTP/1.1 200) 4 headers in 157 bytes (1 switches on core 0)
