2026-02-25 20:56:47.315 7 INFO neutron.api.v2.resource [None req-f7020309-0148-418a-91a7-1aef4cb22c3d 33615129ce394898b054302210d14240 983051184d944e3cb2ada521046f268d - - default default] show failed (client error): The resource could not be found. [pid: 7|app: 0|req: 268/530] 162.253.55.195 () {44 vars in 1071 bytes} [Wed Feb 25 20:56:47 2026] GET /v2.0/security-groups/manila-service-security-group?project_id=8cbbb2414eee498885497ef10890e449 => generated 139 bytes in 41 msecs (HTTP/1.1 404) 4 headers in 164 bytes (1 switches on core 0) [pid: 8|app: 0|req: 263/531] 162.253.55.195 () {44 vars in 1094 bytes} [Wed Feb 25 20:56:47 2026] GET /v2.0/security-groups?name=manila-service-security-group&project_id=8cbbb2414eee498885497ef10890e449 => generated 4072 bytes in 34 msecs (HTTP/1.1 200) 4 headers in 158 bytes (1 switches on core 0) [pid: 7|app: 0|req: 269/532] 162.253.55.195 () {44 vars in 1085 bytes} [Wed Feb 25 20:56:48 2026] GET /v2.0/security-groups/d0f9f0e7-ae75-4cc1-8e1e-a69955a0e6a2?project_id=8cbbb2414eee498885497ef10890e449 => generated 4075 bytes in 62 msecs (HTTP/1.1 200) 4 headers in 158 bytes (1 switches on core 0) [pid: 8|app: 0|req: 264/533] 162.253.55.195 () {44 vars in 998 bytes} [Wed Feb 25 20:56:48 2026] GET /v2.0/security-groups/d0f9f0e7-ae75-4cc1-8e1e-a69955a0e6a2 => generated 4075 bytes in 37 msecs (HTTP/1.1 200) 4 headers in 158 bytes (1 switches on core 0) [pid: 7|app: 0|req: 270/534] 162.253.55.195 () {44 vars in 1008 bytes} [Wed Feb 25 20:56:48 2026] GET /v2.0/security-group-rules/fcc656e3-da96-49de-b336-37a691582792 => generated 597 bytes in 14 msecs (HTTP/1.1 200) 4 headers in 157 bytes (1 switches on core 0) [pid: 8|app: 0|req: 265/535] 162.253.55.195 () {44 vars in 1085 bytes} [Wed Feb 25 20:56:49 2026] GET /v2.0/security-groups/d0f9f0e7-ae75-4cc1-8e1e-a69955a0e6a2?project_id=8cbbb2414eee498885497ef10890e449 => generated 4075 bytes in 62 msecs (HTTP/1.1 200) 4 headers in 158 bytes (1 switches on core 0) [pid: 7|app: 0|req: 271/536] 162.253.55.195 () {44 vars in 998 bytes} [Wed Feb 25 20:56:49 2026] GET /v2.0/security-groups/d0f9f0e7-ae75-4cc1-8e1e-a69955a0e6a2 => generated 4075 bytes in 35 msecs (HTTP/1.1 200) 4 headers in 158 bytes (1 switches on core 0) [pid: 8|app: 0|req: 266/537] 162.253.55.195 () {44 vars in 1008 bytes} [Wed Feb 25 20:56:49 2026] GET /v2.0/security-group-rules/bd4408e2-011a-464a-8764-df0830fae158 => generated 599 bytes in 14 msecs (HTTP/1.1 200) 4 headers in 157 bytes (1 switches on core 0) [pid: 7|app: 0|req: 272/538] 162.253.55.195 () {44 vars in 1085 bytes} [Wed Feb 25 20:56:50 2026] GET /v2.0/security-groups/d0f9f0e7-ae75-4cc1-8e1e-a69955a0e6a2?project_id=8cbbb2414eee498885497ef10890e449 => generated 4075 bytes in 69 msecs (HTTP/1.1 200) 4 headers in 158 bytes (1 switches on core 0) [pid: 8|app: 0|req: 267/539] 162.253.55.195 () {44 vars in 998 bytes} [Wed Feb 25 20:56:50 2026] GET /v2.0/security-groups/d0f9f0e7-ae75-4cc1-8e1e-a69955a0e6a2 => generated 4075 bytes in 33 msecs (HTTP/1.1 200) 4 headers in 158 bytes (1 switches on core 0) [pid: 7|app: 0|req: 273/540] 162.253.55.195 () {44 vars in 1008 bytes} [Wed Feb 25 20:56:50 2026] GET /v2.0/security-group-rules/d17e1641-6070-4d28-9b69-0eb115868682 => generated 601 bytes in 18 msecs (HTTP/1.1 200) 4 headers in 157 bytes (1 switches on core 0) [pid: 8|app: 0|req: 268/541] 162.253.55.195 () {44 vars in 1085 bytes} [Wed Feb 25 20:56:51 2026] GET /v2.0/security-groups/d0f9f0e7-ae75-4cc1-8e1e-a69955a0e6a2?project_id=8cbbb2414eee498885497ef10890e449 => generated 4075 bytes in 61 msecs (HTTP/1.1 200) 4 headers in 158 bytes (1 switches on core 0) [pid: 7|app: 0|req: 274/542] 162.253.55.195 () {44 vars in 998 bytes} [Wed Feb 25 20:56:51 2026] GET /v2.0/security-groups/d0f9f0e7-ae75-4cc1-8e1e-a69955a0e6a2 => generated 4075 bytes in 34 msecs (HTTP/1.1 200) 4 headers in 158 bytes (1 switches on core 0) [pid: 8|app: 0|req: 269/543] 162.253.55.195 () {44 vars in 1008 bytes} [Wed Feb 25 20:56:51 2026] GET /v2.0/security-group-rules/e630654e-c43d-45df-8e73-adb69fd25df1 => generated 602 bytes in 17 msecs (HTTP/1.1 200) 4 headers in 157 bytes (1 switches on core 0) [pid: 7|app: 0|req: 276/546] 162.253.55.195 () {44 vars in 972 bytes} [Wed Feb 25 20:56:59 2026] GET /v2.0/quotas/8cbbb2414eee498885497ef10890e449 => generated 291 bytes in 14 msecs (HTTP/1.1 200) 4 headers in 157 bytes (1 switches on core 0) [pid: 7|app: 0|req: 280/553] 10.0.0.217 () {28 vars in 580 bytes} [Wed Feb 25 20:57:43 2026] GET /v2.0/subnets => generated 1308 bytes in 77 msecs (HTTP/1.1 200) 4 headers in 158 bytes (1 switches on core 0) [pid: 8|app: 0|req: 274/554] 10.0.0.217 () {28 vars in 578 bytes} [Wed Feb 25 20:57:43 2026] GET /v2.0/agents => generated 1214 bytes in 123 msecs (HTTP/1.1 200) 4 headers in 158 bytes (1 switches on core 0) [pid: 7|app: 0|req: 281/555] 10.0.0.217 () {28 vars in 596 bytes} [Wed Feb 25 20:57:43 2026] GET /v2.0/security-groups => generated 17401 bytes in 37 msecs (HTTP/1.1 200) 4 headers in 159 bytes (1 switches on core 0) [pid: 8|app: 0|req: 275/556] 10.0.0.217 () {28 vars in 576 bytes} [Wed Feb 25 20:57:43 2026] GET /v2.0/ports => generated 5175 bytes in 59 msecs (HTTP/1.1 200) 4 headers in 158 bytes (1 switches on core 0) [pid: 7|app: 0|req: 282/557] 10.0.0.217 () {28 vars in 616 bytes} [Wed Feb 25 20:57:44 2026] GET /v2.0/network-ip-availabilities => generated 1104 bytes in 17 msecs (HTTP/1.1 200) 4 headers in 158 bytes (1 switches on core 0) [pid: 8|app: 0|req: 276/558] 10.0.0.217 () {28 vars in 580 bytes} [Wed Feb 25 20:57:44 2026] GET /v2.0/subnets => generated 1308 bytes in 35 msecs (HTTP/1.1 200) 4 headers in 158 bytes (1 switches on core 0) [pid: 7|app: 0|req: 283/559] 10.0.0.217 () {28 vars in 588 bytes} [Wed Feb 25 20:57:44 2026] GET /v2.0/subnetpools => generated 19 bytes in 10 msecs (HTTP/1.1 200) 4 headers in 156 bytes (1 switches on core 0) [pid: 8|app: 0|req: 277/560] 10.0.0.217 () {28 vars in 588 bytes} [Wed Feb 25 20:57:44 2026] GET /v2.0/floatingips => generated 19 bytes in 21 msecs (HTTP/1.1 200) 4 headers in 156 bytes (1 switches on core 0) [pid: 7|app: 0|req: 284/561] 10.0.0.217 () {28 vars in 580 bytes} [Wed Feb 25 20:57:44 2026] GET /v2.0/routers => generated 15 bytes in 18 msecs (HTTP/1.1 200) 4 headers in 156 bytes (1 switches on core 0) [pid: 8|app: 0|req: 278/562] 10.0.0.217 () {28 vars in 621 bytes} [Wed Feb 25 20:57:44 2026] GET /v2.0/agents?binary=ovn-controller => generated 416 bytes in 16 msecs (HTTP/1.1 200) 4 headers in 157 bytes (1 switches on core 0) [pid: 7|app: 0|req: 285/563] 10.0.0.217 () {28 vars in 582 bytes} [Wed Feb 25 20:57:44 2026] GET /v2.0/networks => generated 2288 bytes in 54 msecs (HTTP/1.1 200) 4 headers in 158 bytes (1 switches on core 0) [pid: 8|app: 0|req: 279/564] 162.253.55.195 () {44 vars in 946 bytes} [Wed Feb 25 20:57:45 2026] GET /v2.0/networks?name=public => generated 791 bytes in 75 msecs (HTTP/1.1 200) 4 headers in 157 bytes (1 switches on core 0) [pid: 7|app: 0|req: 288/569] 10.0.0.34 () {32 vars in 645 bytes} [Wed Feb 25 20:58:25 2026] GET /v2.0/networks => generated 2288 bytes in 228 msecs (HTTP/1.1 200) 4 headers in 158 bytes (1 switches on core 0) [pid: 8|app: 0|req: 282/570] 10.0.0.34 () {32 vars in 651 bytes} [Wed Feb 25 20:58:26 2026] GET /v2.0/floatingips => generated 19 bytes in 23 msecs (HTTP/1.1 200) 4 headers in 156 bytes (1 switches on core 0) [pid: 7|app: 0|req: 289/571] 10.0.0.34 () {32 vars in 643 bytes} [Wed Feb 25 20:58:26 2026] GET /v2.0/routers => generated 15 bytes in 19 msecs (HTTP/1.1 200) 4 headers in 156 bytes (1 switches on core 0) [pid: 8|app: 0|req: 283/572] 10.0.0.34 () {32 vars in 639 bytes} [Wed Feb 25 20:58:26 2026] GET /v2.0/ports => generated 5175 bytes in 54 msecs (HTTP/1.1 200) 4 headers in 158 bytes (1 switches on core 0) [pid: 7|app: 0|req: 290/573] 10.0.0.34 () {32 vars in 643 bytes} [Wed Feb 25 20:58:26 2026] GET /v2.0/subnets => generated 1308 bytes in 27 msecs (HTTP/1.1 200) 4 headers in 158 bytes (1 switches on core 0) [pid: 8|app: 0|req: 284/574] 10.0.0.34 () {32 vars in 645 bytes} [Wed Feb 25 20:58:26 2026] GET /v2.0/networks => generated 2288 bytes in 57 msecs (HTTP/1.1 200) 4 headers in 158 bytes (1 switches on core 0) [pid: 7|app: 0|req: 291/575] 10.0.0.34 () {32 vars in 659 bytes} [Wed Feb 25 20:58:26 2026] GET /v2.0/security-groups => generated 17401 bytes in 31 msecs (HTTP/1.1 200) 4 headers in 159 bytes (1 switches on core 0) [pid: 8|app: 0|req: 285/576] 10.0.0.34 () {32 vars in 651 bytes} [Wed Feb 25 20:58:26 2026] GET /v2.0/subnetpools => generated 19 bytes in 12 msecs (HTTP/1.1 200) 4 headers in 156 bytes (1 switches on core 0)
2026-02-25 20:58:37.912 7 INFO neutron.db.ovn_revision_numbers_db [None req-f441e144-e8ce-4942-8bf2-0c358c577ec6 33615129ce394898b054302210d14240 983051184d944e3cb2ada521046f268d - - default default] Successfully bumped revision number for resource de3490db-58be-4ed0-a119-441ff550e39e (type: security_groups) to 1
2026-02-25 20:58:37.916 8 INFO neutron.db.ovn_revision_numbers_db [None req-30fc8b8b-6299-4d88-a9a6-6222df2470f4 33615129ce394898b054302210d14240 983051184d944e3cb2ada521046f268d - - default default] Successfully bumped revision number for resource 6bec4828-5d53-4b68-9f87-774e7986ab02 (type: security_groups) to 1
2026-02-25 20:58:37.938 7 INFO neutron.db.ovn_revision_numbers_db [None req-f441e144-e8ce-4942-8bf2-0c358c577ec6 33615129ce394898b054302210d14240 983051184d944e3cb2ada521046f268d - - default default] Successfully bumped revision number for resource 7d8502dc-12bf-46c4-819b-155a2d1b4b60 (type: security_group_rules) to 0
2026-02-25 20:58:37.945 8 INFO neutron.db.ovn_revision_numbers_db [None req-30fc8b8b-6299-4d88-a9a6-6222df2470f4 33615129ce394898b054302210d14240 983051184d944e3cb2ada521046f268d - - default default] Successfully bumped revision number for resource 29ed940f-08ef-4f69-a20f-b6414c9511d6 (type: security_group_rules) to 0
2026-02-25 20:58:37.966 7 INFO neutron.db.ovn_revision_numbers_db [None req-f441e144-e8ce-4942-8bf2-0c358c577ec6 33615129ce394898b054302210d14240 983051184d944e3cb2ada521046f268d - - default default] Successfully bumped revision number for resource accf6b45-4626-40c7-bf07-78ea52bed574 (type: security_group_rules) to 0
2026-02-25 20:58:37.968 8 INFO neutron.db.ovn_revision_numbers_db [None req-30fc8b8b-6299-4d88-a9a6-6222df2470f4 33615129ce394898b054302210d14240 983051184d944e3cb2ada521046f268d - - default default] Successfully bumped revision number for resource 4c5ba723-4eae-4aaa-a668-86ab9435fbc0 (type: security_group_rules) to 0
2026-02-25 20:58:37.980 7 INFO neutron.db.ovn_revision_numbers_db [None req-f441e144-e8ce-4942-8bf2-0c358c577ec6 33615129ce394898b054302210d14240 983051184d944e3cb2ada521046f268d - - default default] Successfully bumped revision number for resource c09f5b14-af38-4158-aa65-d1c4d551de49 (type: security_group_rules) to 0
2026-02-25 20:58:37.986 8 INFO neutron.db.ovn_revision_numbers_db [None req-30fc8b8b-6299-4d88-a9a6-6222df2470f4 33615129ce394898b054302210d14240 983051184d944e3cb2ada521046f268d - - default default] Successfully bumped revision number for resource 9aab9196-123d-43a2-8a21-c90abbe3bb0c (type: security_group_rules) to 0
2026-02-25 20:58:37.990 7 INFO neutron.db.ovn_revision_numbers_db [None req-f441e144-e8ce-4942-8bf2-0c358c577ec6 33615129ce394898b054302210d14240 983051184d944e3cb2ada521046f268d - - default default] Successfully bumped revision number for resource f77c1e95-fe92-46e9-b52a-758300c2fdbf (type: security_group_rules) to 0
2026-02-25 20:58:38.002 8 INFO neutron.db.ovn_revision_numbers_db [None req-30fc8b8b-6299-4d88-a9a6-6222df2470f4 33615129ce394898b054302210d14240 983051184d944e3cb2ada521046f268d - - default default] Successfully bumped revision number for resource daafd765-923a-4b27-984b-f1d379f29d9e (type: security_group_rules) to 0
2026-02-25 20:58:38.154 8 INFO neutron.db.segments_db [None req-30fc8b8b-6299-4d88-a9a6-6222df2470f4 33615129ce394898b054302210d14240 983051184d944e3cb2ada521046f268d - - default default] Added segment 29d4d39d-cbc0-4667-bf35-91a57719a7ab of type geneve for network 5325d295-8c2a-44ea-9f06-247303ec10d4
2026-02-25 20:58:38.156 7 INFO neutron.db.segments_db [None req-f441e144-e8ce-4942-8bf2-0c358c577ec6 33615129ce394898b054302210d14240 983051184d944e3cb2ada521046f268d - - default default] Added segment e07dbe5c-05df-4628-bbcb-8f809cf4ff1f of type geneve for network 51c45d5b-32c7-461a-93b7-b5fa10fccc72
2026-02-25 20:58:38.300 8 INFO neutron.db.ovn_revision_numbers_db [None req-30fc8b8b-6299-4d88-a9a6-6222df2470f4 33615129ce394898b054302210d14240 983051184d944e3cb2ada521046f268d - - default default] Successfully bumped revision number for resource 5325d295-8c2a-44ea-9f06-247303ec10d4 (type: networks) to 1
2026-02-25 20:58:38.310 7 INFO neutron.db.ovn_revision_numbers_db [None req-f441e144-e8ce-4942-8bf2-0c358c577ec6 33615129ce394898b054302210d14240 983051184d944e3cb2ada521046f268d - - default default] Successfully bumped revision number for resource 51c45d5b-32c7-461a-93b7-b5fa10fccc72 (type: networks) to 1
2026-02-25 20:58:38.440 8 WARNING neutron.scheduler.dhcp_agent_scheduler [None req-30fc8b8b-6299-4d88-a9a6-6222df2470f4 33615129ce394898b054302210d14240 983051184d944e3cb2ada521046f268d - - default default] No more DHCP agents
2026-02-25 20:58:38.442 8 WARNING neutron.api.rpc.agentnotifiers.dhcp_rpc_agent_api [None req-30fc8b8b-6299-4d88-a9a6-6222df2470f4 33615129ce394898b054302210d14240 983051184d944e3cb2ada521046f268d - - default default] Unable to schedule network 5325d295-8c2a-44ea-9f06-247303ec10d4: no agents available; will retry on subsequent port and subnet creation events.
2026-02-25 20:58:38.465 7 WARNING neutron.scheduler.dhcp_agent_scheduler [None req-f441e144-e8ce-4942-8bf2-0c358c577ec6 33615129ce394898b054302210d14240 983051184d944e3cb2ada521046f268d - - default default] No more DHCP agents
2026-02-25 20:58:38.466 7 WARNING neutron.api.rpc.agentnotifiers.dhcp_rpc_agent_api [None req-f441e144-e8ce-4942-8bf2-0c358c577ec6 33615129ce394898b054302210d14240 983051184d944e3cb2ada521046f268d - - default default] Unable to schedule network 51c45d5b-32c7-461a-93b7-b5fa10fccc72: no agents available; will retry on subsequent port and subnet creation events.
2026-02-25 20:58:38.530 7 INFO neutron.plugins.ml2.drivers.ovn.mech_driver.mech_driver [None req-3de60ae6-2299-4c71-9ca6-d8154900ff70 - - - - - -] OVN reports status down for port: 0a337587-085d-4304-9519-7d39ab99cb9b
2026-02-25 20:58:38.550 8 INFO neutron.db.ovn_revision_numbers_db [None req-30fc8b8b-6299-4d88-a9a6-6222df2470f4 33615129ce394898b054302210d14240 983051184d944e3cb2ada521046f268d - - default default] Successfully bumped revision number for resource 0a337587-085d-4304-9519-7d39ab99cb9b (type: ports) to 1 [pid: 8|app: 0|req: 287/579] 10.0.0.34 () {34 vars in 667 bytes} [Wed Feb 25 20:58:37 2026] POST /v2.0/networks => generated 766 bytes in 1117 msecs (HTTP/1.1 201) 4 headers in 162 bytes (1 switches on core 0)
2026-02-25 20:58:38.657 7 INFO neutron.plugins.ml2.drivers.ovn.mech_driver.mech_driver [None req-3de60ae6-2299-4c71-9ca6-d8154900ff70 - - - - - -] OVN reports status down for port: ef7c01d9-57a9-42ea-b9c4-fd0d4ffddae8
2026-02-25 20:58:38.700 7 INFO neutron.db.ovn_revision_numbers_db [None req-f441e144-e8ce-4942-8bf2-0c358c577ec6 33615129ce394898b054302210d14240 983051184d944e3cb2ada521046f268d - - default default] Successfully bumped revision number for resource ef7c01d9-57a9-42ea-b9c4-fd0d4ffddae8 (type: ports) to 1 [pid: 7|app: 0|req: 293/580] 10.0.0.34 () {34 vars in 667 bytes} [Wed Feb 25 20:58:37 2026] POST /v2.0/networks => generated 760 bytes in 1256 msecs (HTTP/1.1 201) 4 headers in 162 bytes (1 switches on core 0)
2026-02-25 20:58:38.914 8 INFO neutron.db.ovn_revision_numbers_db [None req-0de37ac9-e9ca-4032-bfb3-abfde30d7fe4 33615129ce394898b054302210d14240 983051184d944e3cb2ada521046f268d - - default default] Successfully bumped revision number for resource c9785722-13b2-4d53-b2d6-7070ad7f8c23 (type: security_groups) to 1
2026-02-25 20:58:38.928 8 INFO neutron.db.ovn_revision_numbers_db [None req-0de37ac9-e9ca-4032-bfb3-abfde30d7fe4 33615129ce394898b054302210d14240 983051184d944e3cb2ada521046f268d - - default default] Successfully bumped revision number for resource 1b3d2874-9d54-4a62-8d20-525c724b17df (type: security_group_rules) to 0
2026-02-25 20:58:38.944 8 INFO neutron.db.ovn_revision_numbers_db [None req-0de37ac9-e9ca-4032-bfb3-abfde30d7fe4 33615129ce394898b054302210d14240 983051184d944e3cb2ada521046f268d - - default default] Successfully bumped revision number for resource 503a98c8-9256-4d59-82d5-7d338c892765 (type: security_group_rules) to 0
2026-02-25 20:58:38.968 8 INFO neutron.db.ovn_revision_numbers_db [None req-0de37ac9-e9ca-4032-bfb3-abfde30d7fe4 33615129ce394898b054302210d14240 983051184d944e3cb2ada521046f268d - - default default] Successfully bumped revision number for resource 7885e69a-9050-4a16-b99c-1a34d12630bf (type: security_group_rules) to 0
2026-02-25 20:58:38.989 8 INFO neutron.db.ovn_revision_numbers_db [None req-0de37ac9-e9ca-4032-bfb3-abfde30d7fe4 33615129ce394898b054302210d14240 983051184d944e3cb2ada521046f268d - - default default] Successfully bumped revision number for resource d84c1db2-186d-458e-ba03-6b816d63fcc1 (type: security_group_rules) to 0
2026-02-25 20:58:39.016 7 INFO neutron.db.ovn_revision_numbers_db [None req-97e1bbcd-b6b0-4005-948f-f9087db246f7 33615129ce394898b054302210d14240 983051184d944e3cb2ada521046f268d - - default default] Successfully bumped revision number for resource 920feede-b6df-4653-bea9-16cdeca03067 (type: security_groups) to 1
2026-02-25 20:58:39.031 7 INFO neutron.db.ovn_revision_numbers_db [None req-97e1bbcd-b6b0-4005-948f-f9087db246f7 33615129ce394898b054302210d14240 983051184d944e3cb2ada521046f268d - - default default] Successfully bumped revision number for resource 4865d499-e5d2-43d7-81b7-06bb8d957f63 (type: security_group_rules) to 0
2026-02-25 20:58:39.040 7 INFO neutron.db.ovn_revision_numbers_db [None req-97e1bbcd-b6b0-4005-948f-f9087db246f7 33615129ce394898b054302210d14240 983051184d944e3cb2ada521046f268d - - default default] Successfully bumped revision number for resource 6b92140d-e1ad-4825-b229-f77f1bc70fe8 (type: security_group_rules) to 0
2026-02-25 20:58:39.050 7 INFO neutron.db.ovn_revision_numbers_db [None req-97e1bbcd-b6b0-4005-948f-f9087db246f7 33615129ce394898b054302210d14240 983051184d944e3cb2ada521046f268d - - default default] Successfully bumped revision number for resource beef38d5-37aa-4886-8018-6cee952f70d6 (type: security_group_rules) to 0
2026-02-25 20:58:39.062 7 INFO neutron.db.ovn_revision_numbers_db [None req-97e1bbcd-b6b0-4005-948f-f9087db246f7 33615129ce394898b054302210d14240 983051184d944e3cb2ada521046f268d - - default default] Successfully bumped revision number for resource ffe65cbd-d8dc-4eed-91a9-5edfbdd6d7f5 (type: security_group_rules) to 0
2026-02-25 20:58:39.077 8 INFO neutron.db.segments_db [None req-0de37ac9-e9ca-4032-bfb3-abfde30d7fe4 33615129ce394898b054302210d14240 983051184d944e3cb2ada521046f268d - - default default] Added segment b236c333-97a3-4abd-ab04-2e5bb666a0b5 of type geneve for network 2afa18a2-6751-4b43-9843-df9ad8736ceb [pid: 7|app: 0|req: 294/581] 10.0.0.34 () {32 vars in 770 bytes} [Wed Feb 25 20:58:38 2026] GET /v2.0/security-groups?tenant_id=c2a8fbe3612b4561ab02b92f9c54fca0&name=default => generated 2921 bytes in 358 msecs (HTTP/1.1 200) 4 headers in 158 bytes (1 switches on core 0)
2026-02-25 20:58:39.196 8 INFO neutron.db.ovn_revision_numbers_db [None req-0de37ac9-e9ca-4032-bfb3-abfde30d7fe4 33615129ce394898b054302210d14240 983051184d944e3cb2ada521046f268d - - default default] Successfully bumped revision number for resource 2afa18a2-6751-4b43-9843-df9ad8736ceb (type: networks) to 1
2026-02-25 20:58:39.267 7 WARNING neutron.scheduler.dhcp_agent_scheduler [None req-8bff1d2f-d11f-4a70-b448-c89589744ad4 33615129ce394898b054302210d14240 983051184d944e3cb2ada521046f268d - - default default] No more DHCP agents
2026-02-25 20:58:39.268 7 WARNING neutron.api.rpc.agentnotifiers.dhcp_rpc_agent_api [None req-8bff1d2f-d11f-4a70-b448-c89589744ad4 33615129ce394898b054302210d14240 983051184d944e3cb2ada521046f268d - - default default] Unable to schedule network 5325d295-8c2a-44ea-9f06-247303ec10d4: no agents available; will retry on subsequent port and subnet creation events.
2026-02-25 20:58:39.346 8 WARNING neutron.scheduler.dhcp_agent_scheduler [None req-0de37ac9-e9ca-4032-bfb3-abfde30d7fe4 33615129ce394898b054302210d14240 983051184d944e3cb2ada521046f268d - - default default] No more DHCP agents
2026-02-25 20:58:39.348 8 WARNING neutron.api.rpc.agentnotifiers.dhcp_rpc_agent_api [None req-0de37ac9-e9ca-4032-bfb3-abfde30d7fe4 33615129ce394898b054302210d14240 983051184d944e3cb2ada521046f268d - - default default] Unable to schedule network 2afa18a2-6751-4b43-9843-df9ad8736ceb: no agents available; will retry on subsequent port and subnet creation events.
2026-02-25 20:58:39.463 8 INFO neutron.db.ovn_revision_numbers_db [None req-0de37ac9-e9ca-4032-bfb3-abfde30d7fe4 33615129ce394898b054302210d14240 983051184d944e3cb2ada521046f268d - - default default] Successfully bumped revision number for resource 64be7cdf-7265-40d2-8873-d378c03646d7 (type: ports) to 1
2026-02-25 20:58:39.474 7 INFO neutron.plugins.ml2.drivers.ovn.mech_driver.mech_driver [None req-3de60ae6-2299-4c71-9ca6-d8154900ff70 - - - - - -] OVN reports status down for port: 64be7cdf-7265-40d2-8873-d378c03646d7 [pid: 8|app: 0|req: 288/582] 10.0.0.34 () {34 vars in 667 bytes} [Wed Feb 25 20:58:38 2026] POST /v2.0/networks => generated 765 bytes in 882 msecs (HTTP/1.1 201) 4 headers in 162 bytes (1 switches on core 0)
2026-02-25 20:58:39.611 8 WARNING neutron.scheduler.dhcp_agent_scheduler [None req-72eac76d-ae90-4fc8-b1c1-48ddb731bf06 33615129ce394898b054302210d14240 983051184d944e3cb2ada521046f268d - - default default] No more DHCP agents
2026-02-25 20:58:39.612 8 WARNING neutron.api.rpc.agentnotifiers.dhcp_rpc_agent_api [None req-72eac76d-ae90-4fc8-b1c1-48ddb731bf06 33615129ce394898b054302210d14240 983051184d944e3cb2ada521046f268d - - default default] Unable to schedule network 51c45d5b-32c7-461a-93b7-b5fa10fccc72: no agents available; will retry on subsequent port and subnet creation events.
2026-02-25 20:58:39.818 7 INFO neutron.db.ovn_revision_numbers_db [None req-38c996d1-8453-4334-8087-31d9228437c6 - - - - - -] Successfully bumped revision number for resource 0a337587-085d-4304-9519-7d39ab99cb9b (type: ports) to 2
2026-02-25 20:58:39.852 7 INFO neutron.db.ovn_revision_numbers_db [None req-38c996d1-8453-4334-8087-31d9228437c6 - - - - - -] Successfully bumped revision number for resource e999fee9-5304-46f7-8d02-5c2091de99b3 (type: subnets) to 0 [pid: 7|app: 0|req: 295/583] 10.0.0.34 () {34 vars in 665 bytes} [Wed Feb 25 20:58:39 2026] POST /v2.0/subnets => generated 691 bytes in 764 msecs (HTTP/1.1 201) 4 headers in 162 bytes (1 switches on core 0)
2026-02-25 20:58:40.142 8 INFO neutron.db.ovn_revision_numbers_db [None req-69368307-2145-4911-bd25-438602b52447 - - - - - -] Successfully bumped revision number for resource ef7c01d9-57a9-42ea-b9c4-fd0d4ffddae8 (type: ports) to 2 [pid: 7|app: 0|req: 296/584] 10.0.0.34 () {32 vars in 736 bytes} [Wed Feb 25 20:58:39 2026] DELETE /v2.0/security-groups/920feede-b6df-4653-bea9-16cdeca03067 => generated 0 bytes in 312 msecs (HTTP/1.1 204) 2 headers in 112 bytes (1 switches on core 0)
2026-02-25 20:58:40.185 8 INFO neutron.db.ovn_revision_numbers_db [None req-69368307-2145-4911-bd25-438602b52447 - - - - - -] Successfully bumped revision number for resource 4d3d6fcc-a3d5-478d-87c9-0bf089f24590 (type: subnets) to 0 [pid: 8|app: 0|req: 289/585] 10.0.0.34 () {34 vars in 665 bytes} [Wed Feb 25 20:58:39 2026] POST /v2.0/subnets => generated 685 bytes in 709 msecs (HTTP/1.1 201) 4 headers in 162 bytes (1 switches on core 0)
2026-02-25 20:58:40.328 7 WARNING neutron.scheduler.dhcp_agent_scheduler [None req-2431741a-5d63-4e3a-b9b9-4ca0d6488b54 33615129ce394898b054302210d14240 983051184d944e3cb2ada521046f268d - - default default] No more DHCP agents
2026-02-25 20:58:40.330 7 WARNING neutron.api.rpc.agentnotifiers.dhcp_rpc_agent_api [None req-2431741a-5d63-4e3a-b9b9-4ca0d6488b54 33615129ce394898b054302210d14240 983051184d944e3cb2ada521046f268d - - default default] Unable to schedule network 2afa18a2-6751-4b43-9843-df9ad8736ceb: no agents available; will retry on subsequent port and subnet creation events.
2026-02-25 20:58:40.763 7 INFO neutron.db.ovn_revision_numbers_db [None req-89f6cf2b-cb9a-4a27-9560-d9ef8eccdbd0 - - - - - -] Successfully bumped revision number for resource 64be7cdf-7265-40d2-8873-d378c03646d7 (type: ports) to 2
2026-02-25 20:58:40.792 7 INFO neutron.db.ovn_revision_numbers_db [None req-89f6cf2b-cb9a-4a27-9560-d9ef8eccdbd0 - - - - - -] Successfully bumped revision number for resource 942bcdb4-fd2f-4d96-bf0a-73d7f8f6947f (type: subnets) to 0 [pid: 7|app: 0|req: 297/586] 10.0.0.34 () {34 vars in 665 bytes} [Wed Feb 25 20:58:40 2026] POST /v2.0/subnets => generated 690 bytes in 624 msecs (HTTP/1.1 201) 4 headers in 162 bytes (1 switches on core 0)
2026-02-25 20:58:41.042 8 WARNING neutron.scheduler.dhcp_agent_scheduler [None req-1c2de9b5-168e-4ff6-b03f-17deecf62fb4 33615129ce394898b054302210d14240 983051184d944e3cb2ada521046f268d - - default default] No more DHCP agents
2026-02-25 20:58:41.044 8 WARNING neutron.api.rpc.agentnotifiers.dhcp_rpc_agent_api [None req-1c2de9b5-168e-4ff6-b03f-17deecf62fb4 33615129ce394898b054302210d14240 983051184d944e3cb2ada521046f268d - - default default] Unable to schedule network acc1cd2c-42c0-455a-af25-3cd9cdc9f37a: no agents available; will retry on subsequent port and subnet creation events.
2026-02-25 20:58:41.204 7 INFO neutron.plugins.ml2.drivers.ovn.mech_driver.mech_driver [None req-3de60ae6-2299-4c71-9ca6-d8154900ff70 - - - - - -] OVN reports status down for port: 9d31ca12-3240-4e53-95db-1194d2168ff8
2026-02-25 20:58:41.214 8 INFO neutron.db.ovn_revision_numbers_db [None req-1c2de9b5-168e-4ff6-b03f-17deecf62fb4 33615129ce394898b054302210d14240 983051184d944e3cb2ada521046f268d - - default default] Successfully bumped revision number for resource 9d31ca12-3240-4e53-95db-1194d2168ff8 (type: ports) to 1
2026-02-25 20:58:41.453 7 WARNING neutron.scheduler.dhcp_agent_scheduler [None req-d23a7ee4-c349-4e35-b61c-ef3a997f4c13 33615129ce394898b054302210d14240 983051184d944e3cb2ada521046f268d - - default default] No more DHCP agents
2026-02-25 20:58:41.455 7 WARNING neutron.api.rpc.agentnotifiers.dhcp_rpc_agent_api [None req-d23a7ee4-c349-4e35-b61c-ef3a997f4c13 33615129ce394898b054302210d14240 983051184d944e3cb2ada521046f268d - - default default] Unable to schedule network acc1cd2c-42c0-455a-af25-3cd9cdc9f37a: no agents available; will retry on subsequent port and subnet creation events.
2026-02-25 20:58:41.567 7 INFO neutron.plugins.ml2.drivers.ovn.mech_driver.mech_driver [None req-3de60ae6-2299-4c71-9ca6-d8154900ff70 - - - - - -] OVN reports status down for port: 5fefc95a-e50b-4678-b12b-faf2662a7c47
2026-02-25 20:58:41.581 8 INFO neutron.plugins.ml2.drivers.ovn.mech_driver.ovsdb.extensions.qos [None req-1c2de9b5-168e-4ff6-b03f-17deecf62fb4 33615129ce394898b054302210d14240 983051184d944e3cb2ada521046f268d - - default default] Starting OVNClientQosExtension
2026-02-25 20:58:41.633 7 INFO neutron.db.ovn_revision_numbers_db [None req-d23a7ee4-c349-4e35-b61c-ef3a997f4c13 33615129ce394898b054302210d14240 983051184d944e3cb2ada521046f268d - - default default] Successfully bumped revision number for resource 5fefc95a-e50b-4678-b12b-faf2662a7c47 (type: ports) to 1
2026-02-25 20:58:41.681 8 WARNING oslo_config.cfg [None req-1c2de9b5-168e-4ff6-b03f-17deecf62fb4 33615129ce394898b054302210d14240 983051184d944e3cb2ada521046f268d - - default default] Deprecated: Option "ovn_emit_need_to_frag" from group "ovn" is deprecated for removal (The option is useful only on very old Linux kernels (version < 5.2).). Its value may be silently ignored in the future.
2026-02-25 20:58:41.933 8 INFO neutron.plugins.ml2.drivers.ovn.mech_driver.ovsdb.commands [-] Schedule LRP lrp-9d31ca12-3240-4e53-95db-1194d2168ff8 on gateway 97cb74a6-c06a-4959-bd64-8798431cc87f with priority 1
2026-02-25 20:58:42.084 8 INFO neutron.db.ovn_revision_numbers_db [None req-1c2de9b5-168e-4ff6-b03f-17deecf62fb4 33615129ce394898b054302210d14240 983051184d944e3cb2ada521046f268d - - default default] Successfully bumped revision number for resource 9d31ca12-3240-4e53-95db-1194d2168ff8 (type: router_ports) to 1
2026-02-25 20:58:42.106 7 INFO neutron.plugins.ml2.drivers.ovn.mech_driver.ovsdb.ovsdb_monitor [-] Router a9b3d22f-bca7-48a4-bde6-f461636b8556 is bound to host instance
2026-02-25 20:58:42.154 7 INFO neutron.plugins.ml2.drivers.ovn.mech_driver.mech_driver [None req-3de60ae6-2299-4c71-9ca6-d8154900ff70 - - - - - -] OVN reports status up for port: 9d31ca12-3240-4e53-95db-1194d2168ff8
2026-02-25 20:58:42.172 7 INFO neutron.plugins.ml2.drivers.ovn.mech_driver.ovsdb.extensions.qos [None req-d23a7ee4-c349-4e35-b61c-ef3a997f4c13 33615129ce394898b054302210d14240 983051184d944e3cb2ada521046f268d - - default default] Starting OVNClientQosExtension
2026-02-25 20:58:42.179 8 INFO neutron.db.ovn_revision_numbers_db [None req-1c2de9b5-168e-4ff6-b03f-17deecf62fb4 33615129ce394898b054302210d14240 983051184d944e3cb2ada521046f268d - - default default] Successfully bumped revision number for resource a9b3d22f-bca7-48a4-bde6-f461636b8556 (type: routers) to 2 [pid: 8|app: 0|req: 290/587] 10.0.0.34 () {34 vars in 665 bytes} [Wed Feb 25 20:58:40 2026] POST /v2.0/routers => generated 969 bytes in 2000 msecs (HTTP/1.1 201) 4 headers in 162 bytes (1 switches on core 0)
2026-02-25 20:58:42.266 7 INFO neutron.plugins.ml2.plugin [None req-3de60ae6-2299-4c71-9ca6-d8154900ff70 - - - - - -] Attempt 1 to provision port 9d31ca12-3240-4e53-95db-1194d2168ff8
2026-02-25 20:58:42.441 7 WARNING oslo_config.cfg [None req-d23a7ee4-c349-4e35-b61c-ef3a997f4c13 33615129ce394898b054302210d14240 983051184d944e3cb2ada521046f268d - - default default] Deprecated: Option "ovn_emit_need_to_frag" from group "ovn" is deprecated for removal (The option is useful only on very old Linux kernels (version < 5.2).). Its value may be silently ignored in the future.
2026-02-25 20:58:42.637 8 WARNING neutron.scheduler.dhcp_agent_scheduler [None req-80bad8c4-1f45-4e4d-a88e-bb1ee6377792 33615129ce394898b054302210d14240 983051184d944e3cb2ada521046f268d - - default default] No more DHCP agents
2026-02-25 20:58:42.638 8 WARNING neutron.api.rpc.agentnotifiers.dhcp_rpc_agent_api [None req-80bad8c4-1f45-4e4d-a88e-bb1ee6377792 33615129ce394898b054302210d14240 983051184d944e3cb2ada521046f268d - - default default] Unable to schedule network acc1cd2c-42c0-455a-af25-3cd9cdc9f37a: no agents available; will retry on subsequent port and subnet creation events.
2026-02-25 20:58:42.766 8 INFO neutron.db.ovn_revision_numbers_db [None req-80bad8c4-1f45-4e4d-a88e-bb1ee6377792 33615129ce394898b054302210d14240 983051184d944e3cb2ada521046f268d - - default default] Successfully bumped revision number for resource 5b4d821e-ebc3-465f-b619-0a544d3dd75c (type: ports) to 1
2026-02-25 20:58:43.103 7 INFO neutron.plugins.ml2.drivers.ovn.mech_driver.ovsdb.commands [-] Schedule LRP lrp-5fefc95a-e50b-4678-b12b-faf2662a7c47 on gateway 97cb74a6-c06a-4959-bd64-8798431cc87f with priority 1
2026-02-25 20:58:43.329 7 INFO neutron.db.ovn_revision_numbers_db [None req-d23a7ee4-c349-4e35-b61c-ef3a997f4c13 33615129ce394898b054302210d14240 983051184d944e3cb2ada521046f268d - - default default] Successfully bumped revision number for resource 5fefc95a-e50b-4678-b12b-faf2662a7c47 (type: router_ports) to 1
2026-02-25 20:58:43.461 7 INFO neutron.db.ovn_revision_numbers_db [None req-d23a7ee4-c349-4e35-b61c-ef3a997f4c13 33615129ce394898b054302210d14240 983051184d944e3cb2ada521046f268d - - default default] Successfully bumped revision number for resource 6b914d38-700e-4904-b251-47aee8a49991 (type: routers) to 2 [pid: 7|app: 0|req: 298/588] 10.0.0.34 () {34 vars in 665 bytes} [Wed Feb 25 20:58:40 2026] POST /v2.0/routers => generated 963 bytes in 2698 msecs (HTTP/1.1 201) 4 headers in 162 bytes (1 switches on core 0)
2026-02-25 20:58:43.594 8 INFO neutron.plugins.ml2.drivers.ovn.mech_driver.ovsdb.commands [-] Schedule LRP lrp-5b4d821e-ebc3-465f-b619-0a544d3dd75c on gateway 97cb74a6-c06a-4959-bd64-8798431cc87f with priority 1
2026-02-25 20:58:43.760 8 INFO neutron.db.ovn_revision_numbers_db [None req-80bad8c4-1f45-4e4d-a88e-bb1ee6377792 33615129ce394898b054302210d14240 983051184d944e3cb2ada521046f268d - - default default] Successfully bumped revision number for resource 5b4d821e-ebc3-465f-b619-0a544d3dd75c (type: router_ports) to 1
2026-02-25 20:58:43.824 8 INFO neutron.db.ovn_revision_numbers_db [None req-80bad8c4-1f45-4e4d-a88e-bb1ee6377792 33615129ce394898b054302210d14240 983051184d944e3cb2ada521046f268d - - default default] Successfully bumped revision number for resource ec7de92d-cb34-46c4-a966-b7b7e7ad000c (type: routers) to 2 [pid: 8|app: 0|req: 291/589] 10.0.0.34 () {34 vars in 665 bytes} [Wed Feb 25 20:58:42 2026] POST /v2.0/routers => generated 968 bytes in 1640 msecs (HTTP/1.1 201) 4 headers in 162 bytes (1 switches on core 0)
2026-02-25 20:58:44.115 7 INFO neutron.db.ovn_revision_numbers_db [None req-e340644e-1f8a-465c-8a8f-ad2554d658b0 33615129ce394898b054302210d14240 983051184d944e3cb2ada521046f268d - - default default] Successfully bumped revision number for resource 888175e0-405a-4d8d-aece-ec8cf65ca2bd (type: security_groups) to 1
2026-02-25 20:58:44.150 7 INFO neutron.db.ovn_revision_numbers_db [None req-e340644e-1f8a-465c-8a8f-ad2554d658b0 33615129ce394898b054302210d14240 983051184d944e3cb2ada521046f268d - - default default] Successfully bumped revision number for resource 0dc365a0-7d4e-474f-b7f9-fa172c6558b4 (type: security_group_rules) to 0
2026-02-25 20:58:44.186 7 INFO neutron.db.ovn_revision_numbers_db [None req-e340644e-1f8a-465c-8a8f-ad2554d658b0 33615129ce394898b054302210d14240 983051184d944e3cb2ada521046f268d - - default default] Successfully bumped revision number for resource beeb70dd-0315-4909-b55c-9d154d509c0d (type: security_group_rules) to 0
2026-02-25 20:58:44.214 7 INFO neutron.db.ovn_revision_numbers_db [None req-e340644e-1f8a-465c-8a8f-ad2554d658b0 33615129ce394898b054302210d14240 983051184d944e3cb2ada521046f268d - - default default] Successfully bumped revision number for resource ce2f7b56-7841-4676-bac4-cf1eef17e478 (type: security_group_rules) to 0
2026-02-25 20:58:44.242 7 INFO neutron.db.ovn_revision_numbers_db [None req-e340644e-1f8a-465c-8a8f-ad2554d658b0 33615129ce394898b054302210d14240 983051184d944e3cb2ada521046f268d - - default default] Successfully bumped revision number for resource fd6cee55-b076-4b6a-9be4-5a5d23f6b7cc (type: security_group_rules) to 0
2026-02-25 20:58:44.279 7 INFO neutron.db.ovn_revision_numbers_db [None req-5dd87eab-5a93-4b65-b002-9c669129fb9e - - - - - -] Successfully bumped revision number for resource 9d31ca12-3240-4e53-95db-1194d2168ff8 (type: ports) to 4
2026-02-25 20:58:44.328 7 INFO neutron.db.segments_db [None req-e340644e-1f8a-465c-8a8f-ad2554d658b0 33615129ce394898b054302210d14240 983051184d944e3cb2ada521046f268d - - default default] Added segment ab8ae1c1-12f0-4499-ae36-af7f03fe98ad of type geneve for network 263d5514-e5eb-4bf7-bdba-4f219c53e89a
2026-02-25 20:58:44.452 8 WARNING neutron.scheduler.dhcp_agent_scheduler [None req-d8dc34a0-d6d3-4d2a-83d3-179ffaca7a37 33615129ce394898b054302210d14240 983051184d944e3cb2ada521046f268d - - default default] No more DHCP agents
2026-02-25 20:58:44.454 8 WARNING neutron.api.rpc.agentnotifiers.dhcp_rpc_agent_api [None req-d8dc34a0-d6d3-4d2a-83d3-179ffaca7a37 33615129ce394898b054302210d14240 983051184d944e3cb2ada521046f268d - - default default] Unable to schedule network 5325d295-8c2a-44ea-9f06-247303ec10d4: no agents available; will retry on subsequent port and subnet creation events.
2026-02-25 20:58:44.595 7 INFO neutron.db.ovn_revision_numbers_db [None req-e340644e-1f8a-465c-8a8f-ad2554d658b0 33615129ce394898b054302210d14240 983051184d944e3cb2ada521046f268d - - default default] Successfully bumped revision number for resource 263d5514-e5eb-4bf7-bdba-4f219c53e89a (type: networks) to 1
2026-02-25 20:58:44.626 8 INFO neutron.db.ovn_revision_numbers_db [None req-d8dc34a0-d6d3-4d2a-83d3-179ffaca7a37 33615129ce394898b054302210d14240 983051184d944e3cb2ada521046f268d - - default default] Successfully bumped revision number for resource 32451d42-1199-4974-a79e-a4f887d5e39d (type: ports) to 1
2026-02-25 20:58:44.707 7 INFO neutron.plugins.ml2.drivers.ovn.mech_driver.mech_driver [None req-3de60ae6-2299-4c71-9ca6-d8154900ff70 - - - - - -] OVN reports status down for port: 5b4d821e-ebc3-465f-b619-0a544d3dd75c
2026-02-25 20:58:45.246 8 WARNING neutron.scheduler.dhcp_agent_scheduler [None req-d8dc34a0-d6d3-4d2a-83d3-179ffaca7a37 33615129ce394898b054302210d14240 983051184d944e3cb2ada521046f268d - - default default] No more DHCP agents
2026-02-25 20:58:45.247 8 WARNING neutron.api.rpc.agentnotifiers.dhcp_rpc_agent_api [None req-d8dc34a0-d6d3-4d2a-83d3-179ffaca7a37 33615129ce394898b054302210d14240 983051184d944e3cb2ada521046f268d - - default default] Unable to schedule network 5325d295-8c2a-44ea-9f06-247303ec10d4: no agents available; will retry on subsequent port and subnet creation events.
2026-02-25 20:58:45.529 7 WARNING neutron.plugins.ml2.drivers.ovn.mech_driver.ovsdb.ovn_client [None req-3de60ae6-2299-4c71-9ca6-d8154900ff70 - - - - - -] Logical_Switch_Port %s host information not removed, the port state is up
2026-02-25 20:58:45.531 7 INFO neutron.plugins.ml2.drivers.ovn.mech_driver.mech_driver [None req-3de60ae6-2299-4c71-9ca6-d8154900ff70 - - - - - -] OVN reports status up for port: 5fefc95a-e50b-4678-b12b-faf2662a7c47
2026-02-25 20:58:45.563 7 INFO neutron.plugins.ml2.plugin [None req-3de60ae6-2299-4c71-9ca6-d8154900ff70 - - - - - -] Attempt 1 to provision port 5fefc95a-e50b-4678-b12b-faf2662a7c47
2026-02-25 20:58:45.585 7 WARNING neutron.scheduler.dhcp_agent_scheduler [None req-e340644e-1f8a-465c-8a8f-ad2554d658b0 33615129ce394898b054302210d14240 983051184d944e3cb2ada521046f268d - - default default] No more DHCP agents
2026-02-25 20:58:45.591 7 WARNING neutron.api.rpc.agentnotifiers.dhcp_rpc_agent_api [None req-e340644e-1f8a-465c-8a8f-ad2554d658b0 33615129ce394898b054302210d14240 983051184d944e3cb2ada521046f268d - - default default] Unable to schedule network 263d5514-e5eb-4bf7-bdba-4f219c53e89a: no agents available; will retry on subsequent port and subnet creation events.
2026-02-25 20:58:45.700 8 INFO neutron.db.ovn_revision_numbers_db [None req-d8dc34a0-d6d3-4d2a-83d3-179ffaca7a37 33615129ce394898b054302210d14240 983051184d944e3cb2ada521046f268d - - default default] Successfully bumped revision number for resource 32451d42-1199-4974-a79e-a4f887d5e39d (type: router_ports) to 1 [pid: 8|app: 0|req: 292/590] 10.0.0.34 () {34 vars in 779 bytes} [Wed Feb 25 20:58:43 2026] PUT /v2.0/routers/a9b3d22f-bca7-48a4-bde6-f461636b8556/add_router_interface => generated 309 bytes in 1865 msecs (HTTP/1.1 200) 4 headers in 157 bytes (1 switches on core 0)
2026-02-25 20:58:46.016 7 INFO neutron.db.ovn_revision_numbers_db [None req-5dd87eab-5a93-4b65-b002-9c669129fb9e - - - - - -] Successfully bumped revision number for resource 9d31ca12-3240-4e53-95db-1194d2168ff8 (type: ports) to 5
2026-02-25 20:58:46.115 7 INFO neutron.db.ovn_revision_numbers_db [None req-e340644e-1f8a-465c-8a8f-ad2554d658b0 33615129ce394898b054302210d14240 983051184d944e3cb2ada521046f268d - - default default] Successfully bumped revision number for resource 0aadae82-2e34-4064-87dc-e7162145954c (type: ports) to 1
2026-02-25 20:58:46.134 7 INFO neutron.plugins.ml2.drivers.ovn.mech_driver.ovsdb.ovsdb_monitor [None req-5dd87eab-5a93-4b65-b002-9c669129fb9e - - - - - -] Router 6b914d38-700e-4904-b251-47aee8a49991 is bound to host instance [pid: 7|app: 0|req: 299/593] 10.0.0.34 () {34 vars in 667 bytes} [Wed Feb 25 20:58:43 2026] POST /v2.0/networks => generated 771 bytes in 2656 msecs (HTTP/1.1 201) 4 headers in 162 bytes (1 switches on core 0)
2026-02-25 20:58:46.274 8 WARNING neutron.scheduler.dhcp_agent_scheduler [None req-63c5dfff-43aa-4765-98cf-5749a6701180 33615129ce394898b054302210d14240 983051184d944e3cb2ada521046f268d - - default default] No more DHCP agents
2026-02-25 20:58:46.275 8 WARNING neutron.api.rpc.agentnotifiers.dhcp_rpc_agent_api [None req-63c5dfff-43aa-4765-98cf-5749a6701180 33615129ce394898b054302210d14240 983051184d944e3cb2ada521046f268d - - default default] Unable to schedule network 51c45d5b-32c7-461a-93b7-b5fa10fccc72: no agents available; will retry on subsequent port and subnet creation events.
2026-02-25 20:58:46.458 8 INFO neutron.db.ovn_revision_numbers_db [None req-63c5dfff-43aa-4765-98cf-5749a6701180 33615129ce394898b054302210d14240 983051184d944e3cb2ada521046f268d - - default default] Successfully bumped revision number for resource 6ce0653b-2615-49e9-8d86-a88d36563067 (type: ports) to 1
2026-02-25 20:58:47.102 8 WARNING neutron.scheduler.dhcp_agent_scheduler [None req-63c5dfff-43aa-4765-98cf-5749a6701180 33615129ce394898b054302210d14240 983051184d944e3cb2ada521046f268d - - default default] No more DHCP agents
2026-02-25 20:58:47.103 8 WARNING neutron.api.rpc.agentnotifiers.dhcp_rpc_agent_api [None req-63c5dfff-43aa-4765-98cf-5749a6701180 33615129ce394898b054302210d14240 983051184d944e3cb2ada521046f268d - - default default] Unable to schedule network 51c45d5b-32c7-461a-93b7-b5fa10fccc72: no agents available; will retry on subsequent port and subnet creation events.
2026-02-25 20:58:47.123 7 WARNING neutron.scheduler.dhcp_agent_scheduler [None req-46577589-4a4f-493f-b1ed-901712076b38 33615129ce394898b054302210d14240 983051184d944e3cb2ada521046f268d - - default default] No more DHCP agents
2026-02-25 20:58:47.128 7 WARNING neutron.api.rpc.agentnotifiers.dhcp_rpc_agent_api [None req-46577589-4a4f-493f-b1ed-901712076b38 33615129ce394898b054302210d14240 983051184d944e3cb2ada521046f268d - - default default] Unable to schedule network 2afa18a2-6751-4b43-9843-df9ad8736ceb: no agents available; will retry on subsequent port and subnet creation events.
2026-02-25 20:58:47.441 7 INFO neutron.db.ovn_revision_numbers_db [None req-46577589-4a4f-493f-b1ed-901712076b38 33615129ce394898b054302210d14240 983051184d944e3cb2ada521046f268d - - default default] Successfully bumped revision number for resource 70fc1a38-c84c-4ffb-a934-b8525fbc3d47 (type: ports) to 1
2026-02-25 20:58:47.662 8 INFO neutron.db.ovn_revision_numbers_db [None req-63c5dfff-43aa-4765-98cf-5749a6701180 33615129ce394898b054302210d14240 983051184d944e3cb2ada521046f268d - - default default] Successfully bumped revision number for resource 6ce0653b-2615-49e9-8d86-a88d36563067 (type: router_ports) to 1 [pid: 8|app: 0|req: 295/594] 10.0.0.34 () {34 vars in 779 bytes} [Wed Feb 25 20:58:45 2026] PUT /v2.0/routers/6b914d38-700e-4904-b251-47aee8a49991/add_router_interface => generated 309 bytes in 1956 msecs (HTTP/1.1 200) 4 headers in 157 bytes (1 switches on core 0) [pid: 8|app: 0|req: 296/595] 10.0.0.217 () {28 vars in 588 bytes} [Wed Feb 25 20:58:47 2026] GET /v2.0/floatingips => generated 19 bytes in 55 msecs (HTTP/1.1 200) 4 headers in 156 bytes (1 switches on core 0)
2026-02-25 20:58:47.853 8 WARNING neutron.scheduler.dhcp_agent_scheduler [None req-e0968ecb-2e5b-41eb-b55b-5fab6d1935b0 33615129ce394898b054302210d14240 983051184d944e3cb2ada521046f268d - - default default] No more DHCP agents
2026-02-25 20:58:47.855 8 WARNING neutron.api.rpc.agentnotifiers.dhcp_rpc_agent_api [None req-e0968ecb-2e5b-41eb-b55b-5fab6d1935b0 33615129ce394898b054302210d14240 983051184d944e3cb2ada521046f268d - - default default] Unable to schedule network 263d5514-e5eb-4bf7-bdba-4f219c53e89a: no agents available; will retry on subsequent port and subnet creation events.
2026-02-25 20:58:48.243 7 INFO neutron.db.ovn_revision_numbers_db [None req-6a48cd1e-e989-451a-9cbf-fc3e7881c66d - - - - - -] Successfully bumped revision number for resource 5fefc95a-e50b-4678-b12b-faf2662a7c47 (type: ports) to 4
2026-02-25 20:58:48.330 8 INFO neutron.db.ovn_revision_numbers_db [None req-99b58046-d75d-4165-92c8-bee92892bbe7 - - - - - -] Successfully bumped revision number for resource 0aadae82-2e34-4064-87dc-e7162145954c (type: ports) to 2
2026-02-25 20:58:48.382 8 INFO neutron.db.ovn_revision_numbers_db [None req-99b58046-d75d-4165-92c8-bee92892bbe7 - - - - - -] Successfully bumped revision number for resource 5ce8cb43-ac75-466d-8699-68b35bd69977 (type: subnets) to 0 [pid: 8|app: 0|req: 297/596] 10.0.0.34 () {34 vars in 665 bytes} [Wed Feb 25 20:58:47 2026] POST /v2.0/subnets => generated 696 bytes in 676 msecs (HTTP/1.1 201) 4 headers in 162 bytes (1 switches on core 0)
2026-02-25 20:58:48.610 8 INFO neutron.db.ovn_revision_numbers_db [req-47ad8f2e-9d3c-47d2-96a8-f4a33bd3e7a5 req-c11c88cf-df86-4f63-9d7a-43d2c3382a5f b0124ede832946ac8a24a36e467fd5de 19cfc3debe5e4457be6aaae4ed026e75 - - default default] Successfully bumped revision number for resource 94ef1c09-5a6d-404e-9a48-0b1a7559fe47 (type: security_groups) to 1
2026-02-25 20:58:48.621 8 INFO neutron.db.ovn_revision_numbers_db [req-47ad8f2e-9d3c-47d2-96a8-f4a33bd3e7a5 req-c11c88cf-df86-4f63-9d7a-43d2c3382a5f b0124ede832946ac8a24a36e467fd5de 19cfc3debe5e4457be6aaae4ed026e75 - - default default] Successfully bumped revision number for resource 27d52c81-d539-4937-a3b2-716c847d6462 (type: security_group_rules) to 0
2026-02-25 20:58:48.632 8 INFO neutron.db.ovn_revision_numbers_db [req-47ad8f2e-9d3c-47d2-96a8-f4a33bd3e7a5 req-c11c88cf-df86-4f63-9d7a-43d2c3382a5f b0124ede832946ac8a24a36e467fd5de 19cfc3debe5e4457be6aaae4ed026e75 - - default default] Successfully bumped revision number for resource ad5903d9-381e-4f5d-8fb6-fc1c1af43969 (type: security_group_rules) to 0 [pid: 8|app: 0|req: 298/597] 10.0.0.22 () {38 vars in 967 bytes} [Wed Feb 25 20:58:48 2026] POST /v2.0/security-groups => generated 1680 bytes in 270 msecs (HTTP/1.1 201) 4 headers in 163 bytes (1 switches on core 0)
2026-02-25 20:58:48.695 7 INFO neutron.plugins.ml2.drivers.ovn.mech_driver.mech_driver [None req-3de60ae6-2299-4c71-9ca6-d8154900ff70 - - - - - -] OVN reports status up for port: 5b4d821e-ebc3-465f-b619-0a544d3dd75c [pid: 8|app: 0|req: 299/598] 10.0.0.217 () {28 vars in 596 bytes} [Wed Feb 25 20:58:48 2026] GET /v2.0/security-groups => generated 30661 bytes in 43 msecs (HTTP/1.1 200) 4 headers in 159 bytes (1 switches on core 0)
2026-02-25 20:58:48.741 7 INFO neutron.plugins.ml2.plugin [None req-3de60ae6-2299-4c71-9ca6-d8154900ff70 - - - - - -] Attempt 1 to provision port 5b4d821e-ebc3-465f-b619-0a544d3dd75c
2026-02-25 20:58:48.865 8 INFO neutron.db.ovn_revision_numbers_db [None req-cb97c0d8-4801-42cb-93bd-9b3a82e33d12 5e034f681e96436db2166a78156b31e6 3817eb1ff25847d692da0d63c71ed0a8 - - default default] Successfully bumped revision number for resource 45728747-f418-45d0-8063-435afc11b1ac (type: security_groups) to 1
2026-02-25 20:58:48.884 8 INFO neutron.db.ovn_revision_numbers_db [None req-cb97c0d8-4801-42cb-93bd-9b3a82e33d12 5e034f681e96436db2166a78156b31e6 3817eb1ff25847d692da0d63c71ed0a8 - - default default] Successfully bumped revision number for resource 54b75db1-913d-4c4c-a104-b846b49cd8af (type: security_group_rules) to 0
2026-02-25 20:58:48.916 8 INFO neutron.db.ovn_revision_numbers_db [None req-cb97c0d8-4801-42cb-93bd-9b3a82e33d12 5e034f681e96436db2166a78156b31e6 3817eb1ff25847d692da0d63c71ed0a8 - - default default] Successfully bumped revision number for resource fb1f88f5-2881-47a4-ba48-d85c7349df68 (type: security_group_rules) to 0 [pid: 8|app: 0|req: 300/599] 10.0.0.34 () {34 vars in 681 bytes} [Wed Feb 25 20:58:48 2026] POST /v2.0/security-groups => generated 1660 bytes in 278 msecs (HTTP/1.1 201) 4 headers in 163 bytes (1 switches on core 0)
2026-02-25 20:58:49.165 7 WARNING neutron.scheduler.dhcp_agent_scheduler [None req-46577589-4a4f-493f-b1ed-901712076b38 33615129ce394898b054302210d14240 983051184d944e3cb2ada521046f268d - - default default] No more DHCP agents
2026-02-25 20:58:49.167 7 WARNING neutron.api.rpc.agentnotifiers.dhcp_rpc_agent_api [None req-46577589-4a4f-493f-b1ed-901712076b38 33615129ce394898b054302210d14240 983051184d944e3cb2ada521046f268d - - default default] Unable to schedule network 2afa18a2-6751-4b43-9843-df9ad8736ceb: no agents available; will retry on subsequent port and subnet creation events.
2026-02-25 20:58:49.198 7 INFO neutron.db.ovn_revision_numbers_db [None req-6a48cd1e-e989-451a-9cbf-fc3e7881c66d - - - - - -] Successfully bumped revision number for resource 5fefc95a-e50b-4678-b12b-faf2662a7c47 (type: ports) to 5
2026-02-25 20:58:49.366 7 INFO neutron.plugins.ml2.drivers.ovn.mech_driver.ovsdb.ovsdb_monitor [None req-6a48cd1e-e989-451a-9cbf-fc3e7881c66d - - - - - -] Router ec7de92d-cb34-46c4-a966-b7b7e7ad000c is bound to host instance
2026-02-25 20:58:49.777 8 WARNING neutron.scheduler.dhcp_agent_scheduler [None req-3a812a03-fe54-4ca5-953e-e285c95420a9 33615129ce394898b054302210d14240 983051184d944e3cb2ada521046f268d - - default default] No more DHCP agents
2026-02-25 20:58:49.778 8 WARNING neutron.api.rpc.agentnotifiers.dhcp_rpc_agent_api [None req-3a812a03-fe54-4ca5-953e-e285c95420a9 33615129ce394898b054302210d14240 983051184d944e3cb2ada521046f268d - - default default] Unable to schedule network acc1cd2c-42c0-455a-af25-3cd9cdc9f37a: no agents available; will retry on subsequent port and subnet creation events.
2026-02-25 20:58:49.925 8 INFO neutron.db.ovn_revision_numbers_db [None req-3a812a03-fe54-4ca5-953e-e285c95420a9 33615129ce394898b054302210d14240 983051184d944e3cb2ada521046f268d - - default default] Successfully bumped revision number for resource 1ba127a6-f351-4849-9559-2df6721ade9a (type: ports) to 1
