May 19 10:55:31.536479 np0000174698 devstack@neutron-api.service[102979]: INFO neutron.db.ovn_revision_numbers_db [None req-cce52230-094d-4c77-9b5d-f9eac796a7b2 None None] Successfully bumped revision number for resource 90c978f3-7c59-4220-baae-9dab3e286deb (type: ports) to 2
May 19 10:55:31.540150 np0000174698 devstack@neutron-api.service[102979]: DEBUG neutron_lib.callbacks.manager [None req-cce52230-094d-4c77-9b5d-f9eac796a7b2 None None] Publish callbacks ['neutron.plugins.ml2.ovo_rpc._ObjectChangeHandler.handle_event-1515297', 'neutron.services.ovn_l3.plugin.OVNL3RouterPlugin._port_update-8250133297042'] for port (90c978f3-7c59-4220-baae-9dab3e286deb), after_update {{(pid=102979) _notify_loop /opt/stack/data/venv/lib/python3.12/site-packages/neutron_lib/callbacks/manager.py:184}}
May 19 10:55:31.558562 np0000174698 devstack@neutron-api.service[102979]: DEBUG neutron.api.rpc.handlers.resources_rpc [None req-59893723-f857-4db2-be82-5e403160aa51 None None] Pushing event updated for resources: {'Port': ['ID=90c978f3-7c59-4220-baae-9dab3e286deb,revision_number=2']} {{(pid=102979) push /opt/stack/neutron/neutron/api/rpc/handlers/resources_rpc.py:237}}
May 19 10:55:31.646179 np0000174698 devstack@neutron-api.service[102982]: DEBUG neutron.pecan_wsgi.hooks.policy_enforcement [None req-7c2ec15c-aeb2-430f-801e-d9c5e87ecd2d admin admin] Attributes excluded by policy engine: ['standard_attr_id'] {{(pid=102982) _exclude_attributes_by_policy /opt/stack/neutron/neutron/pecan_wsgi/hooks/policy_enforcement.py:256}}
May 19 10:55:31.646764 np0000174698 devstack@neutron-api.service[102982]: [pid: 102982|app: 0|req: 5/20] 199.204.45.216 () {64 vars in 1415 bytes} [Tue May 19 10:55:31 2026] GET /networking/v2.0/networks/957b7da8-1ae7-4665-9aad-30e5d508fdb2 => generated 679 bytes in 24 msecs (HTTP/1.1 200) 4 headers in 157 bytes (1 switches on core 0)
May 19 10:55:31.660860 np0000174698 devstack@neutron-api.service[102980]: DEBUG neutron.api.v2.base [None req-4c267d1f-43e6-49c0-94e0-7c932ce5d0bd admin admin] Request body: {'subnet': {'enable_dhcp': False, 'network_id': '957b7da8-1ae7-4665-9aad-30e5d508fdb2', 'name': 'public-subnet', 'cidr': '172.24.5.0/24', 'gateway_ip': '172.24.5.1', 'ip_version': 4}} {{(pid=102980) prepare_request_body /opt/stack/neutron/neutron/api/v2/base.py:727}}
May 19 10:55:31.677373 np0000174698 devstack@neutron-api.service[102980]: DEBUG neutron.pecan_wsgi.hooks.quota_enforcement [None req-4c267d1f-43e6-49c0-94e0-7c932ce5d0bd admin admin] Made reservation on behalf of f3d55c2a40a54c3e9eda698431c64313 for: {'subnet': 1} {{(pid=102980) before /opt/stack/neutron/neutron/pecan_wsgi/hooks/quota_enforcement.py:66}}
May 19 10:55:31.679662 np0000174698 devstack@neutron-api.service[102980]: DEBUG neutron_lib.callbacks.manager [None req-4c267d1f-43e6-49c0-94e0-7c932ce5d0bd admin admin] Publish callbacks [] for subnet (None), before_create {{(pid=102980) _notify_loop /opt/stack/data/venv/lib/python3.12/site-packages/neutron_lib/callbacks/manager.py:184}}
May 19 10:55:31.750710 np0000174698 devstack@neutron-api.service[102980]: DEBUG neutron.db.ovn_revision_numbers_db [None req-4c267d1f-43e6-49c0-94e0-7c932ce5d0bd admin admin] create_initial_revision uuid=8b6019a9-72f9-4ea5-97c1-d0c7cfcdc058, type=subnets, rev=-1 {{(pid=102980) create_initial_revision /opt/stack/neutron/neutron/db/ovn_revision_numbers_db.py:98}}
May 19 10:55:31.803613 np0000174698 devstack@neutron-api.service[102980]: DEBUG neutron.objects.ports [None req-4c267d1f-43e6-49c0-94e0-7c932ce5d0bd admin admin] Time-cost: Fetching 0 ports in 0 security groups {{(pid=102980) get_objects /opt/stack/neutron/neutron/objects/ports.py:499}}
May 19 10:55:31.803904 np0000174698 devstack@neutron-api.service[102980]: DEBUG neutron_lib.callbacks.manager [None req-4c267d1f-43e6-49c0-94e0-7c932ce5d0bd admin admin] Publish callbacks ['neutron.plugins.ml2.ovo_rpc._ObjectChangeHandler.handle_event-1459302'] for subnet (8b6019a9-72f9-4ea5-97c1-d0c7cfcdc058), after_create {{(pid=102980) _notify_loop /opt/stack/data/venv/lib/python3.12/site-packages/neutron_lib/callbacks/manager.py:184}}
May 19 10:55:31.816319 np0000174698 devstack@neutron-api.service[102980]: DEBUG neutron.api.rpc.handlers.resources_rpc [None req-4c267d1f-43e6-49c0-94e0-7c932ce5d0bd admin admin] Pushing event updated for resources: {'Subnet': ['ID=8b6019a9-72f9-4ea5-97c1-d0c7cfcdc058,revision_number=0']} {{(pid=102980) push /opt/stack/neutron/neutron/api/rpc/handlers/resources_rpc.py:237}}
May 19 10:55:31.851946 np0000174698 devstack@neutron-api.service[102980]: INFO neutron.db.ovn_revision_numbers_db [None req-4c267d1f-43e6-49c0-94e0-7c932ce5d0bd admin admin] Successfully bumped revision number for resource 8b6019a9-72f9-4ea5-97c1-d0c7cfcdc058 (type: subnets) to 0
May 19 10:55:31.852956 np0000174698 devstack@neutron-api.service[102980]: DEBUG neutron.pecan_wsgi.hooks.policy_enforcement [None req-4c267d1f-43e6-49c0-94e0-7c932ce5d0bd admin admin] Attributes excluded by policy engine: ['standard_attr_id', 'shared', 'network'] {{(pid=102980) _exclude_attributes_by_policy /opt/stack/neutron/neutron/pecan_wsgi/hooks/policy_enforcement.py:256}}
May 19 10:55:31.853195 np0000174698 devstack@neutron-api.service[102980]: DEBUG neutron_lib.callbacks.manager [None req-4c267d1f-43e6-49c0-94e0-7c932ce5d0bd admin admin] Publish callbacks [] for subnet (None), before_response {{(pid=102980) _notify_loop /opt/stack/data/venv/lib/python3.12/site-packages/neutron_lib/callbacks/manager.py:184}}
May 19 10:55:31.863703 np0000174698 devstack@neutron-api.service[102980]: [pid: 102980|app: 0|req: 5/21] 199.204.45.216 () {68 vars in 1355 bytes} [Tue May 19 10:55:31 2026] POST /networking/v2.0/subnets => generated 640 bytes in 208 msecs (HTTP/1.1 201) 4 headers in 162 bytes (1 switches on core 0)
May 19 10:55:32.237688 np0000174698 devstack@neutron-api.service[102981]: DEBUG neutron.api.wsgi [None req-1a829304-0b43-4b9a-8cf1-fa09153bd53a admin admin] Missing Content-Type {{(pid=102981) get_content_type /opt/stack/neutron/neutron/api/wsgi.py:80}}
May 19 10:55:32.288189 np0000174698 devstack@neutron-api.service[102981]: [pid: 102981|app: 0|req: 6/22] 199.204.45.216 () {64 vars in 1412 bytes} [Tue May 19 10:55:32 2026] GET /networking/v2.0/routers/ec2b5cf6-9f08-4b7a-95c7-9b57eb7e9d12 => generated 599 bytes in 55 msecs (HTTP/1.1 200) 4 headers in 157 bytes (1 switches on core 0)
May 19 10:55:32.340078 np0000174698 devstack@neutron-api.service[102979]: DEBUG neutron.pecan_wsgi.hooks.policy_enforcement [None req-9e237059-9ee6-430b-8be8-b8cc5c6c4161 admin admin] Attributes excluded by policy engine: ['standard_attr_id'] {{(pid=102979) _exclude_attributes_by_policy /opt/stack/neutron/neutron/pecan_wsgi/hooks/policy_enforcement.py:256}}
May 19 10:55:32.340728 np0000174698 devstack@neutron-api.service[102979]: [pid: 102979|app: 0|req: 7/23] 199.204.45.216 () {64 vars in 1415 bytes} [Tue May 19 10:55:32 2026] GET /networking/v2.0/networks/957b7da8-1ae7-4665-9aad-30e5d508fdb2 => generated 717 bytes in 38 msecs (HTTP/1.1 200) 4 headers in 157 bytes (1 switches on core 0)
May 19 10:55:32.358388 np0000174698 devstack@neutron-api.service[102982]: DEBUG neutron.api.wsgi [None req-84039bf2-3066-4499-a392-f388bee05ed3 admin admin] Missing Content-Type {{(pid=102982) get_content_type /opt/stack/neutron/neutron/api/wsgi.py:80}}
May 19 10:55:32.359035 np0000174698 devstack@neutron-api.service[102982]: DEBUG neutron.api.wsgi [None req-84039bf2-3066-4499-a392-f388bee05ed3 admin admin] https://199.204.45.216/networking/v2.0/extensions/external-gateway-multihoming returned with HTTP 200 {{(pid=102982) __call__ /opt/stack/neutron/neutron/api/wsgi.py:540}}
May 19 10:55:32.359703 np0000174698 devstack@neutron-api.service[102982]: [pid: 102982|app: 0|req: 6/24] 199.204.45.216 () {64 vars in 1397 bytes} [Tue May 19 10:55:32 2026] GET /networking/v2.0/extensions/external-gateway-multihoming => generated 227 bytes in 6 msecs (HTTP/1.1 200) 4 headers in 157 bytes (1 switches on core 0)
May 19 10:55:32.599994 np0000174698 devstack@neutron-api.service[102980]: DEBUG neutron_lib.callbacks.manager [None req-a1bbc032-8448-4177-8215-f2f5ae707033 admin admin] Publish callbacks [] for router_gateway (ec2b5cf6-9f08-4b7a-95c7-9b57eb7e9d12), precommit_update {{(pid=102980) _notify_loop /opt/stack/data/venv/lib/python3.12/site-packages/neutron_lib/callbacks/manager.py:184}}
May 19 10:55:32.685502 np0000174698 devstack@neutron-api.service[102980]: DEBUG neutron_lib.callbacks.manager [None req-a1bbc032-8448-4177-8215-f2f5ae707033 admin admin] Publish callbacks [] for router_gateway (ec2b5cf6-9f08-4b7a-95c7-9b57eb7e9d12), before_create {{(pid=102980) _notify_loop /opt/stack/data/venv/lib/python3.12/site-packages/neutron_lib/callbacks/manager.py:184}}
May 19 10:55:32.714579 np0000174698 devstack@neutron-api.service[102980]: DEBUG neutron_lib.callbacks.manager [None req-a1bbc032-8448-4177-8215-f2f5ae707033 admin admin] Publish callbacks ['neutron.plugins.ml2.plugin.SecurityGroupDbMixin._ensure_default_security_group_handler-3383086'] for port (None), before_create {{(pid=102980) _notify_loop /opt/stack/data/venv/lib/python3.12/site-packages/neutron_lib/callbacks/manager.py:184}}
May 19 10:55:32.774347 np0000174698 devstack@neutron-api.service[102980]: DEBUG neutron.db.db_base_plugin_common [None req-a1bbc032-8448-4177-8215-f2f5ae707033 admin admin] Allocated IP 172.24.5.120 (957b7da8-1ae7-4665-9aad-30e5d508fdb2/8b6019a9-72f9-4ea5-97c1-d0c7cfcdc058/e10bd5e4-ea1e-4d8e-88c4-5cce37d26296) {{(pid=102980) _store_ip_allocation /opt/stack/neutron/neutron/db/db_base_plugin_common.py:131}}
May 19 10:55:32.814156 np0000174698 devstack@neutron-api.service[102980]: DEBUG neutron_lib.callbacks.manager [None req-a1bbc032-8448-4177-8215-f2f5ae707033 admin admin] Publish callbacks ['neutron.plugins.ml2.drivers.ovn.mech_driver.mech_driver.OVNMechanismDriver._validate_allowed_address_pairs-1941534'] for allowed_address_pair (e10bd5e4-ea1e-4d8e-88c4-5cce37d26296), before_create {{(pid=102980) _notify_loop /opt/stack/data/venv/lib/python3.12/site-packages/neutron_lib/callbacks/manager.py:184}}
May 19 10:55:32.814639 np0000174698 devstack@neutron-api.service[102980]: DEBUG neutron_lib.callbacks.manager [None req-a1bbc032-8448-4177-8215-f2f5ae707033 admin admin] Publish callbacks [] for port (e10bd5e4-ea1e-4d8e-88c4-5cce37d26296), precommit_create {{(pid=102980) _notify_loop /opt/stack/data/venv/lib/python3.12/site-packages/neutron_lib/callbacks/manager.py:184}}
May 19 10:55:32.814779 np0000174698 devstack@neutron-api.service[102980]: DEBUG neutron.plugins.ml2.drivers.ovn.mech_driver.mech_driver [None req-a1bbc032-8448-4177-8215-f2f5ae707033 admin admin] No provisioning block for port e10bd5e4-ea1e-4d8e-88c4-5cce37d26296 since it does not have a host {{(pid=102980) _is_port_provisioning_required /opt/stack/neutron/neutron/plugins/ml2/drivers/ovn/mech_driver/mech_driver.py:894}}
May 19 10:55:32.814962 np0000174698 devstack@neutron-api.service[102980]: DEBUG neutron.db.ovn_revision_numbers_db [None req-a1bbc032-8448-4177-8215-f2f5ae707033 admin admin] create_initial_revision uuid=e10bd5e4-ea1e-4d8e-88c4-5cce37d26296, type=ports, rev=-1 {{(pid=102980) create_initial_revision /opt/stack/neutron/neutron/db/ovn_revision_numbers_db.py:98}}
May 19 10:55:32.886586 np0000174698 devstack@neutron-api.service[102980]: DEBUG neutron.db.ovn_revision_numbers_db [None req-a1bbc032-8448-4177-8215-f2f5ae707033 admin admin] create_initial_revision uuid=e10bd5e4-ea1e-4d8e-88c4-5cce37d26296, type=router_ports, rev=-1 {{(pid=102980) create_initial_revision /opt/stack/neutron/neutron/db/ovn_revision_numbers_db.py:98}}
May 19 10:55:32.911830 np0000174698 devstack@neutron-api.service[102980]: DEBUG neutron_lib.callbacks.manager [None req-a1bbc032-8448-4177-8215-f2f5ae707033 admin admin] Publish callbacks ['neutron.plugins.ml2.ovo_rpc._ObjectChangeHandler.handle_event-1459311'] for port (e10bd5e4-ea1e-4d8e-88c4-5cce37d26296), after_create {{(pid=102980) _notify_loop /opt/stack/data/venv/lib/python3.12/site-packages/neutron_lib/callbacks/manager.py:184}}
May 19 10:55:32.936827 np0000174698 devstack@neutron-api.service[102980]: DEBUG neutron.api.rpc.handlers.resources_rpc [None req-a1bbc032-8448-4177-8215-f2f5ae707033 admin admin] Pushing event updated for resources: {'Port': ['ID=e10bd5e4-ea1e-4d8e-88c4-5cce37d26296,revision_number=1']} {{(pid=102980) push /opt/stack/neutron/neutron/api/rpc/handlers/resources_rpc.py:237}}
May 19 10:55:32.979126 np0000174698 devstack@neutron-api.service[102980]: DEBUG ovsdbapp.backend.ovs_idl.transaction [None req-ddfb9605-530b-401e-bc70-74396e9447f0 None None] Running txn n=1 command(idx=0): AddLSwitchPortCommand(_result=None, lport=e10bd5e4-ea1e-4d8e-88c4-5cce37d26296, lswitch=neutron-957b7da8-1ae7-4665-9aad-30e5d508fdb2, may_exist=True, network_uuid=957b7da8-1ae7-4665-9aad-30e5d508fdb2, columns={'addresses': ['unknown'], 'external_ids': {'neutron:port_name': '', 'neutron:device_id': 'ec2b5cf6-9f08-4b7a-95c7-9b57eb7e9d12', 'neutron:project_id': '', 'neutron:cidrs': '172.24.5.120/24', 'neutron:device_owner': 'network:router_gateway', 'neutron:subnet_pool_addr_scope4': '', 'neutron:subnet_pool_addr_scope6': '', 'neutron:network_name': 'neutron-957b7da8-1ae7-4665-9aad-30e5d508fdb2', 'neutron:security_group_ids': '', 'neutron:revision_number': '1', 'neutron:vnic_type': 'normal', 'neutron:port_capabilities': '', 'neutron:mtu': ''}, 'parent_name': [], 'tag': [], 'enabled': True, 'options': {}, 'type': '', 'port_security': [], 'dhcpv4_options': [], 'dhcpv6_options': []}) {{(pid=102980) do_commit /opt/stack/data/venv/lib/python3.12/site-packages/ovsdbapp/backend/ovs_idl/transaction.py:89}}
May 19 10:55:32.980212 np0000174698 devstack@neutron-api.service[102980]: DEBUG ovsdbapp.backend.ovs_idl.transaction [None req-ddfb9605-530b-401e-bc70-74396e9447f0 None None] Running txn n=1 command(idx=1): QoSDelCommand(_result=None, switch=neutron-957b7da8-1ae7-4665-9aad-30e5d508fdb2, conditions=[('direction', '=', 'to-lport'), ('priority', '=', 2002), ('match', '=', 'outport == "e10bd5e4-ea1e-4d8e-88c4-5cce37d26296"')], if_exists=True) {{(pid=102980) do_commit /opt/stack/data/venv/lib/python3.12/site-packages/ovsdbapp/backend/ovs_idl/transaction.py:89}}
May 19 10:55:32.980590 np0000174698 devstack@neutron-api.service[102980]: DEBUG ovsdbapp.backend.ovs_idl.transaction [None req-ddfb9605-530b-401e-bc70-74396e9447f0 None None] Running txn n=1 command(idx=2): QoSDelCommand(_result=None, switch=neutron-957b7da8-1ae7-4665-9aad-30e5d508fdb2, conditions=[('direction', '=', 'from-lport'), ('priority', '=', 2002), ('match', '=', 'inport == "e10bd5e4-ea1e-4d8e-88c4-5cce37d26296"')], if_exists=True) {{(pid=102980) do_commit /opt/stack/data/venv/lib/python3.12/site-packages/ovsdbapp/backend/ovs_idl/transaction.py:89}}
May 19 10:55:32.981013 np0000174698 devstack@neutron-api.service[102980]: DEBUG ovsdbapp.backend.ovs_idl.transaction [None req-ddfb9605-530b-401e-bc70-74396e9447f0 None None] Running txn n=1 command(idx=3): UpdateLSwitchPortQosOptionsCommand(_result=None, lport=AddLSwitchPortCommand(_result=fb53b878-b55f-41c0-9358-218fa46c383b, lport=e10bd5e4-ea1e-4d8e-88c4-5cce37d26296, lswitch=neutron-957b7da8-1ae7-4665-9aad-30e5d508fdb2, may_exist=True, network_uuid=957b7da8-1ae7-4665-9aad-30e5d508fdb2, columns={'addresses': ['unknown'], 'external_ids': {'neutron:port_name': '', 'neutron:device_id': 'ec2b5cf6-9f08-4b7a-95c7-9b57eb7e9d12', 'neutron:project_id': '', 'neutron:cidrs': '172.24.5.120/24', 'neutron:device_owner': 'network:router_gateway', 'neutron:subnet_pool_addr_scope4': '', 'neutron:subnet_pool_addr_scope6': '', 'neutron:network_name': 'neutron-957b7da8-1ae7-4665-9aad-30e5d508fdb2', 'neutron:security_group_ids': '', 'neutron:revision_number': '1', 'neutron:vnic_type': 'normal', 'neutron:port_capabilities': '', 'neutron:mtu': ''}, 'parent_name': [], 'enabled': True, 'options': {}, 'type': '', 'port_security': []}), if_exists=True, qos={'qos_max_rate': None, 'qos_burst': None, 'qos_min_rate': None}) {{(pid=102980) do_commit /opt/stack/data/venv/lib/python3.12/site-packages/ovsdbapp/backend/ovs_idl/transaction.py:89}}
May 19 10:55:32.987633 np0000174698 devstack@neutron-api.service[102982]: DEBUG neutron.plugins.ml2.drivers.ovn.mech_driver.ovsdb.ovsdb_monitor [None req-f53bb67a-260c-4dc1-bb4d-cff9c465f0d9 None None] Touching Hash Ring node "9115376c4ecf5f38b59b7aeb33545b64" from IDL notify handler {{(pid=102982) notify /opt/stack/neutron/neutron/plugins/ml2/drivers/ovn/mech_driver/ovsdb/ovsdb_monitor.py:934}}
May 19 10:55:32.988403 np0000174698 devstack@neutron-api.service[102979]: DEBUG neutron.plugins.ml2.drivers.ovn.mech_driver.ovsdb.ovsdb_monitor [None req-52b70945-359c-4308-abd8-35a1dbe26f64 None None] Touching Hash Ring node "e0497b32f3925f86aee0e8505086cb3e" from IDL notify handler {{(pid=102979) notify /opt/stack/neutron/neutron/plugins/ml2/drivers/ovn/mech_driver/ovsdb/ovsdb_monitor.py:934}}
May 19 10:55:32.990987 np0000174698 devstack@neutron-api.service[102981]: DEBUG neutron.plugins.ml2.drivers.ovn.mech_driver.ovsdb.ovsdb_monitor [None req-d4dda859-7d41-484b-82e2-9f90b5a78d4e None None] Touching Hash Ring node "7a217bad7f775ca6aacae69d298065f1" from IDL notify handler {{(pid=102981) notify /opt/stack/neutron/neutron/plugins/ml2/drivers/ovn/mech_driver/ovsdb/ovsdb_monitor.py:934}}
May 19 10:55:32.993354 np0000174698 devstack@neutron-api.service[102979]: DEBUG neutron.plugins.ml2.drivers.ovn.mech_driver.ovsdb.ovsdb_monitor [None req-bd3faf56-3d29-4b07-919d-5d5e36a1e43c None None] Touching Hash Ring node "e0497b32f3925f86aee0e8505086cb3e" from IDL notify handler {{(pid=102979) notify /opt/stack/neutron/neutron/plugins/ml2/drivers/ovn/mech_driver/ovsdb/ovsdb_monitor.py:934}}
May 19 10:55:32.993727 np0000174698 devstack@neutron-api.service[102981]: DEBUG neutron.plugins.ml2.drivers.ovn.mech_driver.ovsdb.ovsdb_monitor [None req-c1e3fe60-c70c-46a3-b933-39a656ce91e8 None None] Touching Hash Ring node "7a217bad7f775ca6aacae69d298065f1" from IDL notify handler {{(pid=102981) notify /opt/stack/neutron/neutron/plugins/ml2/drivers/ovn/mech_driver/ovsdb/ovsdb_monitor.py:934}}
May 19 10:55:32.997102 np0000174698 devstack@neutron-api.service[102982]: DEBUG neutron.plugins.ml2.drivers.ovn.mech_driver.ovsdb.ovsdb_monitor [None req-f53bb67a-260c-4dc1-bb4d-cff9c465f0d9 None None] Hash Ring: Node 9115376c4ecf5f38b59b7aeb33545b64 (host: np0000174698) handling event "update" for row 957b7da8-1ae7-4665-9aad-30e5d508fdb2 (table: Logical_Switch) {{(pid=102982) notify /opt/stack/neutron/neutron/plugins/ml2/drivers/ovn/mech_driver/ovsdb/ovsdb_monitor.py:942}}
May 19 10:55:33.000113 np0000174698 devstack@neutron-api.service[102979]: DEBUG neutron.plugins.ml2.drivers.ovn.mech_driver.ovsdb.ovsdb_monitor [None req-52b70945-359c-4308-abd8-35a1dbe26f64 None None] Hash Ring: Node e0497b32f3925f86aee0e8505086cb3e (host: np0000174698) handling event "create" for row 0f40092b-041a-4871-bfc9-4911b5897380 (table: Logical_Switch_Port) {{(pid=102979) notify /opt/stack/neutron/neutron/plugins/ml2/drivers/ovn/mech_driver/ovsdb/ovsdb_monitor.py:942}}
May 19 10:55:33.001168 np0000174698 devstack@neutron-api.service[102979]: DEBUG ovsdbapp.backend.ovs_idl.event [None req-52b70945-359c-4308-abd8-35a1dbe26f64 None None] Matched CREATE: LogicalSwitchPortCreateEvent(events=('create',), table='Logical_Switch_Port', conditions=[], old_conditions=None), priority=20 to row=Logical_Switch_Port(uuid=0f40092b-041a-4871-bfc9-4911b5897380, addresses=['unknown'], dhcpv4_options=[], dhcpv6_options=[], dynamic_addresses=[], enabled=True, external_ids={'neutron:cidrs': '172.24.5.120/24', 'neutron:device_id': 'ec2b5cf6-9f08-4b7a-95c7-9b57eb7e9d12', 'neutron:device_owner': 'network:router_gateway', 'neutron:mtu': '', 'neutron:network_name': 'neutron-957b7da8-1ae7-4665-9aad-30e5d508fdb2', 'neutron:port_capabilities': '', 'neutron:port_name': '', 'neutron:project_id': '', 'neutron:revision_number': '1', 'neutron:security_group_ids': '', 'neutron:subnet_pool_addr_scope4': '', 'neutron:subnet_pool_addr_scope6': '', 'neutron:vnic_type': 'normal'}, ha_chassis_group=[], mirror_rules=[], name='e10bd5e4-ea1e-4d8e-88c4-5cce37d26296', options={}, parent_name=[], port_security=[], tag=[], tag_request=[], type='', up=[]) old= {{(pid=102979) matches /opt/stack/data/venv/lib/python3.12/site-packages/ovsdbapp/backend/ovs_idl/event.py:55}}
May 19 10:55:33.001897 np0000174698 devstack@neutron-api.service[102981]: DEBUG neutron.plugins.ml2.drivers.ovn.mech_driver.ovsdb.ovsdb_monitor [None req-d4dda859-7d41-484b-82e2-9f90b5a78d4e None None] Hash Ring: Node 7a217bad7f775ca6aacae69d298065f1 (host: np0000174698) handling event "update" for row 957b7da8-1ae7-4665-9aad-30e5d508fdb2 (table: Logical_Switch) {{(pid=102981) notify /opt/stack/neutron/neutron/plugins/ml2/drivers/ovn/mech_driver/ovsdb/ovsdb_monitor.py:942}}
May 19 10:55:33.002647 np0000174698 devstack@neutron-api.service[102979]: DEBUG neutron.plugins.ml2.drivers.ovn.mech_driver.ovsdb.ovsdb_monitor [None req-bd3faf56-3d29-4b07-919d-5d5e36a1e43c None None] Hash Ring: Node e0497b32f3925f86aee0e8505086cb3e (host: np0000174698) handling event "create" for row 77034d10-fc8a-4114-8016-349f75bc35a4 (table: Port_Binding) {{(pid=102979) notify /opt/stack/neutron/neutron/plugins/ml2/drivers/ovn/mech_driver/ovsdb/ovsdb_monitor.py:942}}
May 19 10:55:33.003230 np0000174698 devstack@neutron-api.service[102981]: DEBUG neutron.plugins.ml2.drivers.ovn.mech_driver.ovsdb.ovsdb_monitor [None req-c1e3fe60-c70c-46a3-b933-39a656ce91e8 None None] Hash Ring: Node 7a217bad7f775ca6aacae69d298065f1 (host: np0000174698) handling event "create" for row 77034d10-fc8a-4114-8016-349f75bc35a4 (table: Port_Binding) {{(pid=102981) notify /opt/stack/neutron/neutron/plugins/ml2/drivers/ovn/mech_driver/ovsdb/ovsdb_monitor.py:942}}
May 19 10:55:33.003858 np0000174698 devstack@neutron-api.service[102979]: DEBUG neutron.plugins.ml2.drivers.ovn.mech_driver.ovsdb.ovsdb_monitor [None req-52b70945-359c-4308-abd8-35a1dbe26f64 None None] Touching Hash Ring node "e0497b32f3925f86aee0e8505086cb3e" from IDL notify handler {{(pid=102979) notify /opt/stack/neutron/neutron/plugins/ml2/drivers/ovn/mech_driver/ovsdb/ovsdb_monitor.py:934}}
May 19 10:55:33.006515 np0000174698 devstack@neutron-api.service[102979]: DEBUG neutron.plugins.ml2.drivers.ovn.mech_driver.ovsdb.ovsdb_monitor [None req-52b70945-359c-4308-abd8-35a1dbe26f64 None None] Hash Ring: Node e0497b32f3925f86aee0e8505086cb3e (host: np0000174698) handling event "update" for row 0f40092b-041a-4871-bfc9-4911b5897380 (table: Logical_Switch_Port) {{(pid=102979) notify /opt/stack/neutron/neutron/plugins/ml2/drivers/ovn/mech_driver/ovsdb/ovsdb_monitor.py:942}}
May 19 10:55:33.020061 np0000174698 devstack@neutron-api.service[102980]: INFO neutron.db.ovn_revision_numbers_db [None req-a1bbc032-8448-4177-8215-f2f5ae707033 admin admin] Successfully bumped revision number for resource e10bd5e4-ea1e-4d8e-88c4-5cce37d26296 (type: ports) to 1
May 19 10:55:33.145100 np0000174698 devstack@neutron-api.service[102980]: DEBUG neutron_lib.callbacks.manager [None req-a1bbc032-8448-4177-8215-f2f5ae707033 admin admin] Publish callbacks [] for router_gateway (ec2b5cf6-9f08-4b7a-95c7-9b57eb7e9d12), after_create {{(pid=102980) _notify_loop /opt/stack/data/venv/lib/python3.12/site-packages/neutron_lib/callbacks/manager.py:184}}
May 19 10:55:33.570795 np0000174698 devstack@neutron-api.service[102980]: DEBUG neutron_lib.callbacks.manager [None req-a1bbc032-8448-4177-8215-f2f5ae707033 admin admin] Publish callbacks ['neutron.services.ovn_l3.plugin.ExtraGatewaysDbOnlyMixin._process_bfd_ecmp_update-7906827', 'neutron.services.ovn_l3.service_providers.driver_controller.DriverController._update_router_provider-1577'] for router (ec2b5cf6-9f08-4b7a-95c7-9b57eb7e9d12), precommit_update {{(pid=102980) _notify_loop /opt/stack/data/venv/lib/python3.12/site-packages/neutron_lib/callbacks/manager.py:184}}
May 19 10:55:33.573395 np0000174698 devstack@neutron-api.service[102980]: DEBUG neutron_lib.callbacks.manager [None req-a1bbc032-8448-4177-8215-f2f5ae707033 admin admin] Publish callbacks ['neutron.services.ovn_l3.service_providers.ovn.OvnDriver._process_router_update-2095'] for router (ec2b5cf6-9f08-4b7a-95c7-9b57eb7e9d12), after_update {{(pid=102980) _notify_loop /opt/stack/data/venv/lib/python3.12/site-packages/neutron_lib/callbacks/manager.py:184}}
May 19 10:55:33.573514 np0000174698 devstack@neutron-api.service[102980]: INFO neutron.plugins.ml2.drivers.ovn.mech_driver.ovsdb.extensions.qos [None req-a1bbc032-8448-4177-8215-f2f5ae707033 admin admin] Starting OVNClientQosExtension
May 19 10:55:34.062535 np0000174698 devstack@neutron-api.service[102980]: DEBUG ovsdbapp.backend.ovs_idl.transaction [None req-ddfb9605-530b-401e-bc70-74396e9447f0 None None] Running txn n=1 command(idx=0): CheckRevisionNumberCommand(_result=None, name=neutron-ec2b5cf6-9f08-4b7a-95c7-9b57eb7e9d12, resource={'id': 'ec2b5cf6-9f08-4b7a-95c7-9b57eb7e9d12', 'name': 'router1', 'project_id': 'f3d55c2a40a54c3e9eda698431c64313', 'admin_state_up': True, 'status': 'ACTIVE', 'enable_snat': True, 'external_gateway_info': {'network_id': '957b7da8-1ae7-4665-9aad-30e5d508fdb2', 'external_fixed_ips': [{'subnet_id': '8b6019a9-72f9-4ea5-97c1-d0c7cfcdc058', 'ip_address': '172.24.5.120'}], 'enable_snat': True}, 'gw_port_id': 'e10bd5e4-ea1e-4d8e-88c4-5cce37d26296', 'description': '', 'availability_zones': [], 'distributed': False, 'ha': True, 'ha_vr_id': 0, 'availability_zone_hints': [], 'enable_default_route_ecmp': False, 'enable_default_route_bfd': False, 'external_gateways': [{'network_id': '957b7da8-1ae7-4665-9aad-30e5d508fdb2', 'external_fixed_ips': [{'ip_address': '172.24.5.120', 'subnet_id': '8b6019a9-72f9-4ea5-97c1-d0c7cfcdc058'}]}], 'routes': [], 'flavor_id': None, 'tags': [], 'created_at': '2026-05-19T10:55:28Z', 'updated_at': '2026-05-19T10:55:33Z', 'revision_number': 3, 'tenant_id': 'f3d55c2a40a54c3e9eda698431c64313'}, resource_type=routers, if_exists=True) {{(pid=102980) do_commit /opt/stack/data/venv/lib/python3.12/site-packages/ovsdbapp/backend/ovs_idl/transaction.py:89}}
May 19 10:55:34.063339 np0000174698 devstack@neutron-api.service[102980]: DEBUG ovsdbapp.backend.ovs_idl.transaction [None req-ddfb9605-530b-401e-bc70-74396e9447f0 None None] Running txn n=1 command(idx=1): DeleteLRouterExtGwCommand(_result=None, lrouter=neutron-ec2b5cf6-9f08-4b7a-95c7-9b57eb7e9d12, if_exists=True, maintain_bfd=True) {{(pid=102980) do_commit /opt/stack/data/venv/lib/python3.12/site-packages/ovsdbapp/backend/ovs_idl/transaction.py:89}}
May 19 10:55:34.064089 np0000174698 devstack@neutron-api.service[102980]: DEBUG ovsdbapp.backend.ovs_idl.transaction [None req-ddfb9605-530b-401e-bc70-74396e9447f0 None None] Running txn n=1 command(idx=2): DeleteNATRuleInLRouterCommand(_result=None, lrouter=neutron-ec2b5cf6-9f08-4b7a-95c7-9b57eb7e9d12, type=snat, logical_ip=10.1.0.0/26, external_ip=172.24.5.120, if_exists=True) {{(pid=102980) do_commit /opt/stack/data/venv/lib/python3.12/site-packages/ovsdbapp/backend/ovs_idl/transaction.py:89}}
May 19 10:55:34.064405 np0000174698 devstack@neutron-api.service[102980]: DEBUG ovsdbapp.backend.ovs_idl.transaction [None req-ddfb9605-530b-401e-bc70-74396e9447f0 None None] Running txn n=1 command(idx=3): DelStaticRoutesCommand(_result=None, lrouter=neutron-ec2b5cf6-9f08-4b7a-95c7-9b57eb7e9d12, routes=[('0.0.0.0/0', '172.24.5.1')], if_exists=True) {{(pid=102980) do_commit /opt/stack/data/venv/lib/python3.12/site-packages/ovsdbapp/backend/ovs_idl/transaction.py:89}}
May 19 10:55:34.064733 np0000174698 devstack@neutron-api.service[102980]: DEBUG ovsdbapp.backend.ovs_idl.transaction [None req-ddfb9605-530b-401e-bc70-74396e9447f0 None None] Running txn n=1 command(idx=4): DelLRouterPortCommand(_result=None, name=lrp-e10bd5e4-ea1e-4d8e-88c4-5cce37d26296, lrouter=neutron-ec2b5cf6-9f08-4b7a-95c7-9b57eb7e9d12, if_exists=True) {{(pid=102980) do_commit /opt/stack/data/venv/lib/python3.12/site-packages/ovsdbapp/backend/ovs_idl/transaction.py:89}}
May 19 10:55:34.065102 np0000174698 devstack@neutron-api.service[102980]: DEBUG ovsdbapp.backend.ovs_idl.transaction [None req-ddfb9605-530b-401e-bc70-74396e9447f0 None None] Running txn n=1 command(idx=5): AddLRouterPortCommand(_result=None, name=lrp-e10bd5e4-ea1e-4d8e-88c4-5cce37d26296, lrouter=neutron-ec2b5cf6-9f08-4b7a-95c7-9b57eb7e9d12, may_exist=True, columns={'mac': 'fa:16:3e:ec:08:35', 'networks': ['172.24.5.120/24'], 'external_ids': {'neutron:revision_number': '1', 'neutron:subnet_ids': '8b6019a9-72f9-4ea5-97c1-d0c7cfcdc058', 'neutron:network_name': 'neutron-957b7da8-1ae7-4665-9aad-30e5d508fdb2', 'neutron:is_ext_gw': 'True', 'neutron:router_name': 'neutron-ec2b5cf6-9f08-4b7a-95c7-9b57eb7e9d12'}, 'options': {'reside-on-redirect-chassis': 'true', 'gateway_mtu': '1372'}}) {{(pid=102980) do_commit /opt/stack/data/venv/lib/python3.12/site-packages/ovsdbapp/backend/ovs_idl/transaction.py:89}}
May 19 10:55:34.065966 np0000174698 devstack@neutron-api.service[102980]: DEBUG ovsdbapp.backend.ovs_idl.transaction [None req-ddfb9605-530b-401e-bc70-74396e9447f0 None None] Running txn n=1 command(idx=6): ScheduleNewGatewayCommand(_result=None, g_name=lrp-e10bd5e4-ea1e-4d8e-88c4-5cce37d26296, sb_api=, lrouter_name=neutron-ec2b5cf6-9f08-4b7a-95c7-9b57eb7e9d12, ovn_client=, scheduler=, physnet=public, az_hints=[]) {{(pid=102980) do_commit /opt/stack/data/venv/lib/python3.12/site-packages/ovsdbapp/backend/ovs_idl/transaction.py:89}}
May 19 10:55:34.067118 np0000174698 devstack@neutron-api.service[102980]: DEBUG neutron.plugins.ml2.drivers.ovn.mech_driver.ovsdb.ovn_client [None req-ddfb9605-530b-401e-bc70-74396e9447f0 None None] Chassis candidates for scheduling gateway router ports for "public" physical network: ['6a3c2b35-1c34-4204-9612-81d341cdc162'] {{(pid=102980) get_candidates_for_scheduling /opt/stack/neutron/neutron/plugins/ml2/drivers/ovn/mech_driver/ovsdb/ovn_client.py:1715}}
May 19 10:55:34.068001 np0000174698 devstack@neutron-api.service[102980]: DEBUG neutron.scheduler.l3_ovn_scheduler [None req-ddfb9605-530b-401e-bc70-74396e9447f0 None None] Gateway lrp-e10bd5e4-ea1e-4d8e-88c4-5cce37d26296 scheduled on chassis ['6a3c2b35-1c34-4204-9612-81d341cdc162'] {{(pid=102980) _schedule_gateway /opt/stack/neutron/neutron/scheduler/l3_ovn_scheduler.py:88}}
May 19 10:55:34.068697 np0000174698 devstack@neutron-api.service[102980]: DEBUG ovsdbapp.backend.ovs_idl.transaction [None req-ddfb9605-530b-401e-bc70-74396e9447f0 None None] Running txn n=1 command(idx=7): SetLRouterPortInLSwitchPortCommand(_result=None, lswitch_port=e10bd5e4-ea1e-4d8e-88c4-5cce37d26296, lrouter_port=lrp-e10bd5e4-ea1e-4d8e-88c4-5cce37d26296, is_gw_port=True, if_exists=True, lsp_address=router) {{(pid=102980) do_commit /opt/stack/data/venv/lib/python3.12/site-packages/ovsdbapp/backend/ovs_idl/transaction.py:89}}
May 19 10:55:34.069303 np0000174698 devstack@neutron-api.service[102980]: DEBUG ovsdbapp.backend.ovs_idl.transaction [None req-ddfb9605-530b-401e-bc70-74396e9447f0 None None] Running txn n=1 command(idx=8): AddStaticRouteCommand(_result=None, lrouter=neutron-ec2b5cf6-9f08-4b7a-95c7-9b57eb7e9d12, maintain_bfd=False, columns={'ip_prefix': '0.0.0.0/0', 'nexthop': '172.24.5.1', 'external_ids': {'neutron:is_ext_gw': 'true', 'neutron:subnet_id': '8b6019a9-72f9-4ea5-97c1-d0c7cfcdc058', 'neutron:is_static_route': 'true'}}) {{(pid=102980) do_commit /opt/stack/data/venv/lib/python3.12/site-packages/ovsdbapp/backend/ovs_idl/transaction.py:89}}
May 19 10:55:34.069785 np0000174698 devstack@neutron-api.service[102980]: DEBUG ovsdbapp.backend.ovs_idl.transaction [None req-ddfb9605-530b-401e-bc70-74396e9447f0 None None] Running txn n=1 command(idx=9): AddNATRuleInLRouterCommand(_result=None, lrouter=neutron-ec2b5cf6-9f08-4b7a-95c7-9b57eb7e9d12, columns={'type': 'snat', 'logical_ip': '10.1.0.0/26', 'external_ip': '172.24.5.120'}) {{(pid=102980) do_commit /opt/stack/data/venv/lib/python3.12/site-packages/ovsdbapp/backend/ovs_idl/transaction.py:89}}
May 19 10:55:34.070277 np0000174698 devstack@neutron-api.service[102980]: DEBUG ovsdbapp.backend.ovs_idl.transaction [None req-ddfb9605-530b-401e-bc70-74396e9447f0 None None] Running txn n=1 command(idx=10): UpdateLRouterCommand(_result=None, name=neutron-ec2b5cf6-9f08-4b7a-95c7-9b57eb7e9d12, columns={'external_ids': {'neutron:router_name': 'router1', 'neutron:revision_number': '3', 'neutron:availability_zone_hints': ''}, 'enabled': True}, if_exists=True) {{(pid=102980) do_commit /opt/stack/data/venv/lib/python3.12/site-packages/ovsdbapp/backend/ovs_idl/transaction.py:89}}
May 19 10:55:34.070765 np0000174698 devstack@neutron-api.service[102980]: DEBUG ovsdbapp.backend.ovs_idl.transaction [None req-ddfb9605-530b-401e-bc70-74396e9447f0 None None] Running txn n=1 command(idx=11): QoSDelCommand(_result=None, switch=neutron-957b7da8-1ae7-4665-9aad-30e5d508fdb2, conditions=[('direction', '=', 'from-lport'), ('priority', '=', 2002), ('match', '=', 'inport == "e10bd5e4-ea1e-4d8e-88c4-5cce37d26296"')], if_exists=True) {{(pid=102980) do_commit /opt/stack/data/venv/lib/python3.12/site-packages/ovsdbapp/backend/ovs_idl/transaction.py:89}}
May 19 10:55:34.071255 np0000174698 devstack@neutron-api.service[102980]: DEBUG ovsdbapp.backend.ovs_idl.transaction [None req-ddfb9605-530b-401e-bc70-74396e9447f0 None None] Running txn n=1 command(idx=12): QoSDelCommand(_result=None, switch=neutron-957b7da8-1ae7-4665-9aad-30e5d508fdb2, conditions=[('direction', '=', 'to-lport'), ('priority', '=', 2002), ('match', '=', 'outport == "e10bd5e4-ea1e-4d8e-88c4-5cce37d26296"')], if_exists=True) {{(pid=102980) do_commit /opt/stack/data/venv/lib/python3.12/site-packages/ovsdbapp/backend/ovs_idl/transaction.py:89}}
May 19 10:55:34.128076 np0000174698 devstack@neutron-api.service[102980]: DEBUG neutron.plugins.ml2.drivers.ovn.mech_driver.ovsdb.ovsdb_monitor [None req-ddfb9605-530b-401e-bc70-74396e9447f0 None None] Touching Hash Ring node "e3746bd04b205cd8a114047e82faf2bb" from IDL notify handler {{(pid=102980) notify /opt/stack/neutron/neutron/plugins/ml2/drivers/ovn/mech_driver/ovsdb/ovsdb_monitor.py:934}}
May 19 10:55:34.130745 np0000174698 devstack@neutron-api.service[102982]: DEBUG neutron.plugins.ml2.drivers.ovn.mech_driver.ovsdb.ovsdb_monitor [None req-f53bb67a-260c-4dc1-bb4d-cff9c465f0d9 None None] Touching Hash Ring node "9115376c4ecf5f38b59b7aeb33545b64" from IDL notify handler {{(pid=102982) notify /opt/stack/neutron/neutron/plugins/ml2/drivers/ovn/mech_driver/ovsdb/ovsdb_monitor.py:934}}
May 19 10:55:34.136525 np0000174698 devstack@neutron-api.service[102979]: DEBUG neutron.plugins.ml2.drivers.ovn.mech_driver.ovsdb.ovsdb_monitor [None req-52b70945-359c-4308-abd8-35a1dbe26f64 None None] Touching Hash Ring node "e0497b32f3925f86aee0e8505086cb3e" from IDL notify handler {{(pid=102979) notify /opt/stack/neutron/neutron/plugins/ml2/drivers/ovn/mech_driver/ovsdb/ovsdb_monitor.py:934}}
May 19 10:55:34.136943 np0000174698 devstack@neutron-api.service[102981]: DEBUG neutron.plugins.ml2.drivers.ovn.mech_driver.ovsdb.ovsdb_monitor [None req-c1e3fe60-c70c-46a3-b933-39a656ce91e8 None None] Touching Hash Ring node "7a217bad7f775ca6aacae69d298065f1" from IDL notify handler {{(pid=102981) notify /opt/stack/neutron/neutron/plugins/ml2/drivers/ovn/mech_driver/ovsdb/ovsdb_monitor.py:934}}
May 19 10:55:34.143146 np0000174698 devstack@neutron-api.service[102980]: DEBUG neutron.plugins.ml2.drivers.ovn.mech_driver.ovsdb.ovsdb_monitor [None req-991891d2-4ac4-41ec-bebb-7e9f08c66658 None None] Touching Hash Ring node "e3746bd04b205cd8a114047e82faf2bb" from IDL notify handler {{(pid=102980) notify /opt/stack/neutron/neutron/plugins/ml2/drivers/ovn/mech_driver/ovsdb/ovsdb_monitor.py:934}}
May 19 10:55:34.143317 np0000174698 devstack@neutron-api.service[102981]: DEBUG neutron.plugins.ml2.drivers.ovn.mech_driver.ovsdb.ovsdb_monitor [None req-d4dda859-7d41-484b-82e2-9f90b5a78d4e None None] Touching Hash Ring node "7a217bad7f775ca6aacae69d298065f1" from IDL notify handler {{(pid=102981) notify /opt/stack/neutron/neutron/plugins/ml2/drivers/ovn/mech_driver/ovsdb/ovsdb_monitor.py:934}}
May 19 10:55:34.143453 np0000174698 devstack@neutron-api.service[102979]: DEBUG neutron.plugins.ml2.drivers.ovn.mech_driver.ovsdb.ovsdb_monitor [None req-bd3faf56-3d29-4b07-919d-5d5e36a1e43c None None] Touching Hash Ring node "e0497b32f3925f86aee0e8505086cb3e" from IDL notify handler {{(pid=102979) notify /opt/stack/neutron/neutron/plugins/ml2/drivers/ovn/mech_driver/ovsdb/ovsdb_monitor.py:934}}
May 19 10:55:34.143581 np0000174698 devstack@neutron-api.service[102982]: DEBUG neutron.plugins.ml2.drivers.ovn.mech_driver.ovsdb.ovsdb_monitor [None req-f53bb67a-260c-4dc1-bb4d-cff9c465f0d9 None None] Hash Ring: Node 9115376c4ecf5f38b59b7aeb33545b64 (host: np0000174698) handling event "create" for row 26e6a606-de75-40ed-ac22-5ffa7b77c374 (table: HA_Chassis) {{(pid=102982) notify /opt/stack/neutron/neutron/plugins/ml2/drivers/ovn/mech_driver/ovsdb/ovsdb_monitor.py:942}}
May 19 10:55:34.144467 np0000174698 devstack@neutron-api.service[102982]: DEBUG neutron.plugins.ml2.drivers.ovn.mech_driver.ovsdb.ovsdb_monitor [None req-f53bb67a-260c-4dc1-bb4d-cff9c465f0d9 None None] Touching Hash Ring node "9115376c4ecf5f38b59b7aeb33545b64" from IDL notify handler {{(pid=102982) notify /opt/stack/neutron/neutron/plugins/ml2/drivers/ovn/mech_driver/ovsdb/ovsdb_monitor.py:934}}
May 19 10:55:34.147391 np0000174698 devstack@neutron-api.service[102981]: DEBUG neutron.plugins.ml2.drivers.ovn.mech_driver.ovsdb.ovsdb_monitor [None req-c1e3fe60-c70c-46a3-b933-39a656ce91e8 None None] Hash Ring: Node 7a217bad7f775ca6aacae69d298065f1 (host: np0000174698) handling event "update" for row 77034d10-fc8a-4114-8016-349f75bc35a4 (table: Port_Binding) {{(pid=102981) notify /opt/stack/neutron/neutron/plugins/ml2/drivers/ovn/mech_driver/ovsdb/ovsdb_monitor.py:942}}
May 19 10:55:34.147550 np0000174698 devstack@neutron-api.service[102982]: DEBUG neutron.plugins.ml2.drivers.ovn.mech_driver.ovsdb.ovsdb_monitor [None req-f53bb67a-260c-4dc1-bb4d-cff9c465f0d9 None None] Hash Ring: Node 9115376c4ecf5f38b59b7aeb33545b64 (host: np0000174698) handling event "update" for row 2bdcfaab-60f9-4b0c-b328-953e5284afb8 (table: Logical_Router) {{(pid=102982) notify /opt/stack/neutron/neutron/plugins/ml2/drivers/ovn/mech_driver/ovsdb/ovsdb_monitor.py:942}}
May 19 10:55:34.147689 np0000174698 devstack@neutron-api.service[102979]: DEBUG neutron.plugins.ml2.drivers.ovn.mech_driver.ovsdb.ovsdb_monitor [None req-bd3faf56-3d29-4b07-919d-5d5e36a1e43c None None] Hash Ring: Node e0497b32f3925f86aee0e8505086cb3e (host: np0000174698) handling event "update" for row 77034d10-fc8a-4114-8016-349f75bc35a4 (table: Port_Binding) {{(pid=102979) notify /opt/stack/neutron/neutron/plugins/ml2/drivers/ovn/mech_driver/ovsdb/ovsdb_monitor.py:942}}
May 19 10:55:34.148121 np0000174698 devstack@neutron-api.service[102981]: DEBUG neutron.plugins.ml2.drivers.ovn.mech_driver.ovsdb.ovsdb_monitor [None req-d4dda859-7d41-484b-82e2-9f90b5a78d4e None None] Hash Ring: Node 7a217bad7f775ca6aacae69d298065f1 (host: np0000174698) handling event "create" for row 26e6a606-de75-40ed-ac22-5ffa7b77c374 (table: HA_Chassis) {{(pid=102981) notify /opt/stack/neutron/neutron/plugins/ml2/drivers/ovn/mech_driver/ovsdb/ovsdb_monitor.py:942}}
May 19 10:55:34.148657 np0000174698 devstack@neutron-api.service[102979]: DEBUG neutron.plugins.ml2.drivers.ovn.mech_driver.ovsdb.ovsdb_monitor [None req-bd3faf56-3d29-4b07-919d-5d5e36a1e43c None None] Touching Hash Ring node "e0497b32f3925f86aee0e8505086cb3e" from IDL notify handler {{(pid=102979) notify /opt/stack/neutron/neutron/plugins/ml2/drivers/ovn/mech_driver/ovsdb/ovsdb_monitor.py:934}}
May 19 10:55:34.149877 np0000174698 devstack@neutron-api.service[102979]: DEBUG neutron.plugins.ml2.drivers.ovn.mech_driver.ovsdb.ovsdb_monitor [None req-52b70945-359c-4308-abd8-35a1dbe26f64 None None] Hash Ring: Node e0497b32f3925f86aee0e8505086cb3e (host: np0000174698) handling event "create" for row ba6b8759-73d7-4092-9425-e0af82fe05cd (table: HA_Chassis_Group) {{(pid=102979) notify /opt/stack/neutron/neutron/plugins/ml2/drivers/ovn/mech_driver/ovsdb/ovsdb_monitor.py:942}}
May 19 10:55:34.150020 np0000174698 devstack@neutron-api.service[102981]: DEBUG neutron.plugins.ml2.drivers.ovn.mech_driver.ovsdb.ovsdb_monitor [None req-c1e3fe60-c70c-46a3-b933-39a656ce91e8 None None] Touching Hash Ring node "7a217bad7f775ca6aacae69d298065f1" from IDL notify handler {{(pid=102981) notify /opt/stack/neutron/neutron/plugins/ml2/drivers/ovn/mech_driver/ovsdb/ovsdb_monitor.py:934}}
May 19 10:55:34.150893 np0000174698 devstack@neutron-api.service[102981]: DEBUG neutron.plugins.ml2.drivers.ovn.mech_driver.ovsdb.ovsdb_monitor [None req-d4dda859-7d41-484b-82e2-9f90b5a78d4e None None] Touching Hash Ring node "7a217bad7f775ca6aacae69d298065f1" from IDL notify handler {{(pid=102981) notify /opt/stack/neutron/neutron/plugins/ml2/drivers/ovn/mech_driver/ovsdb/ovsdb_monitor.py:934}}
May 19 10:55:34.151886 np0000174698 devstack@neutron-api.service[102980]: DEBUG neutron.plugins.ml2.drivers.ovn.mech_driver.ovsdb.ovsdb_monitor [None req-ddfb9605-530b-401e-bc70-74396e9447f0 None None] Hash Ring: Node e3746bd04b205cd8a114047e82faf2bb (host: np0000174698) handling event "create" for row 983c0e6c-0af3-4682-b327-ab7b255da8eb (table: Logical_Router_Port) {{(pid=102980) notify /opt/stack/neutron/neutron/plugins/ml2/drivers/ovn/mech_driver/ovsdb/ovsdb_monitor.py:942}}
May 19 10:55:34.151966 np0000174698 devstack@neutron-api.service[102979]: DEBUG neutron.plugins.ml2.drivers.ovn.mech_driver.ovsdb.ovsdb_monitor [None req-52b70945-359c-4308-abd8-35a1dbe26f64 None None] Touching Hash Ring node "e0497b32f3925f86aee0e8505086cb3e" from IDL notify handler {{(pid=102979) notify /opt/stack/neutron/neutron/plugins/ml2/drivers/ovn/mech_driver/ovsdb/ovsdb_monitor.py:934}}
May 19 10:55:34.153415 np0000174698 devstack@neutron-api.service[102979]: DEBUG neutron.plugins.ml2.drivers.ovn.mech_driver.ovsdb.ovsdb_monitor [None req-bd3faf56-3d29-4b07-919d-5d5e36a1e43c None None] Hash Ring: Node e0497b32f3925f86aee0e8505086cb3e (host: np0000174698) handling event "create" for row 9823f3b9-d759-48cf-86b7-64096d72cf75 (table: Port_Binding) {{(pid=102979) notify /opt/stack/neutron/neutron/plugins/ml2/drivers/ovn/mech_driver/ovsdb/ovsdb_monitor.py:942}}
May 19 10:55:34.153684 np0000174698 devstack@neutron-api.service[102980]: DEBUG neutron.plugins.ml2.drivers.ovn.mech_driver.ovsdb.ovsdb_monitor [None req-991891d2-4ac4-41ec-bebb-7e9f08c66658 None None] Hash Ring: Node e3746bd04b205cd8a114047e82faf2bb (host: np0000174698) handling event "create" for row 9823f3b9-d759-48cf-86b7-64096d72cf75 (table: Port_Binding) {{(pid=102980) notify /opt/stack/neutron/neutron/plugins/ml2/drivers/ovn/mech_driver/ovsdb/ovsdb_monitor.py:942}}
May 19 10:55:34.154278 np0000174698 devstack@neutron-api.service[102980]: DEBUG ovsdbapp.backend.ovs_idl.event [None req-ddfb9605-530b-401e-bc70-74396e9447f0 None None] Matched CREATE: LogicalRouterPortEvent(events=('create', 'delete'), table='Logical_Router_Port', conditions=None, old_conditions=None), priority=20 to row=Logical_Router_Port(uuid=983c0e6c-0af3-4682-b327-ab7b255da8eb, enabled=[], external_ids={'neutron:is_ext_gw': 'True', 'neutron:network_name': 'neutron-957b7da8-1ae7-4665-9aad-30e5d508fdb2', 'neutron:revision_number': '1', 'neutron:router_name': 'neutron-ec2b5cf6-9f08-4b7a-95c7-9b57eb7e9d12', 'neutron:subnet_ids': '8b6019a9-72f9-4ea5-97c1-d0c7cfcdc058'}, gateway_chassis=[], ha_chassis_group=ba6b8759-73d7-4092-9425-e0af82fe05cd, ipv6_prefix=[], ipv6_ra_configs={}, mac='fa:16:3e:ec:08:35', name='lrp-e10bd5e4-ea1e-4d8e-88c4-5cce37d26296', networks=['172.24.5.120/24'], options={'gateway_mtu': '1372', 'reside-on-redirect-chassis': 'true'}, peer=[], status={}) old= {{(pid=102980) matches /opt/stack/data/venv/lib/python3.12/site-packages/ovsdbapp/backend/ovs_idl/event.py:55}}
May 19 10:55:34.155882 np0000174698 devstack@neutron-api.service[102981]: DEBUG neutron.plugins.ml2.drivers.ovn.mech_driver.ovsdb.ovsdb_monitor [None req-d4dda859-7d41-484b-82e2-9f90b5a78d4e None None] Hash Ring: Node 7a217bad7f775ca6aacae69d298065f1 (host: np0000174698) handling event "create" for row 983c0e6c-0af3-4682-b327-ab7b255da8eb (table: Logical_Router_Port) {{(pid=102981) notify /opt/stack/neutron/neutron/plugins/ml2/drivers/ovn/mech_driver/ovsdb/ovsdb_monitor.py:942}}
May 19 10:55:34.156100 np0000174698 devstack@neutron-api.service[102979]: DEBUG neutron.plugins.ml2.drivers.ovn.mech_driver.ovsdb.ovsdb_monitor [None req-bd3faf56-3d29-4b07-919d-5d5e36a1e43c None None] Touching Hash Ring node "e0497b32f3925f86aee0e8505086cb3e" from IDL notify handler {{(pid=102979) notify /opt/stack/neutron/neutron/plugins/ml2/drivers/ovn/mech_driver/ovsdb/ovsdb_monitor.py:934}}
May 19 10:55:34.156200 np0000174698 devstack@neutron-api.service[102981]: DEBUG ovsdbapp.backend.ovs_idl.event [None req-d4dda859-7d41-484b-82e2-9f90b5a78d4e None None] Matched CREATE: LogicalRouterPortEvent(events=('create', 'delete'), table='Logical_Router_Port', conditions=None, old_conditions=None), priority=20 to row=Logical_Router_Port(uuid=983c0e6c-0af3-4682-b327-ab7b255da8eb, enabled=[], external_ids={'neutron:is_ext_gw': 'True', 'neutron:network_name': 'neutron-957b7da8-1ae7-4665-9aad-30e5d508fdb2', 'neutron:revision_number': '1', 'neutron:router_name': 'neutron-ec2b5cf6-9f08-4b7a-95c7-9b57eb7e9d12', 'neutron:subnet_ids': '8b6019a9-72f9-4ea5-97c1-d0c7cfcdc058'}, gateway_chassis=[], ha_chassis_group=ba6b8759-73d7-4092-9425-e0af82fe05cd, ipv6_prefix=[], ipv6_ra_configs={}, mac='fa:16:3e:ec:08:35', name='lrp-e10bd5e4-ea1e-4d8e-88c4-5cce37d26296', networks=['172.24.5.120/24'], options={'gateway_mtu': '1372', 'reside-on-redirect-chassis': 'true'}, peer=[], status={}) old= {{(pid=102981) matches /opt/stack/data/venv/lib/python3.12/site-packages/ovsdbapp/backend/ovs_idl/event.py:55}}
May 19 10:55:34.156706 np0000174698 devstack@neutron-api.service[102980]: DEBUG neutron.plugins.ml2.drivers.ovn.mech_driver.ovsdb.ovsdb_monitor [None req-ddfb9605-530b-401e-bc70-74396e9447f0 None None] Touching Hash Ring node "e3746bd04b205cd8a114047e82faf2bb" from IDL notify handler {{(pid=102980) notify /opt/stack/neutron/neutron/plugins/ml2/drivers/ovn/mech_driver/ovsdb/ovsdb_monitor.py:934}}
May 19 10:55:34.156800 np0000174698 devstack@neutron-api.service[102979]: DEBUG neutron.plugins.ml2.drivers.ovn.mech_driver.ovsdb.ovsdb_monitor [None req-52b70945-359c-4308-abd8-35a1dbe26f64 None None] Hash Ring: Node e0497b32f3925f86aee0e8505086cb3e (host: np0000174698) handling event "update" for row 2bdcfaab-60f9-4b0c-b328-953e5284afb8 (table: Logical_Router) {{(pid=102979) notify /opt/stack/neutron/neutron/plugins/ml2/drivers/ovn/mech_driver/ovsdb/ovsdb_monitor.py:942}}
May 19 10:55:34.157798 np0000174698 devstack@neutron-api.service[102981]: DEBUG neutron.plugins.ml2.drivers.ovn.mech_driver.ovsdb.ovsdb_monitor [None req-c1e3fe60-c70c-46a3-b933-39a656ce91e8 None None] Hash Ring: Node 7a217bad7f775ca6aacae69d298065f1 (host: np0000174698) handling event "create" for row 9823f3b9-d759-48cf-86b7-64096d72cf75 (table: Port_Binding) {{(pid=102981) notify /opt/stack/neutron/neutron/plugins/ml2/drivers/ovn/mech_driver/ovsdb/ovsdb_monitor.py:942}}
May 19 10:55:34.158045 np0000174698 devstack@neutron-api.service[102980]: DEBUG neutron.plugins.ml2.drivers.ovn.mech_driver.ovsdb.ovsdb_monitor [None req-991891d2-4ac4-41ec-bebb-7e9f08c66658 None None] Touching Hash Ring node "e3746bd04b205cd8a114047e82faf2bb" from IDL notify handler {{(pid=102980) notify /opt/stack/neutron/neutron/plugins/ml2/drivers/ovn/mech_driver/ovsdb/ovsdb_monitor.py:934}}
May 19 10:55:34.158285 np0000174698 devstack@neutron-api.service[102979]: DEBUG neutron.plugins.ml2.drivers.ovn.mech_driver.ovsdb.ovsdb_monitor [None req-52b70945-359c-4308-abd8-35a1dbe26f64 None None] Touching Hash Ring node "e0497b32f3925f86aee0e8505086cb3e" from IDL notify handler {{(pid=102979) notify /opt/stack/neutron/neutron/plugins/ml2/drivers/ovn/mech_driver/ovsdb/ovsdb_monitor.py:934}}
May 19 10:55:34.159735 np0000174698 devstack@neutron-api.service[102981]: DEBUG neutron.plugins.ml2.drivers.ovn.mech_driver.ovsdb.ovsdb_monitor [None req-d4dda859-7d41-484b-82e2-9f90b5a78d4e None None] Touching Hash Ring node "7a217bad7f775ca6aacae69d298065f1" from IDL notify handler {{(pid=102981) notify /opt/stack/neutron/neutron/plugins/ml2/drivers/ovn/mech_driver/ovsdb/ovsdb_monitor.py:934}}
May 19 10:55:34.161511 np0000174698 devstack@neutron-api.service[102981]: DEBUG neutron.plugins.ml2.drivers.ovn.mech_driver.ovsdb.ovsdb_monitor [None req-c1e3fe60-c70c-46a3-b933-39a656ce91e8 None None] Touching Hash Ring node "7a217bad7f775ca6aacae69d298065f1" from IDL notify handler {{(pid=102981) notify /opt/stack/neutron/neutron/plugins/ml2/drivers/ovn/mech_driver/ovsdb/ovsdb_monitor.py:934}}
May 19 10:55:34.161718 np0000174698 devstack@neutron-api.service[102979]: DEBUG neutron.plugins.ml2.drivers.ovn.mech_driver.ovsdb.ovsdb_monitor [None req-bd3faf56-3d29-4b07-919d-5d5e36a1e43c None None] Hash Ring: Node e0497b32f3925f86aee0e8505086cb3e (host: np0000174698) handling event "create" for row ef8d3e86-c5e5-4e80-bbe8-e33ab4202772 (table: Port_Binding) {{(pid=102979) notify /opt/stack/neutron/neutron/plugins/ml2/drivers/ovn/mech_driver/ovsdb/ovsdb_monitor.py:942}}
May 19 10:55:34.162236 np0000174698 devstack@neutron-api.service[102979]: DEBUG neutron.plugins.ml2.drivers.ovn.mech_driver.ovsdb.ovsdb_monitor [None req-52b70945-359c-4308-abd8-35a1dbe26f64 None None] Hash Ring: Node e0497b32f3925f86aee0e8505086cb3e (host: np0000174698) handling event "create" for row 5596803b-13f2-4fe4-8d17-05ed62352a66 (table: Logical_Router_Static_Route) {{(pid=102979) notify /opt/stack/neutron/neutron/plugins/ml2/drivers/ovn/mech_driver/ovsdb/ovsdb_monitor.py:942}}
