2026-04-13 23:23:36.038 8 INFO neutron.db.ovn_revision_numbers_db [None req-e264b3e6-ca86-471a-ad7a-bf78dc3ab1a4 7651fec7fba941fc80c06c61443bfe50 fe76b0e9078e448caad4f003a0559f28 - - default default] Successfully bumped revision number for resource d5d84670-98c8-4540-847a-0f26c5f57764 (type: security_group_rules) to 0 [pid: 8|app: 0|req: 873/1847] 10.0.0.89 () {32 vars in 773 bytes} [Mon Apr 13 23:23:35 2026] GET /v2.0/security-groups?tenant_id=2878b16353724f6f99a79d9d97f266bb&name=default => generated 2925 bytes in 225 msecs (HTTP/1.1 200) 4 headers in 158 bytes (1 switches on core 0)
2026-04-13 23:23:36.158 7 INFO neutron.db.ovn_revision_numbers_db [None req-ba333d3f-a2c5-4b7c-aee8-7586d4dc417d 7651fec7fba941fc80c06c61443bfe50 fe76b0e9078e448caad4f003a0559f28 - - default default] Successfully bumped revision number for resource b4e007de-8851-456e-92c7-2755592c2c68 (type: security_groups) to 1
2026-04-13 23:23:36.212 7 INFO neutron.db.ovn_revision_numbers_db [None req-ba333d3f-a2c5-4b7c-aee8-7586d4dc417d 7651fec7fba941fc80c06c61443bfe50 fe76b0e9078e448caad4f003a0559f28 - - default default] Successfully bumped revision number for resource 2c68c2fb-c64f-47bf-a5c8-44bf8a939a1f (type: security_group_rules) to 0
2026-04-13 23:23:36.233 7 INFO neutron.db.ovn_revision_numbers_db [None req-ba333d3f-a2c5-4b7c-aee8-7586d4dc417d 7651fec7fba941fc80c06c61443bfe50 fe76b0e9078e448caad4f003a0559f28 - - default default] Successfully bumped revision number for resource 6cb61841-fadd-4645-96c9-8991d17845f0 (type: security_group_rules) to 0
2026-04-13 23:23:36.252 7 INFO neutron.db.ovn_revision_numbers_db [None req-ba333d3f-a2c5-4b7c-aee8-7586d4dc417d 7651fec7fba941fc80c06c61443bfe50 fe76b0e9078e448caad4f003a0559f28 - - default default] Successfully bumped revision number for resource 8594f913-39ca-4e01-bc26-e0848d3cfe1d (type: security_group_rules) to 0
2026-04-13 23:23:36.262 7 INFO neutron.db.ovn_revision_numbers_db [None req-ba333d3f-a2c5-4b7c-aee8-7586d4dc417d 7651fec7fba941fc80c06c61443bfe50 fe76b0e9078e448caad4f003a0559f28 - - default default] Successfully bumped revision number for resource f94a86e9-9e47-4e7c-95c2-1f95ae01b1e5 (type: security_group_rules) to 0 [pid: 7|app: 0|req: 975/1848] 10.0.0.89 () {32 vars in 773 bytes} [Mon Apr 13 23:23:36 2026] GET /v2.0/security-groups?tenant_id=20cd713025c94deda257ee3ff15457ae&name=default => generated 2925 bytes in 287 msecs (HTTP/1.1 200) 4 headers in 158 bytes (1 switches on core 0) [pid: 8|app: 0|req: 874/1849] 10.0.0.89 () {32 vars in 739 bytes} [Mon Apr 13 23:23:36 2026] DELETE /v2.0/security-groups/c7fc7011-3d75-4436-bd3b-7919b18fc4f7 => generated 0 bytes in 323 msecs (HTTP/1.1 204) 2 headers in 112 bytes (1 switches on core 0) [pid: 7|app: 0|req: 976/1850] 10.0.0.89 () {32 vars in 739 bytes} [Mon Apr 13 23:23:36 2026] DELETE /v2.0/security-groups/b4e007de-8851-456e-92c7-2755592c2c68 => generated 0 bytes in 299 msecs (HTTP/1.1 204) 2 headers in 112 bytes (1 switches on core 0)
2026-04-13 23:23:36.761 8 WARNING neutron.scheduler.dhcp_agent_scheduler [None req-b7699c3f-29d9-47a1-a44a-2e573b43f781 f3e98c174de34a9abfc7c1ad5adba6c4 c24283dad27f4371844bf7f0f2956323 - - default default] No more DHCP agents
2026-04-13 23:23:36.762 8 WARNING neutron.api.rpc.agentnotifiers.dhcp_rpc_agent_api [None req-b7699c3f-29d9-47a1-a44a-2e573b43f781 f3e98c174de34a9abfc7c1ad5adba6c4 c24283dad27f4371844bf7f0f2956323 - - default default] Unable to schedule network 5595e26c-6c56-4320-a346-6eaa1d160f95: no agents available; will retry on subsequent port and subnet creation events.
2026-04-13 23:23:36.799 8 INFO neutron.db.ovn_revision_numbers_db [None req-b7699c3f-29d9-47a1-a44a-2e573b43f781 f3e98c174de34a9abfc7c1ad5adba6c4 c24283dad27f4371844bf7f0f2956323 - - default default] Successfully bumped revision number for resource 68997194-e97c-42c3-a0b9-002f7b3f0d8e (type: subnets) to 0
2026-04-13 23:23:36.847 8 WARNING neutron.scheduler.dhcp_agent_scheduler [None req-b7699c3f-29d9-47a1-a44a-2e573b43f781 f3e98c174de34a9abfc7c1ad5adba6c4 c24283dad27f4371844bf7f0f2956323 - - default default] No more DHCP agents
2026-04-13 23:23:36.848 8 WARNING neutron.api.rpc.agentnotifiers.dhcp_rpc_agent_api [None req-b7699c3f-29d9-47a1-a44a-2e573b43f781 f3e98c174de34a9abfc7c1ad5adba6c4 c24283dad27f4371844bf7f0f2956323 - - default default] Unable to schedule network 82cd94ad-29fb-42d6-8060-adb83615f2c4: no agents available; will retry on subsequent port and subnet creation events.
2026-04-13 23:23:36.862 7 INFO neutron.db.ovn_revision_numbers_db [None req-49fe38f8-a4f0-44e8-bd8a-a9c4e88be3b6 7651fec7fba941fc80c06c61443bfe50 fe76b0e9078e448caad4f003a0559f28 - - default default] Successfully bumped revision number for resource a9e47826-40e2-49ab-9f2b-2c732a62f05a (type: security_groups) to 1
2026-04-13 23:23:36.876 7 INFO neutron.db.ovn_revision_numbers_db [None req-49fe38f8-a4f0-44e8-bd8a-a9c4e88be3b6 7651fec7fba941fc80c06c61443bfe50 fe76b0e9078e448caad4f003a0559f28 - - default default] Successfully bumped revision number for resource 5676c62b-48ad-4b22-84cd-00ff187864b7 (type: security_group_rules) to 0
2026-04-13 23:23:36.877 8 INFO neutron.db.ovn_revision_numbers_db [None req-b7699c3f-29d9-47a1-a44a-2e573b43f781 f3e98c174de34a9abfc7c1ad5adba6c4 c24283dad27f4371844bf7f0f2956323 - - default default] Successfully bumped revision number for resource f4a074cf-75b4-43b4-939e-1b00b8195c65 (type: subnets) to 0
2026-04-13 23:23:36.888 7 INFO neutron.db.ovn_revision_numbers_db [None req-49fe38f8-a4f0-44e8-bd8a-a9c4e88be3b6 7651fec7fba941fc80c06c61443bfe50 fe76b0e9078e448caad4f003a0559f28 - - default default] Successfully bumped revision number for resource a67fe43a-0f4e-41ca-92aa-fadb1fa181d7 (type: security_group_rules) to 0
2026-04-13 23:23:36.901 7 INFO neutron.db.ovn_revision_numbers_db [None req-49fe38f8-a4f0-44e8-bd8a-a9c4e88be3b6 7651fec7fba941fc80c06c61443bfe50 fe76b0e9078e448caad4f003a0559f28 - - default default] Successfully bumped revision number for resource d449f63c-f88a-4bd5-bb5b-7b8b55186e08 (type: security_group_rules) to 0 [pid: 8|app: 0|req: 875/1851] 10.0.0.89 () {34 vars in 668 bytes} [Mon Apr 13 23:23:36 2026] POST /v2.0/subnets => generated 1322 bytes in 497 msecs (HTTP/1.1 201) 4 headers in 163 bytes (1 switches on core 0)
2026-04-13 23:23:36.918 7 INFO neutron.db.ovn_revision_numbers_db [None req-49fe38f8-a4f0-44e8-bd8a-a9c4e88be3b6 7651fec7fba941fc80c06c61443bfe50 fe76b0e9078e448caad4f003a0559f28 - - default default] Successfully bumped revision number for resource f1976d63-2de4-44ed-8419-f747e753020e (type: security_group_rules) to 0 [pid: 8|app: 0|req: 876/1852] 10.0.0.89 () {32 vars in 646 bytes} [Mon Apr 13 23:23:36 2026] GET /v2.0/subnets => generated 1958 bytes in 36 msecs (HTTP/1.1 200) 4 headers in 158 bytes (1 switches on core 0) [pid: 7|app: 0|req: 977/1853] 10.0.0.89 () {32 vars in 773 bytes} [Mon Apr 13 23:23:36 2026] GET /v2.0/security-groups?tenant_id=75104c4341194638b0ae5cdd176cb127&name=default => generated 2925 bytes in 218 msecs (HTTP/1.1 200) 4 headers in 158 bytes (1 switches on core 0) [pid: 7|app: 0|req: 978/1854] 10.0.0.89 () {32 vars in 723 bytes} [Mon Apr 13 23:23:36 2026] DELETE /v2.0/subnets/68997194-e97c-42c3-a0b9-002f7b3f0d8e => generated 0 bytes in 129 msecs (HTTP/1.1 204) 3 headers in 131 bytes (1 switches on core 0) [pid: 8|app: 0|req: 877/1855] 10.0.0.89 () {32 vars in 739 bytes} [Mon Apr 13 23:23:36 2026] DELETE /v2.0/security-groups/a9e47826-40e2-49ab-9f2b-2c732a62f05a => generated 0 bytes in 242 msecs (HTTP/1.1 204) 2 headers in 112 bytes (1 switches on core 0) [pid: 7|app: 0|req: 979/1856] 10.0.0.89 () {32 vars in 723 bytes} [Mon Apr 13 23:23:37 2026] DELETE /v2.0/subnets/f4a074cf-75b4-43b4-939e-1b00b8195c65 => generated 0 bytes in 141 msecs (HTTP/1.1 204) 3 headers in 131 bytes (1 switches on core 0) [pid: 8|app: 0|req: 878/1857] 10.0.0.89 () {32 vars in 646 bytes} [Mon Apr 13 23:23:37 2026] GET /v2.0/subnets => generated 649 bytes in 29 msecs (HTTP/1.1 200) 4 headers in 157 bytes (1 switches on core 0)
2026-04-13 23:23:37.433 7 INFO neutron_taas.services.taas.taas_plugin [None req-e431617d-66d0-4c7b-ac29-57b52a963257 f3e98c174de34a9abfc7c1ad5adba6c4 c24283dad27f4371844bf7f0f2956323 - - default default] TaaS: Handle Delete Port: 1c22a959-862a-4933-9862-0b41a7c505cd
2026-04-13 23:23:37.438 7 INFO neutron_taas.services.taas.tap_mirror_plugin [None req-e431617d-66d0-4c7b-ac29-57b52a963257 f3e98c174de34a9abfc7c1ad5adba6c4 c24283dad27f4371844bf7f0f2956323 - - default default] Tap Mirror: Handle Delete Port: 1c22a959-862a-4933-9862-0b41a7c505cd
2026-04-13 23:23:37.650 7 INFO neutron.services.segments.plugin [-] Segment 3eff5370-19f1-444f-a4e1-c10bd9044b0c resource provider aggregate not found
2026-04-13 23:23:37.656 7 INFO neutron.services.segments.plugin [-] Segment 3eff5370-19f1-444f-a4e1-c10bd9044b0c resource provider aggregate not found
2026-04-13 23:23:37.678 7 INFO neutron.services.segments.plugin [-] Segment 3eff5370-19f1-444f-a4e1-c10bd9044b0c resource provider not found; error: Placement Client Error (4xx): {"errors": [{"status": 404, "title": "Not Found", "detail": "The resource could not be found.\n\n No resource provider with uuid 3eff5370-19f1-444f-a4e1-c10bd9044b0c found for delete ", "request_id": "req-a48516d2-0000-4414-9dd9-b0085afbdc41"}]}
2026-04-13 23:23:37.684 7 INFO neutron.services.segments.plugin [-] Segment 3eff5370-19f1-444f-a4e1-c10bd9044b0c resource provider not found; error: Placement Client Error (4xx): {"errors": [{"status": 404, "title": "Not Found", "detail": "The resource could not be found.\n\n No resource provider with uuid 3eff5370-19f1-444f-a4e1-c10bd9044b0c found for delete ", "request_id": "req-b2c8f94d-c141-4a84-ba50-35cfc4f1b00f"}]} [pid: 7|app: 0|req: 980/1858] 10.0.0.89 () {32 vars in 725 bytes} [Mon Apr 13 23:23:37 2026] DELETE /v2.0/networks/82cd94ad-29fb-42d6-8060-adb83615f2c4 => generated 0 bytes in 416 msecs (HTTP/1.1 204) 3 headers in 131 bytes (1 switches on core 0)
2026-04-13 23:23:37.818 8 INFO neutron_taas.services.taas.taas_plugin [None req-9b739f7b-eb30-485a-be62-ddbcf49a1b0f f3e98c174de34a9abfc7c1ad5adba6c4 c24283dad27f4371844bf7f0f2956323 - - default default] TaaS: Handle Delete Port: cdfa54ee-71fa-4ca4-9f65-29ad1d0bf7d9
2026-04-13 23:23:37.820 8 INFO neutron_taas.services.taas.tap_mirror_plugin [None req-9b739f7b-eb30-485a-be62-ddbcf49a1b0f f3e98c174de34a9abfc7c1ad5adba6c4 c24283dad27f4371844bf7f0f2956323 - - default default] Tap Mirror: Handle Delete Port: cdfa54ee-71fa-4ca4-9f65-29ad1d0bf7d9
2026-04-13 23:23:38.007 8 INFO neutron.services.segments.plugin [-] Segment 25cc06b6-4b5a-448d-b70a-1b5ad29888e2 resource provider aggregate not found
2026-04-13 23:23:38.013 8 INFO neutron.services.segments.plugin [-] Segment 25cc06b6-4b5a-448d-b70a-1b5ad29888e2 resource provider aggregate not found
2026-04-13 23:23:38.034 8 INFO neutron.services.segments.plugin [-] Segment 25cc06b6-4b5a-448d-b70a-1b5ad29888e2 resource provider not found; error: Placement Client Error (4xx): {"errors": [{"status": 404, "title": "Not Found", "detail": "The resource could not be found.\n\n No resource provider with uuid 25cc06b6-4b5a-448d-b70a-1b5ad29888e2 found for delete ", "request_id": "req-3c02f6e7-ad31-430f-b388-5de6eabc1532"}]}
2026-04-13 23:23:38.044 8 INFO neutron.services.segments.plugin [-] Segment 25cc06b6-4b5a-448d-b70a-1b5ad29888e2 resource provider not found; error: Placement Client Error (4xx): {"errors": [{"status": 404, "title": "Not Found", "detail": "The resource could not be found.\n\n No resource provider with uuid 25cc06b6-4b5a-448d-b70a-1b5ad29888e2 found for delete ", "request_id": "req-02dcb603-c5c9-4941-abe2-b1963946f01e"}]} [pid: 8|app: 0|req: 879/1859] 10.0.0.89 () {32 vars in 725 bytes} [Mon Apr 13 23:23:37 2026] DELETE /v2.0/networks/5595e26c-6c56-4320-a346-6eaa1d160f95 => generated 0 bytes in 359 msecs (HTTP/1.1 204) 3 headers in 131 bytes (1 switches on core 0)
2026-04-13 23:23:38.195 7 INFO neutron_taas.services.taas.taas_plugin [None req-5c988a38-6c7f-4929-879c-ab2f88e4a1ea f3e98c174de34a9abfc7c1ad5adba6c4 c24283dad27f4371844bf7f0f2956323 - - default default] TaaS: Handle Delete Port: cd2491e4-71ce-4447-b519-049d9c23969f
2026-04-13 23:23:38.198 7 INFO neutron_taas.services.taas.tap_mirror_plugin [None req-5c988a38-6c7f-4929-879c-ab2f88e4a1ea f3e98c174de34a9abfc7c1ad5adba6c4 c24283dad27f4371844bf7f0f2956323 - - default default] Tap Mirror: Handle Delete Port: cd2491e4-71ce-4447-b519-049d9c23969f [pid: 7|app: 0|req: 981/1860] 10.0.0.89 () {32 vars in 725 bytes} [Mon Apr 13 23:23:38 2026] DELETE /v2.0/networks/ca8576e3-7b5e-4f4c-bf0c-653a6424a6ee => generated 0 bytes in 384 msecs (HTTP/1.1 204) 3 headers in 131 bytes (1 switches on core 0)
2026-04-13 23:23:38.595 8 INFO neutron_taas.services.taas.taas_plugin [None req-fe172f56-569c-422a-a0b1-f0bd93afd2c8 f3e98c174de34a9abfc7c1ad5adba6c4 c24283dad27f4371844bf7f0f2956323 - - default default] TaaS: Handle Delete Port: 119d6acd-4411-45da-bc80-6752bffd3214
2026-04-13 23:23:38.598 8 INFO neutron_taas.services.taas.tap_mirror_plugin [None req-fe172f56-569c-422a-a0b1-f0bd93afd2c8 f3e98c174de34a9abfc7c1ad5adba6c4 c24283dad27f4371844bf7f0f2956323 - - default default] Tap Mirror: Handle Delete Port: 119d6acd-4411-45da-bc80-6752bffd3214 [pid: 8|app: 0|req: 880/1861] 10.0.0.89 () {32 vars in 725 bytes} [Mon Apr 13 23:23:38 2026] DELETE /v2.0/networks/398ad37e-c31b-4ff1-a195-bb462af5af1b => generated 0 bytes in 392 msecs (HTTP/1.1 204) 3 headers in 131 bytes (1 switches on core 0) [pid: 7|app: 0|req: 982/1862] 10.0.0.89 () {32 vars in 773 bytes} [Mon Apr 13 23:23:39 2026] GET /v2.0/security-groups?tenant_id=c24283dad27f4371844bf7f0f2956323&name=default => generated 2925 bytes in 122 msecs (HTTP/1.1 200) 4 headers in 158 bytes (1 switches on core 0)
2026-04-13 23:23:39.702 7 INFO neutron.services.segments.plugin [-] Segment 128dac06-cecd-4385-9cc8-044ea45d5c22 resource provider aggregate not found
2026-04-13 23:23:39.707 7 INFO neutron.services.segments.plugin [-] Segment 128dac06-cecd-4385-9cc8-044ea45d5c22 resource provider aggregate not found
2026-04-13 23:23:39.718 7 INFO neutron.services.segments.plugin [-] Segment 128dac06-cecd-4385-9cc8-044ea45d5c22 resource provider not found; error: Placement Client Error (4xx): {"errors": [{"status": 404, "title": "Not Found", "detail": "The resource could not be found.\n\n No resource provider with uuid 128dac06-cecd-4385-9cc8-044ea45d5c22 found for delete ", "request_id": "req-713e7537-9a2f-4f1a-9977-5a7d53f8fc7b"}]}
2026-04-13 23:23:39.721 7 INFO neutron.services.segments.plugin [-] Segment 128dac06-cecd-4385-9cc8-044ea45d5c22 resource provider not found; error: Placement Client Error (4xx): {"errors": [{"status": 404, "title": "Not Found", "detail": "The resource could not be found.\n\n No resource provider with uuid 128dac06-cecd-4385-9cc8-044ea45d5c22 found for delete ", "request_id": "req-0c6bbc70-8d2b-4bf3-8134-4f57fa94eddd"}]} [pid: 8|app: 0|req: 881/1863] 10.0.0.89 () {32 vars in 739 bytes} [Mon Apr 13 23:23:39 2026] DELETE /v2.0/security-groups/151b072f-e676-452e-a498-693f3c6cb6e7 => generated 0 bytes in 264 msecs (HTTP/1.1 204) 2 headers in 112 bytes (1 switches on core 0)
2026-04-13 23:23:40.053 8 INFO neutron.services.segments.plugin [-] Segment 3ee88707-7de5-43c0-b631-fffc068ae0c9 resource provider aggregate not found
2026-04-13 23:23:40.060 8 INFO neutron.services.segments.plugin [-] Segment 3ee88707-7de5-43c0-b631-fffc068ae0c9 resource provider aggregate not found
2026-04-13 23:23:40.068 8 INFO neutron.services.segments.plugin [-] Segment 3ee88707-7de5-43c0-b631-fffc068ae0c9 resource provider not found; error: Placement Client Error (4xx): {"errors": [{"status": 404, "title": "Not Found", "detail": "The resource could not be found.\n\n No resource provider with uuid 3ee88707-7de5-43c0-b631-fffc068ae0c9 found for delete ", "request_id": "req-ad965a15-4bae-4dc3-bafc-fc1f63dc76d7"}]}
2026-04-13 23:23:40.073 8 INFO neutron.services.segments.plugin [-] Segment 3ee88707-7de5-43c0-b631-fffc068ae0c9 resource provider not found; error: Placement Client Error (4xx): {"errors": [{"status": 404, "title": "Not Found", "detail": "The resource could not be found.\n\n No resource provider with uuid 3ee88707-7de5-43c0-b631-fffc068ae0c9 found for delete ", "request_id": "req-4649d5da-6d43-4f37-8ddf-308df2b8eaca"}]}
2026-04-13 23:23:40.946 7 INFO neutron.db.ovn_revision_numbers_db [None req-8cc8f074-b31b-44b3-b36c-845be5249f9d eb0015b1c03f461881234c58e4ef5ca3 fccf5374a7dc454a8119ca8e671563a5 - - default default] Successfully bumped revision number for resource 4c292a6b-8677-4ac6-a26c-586e65a144c3 (type: security_groups) to 1
2026-04-13 23:23:40.962 7 INFO neutron.db.ovn_revision_numbers_db [None req-8cc8f074-b31b-44b3-b36c-845be5249f9d eb0015b1c03f461881234c58e4ef5ca3 fccf5374a7dc454a8119ca8e671563a5 - - default default] Successfully bumped revision number for resource 282e96d5-8be6-4d83-b4ce-d75324a58caf (type: security_group_rules) to 0
2026-04-13 23:23:40.975 7 INFO neutron.db.ovn_revision_numbers_db [None req-8cc8f074-b31b-44b3-b36c-845be5249f9d eb0015b1c03f461881234c58e4ef5ca3 fccf5374a7dc454a8119ca8e671563a5 - - default default] Successfully bumped revision number for resource 7e8411fc-28ee-4406-84fa-f7beda86d0f9 (type: security_group_rules) to 0
2026-04-13 23:23:40.986 7 INFO neutron.db.ovn_revision_numbers_db [None req-8cc8f074-b31b-44b3-b36c-845be5249f9d eb0015b1c03f461881234c58e4ef5ca3 fccf5374a7dc454a8119ca8e671563a5 - - default default] Successfully bumped revision number for resource da5fe3c7-3922-48d3-88fd-7b32af5cdd7b (type: security_group_rules) to 0
2026-04-13 23:23:41.002 7 INFO neutron.db.ovn_revision_numbers_db [None req-8cc8f074-b31b-44b3-b36c-845be5249f9d eb0015b1c03f461881234c58e4ef5ca3 fccf5374a7dc454a8119ca8e671563a5 - - default default] Successfully bumped revision number for resource e4e9744d-7edb-42a7-81d7-f15b838698bd (type: security_group_rules) to 0
2026-04-13 23:23:41.081 7 INFO neutron.db.segments_db [None req-8cc8f074-b31b-44b3-b36c-845be5249f9d eb0015b1c03f461881234c58e4ef5ca3 fccf5374a7dc454a8119ca8e671563a5 - - default default] Added segment 68ae045d-16d7-49c6-aecb-6a0c104105bc of type geneve for network 545617da-9722-45be-8c2f-33ba7c3ffa58
2026-04-13 23:23:41.190 7 INFO neutron.db.ovn_revision_numbers_db [None req-8cc8f074-b31b-44b3-b36c-845be5249f9d eb0015b1c03f461881234c58e4ef5ca3 fccf5374a7dc454a8119ca8e671563a5 - - default default] Successfully bumped revision number for resource 545617da-9722-45be-8c2f-33ba7c3ffa58 (type: networks) to 1
2026-04-13 23:23:41.344 7 WARNING neutron.scheduler.dhcp_agent_scheduler [None req-8cc8f074-b31b-44b3-b36c-845be5249f9d eb0015b1c03f461881234c58e4ef5ca3 fccf5374a7dc454a8119ca8e671563a5 - - default default] No more DHCP agents
2026-04-13 23:23:41.346 7 WARNING neutron.api.rpc.agentnotifiers.dhcp_rpc_agent_api [None req-8cc8f074-b31b-44b3-b36c-845be5249f9d eb0015b1c03f461881234c58e4ef5ca3 fccf5374a7dc454a8119ca8e671563a5 - - default default] Unable to schedule network 545617da-9722-45be-8c2f-33ba7c3ffa58: no agents available; will retry on subsequent port and subnet creation events.
2026-04-13 23:23:41.405 8 INFO neutron.plugins.ml2.drivers.ovn.mech_driver.mech_driver [None req-6c9bc7b2-923b-4586-a15c-851e1c4bd55a - - - - - -] OVN reports status down for port: 1e404dc0-86cb-48cd-b0f6-7607f884421e
2026-04-13 23:23:41.445 7 INFO neutron.db.ovn_revision_numbers_db [None req-8cc8f074-b31b-44b3-b36c-845be5249f9d eb0015b1c03f461881234c58e4ef5ca3 fccf5374a7dc454a8119ca8e671563a5 - - default default] Successfully bumped revision number for resource 1e404dc0-86cb-48cd-b0f6-7607f884421e (type: ports) to 1 [pid: 7|app: 0|req: 983/1864] 10.0.0.89 () {34 vars in 669 bytes} [Mon Apr 13 23:23:40 2026] POST /v2.0/networks => generated 651 bytes in 872 msecs (HTTP/1.1 201) 4 headers in 162 bytes (1 switches on core 0)
2026-04-13 23:23:41.571 7 INFO neutron.db.segments_db [None req-eed4506a-527e-454f-9896-03d4d780d215 eb0015b1c03f461881234c58e4ef5ca3 fccf5374a7dc454a8119ca8e671563a5 - - default default] Added segment 45be5221-6450-4d6d-9c05-417efd703336 of type geneve for network f9887fd9-f7a3-428f-9910-91971dd73ccf
2026-04-13 23:23:41.680 7 INFO neutron.db.ovn_revision_numbers_db [None req-eed4506a-527e-454f-9896-03d4d780d215 eb0015b1c03f461881234c58e4ef5ca3 fccf5374a7dc454a8119ca8e671563a5 - - default default] Successfully bumped revision number for resource f9887fd9-f7a3-428f-9910-91971dd73ccf (type: networks) to 1
2026-04-13 23:23:41.813 8 INFO neutron.db.ovn_revision_numbers_db [None req-6192c04e-0692-4d19-b421-68815653a9e3 1b4a8f397e70401085943f7da31da99a 0cdf79b628524268881f3ef4403c4ffb - - default default] Successfully bumped revision number for resource b21612f2-def4-450a-9f5a-e772df725262 (type: security_groups) to 1
2026-04-13 23:23:41.826 8 INFO neutron.db.ovn_revision_numbers_db [None req-6192c04e-0692-4d19-b421-68815653a9e3 1b4a8f397e70401085943f7da31da99a 0cdf79b628524268881f3ef4403c4ffb - - default default] Successfully bumped revision number for resource 966ce934-2ef9-4485-a23d-a72ff495ffb8 (type: security_group_rules) to 0
2026-04-13 23:23:41.843 8 INFO neutron.db.ovn_revision_numbers_db [None req-6192c04e-0692-4d19-b421-68815653a9e3 1b4a8f397e70401085943f7da31da99a 0cdf79b628524268881f3ef4403c4ffb - - default default] Successfully bumped revision number for resource 96e46b06-4e58-45da-9fea-c592397e5d2a (type: security_group_rules) to 0
2026-04-13 23:23:41.846 7 WARNING neutron.scheduler.dhcp_agent_scheduler [None req-eed4506a-527e-454f-9896-03d4d780d215 eb0015b1c03f461881234c58e4ef5ca3 fccf5374a7dc454a8119ca8e671563a5 - - default default] No more DHCP agents
2026-04-13 23:23:41.848 7 WARNING neutron.api.rpc.agentnotifiers.dhcp_rpc_agent_api [None req-eed4506a-527e-454f-9896-03d4d780d215 eb0015b1c03f461881234c58e4ef5ca3 fccf5374a7dc454a8119ca8e671563a5 - - default default] Unable to schedule network f9887fd9-f7a3-428f-9910-91971dd73ccf: no agents available; will retry on subsequent port and subnet creation events.
2026-04-13 23:23:41.857 8 INFO neutron.db.ovn_revision_numbers_db [None req-6192c04e-0692-4d19-b421-68815653a9e3 1b4a8f397e70401085943f7da31da99a 0cdf79b628524268881f3ef4403c4ffb - - default default] Successfully bumped revision number for resource b2d47502-c729-4676-a776-b53328f04134 (type: security_group_rules) to 0
2026-04-13 23:23:41.890 8 INFO neutron.db.ovn_revision_numbers_db [None req-6192c04e-0692-4d19-b421-68815653a9e3 1b4a8f397e70401085943f7da31da99a 0cdf79b628524268881f3ef4403c4ffb - - default default] Successfully bumped revision number for resource b970917f-7c67-44a8-8a23-ff187731d95d (type: security_group_rules) to 0
2026-04-13 23:23:41.901 8 INFO neutron.plugins.ml2.drivers.ovn.mech_driver.mech_driver [None req-6c9bc7b2-923b-4586-a15c-851e1c4bd55a - - - - - -] OVN reports status down for port: 1f5ce290-71e6-466d-8e70-a17587c7a436
2026-04-13 23:23:41.933 7 INFO neutron.db.ovn_revision_numbers_db [None req-eed4506a-527e-454f-9896-03d4d780d215 eb0015b1c03f461881234c58e4ef5ca3 fccf5374a7dc454a8119ca8e671563a5 - - default default] Successfully bumped revision number for resource 1f5ce290-71e6-466d-8e70-a17587c7a436 (type: ports) to 1 [pid: 7|app: 0|req: 984/1865] 10.0.0.89 () {34 vars in 669 bytes} [Mon Apr 13 23:23:41 2026] POST /v2.0/networks => generated 651 bytes in 472 msecs (HTTP/1.1 201) 4 headers in 162 bytes (1 switches on core 0)
2026-04-13 23:23:42.019 8 INFO neutron.db.segments_db [None req-6192c04e-0692-4d19-b421-68815653a9e3 1b4a8f397e70401085943f7da31da99a 0cdf79b628524268881f3ef4403c4ffb - - default default] Added segment a2b45ef8-726c-41fe-ba17-ab97defbe297 of type geneve for network 6f970356-0581-4259-94a4-b0f4117c993a
2026-04-13 23:23:42.073 7 INFO neutron.db.segments_db [None req-ed83549c-f2b2-4367-8bd2-18b60a2df50a eb0015b1c03f461881234c58e4ef5ca3 fccf5374a7dc454a8119ca8e671563a5 - - default default] Added segment 5e710bf2-cb12-4893-9552-beacfa12daa9 of type geneve for network d18214a3-b280-483d-bc35-4ce5b8160500
2026-04-13 23:23:42.141 8 INFO neutron.db.ovn_revision_numbers_db [None req-6192c04e-0692-4d19-b421-68815653a9e3 1b4a8f397e70401085943f7da31da99a 0cdf79b628524268881f3ef4403c4ffb - - default default] Successfully bumped revision number for resource 6f970356-0581-4259-94a4-b0f4117c993a (type: networks) to 1
2026-04-13 23:23:42.201 7 INFO neutron.db.ovn_revision_numbers_db [None req-ed83549c-f2b2-4367-8bd2-18b60a2df50a eb0015b1c03f461881234c58e4ef5ca3 fccf5374a7dc454a8119ca8e671563a5 - - default default] Successfully bumped revision number for resource d18214a3-b280-483d-bc35-4ce5b8160500 (type: networks) to 1
2026-04-13 23:23:42.305 8 WARNING neutron.scheduler.dhcp_agent_scheduler [None req-6192c04e-0692-4d19-b421-68815653a9e3 1b4a8f397e70401085943f7da31da99a 0cdf79b628524268881f3ef4403c4ffb - - default default] No more DHCP agents
2026-04-13 23:23:42.308 8 WARNING neutron.api.rpc.agentnotifiers.dhcp_rpc_agent_api [None req-6192c04e-0692-4d19-b421-68815653a9e3 1b4a8f397e70401085943f7da31da99a 0cdf79b628524268881f3ef4403c4ffb - - default default] Unable to schedule network 6f970356-0581-4259-94a4-b0f4117c993a: no agents available; will retry on subsequent port and subnet creation events.
2026-04-13 23:23:42.362 8 INFO neutron.plugins.ml2.drivers.ovn.mech_driver.mech_driver [None req-6c9bc7b2-923b-4586-a15c-851e1c4bd55a - - - - - -] OVN reports status down for port: 3aad90a0-27f2-4368-9364-a17d90164923
2026-04-13 23:23:42.381 7 WARNING neutron.scheduler.dhcp_agent_scheduler [None req-ed83549c-f2b2-4367-8bd2-18b60a2df50a eb0015b1c03f461881234c58e4ef5ca3 fccf5374a7dc454a8119ca8e671563a5 - - default default] No more DHCP agents
2026-04-13 23:23:42.383 7 WARNING neutron.api.rpc.agentnotifiers.dhcp_rpc_agent_api [None req-ed83549c-f2b2-4367-8bd2-18b60a2df50a eb0015b1c03f461881234c58e4ef5ca3 fccf5374a7dc454a8119ca8e671563a5 - - default default] Unable to schedule network d18214a3-b280-483d-bc35-4ce5b8160500: no agents available; will retry on subsequent port and subnet creation events.
2026-04-13 23:23:42.443 8 INFO neutron.db.ovn_revision_numbers_db [None req-6192c04e-0692-4d19-b421-68815653a9e3 1b4a8f397e70401085943f7da31da99a 0cdf79b628524268881f3ef4403c4ffb - - default default] Successfully bumped revision number for resource 3aad90a0-27f2-4368-9364-a17d90164923 (type: ports) to 1
2026-04-13 23:23:42.449 7 INFO neutron.plugins.ml2.drivers.ovn.mech_driver.mech_driver [None req-b1eb0d2f-a6f6-4be4-bbdf-637d88ae1bb4 - - - - - -] OVN reports status down for port: 685edbfa-509f-4f1a-81c8-0fd77b07efca [pid: 8|app: 0|req: 882/1866] 10.0.0.89 () {34 vars in 669 bytes} [Mon Apr 13 23:23:41 2026] POST /v2.0/networks => generated 663 bytes in 1021 msecs (HTTP/1.1 201) 4 headers in 162 bytes (1 switches on core 0)
2026-04-13 23:23:42.512 7 INFO neutron.db.ovn_revision_numbers_db [None req-ed83549c-f2b2-4367-8bd2-18b60a2df50a eb0015b1c03f461881234c58e4ef5ca3 fccf5374a7dc454a8119ca8e671563a5 - - default default] Successfully bumped revision number for resource 685edbfa-509f-4f1a-81c8-0fd77b07efca (type: ports) to 1 [pid: 7|app: 0|req: 985/1867] 10.0.0.89 () {34 vars in 669 bytes} [Mon Apr 13 23:23:41 2026] POST /v2.0/networks => generated 650 bytes in 586 msecs (HTTP/1.1 201) 4 headers in 162 bytes (1 switches on core 0)
2026-04-13 23:23:42.651 7 INFO neutron.db.segments_db [None req-048f4087-c9bd-460c-a4d9-80aaed2e4f5e eb0015b1c03f461881234c58e4ef5ca3 fccf5374a7dc454a8119ca8e671563a5 - - default default] Added segment c6d5ffae-2e5a-40ba-af54-93bec6a2e485 of type geneve for network ec2a2691-f3a7-4375-8cc5-15a453d71980
2026-04-13 23:23:42.700 8 WARNING neutron.scheduler.dhcp_agent_scheduler [None req-2713b61a-3176-4fb3-99e2-b7aeaa3ad1b0 1b4a8f397e70401085943f7da31da99a 0cdf79b628524268881f3ef4403c4ffb - - default default] No more DHCP agents
2026-04-13 23:23:42.702 8 WARNING neutron.api.rpc.agentnotifiers.dhcp_rpc_agent_api [None req-2713b61a-3176-4fb3-99e2-b7aeaa3ad1b0 1b4a8f397e70401085943f7da31da99a 0cdf79b628524268881f3ef4403c4ffb - - default default] Unable to schedule network 6f970356-0581-4259-94a4-b0f4117c993a: no agents available; will retry on subsequent port and subnet creation events.
2026-04-13 23:23:42.775 7 INFO neutron.plugins.ml2.drivers.ovn.mech_driver.mech_driver [None req-b1eb0d2f-a6f6-4be4-bbdf-637d88ae1bb4 - - - - - -] OVN reports status down for port: 23ea764b-b18d-445c-a537-1fa5bf54ec3a
2026-04-13 23:23:42.787 8 INFO neutron.db.ovn_revision_numbers_db [None req-2713b61a-3176-4fb3-99e2-b7aeaa3ad1b0 1b4a8f397e70401085943f7da31da99a 0cdf79b628524268881f3ef4403c4ffb - - default default] Successfully bumped revision number for resource 23ea764b-b18d-445c-a537-1fa5bf54ec3a (type: ports) to 1
2026-04-13 23:23:42.803 7 INFO neutron.db.ovn_revision_numbers_db [None req-048f4087-c9bd-460c-a4d9-80aaed2e4f5e eb0015b1c03f461881234c58e4ef5ca3 fccf5374a7dc454a8119ca8e671563a5 - - default default] Successfully bumped revision number for resource ec2a2691-f3a7-4375-8cc5-15a453d71980 (type: networks) to 1 [pid: 8|app: 0|req: 883/1868] 10.0.0.89 () {34 vars in 664 bytes} [Mon Apr 13 23:23:42 2026] POST /v2.0/ports => generated 775 bytes in 358 msecs (HTTP/1.1 201) 4 headers in 162 bytes (1 switches on core 0) /var/lib/openstack/lib/python3.12/site-packages/pycadf/identifier.py:70: UserWarning: Invalid uuid: neutron. To ensure interoperability, identifiers should be a valid uuid. warnings.warn(('Invalid uuid: %s. To ensure interoperability, '
2026-04-13 23:23:42.963 8 INFO neutron.db.segments_db [None req-d68a6acf-2cf8-4cde-b38e-0628aa4d699d 1b4a8f397e70401085943f7da31da99a 0cdf79b628524268881f3ef4403c4ffb - - default default] Added segment 2af7240e-00bb-49eb-a81a-6cd3ec0003b7 of type geneve for network ebf139a7-bca9-4915-b3de-72a02ce157e3
2026-04-13 23:23:43.033 7 WARNING neutron.scheduler.dhcp_agent_scheduler [None req-048f4087-c9bd-460c-a4d9-80aaed2e4f5e eb0015b1c03f461881234c58e4ef5ca3 fccf5374a7dc454a8119ca8e671563a5 - - default default] No more DHCP agents
2026-04-13 23:23:43.034 7 WARNING neutron.api.rpc.agentnotifiers.dhcp_rpc_agent_api [None req-048f4087-c9bd-460c-a4d9-80aaed2e4f5e eb0015b1c03f461881234c58e4ef5ca3 fccf5374a7dc454a8119ca8e671563a5 - - default default] Unable to schedule network ec2a2691-f3a7-4375-8cc5-15a453d71980: no agents available; will retry on subsequent port and subnet creation events.
2026-04-13 23:23:43.067 8 INFO neutron.db.ovn_revision_numbers_db [None req-d68a6acf-2cf8-4cde-b38e-0628aa4d699d 1b4a8f397e70401085943f7da31da99a 0cdf79b628524268881f3ef4403c4ffb - - default default] Successfully bumped revision number for resource ebf139a7-bca9-4915-b3de-72a02ce157e3 (type: networks) to 1
2026-04-13 23:23:43.115 8 INFO neutron.plugins.ml2.drivers.ovn.mech_driver.mech_driver [None req-6c9bc7b2-923b-4586-a15c-851e1c4bd55a - - - - - -] OVN reports status down for port: 37bab237-e2af-4076-b06d-afbfd5d91790
2026-04-13 23:23:43.141 7 INFO neutron.db.ovn_revision_numbers_db [None req-048f4087-c9bd-460c-a4d9-80aaed2e4f5e eb0015b1c03f461881234c58e4ef5ca3 fccf5374a7dc454a8119ca8e671563a5 - - default default] Successfully bumped revision number for resource 37bab237-e2af-4076-b06d-afbfd5d91790 (type: ports) to 1 [pid: 7|app: 0|req: 986/1869] 10.0.0.89 () {34 vars in 669 bytes} [Mon Apr 13 23:23:42 2026] POST /v2.0/networks => generated 651 bytes in 608 msecs (HTTP/1.1 201) 4 headers in 162 bytes (1 switches on core 0)
2026-04-13 23:23:43.256 7 INFO neutron.db.segments_db [None req-cf82689b-a77d-47c2-80ae-cb9b3b36dae2 eb0015b1c03f461881234c58e4ef5ca3 fccf5374a7dc454a8119ca8e671563a5 - - default default] Added segment 8c67b033-d965-4e45-89ce-ca7a68907597 of type geneve for network 625769fd-67d7-4a56-afa4-7f4a1dc511ca
2026-04-13 23:23:43.295 8 WARNING neutron.scheduler.dhcp_agent_scheduler [None req-d68a6acf-2cf8-4cde-b38e-0628aa4d699d 1b4a8f397e70401085943f7da31da99a 0cdf79b628524268881f3ef4403c4ffb - - default default] No more DHCP agents
2026-04-13 23:23:43.296 8 WARNING neutron.api.rpc.agentnotifiers.dhcp_rpc_agent_api [None req-d68a6acf-2cf8-4cde-b38e-0628aa4d699d 1b4a8f397e70401085943f7da31da99a 0cdf79b628524268881f3ef4403c4ffb - - default default] Unable to schedule network ebf139a7-bca9-4915-b3de-72a02ce157e3: no agents available; will retry on subsequent port and subnet creation events.
2026-04-13 23:23:43.358 7 INFO neutron.plugins.ml2.drivers.ovn.mech_driver.mech_driver [None req-b1eb0d2f-a6f6-4be4-bbdf-637d88ae1bb4 - - - - - -] OVN reports status down for port: f70e907c-8b1e-40c1-840e-c6f8c53e97a3
2026-04-13 23:23:43.396 8 INFO neutron.db.ovn_revision_numbers_db [None req-d68a6acf-2cf8-4cde-b38e-0628aa4d699d 1b4a8f397e70401085943f7da31da99a 0cdf79b628524268881f3ef4403c4ffb - - default default] Successfully bumped revision number for resource f70e907c-8b1e-40c1-840e-c6f8c53e97a3 (type: ports) to 1 [pid: 8|app: 0|req: 884/1870] 10.0.0.89 () {34 vars in 669 bytes} [Mon Apr 13 23:23:42 2026] POST /v2.0/networks => generated 651 bytes in 569 msecs (HTTP/1.1 201) 4 headers in 162 bytes (1 switches on core 0)
2026-04-13 23:23:43.433 7 INFO neutron.db.ovn_revision_numbers_db [None req-cf82689b-a77d-47c2-80ae-cb9b3b36dae2 eb0015b1c03f461881234c58e4ef5ca3 fccf5374a7dc454a8119ca8e671563a5 - - default default] Successfully bumped revision number for resource 625769fd-67d7-4a56-afa4-7f4a1dc511ca (type: networks) to 1
2026-04-13 23:23:43.616 8 WARNING neutron.scheduler.dhcp_agent_scheduler [None req-96b85835-01f4-4f94-afb3-6a24f02745a1 1b4a8f397e70401085943f7da31da99a 0cdf79b628524268881f3ef4403c4ffb - - default default] No more DHCP agents
2026-04-13 23:23:43.617 8 WARNING neutron.api.rpc.agentnotifiers.dhcp_rpc_agent_api [None req-96b85835-01f4-4f94-afb3-6a24f02745a1 1b4a8f397e70401085943f7da31da99a 0cdf79b628524268881f3ef4403c4ffb - - default default] Unable to schedule network ebf139a7-bca9-4915-b3de-72a02ce157e3: no agents available; will retry on subsequent port and subnet creation events.
2026-04-13 23:23:43.617 7 WARNING neutron.scheduler.dhcp_agent_scheduler [None req-cf82689b-a77d-47c2-80ae-cb9b3b36dae2 eb0015b1c03f461881234c58e4ef5ca3 fccf5374a7dc454a8119ca8e671563a5 - - default default] No more DHCP agents
2026-04-13 23:23:43.618 7 WARNING neutron.api.rpc.agentnotifiers.dhcp_rpc_agent_api [None req-cf82689b-a77d-47c2-80ae-cb9b3b36dae2 eb0015b1c03f461881234c58e4ef5ca3 fccf5374a7dc454a8119ca8e671563a5 - - default default] Unable to schedule network 625769fd-67d7-4a56-afa4-7f4a1dc511ca: no agents available; will retry on subsequent port and subnet creation events.
2026-04-13 23:23:43.676 7 INFO neutron.plugins.ml2.drivers.ovn.mech_driver.mech_driver [None req-b1eb0d2f-a6f6-4be4-bbdf-637d88ae1bb4 - - - - - -] OVN reports status down for port: aba9756f-5fdb-486c-9424-2e0e183befcf
2026-04-13 23:23:43.737 7 INFO neutron.db.ovn_revision_numbers_db [None req-cf82689b-a77d-47c2-80ae-cb9b3b36dae2 eb0015b1c03f461881234c58e4ef5ca3 fccf5374a7dc454a8119ca8e671563a5 - - default default] Successfully bumped revision number for resource aba9756f-5fdb-486c-9424-2e0e183befcf (type: ports) to 1 [pid: 7|app: 0|req: 987/1871] 10.0.0.89 () {34 vars in 669 bytes} [Mon Apr 13 23:23:43 2026] POST /v2.0/networks => generated 651 bytes in 623 msecs (HTTP/1.1 201) 4 headers in 162 bytes (1 switches on core 0) [pid: 7|app: 0|req: 988/1872] 10.0.0.89 () {34 vars in 752 bytes} [Mon Apr 13 23:23:43 2026] PUT /v2.0/networks/545617da-9722-45be-8c2f-33ba7c3ffa58/tags => generated 17 bytes in 56 msecs (HTTP/1.1 200) 4 headers in 156 bytes (1 switches on core 0) [pid: 7|app: 0|req: 989/1873] 10.0.0.89 () {34 vars in 752 bytes} [Mon Apr 13 23:23:43 2026] PUT /v2.0/networks/f9887fd9-f7a3-428f-9910-91971dd73ccf/tags => generated 25 bytes in 77 msecs (HTTP/1.1 200) 4 headers in 156 bytes (1 switches on core 0) [pid: 7|app: 0|req: 990/1874] 10.0.0.89 () {34 vars in 752 bytes} [Mon Apr 13 23:23:43 2026] PUT /v2.0/networks/d18214a3-b280-483d-bc35-4ce5b8160500/tags => generated 34 bytes in 66 msecs (HTTP/1.1 200) 4 headers in 156 bytes (1 switches on core 0)
2026-04-13 23:23:44.104 8 INFO neutron.db.ovn_revision_numbers_db [None req-1cf69bc6-0ebf-4ef1-ae13-2577dff84b35 - - - - - -] Successfully bumped revision number for resource f70e907c-8b1e-40c1-840e-c6f8c53e97a3 (type: ports) to 2 [pid: 7|app: 0|req: 991/1875] 10.0.0.89 () {34 vars in 752 bytes} [Mon Apr 13 23:23:44 2026] PUT /v2.0/networks/ec2a2691-f3a7-4375-8cc5-15a453d71980/tags => generated 19 bytes in 94 msecs (HTTP/1.1 200) 4 headers in 156 bytes (1 switches on core 0)
2026-04-13 23:23:44.147 8 INFO neutron.db.ovn_revision_numbers_db [None req-1cf69bc6-0ebf-4ef1-ae13-2577dff84b35 - - - - - -] Successfully bumped revision number for resource 118a94b7-2b2c-4126-a153-377701ddf70c (type: subnets) to 0 [pid: 8|app: 0|req: 885/1876] 10.0.0.89 () {34 vars in 668 bytes} [Mon Apr 13 23:23:43 2026] POST /v2.0/subnets => generated 626 bytes in 732 msecs (HTTP/1.1 201) 4 headers in 162 bytes (1 switches on core 0) [pid: 7|app: 0|req: 992/1877] 10.0.0.89 () {32 vars in 665 bytes} [Mon Apr 13 23:23:44 2026] GET /v2.0/networks?tags=red => generated 1988 bytes in 56 msecs (HTTP/1.1 200) 4 headers in 158 bytes (1 switches on core 0) [pid: 7|app: 0|req: 993/1878] 10.0.0.89 () {32 vars in 679 bytes} [Mon Apr 13 23:23:44 2026] GET /v2.0/networks?tags=red%2Cblue => generated 1337 bytes in 66 msecs (HTTP/1.1 200) 4 headers in 158 bytes (1 switches on core 0) [pid: 7|app: 0|req: 994/1879] 10.0.0.89 () {32 vars in 675 bytes} [Mon Apr 13 23:23:44 2026] GET /v2.0/networks?tags-any=blue => generated 1337 bytes in 64 msecs (HTTP/1.1 200) 4 headers in 158 bytes (1 switches on core 0) [pid: 7|app: 0|req: 995/1880] 10.0.0.89 () {32 vars in 687 bytes} [Mon Apr 13 23:23:44 2026] GET /v2.0/networks?tags-any=red%2Cblue => generated 1988 bytes in 45 msecs (HTTP/1.1 200) 4 headers in 158 bytes (1 switches on core 0) [pid: 7|app: 0|req: 996/1881] 10.0.0.89 () {32 vars in 673 bytes} [Mon Apr 13 23:23:44 2026] GET /v2.0/networks?not-tags=red => generated 1988 bytes in 66 msecs (HTTP/1.1 200) 4 headers in 158 bytes (1 switches on core 0)
2026-04-13 23:23:44.429 8 WARNING neutron.scheduler.dhcp_agent_scheduler [None req-0c7fa8d0-9fad-4e33-85f8-b90b2a307ddc 1b4a8f397e70401085943f7da31da99a 0cdf79b628524268881f3ef4403c4ffb - - default default] No more DHCP agents
2026-04-13 23:23:44.431 8 WARNING neutron.api.rpc.agentnotifiers.dhcp_rpc_agent_api [None req-0c7fa8d0-9fad-4e33-85f8-b90b2a307ddc 1b4a8f397e70401085943f7da31da99a 0cdf79b628524268881f3ef4403c4ffb - - default default] Unable to schedule network ebf139a7-bca9-4915-b3de-72a02ce157e3: no agents available; will retry on subsequent port and subnet creation events. [pid: 7|app: 0|req: 997/1882] 10.0.0.89 () {32 vars in 687 bytes} [Mon Apr 13 23:23:44 2026] GET /v2.0/networks?not-tags=red%2Cblue => generated 2639 bytes in 63 msecs (HTTP/1.1 200) 4 headers in 158 bytes (1 switches on core 0)
2026-04-13 23:23:44.550 8 INFO neutron.plugins.ml2.drivers.ovn.mech_driver.mech_driver [None req-6c9bc7b2-923b-4586-a15c-851e1c4bd55a - - - - - -] OVN reports status down for port: 9069a6a4-186a-4dc8-96d9-a2c10a365b02 [pid: 7|app: 0|req: 998/1883] 10.0.0.89 () {32 vars in 683 bytes} [Mon Apr 13 23:23:44 2026] GET /v2.0/networks?not-tags-any=blue => generated 2639 bytes in 95 msecs (HTTP/1.1 200) 4 headers in 158 bytes (1 switches on core 0)
2026-04-13 23:23:44.617 8 INFO neutron.db.ovn_revision_numbers_db [None req-0c7fa8d0-9fad-4e33-85f8-b90b2a307ddc 1b4a8f397e70401085943f7da31da99a 0cdf79b628524268881f3ef4403c4ffb - - default default] Successfully bumped revision number for resource 9069a6a4-186a-4dc8-96d9-a2c10a365b02 (type: ports) to 1 [pid: 7|app: 0|req: 999/1884] 10.0.0.89 () {32 vars in 695 bytes} [Mon Apr 13 23:23:44 2026] GET /v2.0/networks?not-tags-any=red%2Cblue => generated 1988 bytes in 58 msecs (HTTP/1.1 200) 4 headers in 158 bytes (1 switches on core 0) [pid: 8|app: 0|req: 886/1885] 10.0.0.89 () {34 vars in 664 bytes} [Mon Apr 13 23:23:44 2026] POST /v2.0/ports => generated 948 bytes in 500 msecs (HTTP/1.1 201) 4 headers in 162 bytes (1 switches on core 0) /var/lib/openstack/lib/python3.12/site-packages/pycadf/identifier.py:70: UserWarning: Invalid uuid: neutron. To ensure interoperability, identifiers should be a valid uuid. warnings.warn(('Invalid uuid: %s. To ensure interoperability, '
2026-04-13 23:23:44.798 7 INFO neutron_taas.services.taas.taas_plugin [None req-57f2b6a7-f081-44c3-a5bf-91f551dbb461 eb0015b1c03f461881234c58e4ef5ca3 fccf5374a7dc454a8119ca8e671563a5 - - default default] TaaS: Handle Delete Port: 1e404dc0-86cb-48cd-b0f6-7607f884421e
2026-04-13 23:23:44.801 7 INFO neutron_taas.services.taas.tap_mirror_plugin [None req-57f2b6a7-f081-44c3-a5bf-91f551dbb461 eb0015b1c03f461881234c58e4ef5ca3 fccf5374a7dc454a8119ca8e671563a5 - - default default] Tap Mirror: Handle Delete Port: 1e404dc0-86cb-48cd-b0f6-7607f884421e
2026-04-13 23:23:44.803 8 INFO neutron_taas.services.taas.taas_plugin [None req-e971d66b-febb-4d13-91a5-54cf8cb644af 1b4a8f397e70401085943f7da31da99a 0cdf79b628524268881f3ef4403c4ffb - - default default] TaaS: Handle Delete Port: 9069a6a4-186a-4dc8-96d9-a2c10a365b02
2026-04-13 23:23:44.807 8 INFO neutron_taas.services.taas.tap_mirror_plugin [None req-e971d66b-febb-4d13-91a5-54cf8cb644af 1b4a8f397e70401085943f7da31da99a 0cdf79b628524268881f3ef4403c4ffb - - default default] Tap Mirror: Handle Delete Port: 9069a6a4-186a-4dc8-96d9-a2c10a365b02 [pid: 8|app: 0|req: 887/1886] 10.0.0.89 () {32 vars in 719 bytes} [Mon Apr 13 23:23:44 2026] DELETE /v2.0/ports/9069a6a4-186a-4dc8-96d9-a2c10a365b02 => generated 0 bytes in 303 msecs (HTTP/1.1 204) 3 headers in 131 bytes (1 switches on core 0)
2026-04-13 23:23:45.002 8 INFO neutron.pecan_wsgi.hooks.translation [None req-0331d086-1d6a-4e5a-9e39-4773eb38e1c5 1b4a8f397e70401085943f7da31da99a 0cdf79b628524268881f3ef4403c4ffb - - default default] DELETE failed (client error): The resource could not be found. [pid: 8|app: 0|req: 888/1887] 10.0.0.89 () {32 vars in 719 bytes} [Mon Apr 13 23:23:44 2026] DELETE /v2.0/ports/9069a6a4-186a-4dc8-96d9-a2c10a365b02 => generated 132 bytes in 21 msecs (HTTP/1.1 404) 4 headers in 164 bytes (1 switches on core 0)
2026-04-13 23:23:45.022 8 INFO neutron.pecan_wsgi.hooks.translation [None req-9f8b83eb-d564-45f0-baf7-e65aa62199bf 1b4a8f397e70401085943f7da31da99a 0cdf79b628524268881f3ef4403c4ffb - - default default] GET failed (client error): The resource could not be found. [pid: 8|app: 0|req: 889/1888] 10.0.0.89 () {32 vars in 716 bytes} [Mon Apr 13 23:23:45 2026] GET /v2.0/ports/9069a6a4-186a-4dc8-96d9-a2c10a365b02 => generated 132 bytes in 13 msecs (HTTP/1.1 404) 4 headers in 164 bytes (1 switches on core 0)
2026-04-13 23:23:45.047 7 INFO neutron.services.segments.plugin [-] Segment 68ae045d-16d7-49c6-aecb-6a0c104105bc resource provider aggregate not found
2026-04-13 23:23:45.048 7 INFO neutron.services.segments.plugin [-] Segment 68ae045d-16d7-49c6-aecb-6a0c104105bc resource provider aggregate not found
2026-04-13 23:23:45.072 7 INFO neutron.services.segments.plugin [-] Segment 68ae045d-16d7-49c6-aecb-6a0c104105bc resource provider not found; error: Placement Client Error (4xx): {"errors": [{"status": 404, "title": "Not Found", "detail": "The resource could not be found.\n\n No resource provider with uuid 68ae045d-16d7-49c6-aecb-6a0c104105bc found for delete ", "request_id": "req-f6af134a-5e95-4462-ae56-da9c057beea5"}]}
2026-04-13 23:23:45.074 7 INFO neutron.services.segments.plugin [-] Segment 68ae045d-16d7-49c6-aecb-6a0c104105bc resource provider not found; error: Placement Client Error (4xx): {"errors": [{"status": 404, "title": "Not Found", "detail": "The resource could not be found.\n\n No resource provider with uuid 68ae045d-16d7-49c6-aecb-6a0c104105bc found for delete ", "request_id": "req-0f3b8a41-c30a-4bc9-8d67-ccd58ccfddd8"}]} [pid: 7|app: 0|req: 1000/1889] 10.0.0.89 () {32 vars in 725 bytes} [Mon Apr 13 23:23:44 2026] DELETE /v2.0/networks/545617da-9722-45be-8c2f-33ba7c3ffa58 => generated 0 bytes in 440 msecs (HTTP/1.1 204) 3 headers in 131 bytes (1 switches on core 0) [pid: 8|app: 0|req: 890/1890] 10.0.0.89 () {32 vars in 723 bytes} [Mon Apr 13 23:23:45 2026] DELETE /v2.0/subnets/118a94b7-2b2c-4126-a153-377701ddf70c => generated 0 bytes in 184 msecs (HTTP/1.1 204) 3 headers in 131 bytes (1 switches on core 0)
2026-04-13 23:23:45.243 7 INFO neutron_taas.services.taas.taas_plugin [None req-eef68852-bb1d-4226-864e-d8c21873f3a5 eb0015b1c03f461881234c58e4ef5ca3 fccf5374a7dc454a8119ca8e671563a5 - - default default] TaaS: Handle Delete Port: 1f5ce290-71e6-466d-8e70-a17587c7a436
2026-04-13 23:23:45.246 7 INFO neutron_taas.services.taas.tap_mirror_plugin [None req-eef68852-bb1d-4226-864e-d8c21873f3a5 eb0015b1c03f461881234c58e4ef5ca3 fccf5374a7dc454a8119ca8e671563a5 - - default default] Tap Mirror: Handle Delete Port: 1f5ce290-71e6-466d-8e70-a17587c7a436
2026-04-13 23:23:45.355 8 INFO neutron_taas.services.taas.taas_plugin [None req-a4e4d031-e0c4-487e-a5b7-ca4a17a456a7 1b4a8f397e70401085943f7da31da99a 0cdf79b628524268881f3ef4403c4ffb - - default default] TaaS: Handle Delete Port: f70e907c-8b1e-40c1-840e-c6f8c53e97a3
2026-04-13 23:23:45.358 8 INFO neutron_taas.services.taas.tap_mirror_plugin [None req-a4e4d031-e0c4-487e-a5b7-ca4a17a456a7 1b4a8f397e70401085943f7da31da99a 0cdf79b628524268881f3ef4403c4ffb - - default default] Tap Mirror: Handle Delete Port: f70e907c-8b1e-40c1-840e-c6f8c53e97a3 [pid: 7|app: 0|req: 1001/1891] 10.0.0.89 () {32 vars in 725 bytes} [Mon Apr 13 23:23:45 2026] DELETE /v2.0/networks/f9887fd9-f7a3-428f-9910-91971dd73ccf => generated 0 bytes in 375 msecs (HTTP/1.1 204) 3 headers in 131 bytes (1 switches on core 0)
2026-04-13 23:23:45.570 8 INFO neutron.services.segments.plugin [-] Segment 2af7240e-00bb-49eb-a81a-6cd3ec0003b7 resource provider aggregate not found
2026-04-13 23:23:45.573 8 INFO neutron.services.segments.plugin [-] Segment 2af7240e-00bb-49eb-a81a-6cd3ec0003b7 resource provider aggregate not found
2026-04-13 23:23:45.591 8 INFO neutron.services.segments.plugin [-] Segment 2af7240e-00bb-49eb-a81a-6cd3ec0003b7 resource provider not found; error: Placement Client Error (4xx): {"errors": [{"status": 404, "title": "Not Found", "detail": "The resource could not be found.\n\n No resource provider with uuid 2af7240e-00bb-49eb-a81a-6cd3ec0003b7 found for delete ", "request_id": "req-d6f0923b-0992-46fb-96df-a39be2c01e31"}]}
2026-04-13 23:23:45.592 8 INFO neutron.services.segments.plugin [-] Segment 2af7240e-00bb-49eb-a81a-6cd3ec0003b7 resource provider not found; error: Placement Client Error (4xx): {"errors": [{"status": 404, "title": "Not Found", "detail": "The resource could not be found.\n\n No resource provider with uuid 2af7240e-00bb-49eb-a81a-6cd3ec0003b7 found for delete ", "request_id": "req-00669ca0-b428-4237-9be6-35df4bc9beeb"}]} [pid: 8|app: 0|req: 891/1892] 10.0.0.89 () {32 vars in 725 bytes} [Mon Apr 13 23:23:45 2026] DELETE /v2.0/networks/ebf139a7-bca9-4915-b3de-72a02ce157e3 => generated 0 bytes in 394 msecs (HTTP/1.1 204) 3 headers in 131 bytes (1 switches on core 0)
2026-04-13 23:23:45.632 7 INFO neutron_taas.services.taas.taas_plugin [None req-f92e0687-03b6-4382-9f82-57140f7c029c eb0015b1c03f461881234c58e4ef5ca3 fccf5374a7dc454a8119ca8e671563a5 - - default default] TaaS: Handle Delete Port: 685edbfa-509f-4f1a-81c8-0fd77b07efca
2026-04-13 23:23:45.635 7 INFO neutron_taas.services.taas.tap_mirror_plugin [None req-f92e0687-03b6-4382-9f82-57140f7c029c eb0015b1c03f461881234c58e4ef5ca3 fccf5374a7dc454a8119ca8e671563a5 - - default default] Tap Mirror: Handle Delete Port: 685edbfa-509f-4f1a-81c8-0fd77b07efca
2026-04-13 23:23:45.689 8 INFO neutron.db.segments_db [None req-f10967c1-ed7d-47bb-be4a-c1f43334e37d 1b4a8f397e70401085943f7da31da99a 0cdf79b628524268881f3ef4403c4ffb - - default default] Added segment 883f74a4-f1ab-4d68-9693-799c664b6571 of type geneve for network 2f1cb1f9-3062-44de-b9b4-ae3a7ad53acd
2026-04-13 23:23:45.811 8 INFO neutron.db.ovn_revision_numbers_db [None req-f10967c1-ed7d-47bb-be4a-c1f43334e37d 1b4a8f397e70401085943f7da31da99a 0cdf79b628524268881f3ef4403c4ffb - - default default] Successfully bumped revision number for resource 2f1cb1f9-3062-44de-b9b4-ae3a7ad53acd (type: networks) to 1 [pid: 7|app: 0|req: 1002/1893] 10.0.0.89 () {32 vars in 725 bytes} [Mon Apr 13 23:23:45 2026] DELETE /v2.0/networks/d18214a3-b280-483d-bc35-4ce5b8160500 => generated 0 bytes in 367 msecs (HTTP/1.1 204) 3 headers in 131 bytes (1 switches on core 0)
2026-04-13 23:23:45.951 7 INFO neutron_taas.services.taas.taas_plugin [None req-24f6002e-8e0a-46bc-996d-a229338c52de eb0015b1c03f461881234c58e4ef5ca3 fccf5374a7dc454a8119ca8e671563a5 - - default default] TaaS: Handle Delete Port: 37bab237-e2af-4076-b06d-afbfd5d91790
2026-04-13 23:23:45.954 7 INFO neutron_taas.services.taas.tap_mirror_plugin [None req-24f6002e-8e0a-46bc-996d-a229338c52de eb0015b1c03f461881234c58e4ef5ca3 fccf5374a7dc454a8119ca8e671563a5 - - default default] Tap Mirror: Handle Delete Port: 37bab237-e2af-4076-b06d-afbfd5d91790
2026-04-13 23:23:45.979 8 WARNING neutron.scheduler.dhcp_agent_scheduler [None req-f10967c1-ed7d-47bb-be4a-c1f43334e37d 1b4a8f397e70401085943f7da31da99a 0cdf79b628524268881f3ef4403c4ffb - - default default] No more DHCP agents
2026-04-13 23:23:45.981 8 WARNING neutron.api.rpc.agentnotifiers.dhcp_rpc_agent_api [None req-f10967c1-ed7d-47bb-be4a-c1f43334e37d 1b4a8f397e70401085943f7da31da99a 0cdf79b628524268881f3ef4403c4ffb - - default default] Unable to schedule network 2f1cb1f9-3062-44de-b9b4-ae3a7ad53acd: no agents available; will retry on subsequent port and subnet creation events.
2026-04-13 23:23:46.037 7 INFO neutron.plugins.ml2.drivers.ovn.mech_driver.mech_driver [None req-b1eb0d2f-a6f6-4be4-bbdf-637d88ae1bb4 - - - - - -] OVN reports status down for port: 19c68912-7d30-4926-8be4-9fe9b4acdcc9
