2026-04-13 23:21:17.877 8 INFO neutron.db.ovn_revision_numbers_db [None req-1eb8b4a2-7e6b-4c89-abf1-1afeeaca474c 7651fec7fba941fc80c06c61443bfe50 fe76b0e9078e448caad4f003a0559f28 - - default default] Successfully bumped revision number for resource c87ef785-7c6e-457e-b8f4-de8bdfaaa557 (type: security_group_rules) to 0
2026-04-13 23:21:17.888 8 INFO neutron.db.ovn_revision_numbers_db [None req-1eb8b4a2-7e6b-4c89-abf1-1afeeaca474c 7651fec7fba941fc80c06c61443bfe50 fe76b0e9078e448caad4f003a0559f28 - - default default] Successfully bumped revision number for resource ebf36dda-b5d2-45c1-a252-dc164fcf7ff3 (type: security_group_rules) to 0
2026-04-13 23:21:17.952 8 INFO neutron.db.segments_db [None req-1eb8b4a2-7e6b-4c89-abf1-1afeeaca474c 7651fec7fba941fc80c06c61443bfe50 fe76b0e9078e448caad4f003a0559f28 - - default default] Added segment 10843b1c-66ca-4398-9e32-b531e2292620 of type geneve for network d30fd4a7-9cc5-4fad-b3d6-caf330970350
2026-04-13 23:21:18.057 8 INFO neutron.db.ovn_revision_numbers_db [None req-1eb8b4a2-7e6b-4c89-abf1-1afeeaca474c 7651fec7fba941fc80c06c61443bfe50 fe76b0e9078e448caad4f003a0559f28 - - default default] Successfully bumped revision number for resource d30fd4a7-9cc5-4fad-b3d6-caf330970350 (type: networks) to 1 [pid: 7|app: 0|req: 404/784] 10.0.0.89 () {32 vars in 773 bytes} [Mon Apr 13 23:21:17 2026] GET /v2.0/security-groups?tenant_id=7d9fca890c3f499ea311a28360e01bdb&name=default => generated 2925 bytes in 220 msecs (HTTP/1.1 200) 4 headers in 158 bytes (1 switches on core 0) [pid: 7|app: 0|req: 405/785] 10.0.0.102 () {28 vars in 579 bytes} [Mon Apr 13 23:21:18 2026] GET /v2.0/ports => generated 10592 bytes in 62 msecs (HTTP/1.1 200) 4 headers in 159 bytes (1 switches on core 0) [pid: 7|app: 0|req: 406/786] 10.0.0.89 () {32 vars in 773 bytes} [Mon Apr 13 23:21:18 2026] GET /v2.0/security-groups?tenant_id=d4c3bf2a36ce45c48062faa10d6d2888&name=default => generated 2925 bytes in 33 msecs (HTTP/1.1 200) 4 headers in 158 bytes (1 switches on core 0)
2026-04-13 23:21:18.217 8 WARNING neutron.scheduler.dhcp_agent_scheduler [None req-1eb8b4a2-7e6b-4c89-abf1-1afeeaca474c 7651fec7fba941fc80c06c61443bfe50 fe76b0e9078e448caad4f003a0559f28 - - default default] No more DHCP agents
2026-04-13 23:21:18.219 8 WARNING neutron.api.rpc.agentnotifiers.dhcp_rpc_agent_api [None req-1eb8b4a2-7e6b-4c89-abf1-1afeeaca474c 7651fec7fba941fc80c06c61443bfe50 fe76b0e9078e448caad4f003a0559f28 - - default default] Unable to schedule network d30fd4a7-9cc5-4fad-b3d6-caf330970350: no agents available; will retry on subsequent port and subnet creation events.
2026-04-13 23:21:18.285 7 INFO neutron.plugins.ml2.drivers.ovn.mech_driver.mech_driver [None req-760aa497-5852-4341-b6f6-3ce79e4257c6 - - - - - -] OVN reports status down for port: 7e1d692e-3960-4504-b7b8-4249057b7e6f
2026-04-13 23:21:18.301 8 INFO neutron.services.segments.plugin [-] Segment a17156f5-7589-4fd4-96a6-91cdea15db72 resource provider aggregate not found
2026-04-13 23:21:18.305 8 INFO neutron.services.segments.plugin [-] Segment a17156f5-7589-4fd4-96a6-91cdea15db72 resource provider aggregate not found
2026-04-13 23:21:18.319 8 INFO neutron.services.segments.plugin [-] Segment a17156f5-7589-4fd4-96a6-91cdea15db72 resource provider not found; error: Placement Client Error (4xx): {"errors": [{"status": 404, "title": "Not Found", "detail": "The resource could not be found.\n\n No resource provider with uuid a17156f5-7589-4fd4-96a6-91cdea15db72 found for delete ", "request_id": "req-b7d546f2-a6d4-4e41-bc94-e76ad7708877"}]}
2026-04-13 23:21:18.323 8 INFO neutron.services.segments.plugin [-] Segment a17156f5-7589-4fd4-96a6-91cdea15db72 resource provider not found; error: Placement Client Error (4xx): {"errors": [{"status": 404, "title": "Not Found", "detail": "The resource could not be found.\n\n No resource provider with uuid a17156f5-7589-4fd4-96a6-91cdea15db72 found for delete ", "request_id": "req-1a3ce2e6-e17d-4a09-8b6c-5598966413ac"}]}
2026-04-13 23:21:18.327 8 INFO neutron.db.ovn_revision_numbers_db [None req-1eb8b4a2-7e6b-4c89-abf1-1afeeaca474c 7651fec7fba941fc80c06c61443bfe50 fe76b0e9078e448caad4f003a0559f28 - - default default] Successfully bumped revision number for resource 7e1d692e-3960-4504-b7b8-4249057b7e6f (type: ports) to 1
2026-04-13 23:21:18.339 8 INFO neutron.services.segments.plugin [-] Segment 5883ead6-0adc-4054-ab27-f4c2cbd9f4cc resource provider aggregate not found
2026-04-13 23:21:18.344 8 INFO neutron.services.segments.plugin [-] Segment 5883ead6-0adc-4054-ab27-f4c2cbd9f4cc resource provider aggregate not found
2026-04-13 23:21:18.364 8 INFO neutron.services.segments.plugin [-] Segment 5883ead6-0adc-4054-ab27-f4c2cbd9f4cc resource provider not found; error: Placement Client Error (4xx): {"errors": [{"status": 404, "title": "Not Found", "detail": "The resource could not be found.\n\n No resource provider with uuid 5883ead6-0adc-4054-ab27-f4c2cbd9f4cc found for delete ", "request_id": "req-4c01a409-7c53-42f8-8e27-4f750f1e933f"}]}
2026-04-13 23:21:18.365 8 INFO neutron.services.segments.plugin [-] Segment 5883ead6-0adc-4054-ab27-f4c2cbd9f4cc resource provider not found; error: Placement Client Error (4xx): {"errors": [{"status": 404, "title": "Not Found", "detail": "The resource could not be found.\n\n No resource provider with uuid 5883ead6-0adc-4054-ab27-f4c2cbd9f4cc found for delete ", "request_id": "req-937a4cd2-aaa6-4866-9d0b-4145c5a06b89"}]} [pid: 8|app: 0|req: 381/787] 10.0.0.89 () {34 vars in 670 bytes} [Mon Apr 13 23:21:17 2026] POST /v2.0/networks => generated 765 bytes in 936 msecs (HTTP/1.1 201) 4 headers in 162 bytes (1 switches on core 0) [pid: 8|app: 0|req: 382/788] 10.0.0.102 () {28 vars in 619 bytes} [Mon Apr 13 23:21:18 2026] GET /v2.0/network-ip-availabilities => generated 1881 bytes in 20 msecs (HTTP/1.1 200) 4 headers in 158 bytes (1 switches on core 0) [pid: 7|app: 0|req: 407/789] 10.0.0.89 () {32 vars in 739 bytes} [Mon Apr 13 23:21:18 2026] DELETE /v2.0/security-groups/a40bd9c4-cbfe-466a-8039-0b8cabf90cf6 => generated 0 bytes in 333 msecs (HTTP/1.1 204) 2 headers in 112 bytes (1 switches on core 0) [pid: 8|app: 0|req: 383/790] 10.0.0.89 () {32 vars in 739 bytes} [Mon Apr 13 23:21:18 2026] DELETE /v2.0/security-groups/2b4b304a-3f00-4e82-a55c-d6b26adb6c1b => generated 0 bytes in 217 msecs (HTTP/1.1 204) 2 headers in 112 bytes (1 switches on core 0)
2026-04-13 23:21:18.671 7 WARNING neutron.scheduler.dhcp_agent_scheduler [None req-f33e0519-be51-4112-b5ab-16c488e840da 7651fec7fba941fc80c06c61443bfe50 fe76b0e9078e448caad4f003a0559f28 - - default default] No more DHCP agents
2026-04-13 23:21:18.673 7 WARNING neutron.api.rpc.agentnotifiers.dhcp_rpc_agent_api [None req-f33e0519-be51-4112-b5ab-16c488e840da 7651fec7fba941fc80c06c61443bfe50 fe76b0e9078e448caad4f003a0559f28 - - default default] Unable to schedule network d30fd4a7-9cc5-4fad-b3d6-caf330970350: no agents available; will retry on subsequent port and subnet creation events. [pid: 8|app: 0|req: 384/791] 10.0.0.102 () {28 vars in 591 bytes} [Mon Apr 13 23:21:18 2026] GET /v2.0/floatingips => generated 860 bytes in 68 msecs (HTTP/1.1 200) 4 headers in 157 bytes (1 switches on core 0) [pid: 8|app: 0|req: 385/792] 10.0.0.102 () {28 vars in 583 bytes} [Mon Apr 13 23:21:18 2026] GET /v2.0/subnets => generated 2677 bytes in 27 msecs (HTTP/1.1 200) 4 headers in 158 bytes (1 switches on core 0) [pid: 8|app: 0|req: 386/793] 10.0.0.102 () {28 vars in 583 bytes} [Mon Apr 13 23:21:18 2026] GET /v2.0/subnets => generated 2677 bytes in 25 msecs (HTTP/1.1 200) 4 headers in 158 bytes (1 switches on core 0) [pid: 8|app: 0|req: 387/794] 10.0.0.102 () {28 vars in 591 bytes} [Mon Apr 13 23:21:18 2026] GET /v2.0/subnetpools => generated 19 bytes in 6 msecs (HTTP/1.1 200) 4 headers in 156 bytes (1 switches on core 0)
2026-04-13 23:21:19.026 7 INFO neutron.db.ovn_revision_numbers_db [None req-7b3fe36d-02cf-4126-bfb4-17e91c71f8e6 - - - - - -] Successfully bumped revision number for resource 7e1d692e-3960-4504-b7b8-4249057b7e6f (type: ports) to 2
2026-04-13 23:21:19.076 7 INFO neutron.db.ovn_revision_numbers_db [None req-7b3fe36d-02cf-4126-bfb4-17e91c71f8e6 - - - - - -] Successfully bumped revision number for resource 47c0060e-0e0e-4cd8-9874-ccce965809da (type: subnets) to 0 [pid: 7|app: 0|req: 408/795] 10.0.0.89 () {34 vars in 668 bytes} [Mon Apr 13 23:21:18 2026] POST /v2.0/subnets => generated 690 bytes in 586 msecs (HTTP/1.1 201) 4 headers in 162 bytes (1 switches on core 0)
2026-04-13 23:21:19.372 7 INFO neutron.services.segments.plugin [-] Segment 10306817-68ac-494a-b4b1-3210082e2cf5 resource provider aggregate not found
2026-04-13 23:21:19.376 7 INFO neutron.services.segments.plugin [-] Segment 10306817-68ac-494a-b4b1-3210082e2cf5 resource provider aggregate not found
2026-04-13 23:21:19.391 7 INFO neutron.services.segments.plugin [-] Segment 10306817-68ac-494a-b4b1-3210082e2cf5 resource provider not found; error: Placement Client Error (4xx): {"errors": [{"status": 404, "title": "Not Found", "detail": "The resource could not be found.\n\n No resource provider with uuid 10306817-68ac-494a-b4b1-3210082e2cf5 found for delete ", "request_id": "req-785f5838-6efe-4a69-b302-364955ad80c6"}]}
2026-04-13 23:21:19.393 7 INFO neutron.services.segments.plugin [-] Segment 10306817-68ac-494a-b4b1-3210082e2cf5 resource provider not found; error: Placement Client Error (4xx): {"errors": [{"status": 404, "title": "Not Found", "detail": "The resource could not be found.\n\n No resource provider with uuid 10306817-68ac-494a-b4b1-3210082e2cf5 found for delete ", "request_id": "req-e6ccd256-524c-4ac8-8ea2-8b5d166079f1"}]}
2026-04-13 23:21:19.479 8 WARNING neutron.scheduler.dhcp_agent_scheduler [None req-f6d3e4c9-8092-4737-b176-9c0b57844a30 7651fec7fba941fc80c06c61443bfe50 fe76b0e9078e448caad4f003a0559f28 - - default default] No more DHCP agents
2026-04-13 23:21:19.480 8 WARNING neutron.api.rpc.agentnotifiers.dhcp_rpc_agent_api [None req-f6d3e4c9-8092-4737-b176-9c0b57844a30 7651fec7fba941fc80c06c61443bfe50 fe76b0e9078e448caad4f003a0559f28 - - default default] Unable to schedule network f2cf7351-d8e5-4393-a334-80f250428381: no agents available; will retry on subsequent port and subnet creation events.
2026-04-13 23:21:19.596 7 INFO neutron.plugins.ml2.drivers.ovn.mech_driver.mech_driver [None req-760aa497-5852-4341-b6f6-3ce79e4257c6 - - - - - -] OVN reports status down for port: 6acd578c-5ec4-42e8-be49-0312a63d0ab9
2026-04-13 23:21:19.608 8 INFO neutron.db.ovn_revision_numbers_db [None req-f6d3e4c9-8092-4737-b176-9c0b57844a30 7651fec7fba941fc80c06c61443bfe50 fe76b0e9078e448caad4f003a0559f28 - - default default] Successfully bumped revision number for resource 6acd578c-5ec4-42e8-be49-0312a63d0ab9 (type: ports) to 1
2026-04-13 23:21:20.302 8 INFO neutron.plugins.ml2.drivers.ovn.mech_driver.ovsdb.commands [None req-6d47e075-c950-45d3-a5e6-6b7fa6c77843 - - - - - -] Schedule LRP lrp-6acd578c-5ec4-42e8-be49-0312a63d0ab9 on gateway 69273c6b-f1a3-4942-a420-424ef29f4da1 with priority 1
2026-04-13 23:21:20.330 7 INFO neutron.plugins.ml2.drivers.ovn.mech_driver.mech_driver [None req-760aa497-5852-4341-b6f6-3ce79e4257c6 - - - - - -] OVN reports status up for port: 6acd578c-5ec4-42e8-be49-0312a63d0ab9
2026-04-13 23:21:20.362 8 INFO neutron.plugins.ml2.drivers.ovn.mech_driver.ovsdb.ovsdb_monitor [None req-865fe243-7e96-46ff-9a50-c316aea2dfa9 - - - - - -] Router 882357cb-be32-4d42-9678-3b514c7b1841 is bound to host instance
2026-04-13 23:21:20.373 7 INFO neutron.plugins.ml2.plugin [None req-760aa497-5852-4341-b6f6-3ce79e4257c6 - - - - - -] Attempt 1 to provision port 6acd578c-5ec4-42e8-be49-0312a63d0ab9
2026-04-13 23:21:20.409 8 INFO neutron.db.ovn_revision_numbers_db [None req-f6d3e4c9-8092-4737-b176-9c0b57844a30 7651fec7fba941fc80c06c61443bfe50 fe76b0e9078e448caad4f003a0559f28 - - default default] Successfully bumped revision number for resource 6acd578c-5ec4-42e8-be49-0312a63d0ab9 (type: router_ports) to 1
2026-04-13 23:21:20.570 8 INFO neutron.db.ovn_revision_numbers_db [None req-f6d3e4c9-8092-4737-b176-9c0b57844a30 7651fec7fba941fc80c06c61443bfe50 fe76b0e9078e448caad4f003a0559f28 - - default default] Successfully bumped revision number for resource 882357cb-be32-4d42-9678-3b514c7b1841 (type: routers) to 2 [pid: 8|app: 0|req: 388/798] 10.0.0.89 () {34 vars in 668 bytes} [Mon Apr 13 23:21:19 2026] POST /v2.0/routers => generated 968 bytes in 1506 msecs (HTTP/1.1 201) 4 headers in 162 bytes (1 switches on core 0)
2026-04-13 23:21:20.784 7 INFO neutron.db.ovn_revision_numbers_db [None req-d232312b-13e8-4758-81eb-8a6419e7ae18 5166174d3d814d13baf566fa6a095b29 9eb16867adcf4ab496ff8800d92d8db9 - - default default] Successfully bumped revision number for resource b653824f-148f-4128-b532-02b4928201dd (type: security_groups) to 1
2026-04-13 23:21:20.796 7 INFO neutron.db.ovn_revision_numbers_db [None req-d232312b-13e8-4758-81eb-8a6419e7ae18 5166174d3d814d13baf566fa6a095b29 9eb16867adcf4ab496ff8800d92d8db9 - - default default] Successfully bumped revision number for resource 9cf34b94-ee94-4565-bb9c-df402b05d96f (type: security_group_rules) to 0
2026-04-13 23:21:20.808 7 INFO neutron.db.ovn_revision_numbers_db [None req-d232312b-13e8-4758-81eb-8a6419e7ae18 5166174d3d814d13baf566fa6a095b29 9eb16867adcf4ab496ff8800d92d8db9 - - default default] Successfully bumped revision number for resource b87817cd-c92f-407c-a87c-68836c99b202 (type: security_group_rules) to 0
2026-04-13 23:21:20.826 7 INFO neutron.db.ovn_revision_numbers_db [None req-d232312b-13e8-4758-81eb-8a6419e7ae18 5166174d3d814d13baf566fa6a095b29 9eb16867adcf4ab496ff8800d92d8db9 - - default default] Successfully bumped revision number for resource e55721f7-770f-408a-85a5-212f38f34203 (type: security_group_rules) to 0
2026-04-13 23:21:20.838 7 INFO neutron.db.ovn_revision_numbers_db [None req-d232312b-13e8-4758-81eb-8a6419e7ae18 5166174d3d814d13baf566fa6a095b29 9eb16867adcf4ab496ff8800d92d8db9 - - default default] Successfully bumped revision number for resource f22c90da-e59a-4df4-92ae-daeb46676661 (type: security_group_rules) to 0
2026-04-13 23:21:20.932 8 INFO neutron.db.ovn_revision_numbers_db [None req-9c90cf04-a9de-459a-a5b1-0c4f44c587a3 7651fec7fba941fc80c06c61443bfe50 fe76b0e9078e448caad4f003a0559f28 - - default default] Successfully bumped revision number for resource 043255cf-91b3-40ed-baef-a1b8dbf1f2c5 (type: security_groups) to 1
2026-04-13 23:21:20.934 7 INFO neutron.db.segments_db [None req-d232312b-13e8-4758-81eb-8a6419e7ae18 5166174d3d814d13baf566fa6a095b29 9eb16867adcf4ab496ff8800d92d8db9 - - default default] Added segment 0ec006a4-bf0f-4582-8fea-b2e33ee11c18 of type geneve for network 65ba3a40-261b-4035-9e89-a7cbfa86c0d3
2026-04-13 23:21:20.960 8 INFO neutron.db.ovn_revision_numbers_db [None req-9c90cf04-a9de-459a-a5b1-0c4f44c587a3 7651fec7fba941fc80c06c61443bfe50 fe76b0e9078e448caad4f003a0559f28 - - default default] Successfully bumped revision number for resource 2b7d66a5-80cd-41c1-9829-7664e367c969 (type: security_group_rules) to 0
2026-04-13 23:21:20.981 8 INFO neutron.db.ovn_revision_numbers_db [None req-9c90cf04-a9de-459a-a5b1-0c4f44c587a3 7651fec7fba941fc80c06c61443bfe50 fe76b0e9078e448caad4f003a0559f28 - - default default] Successfully bumped revision number for resource 58eb7a62-a4e7-4b03-a829-ff51c6bb2162 (type: security_group_rules) to 0
2026-04-13 23:21:21.002 8 INFO neutron.db.ovn_revision_numbers_db [None req-9c90cf04-a9de-459a-a5b1-0c4f44c587a3 7651fec7fba941fc80c06c61443bfe50 fe76b0e9078e448caad4f003a0559f28 - - default default] Successfully bumped revision number for resource e32b44df-bf93-467d-bcc9-f182b715079f (type: security_group_rules) to 0
2026-04-13 23:21:21.023 8 INFO neutron.db.ovn_revision_numbers_db [None req-9c90cf04-a9de-459a-a5b1-0c4f44c587a3 7651fec7fba941fc80c06c61443bfe50 fe76b0e9078e448caad4f003a0559f28 - - default default] Successfully bumped revision number for resource fa7615df-cf27-477d-a957-cbb583351cf8 (type: security_group_rules) to 0
2026-04-13 23:21:21.056 7 INFO neutron.db.ovn_revision_numbers_db [None req-d232312b-13e8-4758-81eb-8a6419e7ae18 5166174d3d814d13baf566fa6a095b29 9eb16867adcf4ab496ff8800d92d8db9 - - default default] Successfully bumped revision number for resource 65ba3a40-261b-4035-9e89-a7cbfa86c0d3 (type: networks) to 1
2026-04-13 23:21:21.149 8 INFO neutron.db.segments_db [None req-9c90cf04-a9de-459a-a5b1-0c4f44c587a3 7651fec7fba941fc80c06c61443bfe50 fe76b0e9078e448caad4f003a0559f28 - - default default] Added segment 419f24b3-ac2d-4f6a-9876-3ee4ce0f9b25 of type geneve for network 5cf7df23-f4e9-4ce3-a0dc-e9eb502e48f3
2026-04-13 23:21:21.230 7 WARNING neutron.scheduler.dhcp_agent_scheduler [None req-d232312b-13e8-4758-81eb-8a6419e7ae18 5166174d3d814d13baf566fa6a095b29 9eb16867adcf4ab496ff8800d92d8db9 - - default default] No more DHCP agents
2026-04-13 23:21:21.231 7 WARNING neutron.api.rpc.agentnotifiers.dhcp_rpc_agent_api [None req-d232312b-13e8-4758-81eb-8a6419e7ae18 5166174d3d814d13baf566fa6a095b29 9eb16867adcf4ab496ff8800d92d8db9 - - default default] Unable to schedule network 65ba3a40-261b-4035-9e89-a7cbfa86c0d3: no agents available; will retry on subsequent port and subnet creation events.
2026-04-13 23:21:21.315 7 INFO neutron.db.ovn_revision_numbers_db [None req-d232312b-13e8-4758-81eb-8a6419e7ae18 5166174d3d814d13baf566fa6a095b29 9eb16867adcf4ab496ff8800d92d8db9 - - default default] Successfully bumped revision number for resource 5ebc6f06-22f0-4d59-8912-528277b6d265 (type: ports) to 1 [pid: 7|app: 0|req: 411/799] 10.0.0.89 () {34 vars in 669 bytes} [Mon Apr 13 23:21:20 2026] POST /v2.0/networks => generated 653 bytes in 1005 msecs (HTTP/1.1 201) 4 headers in 162 bytes (1 switches on core 0)
2026-04-13 23:21:21.359 8 INFO neutron.db.ovn_revision_numbers_db [None req-9c90cf04-a9de-459a-a5b1-0c4f44c587a3 7651fec7fba941fc80c06c61443bfe50 fe76b0e9078e448caad4f003a0559f28 - - default default] Successfully bumped revision number for resource 5cf7df23-f4e9-4ce3-a0dc-e9eb502e48f3 (type: networks) to 1
2026-04-13 23:21:21.685 8 WARNING neutron.scheduler.dhcp_agent_scheduler [None req-9c90cf04-a9de-459a-a5b1-0c4f44c587a3 7651fec7fba941fc80c06c61443bfe50 fe76b0e9078e448caad4f003a0559f28 - - default default] No more DHCP agents
2026-04-13 23:21:21.688 8 WARNING neutron.api.rpc.agentnotifiers.dhcp_rpc_agent_api [None req-9c90cf04-a9de-459a-a5b1-0c4f44c587a3 7651fec7fba941fc80c06c61443bfe50 fe76b0e9078e448caad4f003a0559f28 - - default default] Unable to schedule network 5cf7df23-f4e9-4ce3-a0dc-e9eb502e48f3: no agents available; will retry on subsequent port and subnet creation events.
2026-04-13 23:21:21.825 7 WARNING neutron.scheduler.dhcp_agent_scheduler [None req-85e6fb8e-fc91-464f-aaf6-230c606f5148 7651fec7fba941fc80c06c61443bfe50 fe76b0e9078e448caad4f003a0559f28 - - default default] No more DHCP agents
2026-04-13 23:21:21.826 7 WARNING neutron.api.rpc.agentnotifiers.dhcp_rpc_agent_api [None req-85e6fb8e-fc91-464f-aaf6-230c606f5148 7651fec7fba941fc80c06c61443bfe50 fe76b0e9078e448caad4f003a0559f28 - - default default] Unable to schedule network d30fd4a7-9cc5-4fad-b3d6-caf330970350: no agents available; will retry on subsequent port and subnet creation events.
2026-04-13 23:21:21.840 8 INFO neutron.db.ovn_revision_numbers_db [None req-9c90cf04-a9de-459a-a5b1-0c4f44c587a3 7651fec7fba941fc80c06c61443bfe50 fe76b0e9078e448caad4f003a0559f28 - - default default] Successfully bumped revision number for resource 3f39f827-d645-4638-8e1f-e07eb7b038ea (type: ports) to 1
2026-04-13 23:21:21.885 8 INFO neutron.db.ovn_revision_numbers_db [None req-26ecfe95-8e83-40e6-8430-2d3bc6175657 - - - - - -] Successfully bumped revision number for resource 6acd578c-5ec4-42e8-be49-0312a63d0ab9 (type: ports) to 4 [pid: 8|app: 0|req: 389/800] 10.0.0.89 () {34 vars in 670 bytes} [Mon Apr 13 23:21:20 2026] POST /v2.0/networks => generated 765 bytes in 1287 msecs (HTTP/1.1 201) 4 headers in 162 bytes (1 switches on core 0)
2026-04-13 23:21:21.938 8 INFO neutron.plugins.ml2.drivers.ovn.mech_driver.mech_driver [None req-44bd12dd-3c8b-4fa4-91d6-8317087f0efd - - - - - -] OVN reports status down for port: 72a86fc4-0256-486d-9502-56b90465d374
2026-04-13 23:21:21.970 7 INFO neutron.db.ovn_revision_numbers_db [None req-85e6fb8e-fc91-464f-aaf6-230c606f5148 7651fec7fba941fc80c06c61443bfe50 fe76b0e9078e448caad4f003a0559f28 - - default default] Successfully bumped revision number for resource 72a86fc4-0256-486d-9502-56b90465d374 (type: ports) to 1
2026-04-13 23:21:22.092 8 INFO neutron.db.segments_db [None req-9ef97eb4-2ba8-4673-8dd1-ef449f78a84c 5166174d3d814d13baf566fa6a095b29 9eb16867adcf4ab496ff8800d92d8db9 - - default default] Added segment 9d074558-9940-4b25-9beb-06945ff7cfdd of type geneve for network 77547818-bc60-4d9e-ba92-fa3465274737
2026-04-13 23:21:22.306 8 INFO neutron.db.ovn_revision_numbers_db [None req-9ef97eb4-2ba8-4673-8dd1-ef449f78a84c 5166174d3d814d13baf566fa6a095b29 9eb16867adcf4ab496ff8800d92d8db9 - - default default] Successfully bumped revision number for resource 77547818-bc60-4d9e-ba92-fa3465274737 (type: networks) to 1
2026-04-13 23:21:22.634 7 WARNING neutron.scheduler.dhcp_agent_scheduler [None req-85e6fb8e-fc91-464f-aaf6-230c606f5148 7651fec7fba941fc80c06c61443bfe50 fe76b0e9078e448caad4f003a0559f28 - - default default] No more DHCP agents
2026-04-13 23:21:22.636 7 WARNING neutron.api.rpc.agentnotifiers.dhcp_rpc_agent_api [None req-85e6fb8e-fc91-464f-aaf6-230c606f5148 7651fec7fba941fc80c06c61443bfe50 fe76b0e9078e448caad4f003a0559f28 - - default default] Unable to schedule network d30fd4a7-9cc5-4fad-b3d6-caf330970350: no agents available; will retry on subsequent port and subnet creation events.
2026-04-13 23:21:22.698 7 INFO neutron.plugins.ml2.drivers.ovn.mech_driver.mech_driver [None req-760aa497-5852-4341-b6f6-3ce79e4257c6 - - - - - -] OVN reports status down for port: 5ebc6f06-22f0-4d59-8912-528277b6d265
2026-04-13 23:21:22.819 7 INFO neutron.plugins.ml2.drivers.ovn.mech_driver.mech_driver [None req-760aa497-5852-4341-b6f6-3ce79e4257c6 - - - - - -] OVN reports status down for port: 3f39f827-d645-4638-8e1f-e07eb7b038ea
2026-04-13 23:21:23.032 8 INFO neutron.plugins.ml2.drivers.ovn.mech_driver.mech_driver [None req-44bd12dd-3c8b-4fa4-91d6-8317087f0efd - - - - - -] OVN reports status up for port: 72a86fc4-0256-486d-9502-56b90465d374
2026-04-13 23:21:23.085 8 INFO neutron.plugins.ml2.plugin [None req-44bd12dd-3c8b-4fa4-91d6-8317087f0efd - - - - - -] Attempt 1 to provision port 72a86fc4-0256-486d-9502-56b90465d374
2026-04-13 23:21:23.217 7 INFO neutron.db.ovn_revision_numbers_db [None req-85e6fb8e-fc91-464f-aaf6-230c606f5148 7651fec7fba941fc80c06c61443bfe50 fe76b0e9078e448caad4f003a0559f28 - - default default] Successfully bumped revision number for resource 72a86fc4-0256-486d-9502-56b90465d374 (type: router_ports) to 1
2026-04-13 23:21:23.226 8 INFO neutron.db.ovn_revision_numbers_db [None req-26ecfe95-8e83-40e6-8430-2d3bc6175657 - - - - - -] Successfully bumped revision number for resource 6acd578c-5ec4-42e8-be49-0312a63d0ab9 (type: ports) to 5 [pid: 7|app: 0|req: 412/801] 10.0.0.89 () {34 vars in 782 bytes} [Mon Apr 13 23:21:21 2026] PUT /v2.0/routers/882357cb-be32-4d42-9678-3b514c7b1841/add_router_interface => generated 309 bytes in 1878 msecs (HTTP/1.1 200) 4 headers in 157 bytes (1 switches on core 0) [pid: 7|app: 0|req: 413/802] 10.0.0.36 () {34 vars in 989 bytes} [Mon Apr 13 23:21:23 2026] GET /v2.0/ports?device_id=6f5032cc-daf0-4774-8113-8718cacf6f27 => generated 971 bytes in 83 msecs (HTTP/1.1 200) 4 headers in 157 bytes (1 switches on core 0)
2026-04-13 23:21:23.472 7 WARNING neutron.scheduler.dhcp_agent_scheduler [None req-5bea248c-8c03-43b6-8a4a-bfa5f367f49d 7651fec7fba941fc80c06c61443bfe50 fe76b0e9078e448caad4f003a0559f28 - - default default] No more DHCP agents
2026-04-13 23:21:23.474 7 WARNING neutron.api.rpc.agentnotifiers.dhcp_rpc_agent_api [None req-5bea248c-8c03-43b6-8a4a-bfa5f367f49d 7651fec7fba941fc80c06c61443bfe50 fe76b0e9078e448caad4f003a0559f28 - - default default] Unable to schedule network 5cf7df23-f4e9-4ce3-a0dc-e9eb502e48f3: no agents available; will retry on subsequent port and subnet creation events.
2026-04-13 23:21:23.510 8 WARNING neutron.scheduler.dhcp_agent_scheduler [None req-9ef97eb4-2ba8-4673-8dd1-ef449f78a84c 5166174d3d814d13baf566fa6a095b29 9eb16867adcf4ab496ff8800d92d8db9 - - default default] No more DHCP agents
2026-04-13 23:21:23.532 8 WARNING neutron.api.rpc.agentnotifiers.dhcp_rpc_agent_api [None req-9ef97eb4-2ba8-4673-8dd1-ef449f78a84c 5166174d3d814d13baf566fa6a095b29 9eb16867adcf4ab496ff8800d92d8db9 - - default default] Unable to schedule network 77547818-bc60-4d9e-ba92-fa3465274737: no agents available; will retry on subsequent port and subnet creation events.
2026-04-13 23:21:23.714 8 INFO neutron.db.ovn_revision_numbers_db [None req-9ef97eb4-2ba8-4673-8dd1-ef449f78a84c 5166174d3d814d13baf566fa6a095b29 9eb16867adcf4ab496ff8800d92d8db9 - - default default] Successfully bumped revision number for resource 54c6eb1c-1778-4f13-8811-c1e74845e633 (type: ports) to 1 [pid: 8|app: 0|req: 390/803] 10.0.0.89 () {34 vars in 669 bytes} [Mon Apr 13 23:21:21 2026] POST /v2.0/networks => generated 651 bytes in 1866 msecs (HTTP/1.1 201) 4 headers in 162 bytes (1 switches on core 0)
2026-04-13 23:21:23.909 7 INFO neutron.db.ovn_revision_numbers_db [None req-6e452f70-c545-47ef-ac75-ddd4bc76b51b - - - - - -] Successfully bumped revision number for resource 3f39f827-d645-4638-8e1f-e07eb7b038ea (type: ports) to 2 [pid: 8|app: 0|req: 391/804] 10.0.0.36 () {34 vars in 970 bytes} [Mon Apr 13 23:21:23 2026] GET /v2.0/ports/99af1c4b-eca9-4e97-ac4e-d835116751f7 => generated 968 bytes in 165 msecs (HTTP/1.1 200) 4 headers in 157 bytes (1 switches on core 0)
2026-04-13 23:21:23.940 7 INFO neutron.db.ovn_revision_numbers_db [None req-6e452f70-c545-47ef-ac75-ddd4bc76b51b - - - - - -] Successfully bumped revision number for resource be57d9a9-4985-4460-8339-4d84283785a6 (type: subnets) to 0 [pid: 7|app: 0|req: 414/805] 10.0.0.89 () {34 vars in 668 bytes} [Mon Apr 13 23:21:23 2026] POST /v2.0/subnets => generated 690 bytes in 645 msecs (HTTP/1.1 201) 4 headers in 162 bytes (1 switches on core 0)
2026-04-13 23:21:24.139 7 WARNING neutron.scheduler.dhcp_agent_scheduler [None req-fcaf0dcf-f24e-48e7-99af-8e326eb74c54 5166174d3d814d13baf566fa6a095b29 9eb16867adcf4ab496ff8800d92d8db9 - - default default] No more DHCP agents
2026-04-13 23:21:24.141 7 WARNING neutron.api.rpc.agentnotifiers.dhcp_rpc_agent_api [None req-fcaf0dcf-f24e-48e7-99af-8e326eb74c54 5166174d3d814d13baf566fa6a095b29 9eb16867adcf4ab496ff8800d92d8db9 - - default default] Unable to schedule network 65ba3a40-261b-4035-9e89-a7cbfa86c0d3: no agents available; will retry on subsequent port and subnet creation events.
2026-04-13 23:21:24.167 7 INFO neutron.db.ovn_revision_numbers_db [None req-fcaf0dcf-f24e-48e7-99af-8e326eb74c54 5166174d3d814d13baf566fa6a095b29 9eb16867adcf4ab496ff8800d92d8db9 - - default default] Successfully bumped revision number for resource f6fc5f04-37ee-41d6-bfa1-10149c65e707 (type: subnets) to 0 [pid: 7|app: 0|req: 415/806] 10.0.0.89 () {34 vars in 668 bytes} [Mon Apr 13 23:21:23 2026] POST /v2.0/subnets => generated 646 bytes in 227 msecs (HTTP/1.1 201) 4 headers in 162 bytes (1 switches on core 0)
2026-04-13 23:21:24.188 8 INFO neutron.db.ovn_revision_numbers_db [None req-bc4e1cd3-347e-4d30-95a6-c193932f0372 c693be222ab74e7a91bced2bb409e0aa d18d32ceeab547adb6dc663132b6db84 - - default default] Successfully bumped revision number for resource d39c9952-63d2-4cbe-a2a6-4cca058502d0 (type: security_groups) to 1
2026-04-13 23:21:24.200 8 INFO neutron.db.ovn_revision_numbers_db [None req-44bd12dd-3c8b-4fa4-91d6-8317087f0efd - - - - - -] Successfully bumped revision number for resource 72a86fc4-0256-486d-9502-56b90465d374 (type: ports) to 2
2026-04-13 23:21:24.207 8 INFO neutron.db.ovn_revision_numbers_db [None req-bc4e1cd3-347e-4d30-95a6-c193932f0372 c693be222ab74e7a91bced2bb409e0aa d18d32ceeab547adb6dc663132b6db84 - - default default] Successfully bumped revision number for resource 036c00d2-18f2-4aab-8d3e-a7fdbaefc1b0 (type: security_group_rules) to 0
2026-04-13 23:21:24.232 8 INFO neutron.db.ovn_revision_numbers_db [None req-bc4e1cd3-347e-4d30-95a6-c193932f0372 c693be222ab74e7a91bced2bb409e0aa d18d32ceeab547adb6dc663132b6db84 - - default default] Successfully bumped revision number for resource 16a8b093-2e96-4bd6-88ad-0c57ccc498e5 (type: security_group_rules) to 0 [pid: 8|app: 0|req: 392/807] 10.0.0.89 () {34 vars in 684 bytes} [Mon Apr 13 23:21:23 2026] POST /v2.0/security-groups => generated 1659 bytes in 375 msecs (HTTP/1.1 201) 4 headers in 163 bytes (1 switches on core 0)
2026-04-13 23:21:24.512 8 WARNING neutron.scheduler.dhcp_agent_scheduler [None req-1a750353-775d-4c77-a93f-0f2e3498a444 5166174d3d814d13baf566fa6a095b29 9eb16867adcf4ab496ff8800d92d8db9 - - default default] No more DHCP agents
2026-04-13 23:21:24.513 8 WARNING neutron.api.rpc.agentnotifiers.dhcp_rpc_agent_api [None req-1a750353-775d-4c77-a93f-0f2e3498a444 5166174d3d814d13baf566fa6a095b29 9eb16867adcf4ab496ff8800d92d8db9 - - default default] Unable to schedule network 77547818-bc60-4d9e-ba92-fa3465274737: no agents available; will retry on subsequent port and subnet creation events.
2026-04-13 23:21:24.538 8 INFO neutron.db.ovn_revision_numbers_db [None req-1a750353-775d-4c77-a93f-0f2e3498a444 5166174d3d814d13baf566fa6a095b29 9eb16867adcf4ab496ff8800d92d8db9 - - default default] Successfully bumped revision number for resource d0fa7b50-a541-4b91-b22a-5e1add2604be (type: subnets) to 0 [pid: 8|app: 0|req: 393/808] 10.0.0.89 () {34 vars in 668 bytes} [Mon Apr 13 23:21:24 2026] POST /v2.0/subnets => generated 655 bytes in 251 msecs (HTTP/1.1 201) 4 headers in 162 bytes (1 switches on core 0)
2026-04-13 23:21:24.584 7 WARNING neutron.scheduler.dhcp_agent_scheduler [None req-3ba8847b-939a-4f02-a844-eda273a689b6 7651fec7fba941fc80c06c61443bfe50 fe76b0e9078e448caad4f003a0559f28 - - default default] No more DHCP agents
2026-04-13 23:21:24.586 7 WARNING neutron.api.rpc.agentnotifiers.dhcp_rpc_agent_api [None req-3ba8847b-939a-4f02-a844-eda273a689b6 7651fec7fba941fc80c06c61443bfe50 fe76b0e9078e448caad4f003a0559f28 - - default default] Unable to schedule network f2cf7351-d8e5-4393-a334-80f250428381: no agents available; will retry on subsequent port and subnet creation events.
2026-04-13 23:21:24.657 8 INFO neutron.db.ovn_revision_numbers_db [None req-0dd69b09-0d3d-445b-8783-140b1ea8210a c693be222ab74e7a91bced2bb409e0aa d18d32ceeab547adb6dc663132b6db84 - - default default] Successfully bumped revision number for resource f1b36e66-da4d-4fe7-8dcb-3a721458c4c3 (type: security_group_rules) to 0 [pid: 8|app: 0|req: 394/809] 10.0.0.89 () {34 vars in 694 bytes} [Mon Apr 13 23:21:24 2026] POST /v2.0/security-group-rules => generated 597 bytes in 157 msecs (HTTP/1.1 201) 4 headers in 162 bytes (1 switches on core 0)
2026-04-13 23:21:24.718 7 INFO neutron.db.ovn_revision_numbers_db [None req-3ba8847b-939a-4f02-a844-eda273a689b6 7651fec7fba941fc80c06c61443bfe50 fe76b0e9078e448caad4f003a0559f28 - - default default] Successfully bumped revision number for resource e07f0a9d-0951-4875-816f-6509d0c71e02 (type: ports) to 1 [pid: 8|app: 0|req: 395/810] 199.204.45.138 () {34 vars in 1000 bytes} [Mon Apr 13 23:21:24 2026] GET /v2.0/subnets?network_id=fac4316d-35d1-4aa9-8a64-250f58c56a8d => generated 684 bytes in 45 msecs (HTTP/1.1 200) 4 headers in 157 bytes (1 switches on core 0)
2026-04-13 23:21:24.876 8 INFO neutron.db.ovn_revision_numbers_db [None req-c46b9ffa-ff19-41bf-90ed-19f7a1ea9603 5166174d3d814d13baf566fa6a095b29 9eb16867adcf4ab496ff8800d92d8db9 - - default default] Successfully bumped revision number for resource b3507b3c-2631-4a09-aaac-e9a6201fbf18 (type: routers) to 1 [pid: 8|app: 0|req: 396/811] 10.0.0.89 () {34 vars in 668 bytes} [Mon Apr 13 23:21:24 2026] POST /v2.0/routers => generated 607 bytes in 139 msecs (HTTP/1.1 201) 4 headers in 162 bytes (1 switches on core 0)
2026-04-13 23:21:25.006 8 INFO neutron.db.ovn_revision_numbers_db [None req-6564d948-2f8f-4edc-a243-3337d4cf8a41 c693be222ab74e7a91bced2bb409e0aa d18d32ceeab547adb6dc663132b6db84 - - default default] Successfully bumped revision number for resource 934ea60f-2a12-4517-98a8-e2d140186d0f (type: security_group_rules) to 0 [pid: 8|app: 0|req: 397/812] 10.0.0.89 () {34 vars in 694 bytes} [Mon Apr 13 23:21:24 2026] POST /v2.0/security-group-rules => generated 602 bytes in 140 msecs (HTTP/1.1 201) 4 headers in 162 bytes (1 switches on core 0) [pid: 8|app: 0|req: 398/813] 199.204.45.138 () {34 vars in 1146 bytes} [Mon Apr 13 23:21:25 2026] GET /v2.0/ports?device_id=6f5032cc-daf0-4774-8113-8718cacf6f27&device_owner=compute%3Anova&network_id=fac4316d-35d1-4aa9-8a64-250f58c56a8d => generated 971 bytes in 59 msecs (HTTP/1.1 200) 4 headers in 157 bytes (1 switches on core 0)
2026-04-13 23:21:25.283 7 INFO neutron.plugins.ml2.drivers.ovn.mech_driver.ovsdb.commands [None req-967b5fbf-8275-4730-91ca-8522491acbd1 - - - - - -] Schedule LRP lrp-e07f0a9d-0951-4875-816f-6509d0c71e02 on gateway 69273c6b-f1a3-4942-a420-424ef29f4da1 with priority 1
2026-04-13 23:21:25.316 7 INFO neutron.plugins.ml2.drivers.ovn.mech_driver.ovsdb.ovsdb_monitor [-] Router c5288b01-e4f2-499a-a372-af70acc8c99a is bound to host instance
2026-04-13 23:21:25.374 7 INFO neutron.db.ovn_revision_numbers_db [None req-3ba8847b-939a-4f02-a844-eda273a689b6 7651fec7fba941fc80c06c61443bfe50 fe76b0e9078e448caad4f003a0559f28 - - default default] Successfully bumped revision number for resource e07f0a9d-0951-4875-816f-6509d0c71e02 (type: router_ports) to 1
2026-04-13 23:21:25.451 8 WARNING neutron.scheduler.dhcp_agent_scheduler [None req-16550148-e6cd-495d-820d-3ec8d43015fb 5166174d3d814d13baf566fa6a095b29 9eb16867adcf4ab496ff8800d92d8db9 - - default default] No more DHCP agents
2026-04-13 23:21:25.453 8 WARNING neutron.api.rpc.agentnotifiers.dhcp_rpc_agent_api [None req-16550148-e6cd-495d-820d-3ec8d43015fb 5166174d3d814d13baf566fa6a095b29 9eb16867adcf4ab496ff8800d92d8db9 - - default default] Unable to schedule network 65ba3a40-261b-4035-9e89-a7cbfa86c0d3: no agents available; will retry on subsequent port and subnet creation events.
2026-04-13 23:21:25.518 7 INFO neutron.db.ovn_revision_numbers_db [None req-3ba8847b-939a-4f02-a844-eda273a689b6 7651fec7fba941fc80c06c61443bfe50 fe76b0e9078e448caad4f003a0559f28 - - default default] Successfully bumped revision number for resource c5288b01-e4f2-499a-a372-af70acc8c99a (type: routers) to 2
2026-04-13 23:21:25.548 8 INFO neutron.db.ovn_revision_numbers_db [None req-16550148-e6cd-495d-820d-3ec8d43015fb 5166174d3d814d13baf566fa6a095b29 9eb16867adcf4ab496ff8800d92d8db9 - - default default] Successfully bumped revision number for resource 77a5414c-f2b8-4206-94c9-57f5ae874679 (type: ports) to 1 [pid: 7|app: 0|req: 416/814] 10.0.0.89 () {34 vars in 668 bytes} [Mon Apr 13 23:21:24 2026] POST /v2.0/routers => generated 968 bytes in 1374 msecs (HTTP/1.1 201) 4 headers in 162 bytes (1 switches on core 0)
2026-04-13 23:21:26.012 7 WARNING neutron.scheduler.dhcp_agent_scheduler [None req-31c9b691-fa22-4863-b877-bd91de3d4879 c693be222ab74e7a91bced2bb409e0aa d18d32ceeab547adb6dc663132b6db84 - - default default] No more DHCP agents
2026-04-13 23:21:26.016 7 WARNING neutron.api.rpc.agentnotifiers.dhcp_rpc_agent_api [None req-31c9b691-fa22-4863-b877-bd91de3d4879 c693be222ab74e7a91bced2bb409e0aa d18d32ceeab547adb6dc663132b6db84 - - default default] Unable to schedule network f2cf7351-d8e5-4393-a334-80f250428381: no agents available; will retry on subsequent port and subnet creation events.
2026-04-13 23:21:26.033 8 WARNING neutron.scheduler.dhcp_agent_scheduler [None req-16550148-e6cd-495d-820d-3ec8d43015fb 5166174d3d814d13baf566fa6a095b29 9eb16867adcf4ab496ff8800d92d8db9 - - default default] No more DHCP agents
2026-04-13 23:21:26.034 8 WARNING neutron.api.rpc.agentnotifiers.dhcp_rpc_agent_api [None req-16550148-e6cd-495d-820d-3ec8d43015fb 5166174d3d814d13baf566fa6a095b29 9eb16867adcf4ab496ff8800d92d8db9 - - default default] Unable to schedule network 65ba3a40-261b-4035-9e89-a7cbfa86c0d3: no agents available; will retry on subsequent port and subnet creation events.
2026-04-13 23:21:26.248 8 INFO neutron.db.ovn_revision_numbers_db [None req-16550148-e6cd-495d-820d-3ec8d43015fb 5166174d3d814d13baf566fa6a095b29 9eb16867adcf4ab496ff8800d92d8db9 - - default default] Successfully bumped revision number for resource 77a5414c-f2b8-4206-94c9-57f5ae874679 (type: router_ports) to 1 [pid: 8|app: 0|req: 399/815] 10.0.0.89 () {34 vars in 782 bytes} [Mon Apr 13 23:21:25 2026] PUT /v2.0/routers/b3507b3c-2631-4a09-aaac-e9a6201fbf18/add_router_interface => generated 309 bytes in 1160 msecs (HTTP/1.1 200) 4 headers in 157 bytes (1 switches on core 0) [pid: 7|app: 0|req: 417/816] 10.0.0.89 () {34 vars in 675 bytes} [Mon Apr 13 23:21:25 2026] POST /v2.0/floatingips => generated 552 bytes in 1077 msecs (HTTP/1.1 201) 4 headers in 162 bytes (1 switches on core 0)
2026-04-13 23:21:26.759 8 INFO neutron.db.ovn_revision_numbers_db [req-f911a07d-ba7d-4251-b318-dfe1c2727635 req-a5529619-2902-4a3a-833b-31f425dfb9ea 371acd22e71242f8bb7ba6fac15fac8d 4f9c4e106a3e4c47a276dc2d7b14717a - - default default] Successfully bumped revision number for resource 99af1c4b-eca9-4e97-ac4e-d835116751f7 (type: ports) to 6 [pid: 8|app: 0|req: 400/817] 199.204.45.138 () {38 vars in 1028 bytes} [Mon Apr 13 23:21:26 2026] PUT /v2.0/ports/99af1c4b-eca9-4e97-ac4e-d835116751f7 => generated 1145 bytes in 521 msecs (HTTP/1.1 200) 4 headers in 158 bytes (1 switches on core 0) /var/lib/openstack/lib/python3.12/site-packages/pycadf/identifier.py:70: UserWarning: Invalid uuid: neutron. To ensure interoperability, identifiers should be a valid uuid. warnings.warn(('Invalid uuid: %s. To ensure interoperability, '
2026-04-13 23:21:26.824 8 INFO neutron.notifiers.nova [-] Nova event matching ['req-0c5e8337-2ef2-4eab-be2b-22d94168b26b'] response: {'name': 'network-changed', 'server_uuid': '6f5032cc-daf0-4774-8113-8718cacf6f27', 'tag': '99af1c4b-eca9-4e97-ac4e-d835116751f7', 'status': 'completed', 'code': 200} [pid: 8|app: 0|req: 401/818] 10.0.0.89 () {32 vars in 716 bytes} [Mon Apr 13 23:21:26 2026] GET /v2.0/ports/77a5414c-f2b8-4206-94c9-57f5ae874679 => generated 945 bytes in 108 msecs (HTTP/1.1 200) 4 headers in 157 bytes (1 switches on core 0)
2026-04-13 23:21:26.930 7 INFO neutron.db.ovn_revision_numbers_db [None req-1ce94285-d4fc-4dec-84b2-c5e7e461e695 - - - - - -] Successfully bumped revision number for resource e07f0a9d-0951-4875-816f-6509d0c71e02 (type: ports) to 4
2026-04-13 23:21:27.399 8 WARNING neutron.scheduler.dhcp_agent_scheduler [None req-bb7466b1-ec19-43d7-8ca0-6b3cec9084b3 5166174d3d814d13baf566fa6a095b29 9eb16867adcf4ab496ff8800d92d8db9 - - default default] No more DHCP agents
2026-04-13 23:21:27.400 8 WARNING neutron.api.rpc.agentnotifiers.dhcp_rpc_agent_api [None req-bb7466b1-ec19-43d7-8ca0-6b3cec9084b3 5166174d3d814d13baf566fa6a095b29 9eb16867adcf4ab496ff8800d92d8db9 - - default default] Unable to schedule network 77547818-bc60-4d9e-ba92-fa3465274737: no agents available; will retry on subsequent port and subnet creation events.
2026-04-13 23:21:27.469 7 INFO neutron.plugins.ml2.drivers.ovn.mech_driver.mech_driver [None req-760aa497-5852-4341-b6f6-3ce79e4257c6 - - - - - -] OVN reports status down for port: d328f03f-5134-4ce2-9325-c1eb1cb21974
2026-04-13 23:21:27.497 8 INFO neutron.db.ovn_revision_numbers_db [None req-bb7466b1-ec19-43d7-8ca0-6b3cec9084b3 5166174d3d814d13baf566fa6a095b29 9eb16867adcf4ab496ff8800d92d8db9 - - default default] Successfully bumped revision number for resource d328f03f-5134-4ce2-9325-c1eb1cb21974 (type: ports) to 1
2026-04-13 23:21:27.656 7 WARNING neutron.scheduler.dhcp_agent_scheduler [None req-6fdcde95-7e00-449f-bb56-0c5d0fc548c4 7651fec7fba941fc80c06c61443bfe50 fe76b0e9078e448caad4f003a0559f28 - - default default] No more DHCP agents
2026-04-13 23:21:27.658 7 WARNING neutron.api.rpc.agentnotifiers.dhcp_rpc_agent_api [None req-6fdcde95-7e00-449f-bb56-0c5d0fc548c4 7651fec7fba941fc80c06c61443bfe50 fe76b0e9078e448caad4f003a0559f28 - - default default] Unable to schedule network 5cf7df23-f4e9-4ce3-a0dc-e9eb502e48f3: no agents available; will retry on subsequent port and subnet creation events.
2026-04-13 23:21:27.663 7 INFO neutron.db.ovn_revision_numbers_db [None req-1ce94285-d4fc-4dec-84b2-c5e7e461e695 - - - - - -] Successfully bumped revision number for resource e07f0a9d-0951-4875-816f-6509d0c71e02 (type: ports) to 5
2026-04-13 23:21:27.885 7 INFO neutron.db.ovn_revision_numbers_db [None req-6fdcde95-7e00-449f-bb56-0c5d0fc548c4 7651fec7fba941fc80c06c61443bfe50 fe76b0e9078e448caad4f003a0559f28 - - default default] Successfully bumped revision number for resource 46cf6b7f-bd34-4ff2-8432-bd22685be241 (type: ports) to 1
2026-04-13 23:21:27.941 7 INFO neutron.plugins.ml2.drivers.ovn.mech_driver.mech_driver [None req-760aa497-5852-4341-b6f6-3ce79e4257c6 - - - - - -] OVN reports status up for port: d328f03f-5134-4ce2-9325-c1eb1cb21974
2026-04-13 23:21:27.973 7 INFO neutron.plugins.ml2.plugin [None req-760aa497-5852-4341-b6f6-3ce79e4257c6 - - - - - -] Attempt 1 to provision port d328f03f-5134-4ce2-9325-c1eb1cb21974
2026-04-13 23:21:27.982 8 INFO neutron.plugins.ml2.plugin [None req-bb7466b1-ec19-43d7-8ca0-6b3cec9084b3 5166174d3d814d13baf566fa6a095b29 9eb16867adcf4ab496ff8800d92d8db9 - - default default] Attempt 1 to provision port d328f03f-5134-4ce2-9325-c1eb1cb21974
2026-04-13 23:21:28.052 8 WARNING neutron.scheduler.dhcp_agent_scheduler [None req-bb7466b1-ec19-43d7-8ca0-6b3cec9084b3 5166174d3d814d13baf566fa6a095b29 9eb16867adcf4ab496ff8800d92d8db9 - - default default] No more DHCP agents
2026-04-13 23:21:28.053 8 WARNING neutron.api.rpc.agentnotifiers.dhcp_rpc_agent_api [None req-bb7466b1-ec19-43d7-8ca0-6b3cec9084b3 5166174d3d814d13baf566fa6a095b29 9eb16867adcf4ab496ff8800d92d8db9 - - default default] Unable to schedule network 77547818-bc60-4d9e-ba92-fa3465274737: no agents available; will retry on subsequent port and subnet creation events.
2026-04-13 23:21:28.212 8 INFO neutron.db.ovn_revision_numbers_db [None req-bb7466b1-ec19-43d7-8ca0-6b3cec9084b3 5166174d3d814d13baf566fa6a095b29 9eb16867adcf4ab496ff8800d92d8db9 - - default default] Successfully bumped revision number for resource d328f03f-5134-4ce2-9325-c1eb1cb21974 (type: router_ports) to 1 [pid: 8|app: 0|req: 402/819] 10.0.0.89 () {34 vars in 782 bytes} [Mon Apr 13 23:21:26 2026] PUT /v2.0/routers/b3507b3c-2631-4a09-aaac-e9a6201fbf18/add_router_interface => generated 309 bytes in 1325 msecs (HTTP/1.1 200) 4 headers in 157 bytes (1 switches on core 0) [pid: 8|app: 0|req: 403/820] 10.0.0.36 () {34 vars in 1095 bytes} [Mon Apr 13 23:21:28 2026] GET /v2.0/security-groups?name=tempest-securitygroup--10814473&fields=id&tenant_id=d18d32ceeab547adb6dc663132b6db84 => generated 69 bytes in 31 msecs (HTTP/1.1 200) 4 headers in 156 bytes (1 switches on core 0) [pid: 8|app: 0|req: 404/821] 199.204.45.138 () {34 vars in 1080 bytes} [Mon Apr 13 23:21:28 2026] GET /v2.0/ports?tenant_id=4f9c4e106a3e4c47a276dc2d7b14717a&device_id=6f5032cc-daf0-4774-8113-8718cacf6f27 => generated 1386 bytes in 33 msecs (HTTP/1.1 200) 4 headers in 158 bytes (1 switches on core 0) [pid: 8|app: 0|req: 405/822] 10.0.0.89 () {32 vars in 716 bytes} [Mon Apr 13 23:21:28 2026] GET /v2.0/ports/d328f03f-5134-4ce2-9325-c1eb1cb21974 => generated 955 bytes in 28 msecs (HTTP/1.1 200) 4 headers in 157 bytes (1 switches on core 0) [pid: 8|app: 0|req: 406/823] 10.0.0.36 () {34 vars in 981 bytes} [Mon Apr 13 23:21:28 2026] GET /v2.0/networks?id=d30fd4a7-9cc5-4fad-b3d6-caf330970350 => generated 713 bytes in 38 msecs (HTTP/1.1 200) 4 headers in 157 bytes (1 switches on core 0) [pid: 8|app: 0|req: 407/824] 199.204.45.138 () {34 vars in 986 bytes} [Mon Apr 13 23:21:28 2026] GET /v2.0/networks?id=fac4316d-35d1-4aa9-8a64-250f58c56a8d => generated 821 bytes in 46 msecs (HTTP/1.1 200) 4 headers in 157 bytes (1 switches on core 0) [pid: 8|app: 0|req: 408/825] 10.0.0.89 () {32 vars in 716 bytes} [Mon Apr 13 23:21:28 2026] GET /v2.0/ports/d328f03f-5134-4ce2-9325-c1eb1cb21974 => generated 955 bytes in 31 msecs (HTTP/1.1 200) 4 headers in 157 bytes (1 switches on core 0) [pid: 8|app: 0|req: 409/826] 10.0.0.36 () {34 vars in 964 bytes} [Mon Apr 13 23:21:28 2026] GET /v2.0/quotas/d18d32ceeab547adb6dc663132b6db84 => generated 292 bytes in 7 msecs (HTTP/1.1 200) 4 headers in 157 bytes (1 switches on core 0) [pid: 8|app: 0|req: 410/827] 199.204.45.138 () {34 vars in 1058 bytes} [Mon Apr 13 23:21:28 2026] GET /v2.0/floatingips?fixed_ip_address=10.100.0.4&port_id=99af1c4b-eca9-4e97-ac4e-d835116751f7 => generated 19 bytes in 15 msecs (HTTP/1.1 200) 4 headers in 156 bytes (1 switches on core 0)
2026-04-13 23:21:28.728 8 INFO neutron_taas.services.taas.taas_plugin [None req-37f4bf21-c634-4247-80c1-0fe6d8c0314e 5166174d3d814d13baf566fa6a095b29 9eb16867adcf4ab496ff8800d92d8db9 - - default default] TaaS: Handle Delete Port: d328f03f-5134-4ce2-9325-c1eb1cb21974
2026-04-13 23:21:28.731 8 INFO neutron_taas.services.taas.tap_mirror_plugin [None req-37f4bf21-c634-4247-80c1-0fe6d8c0314e 5166174d3d814d13baf566fa6a095b29 9eb16867adcf4ab496ff8800d92d8db9 - - default default] Tap Mirror: Handle Delete Port: d328f03f-5134-4ce2-9325-c1eb1cb21974
2026-04-13 23:21:28.810 7 INFO neutron.db.ovn_revision_numbers_db [None req-760aa497-5852-4341-b6f6-3ce79e4257c6 - - - - - -] Successfully bumped revision number for resource d328f03f-5134-4ce2-9325-c1eb1cb21974 (type: ports) to 2
2026-04-13 23:21:28.882 7 ERROR ovsdbapp.backend.ovs_idl.command [None req-657d566f-f4ee-4b09-9f8c-1a436e8a4c8c - - - - - -] Error executing command (LspGetUpCommand): ovsdbapp.backend.ovs_idl.idlutils.RowNotFound: Cannot find Logical_Switch_Port with name=d328f03f-5134-4ce2-9325-c1eb1cb21974
2026-04-13 23:21:28.882 7 ERROR ovsdbapp.backend.ovs_idl.command
Traceback (most recent call last):
2026-04-13 23:21:28.882 7 ERROR ovsdbapp.backend.ovs_idl.command
File "/var/lib/openstack/lib/python3.12/site-packages/ovsdbapp/backend/ovs_idl/command.py", line 47, in execute
2026-04-13 23:21:28.882 7 ERROR ovsdbapp.backend.ovs_idl.command self.run_idl(None)
2026-04-13 23:21:28.882 7 ERROR ovsdbapp.backend.ovs_idl.command
File "/var/lib/openstack/lib/python3.12/site-packages/ovsdbapp/schema/ovn_northbound/commands.py", line 681, in run_idl
2026-04-13 23:21:28.882 7 ERROR ovsdbapp.backend.ovs_idl.command lsp = self.api.lookup('Logical_Switch_Port', self.port)
2026-04-13 23:21:28.882 7 ERROR ovsdbapp.backend.ovs_idl.command ^^^^^^^^^^^^^^^^^^^^^^^^^^^^^^^^^^^^^^^^^^^^^^^^^
2026-04-13 23:21:28.882 7 ERROR ovsdbapp.backend.ovs_idl.command
File "/var/lib/openstack/lib/python3.12/site-packages/ovsdbapp/backend/ovs_idl/__init__.py", line 184, in lookup
2026-04-13 23:21:28.882 7 ERROR ovsdbapp.backend.ovs_idl.command return self._lookup(table, record)
2026-04-13 23:21:28.882 7 ERROR ovsdbapp.backend.ovs_idl.command ^^^^^^^^^^^^^^^^^^^^^^^^^^^
2026-04-13 23:21:28.882 7 ERROR ovsdbapp.backend.ovs_idl.command
File "/var/lib/openstack/lib/python3.12/site-packages/ovsdbapp/backend/ovs_idl/__init__.py", line 235, in _lookup
2026-04-13 23:21:28.882 7 ERROR ovsdbapp.backend.ovs_idl.command row = idlutils.row_by_value(self, rl.table, rl.column, record)
2026-04-13 23:21:28.882 7 ERROR ovsdbapp.backend.ovs_idl.command ^^^^^^^^^^^^^^^^^^^^^^^^^^^^^^^^^^^^^^^^^^^^^^^^^^^^^^^^
2026-04-13 23:21:28.882 7 ERROR ovsdbapp.backend.ovs_idl.command
File "/var/lib/openstack/lib/python3.12/site-packages/ovsdbapp/backend/ovs_idl/idlutils.py", line 114, in row_by_value
2026-04-13 23:21:28.882 7 ERROR ovsdbapp.backend.ovs_idl.command raise RowNotFound(table=table, col=column, match=match)
2026-04-13 23:21:28.882 7 ERROR ovsdbapp.backend.ovs_idl.command ovsdbapp.backend.ovs_idl.idlutils.RowNotFound: Cannot find Logical_Switch_Port with name=d328f03f-5134-4ce2-9325-c1eb1cb21974
2026-04-13 23:21:28.882 7 ERROR ovsdbapp.backend.ovs_idl.command
2026-04-13 23:21:28.886 7 ERROR ovsdbapp.event [None req-657d566f-f4ee-4b09-9f8c-1a436e8a4c8c - - - - - -] Unexpected exception in notify_loop: ovsdbapp.backend.ovs_idl.idlutils.RowNotFound: Cannot find Logical_Switch_Port with name=d328f03f-5134-4ce2-9325-c1eb1cb21974
2026-04-13 23:21:28.886 7 ERROR ovsdbapp.event
Traceback (most recent call last):
2026-04-13 23:21:28.886 7 ERROR ovsdbapp.event
File "/var/lib/openstack/lib/python3.12/site-packages/ovsdbapp/event.py", line 177, in notify_loop
2026-04-13 23:21:28.886 7 ERROR ovsdbapp.event match.run(event, row, updates)
2026-04-13 23:21:28.886 7 ERROR ovsdbapp.event
File "/var/lib/openstack/lib/python3.12/site-packages/neutron/plugins/ml2/drivers/ovn/mech_driver/ovsdb/ovsdb_monitor.py", line 536, in run
2026-04-13 23:21:28.886 7 ERROR ovsdbapp.event self.driver.set_port_status_up(row.name)
2026-04-13 23:21:28.886 7 ERROR ovsdbapp.event
File "/var/lib/openstack/lib/python3.12/site-packages/neutron/plugins/ml2/drivers/ovn/mech_driver/mech_driver.py", line 1333, in set_port_status_up
2026-04-13 23:21:28.886 7 ERROR ovsdbapp.event self._ovn_client.update_lsp_host_info(admin_context, db_port)
2026-04-13 23:21:28.886 7 ERROR ovsdbapp.event
File "/var/lib/openstack/lib/python3.12/site-packages/neutron/plugins/ml2/drivers/ovn/mech_driver/ovsdb/ovn_client.py", line 305, in update_lsp_host_info
2026-04-13 23:21:28.886 7 ERROR ovsdbapp.event port_up = self._nb_idl.lsp_get_up(db_port.id).execute(
2026-04-13 23:21:28.886 7 ERROR ovsdbapp.event ^^^^^^^^^^^^^^^^^^^^^^^^^^^^^^^^^^^^^^^^^^^^
2026-04-13 23:21:28.886 7 ERROR ovsdbapp.event
File "/var/lib/openstack/lib/python3.12/site-packages/ovsdbapp/backend/ovs_idl/command.py", line 47, in execute
2026-04-13 23:21:28.886 7 ERROR ovsdbapp.event self.run_idl(None)
2026-04-13 23:21:28.886 7 ERROR ovsdbapp.event
File "/var/lib/openstack/lib/python3.12/site-packages/ovsdbapp/schema/ovn_northbound/commands.py", line 681, in run_idl
2026-04-13 23:21:28.886 7 ERROR ovsdbapp.event lsp = self.api.lookup('Logical_Switch_Port', self.port)
