2026-04-13 23:14:50.212 7 INFO placement.requestlog [req-badcecc7-1c65-47f2-b7b5-3d7ee25c41f7 req-b847c2c5-4580-4235-94f9-2961a2a671d9 2fbb0612582c4d8da0971a36b0ec923f 90f97875237e46adad9eea3c72abbbf3 - - 46462d17cdc34da099fae558469cc2c8 46462d17cdc34da099fae558469cc2c8] 199.204.45.138 "GET /resource_providers/1bdedbed-ff32-4e0b-b5e6-5b79c78b1cfb/aggregates" status: 200 len: 53 microversion: 1.19 [pid: 7|app: 0|req: 93/185] 199.204.45.138 () {34 vars in 899 bytes} [Mon Apr 13 23:14:50 2026] GET /resource_providers/1bdedbed-ff32-4e0b-b5e6-5b79c78b1cfb/aggregates => generated 53 bytes in 32 msecs (HTTP/1.1 200) 8 headers in 295 bytes (1 switches on core 0)
2026-04-13 23:14:50.240 8 INFO placement.requestlog [req-badcecc7-1c65-47f2-b7b5-3d7ee25c41f7 req-3d9d32ad-58a1-4121-a411-9c32ef5a7845 2fbb0612582c4d8da0971a36b0ec923f 90f97875237e46adad9eea3c72abbbf3 - - 46462d17cdc34da099fae558469cc2c8 46462d17cdc34da099fae558469cc2c8] 199.204.45.138 "GET /resource_providers/1bdedbed-ff32-4e0b-b5e6-5b79c78b1cfb/traits" status: 200 len: 2316 microversion: 1.6 [pid: 8|app: 0|req: 93/186] 199.204.45.138 () {34 vars in 890 bytes} [Mon Apr 13 23:14:50 2026] GET /resource_providers/1bdedbed-ff32-4e0b-b5e6-5b79c78b1cfb/traits => generated 2316 bytes in 21 msecs (HTTP/1.1 200) 6 headers in 225 bytes (1 switches on core 0)
2026-04-13 23:14:50.265 7 INFO placement.requestlog [req-badcecc7-1c65-47f2-b7b5-3d7ee25c41f7 req-8fb8f2f5-b9f2-4642-aaf4-c464b0c8c93e 2fbb0612582c4d8da0971a36b0ec923f 90f97875237e46adad9eea3c72abbbf3 - - 46462d17cdc34da099fae558469cc2c8 46462d17cdc34da099fae558469cc2c8] 199.204.45.138 "GET /resource_providers/1bdedbed-ff32-4e0b-b5e6-5b79c78b1cfb/allocations" status: 200 len: 54 microversion: 1.0 [pid: 7|app: 0|req: 94/187] 199.204.45.138 () {32 vars in 857 bytes} [Mon Apr 13 23:14:50 2026] GET /resource_providers/1bdedbed-ff32-4e0b-b5e6-5b79c78b1cfb/allocations => generated 54 bytes in 17 msecs (HTTP/1.1 200) 6 headers in 223 bytes (1 switches on core 0)
2026-04-13 23:14:53.589 8 INFO placement.requestlog [None req-4cf4b4be-255a-4ce5-a0e1-3b1db2715935 - - - - - -] 10.0.0.107 "GET /" status: 200 len: 136 microversion: 1.0
2026-04-13 23:14:53.589 7 INFO placement.requestlog [None req-0f24e0de-e163-47b7-92c2-200a88f24312 - - - - - -] 10.0.0.107 "GET /" status: 200 len: 136 microversion: 1.0
2026-04-13 23:15:03.589 7 INFO placement.requestlog [None req-db445341-6786-4e39-a484-2a375edf01ea - - - - - -] 10.0.0.107 "GET /" status: 200 len: 136 microversion: 1.0
2026-04-13 23:15:03.589 8 INFO placement.requestlog [None req-6fdb7c21-c308-48e3-b293-27f1c8a3ebb9 - - - - - -] 10.0.0.107 "GET /" status: 200 len: 136 microversion: 1.0
2026-04-13 23:15:13.590 7 INFO placement.requestlog [None req-0026b1f6-2d13-44d0-9967-c935cf5b440d - - - - - -] 10.0.0.107 "GET /" status: 200 len: 136 microversion: 1.0
2026-04-13 23:15:13.596 8 INFO placement.requestlog [None req-46f58b6a-f6ab-4f60-8acf-80e63ce6e4fb - - - - - -] 10.0.0.107 "GET /" status: 200 len: 136 microversion: 1.0
2026-04-13 23:15:23.589 8 INFO placement.requestlog [None req-67d09db8-6ddf-4923-a86e-3074c44ec51f - - - - - -] 10.0.0.107 "GET /" status: 200 len: 136 microversion: 1.0
2026-04-13 23:15:23.589 7 INFO placement.requestlog [None req-7bc05c58-2513-43d9-a521-fd5b5221df8c - - - - - -] 10.0.0.107 "GET /" status: 200 len: 136 microversion: 1.0
2026-04-13 23:15:33.589 8 INFO placement.requestlog [None req-52b93c7c-1d16-4009-8707-99296d591efa - - - - - -] 10.0.0.107 "GET /" status: 200 len: 136 microversion: 1.0
2026-04-13 23:15:33.590 7 INFO placement.requestlog [None req-74dc97c4-1341-48d7-9150-af95bf97a636 - - - - - -] 10.0.0.107 "GET /" status: 200 len: 136 microversion: 1.0
2026-04-13 23:15:43.589 8 INFO placement.requestlog [None req-6ae5be6d-15ae-423a-b829-367a90a63f91 - - - - - -] 10.0.0.107 "GET /" status: 200 len: 136 microversion: 1.0
2026-04-13 23:15:43.591 7 INFO placement.requestlog [None req-e7ce2365-2591-4d6b-a70d-900cc780fe84 - - - - - -] 10.0.0.107 "GET /" status: 200 len: 136 microversion: 1.0
2026-04-13 23:15:52.148 8 INFO placement.requestlog [req-a42f3733-0e1e-404e-ae6c-00152e75b494 req-4bbc2c9d-11ec-4648-970d-9d37a6e68862 2fbb0612582c4d8da0971a36b0ec923f 90f97875237e46adad9eea3c72abbbf3 - - 46462d17cdc34da099fae558469cc2c8 46462d17cdc34da099fae558469cc2c8] 199.204.45.138 "GET /resource_providers/1bdedbed-ff32-4e0b-b5e6-5b79c78b1cfb/allocations" status: 200 len: 54 microversion: 1.0 [pid: 8|app: 0|req: 100/200] 199.204.45.138 () {32 vars in 857 bytes} [Mon Apr 13 23:15:52 2026] GET /resource_providers/1bdedbed-ff32-4e0b-b5e6-5b79c78b1cfb/allocations => generated 54 bytes in 17 msecs (HTTP/1.1 200) 6 headers in 223 bytes (1 switches on core 0)
2026-04-13 23:15:52.255 7 INFO placement.requestlog [req-a42f3733-0e1e-404e-ae6c-00152e75b494 req-84c33896-f4df-4698-bb1d-5e4bce0fbf5d 2fbb0612582c4d8da0971a36b0ec923f 90f97875237e46adad9eea3c72abbbf3 - - 46462d17cdc34da099fae558469cc2c8 46462d17cdc34da099fae558469cc2c8] 199.204.45.138 "GET /resource_providers/1bdedbed-ff32-4e0b-b5e6-5b79c78b1cfb/allocations" status: 200 len: 54 microversion: 1.0 [pid: 7|app: 0|req: 101/201] 199.204.45.138 () {32 vars in 857 bytes} [Mon Apr 13 23:15:52 2026] GET /resource_providers/1bdedbed-ff32-4e0b-b5e6-5b79c78b1cfb/allocations => generated 54 bytes in 101 msecs (HTTP/1.1 200) 6 headers in 223 bytes (1 switches on core 0)
2026-04-13 23:15:53.589 8 INFO placement.requestlog [None req-3ecfd541-9b5d-42db-8966-866b482a5cff - - - - - -] 10.0.0.107 "GET /" status: 200 len: 136 microversion: 1.0
2026-04-13 23:15:53.590 7 INFO placement.requestlog [None req-49d14e75-4e20-4ebb-b96d-f08cf5fd8367 - - - - - -] 10.0.0.107 "GET /" status: 200 len: 136 microversion: 1.0
2026-04-13 23:16:03.598 8 INFO placement.requestlog [None req-5a2448cc-779a-4796-ae62-0d412d50ac47 - - - - - -] 10.0.0.107 "GET /" status: 200 len: 136 microversion: 1.0
2026-04-13 23:16:03.598 7 INFO placement.requestlog [None req-b800adb7-96c6-4a9b-a1c3-30788ccb4ea5 - - - - - -] 10.0.0.107 "GET /" status: 200 len: 136 microversion: 1.0
2026-04-13 23:16:13.589 8 INFO placement.requestlog [None req-06b9003f-ea0d-4b66-9c7a-23cf70673a14 - - - - - -] 10.0.0.107 "GET /" status: 200 len: 136 microversion: 1.0
2026-04-13 23:16:13.589 7 INFO placement.requestlog [None req-11b40fd1-af70-4a25-ade2-07c4343cbd2d - - - - - -] 10.0.0.107 "GET /" status: 200 len: 136 microversion: 1.0
2026-04-13 23:16:23.589 7 INFO placement.requestlog [None req-f5fc9de2-c4ec-4dc7-b326-78bf14796a29 - - - - - -] 10.0.0.107 "GET /" status: 200 len: 136 microversion: 1.0
2026-04-13 23:16:23.589 8 INFO placement.requestlog [None req-75c13326-3452-4fed-bba0-e88c880d142a - - - - - -] 10.0.0.107 "GET /" status: 200 len: 136 microversion: 1.0
2026-04-13 23:16:33.589 8 INFO placement.requestlog [None req-9a40f285-7f34-4f80-a051-ae6e7b33b615 - - - - - -] 10.0.0.107 "GET /" status: 200 len: 136 microversion: 1.0
2026-04-13 23:16:33.589 7 INFO placement.requestlog [None req-4eec6687-f169-42dd-8051-a2197511eef1 - - - - - -] 10.0.0.107 "GET /" status: 200 len: 136 microversion: 1.0
2026-04-13 23:16:43.589 8 INFO placement.requestlog [None req-a1d7cb54-f143-4b56-9175-9df8380b596e - - - - - -] 10.0.0.107 "GET /" status: 200 len: 136 microversion: 1.0
2026-04-13 23:16:43.589 7 INFO placement.requestlog [None req-24f41b36-a33f-4153-bcdc-758df4b1f97c - - - - - -] 10.0.0.107 "GET /" status: 200 len: 136 microversion: 1.0
2026-04-13 23:16:53.053 8 INFO placement.requestlog [req-2a5b8287-661f-4aa2-bf75-4fc62b84b611 req-4a6d0ddc-c667-4f33-8296-8c348b376815 2fbb0612582c4d8da0971a36b0ec923f 90f97875237e46adad9eea3c72abbbf3 - - 46462d17cdc34da099fae558469cc2c8 46462d17cdc34da099fae558469cc2c8] 199.204.45.138 "GET /resource_providers/1bdedbed-ff32-4e0b-b5e6-5b79c78b1cfb/allocations" status: 200 len: 54 microversion: 1.0 [pid: 8|app: 0|req: 107/214] 199.204.45.138 () {32 vars in 857 bytes} [Mon Apr 13 23:16:53 2026] GET /resource_providers/1bdedbed-ff32-4e0b-b5e6-5b79c78b1cfb/allocations => generated 54 bytes in 18 msecs (HTTP/1.1 200) 6 headers in 223 bytes (1 switches on core 0)
2026-04-13 23:16:53.075 7 INFO placement.requestlog [req-2a5b8287-661f-4aa2-bf75-4fc62b84b611 req-73bd5e37-898c-4d24-842b-fc97bc0d8cf7 2fbb0612582c4d8da0971a36b0ec923f 90f97875237e46adad9eea3c72abbbf3 - - 46462d17cdc34da099fae558469cc2c8 46462d17cdc34da099fae558469cc2c8] 199.204.45.138 "GET /resource_providers/1bdedbed-ff32-4e0b-b5e6-5b79c78b1cfb/allocations" status: 200 len: 54 microversion: 1.0 [pid: 7|app: 0|req: 108/215] 199.204.45.138 () {32 vars in 857 bytes} [Mon Apr 13 23:16:53 2026] GET /resource_providers/1bdedbed-ff32-4e0b-b5e6-5b79c78b1cfb/allocations => generated 54 bytes in 15 msecs (HTTP/1.1 200) 6 headers in 223 bytes (1 switches on core 0)
2026-04-13 23:16:53.589 7 INFO placement.requestlog [None req-fc54a846-9938-4d23-beb2-e33cefcf09fc - - - - - -] 10.0.0.107 "GET /" status: 200 len: 136 microversion: 1.0
2026-04-13 23:16:53.589 8 INFO placement.requestlog [None req-11c3604d-8361-4f6c-aabc-175e4ec024e5 - - - - - -] 10.0.0.107 "GET /" status: 200 len: 136 microversion: 1.0
2026-04-13 23:17:03.592 8 INFO placement.requestlog [None req-d191c59a-1325-4a99-bab3-0897cc9dff96 - - - - - -] 10.0.0.107 "GET /" status: 200 len: 136 microversion: 1.0
2026-04-13 23:17:03.593 7 INFO placement.requestlog [None req-476d6df3-bf4e-473d-99bd-5ee3c431fd0c - - - - - -] 10.0.0.107 "GET /" status: 200 len: 136 microversion: 1.0
2026-04-13 23:17:13.590 7 INFO placement.requestlog [None req-b1651aa2-ff9a-428b-b530-e4fa1223e050 - - - - - -] 10.0.0.107 "GET /" status: 200 len: 136 microversion: 1.0
2026-04-13 23:17:13.590 8 INFO placement.requestlog [None req-eb3aa825-b65f-4803-887f-c34490db4d53 - - - - - -] 10.0.0.107 "GET /" status: 200 len: 136 microversion: 1.0
2026-04-13 23:17:23.589 7 INFO placement.requestlog [None req-7dab5b38-6ce8-48b5-8c3b-78a9654fdb5d - - - - - -] 10.0.0.107 "GET /" status: 200 len: 136 microversion: 1.0
2026-04-13 23:17:23.589 8 INFO placement.requestlog [None req-3c1cdaa9-f183-4923-8960-c69f7b5f39b4 - - - - - -] 10.0.0.107 "GET /" status: 200 len: 136 microversion: 1.0
2026-04-13 23:17:33.589 8 INFO placement.requestlog [None req-ac7d072c-f6c2-4765-9f98-34ffdf8816bc - - - - - -] 10.0.0.107 "GET /" status: 200 len: 136 microversion: 1.0
2026-04-13 23:17:33.589 7 INFO placement.requestlog [None req-9d088ced-97ba-468c-b92e-4a2d116b876b - - - - - -] 10.0.0.107 "GET /" status: 200 len: 136 microversion: 1.0
2026-04-13 23:17:43.589 8 INFO placement.requestlog [None req-9bdafdec-9d53-4a11-8108-244016bbfce8 - - - - - -] 10.0.0.107 "GET /" status: 200 len: 136 microversion: 1.0
2026-04-13 23:17:43.589 7 INFO placement.requestlog [None req-d9399adf-1522-4b2f-ad55-0bf6bbeb51f9 - - - - - -] 10.0.0.107 "GET /" status: 200 len: 136 microversion: 1.0
2026-04-13 23:17:53.589 8 INFO placement.requestlog [None req-ea083696-49c4-4739-afee-7bc34dabb830 - - - - - -] 10.0.0.107 "GET /" status: 200 len: 136 microversion: 1.0
2026-04-13 23:17:53.590 7 INFO placement.requestlog [None req-f356f715-6507-461c-bc5a-d6965b43d32d - - - - - -] 10.0.0.107 "GET /" status: 200 len: 136 microversion: 1.0
2026-04-13 23:17:54.357 8 INFO placement.requestlog [req-b06e5686-d70e-4800-8d3f-047c1f28bb64 req-4ee938eb-944e-4fb0-9fb3-18919cefe612 2fbb0612582c4d8da0971a36b0ec923f 90f97875237e46adad9eea3c72abbbf3 - - 46462d17cdc34da099fae558469cc2c8 46462d17cdc34da099fae558469cc2c8] 199.204.45.138 "GET /resource_providers/1bdedbed-ff32-4e0b-b5e6-5b79c78b1cfb/allocations" status: 200 len: 54 microversion: 1.0 [pid: 8|app: 0|req: 115/230] 199.204.45.138 () {32 vars in 857 bytes} [Mon Apr 13 23:17:54 2026] GET /resource_providers/1bdedbed-ff32-4e0b-b5e6-5b79c78b1cfb/allocations => generated 54 bytes in 25 msecs (HTTP/1.1 200) 6 headers in 223 bytes (1 switches on core 0)
2026-04-13 23:17:54.387 7 INFO placement.requestlog [req-b06e5686-d70e-4800-8d3f-047c1f28bb64 req-308abe3a-6594-4446-83da-25a3c98c439e 2fbb0612582c4d8da0971a36b0ec923f 90f97875237e46adad9eea3c72abbbf3 - - 46462d17cdc34da099fae558469cc2c8 46462d17cdc34da099fae558469cc2c8] 199.204.45.138 "GET /resource_providers/1bdedbed-ff32-4e0b-b5e6-5b79c78b1cfb/allocations" status: 200 len: 54 microversion: 1.0 [pid: 7|app: 0|req: 116/231] 199.204.45.138 () {32 vars in 857 bytes} [Mon Apr 13 23:17:54 2026] GET /resource_providers/1bdedbed-ff32-4e0b-b5e6-5b79c78b1cfb/allocations => generated 54 bytes in 24 msecs (HTTP/1.1 200) 6 headers in 223 bytes (1 switches on core 0)
2026-04-13 23:18:03.589 8 INFO placement.requestlog [None req-e6674c1e-2b5c-4454-89db-36502a79fd59 - - - - - -] 10.0.0.107 "GET /" status: 200 len: 136 microversion: 1.0
2026-04-13 23:18:03.590 7 INFO placement.requestlog [None req-aa4dc0e1-a58a-4935-91d8-46330c006d17 - - - - - -] 10.0.0.107 "GET /" status: 200 len: 136 microversion: 1.0
2026-04-13 23:18:13.589 8 INFO placement.requestlog [None req-e94c14ba-d17a-4f90-b207-4f023014fd50 - - - - - -] 10.0.0.107 "GET /" status: 200 len: 136 microversion: 1.0
2026-04-13 23:18:13.589 7 INFO placement.requestlog [None req-b63fcf11-990b-4a0e-bf76-59e14d5ad2e0 - - - - - -] 10.0.0.107 "GET /" status: 200 len: 136 microversion: 1.0
2026-04-13 23:18:23.590 7 INFO placement.requestlog [None req-42ce7691-fa17-4300-b931-df69ffaf6ca9 - - - - - -] 10.0.0.107 "GET /" status: 200 len: 136 microversion: 1.0
2026-04-13 23:18:23.590 8 INFO placement.requestlog [None req-b7e77ed6-c89e-4008-991c-25710b3818a9 - - - - - -] 10.0.0.107 "GET /" status: 200 len: 136 microversion: 1.0
2026-04-13 23:18:33.589 7 INFO placement.requestlog [None req-db53c038-d3e1-4463-a5cc-a2e52a8d817d - - - - - -] 10.0.0.107 "GET /" status: 200 len: 136 microversion: 1.0
2026-04-13 23:18:33.589 8 INFO placement.requestlog [None req-d9b9e832-51d6-4800-940d-4c8297f134d5 - - - - - -] 10.0.0.107 "GET /" status: 200 len: 136 microversion: 1.0
2026-04-13 23:18:43.590 7 INFO placement.requestlog [None req-60ad55ac-89cc-4354-8ada-95e27a77f05b - - - - - -] 10.0.0.107 "GET /" status: 200 len: 136 microversion: 1.0
2026-04-13 23:18:43.590 8 INFO placement.requestlog [None req-351a52d8-8749-4aa7-9da6-e6f3e6caeeee - - - - - -] 10.0.0.107 "GET /" status: 200 len: 136 microversion: 1.0
2026-04-13 23:18:53.594 8 INFO placement.requestlog [None req-dbca07b2-cebb-4277-bdcb-f1cdc9b9f2b7 - - - - - -] 10.0.0.107 "GET /" status: 200 len: 136 microversion: 1.0
2026-04-13 23:18:53.594 7 INFO placement.requestlog [None req-3c53a71c-541c-4d48-b3e7-46de06c5aac6 - - - - - -] 10.0.0.107 "GET /" status: 200 len: 136 microversion: 1.0
2026-04-13 23:18:55.653 8 INFO placement.requestlog [req-3d8993c1-d63a-43e5-866a-f3017fef1630 req-5738d4e3-f74c-4fa7-bdc1-2c7fcc3cc1d0 2fbb0612582c4d8da0971a36b0ec923f 90f97875237e46adad9eea3c72abbbf3 - - 46462d17cdc34da099fae558469cc2c8 46462d17cdc34da099fae558469cc2c8] 199.204.45.138 "GET /resource_providers/1bdedbed-ff32-4e0b-b5e6-5b79c78b1cfb/allocations" status: 200 len: 54 microversion: 1.0 [pid: 8|app: 0|req: 122/244] 199.204.45.138 () {32 vars in 857 bytes} [Mon Apr 13 23:18:55 2026] GET /resource_providers/1bdedbed-ff32-4e0b-b5e6-5b79c78b1cfb/allocations => generated 54 bytes in 42 msecs (HTTP/1.1 200) 6 headers in 223 bytes (1 switches on core 0)
2026-04-13 23:18:55.689 7 INFO placement.requestlog [req-3d8993c1-d63a-43e5-866a-f3017fef1630 req-ec08e153-9b09-4deb-b583-142e37d4a26e 2fbb0612582c4d8da0971a36b0ec923f 90f97875237e46adad9eea3c72abbbf3 - - 46462d17cdc34da099fae558469cc2c8 46462d17cdc34da099fae558469cc2c8] 199.204.45.138 "GET /resource_providers/1bdedbed-ff32-4e0b-b5e6-5b79c78b1cfb/allocations" status: 200 len: 54 microversion: 1.0 [pid: 7|app: 0|req: 123/245] 199.204.45.138 () {32 vars in 857 bytes} [Mon Apr 13 23:18:55 2026] GET /resource_providers/1bdedbed-ff32-4e0b-b5e6-5b79c78b1cfb/allocations => generated 54 bytes in 31 msecs (HTTP/1.1 200) 6 headers in 223 bytes (1 switches on core 0)
2026-04-13 23:19:03.589 7 INFO placement.requestlog [None req-2b6b9f85-2031-4356-af33-45793cac6e6b - - - - - -] 10.0.0.107 "GET /" status: 200 len: 136 microversion: 1.0
2026-04-13 23:19:03.589 8 INFO placement.requestlog [None req-785d9f4a-9bf7-4726-977e-c292f25359c7 - - - - - -] 10.0.0.107 "GET /" status: 200 len: 136 microversion: 1.0
2026-04-13 23:19:13.589 8 INFO placement.requestlog [None req-633dc5df-6428-407c-938c-f55059481e25 - - - - - -] 10.0.0.107 "GET /" status: 200 len: 136 microversion: 1.0
2026-04-13 23:19:13.589 7 INFO placement.requestlog [None req-cfd94bde-ac71-49cf-a257-33ac675f17f4 - - - - - -] 10.0.0.107 "GET /" status: 200 len: 136 microversion: 1.0
2026-04-13 23:19:23.590 8 INFO placement.requestlog [None req-e28787c8-7f96-4ea5-976f-128e73b86fd1 - - - - - -] 10.0.0.107 "GET /" status: 200 len: 136 microversion: 1.0
2026-04-13 23:19:23.590 7 INFO placement.requestlog [None req-4e0f14e1-4fcd-4a49-a2f2-202354e59357 - - - - - -] 10.0.0.107 "GET /" status: 200 len: 136 microversion: 1.0
2026-04-13 23:19:33.589 7 INFO placement.requestlog [None req-4e793edc-7208-45ad-b45c-e9d849563181 - - - - - -] 10.0.0.107 "GET /" status: 200 len: 136 microversion: 1.0
2026-04-13 23:19:33.590 8 INFO placement.requestlog [None req-3565261c-1efd-4454-b2b2-17d9ad347cf8 - - - - - -] 10.0.0.107 "GET /" status: 200 len: 136 microversion: 1.0
2026-04-13 23:19:43.589 7 INFO placement.requestlog [None req-69549196-ed0a-4f83-8201-740a91e1317b - - - - - -] 10.0.0.107 "GET /" status: 200 len: 136 microversion: 1.0
2026-04-13 23:19:43.589 8 INFO placement.requestlog [None req-be9cfe40-2aac-4aff-abfc-300f1cefd77b - - - - - -] 10.0.0.107 "GET /" status: 200 len: 136 microversion: 1.0
2026-04-13 23:19:53.589 8 INFO placement.requestlog [None req-f0bc0ffe-8227-487f-a8f1-7c036eb08c50 - - - - - -] 10.0.0.107 "GET /" status: 200 len: 136 microversion: 1.0
2026-04-13 23:19:53.589 7 INFO placement.requestlog [None req-b12bf9fd-e566-4947-aec1-bfb2f44c3788 - - - - - -] 10.0.0.107 "GET /" status: 200 len: 136 microversion: 1.0
2026-04-13 23:19:56.223 8 INFO placement.requestlog [req-1de56f90-5799-4804-9a21-9f9398317c33 req-1c041a17-fdab-4b5a-92a1-fdb37d4b5cbb 2fbb0612582c4d8da0971a36b0ec923f 90f97875237e46adad9eea3c72abbbf3 - - 46462d17cdc34da099fae558469cc2c8 46462d17cdc34da099fae558469cc2c8] 199.204.45.138 "GET /resource_providers/1bdedbed-ff32-4e0b-b5e6-5b79c78b1cfb/allocations" status: 200 len: 54 microversion: 1.0 [pid: 8|app: 0|req: 129/258] 199.204.45.138 () {32 vars in 857 bytes} [Mon Apr 13 23:19:56 2026] GET /resource_providers/1bdedbed-ff32-4e0b-b5e6-5b79c78b1cfb/allocations => generated 54 bytes in 194 msecs (HTTP/1.1 200) 6 headers in 223 bytes (1 switches on core 0)
2026-04-13 23:19:56.256 7 INFO placement.requestlog [req-1de56f90-5799-4804-9a21-9f9398317c33 req-3d23db87-62f3-49c0-abaf-dd8181cacd31 2fbb0612582c4d8da0971a36b0ec923f 90f97875237e46adad9eea3c72abbbf3 - - 46462d17cdc34da099fae558469cc2c8 46462d17cdc34da099fae558469cc2c8] 199.204.45.138 "GET /resource_providers?in_tree=1bdedbed-ff32-4e0b-b5e6-5b79c78b1cfb" status: 200 len: 797 microversion: 1.14 [pid: 7|app: 0|req: 130/259] 199.204.45.138 () {34 vars in 892 bytes} [Mon Apr 13 23:19:56 2026] GET /resource_providers?in_tree=1bdedbed-ff32-4e0b-b5e6-5b79c78b1cfb => generated 797 bytes in 24 msecs (HTTP/1.1 200) 6 headers in 225 bytes (1 switches on core 0)
2026-04-13 23:19:56.276 8 INFO placement.requestlog [req-1de56f90-5799-4804-9a21-9f9398317c33 req-50210905-c0f3-450a-9131-79a15424bd86 2fbb0612582c4d8da0971a36b0ec923f 90f97875237e46adad9eea3c72abbbf3 - - 46462d17cdc34da099fae558469cc2c8 46462d17cdc34da099fae558469cc2c8] 199.204.45.138 "GET /resource_providers/1bdedbed-ff32-4e0b-b5e6-5b79c78b1cfb/inventories" status: 200 len: 400 microversion: 1.0 [pid: 8|app: 0|req: 130/260] 199.204.45.138 () {32 vars in 857 bytes} [Mon Apr 13 23:19:56 2026] GET /resource_providers/1bdedbed-ff32-4e0b-b5e6-5b79c78b1cfb/inventories => generated 400 bytes in 14 msecs (HTTP/1.1 200) 6 headers in 224 bytes (1 switches on core 0)
2026-04-13 23:19:56.294 7 INFO placement.requestlog [req-1de56f90-5799-4804-9a21-9f9398317c33 req-d1d8fcd6-77b7-4af0-89fe-2664bd3d7834 2fbb0612582c4d8da0971a36b0ec923f 90f97875237e46adad9eea3c72abbbf3 - - 46462d17cdc34da099fae558469cc2c8 46462d17cdc34da099fae558469cc2c8] 199.204.45.138 "GET /resource_providers/1bdedbed-ff32-4e0b-b5e6-5b79c78b1cfb/aggregates" status: 200 len: 53 microversion: 1.19 [pid: 7|app: 0|req: 131/261] 199.204.45.138 () {34 vars in 899 bytes} [Mon Apr 13 23:19:56 2026] GET /resource_providers/1bdedbed-ff32-4e0b-b5e6-5b79c78b1cfb/aggregates => generated 53 bytes in 11 msecs (HTTP/1.1 200) 8 headers in 295 bytes (1 switches on core 0)
2026-04-13 23:19:56.319 8 INFO placement.requestlog [req-1de56f90-5799-4804-9a21-9f9398317c33 req-6f34e32c-38b1-4954-900e-ba5c8badf319 2fbb0612582c4d8da0971a36b0ec923f 90f97875237e46adad9eea3c72abbbf3 - - 46462d17cdc34da099fae558469cc2c8 46462d17cdc34da099fae558469cc2c8] 199.204.45.138 "GET /resource_providers/1bdedbed-ff32-4e0b-b5e6-5b79c78b1cfb/traits" status: 200 len: 2316 microversion: 1.6 [pid: 8|app: 0|req: 131/262] 199.204.45.138 () {34 vars in 890 bytes} [Mon Apr 13 23:19:56 2026] GET /resource_providers/1bdedbed-ff32-4e0b-b5e6-5b79c78b1cfb/traits => generated 2316 bytes in 19 msecs (HTTP/1.1 200) 6 headers in 225 bytes (1 switches on core 0)
2026-04-13 23:19:56.337 7 INFO placement.requestlog [req-1de56f90-5799-4804-9a21-9f9398317c33 req-777ebf0d-2c97-4397-827a-ca56d9437313 2fbb0612582c4d8da0971a36b0ec923f 90f97875237e46adad9eea3c72abbbf3 - - 46462d17cdc34da099fae558469cc2c8 46462d17cdc34da099fae558469cc2c8] 199.204.45.138 "GET /resource_providers/1bdedbed-ff32-4e0b-b5e6-5b79c78b1cfb/allocations" status: 200 len: 54 microversion: 1.0 [pid: 7|app: 0|req: 132/263] 199.204.45.138 () {32 vars in 857 bytes} [Mon Apr 13 23:19:56 2026] GET /resource_providers/1bdedbed-ff32-4e0b-b5e6-5b79c78b1cfb/allocations => generated 54 bytes in 12 msecs (HTTP/1.1 200) 6 headers in 223 bytes (1 switches on core 0)
2026-04-13 23:20:03.589 7 INFO placement.requestlog [None req-5e3bc00c-0861-487b-b5e9-285935a46d24 - - - - - -] 10.0.0.107 "GET /" status: 200 len: 136 microversion: 1.0
2026-04-13 23:20:03.590 8 INFO placement.requestlog [None req-ae7c9a61-bdf4-4ac4-a1d4-5bc50b2a6d97 - - - - - -] 10.0.0.107 "GET /" status: 200 len: 136 microversion: 1.0
2026-04-13 23:20:13.589 8 INFO placement.requestlog [None req-92c5e51a-e403-47d4-b321-1dbd82782443 - - - - - -] 10.0.0.107 "GET /" status: 200 len: 136 microversion: 1.0
2026-04-13 23:20:13.589 7 INFO placement.requestlog [None req-db96249d-bca6-4d34-8ad1-568c17268524 - - - - - -] 10.0.0.107 "GET /" status: 200 len: 136 microversion: 1.0
2026-04-13 23:20:23.590 7 INFO placement.requestlog [None req-a9741a00-e10c-43f2-b51c-1f506616290c - - - - - -] 10.0.0.107 "GET /" status: 200 len: 136 microversion: 1.0
2026-04-13 23:20:23.590 8 INFO placement.requestlog [None req-add84c2c-9d2d-4311-9f86-fca00694d5d3 - - - - - -] 10.0.0.107 "GET /" status: 200 len: 136 microversion: 1.0
2026-04-13 23:20:33.588 7 INFO placement.requestlog [None req-c34a80f6-5d7f-4114-8553-a9b3d0c36065 - - - - - -] 10.0.0.107 "GET /" status: 200 len: 136 microversion: 1.0
2026-04-13 23:20:33.589 8 INFO placement.requestlog [None req-93053dd7-f7f2-4d7e-8375-0e05e89080de - - - - - -] 10.0.0.107 "GET /" status: 200 len: 136 microversion: 1.0
2026-04-13 23:20:35.677 8 INFO placement.requestlog [None req-91f0dc3b-1662-4054-b77d-379ce86ecf3c ff8f189b7be64fac88eefc2e9190f868 90f97875237e46adad9eea3c72abbbf3 - - 46462d17cdc34da099fae558469cc2c8 46462d17cdc34da099fae558469cc2c8] 10.0.0.202 "GET /resource_providers/feb89dc8-da02-43c1-8033-02c043c0bc69/aggregates" status: 404 len: 235 microversion: 1.1 [pid: 8|app: 0|req: 136/272] 10.0.0.202 () {32 vars in 816 bytes} [Mon Apr 13 23:20:35 2026] GET /resource_providers/feb89dc8-da02-43c1-8033-02c043c0bc69/aggregates => generated 235 bytes in 110 msecs (HTTP/1.1 404) 5 headers in 202 bytes (1 switches on core 0)
2026-04-13 23:20:35.698 8 INFO placement.requestlog [None req-a29998eb-7ba3-4bfe-8dff-c841dccdbabf ff8f189b7be64fac88eefc2e9190f868 90f97875237e46adad9eea3c72abbbf3 - - 46462d17cdc34da099fae558469cc2c8 46462d17cdc34da099fae558469cc2c8] 10.0.0.202 "DELETE /resource_providers/feb89dc8-da02-43c1-8033-02c043c0bc69" status: 404 len: 246 microversion: 1.1 [pid: 8|app: 0|req: 137/273] 10.0.0.202 () {34 vars in 816 bytes} [Mon Apr 13 23:20:35 2026] DELETE /resource_providers/feb89dc8-da02-43c1-8033-02c043c0bc69 => generated 246 bytes in 9 msecs (HTTP/1.1 404) 6 headers in 231 bytes (1 switches on core 0)
2026-04-13 23:20:36.341 7 INFO placement.requestlog [None req-f4817559-065c-4f22-b7fb-8302613a674b ff8f189b7be64fac88eefc2e9190f868 90f97875237e46adad9eea3c72abbbf3 - - 46462d17cdc34da099fae558469cc2c8 46462d17cdc34da099fae558469cc2c8] 10.0.0.202 "GET /resource_providers/feb89dc8-da02-43c1-8033-02c043c0bc69/aggregates" status: 404 len: 235 microversion: 1.1 [pid: 7|app: 0|req: 137/274] 10.0.0.202 () {32 vars in 816 bytes} [Mon Apr 13 23:20:35 2026] GET /resource_providers/feb89dc8-da02-43c1-8033-02c043c0bc69/aggregates => generated 235 bytes in 773 msecs (HTTP/1.1 404) 5 headers in 202 bytes (1 switches on core 0)
2026-04-13 23:20:36.363 8 INFO placement.requestlog [None req-0977ea81-08c3-48dc-a25f-ed7da50ab927 ff8f189b7be64fac88eefc2e9190f868 90f97875237e46adad9eea3c72abbbf3 - - 46462d17cdc34da099fae558469cc2c8 46462d17cdc34da099fae558469cc2c8] 10.0.0.202 "GET /resource_providers/9f5e4180-db2e-4f1f-b328-d5423d3e51b8/aggregates" status: 404 len: 235 microversion: 1.1 [pid: 8|app: 0|req: 138/275] 10.0.0.202 () {32 vars in 816 bytes} [Mon Apr 13 23:20:36 2026] GET /resource_providers/9f5e4180-db2e-4f1f-b328-d5423d3e51b8/aggregates => generated 235 bytes in 76 msecs (HTTP/1.1 404) 5 headers in 202 bytes (1 switches on core 0)
2026-04-13 23:20:36.376 8 INFO placement.requestlog [None req-268e0e39-3a7c-4806-9047-126800ffbc63 ff8f189b7be64fac88eefc2e9190f868 90f97875237e46adad9eea3c72abbbf3 - - 46462d17cdc34da099fae558469cc2c8 46462d17cdc34da099fae558469cc2c8] 10.0.0.202 "DELETE /resource_providers/feb89dc8-da02-43c1-8033-02c043c0bc69" status: 404 len: 246 microversion: 1.1 [pid: 8|app: 0|req: 139/276] 10.0.0.202 () {34 vars in 816 bytes} [Mon Apr 13 23:20:36 2026] DELETE /resource_providers/feb89dc8-da02-43c1-8033-02c043c0bc69 => generated 246 bytes in 13 msecs (HTTP/1.1 404) 6 headers in 231 bytes (1 switches on core 0)
2026-04-13 23:20:36.383 8 INFO placement.requestlog [None req-39c4ed5f-1e05-4476-af4a-2ce9eb94b1f7 ff8f189b7be64fac88eefc2e9190f868 90f97875237e46adad9eea3c72abbbf3 - - 46462d17cdc34da099fae558469cc2c8 46462d17cdc34da099fae558469cc2c8] 10.0.0.202 "DELETE /resource_providers/9f5e4180-db2e-4f1f-b328-d5423d3e51b8" status: 404 len: 246 microversion: 1.1 [pid: 8|app: 0|req: 140/277] 10.0.0.202 () {34 vars in 816 bytes} [Mon Apr 13 23:20:36 2026] DELETE /resource_providers/9f5e4180-db2e-4f1f-b328-d5423d3e51b8 => generated 246 bytes in 5 msecs (HTTP/1.1 404) 6 headers in 231 bytes (1 switches on core 0)
2026-04-13 23:20:36.389 7 INFO placement.requestlog [None req-859247f0-e2af-4b83-b362-721f470307c7 ff8f189b7be64fac88eefc2e9190f868 90f97875237e46adad9eea3c72abbbf3 - - 46462d17cdc34da099fae558469cc2c8 46462d17cdc34da099fae558469cc2c8] 10.0.0.202 "GET /resource_providers/9f5e4180-db2e-4f1f-b328-d5423d3e51b8/aggregates" status: 404 len: 235 microversion: 1.1 [pid: 7|app: 0|req: 138/278] 10.0.0.202 () {32 vars in 816 bytes} [Mon Apr 13 23:20:36 2026] GET /resource_providers/9f5e4180-db2e-4f1f-b328-d5423d3e51b8/aggregates => generated 235 bytes in 47 msecs (HTTP/1.1 404) 5 headers in 202 bytes (1 switches on core 0)
2026-04-13 23:20:36.408 8 INFO placement.requestlog [None req-fd0d66c7-60cf-4eed-a879-99408bd789bd ff8f189b7be64fac88eefc2e9190f868 90f97875237e46adad9eea3c72abbbf3 - - 46462d17cdc34da099fae558469cc2c8 46462d17cdc34da099fae558469cc2c8] 10.0.0.202 "DELETE /resource_providers/9f5e4180-db2e-4f1f-b328-d5423d3e51b8" status: 404 len: 246 microversion: 1.1 [pid: 8|app: 0|req: 141/279] 10.0.0.202 () {34 vars in 816 bytes} [Mon Apr 13 23:20:36 2026] DELETE /resource_providers/9f5e4180-db2e-4f1f-b328-d5423d3e51b8 => generated 246 bytes in 8 msecs (HTTP/1.1 404) 6 headers in 231 bytes (1 switches on core 0)
2026-04-13 23:20:37.663 7 INFO placement.requestlog [req-68d5575f-807a-440d-9fdf-507787201849 req-f7affc7f-ac08-47b4-a7ea-90c27bf916c0 2fbb0612582c4d8da0971a36b0ec923f 90f97875237e46adad9eea3c72abbbf3 - - 46462d17cdc34da099fae558469cc2c8 46462d17cdc34da099fae558469cc2c8] 10.0.0.83 "GET /allocation_candidates?limit=1000&resources=MEMORY_MB%3A512%2CVCPU%3A1&root_required=%21COMPUTE_STATUS_DISABLED" status: 200 len: 2767 microversion: 1.36 [pid: 7|app: 0|req: 139/280] 10.0.0.83 () {34 vars in 983 bytes} [Mon Apr 13 23:20:37 2026] GET /allocation_candidates?limit=1000&resources=MEMORY_MB%3A512%2CVCPU%3A1&root_required=%21COMPUTE_STATUS_DISABLED => generated 2767 bytes in 234 msecs (HTTP/1.1 200) 8 headers in 297 bytes (1 switches on core 0)
2026-04-13 23:20:37.715 8 INFO placement.requestlog [req-68d5575f-807a-440d-9fdf-507787201849 req-335f4dd4-d778-4e39-90bf-6be27bc89a73 2fbb0612582c4d8da0971a36b0ec923f 90f97875237e46adad9eea3c72abbbf3 - - 46462d17cdc34da099fae558469cc2c8 46462d17cdc34da099fae558469cc2c8] 10.0.0.83 "GET /allocations/ad55cf9d-428d-457e-a36c-87d29ef8cde0" status: 200 len: 19 microversion: 1.28 [pid: 8|app: 0|req: 142/281] 10.0.0.83 () {34 vars in 860 bytes} [Mon Apr 13 23:20:37 2026] GET /allocations/ad55cf9d-428d-457e-a36c-87d29ef8cde0 => generated 19 bytes in 12 msecs (HTTP/1.1 200) 8 headers in 295 bytes (1 switches on core 0)
2026-04-13 23:20:37.790 7 INFO placement.requestlog [req-68d5575f-807a-440d-9fdf-507787201849 req-e3a8e3dd-b358-4912-81ba-0e519a1d168e 2fbb0612582c4d8da0971a36b0ec923f 90f97875237e46adad9eea3c72abbbf3 - - 46462d17cdc34da099fae558469cc2c8 46462d17cdc34da099fae558469cc2c8] 10.0.0.83 "PUT /allocations/ad55cf9d-428d-457e-a36c-87d29ef8cde0" status: 204 len: 0 microversion: 1.36 [pid: 7|app: 0|req: 140/282] 10.0.0.83 () {38 vars in 913 bytes} [Mon Apr 13 23:20:37 2026] PUT /allocations/ad55cf9d-428d-457e-a36c-87d29ef8cde0 => generated 0 bytes in 69 msecs (HTTP/1.1 204) 5 headers in 199 bytes (1 switches on core 0)
2026-04-13 23:20:39.249 8 INFO placement.requestlog [req-68d5575f-807a-440d-9fdf-507787201849 req-f846cc10-dc5f-4892-8a6a-0c9750902078 2fbb0612582c4d8da0971a36b0ec923f 90f97875237e46adad9eea3c72abbbf3 - - 46462d17cdc34da099fae558469cc2c8 46462d17cdc34da099fae558469cc2c8] 199.204.45.138 "GET /allocations/ad55cf9d-428d-457e-a36c-87d29ef8cde0" status: 200 len: 243 microversion: 1.28 [pid: 8|app: 0|req: 143/283] 199.204.45.138 () {34 vars in 863 bytes} [Mon Apr 13 23:20:39 2026] GET /allocations/ad55cf9d-428d-457e-a36c-87d29ef8cde0 => generated 243 bytes in 21 msecs (HTTP/1.1 200) 8 headers in 296 bytes (1 switches on core 0)
2026-04-13 23:20:40.294 7 INFO placement.requestlog [req-68d5575f-807a-440d-9fdf-507787201849 req-cc2c963d-4685-4c66-a507-a9aa3f4dbb00 2fbb0612582c4d8da0971a36b0ec923f 90f97875237e46adad9eea3c72abbbf3 - - 46462d17cdc34da099fae558469cc2c8 46462d17cdc34da099fae558469cc2c8] 199.204.45.138 "GET /resource_providers/1bdedbed-ff32-4e0b-b5e6-5b79c78b1cfb/allocations" status: 200 len: 138 microversion: 1.0 [pid: 7|app: 0|req: 141/284] 199.204.45.138 () {32 vars in 857 bytes} [Mon Apr 13 23:20:40 2026] GET /resource_providers/1bdedbed-ff32-4e0b-b5e6-5b79c78b1cfb/allocations => generated 138 bytes in 17 msecs (HTTP/1.1 200) 6 headers in 224 bytes (1 switches on core 0)
2026-04-13 23:20:40.312 8 INFO placement.requestlog [req-68d5575f-807a-440d-9fdf-507787201849 req-90eb9195-7a51-49c4-930f-39ecf41f8cac 2fbb0612582c4d8da0971a36b0ec923f 90f97875237e46adad9eea3c72abbbf3 - - 46462d17cdc34da099fae558469cc2c8 46462d17cdc34da099fae558469cc2c8] 199.204.45.138 "GET /allocations/ad55cf9d-428d-457e-a36c-87d29ef8cde0" status: 200 len: 243 microversion: 1.28 [pid: 8|app: 0|req: 144/285] 199.204.45.138 () {34 vars in 863 bytes} [Mon Apr 13 23:20:40 2026] GET /allocations/ad55cf9d-428d-457e-a36c-87d29ef8cde0 => generated 243 bytes in 13 msecs (HTTP/1.1 200) 8 headers in 296 bytes (1 switches on core 0)
2026-04-13 23:20:43.589 7 INFO placement.requestlog [None req-c68b4a3d-853f-41c3-9f1f-c20010da6df6 - - - - - -] 10.0.0.107 "GET /" status: 200 len: 136 microversion: 1.0
2026-04-13 23:20:43.589 8 INFO placement.requestlog [None req-8db380e1-dec5-47c2-b93c-dc890efe2109 - - - - - -] 10.0.0.107 "GET /" status: 200 len: 136 microversion: 1.0
2026-04-13 23:20:47.924 7 INFO placement.requestlog [req-669bbed0-2dfb-4723-ac2e-0c5da033f111 req-ebb18e8e-5355-4acd-a310-d50b8d4cf468 2fbb0612582c4d8da0971a36b0ec923f 90f97875237e46adad9eea3c72abbbf3 - - 46462d17cdc34da099fae558469cc2c8 46462d17cdc34da099fae558469cc2c8] 10.0.0.83 "GET /allocation_candidates?limit=1000&resources=DISK_GB%3A1%2CMEMORY_MB%3A512%2CVCPU%3A1&root_required=%21COMPUTE_STATUS_DISABLED" status: 200 len: 2783 microversion: 1.36 [pid: 7|app: 0|req: 143/288] 10.0.0.83 () {34 vars in 1011 bytes} [Mon Apr 13 23:20:47 2026] GET /allocation_candidates?limit=1000&resources=DISK_GB%3A1%2CMEMORY_MB%3A512%2CVCPU%3A1&root_required=%21COMPUTE_STATUS_DISABLED => generated 2783 bytes in 36 msecs (HTTP/1.1 200) 8 headers in 297 bytes (1 switches on core 0)
2026-04-13 23:20:47.965 8 INFO placement.requestlog [req-669bbed0-2dfb-4723-ac2e-0c5da033f111 req-b7915012-2e49-423b-a6cc-f52b35c05800 2fbb0612582c4d8da0971a36b0ec923f 90f97875237e46adad9eea3c72abbbf3 - - 46462d17cdc34da099fae558469cc2c8 46462d17cdc34da099fae558469cc2c8] 10.0.0.83 "GET /allocations/6f5032cc-daf0-4774-8113-8718cacf6f27" status: 200 len: 19 microversion: 1.28 [pid: 8|app: 0|req: 146/289] 10.0.0.83 () {34 vars in 860 bytes} [Mon Apr 13 23:20:47 2026] GET /allocations/6f5032cc-daf0-4774-8113-8718cacf6f27 => generated 19 bytes in 10 msecs (HTTP/1.1 200) 8 headers in 295 bytes (1 switches on core 0)
2026-04-13 23:20:48.027 7 INFO placement.requestlog [req-669bbed0-2dfb-4723-ac2e-0c5da033f111 req-1c5b4aa6-8dc5-4fdb-bed7-ae18a8ce1388 2fbb0612582c4d8da0971a36b0ec923f 90f97875237e46adad9eea3c72abbbf3 - - 46462d17cdc34da099fae558469cc2c8 46462d17cdc34da099fae558469cc2c8] 10.0.0.83 "PUT /allocations/6f5032cc-daf0-4774-8113-8718cacf6f27" status: 204 len: 0 microversion: 1.36 [pid: 7|app: 0|req: 144/290] 10.0.0.83 () {38 vars in 913 bytes} [Mon Apr 13 23:20:47 2026] PUT /allocations/6f5032cc-daf0-4774-8113-8718cacf6f27 => generated 0 bytes in 55 msecs (HTTP/1.1 204) 5 headers in 199 bytes (1 switches on core 0)
2026-04-13 23:20:49.326 8 INFO placement.requestlog [req-327c786f-ea67-45fb-8c32-4e9e44c5dcd9 req-b445547e-8824-40dd-a0f7-71d1bc59d28a 2fbb0612582c4d8da0971a36b0ec923f 90f97875237e46adad9eea3c72abbbf3 - - 46462d17cdc34da099fae558469cc2c8 46462d17cdc34da099fae558469cc2c8] 10.0.0.83 "GET /allocation_candidates?limit=1000&resources=DISK_GB%3A1%2CMEMORY_MB%3A512%2CVCPU%3A1&root_required=%21COMPUTE_STATUS_DISABLED" status: 200 len: 2784 microversion: 1.36 [pid: 8|app: 0|req: 147/291] 10.0.0.83 () {34 vars in 1011 bytes} [Mon Apr 13 23:20:49 2026] GET /allocation_candidates?limit=1000&resources=DISK_GB%3A1%2CMEMORY_MB%3A512%2CVCPU%3A1&root_required=%21COMPUTE_STATUS_DISABLED => generated 2784 bytes in 55 msecs (HTTP/1.1 200) 8 headers in 297 bytes (1 switches on core 0)
2026-04-13 23:20:49.360 7 INFO placement.requestlog [req-327c786f-ea67-45fb-8c32-4e9e44c5dcd9 req-95dcf99b-1180-40fa-9455-3c5321637600 2fbb0612582c4d8da0971a36b0ec923f 90f97875237e46adad9eea3c72abbbf3 - - 46462d17cdc34da099fae558469cc2c8 46462d17cdc34da099fae558469cc2c8] 10.0.0.83 "GET /allocations/3156ec64-c4b5-4fe2-b9ab-e230d8c89fd1" status: 200 len: 19 microversion: 1.28 [pid: 7|app: 0|req: 145/292] 10.0.0.83 () {34 vars in 860 bytes} [Mon Apr 13 23:20:49 2026] GET /allocations/3156ec64-c4b5-4fe2-b9ab-e230d8c89fd1 => generated 19 bytes in 16 msecs (HTTP/1.1 200) 8 headers in 295 bytes (1 switches on core 0)
2026-04-13 23:20:49.470 8 INFO placement.requestlog [req-327c786f-ea67-45fb-8c32-4e9e44c5dcd9 req-5eb43c41-ebd6-4aea-a6fa-f9e7bbb6a418 2fbb0612582c4d8da0971a36b0ec923f 90f97875237e46adad9eea3c72abbbf3 - - 46462d17cdc34da099fae558469cc2c8 46462d17cdc34da099fae558469cc2c8] 10.0.0.83 "PUT /allocations/3156ec64-c4b5-4fe2-b9ab-e230d8c89fd1" status: 204 len: 0 microversion: 1.36 [pid: 8|app: 0|req: 148/293] 10.0.0.83 () {38 vars in 913 bytes} [Mon Apr 13 23:20:49 2026] PUT /allocations/3156ec64-c4b5-4fe2-b9ab-e230d8c89fd1 => generated 0 bytes in 99 msecs (HTTP/1.1 204) 5 headers in 199 bytes (1 switches on core 0)
2026-04-13 23:20:49.581 7 INFO placement.requestlog [req-669bbed0-2dfb-4723-ac2e-0c5da033f111 req-7a590e7b-2990-492f-821d-644f293ba3e7 2fbb0612582c4d8da0971a36b0ec923f 90f97875237e46adad9eea3c72abbbf3 - - 46462d17cdc34da099fae558469cc2c8 46462d17cdc34da099fae558469cc2c8] 199.204.45.138 "GET /allocations/6f5032cc-daf0-4774-8113-8718cacf6f27" status: 200 len: 257 microversion: 1.28 [pid: 7|app: 0|req: 146/294] 199.204.45.138 () {34 vars in 863 bytes} [Mon Apr 13 23:20:49 2026] GET /allocations/6f5032cc-daf0-4774-8113-8718cacf6f27 => generated 257 bytes in 11 msecs (HTTP/1.1 200) 8 headers in 296 bytes (1 switches on core 0)
2026-04-13 23:20:50.817 8 INFO placement.requestlog [req-669bbed0-2dfb-4723-ac2e-0c5da033f111 req-0cde9928-a646-4eb1-ac77-290c9107a1d2 2fbb0612582c4d8da0971a36b0ec923f 90f97875237e46adad9eea3c72abbbf3 - - 46462d17cdc34da099fae558469cc2c8 46462d17cdc34da099fae558469cc2c8] 199.204.45.138 "GET /resource_providers/1bdedbed-ff32-4e0b-b5e6-5b79c78b1cfb/allocations" status: 200 len: 338 microversion: 1.0 [pid: 8|app: 0|req: 149/295] 199.204.45.138 () {32 vars in 857 bytes} [Mon Apr 13 23:20:50 2026] GET /resource_providers/1bdedbed-ff32-4e0b-b5e6-5b79c78b1cfb/allocations => generated 338 bytes in 22 msecs (HTTP/1.1 200) 6 headers in 224 bytes (1 switches on core 0)
2026-04-13 23:20:50.838 7 INFO placement.requestlog [req-669bbed0-2dfb-4723-ac2e-0c5da033f111 req-884604ee-95a9-4bae-be2c-0340ca3675e2 2fbb0612582c4d8da0971a36b0ec923f 90f97875237e46adad9eea3c72abbbf3 - - 46462d17cdc34da099fae558469cc2c8 46462d17cdc34da099fae558469cc2c8] 199.204.45.138 "GET /allocations/6f5032cc-daf0-4774-8113-8718cacf6f27" status: 200 len: 257 microversion: 1.28 [pid: 7|app: 0|req: 147/296] 199.204.45.138 () {34 vars in 863 bytes} [Mon Apr 13 23:20:50 2026] GET /allocations/6f5032cc-daf0-4774-8113-8718cacf6f27 => generated 257 bytes in 14 msecs (HTTP/1.1 200) 8 headers in 296 bytes (1 switches on core 0)
2026-04-13 23:20:50.862 8 INFO placement.requestlog [req-669bbed0-2dfb-4723-ac2e-0c5da033f111 req-9019e0b3-c8db-4d76-abdb-6c595ef7381a 2fbb0612582c4d8da0971a36b0ec923f 90f97875237e46adad9eea3c72abbbf3 - - 46462d17cdc34da099fae558469cc2c8 46462d17cdc34da099fae558469cc2c8] 199.204.45.138 "GET /allocations/3156ec64-c4b5-4fe2-b9ab-e230d8c89fd1" status: 200 len: 257 microversion: 1.28 [pid: 8|app: 0|req: 150/297] 199.204.45.138 () {34 vars in 863 bytes} [Mon Apr 13 23:20:50 2026] GET /allocations/3156ec64-c4b5-4fe2-b9ab-e230d8c89fd1 => generated 257 bytes in 18 msecs (HTTP/1.1 200) 8 headers in 296 bytes (1 switches on core 0)
2026-04-13 23:20:50.883 7 INFO placement.requestlog [req-669bbed0-2dfb-4723-ac2e-0c5da033f111 req-91669052-ec3a-4902-a601-a64667c5efa3 2fbb0612582c4d8da0971a36b0ec923f 90f97875237e46adad9eea3c72abbbf3 - - 46462d17cdc34da099fae558469cc2c8 46462d17cdc34da099fae558469cc2c8] 199.204.45.138 "GET /allocations/ad55cf9d-428d-457e-a36c-87d29ef8cde0" status: 200 len: 243 microversion: 1.28 [pid: 7|app: 0|req: 148/298] 199.204.45.138 () {34 vars in 863 bytes} [Mon Apr 13 23:20:50 2026] GET /allocations/ad55cf9d-428d-457e-a36c-87d29ef8cde0 => generated 243 bytes in 15 msecs (HTTP/1.1 200) 8 headers in 296 bytes (1 switches on core 0)
2026-04-13 23:20:51.123 8 INFO placement.requestlog [req-327c786f-ea67-45fb-8c32-4e9e44c5dcd9 req-08c8707d-339a-4b83-a8de-1a8ec5052b86 2fbb0612582c4d8da0971a36b0ec923f 90f97875237e46adad9eea3c72abbbf3 - - 46462d17cdc34da099fae558469cc2c8 46462d17cdc34da099fae558469cc2c8] 199.204.45.138 "GET /allocations/3156ec64-c4b5-4fe2-b9ab-e230d8c89fd1" status: 200 len: 257 microversion: 1.28 [pid: 8|app: 0|req: 151/299] 199.204.45.138 () {34 vars in 863 bytes} [Mon Apr 13 23:20:51 2026] GET /allocations/3156ec64-c4b5-4fe2-b9ab-e230d8c89fd1 => generated 257 bytes in 15 msecs (HTTP/1.1 200) 8 headers in 296 bytes (1 switches on core 0)
2026-04-13 23:20:52.946 7 INFO placement.requestlog [req-327c786f-ea67-45fb-8c32-4e9e44c5dcd9 req-0c029e67-1bc2-47d1-abec-75e23c8075b6 2fbb0612582c4d8da0971a36b0ec923f 90f97875237e46adad9eea3c72abbbf3 - - 46462d17cdc34da099fae558469cc2c8 46462d17cdc34da099fae558469cc2c8] 199.204.45.138 "GET /resource_providers/1bdedbed-ff32-4e0b-b5e6-5b79c78b1cfb/allocations" status: 200 len: 338 microversion: 1.0 [pid: 7|app: 0|req: 149/300] 199.204.45.138 () {32 vars in 857 bytes} [Mon Apr 13 23:20:52 2026] GET /resource_providers/1bdedbed-ff32-4e0b-b5e6-5b79c78b1cfb/allocations => generated 338 bytes in 15 msecs (HTTP/1.1 200) 6 headers in 224 bytes (1 switches on core 0)
2026-04-13 23:20:52.965 8 INFO placement.requestlog [req-327c786f-ea67-45fb-8c32-4e9e44c5dcd9 req-e79dd971-d099-4c49-b3b6-6123fa051c1e 2fbb0612582c4d8da0971a36b0ec923f 90f97875237e46adad9eea3c72abbbf3 - - 46462d17cdc34da099fae558469cc2c8 46462d17cdc34da099fae558469cc2c8] 199.204.45.138 "GET /allocations/6f5032cc-daf0-4774-8113-8718cacf6f27" status: 200 len: 257 microversion: 1.28 [pid: 8|app: 0|req: 152/301] 199.204.45.138 () {34 vars in 863 bytes} [Mon Apr 13 23:20:52 2026] GET /allocations/6f5032cc-daf0-4774-8113-8718cacf6f27 => generated 257 bytes in 16 msecs (HTTP/1.1 200) 8 headers in 296 bytes (1 switches on core 0)
2026-04-13 23:20:52.981 7 INFO placement.requestlog [req-327c786f-ea67-45fb-8c32-4e9e44c5dcd9 req-95c3f20e-2645-4b5e-8b4d-15dc7fc9446d 2fbb0612582c4d8da0971a36b0ec923f 90f97875237e46adad9eea3c72abbbf3 - - 46462d17cdc34da099fae558469cc2c8 46462d17cdc34da099fae558469cc2c8] 199.204.45.138 "GET /allocations/3156ec64-c4b5-4fe2-b9ab-e230d8c89fd1" status: 200 len: 257 microversion: 1.28 [pid: 7|app: 0|req: 150/302] 199.204.45.138 () {34 vars in 863 bytes} [Mon Apr 13 23:20:52 2026] GET /allocations/3156ec64-c4b5-4fe2-b9ab-e230d8c89fd1 => generated 257 bytes in 13 msecs (HTTP/1.1 200) 8 headers in 296 bytes (1 switches on core 0)
2026-04-13 23:20:53.001 8 INFO placement.requestlog [req-327c786f-ea67-45fb-8c32-4e9e44c5dcd9 req-28fcd27c-2c3b-4636-9b58-3470f7a0f561 2fbb0612582c4d8da0971a36b0ec923f 90f97875237e46adad9eea3c72abbbf3 - - 46462d17cdc34da099fae558469cc2c8 46462d17cdc34da099fae558469cc2c8] 199.204.45.138 "GET /allocations/ad55cf9d-428d-457e-a36c-87d29ef8cde0" status: 200 len: 243 microversion: 1.28 [pid: 8|app: 0|req: 153/303] 199.204.45.138 () {34 vars in 863 bytes} [Mon Apr 13 23:20:52 2026] GET /allocations/ad55cf9d-428d-457e-a36c-87d29ef8cde0 => generated 243 bytes in 12 msecs (HTTP/1.1 200) 8 headers in 296 bytes (1 switches on core 0)
2026-04-13 23:20:53.589 7 INFO placement.requestlog [None req-9b6dad1e-580f-4f8d-bc87-6dbcbb6dc2c5 - - - - - -] 10.0.0.107 "GET /" status: 200 len: 136 microversion: 1.0
2026-04-13 23:20:53.590 8 INFO placement.requestlog [None req-10ac00d8-92f1-48b9-9408-9519655afeb4 - - - - - -] 10.0.0.107 "GET /" status: 200 len: 136 microversion: 1.0
2026-04-13 23:20:59.646 7 INFO placement.requestlog [req-ee17b286-e2fd-449f-8fce-ccf0dbf146d7 req-4a998bfe-0a2c-474d-b63f-28fa48d436d6 2fbb0612582c4d8da0971a36b0ec923f 90f97875237e46adad9eea3c72abbbf3 - - 46462d17cdc34da099fae558469cc2c8 46462d17cdc34da099fae558469cc2c8] 199.204.45.138 "GET /resource_providers/1bdedbed-ff32-4e0b-b5e6-5b79c78b1cfb/allocations" status: 200 len: 338 microversion: 1.0 [pid: 7|app: 0|req: 152/306] 199.204.45.138 () {32 vars in 857 bytes} [Mon Apr 13 23:20:59 2026] GET /resource_providers/1bdedbed-ff32-4e0b-b5e6-5b79c78b1cfb/allocations => generated 338 bytes in 23 msecs (HTTP/1.1 200) 6 headers in 224 bytes (1 switches on core 0)
2026-04-13 23:20:59.674 8 INFO placement.requestlog [req-ee17b286-e2fd-449f-8fce-ccf0dbf146d7 req-fa2c6611-5664-41f6-a038-887ad27e1997 2fbb0612582c4d8da0971a36b0ec923f 90f97875237e46adad9eea3c72abbbf3 - - 46462d17cdc34da099fae558469cc2c8 46462d17cdc34da099fae558469cc2c8] 199.204.45.138 "GET /resource_providers/1bdedbed-ff32-4e0b-b5e6-5b79c78b1cfb/allocations" status: 200 len: 338 microversion: 1.0 [pid: 8|app: 0|req: 155/307] 199.204.45.138 () {32 vars in 857 bytes} [Mon Apr 13 23:20:59 2026] GET /resource_providers/1bdedbed-ff32-4e0b-b5e6-5b79c78b1cfb/allocations => generated 338 bytes in 20 msecs (HTTP/1.1 200) 6 headers in 224 bytes (1 switches on core 0)
2026-04-13 23:20:59.698 7 INFO placement.requestlog [req-ee17b286-e2fd-449f-8fce-ccf0dbf146d7 req-f6af4fdb-5f11-4086-af82-e47ca4e0bdc0 2fbb0612582c4d8da0971a36b0ec923f 90f97875237e46adad9eea3c72abbbf3 - - 46462d17cdc34da099fae558469cc2c8 46462d17cdc34da099fae558469cc2c8] 199.204.45.138 "GET /allocations/6f5032cc-daf0-4774-8113-8718cacf6f27" status: 200 len: 257 microversion: 1.28 [pid: 7|app: 0|req: 153/308] 199.204.45.138 () {34 vars in 863 bytes} [Mon Apr 13 23:20:59 2026] GET /allocations/6f5032cc-daf0-4774-8113-8718cacf6f27 => generated 257 bytes in 14 msecs (HTTP/1.1 200) 8 headers in 296 bytes (1 switches on core 0)
2026-04-13 23:20:59.726 8 INFO placement.requestlog [req-ee17b286-e2fd-449f-8fce-ccf0dbf146d7 req-83300518-3f98-43bc-a1cf-21df12337d40 2fbb0612582c4d8da0971a36b0ec923f 90f97875237e46adad9eea3c72abbbf3 - - 46462d17cdc34da099fae558469cc2c8 46462d17cdc34da099fae558469cc2c8] 199.204.45.138 "GET /allocations/3156ec64-c4b5-4fe2-b9ab-e230d8c89fd1" status: 200 len: 257 microversion: 1.28 [pid: 8|app: 0|req: 156/309] 199.204.45.138 () {34 vars in 863 bytes} [Mon Apr 13 23:20:59 2026] GET /allocations/3156ec64-c4b5-4fe2-b9ab-e230d8c89fd1 => generated 257 bytes in 23 msecs (HTTP/1.1 200) 8 headers in 296 bytes (1 switches on core 0)
2026-04-13 23:20:59.747 7 INFO placement.requestlog [req-ee17b286-e2fd-449f-8fce-ccf0dbf146d7 req-ca6e4108-b7e8-4b43-b369-d4b709e04057 2fbb0612582c4d8da0971a36b0ec923f 90f97875237e46adad9eea3c72abbbf3 - - 46462d17cdc34da099fae558469cc2c8 46462d17cdc34da099fae558469cc2c8] 199.204.45.138 "GET /allocations/ad55cf9d-428d-457e-a36c-87d29ef8cde0" status: 200 len: 243 microversion: 1.28 [pid: 7|app: 0|req: 154/310] 199.204.45.138 () {34 vars in 863 bytes} [Mon Apr 13 23:20:59 2026] GET /allocations/ad55cf9d-428d-457e-a36c-87d29ef8cde0 => generated 243 bytes in 15 msecs (HTTP/1.1 200) 8 headers in 296 bytes (1 switches on core 0)
2026-04-13 23:21:03.589 8 INFO placement.requestlog [None req-2c0e2b5c-5ff4-4660-a70a-63fc079ccd09 - - - - - -] 10.0.0.107 "GET /" status: 200 len: 136 microversion: 1.0
2026-04-13 23:21:03.589 7 INFO placement.requestlog [None req-475884aa-a708-4614-96e6-692a9c5db52d - - - - - -] 10.0.0.107 "GET /" status: 200 len: 136 microversion: 1.0
2026-04-13 23:21:03.956 8 INFO placement.requestlog [None req-491460be-2854-4179-a71b-af0a45539046 ff8f189b7be64fac88eefc2e9190f868 90f97875237e46adad9eea3c72abbbf3 - - 46462d17cdc34da099fae558469cc2c8 46462d17cdc34da099fae558469cc2c8] 10.0.0.202 "GET /resource_providers/d4bddea1-7ac6-4d34-89ae-ea4cbc5e6451/aggregates" status: 404 len: 235 microversion: 1.1 [pid: 8|app: 0|req: 158/313] 10.0.0.202 () {32 vars in 816 bytes} [Mon Apr 13 23:21:03 2026] GET /resource_providers/d4bddea1-7ac6-4d34-89ae-ea4cbc5e6451/aggregates => generated 235 bytes in 18 msecs (HTTP/1.1 404) 5 headers in 202 bytes (1 switches on core 0)
2026-04-13 23:21:03.963 7 INFO placement.requestlog [None req-2f122891-d315-4e9b-814a-45758ce5c6d9 ff8f189b7be64fac88eefc2e9190f868 90f97875237e46adad9eea3c72abbbf3 - - 46462d17cdc34da099fae558469cc2c8 46462d17cdc34da099fae558469cc2c8] 10.0.0.202 "GET /resource_providers/d4bddea1-7ac6-4d34-89ae-ea4cbc5e6451/aggregates" status: 404 len: 235 microversion: 1.1 [pid: 7|app: 0|req: 156/314] 10.0.0.202 () {32 vars in 816 bytes} [Mon Apr 13 23:21:03 2026] GET /resource_providers/d4bddea1-7ac6-4d34-89ae-ea4cbc5e6451/aggregates => generated 235 bytes in 25 msecs (HTTP/1.1 404) 5 headers in 202 bytes (1 switches on core 0)
2026-04-13 23:21:03.975 8 INFO placement.requestlog [None req-a73b3eae-fde8-4faa-9b00-882d0ea72b12 ff8f189b7be64fac88eefc2e9190f868 90f97875237e46adad9eea3c72abbbf3 - - 46462d17cdc34da099fae558469cc2c8 46462d17cdc34da099fae558469cc2c8] 10.0.0.202 "DELETE /resource_providers/d4bddea1-7ac6-4d34-89ae-ea4cbc5e6451" status: 404 len: 246 microversion: 1.1 [pid: 8|app: 0|req: 159/315] 10.0.0.202 () {34 vars in 816 bytes} [Mon Apr 13 23:21:03 2026] DELETE /resource_providers/d4bddea1-7ac6-4d34-89ae-ea4cbc5e6451 => generated 246 bytes in 9 msecs (HTTP/1.1 404) 6 headers in 231 bytes (1 switches on core 0)
2026-04-13 23:21:04.002 7 INFO placement.requestlog [None req-672bd03c-5f44-4230-b64a-0371a183738f ff8f189b7be64fac88eefc2e9190f868 90f97875237e46adad9eea3c72abbbf3 - - 46462d17cdc34da099fae558469cc2c8 46462d17cdc34da099fae558469cc2c8] 10.0.0.202 "DELETE /resource_providers/d4bddea1-7ac6-4d34-89ae-ea4cbc5e6451" status: 404 len: 246 microversion: 1.1 [pid: 7|app: 0|req: 157/316] 10.0.0.202 () {34 vars in 816 bytes} [Mon Apr 13 23:21:03 2026] DELETE /resource_providers/d4bddea1-7ac6-4d34-89ae-ea4cbc5e6451 => generated 246 bytes in 20 msecs (HTTP/1.1 404) 6 headers in 231 bytes (1 switches on core 0)
2026-04-13 23:21:08.813 8 INFO placement.requestlog [None req-dc1e3112-d8fc-40a7-91ad-ffb5e36b7472 ff8f189b7be64fac88eefc2e9190f868 90f97875237e46adad9eea3c72abbbf3 - - 46462d17cdc34da099fae558469cc2c8 46462d17cdc34da099fae558469cc2c8] 10.0.0.202 "GET /resource_providers/0f0e245f-4732-41c1-a8b3-4391997736fc/aggregates" status: 404 len: 235 microversion: 1.1 [pid: 8|app: 0|req: 160/317] 10.0.0.202 () {32 vars in 816 bytes} [Mon Apr 13 23:21:08 2026] GET /resource_providers/0f0e245f-4732-41c1-a8b3-4391997736fc/aggregates => generated 235 bytes in 8 msecs (HTTP/1.1 404) 5 headers in 202 bytes (1 switches on core 0)
