2026-05-25 11:21:16.364 8 INFO neutron_taas.services.taas.taas_plugin [None req-9f7c1384-84bf-4497-ae42-cb8e0892ecee 21b8bf0375e644b48157dc7984a13b37 d5cb726d182b4a54a3c3f79d69f2da7c - - default default] TaaS: Handle Delete Port: 8a89b694-de02-48ed-8c6d-9346e96579b0
2026-05-25 11:21:16.368 8 INFO neutron_taas.services.taas.tap_mirror_plugin [None req-9f7c1384-84bf-4497-ae42-cb8e0892ecee 21b8bf0375e644b48157dc7984a13b37 d5cb726d182b4a54a3c3f79d69f2da7c - - default default] Tap Mirror: Handle Delete Port: 8a89b694-de02-48ed-8c6d-9346e96579b0 [pid: 7|app: 0|req: 578/1125] 10.0.0.25 () {34 vars in 788 bytes} [Mon May 25 11:21:16 2026] PUT /v2.0/routers/1d092953-1ef9-4645-837c-a91c9614cc36/remove_router_interface => generated 309 bytes in 537 msecs (HTTP/1.1 200) 4 headers in 157 bytes (1 switches on core 0) /var/lib/openstack/lib/python3.12/site-packages/pycadf/identifier.py:70: UserWarning: Invalid uuid: neutron. To ensure interoperability, identifiers should be a valid uuid. warnings.warn(('Invalid uuid: %s. To ensure interoperability, ' [pid: 7|app: 0|req: 579/1126] 10.0.0.25 () {32 vars in 716 bytes} [Mon May 25 11:21:16 2026] GET /v2.0/ports/57009d76-be0b-4087-959e-1d2d2ed20738 => generated 947 bytes in 72 msecs (HTTP/1.1 200) 4 headers in 157 bytes (1 switches on core 0)
2026-05-25 11:21:16.887 7 INFO neutron_taas.services.taas.taas_plugin [None req-348e3d73-a8b7-4c45-80fa-e0274a016e89 73b16809ee9f4188a62894b58ece3bee 3f5ce6c3037b49dc9e02a39eb3e49ecb - - default default] TaaS: Handle Delete Port: 57009d76-be0b-4087-959e-1d2d2ed20738
2026-05-25 11:21:16.890 7 INFO neutron_taas.services.taas.tap_mirror_plugin [None req-348e3d73-a8b7-4c45-80fa-e0274a016e89 73b16809ee9f4188a62894b58ece3bee 3f5ce6c3037b49dc9e02a39eb3e49ecb - - default default] Tap Mirror: Handle Delete Port: 57009d76-be0b-4087-959e-1d2d2ed20738 [pid: 8|app: 0|req: 548/1127] 10.0.0.25 () {34 vars in 788 bytes} [Mon May 25 11:21:15 2026] PUT /v2.0/routers/577c349b-e7ad-49e6-bb77-520768a72add/remove_router_interface => generated 309 bytes in 1040 msecs (HTTP/1.1 200) 4 headers in 157 bytes (1 switches on core 0) /var/lib/openstack/lib/python3.12/site-packages/pycadf/identifier.py:70: UserWarning: Invalid uuid: neutron. To ensure interoperability, identifiers should be a valid uuid. warnings.warn(('Invalid uuid: %s. To ensure interoperability, ' [pid: 8|app: 0|req: 549/1128] 10.0.0.186 () {34 vars in 990 bytes} [Mon May 25 11:21:16 2026] GET /v2.0/ports?device_id=697a92a3-0b45-4392-8bf3-40a0a5ca29cf => generated 973 bytes in 91 msecs (HTTP/1.1 200) 4 headers in 157 bytes (1 switches on core 0) [pid: 7|app: 0|req: 580/1129] 10.0.0.25 () {34 vars in 788 bytes} [Mon May 25 11:21:16 2026] PUT /v2.0/routers/1d092953-1ef9-4645-837c-a91c9614cc36/remove_router_interface => generated 309 bytes in 508 msecs (HTTP/1.1 200) 4 headers in 157 bytes (1 switches on core 0) /var/lib/openstack/lib/python3.12/site-packages/pycadf/identifier.py:70: UserWarning: Invalid uuid: neutron. To ensure interoperability, identifiers should be a valid uuid. warnings.warn(('Invalid uuid: %s. To ensure interoperability, ' [pid: 7|app: 0|req: 581/1130] 10.0.0.186 () {34 vars in 1040 bytes} [Mon May 25 11:21:17 2026] GET /v2.0/security-groups?id=73b7241c-f543-43d8-8d47-2f70b585c2fe&fields=id&fields=name => generated 88 bytes in 32 msecs (HTTP/1.1 200) 4 headers in 156 bytes (1 switches on core 0) [pid: 7|app: 0|req: 582/1131] 10.0.0.25 () {32 vars in 735 bytes} [Mon May 25 11:21:17 2026] GET /v2.0/ports?device_id=1d092953-1ef9-4645-837c-a91c9614cc36 => generated 12 bytes in 20 msecs (HTTP/1.1 200) 4 headers in 156 bytes (1 switches on core 0) [pid: 7|app: 0|req: 583/1132] 10.0.0.25 () {32 vars in 723 bytes} [Mon May 25 11:21:17 2026] DELETE /v2.0/routers/1d092953-1ef9-4645-837c-a91c9614cc36 => generated 0 bytes in 205 msecs (HTTP/1.1 204) 2 headers in 112 bytes (1 switches on core 0)
2026-05-25 11:21:17.436 8 INFO neutron_taas.services.taas.taas_plugin [None req-822fd82f-07d7-411d-8290-0c73beebdaad 21b8bf0375e644b48157dc7984a13b37 d5cb726d182b4a54a3c3f79d69f2da7c - - default default] TaaS: Handle Delete Port: 194c1f04-caed-44cd-9bc6-fda1eeef8e41
2026-05-25 11:21:17.439 8 INFO neutron_taas.services.taas.tap_mirror_plugin [None req-822fd82f-07d7-411d-8290-0c73beebdaad 21b8bf0375e644b48157dc7984a13b37 d5cb726d182b4a54a3c3f79d69f2da7c - - default default] Tap Mirror: Handle Delete Port: 194c1f04-caed-44cd-9bc6-fda1eeef8e41 [pid: 7|app: 0|req: 584/1133] 10.0.0.25 () {32 vars in 723 bytes} [Mon May 25 11:21:17 2026] DELETE /v2.0/subnets/3aef1eb8-2bd3-4bc6-98cc-d2cc654bdc2a => generated 0 bytes in 161 msecs (HTTP/1.1 204) 3 headers in 131 bytes (1 switches on core 0) [pid: 7|app: 0|req: 585/1134] 10.0.0.25 () {32 vars in 723 bytes} [Mon May 25 11:21:17 2026] DELETE /v2.0/subnets/5eec40b3-39ba-48d5-b5ee-a3a989e5b1c1 => generated 0 bytes in 133 msecs (HTTP/1.1 204) 3 headers in 131 bytes (1 switches on core 0) [pid: 8|app: 0|req: 550/1135] 10.0.0.25 () {32 vars in 723 bytes} [Mon May 25 11:21:17 2026] DELETE /v2.0/routers/577c349b-e7ad-49e6-bb77-520768a72add => generated 0 bytes in 702 msecs (HTTP/1.1 204) 2 headers in 112 bytes (1 switches on core 0)
2026-05-25 11:21:17.880 8 INFO neutron_taas.services.taas.taas_plugin [None req-b11c02a0-d99d-4fe2-a6b9-7e36b958e8af 73b16809ee9f4188a62894b58ece3bee 3f5ce6c3037b49dc9e02a39eb3e49ecb - - default default] TaaS: Handle Delete Port: 3301695f-bac4-4940-90d2-764b952a10f8
2026-05-25 11:21:17.882 8 INFO neutron_taas.services.taas.tap_mirror_plugin [None req-b11c02a0-d99d-4fe2-a6b9-7e36b958e8af 73b16809ee9f4188a62894b58ece3bee 3f5ce6c3037b49dc9e02a39eb3e49ecb - - default default] Tap Mirror: Handle Delete Port: 3301695f-bac4-4940-90d2-764b952a10f8
2026-05-25 11:21:18.039 8 INFO neutron.services.segments.plugin [-] Segment b42ce88d-413f-4f8f-b0ee-d1d55d5384b7 resource provider aggregate not found
2026-05-25 11:21:18.056 8 INFO neutron.services.segments.plugin [-] Segment b42ce88d-413f-4f8f-b0ee-d1d55d5384b7 resource provider aggregate not found
2026-05-25 11:21:18.063 8 INFO neutron.services.segments.plugin [-] Segment b42ce88d-413f-4f8f-b0ee-d1d55d5384b7 resource provider not found; error: Placement Client Error (4xx): {"errors": [{"status": 404, "title": "Not Found", "detail": "The resource could not be found.\n\n No resource provider with uuid b42ce88d-413f-4f8f-b0ee-d1d55d5384b7 found for delete ", "request_id": "req-cfeb90ed-ff32-4df1-87d3-e790a9b44165"}]}
2026-05-25 11:21:18.077 7 INFO neutron.db.ovn_revision_numbers_db [None req-2c7e076d-9653-41a5-a2b5-73ffb09b2594 4a240b0bba2b47f39799717fdc18938a e8641fe930774bfebf963c741647e182 - - default default] Successfully bumped revision number for resource 70644be7-fdc1-48e6-bb01-51b58da02bfa (type: security_groups) to 1
2026-05-25 11:21:18.079 8 INFO neutron.services.segments.plugin [-] Segment b42ce88d-413f-4f8f-b0ee-d1d55d5384b7 resource provider not found; error: Placement Client Error (4xx): {"errors": [{"status": 404, "title": "Not Found", "detail": "The resource could not be found.\n\n No resource provider with uuid b42ce88d-413f-4f8f-b0ee-d1d55d5384b7 found for delete ", "request_id": "req-29fdaa8e-6ca3-464a-ae2a-44fb91ec655c"}]}
2026-05-25 11:21:18.096 7 INFO neutron.db.ovn_revision_numbers_db [None req-2c7e076d-9653-41a5-a2b5-73ffb09b2594 4a240b0bba2b47f39799717fdc18938a e8641fe930774bfebf963c741647e182 - - default default] Successfully bumped revision number for resource 13b1da3e-6f0a-4bf9-a2ca-1f0416a15220 (type: security_group_rules) to 0 [pid: 8|app: 0|req: 551/1136] 10.0.0.25 () {32 vars in 725 bytes} [Mon May 25 11:21:17 2026] DELETE /v2.0/networks/6bf08d50-a69d-4bc3-948b-bdfaebc249af => generated 0 bytes in 330 msecs (HTTP/1.1 204) 3 headers in 131 bytes (1 switches on core 0)
2026-05-25 11:21:18.108 7 INFO neutron.db.ovn_revision_numbers_db [None req-2c7e076d-9653-41a5-a2b5-73ffb09b2594 4a240b0bba2b47f39799717fdc18938a e8641fe930774bfebf963c741647e182 - - default default] Successfully bumped revision number for resource 32e899a3-50bd-4a50-9157-813e9b177436 (type: security_group_rules) to 0
2026-05-25 11:21:18.123 7 INFO neutron.db.ovn_revision_numbers_db [None req-2c7e076d-9653-41a5-a2b5-73ffb09b2594 4a240b0bba2b47f39799717fdc18938a e8641fe930774bfebf963c741647e182 - - default default] Successfully bumped revision number for resource 528bfb8f-3351-4df5-9ce1-03f21930be16 (type: security_group_rules) to 0
2026-05-25 11:21:18.134 7 INFO neutron.db.ovn_revision_numbers_db [None req-2c7e076d-9653-41a5-a2b5-73ffb09b2594 4a240b0bba2b47f39799717fdc18938a e8641fe930774bfebf963c741647e182 - - default default] Successfully bumped revision number for resource 8dacd151-c1ae-4607-936a-c76040e2153b (type: security_group_rules) to 0
2026-05-25 11:21:18.216 7 INFO neutron.db.segments_db [None req-2c7e076d-9653-41a5-a2b5-73ffb09b2594 4a240b0bba2b47f39799717fdc18938a e8641fe930774bfebf963c741647e182 - - default default] Added segment 37716269-50b8-4fd5-be66-2c2d0b0996c1 of type geneve for network 29e7f1fc-afa0-44d5-b0dd-ac30e254e98c [pid: 8|app: 0|req: 552/1137] 10.0.0.25 () {32 vars in 723 bytes} [Mon May 25 11:21:18 2026] DELETE /v2.0/subnets/6f4a93fa-e097-43a7-94bb-3455261b5a63 => generated 0 bytes in 137 msecs (HTTP/1.1 204) 3 headers in 131 bytes (1 switches on core 0)
2026-05-25 11:21:18.346 7 INFO neutron.db.ovn_revision_numbers_db [None req-2c7e076d-9653-41a5-a2b5-73ffb09b2594 4a240b0bba2b47f39799717fdc18938a e8641fe930774bfebf963c741647e182 - - default default] Successfully bumped revision number for resource 29e7f1fc-afa0-44d5-b0dd-ac30e254e98c (type: networks) to 1
2026-05-25 11:21:18.362 8 INFO neutron_taas.services.taas.taas_plugin [None req-81f89a63-fe54-4b8d-90e0-c08a5faa81a4 73b16809ee9f4188a62894b58ece3bee 3f5ce6c3037b49dc9e02a39eb3e49ecb - - default default] TaaS: Handle Delete Port: 7dbcfda2-df76-4524-989f-2219d4bf3c40
2026-05-25 11:21:18.364 8 INFO neutron_taas.services.taas.tap_mirror_plugin [None req-81f89a63-fe54-4b8d-90e0-c08a5faa81a4 73b16809ee9f4188a62894b58ece3bee 3f5ce6c3037b49dc9e02a39eb3e49ecb - - default default] Tap Mirror: Handle Delete Port: 7dbcfda2-df76-4524-989f-2219d4bf3c40
2026-05-25 11:21:18.527 7 WARNING neutron.scheduler.dhcp_agent_scheduler [None req-2c7e076d-9653-41a5-a2b5-73ffb09b2594 4a240b0bba2b47f39799717fdc18938a e8641fe930774bfebf963c741647e182 - - default default] No more DHCP agents
2026-05-25 11:21:18.529 7 WARNING neutron.api.rpc.agentnotifiers.dhcp_rpc_agent_api [None req-2c7e076d-9653-41a5-a2b5-73ffb09b2594 4a240b0bba2b47f39799717fdc18938a e8641fe930774bfebf963c741647e182 - - default default] Unable to schedule network 29e7f1fc-afa0-44d5-b0dd-ac30e254e98c: no agents available; will retry on subsequent port and subnet creation events. [pid: 8|app: 0|req: 553/1138] 10.0.0.25 () {32 vars in 725 bytes} [Mon May 25 11:21:18 2026] DELETE /v2.0/networks/b388bfc8-e095-4cfb-a997-07c0cfae1a6b => generated 0 bytes in 297 msecs (HTTP/1.1 204) 3 headers in 131 bytes (1 switches on core 0)
2026-05-25 11:21:18.618 7 WARNING neutron.plugins.ml2.drivers.ovn.mech_driver.ovsdb.ovn_client [None req-6eef03fb-c771-4061-9c46-2cfa5eabbd2a - - - - - -] No port found with ID 57009d76-be0b-4087-959e-1d2d2ed20738: RuntimeError: No port found with ID 57009d76-be0b-4087-959e-1d2d2ed20738
2026-05-25 11:21:18.649 8 INFO neutron_taas.services.taas.taas_plugin [None req-7afdc950-75b8-4575-bd4c-a17836d1eba7 21b8bf0375e644b48157dc7984a13b37 d5cb726d182b4a54a3c3f79d69f2da7c - - default default] TaaS: Handle Delete Port: eae50217-0c5c-4612-b4f1-6a956c2ac8d8
2026-05-25 11:21:18.651 8 INFO neutron_taas.services.taas.tap_mirror_plugin [None req-7afdc950-75b8-4575-bd4c-a17836d1eba7 21b8bf0375e644b48157dc7984a13b37 d5cb726d182b4a54a3c3f79d69f2da7c - - default default] Tap Mirror: Handle Delete Port: eae50217-0c5c-4612-b4f1-6a956c2ac8d8
2026-05-25 11:21:18.669 7 INFO neutron.db.ovn_revision_numbers_db [None req-2c7e076d-9653-41a5-a2b5-73ffb09b2594 4a240b0bba2b47f39799717fdc18938a e8641fe930774bfebf963c741647e182 - - default default] Successfully bumped revision number for resource f8a3d1c5-f850-4da5-8f5f-e307803b0002 (type: ports) to 1
2026-05-25 11:21:18.705 7 INFO neutron.plugins.ml2.drivers.ovn.mech_driver.mech_driver [None req-6eef03fb-c771-4061-9c46-2cfa5eabbd2a - - - - - -] OVN reports status up for port: aa2dd1a4-d114-42d5-8fca-2379e96cee73 [pid: 7|app: 0|req: 586/1139] 10.0.0.25 () {34 vars in 670 bytes} [Mon May 25 11:21:17 2026] POST /v2.0/networks => generated 746 bytes in 977 msecs (HTTP/1.1 201) 4 headers in 162 bytes (1 switches on core 0) /var/lib/openstack/lib/python3.12/site-packages/pycadf/identifier.py:70: UserWarning: Invalid uuid: neutron. To ensure interoperability, identifiers should be a valid uuid. warnings.warn(('Invalid uuid: %s. To ensure interoperability, '
2026-05-25 11:21:18.739 7 INFO neutron.plugins.ml2.plugin [None req-6eef03fb-c771-4061-9c46-2cfa5eabbd2a - - - - - -] Attempt 1 to provision port aa2dd1a4-d114-42d5-8fca-2379e96cee73 [pid: 7|app: 0|req: 587/1140] 10.0.0.186 () {34 vars in 990 bytes} [Mon May 25 11:21:18 2026] GET /v2.0/ports?device_id=697a92a3-0b45-4392-8bf3-40a0a5ca29cf => generated 973 bytes in 87 msecs (HTTP/1.1 200) 4 headers in 157 bytes (1 switches on core 0) [pid: 8|app: 0|req: 554/1141] 10.0.0.25 () {32 vars in 725 bytes} [Mon May 25 11:21:18 2026] DELETE /v2.0/networks/c8de08f4-6332-4416-9477-be1d77080a4c => generated 0 bytes in 306 msecs (HTTP/1.1 204) 3 headers in 131 bytes (1 switches on core 0)
2026-05-25 11:21:18.941 7 INFO neutron.notifiers.nova [-] Nova event matching ['req-4d97c873-e862-4f30-94d4-cf2c2c888440'] response: {'server_uuid': '697a92a3-0b45-4392-8bf3-40a0a5ca29cf', 'name': 'network-vif-plugged', 'status': 'completed', 'tag': 'aa2dd1a4-d114-42d5-8fca-2379e96cee73', 'code': 200}
2026-05-25 11:21:18.950 7 INFO neutron.db.segments_db [None req-3328690a-8fb5-4614-8b4e-643796241960 73b16809ee9f4188a62894b58ece3bee 3f5ce6c3037b49dc9e02a39eb3e49ecb - - default default] Added segment 4be7ca75-ccc1-4e3a-a46a-09cb759b7394 of type geneve for network 1942c08c-7c44-4366-9dda-a5a4d167607c
2026-05-25 11:21:18.977 8 WARNING neutron.scheduler.dhcp_agent_scheduler [None req-d20a9bcb-140e-4887-9371-7e58a40416c3 4a240b0bba2b47f39799717fdc18938a e8641fe930774bfebf963c741647e182 - - default default] No more DHCP agents
2026-05-25 11:21:18.978 8 WARNING neutron.api.rpc.agentnotifiers.dhcp_rpc_agent_api [None req-d20a9bcb-140e-4887-9371-7e58a40416c3 4a240b0bba2b47f39799717fdc18938a e8641fe930774bfebf963c741647e182 - - default default] Unable to schedule network 29e7f1fc-afa0-44d5-b0dd-ac30e254e98c: no agents available; will retry on subsequent port and subnet creation events.
2026-05-25 11:21:19.163 7 INFO neutron.db.ovn_revision_numbers_db [None req-6eef03fb-c771-4061-9c46-2cfa5eabbd2a - - - - - -] Successfully bumped revision number for resource aa2dd1a4-d114-42d5-8fca-2379e96cee73 (type: ports) to 5
2026-05-25 11:21:19.170 7 INFO neutron.db.ovn_revision_numbers_db [None req-3328690a-8fb5-4614-8b4e-643796241960 73b16809ee9f4188a62894b58ece3bee 3f5ce6c3037b49dc9e02a39eb3e49ecb - - default default] Successfully bumped revision number for resource 1942c08c-7c44-4366-9dda-a5a4d167607c (type: networks) to 1
2026-05-25 11:21:19.367 7 INFO neutron.plugins.ml2.drivers.ovn.mech_driver.mech_driver [None req-7a7f708e-9775-4b19-b321-3b356833f868 - - - - - -] OVN reports status down for port: f8a3d1c5-f850-4da5-8f5f-e307803b0002
2026-05-25 11:21:19.409 8 INFO neutron.db.ovn_revision_numbers_db [None req-67b992f4-d608-4abf-9eb3-4a6528e2872a - - - - - -] Successfully bumped revision number for resource f8a3d1c5-f850-4da5-8f5f-e307803b0002 (type: ports) to 2
2026-05-25 11:21:19.438 8 INFO neutron.db.ovn_revision_numbers_db [None req-67b992f4-d608-4abf-9eb3-4a6528e2872a - - - - - -] Successfully bumped revision number for resource d9e48606-066d-4ae8-8d53-e70c4ec744ec (type: subnets) to 0 [pid: 8|app: 0|req: 555/1142] 10.0.0.25 () {34 vars in 668 bytes} [Mon May 25 11:21:18 2026] POST /v2.0/subnets => generated 690 bytes in 610 msecs (HTTP/1.1 201) 4 headers in 162 bytes (1 switches on core 0) [pid: 8|app: 0|req: 556/1143] 10.0.0.186 () {34 vars in 1040 bytes} [Mon May 25 11:21:19 2026] GET /v2.0/security-groups?id=73b7241c-f543-43d8-8d47-2f70b585c2fe&fields=id&fields=name => generated 88 bytes in 25 msecs (HTTP/1.1 200) 4 headers in 156 bytes (1 switches on core 0)
2026-05-25 11:21:19.596 7 WARNING neutron.scheduler.dhcp_agent_scheduler [None req-3328690a-8fb5-4614-8b4e-643796241960 73b16809ee9f4188a62894b58ece3bee 3f5ce6c3037b49dc9e02a39eb3e49ecb - - default default] No more DHCP agents
2026-05-25 11:21:19.598 7 WARNING neutron.api.rpc.agentnotifiers.dhcp_rpc_agent_api [None req-3328690a-8fb5-4614-8b4e-643796241960 73b16809ee9f4188a62894b58ece3bee 3f5ce6c3037b49dc9e02a39eb3e49ecb - - default default] Unable to schedule network 1942c08c-7c44-4366-9dda-a5a4d167607c: no agents available; will retry on subsequent port and subnet creation events. [pid: 8|app: 0|req: 557/1144] 10.0.0.25 () {32 vars in 773 bytes} [Mon May 25 11:21:19 2026] GET /v2.0/security-groups?tenant_id=d5cb726d182b4a54a3c3f79d69f2da7c&name=default => generated 2925 bytes in 137 msecs (HTTP/1.1 200) 4 headers in 158 bytes (1 switches on core 0)
2026-05-25 11:21:19.687 7 INFO neutron.db.ovn_revision_numbers_db [None req-3328690a-8fb5-4614-8b4e-643796241960 73b16809ee9f4188a62894b58ece3bee 3f5ce6c3037b49dc9e02a39eb3e49ecb - - default default] Successfully bumped revision number for resource 40af95b2-db87-492a-8cf5-c17011a0a9d6 (type: ports) to 1 [pid: 7|app: 0|req: 588/1145] 10.0.0.25 () {34 vars in 669 bytes} [Mon May 25 11:21:18 2026] POST /v2.0/networks => generated 634 bytes in 908 msecs (HTTP/1.1 201) 4 headers in 162 bytes (1 switches on core 0) /var/lib/openstack/lib/python3.12/site-packages/pycadf/identifier.py:70: UserWarning: Invalid uuid: neutron. To ensure interoperability, identifiers should be a valid uuid. warnings.warn(('Invalid uuid: %s. To ensure interoperability, ' [pid: 7|app: 0|req: 589/1146] 10.0.0.25 () {32 vars in 739 bytes} [Mon May 25 11:21:19 2026] DELETE /v2.0/security-groups/088dc978-7794-444f-8a9d-b9558abcdafa => generated 0 bytes in 257 msecs (HTTP/1.1 204) 2 headers in 112 bytes (1 switches on core 0)
2026-05-25 11:21:20.089 8 INFO neutron.services.segments.plugin [-] Segment 979bea69-7685-4688-80be-c14f89a07747 resource provider aggregate not found
2026-05-25 11:21:20.104 8 WARNING neutron.scheduler.dhcp_agent_scheduler [None req-f5235ae7-0046-4a1b-86c3-561f638200bc 4a240b0bba2b47f39799717fdc18938a e8641fe930774bfebf963c741647e182 - - default default] No more DHCP agents
2026-05-25 11:21:20.105 8 WARNING neutron.api.rpc.agentnotifiers.dhcp_rpc_agent_api [None req-f5235ae7-0046-4a1b-86c3-561f638200bc 4a240b0bba2b47f39799717fdc18938a e8641fe930774bfebf963c741647e182 - - default default] Unable to schedule network 30a7c264-970a-4235-8f33-5ec4b491ff20: no agents available; will retry on subsequent port and subnet creation events.
2026-05-25 11:21:20.116 8 INFO neutron.services.segments.plugin [-] Segment 979bea69-7685-4688-80be-c14f89a07747 resource provider aggregate not found
2026-05-25 11:21:20.137 8 INFO neutron.services.segments.plugin [-] Segment 979bea69-7685-4688-80be-c14f89a07747 resource provider not found; error: Placement Client Error (4xx): {"errors": [{"status": 404, "title": "Not Found", "detail": "The resource could not be found.\n\n No resource provider with uuid 979bea69-7685-4688-80be-c14f89a07747 found for delete ", "request_id": "req-e258aeb7-c99d-4c42-9ce2-d7a83fb53d84"}]}
2026-05-25 11:21:20.159 8 INFO neutron.services.segments.plugin [-] Segment 979bea69-7685-4688-80be-c14f89a07747 resource provider not found; error: Placement Client Error (4xx): {"errors": [{"status": 404, "title": "Not Found", "detail": "The resource could not be found.\n\n No resource provider with uuid 979bea69-7685-4688-80be-c14f89a07747 found for delete ", "request_id": "req-21c285ba-68ed-4781-bf90-85107616bc0d"}]}
2026-05-25 11:21:20.165 8 INFO neutron.services.segments.plugin [-] Segment 0c17c58d-422f-48da-a684-e0a91085fada resource provider aggregate not found
2026-05-25 11:21:20.190 8 INFO neutron.services.segments.plugin [-] Segment 0c17c58d-422f-48da-a684-e0a91085fada resource provider not found; error: Placement Client Error (4xx): {"errors": [{"status": 404, "title": "Not Found", "detail": "The resource could not be found.\n\n No resource provider with uuid 0c17c58d-422f-48da-a684-e0a91085fada found for delete ", "request_id": "req-ade5f11f-ed39-4273-b527-7a400ca2a7e6"}]}
2026-05-25 11:21:20.197 7 WARNING neutron.scheduler.dhcp_agent_scheduler [None req-a3b85e3d-a124-4c0d-892c-19b4920ea83b 73b16809ee9f4188a62894b58ece3bee 3f5ce6c3037b49dc9e02a39eb3e49ecb - - default default] No more DHCP agents
2026-05-25 11:21:20.199 7 WARNING neutron.api.rpc.agentnotifiers.dhcp_rpc_agent_api [None req-a3b85e3d-a124-4c0d-892c-19b4920ea83b 73b16809ee9f4188a62894b58ece3bee 3f5ce6c3037b49dc9e02a39eb3e49ecb - - default default] Unable to schedule network 1942c08c-7c44-4366-9dda-a5a4d167607c: no agents available; will retry on subsequent port and subnet creation events.
2026-05-25 11:21:20.201 8 INFO neutron.services.segments.plugin [-] Segment 0c17c58d-422f-48da-a684-e0a91085fada resource provider aggregate not found
2026-05-25 11:21:20.232 8 INFO neutron.services.segments.plugin [-] Segment 0c17c58d-422f-48da-a684-e0a91085fada resource provider not found; error: Placement Client Error (4xx): {"errors": [{"status": 404, "title": "Not Found", "detail": "The resource could not be found.\n\n No resource provider with uuid 0c17c58d-422f-48da-a684-e0a91085fada found for delete ", "request_id": "req-faf46e17-bf57-4064-bbf7-2875c1c14820"}]}
2026-05-25 11:21:20.234 7 INFO neutron.db.ovn_revision_numbers_db [None req-a3b85e3d-a124-4c0d-892c-19b4920ea83b 73b16809ee9f4188a62894b58ece3bee 3f5ce6c3037b49dc9e02a39eb3e49ecb - - default default] Successfully bumped revision number for resource 8b378e6e-7057-49cd-9b28-fe00d0a789a7 (type: subnets) to 0 [pid: 7|app: 0|req: 590/1147] 10.0.0.25 () {34 vars in 668 bytes} [Mon May 25 11:21:19 2026] POST /v2.0/subnets => generated 646 bytes in 276 msecs (HTTP/1.1 201) 4 headers in 162 bytes (1 switches on core 0)
2026-05-25 11:21:20.293 7 INFO neutron.plugins.ml2.drivers.ovn.mech_driver.mech_driver [None req-7a7f708e-9775-4b19-b321-3b356833f868 - - - - - -] OVN reports status down for port: 05d85730-d7da-432d-ab7b-da34aac82778
2026-05-25 11:21:20.309 8 INFO neutron.db.ovn_revision_numbers_db [None req-f5235ae7-0046-4a1b-86c3-561f638200bc 4a240b0bba2b47f39799717fdc18938a e8641fe930774bfebf963c741647e182 - - default default] Successfully bumped revision number for resource 05d85730-d7da-432d-ab7b-da34aac82778 (type: ports) to 1
2026-05-25 11:21:20.438 7 INFO neutron.db.ovn_revision_numbers_db [None req-61c30c27-b5bd-4894-8114-02b4800f5bef 73b16809ee9f4188a62894b58ece3bee 3f5ce6c3037b49dc9e02a39eb3e49ecb - - default default] Successfully bumped revision number for resource d92b3cea-ba12-4bb7-94ea-3b2c20b9df89 (type: routers) to 1 [pid: 7|app: 0|req: 591/1148] 10.0.0.25 () {34 vars in 668 bytes} [Mon May 25 11:21:20 2026] POST /v2.0/routers => generated 606 bytes in 204 msecs (HTTP/1.1 201) 4 headers in 162 bytes (1 switches on core 0)
2026-05-25 11:21:20.759 7 WARNING neutron.scheduler.dhcp_agent_scheduler [None req-adfbee41-9a23-4506-98be-961f7a7f23f9 73b16809ee9f4188a62894b58ece3bee 3f5ce6c3037b49dc9e02a39eb3e49ecb - - default default] No more DHCP agents
2026-05-25 11:21:20.761 7 WARNING neutron.api.rpc.agentnotifiers.dhcp_rpc_agent_api [None req-adfbee41-9a23-4506-98be-961f7a7f23f9 73b16809ee9f4188a62894b58ece3bee 3f5ce6c3037b49dc9e02a39eb3e49ecb - - default default] Unable to schedule network 1942c08c-7c44-4366-9dda-a5a4d167607c: no agents available; will retry on subsequent port and subnet creation events.
2026-05-25 11:21:20.850 7 INFO neutron.plugins.ml2.drivers.ovn.mech_driver.mech_driver [None req-7a7f708e-9775-4b19-b321-3b356833f868 - - - - - -] OVN reports status down for port: 14e45ae0-3ac1-4edf-b343-f92982005db9
2026-05-25 11:21:20.854 8 WARNING neutron.plugins.ml2.drivers.ovn.mech_driver.ovsdb.ovn_client [None req-539c7c3b-debf-4cb5-8382-c82d627fb6c7 - - - - - -] No port found with ID 465f250b-c09c-468f-ae20-f71a2abe919b: RuntimeError: No port found with ID 465f250b-c09c-468f-ae20-f71a2abe919b
2026-05-25 11:21:20.881 8 INFO neutron.plugins.ml2.drivers.ovn.mech_driver.mech_driver [None req-539c7c3b-debf-4cb5-8382-c82d627fb6c7 - - - - - -] OVN reports status down for port: 40af95b2-db87-492a-8cf5-c17011a0a9d6
2026-05-25 11:21:20.949 7 INFO neutron.db.ovn_revision_numbers_db [None req-adfbee41-9a23-4506-98be-961f7a7f23f9 73b16809ee9f4188a62894b58ece3bee 3f5ce6c3037b49dc9e02a39eb3e49ecb - - default default] Successfully bumped revision number for resource 14e45ae0-3ac1-4edf-b343-f92982005db9 (type: ports) to 1
2026-05-25 11:21:20.983 7 INFO neutron.notifiers.nova [-] Nova event matching ['req-016a5648-71cd-4bbe-a459-18463ab2d0e4'] response: {'server_uuid': '697a92a3-0b45-4392-8bf3-40a0a5ca29cf', 'name': 'network-vif-plugged', 'status': 'completed', 'tag': 'aa2dd1a4-d114-42d5-8fca-2379e96cee73', 'code': 200} [pid: 7|app: 0|req: 592/1149] 10.0.0.25 () {34 vars in 664 bytes} [Mon May 25 11:21:20 2026] POST /v2.0/ports => generated 960 bytes in 541 msecs (HTTP/1.1 201) 4 headers in 162 bytes (1 switches on core 0) /var/lib/openstack/lib/python3.12/site-packages/pycadf/identifier.py:70: UserWarning: Invalid uuid: neutron. To ensure interoperability, identifiers should be a valid uuid. warnings.warn(('Invalid uuid: %s. To ensure interoperability, '
2026-05-25 11:21:21.080 8 INFO neutron.plugins.ml2.drivers.ovn.mech_driver.ovsdb.commands [None req-ee28ee1f-9619-4cc2-8886-dfdda1f4ff63 - - - - - -] Schedule LRP lrp-05d85730-d7da-432d-ab7b-da34aac82778 on gateway 244e6c5f-be46-481d-9a59-8f66da059f6b with priority 1
2026-05-25 11:21:21.130 7 INFO neutron.plugins.ml2.drivers.ovn.mech_driver.mech_driver [None req-7a7f708e-9775-4b19-b321-3b356833f868 - - - - - -] OVN reports status up for port: 05d85730-d7da-432d-ab7b-da34aac82778 [pid: 7|app: 0|req: 593/1150] 10.0.0.186 () {34 vars in 990 bytes} [Mon May 25 11:21:21 2026] GET /v2.0/ports?device_id=697a92a3-0b45-4392-8bf3-40a0a5ca29cf => generated 975 bytes in 153 msecs (HTTP/1.1 200) 4 headers in 157 bytes (1 switches on core 0)
2026-05-25 11:21:21.160 8 INFO neutron.db.ovn_revision_numbers_db [None req-f5235ae7-0046-4a1b-86c3-561f638200bc 4a240b0bba2b47f39799717fdc18938a e8641fe930774bfebf963c741647e182 - - default default] Successfully bumped revision number for resource 05d85730-d7da-432d-ab7b-da34aac82778 (type: router_ports) to 1
2026-05-25 11:21:21.173 7 INFO neutron.plugins.ml2.plugin [None req-7a7f708e-9775-4b19-b321-3b356833f868 - - - - - -] Attempt 1 to provision port 05d85730-d7da-432d-ab7b-da34aac82778
2026-05-25 11:21:21.216 7 INFO neutron.plugins.ml2.drivers.ovn.mech_driver.ovsdb.ovsdb_monitor [None req-0be9149e-65b7-497a-921c-ac19e9e95a8e - - - - - -] Router 0329dcb7-07f1-4cda-86b8-1a14b2ac6897 is bound to host instance
2026-05-25 11:21:21.234 8 INFO neutron.db.ovn_revision_numbers_db [None req-f5235ae7-0046-4a1b-86c3-561f638200bc 4a240b0bba2b47f39799717fdc18938a e8641fe930774bfebf963c741647e182 - - default default] Successfully bumped revision number for resource 0329dcb7-07f1-4cda-86b8-1a14b2ac6897 (type: routers) to 2 [pid: 8|app: 0|req: 558/1151] 10.0.0.25 () {34 vars in 668 bytes} [Mon May 25 11:21:19 2026] POST /v2.0/routers => generated 968 bytes in 1631 msecs (HTTP/1.1 201) 4 headers in 162 bytes (1 switches on core 0) [pid: 8|app: 0|req: 559/1152] 10.0.0.186 () {34 vars in 1040 bytes} [Mon May 25 11:21:21 2026] GET /v2.0/security-groups?id=73b7241c-f543-43d8-8d47-2f70b585c2fe&fields=id&fields=name => generated 88 bytes in 35 msecs (HTTP/1.1 200) 4 headers in 156 bytes (1 switches on core 0)
2026-05-25 11:21:21.711 8 WARNING neutron.scheduler.dhcp_agent_scheduler [None req-c1f9f40f-ae33-4892-83a6-fb68e2dbfb20 4a240b0bba2b47f39799717fdc18938a e8641fe930774bfebf963c741647e182 - - default default] No more DHCP agents
2026-05-25 11:21:21.712 8 WARNING neutron.api.rpc.agentnotifiers.dhcp_rpc_agent_api [None req-c1f9f40f-ae33-4892-83a6-fb68e2dbfb20 4a240b0bba2b47f39799717fdc18938a e8641fe930774bfebf963c741647e182 - - default default] Unable to schedule network 29e7f1fc-afa0-44d5-b0dd-ac30e254e98c: no agents available; will retry on subsequent port and subnet creation events.
2026-05-25 11:21:21.823 8 INFO neutron.plugins.ml2.drivers.ovn.mech_driver.mech_driver [None req-539c7c3b-debf-4cb5-8382-c82d627fb6c7 - - - - - -] OVN reports status down for port: 63e53de2-0f21-476d-b33c-ab4cded57b02
2026-05-25 11:21:21.881 8 INFO neutron.db.ovn_revision_numbers_db [None req-c1f9f40f-ae33-4892-83a6-fb68e2dbfb20 4a240b0bba2b47f39799717fdc18938a e8641fe930774bfebf963c741647e182 - - default default] Successfully bumped revision number for resource 63e53de2-0f21-476d-b33c-ab4cded57b02 (type: ports) to 1
2026-05-25 11:21:22.035 7 INFO neutron.db.ovn_revision_numbers_db [None req-590a8c9b-33b0-4396-a49d-766e21c00e47 73b16809ee9f4188a62894b58ece3bee 3f5ce6c3037b49dc9e02a39eb3e49ecb - - default default] Successfully bumped revision number for resource 14e45ae0-3ac1-4edf-b343-f92982005db9 (type: ports) to 2
2026-05-25 11:21:22.514 8 INFO neutron.plugins.ml2.drivers.ovn.mech_driver.mech_driver [None req-539c7c3b-debf-4cb5-8382-c82d627fb6c7 - - - - - -] OVN reports status up for port: 63e53de2-0f21-476d-b33c-ab4cded57b02
2026-05-25 11:21:22.540 8 INFO neutron.plugins.ml2.plugin [None req-539c7c3b-debf-4cb5-8382-c82d627fb6c7 - - - - - -] Attempt 1 to provision port 63e53de2-0f21-476d-b33c-ab4cded57b02
2026-05-25 11:21:22.638 8 WARNING neutron.scheduler.dhcp_agent_scheduler [None req-c1f9f40f-ae33-4892-83a6-fb68e2dbfb20 4a240b0bba2b47f39799717fdc18938a e8641fe930774bfebf963c741647e182 - - default default] No more DHCP agents
2026-05-25 11:21:22.641 8 WARNING neutron.api.rpc.agentnotifiers.dhcp_rpc_agent_api [None req-c1f9f40f-ae33-4892-83a6-fb68e2dbfb20 4a240b0bba2b47f39799717fdc18938a e8641fe930774bfebf963c741647e182 - - default default] Unable to schedule network 29e7f1fc-afa0-44d5-b0dd-ac30e254e98c: no agents available; will retry on subsequent port and subnet creation events.
2026-05-25 11:21:22.813 7 INFO neutron.db.ovn_revision_numbers_db [None req-045ef2c1-ba94-4f67-a772-4faf0deb9c90 - - - - - -] Successfully bumped revision number for resource 05d85730-d7da-432d-ab7b-da34aac82778 (type: ports) to 4
2026-05-25 11:21:23.156 7 WARNING neutron.scheduler.dhcp_agent_scheduler [None req-590a8c9b-33b0-4396-a49d-766e21c00e47 73b16809ee9f4188a62894b58ece3bee 3f5ce6c3037b49dc9e02a39eb3e49ecb - - default default] No more DHCP agents
2026-05-25 11:21:23.159 7 WARNING neutron.api.rpc.agentnotifiers.dhcp_rpc_agent_api [None req-590a8c9b-33b0-4396-a49d-766e21c00e47 73b16809ee9f4188a62894b58ece3bee 3f5ce6c3037b49dc9e02a39eb3e49ecb - - default default] Unable to schedule network 1942c08c-7c44-4366-9dda-a5a4d167607c: no agents available; will retry on subsequent port and subnet creation events.
2026-05-25 11:21:23.450 7 INFO neutron.db.ovn_revision_numbers_db [None req-045ef2c1-ba94-4f67-a772-4faf0deb9c90 - - - - - -] Successfully bumped revision number for resource 05d85730-d7da-432d-ab7b-da34aac82778 (type: ports) to 5
2026-05-25 11:21:23.661 7 INFO neutron.plugins.ml2.drivers.ovn.mech_driver.mech_driver [None req-7a7f708e-9775-4b19-b321-3b356833f868 - - - - - -] OVN reports status up for port: 14e45ae0-3ac1-4edf-b343-f92982005db9
2026-05-25 11:21:23.678 7 INFO neutron.plugins.ml2.plugin [None req-7a7f708e-9775-4b19-b321-3b356833f868 - - - - - -] Attempt 1 to provision port 14e45ae0-3ac1-4edf-b343-f92982005db9
2026-05-25 11:21:23.679 7 INFO neutron.db.ovn_revision_numbers_db [None req-590a8c9b-33b0-4396-a49d-766e21c00e47 73b16809ee9f4188a62894b58ece3bee 3f5ce6c3037b49dc9e02a39eb3e49ecb - - default default] Successfully bumped revision number for resource 14e45ae0-3ac1-4edf-b343-f92982005db9 (type: router_ports) to 2 [pid: 7|app: 0|req: 594/1153] 10.0.0.25 () {34 vars in 782 bytes} [Mon May 25 11:21:21 2026] PUT /v2.0/routers/d92b3cea-ba12-4bb7-94ea-3b2c20b9df89/add_router_interface => generated 309 bytes in 2543 msecs (HTTP/1.1 200) 4 headers in 157 bytes (1 switches on core 0) /var/lib/openstack/lib/python3.12/site-packages/pycadf/identifier.py:70: UserWarning: Invalid uuid: neutron. To ensure interoperability, identifiers should be a valid uuid. warnings.warn(('Invalid uuid: %s. To ensure interoperability, ' [pid: 7|app: 0|req: 595/1154] 10.0.0.186 () {34 vars in 990 bytes} [Mon May 25 11:21:23 2026] GET /v2.0/ports?device_id=697a92a3-0b45-4392-8bf3-40a0a5ca29cf => generated 975 bytes in 83 msecs (HTTP/1.1 200) 4 headers in 157 bytes (1 switches on core 0)
2026-05-25 11:21:23.788 8 INFO neutron.db.ovn_revision_numbers_db [None req-539c7c3b-debf-4cb5-8382-c82d627fb6c7 - - - - - -] Successfully bumped revision number for resource 63e53de2-0f21-476d-b33c-ab4cded57b02 (type: ports) to 2
2026-05-25 11:21:24.045 8 INFO neutron.db.ovn_revision_numbers_db [None req-c1f9f40f-ae33-4892-83a6-fb68e2dbfb20 4a240b0bba2b47f39799717fdc18938a e8641fe930774bfebf963c741647e182 - - default default] Successfully bumped revision number for resource 63e53de2-0f21-476d-b33c-ab4cded57b02 (type: router_ports) to 1 [pid: 8|app: 0|req: 560/1155] 10.0.0.25 () {34 vars in 782 bytes} [Mon May 25 11:21:21 2026] PUT /v2.0/routers/0329dcb7-07f1-4cda-86b8-1a14b2ac6897/add_router_interface => generated 309 bytes in 2765 msecs (HTTP/1.1 200) 4 headers in 157 bytes (1 switches on core 0) [pid: 8|app: 0|req: 561/1156] 10.0.0.25 () {32 vars in 716 bytes} [Mon May 25 11:21:24 2026] GET /v2.0/ports/14e45ae0-3ac1-4edf-b343-f92982005db9 => generated 1022 bytes in 78 msecs (HTTP/1.1 200) 4 headers in 158 bytes (1 switches on core 0) [pid: 8|app: 0|req: 562/1157] 10.0.0.186 () {34 vars in 1040 bytes} [Mon May 25 11:21:24 2026] GET /v2.0/security-groups?id=73b7241c-f543-43d8-8d47-2f70b585c2fe&fields=id&fields=name => generated 88 bytes in 40 msecs (HTTP/1.1 200) 4 headers in 156 bytes (1 switches on core 0)
2026-05-25 11:21:24.262 7 INFO neutron.db.ovn_revision_numbers_db [None req-7a7f708e-9775-4b19-b321-3b356833f868 - - - - - -] Successfully bumped revision number for resource 14e45ae0-3ac1-4edf-b343-f92982005db9 (type: ports) to 3 [pid: 8|app: 0|req: 563/1158] 199.19.213.133 () {34 vars in 994 bytes} [Mon May 25 11:21:24 2026] GET /v2.0/ports?device_id=697a92a3-0b45-4392-8bf3-40a0a5ca29cf => generated 975 bytes in 91 msecs (HTTP/1.1 200) 4 headers in 157 bytes (1 switches on core 0)
2026-05-25 11:21:24.289 7 INFO neutron.db.ovn_revision_numbers_db [None req-a7071f24-4e64-4d0c-8a6a-ccd3f3bdb18e a3d182c5674643679dade4cba9caa312 193fc5e8332f49af9319aacc891f8da8 - - default default] Successfully bumped revision number for resource d05d4ea3-9dc4-4b2a-8e60-245d84caca3b (type: security_groups) to 1
2026-05-25 11:21:24.314 7 INFO neutron.db.ovn_revision_numbers_db [None req-a7071f24-4e64-4d0c-8a6a-ccd3f3bdb18e a3d182c5674643679dade4cba9caa312 193fc5e8332f49af9319aacc891f8da8 - - default default] Successfully bumped revision number for resource 539afb16-9e01-443e-9be7-e9a186c50058 (type: security_group_rules) to 0
2026-05-25 11:21:24.348 7 INFO neutron.db.ovn_revision_numbers_db [None req-a7071f24-4e64-4d0c-8a6a-ccd3f3bdb18e a3d182c5674643679dade4cba9caa312 193fc5e8332f49af9319aacc891f8da8 - - default default] Successfully bumped revision number for resource 9bb348f3-a21d-4ca6-a3d7-c345551c5b18 (type: security_group_rules) to 0
2026-05-25 11:21:24.369 7 INFO neutron.db.ovn_revision_numbers_db [None req-a7071f24-4e64-4d0c-8a6a-ccd3f3bdb18e a3d182c5674643679dade4cba9caa312 193fc5e8332f49af9319aacc891f8da8 - - default default] Successfully bumped revision number for resource a859965e-74d1-45ca-9149-f3dee787ae9a (type: security_group_rules) to 0
2026-05-25 11:21:24.384 7 INFO neutron.db.ovn_revision_numbers_db [None req-a7071f24-4e64-4d0c-8a6a-ccd3f3bdb18e a3d182c5674643679dade4cba9caa312 193fc5e8332f49af9319aacc891f8da8 - - default default] Successfully bumped revision number for resource d345b825-0cc0-4cfa-b339-377db3200908 (type: security_group_rules) to 0
2026-05-25 11:21:24.465 7 INFO neutron.db.segments_db [None req-a7071f24-4e64-4d0c-8a6a-ccd3f3bdb18e a3d182c5674643679dade4cba9caa312 193fc5e8332f49af9319aacc891f8da8 - - default default] Added segment 43db5700-ee4e-40a9-a856-2f7196c8b3f4 of type geneve for network 5268c801-8afc-4151-bd35-edcd1f90daa2
2026-05-25 11:21:24.540 8 INFO neutron_taas.services.taas.taas_plugin [None req-d4ecdbfc-c91e-4f62-b734-7bed57b62673 73b16809ee9f4188a62894b58ece3bee 3f5ce6c3037b49dc9e02a39eb3e49ecb - - default default] TaaS: Handle Delete Port: 14e45ae0-3ac1-4edf-b343-f92982005db9
2026-05-25 11:21:24.543 8 INFO neutron_taas.services.taas.tap_mirror_plugin [None req-d4ecdbfc-c91e-4f62-b734-7bed57b62673 73b16809ee9f4188a62894b58ece3bee 3f5ce6c3037b49dc9e02a39eb3e49ecb - - default default] Tap Mirror: Handle Delete Port: 14e45ae0-3ac1-4edf-b343-f92982005db9
2026-05-25 11:21:24.570 7 INFO neutron.db.ovn_revision_numbers_db [None req-a7071f24-4e64-4d0c-8a6a-ccd3f3bdb18e a3d182c5674643679dade4cba9caa312 193fc5e8332f49af9319aacc891f8da8 - - default default] Successfully bumped revision number for resource 5268c801-8afc-4151-bd35-edcd1f90daa2 (type: networks) to 1
2026-05-25 11:21:24.727 7 WARNING neutron.scheduler.dhcp_agent_scheduler [None req-a7071f24-4e64-4d0c-8a6a-ccd3f3bdb18e a3d182c5674643679dade4cba9caa312 193fc5e8332f49af9319aacc891f8da8 - - default default] No more DHCP agents
2026-05-25 11:21:24.729 7 WARNING neutron.api.rpc.agentnotifiers.dhcp_rpc_agent_api [None req-a7071f24-4e64-4d0c-8a6a-ccd3f3bdb18e a3d182c5674643679dade4cba9caa312 193fc5e8332f49af9319aacc891f8da8 - - default default] Unable to schedule network 5268c801-8afc-4151-bd35-edcd1f90daa2: no agents available; will retry on subsequent port and subnet creation events.
2026-05-25 11:21:24.798 7 INFO neutron.db.ovn_revision_numbers_db [None req-a7071f24-4e64-4d0c-8a6a-ccd3f3bdb18e a3d182c5674643679dade4cba9caa312 193fc5e8332f49af9319aacc891f8da8 - - default default] Successfully bumped revision number for resource a9c1d42a-93cf-400d-ba0b-792b55ca1567 (type: ports) to 1 [pid: 7|app: 0|req: 596/1159] 10.0.0.25 () {34 vars in 669 bytes} [Mon May 25 11:21:23 2026] POST /v2.0/networks => generated 644 bytes in 1038 msecs (HTTP/1.1 201) 4 headers in 162 bytes (1 switches on core 0) /var/lib/openstack/lib/python3.12/site-packages/pycadf/identifier.py:70: UserWarning: Invalid uuid: neutron. To ensure interoperability, identifiers should be a valid uuid. warnings.warn(('Invalid uuid: %s. To ensure interoperability, ' [pid: 8|app: 0|req: 564/1160] 10.0.0.25 () {34 vars in 788 bytes} [Mon May 25 11:21:24 2026] PUT /v2.0/routers/d92b3cea-ba12-4bb7-94ea-3b2c20b9df89/remove_router_interface => generated 309 bytes in 605 msecs (HTTP/1.1 200) 4 headers in 157 bytes (1 switches on core 0) /var/lib/openstack/lib/python3.12/site-packages/pycadf/identifier.py:70: UserWarning: Invalid uuid: neutron. To ensure interoperability, identifiers should be a valid uuid. warnings.warn(('Invalid uuid: %s. To ensure interoperability, '
2026-05-25 11:21:24.973 7 INFO neutron_taas.services.taas.taas_plugin [req-2f4826b0-eeea-4b4c-89b7-43e1721a9de6 req-a079d44c-4d55-4cbb-abe6-04259650b946 8c37fb7270044efd845941f26dc9142a cf58f7c3579e41049f93c062a59eb249 - - default default] TaaS: Handle Delete Port: aa2dd1a4-d114-42d5-8fca-2379e96cee73
2026-05-25 11:21:24.975 7 INFO neutron_taas.services.taas.tap_mirror_plugin [req-2f4826b0-eeea-4b4c-89b7-43e1721a9de6 req-a079d44c-4d55-4cbb-abe6-04259650b946 8c37fb7270044efd845941f26dc9142a cf58f7c3579e41049f93c062a59eb249 - - default default] Tap Mirror: Handle Delete Port: aa2dd1a4-d114-42d5-8fca-2379e96cee73
2026-05-25 11:21:24.994 8 INFO neutron.db.ovn_revision_numbers_db [None req-5871421e-78d6-4b31-824d-c743e0e44462 123636558367444b95565ba001714ae2 6439d774e76c47e198c4f381c0503b34 - - default default] Successfully bumped revision number for resource 18c11efb-474e-43bb-9ad7-9107ca259ec6 (type: security_groups) to 1
2026-05-25 11:21:25.010 8 INFO neutron.db.ovn_revision_numbers_db [None req-5871421e-78d6-4b31-824d-c743e0e44462 123636558367444b95565ba001714ae2 6439d774e76c47e198c4f381c0503b34 - - default default] Successfully bumped revision number for resource 250eed61-6ab0-4d8c-8eb8-db2f4d7c5990 (type: security_group_rules) to 0
2026-05-25 11:21:25.021 8 INFO neutron.db.ovn_revision_numbers_db [None req-5871421e-78d6-4b31-824d-c743e0e44462 123636558367444b95565ba001714ae2 6439d774e76c47e198c4f381c0503b34 - - default default] Successfully bumped revision number for resource d17586fb-16ee-4fd9-96da-19d94d4935e1 (type: security_group_rules) to 0 [pid: 8|app: 0|req: 565/1161] 10.0.0.25 () {34 vars in 684 bytes} [Mon May 25 11:21:24 2026] POST /v2.0/security-groups => generated 1660 bytes in 197 msecs (HTTP/1.1 201) 4 headers in 163 bytes (1 switches on core 0) [pid: 7|app: 0|req: 597/1162] 199.19.213.133 () {36 vars in 997 bytes} [Mon May 25 11:21:24 2026] DELETE /v2.0/ports/aa2dd1a4-d114-42d5-8fca-2379e96cee73 => generated 0 bytes in 301 msecs (HTTP/1.1 204) 3 headers in 131 bytes (1 switches on core 0)
2026-05-25 11:21:25.177 7 INFO neutron.notifiers.nova [-] Nova event matching ['req-dd18e9d6-62be-459f-a91c-7a60f45dc803'] response: {'server_uuid': '697a92a3-0b45-4392-8bf3-40a0a5ca29cf', 'name': 'network-vif-deleted', 'tag': 'aa2dd1a4-d114-42d5-8fca-2379e96cee73', 'status': 'completed', 'code': 200}
2026-05-25 11:21:25.201 7 INFO neutron.api.v2.resource [None req-e9fa38a7-edc7-433d-92e3-189b3d21699e 73b16809ee9f4188a62894b58ece3bee 3f5ce6c3037b49dc9e02a39eb3e49ecb - - default default] remove_router_interface failed (client error): The resource could not be found. [pid: 7|app: 0|req: 598/1163] 10.0.0.25 () {34 vars in 788 bytes} [Mon May 25 11:21:25 2026] PUT /v2.0/routers/d92b3cea-ba12-4bb7-94ea-3b2c20b9df89/remove_router_interface => generated 197 bytes in 79 msecs (HTTP/1.1 404) 4 headers in 164 bytes (1 switches on core 0)
2026-05-25 11:21:25.253 8 WARNING neutron.scheduler.dhcp_agent_scheduler [None req-3beb6e2d-8533-47d4-832a-a01f45f871f0 a3d182c5674643679dade4cba9caa312 193fc5e8332f49af9319aacc891f8da8 - - default default] No more DHCP agents
2026-05-25 11:21:25.254 8 WARNING neutron.api.rpc.agentnotifiers.dhcp_rpc_agent_api [None req-3beb6e2d-8533-47d4-832a-a01f45f871f0 a3d182c5674643679dade4cba9caa312 193fc5e8332f49af9319aacc891f8da8 - - default default] Unable to schedule network 5268c801-8afc-4151-bd35-edcd1f90daa2: no agents available; will retry on subsequent port and subnet creation events.
2026-05-25 11:21:25.371 7 INFO neutron.db.ovn_revision_numbers_db [None req-8ed2778c-251d-4220-bf5b-8a2934cf427a 123636558367444b95565ba001714ae2 6439d774e76c47e198c4f381c0503b34 - - default default] Successfully bumped revision number for resource b871e8bc-af2d-40cc-9d12-427bca396c50 (type: security_group_rules) to 0 [pid: 7|app: 0|req: 601/1166] 10.0.0.25 () {34 vars in 694 bytes} [Mon May 25 11:21:25 2026] POST /v2.0/security-group-rules => generated 597 bytes in 197 msecs (HTTP/1.1 201) 4 headers in 162 bytes (1 switches on core 0) [pid: 7|app: 0|req: 602/1167] 10.0.0.25 () {32 vars in 735 bytes} [Mon May 25 11:21:25 2026] GET /v2.0/ports?device_id=d92b3cea-ba12-4bb7-94ea-3b2c20b9df89 => generated 12 bytes in 18 msecs (HTTP/1.1 200) 4 headers in 156 bytes (1 switches on core 0) [pid: 7|app: 0|req: 603/1168] 10.0.0.186 () {34 vars in 990 bytes} [Mon May 25 11:21:25 2026] GET /v2.0/ports?device_id=697a92a3-0b45-4392-8bf3-40a0a5ca29cf => generated 12 bytes in 20 msecs (HTTP/1.1 200) 4 headers in 156 bytes (1 switches on core 0)
2026-05-25 11:21:25.584 7 INFO neutron.db.ovn_revision_numbers_db [None req-c4c207c0-8b67-431b-a111-e7b1cc3c7b1a 123636558367444b95565ba001714ae2 6439d774e76c47e198c4f381c0503b34 - - default default] Successfully bumped revision number for resource f8e42dfe-5db1-47eb-b7f6-b5f09cff4598 (type: security_group_rules) to 0
2026-05-25 11:21:25.634 8 INFO neutron.db.ovn_revision_numbers_db [None req-525cd8ab-a812-4412-82bd-618b8e48fe03 - - - - - -] Successfully bumped revision number for resource a9c1d42a-93cf-400d-ba0b-792b55ca1567 (type: ports) to 2 [pid: 7|app: 0|req: 604/1169] 10.0.0.25 () {34 vars in 694 bytes} [Mon May 25 11:21:25 2026] POST /v2.0/security-group-rules => generated 602 bytes in 196 msecs (HTTP/1.1 201) 4 headers in 162 bytes (1 switches on core 0)
2026-05-25 11:21:25.661 8 INFO neutron.db.ovn_revision_numbers_db [None req-525cd8ab-a812-4412-82bd-618b8e48fe03 - - - - - -] Successfully bumped revision number for resource 84622635-24ad-46c9-a51b-1f590f91d493 (type: subnets) to 0 [pid: 8|app: 0|req: 566/1170] 10.0.0.25 () {34 vars in 668 bytes} [Mon May 25 11:21:25 2026] POST /v2.0/subnets => generated 641 bytes in 609 msecs (HTTP/1.1 201) 4 headers in 162 bytes (1 switches on core 0)
2026-05-25 11:21:25.900 8 WARNING neutron.scheduler.dhcp_agent_scheduler [None req-ca929676-8fc2-45a8-a8e3-52bb54e77b31 123636558367444b95565ba001714ae2 6439d774e76c47e198c4f381c0503b34 - - default default] No more DHCP agents
2026-05-25 11:21:25.903 8 WARNING neutron.api.rpc.agentnotifiers.dhcp_rpc_agent_api [None req-ca929676-8fc2-45a8-a8e3-52bb54e77b31 123636558367444b95565ba001714ae2 6439d774e76c47e198c4f381c0503b34 - - default default] Unable to schedule network 30a7c264-970a-4235-8f33-5ec4b491ff20: no agents available; will retry on subsequent port and subnet creation events. [pid: 8|app: 0|req: 567/1171] 10.0.0.25 () {34 vars in 675 bytes} [Mon May 25 11:21:25 2026] POST /v2.0/floatingips => generated 552 bytes in 528 msecs (HTTP/1.1 201) 4 headers in 162 bytes (1 switches on core 0) [pid: 7|app: 0|req: 605/1172] 10.0.0.25 () {32 vars in 723 bytes} [Mon May 25 11:21:25 2026] DELETE /v2.0/routers/d92b3cea-ba12-4bb7-94ea-3b2c20b9df89 => generated 0 bytes in 645 msecs (HTTP/1.1 204) 2 headers in 112 bytes (1 switches on core 0)
2026-05-25 11:21:26.340 8 INFO neutron.db.segments_db [None req-0eacddbd-a973-4754-afb5-fe1da29f4f71 a3d182c5674643679dade4cba9caa312 193fc5e8332f49af9319aacc891f8da8 - - default default] Added segment 4520fb1c-b59f-455b-ab9f-6f7828bc2d91 of type geneve for network 58ee0682-8823-44c8-bfd8-69f11a776188 [pid: 7|app: 0|req: 606/1173] 10.0.0.25 () {32 vars in 723 bytes} [Mon May 25 11:21:26 2026] DELETE /v2.0/subnets/8b378e6e-7057-49cd-9b28-fe00d0a789a7 => generated 0 bytes in 193 msecs (HTTP/1.1 204) 3 headers in 131 bytes (1 switches on core 0)
2026-05-25 11:21:26.514 8 INFO neutron.db.ovn_revision_numbers_db [None req-0eacddbd-a973-4754-afb5-fe1da29f4f71 a3d182c5674643679dade4cba9caa312 193fc5e8332f49af9319aacc891f8da8 - - default default] Successfully bumped revision number for resource 58ee0682-8823-44c8-bfd8-69f11a776188 (type: networks) to 1
2026-05-25 11:21:26.626 7 INFO neutron_taas.services.taas.taas_plugin [None req-5b0adf1e-3c6b-4c82-9efc-4c5e84c3dfea 73b16809ee9f4188a62894b58ece3bee 3f5ce6c3037b49dc9e02a39eb3e49ecb - - default default] TaaS: Handle Delete Port: 40af95b2-db87-492a-8cf5-c17011a0a9d6
2026-05-25 11:21:26.630 7 INFO neutron_taas.services.taas.tap_mirror_plugin [None req-5b0adf1e-3c6b-4c82-9efc-4c5e84c3dfea 73b16809ee9f4188a62894b58ece3bee 3f5ce6c3037b49dc9e02a39eb3e49ecb - - default default] Tap Mirror: Handle Delete Port: 40af95b2-db87-492a-8cf5-c17011a0a9d6
2026-05-25 11:21:26.714 8 WARNING neutron.scheduler.dhcp_agent_scheduler [None req-0eacddbd-a973-4754-afb5-fe1da29f4f71 a3d182c5674643679dade4cba9caa312 193fc5e8332f49af9319aacc891f8da8 - - default default] No more DHCP agents
2026-05-25 11:21:26.717 8 WARNING neutron.api.rpc.agentnotifiers.dhcp_rpc_agent_api [None req-0eacddbd-a973-4754-afb5-fe1da29f4f71 a3d182c5674643679dade4cba9caa312 193fc5e8332f49af9319aacc891f8da8 - - default default] Unable to schedule network 58ee0682-8823-44c8-bfd8-69f11a776188: no agents available; will retry on subsequent port and subnet creation events.
2026-05-25 11:21:26.842 8 INFO neutron.db.ovn_revision_numbers_db [None req-0eacddbd-a973-4754-afb5-fe1da29f4f71 a3d182c5674643679dade4cba9caa312 193fc5e8332f49af9319aacc891f8da8 - - default default] Successfully bumped revision number for resource e08c013e-d881-46d2-89d3-e2fbce8e4830 (type: ports) to 1
2026-05-25 11:21:26.875 7 INFO neutron.services.segments.plugin [-] Segment 4be7ca75-ccc1-4e3a-a46a-09cb759b7394 resource provider aggregate not found [pid: 8|app: 0|req: 568/1174] 10.0.0.25 () {34 vars in 669 bytes} [Mon May 25 11:21:26 2026] POST /v2.0/networks => generated 643 bytes in 672 msecs (HTTP/1.1 201) 4 headers in 162 bytes (1 switches on core 0)
2026-05-25 11:21:26.877 7 INFO neutron.services.segments.plugin [-] Segment 4be7ca75-ccc1-4e3a-a46a-09cb759b7394 resource provider aggregate not found
2026-05-25 11:21:26.905 7 INFO neutron.services.segments.plugin [-] Segment 4be7ca75-ccc1-4e3a-a46a-09cb759b7394 resource provider not found; error: Placement Client Error (4xx): {"errors": [{"status": 404, "title": "Not Found", "detail": "The resource could not be found.\n\n No resource provider with uuid 4be7ca75-ccc1-4e3a-a46a-09cb759b7394 found for delete ", "request_id": "req-2c32f354-e193-4fe6-8907-3000b23ddc7e"}]}
