+ COMMAND=start + start + for KEYSTONE_WSGI_SCRIPT in keystone-wsgi-public ++ type -p keystone-wsgi-public + cp -a /var/lib/openstack/bin/keystone-wsgi-public /var/www/cgi-bin/keystone/ + '[' -f /etc/apache2/envvars ']' + source /etc/apache2/envvars ++ unset HOME ++ '[' '' '!=' '' ']' ++ SUFFIX= ++ export APACHE_RUN_USER=www-data ++ APACHE_RUN_USER=www-data ++ export APACHE_RUN_GROUP=www-data ++ APACHE_RUN_GROUP=www-data ++ export APACHE_PID_FILE=/var/run/apache2/apache2.pid ++ APACHE_PID_FILE=/var/run/apache2/apache2.pid ++ export APACHE_RUN_DIR=/var/run/apache2 ++ APACHE_RUN_DIR=/var/run/apache2 ++ export APACHE_LOCK_DIR=/var/lock/apache2 ++ APACHE_LOCK_DIR=/var/lock/apache2 ++ export APACHE_LOG_DIR=/var/log/apache2 ++ APACHE_LOG_DIR=/var/log/apache2 ++ export LANG=C ++ LANG=C ++ export LANG + '[' -f /var/run/apache2/apache2.pid ']' + exec apache2 -DFOREGROUND AH00558: apache2: Could not reliably determine the server's fully qualified domain name, using 10.0.0.186. Set the 'ServerName' directive globally to suppress this message AH00558: apache2: Could not reliably determine the server's fully qualified domain name, using 10.0.0.186. Set the 'ServerName' directive globally to suppress this message
[Tue Sep 01 18:39:16.995983 2026] [mpm_event:notice] [pid 1:tid 140663287097216] AH00489: Apache/2.4.58 (Ubuntu) mod_wsgi/5.0.0 Python/3.12 configured -- resuming normal operations
[Tue Sep 01 18:39:16.996095 2026] [core:notice] [pid 1:tid 140663287097216] AH00094: Command line: 'apache2 -D FOREGROUND'
[Tue Sep 01 18:40:14.107705 2026] [wsgi:error] [pid 9:tid 140662649276096] /var/lib/openstack/lib/python3.12/site-packages/oslo_utils/importutils.py:77: EventletDeprecationWarning:
[Tue Sep 01 18:40:14.107742 2026] [wsgi:error] [pid 9:tid 140662649276096] Eventlet is deprecated. It is currently being maintained in bugfix mode, and
[Tue Sep 01 18:40:14.107744 2026] [wsgi:error] [pid 9:tid 140662649276096] we strongly recommend against using it for new projects.
[Tue Sep 01 18:40:14.107745 2026] [wsgi:error] [pid 9:tid 140662649276096]
[Tue Sep 01 18:40:14.107746 2026] [wsgi:error] [pid 9:tid 140662649276096] If you are already using Eventlet, we recommend migrating to a different
[Tue Sep 01 18:40:14.107748 2026] [wsgi:error] [pid 9:tid 140662649276096] framework. For more detail see
[Tue Sep 01 18:40:14.107749 2026] [wsgi:error] [pid 9:tid 140662649276096] https://eventlet.readthedocs.io/en/latest/asyncio/migration.html
[Tue Sep 01 18:40:14.107750 2026] [wsgi:error] [pid 9:tid 140662649276096]
[Tue Sep 01 18:40:14.107751 2026] [wsgi:error] [pid 9:tid 140662649276096] __import__(import_str)
[Tue Sep 01 18:40:14.135929 2026] [wsgi:error] [pid 11:tid 140662649276096] /var/lib/openstack/lib/python3.12/site-packages/oslo_utils/importutils.py:77: EventletDeprecationWarning:
[Tue Sep 01 18:40:14.135965 2026] [wsgi:error] [pid 11:tid 140662649276096] Eventlet is deprecated. It is currently being maintained in bugfix mode, and
[Tue Sep 01 18:40:14.135967 2026] [wsgi:error] [pid 11:tid 140662649276096] we strongly recommend against using it for new projects.
[Tue Sep 01 18:40:14.135968 2026] [wsgi:error] [pid 11:tid 140662649276096]
[Tue Sep 01 18:40:14.135969 2026] [wsgi:error] [pid 11:tid 140662649276096] If you are already using Eventlet, we recommend migrating to a different
[Tue Sep 01 18:40:14.135971 2026] [wsgi:error] [pid 11:tid 140662649276096] framework. For more detail see
[Tue Sep 01 18:40:14.135972 2026] [wsgi:error] [pid 11:tid 140662649276096] https://eventlet.readthedocs.io/en/latest/asyncio/migration.html
[Tue Sep 01 18:40:14.135973 2026] [wsgi:error] [pid 11:tid 140662649276096]
[Tue Sep 01 18:40:14.135974 2026] [wsgi:error] [pid 11:tid 140662649276096] __import__(import_str) 10.0.0.228 - - [01/Sep/2026:18:40:13 +0000] "GET /v3/ HTTP/1.1" 200 250 10.0.0.228 - - [01/Sep/2026:18:40:13 +0000] "GET /v3/ HTTP/1.1" 200 250
[Tue Sep 01 18:40:19.609604 2026] [wsgi:error] [pid 12:tid 140662649276096] /var/lib/openstack/lib/python3.12/site-packages/oslo_utils/importutils.py:77: EventletDeprecationWarning:
[Tue Sep 01 18:40:19.609645 2026] [wsgi:error] [pid 12:tid 140662649276096] Eventlet is deprecated. It is currently being maintained in bugfix mode, and
[Tue Sep 01 18:40:19.609647 2026] [wsgi:error] [pid 12:tid 140662649276096] we strongly recommend against using it for new projects.
[Tue Sep 01 18:40:19.609649 2026] [wsgi:error] [pid 12:tid 140662649276096]
[Tue Sep 01 18:40:19.609650 2026] [wsgi:error] [pid 12:tid 140662649276096] If you are already using Eventlet, we recommend migrating to a different
[Tue Sep 01 18:40:19.609652 2026] [wsgi:error] [pid 12:tid 140662649276096] framework. For more detail see
[Tue Sep 01 18:40:19.609654 2026] [wsgi:error] [pid 12:tid 140662649276096] https://eventlet.readthedocs.io/en/latest/asyncio/migration.html
[Tue Sep 01 18:40:19.609655 2026] [wsgi:error] [pid 12:tid 140662649276096]
[Tue Sep 01 18:40:19.609657 2026] [wsgi:error] [pid 12:tid 140662649276096] __import__(import_str) 10.0.0.228 - - [01/Sep/2026:18:40:18 +0000] "GET /v3/ HTTP/1.1" 200 250
[Tue Sep 01 18:40:25.904086 2026] [wsgi:error] [pid 10:tid 140662649276096] /var/lib/openstack/lib/python3.12/site-packages/oslo_utils/importutils.py:77: EventletDeprecationWarning:
[Tue Sep 01 18:40:25.904124 2026] [wsgi:error] [pid 10:tid 140662649276096] Eventlet is deprecated. It is currently being maintained in bugfix mode, and
[Tue Sep 01 18:40:25.904126 2026] [wsgi:error] [pid 10:tid 140662649276096] we strongly recommend against using it for new projects.
[Tue Sep 01 18:40:25.904128 2026] [wsgi:error] [pid 10:tid 140662649276096]
[Tue Sep 01 18:40:25.904129 2026] [wsgi:error] [pid 10:tid 140662649276096] If you are already using Eventlet, we recommend migrating to a different
[Tue Sep 01 18:40:25.904130 2026] [wsgi:error] [pid 10:tid 140662649276096] framework. For more detail see
[Tue Sep 01 18:40:25.904131 2026] [wsgi:error] [pid 10:tid 140662649276096] https://eventlet.readthedocs.io/en/latest/asyncio/migration.html
[Tue Sep 01 18:40:25.904132 2026] [wsgi:error] [pid 10:tid 140662649276096]
[Tue Sep 01 18:40:25.904133 2026] [wsgi:error] [pid 10:tid 140662649276096] __import__(import_str) 10.0.0.90 - - [01/Sep/2026:18:40:24 +0000] "GET / HTTP/1.1" 300 295
[Tue Sep 01 18:40:30.376112 2026] [wsgi:error] [pid 11:tid 140662649276096] [remote 10.0.0.90:49092] 2026-09-01 18:40:30.373 11 WARNING keystone.identity.core [None req-fbeddfc7-619e-4b5b-aca1-4542ee74c3ce - - - - - -] Invalid domain name (atmosphere) found in config file name: keystone.exception.DomainNotFound: Could not find domain: atmosphere.
[Tue Sep 01 18:40:30.429680 2026] [wsgi:error] [pid 11:tid 140662649276096] [remote 10.0.0.90:49092] 2026-09-01 18:40:30.429 11 WARNING keystone.common.password_hashing [None req-fbeddfc7-619e-4b5b-aca1-4542ee74c3ce - - - - - -] Truncating password to algorithm specific maximum length 72 characters.
[Tue Sep 01 18:40:30.752036 2026] [wsgi:error] [pid 11:tid 140662649276096] [remote 10.0.0.90:49092] 2026-09-01 18:40:30.751 11 WARNING keystone.common.fernet_utils [None req-fbeddfc7-619e-4b5b-aca1-4542ee74c3ce - - - - - -] key_repository is world readable: /etc/keystone/fernet-keys/ 10.0.0.90 - - [01/Sep/2026:18:40:30 +0000] "POST /v3/auth/tokens HTTP/1.1" 201 1359
[Tue Sep 01 18:40:31.249777 2026] [wsgi:error] [pid 9:tid 140662649276096] [remote 10.0.0.90:49092] 2026-09-01 18:40:31.245 9 WARNING keystone.identity.core [None req-f7db7a96-8171-4212-afa5-395f210ede79 - - - - - -] Invalid domain name (atmosphere) found in config file name: keystone.exception.DomainNotFound: Could not find domain: atmosphere. 10.0.0.90 - - [01/Sep/2026:18:40:31 +0000] "POST /v3/domains HTTP/1.1" 201 261 10.0.0.15 - - [01/Sep/2026:18:40:42 +0000] "GET / HTTP/1.1" 300 295
[Tue Sep 01 18:40:42.767472 2026] [wsgi:error] [pid 10:tid 140662649276096] [remote 10.0.0.15:39710] 2026-09-01 18:40:42.766 10 WARNING keystone.common.password_hashing [None req-9ae19dc4-127a-4704-9eff-1b29c300e552 - - - - - -] Truncating password to algorithm specific maximum length 72 characters.
[Tue Sep 01 18:40:43.038981 2026] [wsgi:error] [pid 10:tid 140662649276096] [remote 10.0.0.15:39710] 2026-09-01 18:40:43.038 10 WARNING keystone.common.fernet_utils [None req-9ae19dc4-127a-4704-9eff-1b29c300e552 - - - - - -] key_repository is world readable: /etc/keystone/fernet-keys/ 10.0.0.15 - - [01/Sep/2026:18:40:42 +0000] "POST /v3/auth/tokens HTTP/1.1" 201 1359 10.0.0.15 - - [01/Sep/2026:18:40:43 +0000] "GET /v3/roles/admin HTTP/1.1" 404 83
[Tue Sep 01 18:40:43.326088 2026] [wsgi:error] [pid 9:tid 140662649276096] [remote 10.0.0.15:39710] 2026-09-01 18:40:43.325 9 WARNING keystone.common.rbac_enforcer.enforcer [None req-b8060fdf-486b-42b3-b677-b531eae7162a d96988492aca4221a1d4c33b74024152 ede32c767b7e43faa110bd2fd0822180 - - default default] Deprecated policy rules found. Use oslopolicy-policy-generator and oslopolicy-policy-upgrade to detect and resolve deprecated policies in your configuration. 10.0.0.15 - - [01/Sep/2026:18:40:43 +0000] "GET /v3/roles?name=admin HTTP/1.1" 200 389
[Tue Sep 01 18:40:44.080131 2026] [wsgi:error] [pid 12:tid 140662649276096] [remote 10.0.0.15:39710] 2026-09-01 18:40:44.079 12 WARNING keystone.common.rbac_enforcer.enforcer [None req-bbb5e545-e843-4fdd-b032-bbbab7107643 d96988492aca4221a1d4c33b74024152 ede32c767b7e43faa110bd2fd0822180 - - default default] Deprecated policy rules found. Use oslopolicy-policy-generator and oslopolicy-policy-upgrade to detect and resolve deprecated policies in your configuration. 10.0.0.15 - - [01/Sep/2026:18:40:43 +0000] "GET /v3/users/admin-RegionOne HTTP/1.1" 404 93
[Tue Sep 01 18:40:44.246760 2026] [wsgi:error] [pid 10:tid 140662649276096] [remote 10.0.0.15:39710] 2026-09-01 18:40:44.246 10 WARNING keystone.common.rbac_enforcer.enforcer [None req-a5b39cbc-fa0e-4191-be29-991e3e266b01 d96988492aca4221a1d4c33b74024152 ede32c767b7e43faa110bd2fd0822180 - - default default] Deprecated policy rules found. Use oslopolicy-policy-generator and oslopolicy-policy-upgrade to detect and resolve deprecated policies in your configuration. 10.0.0.15 - - [01/Sep/2026:18:40:44 +0000] "GET /v3/users?name=admin-RegionOne HTTP/1.1" 200 422
[Tue Sep 01 18:40:44.542021 2026] [wsgi:error] [pid 11:tid 140662649276096] [remote 10.0.0.15:39710] 2026-09-01 18:40:44.541 11 WARNING keystone.common.rbac_enforcer.enforcer [None req-7d21a08c-c999-4b34-864b-09444bdc00e5 d96988492aca4221a1d4c33b74024152 ede32c767b7e43faa110bd2fd0822180 - - default default] Deprecated policy rules found. Use oslopolicy-policy-generator and oslopolicy-policy-upgrade to detect and resolve deprecated policies in your configuration. 10.0.0.15 - - [01/Sep/2026:18:40:44 +0000] "GET /v3/domains/default HTTP/1.1" 200 224 10.0.0.15 - - [01/Sep/2026:18:40:44 +0000] "PUT /v3/domains/default/users/d96988492aca4221a1d4c33b74024152/roles/a8e792e7ffa04b12895bff44add190bd HTTP/1.1" 204 - 10.0.0.228 - - [01/Sep/2026:18:40:54 +0000] "GET / HTTP/1.1" 300 280 10.0.0.228 - - [01/Sep/2026:18:40:56 +0000] "GET /v3 HTTP/1.1" 200 265
[Tue Sep 01 18:40:56.293126 2026] [wsgi:error] [pid 11:tid 140662649276096] [remote 10.0.0.228:50198] 2026-09-01 18:40:56.292 11 WARNING keystone.common.password_hashing [None req-5c5b0d49-a009-43ed-8350-646831f91c46 - - - - - -] Truncating password to algorithm specific maximum length 72 characters.
[Tue Sep 01 18:40:56.585820 2026] [wsgi:error] [pid 11:tid 140662649276096] [remote 10.0.0.228:50198] 2026-09-01 18:40:56.585 11 WARNING keystone.common.fernet_utils [None req-5c5b0d49-a009-43ed-8350-646831f91c46 - - - - - -] key_repository is world readable: /etc/keystone/fernet-keys/ 10.0.0.228 - - [01/Sep/2026:18:40:56 +0000] "POST /v3/auth/tokens HTTP/1.1" 201 1359 10.0.0.228 - - [01/Sep/2026:18:40:56 +0000] "GET / HTTP/1.1" 300 280 10.0.0.228 - - [01/Sep/2026:18:40:56 +0000] "GET /v3/domains/atmosphere HTTP/1.1" 404 90 10.0.0.228 - - [01/Sep/2026:18:40:56 +0000] "GET /v3/domains?name=atmosphere HTTP/1.1" 200 368 10.0.0.228 - - [01/Sep/2026:18:40:56 +0000] "GET /v3/domains/a3e4e264ce294c04b6a1af0c29b4d6d5 HTTP/1.1" 200 246 10.0.0.228 - - [01/Sep/2026:18:40:57 +0000] "GET /v3 HTTP/1.1" 200 265
[Tue Sep 01 18:40:57.815391 2026] [wsgi:error] [pid 12:tid 140662649276096] [remote 10.0.0.228:50206] 2026-09-01 18:40:57.814 12 WARNING keystone.common.password_hashing [None req-8ddef561-8384-4a7e-9935-b7f53051baaa - - - - - -] Truncating password to algorithm specific maximum length 72 characters.
[Tue Sep 01 18:40:58.143720 2026] [wsgi:error] [pid 12:tid 140662649276096] [remote 10.0.0.228:50206] 2026-09-01 18:40:58.143 12 WARNING keystone.common.fernet_utils [None req-8ddef561-8384-4a7e-9935-b7f53051baaa - - - - - -] key_repository is world readable: /etc/keystone/fernet-keys/ 10.0.0.228 - - [01/Sep/2026:18:40:57 +0000] "POST /v3/auth/tokens HTTP/1.1" 201 1359 10.0.0.228 - - [01/Sep/2026:18:40:58 +0000] "GET / HTTP/1.1" 300 280 10.0.0.228 - - [01/Sep/2026:18:40:58 +0000] "GET /v3/OS-FEDERATION/identity_providers/atmosphere HTTP/1.1" 404 101 10.0.0.228 - - [01/Sep/2026:18:40:58 +0000] "GET /v3/OS-FEDERATION/identity_providers HTTP/1.1" 200 155 10.0.0.228 - - [01/Sep/2026:18:40:58 +0000] "PUT /v3/OS-FEDERATION/identity_providers/atmosphere HTTP/1.1" 201 340 10.0.0.228 - - [01/Sep/2026:18:40:59 +0000] "GET /v3 HTTP/1.1" 200 265
[Tue Sep 01 18:40:59.129767 2026] [wsgi:error] [pid 11:tid 140662649276096] [remote 10.0.0.228:50206] 2026-09-01 18:40:59.129 11 WARNING keystone.common.password_hashing [None req-c6d719a8-7185-4eb1-8ea3-836846c4388c - - - - - -] Truncating password to algorithm specific maximum length 72 characters.
[Tue Sep 01 18:40:59.423522 2026] [wsgi:error] [pid 11:tid 140662649276096] [remote 10.0.0.228:50206] 2026-09-01 18:40:59.423 11 WARNING keystone.common.fernet_utils [None req-c6d719a8-7185-4eb1-8ea3-836846c4388c - - - - - -] key_repository is world readable: /etc/keystone/fernet-keys/ 10.0.0.228 - - [01/Sep/2026:18:40:59 +0000] "POST /v3/auth/tokens HTTP/1.1" 201 1359 10.0.0.228 - - [01/Sep/2026:18:40:59 +0000] "GET / HTTP/1.1" 300 280 10.0.0.228 - - [01/Sep/2026:18:40:59 +0000] "GET /v3/OS-FEDERATION/mappings/atmosphere-openid HTTP/1.1" 404 98 10.0.0.228 - - [01/Sep/2026:18:40:59 +0000] "GET /v3/OS-FEDERATION/mappings HTTP/1.1" 200 135 10.0.0.228 - - [01/Sep/2026:18:40:59 +0000] "PUT /v3/OS-FEDERATION/mappings/atmosphere-openid HTTP/1.1" 201 356 10.0.0.228 - - [01/Sep/2026:18:41:00 +0000] "GET /v3 HTTP/1.1" 200 265
[Tue Sep 01 18:41:00.438319 2026] [wsgi:error] [pid 12:tid 140662649276096] [remote 10.0.0.228:50198] 2026-09-01 18:41:00.438 12 WARNING keystone.common.password_hashing [None req-8a855f09-13dc-49d7-847e-f8d81736d1ce - - - - - -] Truncating password to algorithm specific maximum length 72 characters.
[Tue Sep 01 18:41:00.731586 2026] [wsgi:error] [pid 12:tid 140662649276096] [remote 10.0.0.228:50198] 2026-09-01 18:41:00.731 12 WARNING keystone.common.fernet_utils [None req-8a855f09-13dc-49d7-847e-f8d81736d1ce - - - - - -] key_repository is world readable: /etc/keystone/fernet-keys/ 10.0.0.228 - - [01/Sep/2026:18:41:00 +0000] "POST /v3/auth/tokens HTTP/1.1" 201 1359 10.0.0.228 - - [01/Sep/2026:18:41:00 +0000] "GET / HTTP/1.1" 300 280 10.0.0.228 - - [01/Sep/2026:18:41:00 +0000] "GET /v3/OS-FEDERATION/identity_providers/atmosphere/protocols/openid?idp_id=atmosphere HTTP/1.1" 404 131 10.0.0.228 - - [01/Sep/2026:18:41:00 +0000] "GET /v3/OS-FEDERATION/identity_providers/atmosphere/protocols HTTP/1.1" 200 167 10.0.0.228 - - [01/Sep/2026:18:41:00 +0000] "PUT /v3/OS-FEDERATION/identity_providers/atmosphere/protocols/openid HTTP/1.1" 201 222 10.0.0.228 - - [01/Sep/2026:18:41:13 +0000] "GET /v3/ HTTP/1.1" 200 250 10.0.0.228 - - [01/Sep/2026:18:41:13 +0000] "GET /v3/ HTTP/1.1" 200 250 10.0.0.228 - - [01/Sep/2026:18:42:13 +0000] "GET /v3/ HTTP/1.1" 200 250 10.0.0.228 - - [01/Sep/2026:18:42:13 +0000] "GET /v3/ HTTP/1.1" 200 250 10.0.0.174 - - [01/Sep/2026:18:42:30 +0000] "GET / HTTP/1.1" 300 295
[Tue Sep 01 18:42:30.341963 2026] [wsgi:error] [pid 11:tid 140662649276096] [remote 10.0.0.174:43060] 2026-09-01 18:42:30.341 11 WARNING keystone.common.password_hashing [None req-461b9b40-2a6c-4bbf-a4ad-4080a359457c - - - - - -] Truncating password to algorithm specific maximum length 72 characters.
[Tue Sep 01 18:42:30.636311 2026] [wsgi:error] [pid 11:tid 140662649276096] [remote 10.0.0.174:43060] 2026-09-01 18:42:30.636 11 WARNING keystone.common.fernet_utils [None req-461b9b40-2a6c-4bbf-a4ad-4080a359457c - - - - - -] key_repository is world readable: /etc/keystone/fernet-keys/ 10.0.0.174 - - [01/Sep/2026:18:42:30 +0000] "POST /v3/auth/tokens HTTP/1.1" 201 1359 10.0.0.174 - - [01/Sep/2026:18:42:30 +0000] "GET /v3/services HTTP/1.1" 200 355 10.0.0.174 - - [01/Sep/2026:18:42:34 +0000] "GET / HTTP/1.1" 300 295
[Tue Sep 01 18:42:34.389845 2026] [wsgi:error] [pid 10:tid 140662649276096] [remote 10.0.0.174:60914] 2026-09-01 18:42:34.389 10 WARNING keystone.common.password_hashing [None req-a2f4a868-fdab-4a79-b5ce-23bc9e22b39d - - - - - -] Truncating password to algorithm specific maximum length 72 characters.
[Tue Sep 01 18:42:34.678767 2026] [wsgi:error] [pid 10:tid 140662649276096] [remote 10.0.0.174:60914] 2026-09-01 18:42:34.678 10 WARNING keystone.common.fernet_utils [None req-a2f4a868-fdab-4a79-b5ce-23bc9e22b39d - - - - - -] key_repository is world readable: /etc/keystone/fernet-keys/ 10.0.0.174 - - [01/Sep/2026:18:42:34 +0000] "POST /v3/auth/tokens HTTP/1.1" 201 1359 10.0.0.174 - - [01/Sep/2026:18:42:34 +0000] "GET /v3/services HTTP/1.1" 200 355 10.0.0.174 - - [01/Sep/2026:18:42:38 +0000] "GET / HTTP/1.1" 300 295
[Tue Sep 01 18:42:38.317750 2026] [wsgi:error] [pid 12:tid 140662649276096] [remote 10.0.0.174:60930] 2026-09-01 18:42:38.317 12 WARNING keystone.common.password_hashing [None req-b81af6c0-1389-4196-8f1c-1cdb4e6c39ca - - - - - -] Truncating password to algorithm specific maximum length 72 characters.
[Tue Sep 01 18:42:38.588662 2026] [wsgi:error] [pid 12:tid 140662649276096] [remote 10.0.0.174:60930] 2026-09-01 18:42:38.588 12 WARNING keystone.common.fernet_utils [None req-b81af6c0-1389-4196-8f1c-1cdb4e6c39ca - - - - - -] key_repository is world readable: /etc/keystone/fernet-keys/ 10.0.0.174 - - [01/Sep/2026:18:42:38 +0000] "POST /v3/auth/tokens HTTP/1.1" 201 1359 10.0.0.174 - - [01/Sep/2026:18:42:38 +0000] "GET /v3/services HTTP/1.1" 200 355 10.0.0.174 - - [01/Sep/2026:18:42:42 +0000] "GET / HTTP/1.1" 300 295
[Tue Sep 01 18:42:42.250523 2026] [wsgi:error] [pid 9:tid 140662649276096] [remote 10.0.0.174:60936] 2026-09-01 18:42:42.249 9 WARNING keystone.common.password_hashing [None req-54fb474d-74ca-4e1e-a122-4988cda5fedc - - - - - -] Truncating password to algorithm specific maximum length 72 characters.
[Tue Sep 01 18:42:42.537994 2026] [wsgi:error] [pid 9:tid 140662649276096] [remote 10.0.0.174:60936] 2026-09-01 18:42:42.537 9 WARNING keystone.common.fernet_utils [None req-54fb474d-74ca-4e1e-a122-4988cda5fedc - - - - - -] key_repository is world readable: /etc/keystone/fernet-keys/ 10.0.0.174 - - [01/Sep/2026:18:42:42 +0000] "POST /v3/auth/tokens HTTP/1.1" 201 1359 10.0.0.174 - - [01/Sep/2026:18:42:42 +0000] "POST /v3/services HTTP/1.1" 201 296 10.0.0.171 - - [01/Sep/2026:18:42:54 +0000] "GET / HTTP/1.1" 300 295
[Tue Sep 01 18:42:54.540796 2026] [wsgi:error] [pid 11:tid 140662649276096] [remote 10.0.0.171:53018] 2026-09-01 18:42:54.540 11 WARNING keystone.common.password_hashing [None req-742d347e-b6a6-41c3-8758-3829a74c722f - - - - - -] Truncating password to algorithm specific maximum length 72 characters. 10.0.0.171 - - [01/Sep/2026:18:42:54 +0000] "GET / HTTP/1.1" 300 295
[Tue Sep 01 18:42:54.673373 2026] [wsgi:error] [pid 12:tid 140662649276096] [remote 10.0.0.171:53026] 2026-09-01 18:42:54.672 12 WARNING keystone.common.password_hashing [None req-f8b6db0a-811c-4a52-b9d1-65063a72b9a8 - - - - - -] Truncating password to algorithm specific maximum length 72 characters. 10.0.0.171 - - [01/Sep/2026:18:42:54 +0000] "GET / HTTP/1.1" 300 295
[Tue Sep 01 18:42:54.790940 2026] [wsgi:error] [pid 9:tid 140662649276096] [remote 10.0.0.171:53034] 2026-09-01 18:42:54.790 9 WARNING keystone.common.password_hashing [None req-8a8fdbbf-956f-41ce-9d4d-fb1340e2df0d - - - - - -] Truncating password to algorithm specific maximum length 72 characters.
[Tue Sep 01 18:42:54.916091 2026] [wsgi:error] [pid 11:tid 140662649276096] [remote 10.0.0.171:53018] 2026-09-01 18:42:54.915 11 WARNING keystone.common.fernet_utils [None req-742d347e-b6a6-41c3-8758-3829a74c722f - - - - - -] key_repository is world readable: /etc/keystone/fernet-keys/ 10.0.0.171 - - [01/Sep/2026:18:42:54 +0000] "POST /v3/auth/tokens HTTP/1.1" 201 1463
[Tue Sep 01 18:42:54.969944 2026] [wsgi:error] [pid 12:tid 140662649276096] [remote 10.0.0.171:53026] 2026-09-01 18:42:54.969 12 WARNING keystone.common.fernet_utils [None req-f8b6db0a-811c-4a52-b9d1-65063a72b9a8 - - - - - -] key_repository is world readable: /etc/keystone/fernet-keys/ 10.0.0.171 - - [01/Sep/2026:18:42:54 +0000] "POST /v3/auth/tokens HTTP/1.1" 201 1463 10.0.0.171 - - [01/Sep/2026:18:42:55 +0000] "GET /v3/services HTTP/1.1" 200 639
[Tue Sep 01 18:42:55.082322 2026] [wsgi:error] [pid 9:tid 140662649276096] [remote 10.0.0.171:53034] 2026-09-01 18:42:55.082 9 WARNING keystone.common.fernet_utils [None req-8a8fdbbf-956f-41ce-9d4d-fb1340e2df0d - - - - - -] key_repository is world readable: /etc/keystone/fernet-keys/ 10.0.0.171 - - [01/Sep/2026:18:42:54 +0000] "POST /v3/auth/tokens HTTP/1.1" 201 1463 10.0.0.171 - - [01/Sep/2026:18:42:55 +0000] "GET /v3/services HTTP/1.1" 200 639 10.0.0.171 - - [01/Sep/2026:18:42:55 +0000] "GET /v3/services HTTP/1.1" 200 639 10.0.0.171 - - [01/Sep/2026:18:42:56 +0000] "GET / HTTP/1.1" 300 295
[Tue Sep 01 18:42:56.562310 2026] [wsgi:error] [pid 9:tid 140662649276096] [remote 10.0.0.171:53040] 2026-09-01 18:42:56.561 9 WARNING keystone.common.password_hashing [None req-50a78b91-e342-4041-af50-686f235a829f - - - - - -] Truncating password to algorithm specific maximum length 72 characters. 10.0.0.171 - - [01/Sep/2026:18:42:56 +0000] "GET / HTTP/1.1" 300 295 10.0.0.171 - - [01/Sep/2026:18:42:56 +0000] "GET / HTTP/1.1" 300 295
[Tue Sep 01 18:42:56.662076 2026] [wsgi:error] [pid 12:tid 140662649276096] [remote 10.0.0.171:53054] 2026-09-01 18:42:56.661 12 WARNING keystone.common.password_hashing [None req-add945fd-56c2-4013-8b7c-05216d36ae2a - - - - - -] Truncating password to algorithm specific maximum length 72 characters.
[Tue Sep 01 18:42:56.662826 2026] [wsgi:error] [pid 10:tid 140662649276096] [remote 10.0.0.171:53068] 2026-09-01 18:42:56.662 10 WARNING keystone.common.password_hashing [None req-3332f1f2-5b84-45dd-bdb1-5deeee618315 - - - - - -] Truncating password to algorithm specific maximum length 72 characters.
[Tue Sep 01 18:42:56.862694 2026] [wsgi:error] [pid 9:tid 140662649276096] [remote 10.0.0.171:53040] 2026-09-01 18:42:56.862 9 WARNING keystone.common.fernet_utils [None req-50a78b91-e342-4041-af50-686f235a829f - - - - - -] key_repository is world readable: /etc/keystone/fernet-keys/ 10.0.0.171 - - [01/Sep/2026:18:42:56 +0000] "POST /v3/auth/tokens HTTP/1.1" 201 1463
[Tue Sep 01 18:42:56.930370 2026] [wsgi:error] [pid 12:tid 140662649276096] [remote 10.0.0.171:53054] 2026-09-01 18:42:56.930 12 WARNING keystone.common.fernet_utils [None req-add945fd-56c2-4013-8b7c-05216d36ae2a - - - - - -] key_repository is world readable: /etc/keystone/fernet-keys/ 10.0.0.171 - - [01/Sep/2026:18:42:56 +0000] "POST /v3/auth/tokens HTTP/1.1" 201 1463
[Tue Sep 01 18:42:56.967921 2026] [wsgi:error] [pid 10:tid 140662649276096] [remote 10.0.0.171:53068] 2026-09-01 18:42:56.967 10 WARNING keystone.common.fernet_utils [None req-3332f1f2-5b84-45dd-bdb1-5deeee618315 - - - - - -] key_repository is world readable: /etc/keystone/fernet-keys/ 10.0.0.171 - - [01/Sep/2026:18:42:56 +0000] "POST /v3/auth/tokens HTTP/1.1" 201 1463 10.0.0.171 - - [01/Sep/2026:18:42:56 +0000] "GET /v3/endpoints HTTP/1.1" 200 1226 10.0.0.171 - - [01/Sep/2026:18:42:57 +0000] "GET /v3/services/39ba714b64604971988e678704c82518 HTTP/1.1" 200 233 10.0.0.171 - - [01/Sep/2026:18:42:57 +0000] "GET /v3/services/39ba714b64604971988e678704c82518 HTTP/1.1" 200 233 10.0.0.171 - - [01/Sep/2026:18:42:57 +0000] "GET /v3/endpoints HTTP/1.1" 200 1226 10.0.0.171 - - [01/Sep/2026:18:42:57 +0000] "GET /v3/endpoints HTTP/1.1" 200 1226 10.0.0.171 - - [01/Sep/2026:18:42:57 +0000] "GET /v3/services/39ba714b64604971988e678704c82518 HTTP/1.1" 200 233 10.0.0.171 - - [01/Sep/2026:18:42:57 +0000] "GET /v3/services/39ba714b64604971988e678704c82518 HTTP/1.1" 200 233 10.0.0.171 - - [01/Sep/2026:18:42:57 +0000] "GET /v3/services/39ba714b64604971988e678704c82518 HTTP/1.1" 200 233 10.0.0.171 - - [01/Sep/2026:18:42:57 +0000] "GET /v3/services/39ba714b64604971988e678704c82518 HTTP/1.1" 200 233 10.0.0.171 - - [01/Sep/2026:18:42:57 +0000] "GET /v3/services/39ba714b64604971988e678704c82518 HTTP/1.1" 200 233 10.0.0.171 - - [01/Sep/2026:18:42:57 +0000] "GET /v3/services/39ba714b64604971988e678704c82518 HTTP/1.1" 200 233 10.0.0.171 - - [01/Sep/2026:18:42:57 +0000] "GET /v3/services/39ba714b64604971988e678704c82518 HTTP/1.1" 200 233 10.0.0.171 - - [01/Sep/2026:18:42:58 +0000] "GET / HTTP/1.1" 300 295
[Tue Sep 01 18:42:58.532208 2026] [wsgi:error] [pid 9:tid 140662649276096] [remote 10.0.0.171:53074] 2026-09-01 18:42:58.531 9 WARNING keystone.common.password_hashing [None req-64c196a1-fdc0-49f0-9b88-af34b0eee497 - - - - - -] Truncating password to algorithm specific maximum length 72 characters. 10.0.0.171 - - [01/Sep/2026:18:42:58 +0000] "GET / HTTP/1.1" 300 295 10.0.0.171 - - [01/Sep/2026:18:42:58 +0000] "GET / HTTP/1.1" 300 295
[Tue Sep 01 18:42:58.596416 2026] [wsgi:error] [pid 10:tid 140662649276096] [remote 10.0.0.171:53078] 2026-09-01 18:42:58.596 10 WARNING keystone.common.password_hashing [None req-e3f47584-1fd3-4368-b23b-d7ee27f8ee0a - - - - - -] Truncating password to algorithm specific maximum length 72 characters.
[Tue Sep 01 18:42:58.614804 2026] [wsgi:error] [pid 12:tid 140662649276096] [remote 10.0.0.171:53086] 2026-09-01 18:42:58.614 12 WARNING keystone.common.password_hashing [None req-9802771b-95aa-424f-b465-23abcb421c42 - - - - - -] Truncating password to algorithm specific maximum length 72 characters.
[Tue Sep 01 18:42:58.836094 2026] [wsgi:error] [pid 9:tid 140662649276096] [remote 10.0.0.171:53074] 2026-09-01 18:42:58.835 9 WARNING keystone.common.fernet_utils [None req-64c196a1-fdc0-49f0-9b88-af34b0eee497 - - - - - -] key_repository is world readable: /etc/keystone/fernet-keys/ 10.0.0.171 - - [01/Sep/2026:18:42:58 +0000] "POST /v3/auth/tokens HTTP/1.1" 201 1463
[Tue Sep 01 18:42:58.903428 2026] [wsgi:error] [pid 12:tid 140662649276096] [remote 10.0.0.171:53086] 2026-09-01 18:42:58.903 12 WARNING keystone.common.fernet_utils [None req-9802771b-95aa-424f-b465-23abcb421c42 - - - - - -] key_repository is world readable: /etc/keystone/fernet-keys/ 10.0.0.171 - - [01/Sep/2026:18:42:58 +0000] "POST /v3/auth/tokens HTTP/1.1" 201 1463
[Tue Sep 01 18:42:58.934152 2026] [wsgi:error] [pid 10:tid 140662649276096] [remote 10.0.0.171:53078] 2026-09-01 18:42:58.934 10 WARNING keystone.common.fernet_utils [None req-e3f47584-1fd3-4368-b23b-d7ee27f8ee0a - - - - - -] key_repository is world readable: /etc/keystone/fernet-keys/ 10.0.0.171 - - [01/Sep/2026:18:42:58 +0000] "POST /v3/auth/tokens HTTP/1.1" 201 1463 10.0.0.171 - - [01/Sep/2026:18:42:58 +0000] "GET /v3/services/585c5ff03d984c9292b4f9f582b5e2ee HTTP/1.1" 200 296 10.0.0.171 - - [01/Sep/2026:18:42:58 +0000] "GET /v3/regions/RegionOne HTTP/1.1" 200 173 10.0.0.171 - - [01/Sep/2026:18:42:59 +0000] "POST /v3/endpoints HTTP/1.1" 201 383 10.0.0.171 - - [01/Sep/2026:18:42:59 +0000] "GET /v3/services/585c5ff03d984c9292b4f9f582b5e2ee HTTP/1.1" 200 296 10.0.0.171 - - [01/Sep/2026:18:42:59 +0000] "GET /v3/services/585c5ff03d984c9292b4f9f582b5e2ee HTTP/1.1" 200 296 10.0.0.171 - - [01/Sep/2026:18:42:59 +0000] "GET /v3/regions/RegionOne HTTP/1.1" 200 173 10.0.0.171 - - [01/Sep/2026:18:42:59 +0000] "GET /v3/regions/RegionOne HTTP/1.1" 200 173 10.0.0.171 - - [01/Sep/2026:18:42:59 +0000] "POST /v3/endpoints HTTP/1.1" 201 380 10.0.0.171 - - [01/Sep/2026:18:42:59 +0000] "POST /v3/endpoints HTTP/1.1" 201 369 10.0.0.171 - - [01/Sep/2026:18:43:00 +0000] "GET / HTTP/1.1" 300 295
[Tue Sep 01 18:43:00.463183 2026] [wsgi:error] [pid 12:tid 140662649276096] [remote 10.0.0.171:53094] 2026-09-01 18:43:00.462 12 WARNING keystone.common.password_hashing [None req-0ce5abf1-9381-4543-a66c-c694b6a37897 - - - - - -] Truncating password to algorithm specific maximum length 72 characters. 10.0.0.171 - - [01/Sep/2026:18:43:00 +0000] "GET / HTTP/1.1" 300 295
[Tue Sep 01 18:43:00.689855 2026] [wsgi:error] [pid 10:tid 140662649276096] [remote 10.0.0.171:53104] 2026-09-01 18:43:00.689 10 WARNING keystone.common.password_hashing [None req-27000d84-3d02-4403-a663-da860777b913 - - - - - -] Truncating password to algorithm specific maximum length 72 characters. 10.0.0.171 - - [01/Sep/2026:18:43:00 +0000] "GET / HTTP/1.1" 300 295
[Tue Sep 01 18:43:00.789725 2026] [wsgi:error] [pid 12:tid 140662649276096] [remote 10.0.0.171:53094] 2026-09-01 18:43:00.789 12 WARNING keystone.common.fernet_utils [None req-0ce5abf1-9381-4543-a66c-c694b6a37897 - - - - - -] key_repository is world readable: /etc/keystone/fernet-keys/
[Tue Sep 01 18:43:00.800483 2026] [wsgi:error] [pid 11:tid 140662649276096] [remote 10.0.0.171:53108] 2026-09-01 18:43:00.800 11 WARNING keystone.common.password_hashing [None req-69f81061-e637-4e77-a784-0c45bd59337b - - - - - -] Truncating password to algorithm specific maximum length 72 characters. 10.0.0.171 - - [01/Sep/2026:18:43:00 +0000] "POST /v3/auth/tokens HTTP/1.1" 201 1990 10.0.0.171 - - [01/Sep/2026:18:43:00 +0000] "GET /v3/endpoints/49986fa6356a4ae98a7803ed2bebebf8 HTTP/1.1" 200 383 10.0.0.171 - - [01/Sep/2026:18:43:00 +0000] "GET /v3/services/585c5ff03d984c9292b4f9f582b5e2ee HTTP/1.1" 200 296
[Tue Sep 01 18:43:01.019795 2026] [wsgi:error] [pid 10:tid 140662649276096] [remote 10.0.0.171:53104] 2026-09-01 18:43:01.019 10 WARNING keystone.common.fernet_utils [None req-27000d84-3d02-4403-a663-da860777b913 - - - - - -] key_repository is world readable: /etc/keystone/fernet-keys/ 10.0.0.171 - - [01/Sep/2026:18:43:00 +0000] "POST /v3/auth/tokens HTTP/1.1" 201 1990
[Tue Sep 01 18:43:01.089910 2026] [wsgi:error] [pid 11:tid 140662649276096] [remote 10.0.0.171:53108] 2026-09-01 18:43:01.089 11 WARNING keystone.common.fernet_utils [None req-69f81061-e637-4e77-a784-0c45bd59337b - - - - - -] key_repository is world readable: /etc/keystone/fernet-keys/ 10.0.0.171 - - [01/Sep/2026:18:43:00 +0000] "POST /v3/auth/tokens HTTP/1.1" 201 1990 10.0.0.171 - - [01/Sep/2026:18:43:01 +0000] "GET /v3/endpoints/f049e7490d814ff5bff6eb8d882d8647 HTTP/1.1" 200 380 10.0.0.171 - - [01/Sep/2026:18:43:01 +0000] "GET /v3/services/585c5ff03d984c9292b4f9f582b5e2ee HTTP/1.1" 200 296 10.0.0.171 - - [01/Sep/2026:18:43:01 +0000] "GET /v3/endpoints/d571076f251c40eeb18283b12a2cb3fd HTTP/1.1" 200 369 10.0.0.171 - - [01/Sep/2026:18:43:01 +0000] "GET /v3/services/585c5ff03d984c9292b4f9f582b5e2ee HTTP/1.1" 200 296 10.0.0.214 - - [01/Sep/2026:18:43:12 +0000] "GET / HTTP/1.1" 300 295
[Tue Sep 01 18:43:12.644546 2026] [wsgi:error] [pid 12:tid 140662649276096] [remote 10.0.0.214:35224] 2026-09-01 18:43:12.644 12 WARNING keystone.common.password_hashing [None req-72e4dd43-43d1-46a9-ac58-c72fe56fb263 - - - - - -] Truncating password to algorithm specific maximum length 72 characters.
[Tue Sep 01 18:43:12.972596 2026] [wsgi:error] [pid 12:tid 140662649276096] [remote 10.0.0.214:35224] 2026-09-01 18:43:12.972 12 WARNING keystone.common.fernet_utils [None req-72e4dd43-43d1-46a9-ac58-c72fe56fb263 - - - - - -] key_repository is world readable: /etc/keystone/fernet-keys/ 10.0.0.214 - - [01/Sep/2026:18:43:12 +0000] "POST /v3/auth/tokens HTTP/1.1" 201 1990 10.0.0.214 - - [01/Sep/2026:18:43:13 +0000] "POST /v3/domains HTTP/1.1" 201 284 10.0.0.228 - - [01/Sep/2026:18:43:13 +0000] "GET /v3/ HTTP/1.1" 200 250 10.0.0.228 - - [01/Sep/2026:18:43:13 +0000] "GET /v3/ HTTP/1.1" 200 250 10.0.0.214 - - [01/Sep/2026:18:43:14 +0000] "GET / HTTP/1.1" 300 295
[Tue Sep 01 18:43:14.563997 2026] [wsgi:error] [pid 10:tid 140662649276096] [remote 10.0.0.214:59392] 2026-09-01 18:43:14.563 10 WARNING keystone.common.password_hashing [None req-7b1d9c5b-110c-49e7-b2b1-03a0c4a19521 - - - - - -] Truncating password to algorithm specific maximum length 72 characters.
[Tue Sep 01 18:43:14.903408 2026] [wsgi:error] [pid 10:tid 140662649276096] [remote 10.0.0.214:59392] 2026-09-01 18:43:14.903 10 WARNING keystone.common.fernet_utils [None req-7b1d9c5b-110c-49e7-b2b1-03a0c4a19521 - - - - - -] key_repository is world readable: /etc/keystone/fernet-keys/ 10.0.0.214 - - [01/Sep/2026:18:43:14 +0000] "POST /v3/auth/tokens HTTP/1.1" 201 1990
[Tue Sep 01 18:43:15.110796 2026] [wsgi:error] [pid 11:tid 140662649276096] [remote 10.0.0.214:59392] 2026-09-01 18:43:15.090 11 ERROR keystone.server.flask.application [None req-7dbcdfeb-9030-4543-9f2d-0618f476ae7c d96988492aca4221a1d4c33b74024152 ede32c767b7e43faa110bd2fd0822180 - - default default] Conflict occurred attempting to store project - it is not permitted to have two projects acting as domains with the same name: service.: keystone.exception.Conflict: Conflict occurred attempting to store project - it is not permitted to have two projects acting as domains with the same name: service.
[Tue Sep 01 18:43:15.110822 2026] [wsgi:error] [pid 11:tid 140662649276096] [remote 10.0.0.214:59392] 2026-09-01 18:43:15.090 11 ERROR keystone.server.flask.application
Traceback (most recent call last):
[Tue Sep 01 18:43:15.110826 2026] [wsgi:error] [pid 11:tid 140662649276096] [remote 10.0.0.214:59392] 2026-09-01 18:43:15.090 11 ERROR keystone.server.flask.application
File "/var/lib/openstack/lib/python3.12/site-packages/sqlalchemy/engine/base.py", line 1969, in _exec_single_context
[Tue Sep 01 18:43:15.110829 2026] [wsgi:error] [pid 11:tid 140662649276096] [remote 10.0.0.214:59392] 2026-09-01 18:43:15.090 11 ERROR keystone.server.flask.application self.dialect.do_execute(
[Tue Sep 01 18:43:15.110832 2026] [wsgi:error] [pid 11:tid 140662649276096] [remote 10.0.0.214:59392] 2026-09-01 18:43:15.090 11 ERROR keystone.server.flask.application
File "/var/lib/openstack/lib/python3.12/site-packages/sqlalchemy/engine/default.py", line 952, in do_execute
[Tue Sep 01 18:43:15.110836 2026] [wsgi:error] [pid 11:tid 140662649276096] [remote 10.0.0.214:59392] 2026-09-01 18:43:15.090 11 ERROR keystone.server.flask.application cursor.execute(statement, parameters)
[Tue Sep 01 18:43:15.110839 2026] [wsgi:error] [pid 11:tid 140662649276096] [remote 10.0.0.214:59392] 2026-09-01 18:43:15.090 11 ERROR keystone.server.flask.application
File "/var/lib/openstack/lib/python3.12/site-packages/pymysql/cursors.py", line 159, in execute
[Tue Sep 01 18:43:15.110842 2026] [wsgi:error] [pid 11:tid 140662649276096] [remote 10.0.0.214:59392] 2026-09-01 18:43:15.090 11 ERROR keystone.server.flask.application result = self._query(query)
[Tue Sep 01 18:43:15.110845 2026] [wsgi:error] [pid 11:tid 140662649276096] [remote 10.0.0.214:59392] 2026-09-01 18:43:15.090 11 ERROR keystone.server.flask.application ^^^^^^^^^^^^^^^^^^
[Tue Sep 01 18:43:15.110847 2026] [wsgi:error] [pid 11:tid 140662649276096] [remote 10.0.0.214:59392] 2026-09-01 18:43:15.090 11 ERROR keystone.server.flask.application
File "/var/lib/openstack/lib/python3.12/site-packages/pymysql/cursors.py", line 330, in _query
[Tue Sep 01 18:43:15.110850 2026] [wsgi:error] [pid 11:tid 140662649276096] [remote 10.0.0.214:59392] 2026-09-01 18:43:15.090 11 ERROR keystone.server.flask.application conn.query(q)
[Tue Sep 01 18:43:15.110853 2026] [wsgi:error] [pid 11:tid 140662649276096] [remote 10.0.0.214:59392] 2026-09-01 18:43:15.090 11 ERROR keystone.server.flask.application
File "/var/lib/openstack/lib/python3.12/site-packages/pymysql/connections.py", line 582, in query
[Tue Sep 01 18:43:15.110856 2026] [wsgi:error] [pid 11:tid 140662649276096] [remote 10.0.0.214:59392] 2026-09-01 18:43:15.090 11 ERROR keystone.server.flask.application self._affected_rows = self._read_query_result(unbuffered=unbuffered)
[Tue Sep 01 18:43:15.110859 2026] [wsgi:error] [pid 11:tid 140662649276096] [remote 10.0.0.214:59392] 2026-09-01 18:43:15.090 11 ERROR keystone.server.flask.application ^^^^^^^^^^^^^^^^^^^^^^^^^^^^^^^^^^^^^^^^^^^^^^
[Tue Sep 01 18:43:15.110862 2026] [wsgi:error] [pid 11:tid 140662649276096] [remote 10.0.0.214:59392] 2026-09-01 18:43:15.090 11 ERROR keystone.server.flask.application
File "/var/lib/openstack/lib/python3.12/site-packages/pymysql/connections.py", line 847, in _read_query_result
[Tue Sep 01 18:43:15.110865 2026] [wsgi:error] [pid 11:tid 140662649276096] [remote 10.0.0.214:59392] 2026-09-01 18:43:15.090 11 ERROR keystone.server.flask.application result.read()
[Tue Sep 01 18:43:15.110885 2026] [wsgi:error] [pid 11:tid 140662649276096] [remote 10.0.0.214:59392] 2026-09-01 18:43:15.090 11 ERROR keystone.server.flask.application
File "/var/lib/openstack/lib/python3.12/site-packages/pymysql/connections.py", line 1245, in read
[Tue Sep 01 18:43:15.110888 2026] [wsgi:error] [pid 11:tid 140662649276096] [remote 10.0.0.214:59392] 2026-09-01 18:43:15.090 11 ERROR keystone.server.flask.application first_packet = self.connection._read_packet()
[Tue Sep 01 18:43:15.110891 2026] [wsgi:error] [pid 11:tid 140662649276096] [remote 10.0.0.214:59392] 2026-09-01 18:43:15.090 11 ERROR keystone.server.flask.application ^^^^^^^^^^^^^^^^^^^^^^^^^^^^^^
[Tue Sep 01 18:43:15.110893 2026] [wsgi:error] [pid 11:tid 140662649276096] [remote 10.0.0.214:59392] 2026-09-01 18:43:15.090 11 ERROR keystone.server.flask.application
File "/var/lib/openstack/lib/python3.12/site-packages/pymysql/connections.py", line 803, in _read_packet
[Tue Sep 01 18:43:15.110896 2026] [wsgi:error] [pid 11:tid 140662649276096] [remote 10.0.0.214:59392] 2026-09-01 18:43:15.090 11 ERROR keystone.server.flask.application packet.raise_for_error()
[Tue Sep 01 18:43:15.110898 2026] [wsgi:error] [pid 11:tid 140662649276096] [remote 10.0.0.214:59392] 2026-09-01 18:43:15.090 11 ERROR keystone.server.flask.application
File "/var/lib/openstack/lib/python3.12/site-packages/pymysql/protocol.py", line 219, in raise_for_error
[Tue Sep 01 18:43:15.110901 2026] [wsgi:error] [pid 11:tid 140662649276096] [remote 10.0.0.214:59392] 2026-09-01 18:43:15.090 11 ERROR keystone.server.flask.application err.raise_mysql_exception(self._data)
[Tue Sep 01 18:43:15.110904 2026] [wsgi:error] [pid 11:tid 140662649276096] [remote 10.0.0.214:59392] 2026-09-01 18:43:15.090 11 ERROR keystone.server.flask.application
File "/var/lib/openstack/lib/python3.12/site-packages/pymysql/err.py", line 154, in raise_mysql_exception
[Tue Sep 01 18:43:15.110907 2026] [wsgi:error] [pid 11:tid 140662649276096] [remote 10.0.0.214:59392] 2026-09-01 18:43:15.090 11 ERROR keystone.server.flask.application raise errorclass(errno, errval, sqlstate=sqlstate)
[Tue Sep 01 18:43:15.110910 2026] [wsgi:error] [pid 11:tid 140662649276096] [remote 10.0.0.214:59392] 2026-09-01 18:43:15.090 11 ERROR keystone.server.flask.application pymysql.err.IntegrityError: (1062, "Duplicate entry '<>-service' for key 'project.ixu_project_name_domain_id'")
[Tue Sep 01 18:43:15.110918 2026] [wsgi:error] [pid 11:tid 140662649276096] [remote 10.0.0.214:59392] 2026-09-01 18:43:15.090 11 ERROR keystone.server.flask.application
[Tue Sep 01 18:43:15.110921 2026] [wsgi:error] [pid 11:tid 140662649276096] [remote 10.0.0.214:59392] 2026-09-01 18:43:15.090 11 ERROR keystone.server.flask.application The above exception was the direct cause of the following exception:
[Tue Sep 01 18:43:15.110924 2026] [wsgi:error] [pid 11:tid 140662649276096] [remote 10.0.0.214:59392] 2026-09-01 18:43:15.090 11 ERROR keystone.server.flask.application
[Tue Sep 01 18:43:15.110927 2026] [wsgi:error] [pid 11:tid 140662649276096] [remote 10.0.0.214:59392] 2026-09-01 18:43:15.090 11 ERROR keystone.server.flask.application
Traceback (most recent call last):
[Tue Sep 01 18:43:15.110930 2026] [wsgi:error] [pid 11:tid 140662649276096] [remote 10.0.0.214:59392] 2026-09-01 18:43:15.090 11 ERROR keystone.server.flask.application
File "/var/lib/openstack/lib/python3.12/site-packages/keystone/common/sql/core.py", line 575, in wrapper
[Tue Sep 01 18:43:15.110933 2026] [wsgi:error] [pid 11:tid 140662649276096] [remote 10.0.0.214:59392] 2026-09-01 18:43:15.090 11 ERROR keystone.server.flask.application return method(*args, **kwargs)
[Tue Sep 01 18:43:15.110936 2026] [wsgi:error] [pid 11:tid 140662649276096] [remote 10.0.0.214:59392] 2026-09-01 18:43:15.090 11 ERROR keystone.server.flask.application ^^^^^^^^^^^^^^^^^^^^^^^
[Tue Sep 01 18:43:15.110939 2026] [wsgi:error] [pid 11:tid 140662649276096] [remote 10.0.0.214:59392] 2026-09-01 18:43:15.090 11 ERROR keystone.server.flask.application
File "/var/lib/openstack/lib/python3.12/site-packages/keystone/resource/backends/sql.py", line 278, in create_project
[Tue Sep 01 18:43:15.110942 2026] [wsgi:error] [pid 11:tid 140662649276096] [remote 10.0.0.214:59392] 2026-09-01 18:43:15.090 11 ERROR keystone.server.flask.application with sql.session_for_write() as session:
[Tue Sep 01 18:43:15.110946 2026] [wsgi:error] [pid 11:tid 140662649276096] [remote 10.0.0.214:59392] 2026-09-01 18:43:15.090 11 ERROR keystone.server.flask.application
File "/usr/lib/python3.12/contextlib.py", line 144, in __exit__
[Tue Sep 01 18:43:15.110950 2026] [wsgi:error] [pid 11:tid 140662649276096] [remote 10.0.0.214:59392] 2026-09-01 18:43:15.090 11 ERROR keystone.server.flask.application next(self.gen)
[Tue Sep 01 18:43:15.110953 2026] [wsgi:error] [pid 11:tid 140662649276096] [remote 10.0.0.214:59392] 2026-09-01 18:43:15.090 11 ERROR keystone.server.flask.application
File "/var/lib/openstack/lib/python3.12/site-packages/oslo_db/sqlalchemy/enginefacade.py", line 1175, in _transaction_scope
[Tue Sep 01 18:43:15.110957 2026] [wsgi:error] [pid 11:tid 140662649276096] [remote 10.0.0.214:59392] 2026-09-01 18:43:15.090 11 ERROR keystone.server.flask.application with current._produce_block(
[Tue Sep 01 18:43:15.110960 2026] [wsgi:error] [pid 11:tid 140662649276096] [remote 10.0.0.214:59392] 2026-09-01 18:43:15.090 11 ERROR keystone.server.flask.application
File "/usr/lib/python3.12/contextlib.py", line 144, in __exit__
[Tue Sep 01 18:43:15.110964 2026] [wsgi:error] [pid 11:tid 140662649276096] [remote 10.0.0.214:59392] 2026-09-01 18:43:15.090 11 ERROR keystone.server.flask.application next(self.gen)
[Tue Sep 01 18:43:15.110968 2026] [wsgi:error] [pid 11:tid 140662649276096] [remote 10.0.0.214:59392] 2026-09-01 18:43:15.090 11 ERROR keystone.server.flask.application
File "/var/lib/openstack/lib/python3.12/site-packages/oslo_db/sqlalchemy/enginefacade.py", line 837, in _session
[Tue Sep 01 18:43:15.110972 2026] [wsgi:error] [pid 11:tid 140662649276096] [remote 10.0.0.214:59392] 2026-09-01 18:43:15.090 11 ERROR keystone.server.flask.application with excutils.save_and_reraise_exception():
[Tue Sep 01 18:43:15.110976 2026] [wsgi:error] [pid 11:tid 140662649276096] [remote 10.0.0.214:59392] 2026-09-01 18:43:15.090 11 ERROR keystone.server.flask.application
File "/var/lib/openstack/lib/python3.12/site-packages/oslo_utils/excutils.py", line 266, in __exit__
[Tue Sep 01 18:43:15.110979 2026] [wsgi:error] [pid 11:tid 140662649276096] [remote 10.0.0.214:59392] 2026-09-01 18:43:15.090 11 ERROR keystone.server.flask.application self.force_reraise()
[Tue Sep 01 18:43:15.110982 2026] [wsgi:error] [pid 11:tid 140662649276096] [remote 10.0.0.214:59392] 2026-09-01 18:43:15.090 11 ERROR keystone.server.flask.application
File "/var/lib/openstack/lib/python3.12/site-packages/oslo_utils/excutils.py", line 232, in force_reraise
[Tue Sep 01 18:43:15.110984 2026] [wsgi:error] [pid 11:tid 140662649276096] [remote 10.0.0.214:59392] 2026-09-01 18:43:15.090 11 ERROR keystone.server.flask.application raise self.value
[Tue Sep 01 18:43:15.110987 2026] [wsgi:error] [pid 11:tid 140662649276096] [remote 10.0.0.214:59392] 2026-09-01 18:43:15.090 11 ERROR keystone.server.flask.application
File "/var/lib/openstack/lib/python3.12/site-packages/oslo_db/sqlalchemy/enginefacade.py", line 835, in _session
[Tue Sep 01 18:43:15.110989 2026] [wsgi:error] [pid 11:tid 140662649276096] [remote 10.0.0.214:59392] 2026-09-01 18:43:15.090 11 ERROR keystone.server.flask.application self._end_session_transaction(self.session)
[Tue Sep 01 18:43:15.110992 2026] [wsgi:error] [pid 11:tid 140662649276096] [remote 10.0.0.214:59392] 2026-09-01 18:43:15.090 11 ERROR keystone.server.flask.application
File "/var/lib/openstack/lib/python3.12/site-packages/oslo_db/sqlalchemy/enginefacade.py", line 748, in _end_session_transaction
[Tue Sep 01 18:43:15.110995 2026] [wsgi:error] [pid 11:tid 140662649276096] [remote 10.0.0.214:59392] 2026-09-01 18:43:15.090 11 ERROR keystone.server.flask.application session.commit()
[Tue Sep 01 18:43:15.110997 2026] [wsgi:error] [pid 11:tid 140662649276096] [remote 10.0.0.214:59392] 2026-09-01 18:43:15.090 11 ERROR keystone.server.flask.application
File "/var/lib/openstack/lib/python3.12/site-packages/sqlalchemy/orm/session.py", line 2034, in commit
[Tue Sep 01 18:43:15.110999 2026] [wsgi:error] [pid 11:tid 140662649276096] [remote 10.0.0.214:59392] 2026-09-01 18:43:15.090 11 ERROR keystone.server.flask.application trans.commit(_to_root=True)
[Tue Sep 01 18:43:15.111002 2026] [wsgi:error] [pid 11:tid 140662649276096] [remote 10.0.0.214:59392] 2026-09-01 18:43:15.090 11 ERROR keystone.server.flask.application File "", line 2, in commit
[Tue Sep 01 18:43:15.111004 2026] [wsgi:error] [pid 11:tid 140662649276096] [remote 10.0.0.214:59392] 2026-09-01 18:43:15.090 11 ERROR keystone.server.flask.application
File "/var/lib/openstack/lib/python3.12/site-packages/sqlalchemy/orm/state_changes.py", line 137, in _go
[Tue Sep 01 18:43:15.111007 2026] [wsgi:error] [pid 11:tid 140662649276096] [remote 10.0.0.214:59392] 2026-09-01 18:43:15.090 11 ERROR keystone.server.flask.application ret_value = fn(self, *arg, **kw)
[Tue Sep 01 18:43:15.111009 2026] [wsgi:error] [pid 11:tid 140662649276096] [remote 10.0.0.214:59392] 2026-09-01 18:43:15.090 11 ERROR keystone.server.flask.application ^^^^^^^^^^^^^^^^^^^^
[Tue Sep 01 18:43:15.111012 2026] [wsgi:error] [pid 11:tid 140662649276096] [remote 10.0.0.214:59392] 2026-09-01 18:43:15.090 11 ERROR keystone.server.flask.application
File "/var/lib/openstack/lib/python3.12/site-packages/sqlalchemy/orm/session.py", line 1315, in commit
[Tue Sep 01 18:43:15.111014 2026] [wsgi:error] [pid 11:tid 140662649276096] [remote 10.0.0.214:59392] 2026-09-01 18:43:15.090 11 ERROR keystone.server.flask.application self._prepare_impl()
[Tue Sep 01 18:43:15.111017 2026] [wsgi:error] [pid 11:tid 140662649276096] [remote 10.0.0.214:59392] 2026-09-01 18:43:15.090 11 ERROR keystone.server.flask.application File "", line 2, in _prepare_impl
[Tue Sep 01 18:43:15.111019 2026] [wsgi:error] [pid 11:tid 140662649276096] [remote 10.0.0.214:59392] 2026-09-01 18:43:15.090 11 ERROR keystone.server.flask.application
File "/var/lib/openstack/lib/python3.12/site-packages/sqlalchemy/orm/state_changes.py", line 137, in _go
[Tue Sep 01 18:43:15.111021 2026] [wsgi:error] [pid 11:tid 140662649276096] [remote 10.0.0.214:59392] 2026-09-01 18:43:15.090 11 ERROR keystone.server.flask.application ret_value = fn(self, *arg, **kw)
[Tue Sep 01 18:43:15.111024 2026] [wsgi:error] [pid 11:tid 140662649276096] [remote 10.0.0.214:59392] 2026-09-01 18:43:15.090 11 ERROR keystone.server.flask.application ^^^^^^^^^^^^^^^^^^^^
[Tue Sep 01 18:43:15.111026 2026] [wsgi:error] [pid 11:tid 140662649276096] [remote 10.0.0.214:59392] 2026-09-01 18:43:15.090 11 ERROR keystone.server.flask.application
File "/var/lib/openstack/lib/python3.12/site-packages/sqlalchemy/orm/session.py", line 1290, in _prepare_impl
[Tue Sep 01 18:43:15.111029 2026] [wsgi:error] [pid 11:tid 140662649276096] [remote 10.0.0.214:59392] 2026-09-01 18:43:15.090 11 ERROR keystone.server.flask.application self.session.flush()
[Tue Sep 01 18:43:15.111031 2026] [wsgi:error] [pid 11:tid 140662649276096] [remote 10.0.0.214:59392] 2026-09-01 18:43:15.090 11 ERROR keystone.server.flask.application
File "/var/lib/openstack/lib/python3.12/site-packages/sqlalchemy/orm/session.py", line 4352, in flush
[Tue Sep 01 18:43:15.111033 2026] [wsgi:error] [pid 11:tid 140662649276096] [remote 10.0.0.214:59392] 2026-09-01 18:43:15.090 11 ERROR keystone.server.flask.application self._flush(objects)
[Tue Sep 01 18:43:15.111035 2026] [wsgi:error] [pid 11:tid 140662649276096] [remote 10.0.0.214:59392] 2026-09-01 18:43:15.090 11 ERROR keystone.server.flask.application
File "/var/lib/openstack/lib/python3.12/site-packages/sqlalchemy/orm/session.py", line 4487, in _flush
[Tue Sep 01 18:43:15.111037 2026] [wsgi:error] [pid 11:tid 140662649276096] [remote 10.0.0.214:59392] 2026-09-01 18:43:15.090 11 ERROR keystone.server.flask.application with util.safe_reraise():
[Tue Sep 01 18:43:15.111039 2026] [wsgi:error] [pid 11:tid 140662649276096] [remote 10.0.0.214:59392] 2026-09-01 18:43:15.090 11 ERROR keystone.server.flask.application
File "/var/lib/openstack/lib/python3.12/site-packages/sqlalchemy/util/langhelpers.py", line 122, in __exit__
[Tue Sep 01 18:43:15.111042 2026] [wsgi:error] [pid 11:tid 140662649276096] [remote 10.0.0.214:59392] 2026-09-01 18:43:15.090 11 ERROR keystone.server.flask.application raise exc_value.with_traceback(exc_tb)
[Tue Sep 01 18:43:15.111044 2026] [wsgi:error] [pid 11:tid 140662649276096] [remote 10.0.0.214:59392] 2026-09-01 18:43:15.090 11 ERROR keystone.server.flask.application
File "/var/lib/openstack/lib/python3.12/site-packages/sqlalchemy/orm/session.py", line 4448, in _flush
[Tue Sep 01 18:43:15.111046 2026] [wsgi:error] [pid 11:tid 140662649276096] [remote 10.0.0.214:59392] 2026-09-01 18:43:15.090 11 ERROR keystone.server.flask.application flush_context.execute()
