May 14 10:19:22.757449 np0000174131 devstack@neutron-api.service[103190]: DEBUG neutron.common.ovn.hash_ring_manager [None req-b735f5db-8b51-4c7e-819c-ce5855c4fe83 None None] Allow caching, nodes 4>=4 {{(pid=103190) _wait_startup_before_caching /opt/stack/neutron/neutron/common/ovn/hash_ring_manager.py:65}}
May 14 10:19:22.760511 np0000174131 devstack@neutron-api.service[103192]: DEBUG neutron.common.ovn.hash_ring_manager [None req-ff7e1dc0-975f-41ee-b483-f37d808f7a86 None None] Hash Ring loaded. 4 active nodes. 0 offline nodes {{(pid=103192) _load_hash_ring /opt/stack/neutron/neutron/common/ovn/hash_ring_manager.py:102}}
May 14 10:19:22.760806 np0000174131 devstack@neutron-api.service[103191]: DEBUG neutron.common.ovn.hash_ring_manager [None req-d4ebfb68-d263-4dba-856f-561d19e7243b None None] Hash Ring loaded. 4 active nodes. 0 offline nodes {{(pid=103191) _load_hash_ring /opt/stack/neutron/neutron/common/ovn/hash_ring_manager.py:102}}
May 14 10:19:22.760867 np0000174131 devstack@neutron-api.service[103192]: DEBUG neutron.plugins.ml2.drivers.ovn.mech_driver.ovsdb.ovsdb_monitor [None req-ff7e1dc0-975f-41ee-b483-f37d808f7a86 None None] ChassisOVNAgentWriteEvent : Matched Chassis_Private, create, None None {{(pid=103192) matches /opt/stack/neutron/neutron/plugins/ml2/drivers/ovn/mech_driver/ovsdb/ovsdb_monitor.py:64}}
May 14 10:19:22.760953 np0000174131 devstack@neutron-api.service[103192]: DEBUG neutron.plugins.ml2.drivers.ovn.mech_driver.ovsdb.ovsdb_monitor [None req-ff7e1dc0-975f-41ee-b483-f37d808f7a86 None None] ChassisAgentWriteEvent : Matched Chassis_Private, create, None None {{(pid=103192) matches /opt/stack/neutron/neutron/plugins/ml2/drivers/ovn/mech_driver/ovsdb/ovsdb_monitor.py:64}}
May 14 10:19:22.761026 np0000174131 devstack@neutron-api.service[103191]: DEBUG neutron.plugins.ml2.drivers.ovn.mech_driver.ovsdb.ovsdb_monitor [None req-d4ebfb68-d263-4dba-856f-561d19e7243b None None] ChassisAgentWriteEvent : Matched Chassis_Private, create, None None {{(pid=103191) matches /opt/stack/neutron/neutron/plugins/ml2/drivers/ovn/mech_driver/ovsdb/ovsdb_monitor.py:64}}
May 14 10:19:22.761146 np0000174131 devstack@neutron-api.service[103191]: DEBUG neutron.plugins.ml2.drivers.ovn.mech_driver.ovsdb.ovsdb_monitor [None req-d4ebfb68-d263-4dba-856f-561d19e7243b None None] ChassisOVNAgentWriteEvent : Matched Chassis_Private, create, None None {{(pid=103191) matches /opt/stack/neutron/neutron/plugins/ml2/drivers/ovn/mech_driver/ovsdb/ovsdb_monitor.py:64}}
May 14 10:19:22.764145 np0000174131 devstack@neutron-api.service[103190]: DEBUG neutron.common.ovn.hash_ring_manager [None req-b735f5db-8b51-4c7e-819c-ce5855c4fe83 None None] Hash Ring loaded. 4 active nodes. 0 offline nodes {{(pid=103190) _load_hash_ring /opt/stack/neutron/neutron/common/ovn/hash_ring_manager.py:102}}
May 14 10:19:22.764145 np0000174131 devstack@neutron-api.service[103190]: DEBUG neutron.plugins.ml2.drivers.ovn.mech_driver.ovsdb.ovsdb_monitor [None req-b735f5db-8b51-4c7e-819c-ce5855c4fe83 None None] Hash Ring: Node 11939755269f5973ab82569f5c63917d (host: np0000174131) handling event "create" for row 3d583f38-c712-4df3-8cd0-4044ff75af31 (table: ACL) {{(pid=103190) notify /opt/stack/neutron/neutron/plugins/ml2/drivers/ovn/mech_driver/ovsdb/ovsdb_monitor.py:942}}
May 14 10:19:22.764257 np0000174131 devstack@neutron-api.service[103191]: INFO neutron.plugins.ml2.drivers.ovn.mech_driver.mech_driver [None req-d4ebfb68-d263-4dba-856f-561d19e7243b None None] WorkerService process has finished the post initialization
May 14 10:19:22.764353 np0000174131 devstack@neutron-api.service[103192]: INFO neutron.plugins.ml2.drivers.ovn.mech_driver.mech_driver [None req-ff7e1dc0-975f-41ee-b483-f37d808f7a86 None None] WorkerService process has finished the post initialization
May 14 10:19:22.764851 np0000174131 devstack@neutron-api.service[103191]: WSGI app 0 (mountpoint='') ready in 6 seconds on interpreter 0x7467348a3668 pid: 103191 (default app)
May 14 10:19:22.765248 np0000174131 devstack@neutron-api.service[103190]: INFO neutron.plugins.ml2.drivers.ovn.mech_driver.ovsdb.impl_idl_ovn [None req-b735f5db-8b51-4c7e-819c-ce5855c4fe83 None None] Getting OvsdbSbOvnIdl for WorkerService with retry
May 14 10:19:22.765646 np0000174131 devstack@neutron-api.service[103192]: WSGI app 0 (mountpoint='') ready in 6 seconds on interpreter 0x7467348a3668 pid: 103192 (default app)
May 14 10:19:22.767125 np0000174131 devstack@neutron-api.service[103189]: DEBUG neutron.common.ovn.hash_ring_manager [-] Allow caching, nodes 4>=4 {{(pid=103189) _wait_startup_before_caching /opt/stack/neutron/neutron/common/ovn/hash_ring_manager.py:65}}
May 14 10:19:22.767395 np0000174131 devstack@neutron-api.service[103189]: DEBUG neutron.plugins.ml2.drivers.ovn.mech_driver.ovsdb.ovsdb_monitor [-] Hash Ring: Node 673cd4446862586fad6d8120ec9842e6 (host: np0000174131) handling event "update" for row 11241c26-e4aa-4367-82ac-a7decd2dc72f (table: Connection) {{(pid=103189) notify /opt/stack/neutron/neutron/plugins/ml2/drivers/ovn/mech_driver/ovsdb/ovsdb_monitor.py:942}}
May 14 10:19:22.799579 np0000174131 devstack@neutron-api.service[103190]: DEBUG ovsdbapp.backend.ovs_idl [None req-b735f5db-8b51-4c7e-819c-ce5855c4fe83 None None] Created lookup_table index Chassis.name {{(pid=103190) autocreate_indices /opt/stack/data/venv/lib/python3.12/site-packages/ovsdbapp/backend/ovs_idl/__init__.py:87}}
May 14 10:19:22.799722 np0000174131 devstack@neutron-api.service[103190]: DEBUG ovsdbapp.backend.ovs_idl [None req-b735f5db-8b51-4c7e-819c-ce5855c4fe83 None None] Created lookup_table index Port_Binding.logical_port {{(pid=103190) autocreate_indices /opt/stack/data/venv/lib/python3.12/site-packages/ovsdbapp/backend/ovs_idl/__init__.py:87}}
May 14 10:19:22.799879 np0000174131 devstack@neutron-api.service[103190]: DEBUG ovsdbapp.backend.ovs_idl [None req-b735f5db-8b51-4c7e-819c-ce5855c4fe83 None None] Created schema index Chassis_Private.name {{(pid=103190) autocreate_indices /opt/stack/data/venv/lib/python3.12/site-packages/ovsdbapp/backend/ovs_idl/__init__.py:106}}
May 14 10:19:22.800042 np0000174131 devstack@neutron-api.service[103190]: DEBUG ovsdbapp.backend.ovs_idl [None req-b735f5db-8b51-4c7e-819c-ce5855c4fe83 None None] Created schema index Datapath_Binding.tunnel_key {{(pid=103190) autocreate_indices /opt/stack/data/venv/lib/python3.12/site-packages/ovsdbapp/backend/ovs_idl/__init__.py:106}}
May 14 10:19:22.802615 np0000174131 devstack@neutron-api.service[103190]: INFO ovsdbapp.backend.ovs_idl.vlog [None req-b735f5db-8b51-4c7e-819c-ce5855c4fe83 None None] ssl:199.19.213.103:6642: connecting...
May 14 10:19:22.808664 np0000174131 devstack@neutron-api.service[103190]: INFO ovsdbapp.backend.ovs_idl.vlog [None req-b735f5db-8b51-4c7e-819c-ce5855c4fe83 None None] ssl:199.19.213.103:6642: connected
May 14 10:19:22.841228 np0000174131 devstack@neutron-api.service[103190]: DEBUG neutron.common.ovn.hash_ring_manager [None req-b735f5db-8b51-4c7e-819c-ce5855c4fe83 None None] Allow caching, nodes 4>=4 {{(pid=103190) _wait_startup_before_caching /opt/stack/neutron/neutron/common/ovn/hash_ring_manager.py:65}}
May 14 10:19:22.845385 np0000174131 devstack@neutron-api.service[103190]: DEBUG neutron.common.ovn.hash_ring_manager [None req-b735f5db-8b51-4c7e-819c-ce5855c4fe83 None None] Hash Ring loaded. 4 active nodes. 0 offline nodes {{(pid=103190) _load_hash_ring /opt/stack/neutron/neutron/common/ovn/hash_ring_manager.py:102}}
May 14 10:19:22.845624 np0000174131 devstack@neutron-api.service[103190]: DEBUG neutron.plugins.ml2.drivers.ovn.mech_driver.ovsdb.ovsdb_monitor [None req-b735f5db-8b51-4c7e-819c-ce5855c4fe83 None None] ChassisAgentWriteEvent : Matched Chassis_Private, create, None None {{(pid=103190) matches /opt/stack/neutron/neutron/plugins/ml2/drivers/ovn/mech_driver/ovsdb/ovsdb_monitor.py:64}}
May 14 10:19:22.845806 np0000174131 devstack@neutron-api.service[103190]: DEBUG neutron.plugins.ml2.drivers.ovn.mech_driver.ovsdb.ovsdb_monitor [None req-b735f5db-8b51-4c7e-819c-ce5855c4fe83 None None] ChassisOVNAgentWriteEvent : Matched Chassis_Private, create, None None {{(pid=103190) matches /opt/stack/neutron/neutron/plugins/ml2/drivers/ovn/mech_driver/ovsdb/ovsdb_monitor.py:64}}
May 14 10:19:22.848454 np0000174131 devstack@neutron-api.service[103190]: INFO neutron.plugins.ml2.drivers.ovn.mech_driver.mech_driver [None req-b735f5db-8b51-4c7e-819c-ce5855c4fe83 None None] WorkerService process has finished the post initialization
May 14 10:19:22.849675 np0000174131 devstack@neutron-api.service[103190]: WSGI app 0 (mountpoint='') ready in 6 seconds on interpreter 0x7467348a3668 pid: 103190 (default app)
May 14 10:19:25.260282 np0000174131 devstack@neutron-api.service[103189]: DEBUG neutron.plugins.ml2.drivers.ovn.mech_driver.ovsdb.ovsdb_monitor [-] Hash Ring: Node 673cd4446862586fad6d8120ec9842e6 (host: np0000174131) handling event "update" for row 11241c26-e4aa-4367-82ac-a7decd2dc72f (table: Connection) {{(pid=103189) notify /opt/stack/neutron/neutron/plugins/ml2/drivers/ovn/mech_driver/ovsdb/ovsdb_monitor.py:942}}
May 14 10:19:28.858272 np0000174131 devstack@neutron-api.service[103189]: DEBUG neutron.api.wsgi [None req-89d007d9-cc65-4435-92e1-08a6810d5399 admin admin] Missing Content-Type {{(pid=103189) get_content_type /opt/stack/neutron/neutron/api/wsgi.py:80}}
May 14 10:19:28.858936 np0000174131 devstack@neutron-api.service[103189]: DEBUG neutron.api.wsgi [None req-89d007d9-cc65-4435-92e1-08a6810d5399 admin admin] https://199.19.213.103/networking/v2.0/extensions returned with HTTP 200 {{(pid=103189) __call__ /opt/stack/neutron/neutron/api/wsgi.py:540}}
May 14 10:19:28.859080 np0000174131 devstack@neutron-api.service[103189]: [pid: 103189|app: 0|req: 2/2] 199.19.213.103 () {64 vars in 1323 bytes} [Thu May 14 10:19:28 2026] GET /networking/v2.0/extensions => generated 15209 bytes in 256 msecs (HTTP/1.1 200) 4 headers in 159 bytes (1 switches on core 0)
May 14 10:19:29.262744 np0000174131 devstack@neutron-api.service[103191]: DEBUG neutron.api.v2.base [None req-81dc33c2-aa71-493d-b070-f406705e188e admin admin] Request body: {'subnetpool': {'is_default': True, 'shared': True, 'default_prefixlen': 26, 'prefixes': ['10.1.0.0/20'], 'name': 'shared-default-subnetpool-v4'}} {{(pid=103191) prepare_request_body /opt/stack/neutron/neutron/api/v2/base.py:727}}
May 14 10:19:29.463963 np0000174131 devstack@neutron-api.service[103191]: DEBUG neutron.policy [None req-81dc33c2-aa71-493d-b070-f406705e188e admin admin] Loaded default policies from ['neutron'] under neutron.policies entry points {{(pid=103191) register_rules /opt/stack/neutron/neutron/policy.py:65}}
May 14 10:19:29.614913 np0000174131 devstack@neutron-api.service[103191]: DEBUG neutron_lib.callbacks.manager [None req-81dc33c2-aa71-493d-b070-f406705e188e admin admin] Publish callbacks ['neutron.objects.securitygroup.RbacNeutronDbObjectMixin.validate_rbac_policy_change-3235357268672', 'neutron.objects.address_group.RbacNeutronDbObjectMixin.validate_rbac_policy_change-3235357368728', 'neutron.objects.network.RbacNeutronDbObjectMixin.validate_rbac_policy_change-3235357495409', 'neutron.objects.qos.policy.RbacNeutronDbObjectMixin.validate_rbac_policy_change-3235357499259', 'neutron.objects.subnetpool.RbacNeutronDbObjectMixin.validate_rbac_policy_change-3235357478662', 'neutron.objects.address_scope.RbacNeutronDbObjectMixin.validate_rbac_policy_change-3235357478579', 'neutron.plugins.ml2.plugin.External_net_db_mixin._process_ext_policy_create-59872', 'neutron.plugins.ml2.plugin.NeutronDbPluginV2.validate_network_rbac_policy_change-24704'] for rbac-policy (None), before_create {{(pid=103191) _notify_loop /opt/stack/data/venv/lib/python3.12/site-packages/neutron_lib/callbacks/manager.py:184}}
May 14 10:19:29.662575 np0000174131 devstack@neutron-api.service[103191]: DEBUG neutron_lib.callbacks.manager [None req-81dc33c2-aa71-493d-b070-f406705e188e admin admin] Publish callbacks [] for subnetpool (None), before_response {{(pid=103191) _notify_loop /opt/stack/data/venv/lib/python3.12/site-packages/neutron_lib/callbacks/manager.py:184}}
May 14 10:19:29.663169 np0000174131 devstack@neutron-api.service[103191]: [pid: 103191|app: 0|req: 1/3] 199.19.213.103 () {68 vars in 1367 bytes} [Thu May 14 10:19:29 2026] POST /networking/v2.0/subnetpools => generated 533 bytes in 512 msecs (HTTP/1.1 201) 4 headers in 162 bytes (1 switches on core 0)
May 14 10:19:30.011993 np0000174131 devstack@neutron-api.service[103192]: DEBUG neutron.api.v2.base [None req-c237f1b8-f1e8-4f1d-84a5-25a90acfbd67 admin admin] Request body: {'subnetpool': {'is_default': True, 'shared': True, 'default_prefixlen': 64, 'prefixes': ['fd07:6a62:2542::/56'], 'name': 'shared-default-subnetpool-v6'}} {{(pid=103192) prepare_request_body /opt/stack/neutron/neutron/api/v2/base.py:727}}
May 14 10:19:30.191383 np0000174131 devstack@neutron-api.service[103192]: DEBUG neutron.policy [None req-c237f1b8-f1e8-4f1d-84a5-25a90acfbd67 admin admin] Loaded default policies from ['neutron'] under neutron.policies entry points {{(pid=103192) register_rules /opt/stack/neutron/neutron/policy.py:65}}
May 14 10:19:30.346751 np0000174131 devstack@neutron-api.service[103192]: DEBUG neutron_lib.callbacks.manager [None req-c237f1b8-f1e8-4f1d-84a5-25a90acfbd67 admin admin] Publish callbacks ['neutron.objects.securitygroup.RbacNeutronDbObjectMixin.validate_rbac_policy_change-3235357314275', 'neutron.objects.address_group.RbacNeutronDbObjectMixin.validate_rbac_policy_change-3235357488380', 'neutron.objects.network.RbacNeutronDbObjectMixin.validate_rbac_policy_change-3235357473851', 'neutron.objects.qos.policy.RbacNeutronDbObjectMixin.validate_rbac_policy_change-3235357470413', 'neutron.objects.subnetpool.RbacNeutronDbObjectMixin.validate_rbac_policy_change-3235357518479', 'neutron.objects.address_scope.RbacNeutronDbObjectMixin.validate_rbac_policy_change-3235357518282', 'neutron.plugins.ml2.plugin.External_net_db_mixin._process_ext_policy_create-173003', 'neutron.plugins.ml2.plugin.NeutronDbPluginV2.validate_network_rbac_policy_change-149291'] for rbac-policy (None), before_create {{(pid=103192) _notify_loop /opt/stack/data/venv/lib/python3.12/site-packages/neutron_lib/callbacks/manager.py:184}}
May 14 10:19:30.391292 np0000174131 devstack@neutron-api.service[103192]: DEBUG neutron_lib.callbacks.manager [None req-c237f1b8-f1e8-4f1d-84a5-25a90acfbd67 admin admin] Publish callbacks [] for subnetpool (None), before_response {{(pid=103192) _notify_loop /opt/stack/data/venv/lib/python3.12/site-packages/neutron_lib/callbacks/manager.py:184}}
May 14 10:19:30.391969 np0000174131 devstack@neutron-api.service[103192]: [pid: 103192|app: 0|req: 1/4] 199.19.213.103 () {68 vars in 1367 bytes} [Thu May 14 10:19:29 2026] POST /networking/v2.0/subnetpools => generated 543 bytes in 509 msecs (HTTP/1.1 201) 4 headers in 162 bytes (1 switches on core 0)
May 14 10:19:30.788398 np0000174131 devstack@neutron-api.service[103190]: DEBUG neutron.api.v2.base [None req-6bfbc186-d11b-4c18-b67a-0c4fa0b60702 admin admin] Request body: {'network': {'name': 'private', 'admin_state_up': True}} {{(pid=103190) prepare_request_body /opt/stack/neutron/neutron/api/v2/base.py:727}}
May 14 10:19:30.811906 np0000174131 devstack@neutron-api.service[103190]: DEBUG neutron.pecan_wsgi.hooks.quota_enforcement [None req-6bfbc186-d11b-4c18-b67a-0c4fa0b60702 admin admin] Made reservation on behalf of 789a4e09a7394421806ba33120dfe885 for: {'network': 1} {{(pid=103190) before /opt/stack/neutron/neutron/pecan_wsgi/hooks/quota_enforcement.py:66}}
May 14 10:19:30.989608 np0000174131 devstack@neutron-api.service[103190]: DEBUG neutron.policy [None req-6bfbc186-d11b-4c18-b67a-0c4fa0b60702 admin admin] Loaded default policies from ['neutron'] under neutron.policies entry points {{(pid=103190) register_rules /opt/stack/neutron/neutron/policy.py:65}}
May 14 10:19:31.093026 np0000174131 devstack@neutron-api.service[103190]: DEBUG neutron_lib.callbacks.manager [None req-6bfbc186-d11b-4c18-b67a-0c4fa0b60702 admin admin] Publish callbacks ['neutron.plugins.ml2.plugin.SecurityGroupDbMixin._ensure_default_security_group_handler-507559'] for network (None), before_create {{(pid=103190) _notify_loop /opt/stack/data/venv/lib/python3.12/site-packages/neutron_lib/callbacks/manager.py:184}}
May 14 10:19:31.111578 np0000174131 devstack@neutron-api.service[103190]: DEBUG neutron_lib.callbacks.manager [None req-6bfbc186-d11b-4c18-b67a-0c4fa0b60702 admin admin] Publish callbacks [] for security_group (None), before_create {{(pid=103190) _notify_loop /opt/stack/data/venv/lib/python3.12/site-packages/neutron_lib/callbacks/manager.py:184}}
May 14 10:19:31.207313 np0000174131 devstack@neutron-api.service[103190]: DEBUG neutron_lib.callbacks.manager [None req-6bfbc186-d11b-4c18-b67a-0c4fa0b60702 admin admin] Publish callbacks ['neutron.plugins.ml2.drivers.ovn.mech_driver.mech_driver.OVNMechanismDriver._create_security_group_precommit-858324'] for security_group (88dd7c45-19e1-45f5-af50-3632f29d46fd), precommit_create {{(pid=103190) _notify_loop /opt/stack/data/venv/lib/python3.12/site-packages/neutron_lib/callbacks/manager.py:184}}
May 14 10:19:31.207662 np0000174131 devstack@neutron-api.service[103190]: DEBUG neutron.db.ovn_revision_numbers_db [None req-6bfbc186-d11b-4c18-b67a-0c4fa0b60702 admin admin] create_initial_revision uuid=88dd7c45-19e1-45f5-af50-3632f29d46fd, type=security_groups, rev=-1 {{(pid=103190) create_initial_revision /opt/stack/neutron/neutron/db/ovn_revision_numbers_db.py:98}}
May 14 10:19:31.209750 np0000174131 devstack@neutron-api.service[103190]: DEBUG neutron.db.ovn_revision_numbers_db [None req-6bfbc186-d11b-4c18-b67a-0c4fa0b60702 admin admin] create_initial_revision uuid=2a81e616-f375-4d85-aa76-cc9706b88a96, type=security_group_rules, rev=-1 {{(pid=103190) create_initial_revision /opt/stack/neutron/neutron/db/ovn_revision_numbers_db.py:98}}
May 14 10:19:31.210839 np0000174131 devstack@neutron-api.service[103190]: DEBUG neutron.db.ovn_revision_numbers_db [None req-6bfbc186-d11b-4c18-b67a-0c4fa0b60702 admin admin] create_initial_revision uuid=47ba9481-057d-4b2b-b2e4-c680744bea9e, type=security_group_rules, rev=-1 {{(pid=103190) create_initial_revision /opt/stack/neutron/neutron/db/ovn_revision_numbers_db.py:98}}
May 14 10:19:31.211952 np0000174131 devstack@neutron-api.service[103190]: DEBUG neutron.db.ovn_revision_numbers_db [None req-6bfbc186-d11b-4c18-b67a-0c4fa0b60702 admin admin] create_initial_revision uuid=4be288df-06b0-4b00-a7ed-5edef6f88ac3, type=security_group_rules, rev=-1 {{(pid=103190) create_initial_revision /opt/stack/neutron/neutron/db/ovn_revision_numbers_db.py:98}}
May 14 10:19:31.212948 np0000174131 devstack@neutron-api.service[103190]: DEBUG neutron.db.ovn_revision_numbers_db [None req-6bfbc186-d11b-4c18-b67a-0c4fa0b60702 admin admin] create_initial_revision uuid=d3a59b78-cde3-4ba1-8335-6ebc958916e5, type=security_group_rules, rev=-1 {{(pid=103190) create_initial_revision /opt/stack/neutron/neutron/db/ovn_revision_numbers_db.py:98}}
May 14 10:19:31.221328 np0000174131 devstack@neutron-api.service[103190]: DEBUG neutron_lib.callbacks.manager [None req-6bfbc186-d11b-4c18-b67a-0c4fa0b60702 admin admin] Publish callbacks ['neutron.plugins.ml2.drivers.ovn.mech_driver.mech_driver.OVNMechanismDriver._create_security_group-858306', 'neutron.plugins.ml2.ovo_rpc._ObjectChangeHandler.handle_event-6703725'] for security_group (88dd7c45-19e1-45f5-af50-3632f29d46fd), after_create {{(pid=103190) _notify_loop /opt/stack/data/venv/lib/python3.12/site-packages/neutron_lib/callbacks/manager.py:184}}
May 14 10:19:31.221591 np0000174131 devstack@neutron-api.service[103190]: INFO neutron.plugins.ml2.drivers.ovn.mech_driver.ovsdb.extensions.qos [None req-6bfbc186-d11b-4c18-b67a-0c4fa0b60702 admin admin] Starting OVNClientQosExtension
May 14 10:19:31.221591 np0000174131 devstack@neutron-api.service[103190]: INFO neutron.plugins.ml2.drivers.ovn.mech_driver.ovsdb.extensions.placement [None req-6bfbc186-d11b-4c18-b67a-0c4fa0b60702 admin admin] Starting OVNClientPlacementExtension
May 14 10:19:31.223172 np0000174131 devstack@neutron-api.service[103190]: DEBUG ovsdbapp.backend.ovs_idl.transaction [-] Running txn n=1 command(idx=0): PgAddCommand(_result=None, name=pg_88dd7c45_19e1_45f5_af50_3632f29d46fd, may_exist=False, columns={'acls': [], 'external_ids': {'neutron:security_group_id': '88dd7c45-19e1-45f5-af50-3632f29d46fd'}}) {{(pid=103190) do_commit /opt/stack/data/venv/lib/python3.12/site-packages/ovsdbapp/backend/ovs_idl/transaction.py:89}}
May 14 10:19:31.225504 np0000174131 devstack@neutron-api.service[103190]: DEBUG ovsdbapp.backend.ovs_idl.transaction [-] Running txn n=1 command(idx=1): PgAclAddCommand(_result=None, entity=pg_88dd7c45_19e1_45f5_af50_3632f29d46fd, direction=from-lport, priority=1002, match=inport == @pg_88dd7c45_19e1_45f5_af50_3632f29d46fd && ip4, action=allow-related, log=False, may_exist=True, severity=[], name=[], meter=[], external_ids={'neutron:security_group_rule_id': '2a81e616-f375-4d85-aa76-cc9706b88a96'}) {{(pid=103190) do_commit /opt/stack/data/venv/lib/python3.12/site-packages/ovsdbapp/backend/ovs_idl/transaction.py:89}}
May 14 10:19:31.226185 np0000174131 devstack@neutron-api.service[103190]: DEBUG ovsdbapp.backend.ovs_idl.transaction [-] Running txn n=1 command(idx=2): PgAclAddCommand(_result=None, entity=pg_88dd7c45_19e1_45f5_af50_3632f29d46fd, direction=to-lport, priority=1002, match=outport == @pg_88dd7c45_19e1_45f5_af50_3632f29d46fd && ip4 && ip4.src == $pg_88dd7c45_19e1_45f5_af50_3632f29d46fd_ip4, action=allow-related, log=False, may_exist=True, severity=[], name=[], meter=[], external_ids={'neutron:security_group_rule_id': '47ba9481-057d-4b2b-b2e4-c680744bea9e'}) {{(pid=103190) do_commit /opt/stack/data/venv/lib/python3.12/site-packages/ovsdbapp/backend/ovs_idl/transaction.py:89}}
May 14 10:19:31.226719 np0000174131 devstack@neutron-api.service[103190]: DEBUG ovsdbapp.backend.ovs_idl.transaction [-] Running txn n=1 command(idx=3): PgAclAddCommand(_result=None, entity=pg_88dd7c45_19e1_45f5_af50_3632f29d46fd, direction=to-lport, priority=1002, match=outport == @pg_88dd7c45_19e1_45f5_af50_3632f29d46fd && ip6 && ip6.src == $pg_88dd7c45_19e1_45f5_af50_3632f29d46fd_ip6, action=allow-related, log=False, may_exist=True, severity=[], name=[], meter=[], external_ids={'neutron:security_group_rule_id': '4be288df-06b0-4b00-a7ed-5edef6f88ac3'}) {{(pid=103190) do_commit /opt/stack/data/venv/lib/python3.12/site-packages/ovsdbapp/backend/ovs_idl/transaction.py:89}}
May 14 10:19:31.227280 np0000174131 devstack@neutron-api.service[103190]: DEBUG ovsdbapp.backend.ovs_idl.transaction [-] Running txn n=1 command(idx=4): PgAclAddCommand(_result=None, entity=pg_88dd7c45_19e1_45f5_af50_3632f29d46fd, direction=from-lport, priority=1002, match=inport == @pg_88dd7c45_19e1_45f5_af50_3632f29d46fd && ip6, action=allow-related, log=False, may_exist=True, severity=[], name=[], meter=[], external_ids={'neutron:security_group_rule_id': 'd3a59b78-cde3-4ba1-8335-6ebc958916e5'}) {{(pid=103190) do_commit /opt/stack/data/venv/lib/python3.12/site-packages/ovsdbapp/backend/ovs_idl/transaction.py:89}}
May 14 10:19:31.281688 np0000174131 devstack@neutron-api.service[103190]: DEBUG neutron.plugins.ml2.drivers.ovn.mech_driver.ovsdb.ovsdb_monitor [-] Hash Ring: Node 11939755269f5973ab82569f5c63917d (host: np0000174131) handling event "create" for row fdcde99a-f3fa-4423-b857-e1a72fecfb1c (table: ACL) {{(pid=103190) notify /opt/stack/neutron/neutron/plugins/ml2/drivers/ovn/mech_driver/ovsdb/ovsdb_monitor.py:942}}
May 14 10:19:31.281990 np0000174131 devstack@neutron-api.service[103189]: DEBUG neutron.plugins.ml2.drivers.ovn.mech_driver.ovsdb.ovsdb_monitor [-] Hash Ring: Node 673cd4446862586fad6d8120ec9842e6 (host: np0000174131) handling event "create" for row 68434311-30fa-40bc-8b49-017ac78bef0b (table: ACL) {{(pid=103189) notify /opt/stack/neutron/neutron/plugins/ml2/drivers/ovn/mech_driver/ovsdb/ovsdb_monitor.py:942}}
May 14 10:19:31.282466 np0000174131 devstack@neutron-api.service[103189]: DEBUG neutron.plugins.ml2.drivers.ovn.mech_driver.ovsdb.ovsdb_monitor [-] Hash Ring: Node 673cd4446862586fad6d8120ec9842e6 (host: np0000174131) handling event "create" for row cfab0203-179f-4b25-9532-73b2adb14110 (table: ACL) {{(pid=103189) notify /opt/stack/neutron/neutron/plugins/ml2/drivers/ovn/mech_driver/ovsdb/ovsdb_monitor.py:942}}
May 14 10:19:31.282683 np0000174131 devstack@neutron-api.service[103189]: DEBUG neutron.plugins.ml2.drivers.ovn.mech_driver.ovsdb.ovsdb_monitor [-] Hash Ring: Node 673cd4446862586fad6d8120ec9842e6 (host: np0000174131) handling event "create" for row e7acddd2-acc3-47cd-81bf-ed5489480026 (table: ACL) {{(pid=103189) notify /opt/stack/neutron/neutron/plugins/ml2/drivers/ovn/mech_driver/ovsdb/ovsdb_monitor.py:942}}
May 14 10:19:31.282953 np0000174131 devstack@neutron-api.service[103189]: DEBUG neutron.plugins.ml2.drivers.ovn.mech_driver.ovsdb.ovsdb_monitor [-] Hash Ring: Node 673cd4446862586fad6d8120ec9842e6 (host: np0000174131) handling event "create" for row fdcde99a-f3fa-4423-b857-e1a72fecfb1c (table: ACL) {{(pid=103189) notify /opt/stack/neutron/neutron/plugins/ml2/drivers/ovn/mech_driver/ovsdb/ovsdb_monitor.py:942}}
May 14 10:19:31.283255 np0000174131 devstack@neutron-api.service[103189]: DEBUG neutron.plugins.ml2.drivers.ovn.mech_driver.ovsdb.ovsdb_monitor [-] Hash Ring: Node 673cd4446862586fad6d8120ec9842e6 (host: np0000174131) handling event "create" for row aec99e35-d33e-455c-85c0-294ffe14d602 (table: Port_Group) {{(pid=103189) notify /opt/stack/neutron/neutron/plugins/ml2/drivers/ovn/mech_driver/ovsdb/ovsdb_monitor.py:942}}
May 14 10:19:31.283695 np0000174131 devstack@neutron-api.service[103191]: DEBUG neutron.plugins.ml2.drivers.ovn.mech_driver.ovsdb.ovsdb_monitor [-] Hash Ring: Node 3b45374097d650f69d56af32ba1df331 (host: np0000174131) handling event "create" for row 68434311-30fa-40bc-8b49-017ac78bef0b (table: ACL) {{(pid=103191) notify /opt/stack/neutron/neutron/plugins/ml2/drivers/ovn/mech_driver/ovsdb/ovsdb_monitor.py:942}}
May 14 10:19:31.284059 np0000174131 devstack@neutron-api.service[103191]: DEBUG neutron.plugins.ml2.drivers.ovn.mech_driver.ovsdb.ovsdb_monitor [-] Hash Ring: Node 3b45374097d650f69d56af32ba1df331 (host: np0000174131) handling event "create" for row e7acddd2-acc3-47cd-81bf-ed5489480026 (table: ACL) {{(pid=103191) notify /opt/stack/neutron/neutron/plugins/ml2/drivers/ovn/mech_driver/ovsdb/ovsdb_monitor.py:942}}
May 14 10:19:31.323373 np0000174131 devstack@neutron-api.service[103190]: INFO neutron.db.ovn_revision_numbers_db [None req-6bfbc186-d11b-4c18-b67a-0c4fa0b60702 admin admin] Successfully bumped revision number for resource 88dd7c45-19e1-45f5-af50-3632f29d46fd (type: security_groups) to 1
May 14 10:19:31.343499 np0000174131 devstack@neutron-api.service[103190]: INFO neutron.db.ovn_revision_numbers_db [None req-6bfbc186-d11b-4c18-b67a-0c4fa0b60702 admin admin] Successfully bumped revision number for resource 2a81e616-f375-4d85-aa76-cc9706b88a96 (type: security_group_rules) to 0
May 14 10:19:31.360935 np0000174131 devstack@neutron-api.service[103190]: INFO neutron.db.ovn_revision_numbers_db [None req-6bfbc186-d11b-4c18-b67a-0c4fa0b60702 admin admin] Successfully bumped revision number for resource 47ba9481-057d-4b2b-b2e4-c680744bea9e (type: security_group_rules) to 0
May 14 10:19:31.378179 np0000174131 devstack@neutron-api.service[103190]: INFO neutron.db.ovn_revision_numbers_db [None req-6bfbc186-d11b-4c18-b67a-0c4fa0b60702 admin admin] Successfully bumped revision number for resource 4be288df-06b0-4b00-a7ed-5edef6f88ac3 (type: security_group_rules) to 0
May 14 10:19:31.391554 np0000174131 devstack@neutron-api.service[103190]: INFO neutron.db.ovn_revision_numbers_db [None req-6bfbc186-d11b-4c18-b67a-0c4fa0b60702 admin admin] Successfully bumped revision number for resource d3a59b78-cde3-4ba1-8335-6ebc958916e5 (type: security_group_rules) to 0
May 14 10:19:31.416392 np0000174131 devstack@neutron-api.service[103190]: DEBUG neutron.api.rpc.handlers.resources_rpc [None req-6bfbc186-d11b-4c18-b67a-0c4fa0b60702 admin admin] Pushing event updated for resources: {'SecurityGroup': ['ID=88dd7c45-19e1-45f5-af50-3632f29d46fd,revision_number=1']} {{(pid=103190) push /opt/stack/neutron/neutron/api/rpc/handlers/resources_rpc.py:237}}
May 14 10:19:31.425157 np0000174131 devstack@neutron-api.service[103190]: DEBUG ovsdbapp.backend.ovs_idl.transaction [-] Running txn n=1 command(idx=0): CheckLivenessCommand(_result=None) {{(pid=103190) do_commit /opt/stack/data/venv/lib/python3.12/site-packages/ovsdbapp/backend/ovs_idl/transaction.py:89}}
May 14 10:19:31.428473 np0000174131 devstack@neutron-api.service[103189]: DEBUG neutron.plugins.ml2.drivers.ovn.mech_driver.ovsdb.ovsdb_monitor [-] Hash Ring: Node 673cd4446862586fad6d8120ec9842e6 (host: np0000174131) handling event "update" for row d30fccac-68f0-48c1-864b-eb8f63011bc3 (table: NB_Global) {{(pid=103189) notify /opt/stack/neutron/neutron/plugins/ml2/drivers/ovn/mech_driver/ovsdb/ovsdb_monitor.py:942}}
May 14 10:19:31.428946 np0000174131 devstack@neutron-api.service[103191]: DEBUG neutron.plugins.ml2.drivers.ovn.mech_driver.ovsdb.ovsdb_monitor [-] Hash Ring: Node 3b45374097d650f69d56af32ba1df331 (host: np0000174131) handling event "update" for row d30fccac-68f0-48c1-864b-eb8f63011bc3 (table: NB_Global) {{(pid=103191) notify /opt/stack/neutron/neutron/plugins/ml2/drivers/ovn/mech_driver/ovsdb/ovsdb_monitor.py:942}}
May 14 10:19:31.429650 np0000174131 devstack@neutron-api.service[103189]: DEBUG neutron.plugins.ml2.drivers.ovn.mech_driver.ovsdb.ovsdb_monitor [-] Hash Ring: Node 673cd4446862586fad6d8120ec9842e6 (host: np0000174131) handling event "update" for row d30fccac-68f0-48c1-864b-eb8f63011bc3 (table: NB_Global) {{(pid=103189) notify /opt/stack/neutron/neutron/plugins/ml2/drivers/ovn/mech_driver/ovsdb/ovsdb_monitor.py:942}}
May 14 10:19:31.430416 np0000174131 devstack@neutron-api.service[103191]: DEBUG neutron.plugins.ml2.drivers.ovn.mech_driver.ovsdb.ovsdb_monitor [-] Hash Ring: Node 3b45374097d650f69d56af32ba1df331 (host: np0000174131) handling event "update" for row d30fccac-68f0-48c1-864b-eb8f63011bc3 (table: NB_Global) {{(pid=103191) notify /opt/stack/neutron/neutron/plugins/ml2/drivers/ovn/mech_driver/ovsdb/ovsdb_monitor.py:942}}
May 14 10:19:31.432112 np0000174131 devstack@neutron-api.service[103189]: DEBUG neutron.plugins.ml2.drivers.ovn.mech_driver.ovsdb.ovsdb_monitor [-] Hash Ring: Node 673cd4446862586fad6d8120ec9842e6 (host: np0000174131) handling event "update" for row d30fccac-68f0-48c1-864b-eb8f63011bc3 (table: NB_Global) {{(pid=103189) notify /opt/stack/neutron/neutron/plugins/ml2/drivers/ovn/mech_driver/ovsdb/ovsdb_monitor.py:942}}
May 14 10:19:31.434268 np0000174131 devstack@neutron-api.service[103189]: DEBUG neutron.plugins.ml2.drivers.ovn.mech_driver.ovsdb.ovsdb_monitor [-] ChassisAgentWriteEvent : Matched Chassis_Private, update, None None {{(pid=103189) matches /opt/stack/neutron/neutron/plugins/ml2/drivers/ovn/mech_driver/ovsdb/ovsdb_monitor.py:64}}
May 14 10:19:31.435343 np0000174131 devstack@neutron-api.service[103192]: DEBUG neutron.plugins.ml2.drivers.ovn.mech_driver.ovsdb.ovsdb_monitor [-] ChassisAgentWriteEvent : Matched Chassis_Private, update, None None {{(pid=103192) matches /opt/stack/neutron/neutron/plugins/ml2/drivers/ovn/mech_driver/ovsdb/ovsdb_monitor.py:64}}
May 14 10:19:31.435731 np0000174131 devstack@neutron-api.service[103191]: DEBUG neutron.plugins.ml2.drivers.ovn.mech_driver.ovsdb.ovsdb_monitor [-] Hash Ring: Node 3b45374097d650f69d56af32ba1df331 (host: np0000174131) handling event "update" for row d30fccac-68f0-48c1-864b-eb8f63011bc3 (table: NB_Global) {{(pid=103191) notify /opt/stack/neutron/neutron/plugins/ml2/drivers/ovn/mech_driver/ovsdb/ovsdb_monitor.py:942}}
May 14 10:19:31.435731 np0000174131 devstack@neutron-api.service[103191]: DEBUG neutron.plugins.ml2.drivers.ovn.mech_driver.ovsdb.ovsdb_monitor [-] ChassisAgentWriteEvent : Matched Chassis_Private, update, None None {{(pid=103191) matches /opt/stack/neutron/neutron/plugins/ml2/drivers/ovn/mech_driver/ovsdb/ovsdb_monitor.py:64}}
May 14 10:19:31.436056 np0000174131 devstack@neutron-api.service[103189]: DEBUG neutron.plugins.ml2.drivers.ovn.mech_driver.ovsdb.ovsdb_monitor [-] Hash Ring: Node 673cd4446862586fad6d8120ec9842e6 (host: np0000174131) handling event "update" for row d30fccac-68f0-48c1-864b-eb8f63011bc3 (table: NB_Global) {{(pid=103189) notify /opt/stack/neutron/neutron/plugins/ml2/drivers/ovn/mech_driver/ovsdb/ovsdb_monitor.py:942}}
May 14 10:19:31.437113 np0000174131 devstack@neutron-api.service[103191]: DEBUG neutron.plugins.ml2.drivers.ovn.mech_driver.ovsdb.ovsdb_monitor [-] Hash Ring: Node 3b45374097d650f69d56af32ba1df331 (host: np0000174131) handling event "update" for row d30fccac-68f0-48c1-864b-eb8f63011bc3 (table: NB_Global) {{(pid=103191) notify /opt/stack/neutron/neutron/plugins/ml2/drivers/ovn/mech_driver/ovsdb/ovsdb_monitor.py:942}}
May 14 10:19:31.437591 np0000174131 devstack@neutron-api.service[103190]: DEBUG neutron.api.rpc.callbacks.version_manager [None req-6bfbc186-d11b-4c18-b67a-0c4fa0b60702 admin admin] Tracked resource versions report:
May 14 10:19:31.437591 np0000174131 devstack@neutron-api.service[103190]: pushed versions:
May 14 10:19:31.437591 np0000174131 devstack@neutron-api.service[103190]: { 'AddressGroup': {'1.2'},
May 14 10:19:31.437591 np0000174131 devstack@neutron-api.service[103190]: 'Agent': {'1.1'},
May 14 10:19:31.437591 np0000174131 devstack@neutron-api.service[103190]: 'ConntrackHelper': {'1.0'},
May 14 10:19:31.437591 np0000174131 devstack@neutron-api.service[103190]: 'LocalIPAssociation': {'1.0'},
May 14 10:19:31.437591 np0000174131 devstack@neutron-api.service[103190]: 'Log': {'1.0'},
May 14 10:19:31.437591 np0000174131 devstack@neutron-api.service[103190]: 'NDPProxy': {'1.0'},
May 14 10:19:31.437591 np0000174131 devstack@neutron-api.service[103190]: 'Network': {'1.2'},
May 14 10:19:31.437591 np0000174131 devstack@neutron-api.service[103190]: 'Port': {'1.10'},
May 14 10:19:31.437591 np0000174131 devstack@neutron-api.service[103190]: 'PortForwarding': {'1.3'},
May 14 10:19:31.437591 np0000174131 devstack@neutron-api.service[103190]: 'QosPolicy': {'1.10'},
May 14 10:19:31.437591 np0000174131 devstack@neutron-api.service[103190]: 'SecurityGroup': {'1.6'},
May 14 10:19:31.437591 np0000174131 devstack@neutron-api.service[103190]: 'SecurityGroupRule': {'1.3'},
May 14 10:19:31.437591 np0000174131 devstack@neutron-api.service[103190]: 'SubPort': {'1.0'},
May 14 10:19:31.437591 np0000174131 devstack@neutron-api.service[103190]: 'Subnet': {'1.2'},
May 14 10:19:31.437591 np0000174131 devstack@neutron-api.service[103190]: 'Trunk': {'1.1'}}
May 14 10:19:31.437591 np0000174131 devstack@neutron-api.service[103190]: consumer versions:
May 14 10:19:31.437591 np0000174131 devstack@neutron-api.service[103190]: {}
May 14 10:19:31.437591 np0000174131 devstack@neutron-api.service[103190]: {{(pid=103190) report /opt/stack/neutron/neutron/api/rpc/callbacks/version_manager.py:183}}
May 14 10:19:31.438705 np0000174131 devstack@neutron-api.service[103192]: DEBUG neutron.plugins.ml2.drivers.ovn.mech_driver.ovsdb.ovsdb_monitor [-] ChassisOVNAgentWriteEvent : Matched Chassis_Private, update, None None {{(pid=103192) matches /opt/stack/neutron/neutron/plugins/ml2/drivers/ovn/mech_driver/ovsdb/ovsdb_monitor.py:64}}
May 14 10:19:31.438832 np0000174131 devstack@neutron-api.service[103191]: DEBUG neutron.plugins.ml2.drivers.ovn.mech_driver.ovsdb.ovsdb_monitor [-] ChassisOVNAgentWriteEvent : Matched Chassis_Private, update, None None {{(pid=103191) matches /opt/stack/neutron/neutron/plugins/ml2/drivers/ovn/mech_driver/ovsdb/ovsdb_monitor.py:64}}
May 14 10:19:31.439741 np0000174131 devstack@neutron-api.service[103190]: DEBUG neutron.plugins.ml2.drivers.ovn.mech_driver.ovsdb.ovsdb_monitor [-] ChassisAgentWriteEvent : Matched Chassis_Private, update, None None {{(pid=103190) matches /opt/stack/neutron/neutron/plugins/ml2/drivers/ovn/mech_driver/ovsdb/ovsdb_monitor.py:64}}
May 14 10:19:31.440239 np0000174131 devstack@neutron-api.service[103189]: DEBUG neutron.common.ovn.hash_ring_manager [-] Allow caching, nodes 4>=4 {{(pid=103189) _wait_startup_before_caching /opt/stack/neutron/neutron/common/ovn/hash_ring_manager.py:65}}
May 14 10:19:31.440416 np0000174131 devstack@neutron-api.service[103189]: DEBUG neutron.plugins.ml2.drivers.ovn.mech_driver.ovsdb.ovsdb_monitor [-] Hash Ring: Node 673cd4446862586fad6d8120ec9842e6 (host: np0000174131) handling event "update" for row b354cf6e-280e-438e-973d-1449bf896995 (table: Chassis_Private) {{(pid=103189) notify /opt/stack/neutron/neutron/plugins/ml2/drivers/ovn/mech_driver/ovsdb/ovsdb_monitor.py:942}}
May 14 10:19:31.441357 np0000174131 devstack@neutron-api.service[103189]: DEBUG neutron.plugins.ml2.drivers.ovn.mech_driver.ovsdb.ovsdb_monitor [-] ChassisOVNAgentWriteEvent : Matched Chassis_Private, update, None None {{(pid=103189) matches /opt/stack/neutron/neutron/plugins/ml2/drivers/ovn/mech_driver/ovsdb/ovsdb_monitor.py:64}}
May 14 10:19:31.441631 np0000174131 devstack@neutron-api.service[103189]: DEBUG neutron.plugins.ml2.drivers.ovn.mech_driver.ovsdb.ovsdb_monitor [-] Hash Ring: Node 673cd4446862586fad6d8120ec9842e6 (host: np0000174131) handling event "update" for row b354cf6e-280e-438e-973d-1449bf896995 (table: Chassis_Private) {{(pid=103189) notify /opt/stack/neutron/neutron/plugins/ml2/drivers/ovn/mech_driver/ovsdb/ovsdb_monitor.py:942}}
May 14 10:19:31.443965 np0000174131 devstack@neutron-api.service[103190]: DEBUG neutron.plugins.ml2.drivers.ovn.mech_driver.ovsdb.ovsdb_monitor [-] ChassisOVNAgentWriteEvent : Matched Chassis_Private, update, None None {{(pid=103190) matches /opt/stack/neutron/neutron/plugins/ml2/drivers/ovn/mech_driver/ovsdb/ovsdb_monitor.py:64}}
May 14 10:19:31.496977 np0000174131 devstack@neutron-api.service[103190]: DEBUG neutron.plugins.ml2.drivers.helpers [None req-6bfbc186-d11b-4c18-b67a-0c4fa0b60702 admin admin] geneve segment allocate from pool success with {'geneve_vni': 36610} {{(pid=103190) allocate_partially_specified_segment /opt/stack/neutron/neutron/plugins/ml2/drivers/helpers.py:142}}
May 14 10:19:31.509136 np0000174131 devstack@neutron-api.service[103190]: DEBUG neutron_lib.callbacks.manager [None req-6bfbc186-d11b-4c18-b67a-0c4fa0b60702 admin admin] Publish callbacks ['neutron.services.segments.db._add_segment_host_mapping_for_segment-7999156089136', 'neutron.plugins.ml2.plugin.Ml2Plugin._handle_segment_change-259179'] for segment (77f67306-c0bb-4ca1-b831-b2fd4554d47a), precommit_create {{(pid=103190) _notify_loop /opt/stack/data/venv/lib/python3.12/site-packages/neutron_lib/callbacks/manager.py:184}}
May 14 10:19:31.509281 np0000174131 devstack@neutron-api.service[103190]: INFO neutron.db.segments_db [None req-6bfbc186-d11b-4c18-b67a-0c4fa0b60702 admin admin] Added segment 77f67306-c0bb-4ca1-b831-b2fd4554d47a of type geneve for network 514c1454-10dc-43a2-9d5a-c9afc72ab5f3
May 14 10:19:31.559670 np0000174131 devstack@neutron-api.service[103190]: DEBUG neutron_lib.callbacks.manager [None req-6bfbc186-d11b-4c18-b67a-0c4fa0b60702 admin admin] Publish callbacks ['neutron.services.auto_allocate.db._ensure_external_network_default_value_callback-7999154814606'] for network (514c1454-10dc-43a2-9d5a-c9afc72ab5f3), precommit_create {{(pid=103190) _notify_loop /opt/stack/data/venv/lib/python3.12/site-packages/neutron_lib/callbacks/manager.py:184}}
May 14 10:19:31.575805 np0000174131 devstack@neutron-api.service[103190]: DEBUG neutron.plugins.ml2.drivers.ovn.mech_driver.mech_driver [None req-6bfbc186-d11b-4c18-b67a-0c4fa0b60702 admin admin] Validating network segment with type geneve, segmentation ID 36610, physical network None {{(pid=103190) _validate_network_segments /opt/stack/neutron/neutron/plugins/ml2/drivers/ovn/mech_driver/mech_driver.py:641}}
May 14 10:19:31.575919 np0000174131 devstack@neutron-api.service[103190]: DEBUG neutron.db.ovn_revision_numbers_db [None req-6bfbc186-d11b-4c18-b67a-0c4fa0b60702 admin admin] create_initial_revision uuid=514c1454-10dc-43a2-9d5a-c9afc72ab5f3, type=networks, rev=-1 {{(pid=103190) create_initial_revision /opt/stack/neutron/neutron/db/ovn_revision_numbers_db.py:98}}
May 14 10:19:31.591745 np0000174131 devstack@neutron-api.service[103190]: DEBUG neutron_lib.callbacks.manager [None req-6bfbc186-d11b-4c18-b67a-0c4fa0b60702 admin admin] Publish callbacks ['neutron.plugins.ml2.ovo_rpc._ObjectChangeHandler.handle_event-6703720'] for network (514c1454-10dc-43a2-9d5a-c9afc72ab5f3), after_create {{(pid=103190) _notify_loop /opt/stack/data/venv/lib/python3.12/site-packages/neutron_lib/callbacks/manager.py:184}}
May 14 10:19:31.639216 np0000174131 devstack@neutron-api.service[103190]: DEBUG neutron.api.rpc.handlers.resources_rpc [None req-6bfbc186-d11b-4c18-b67a-0c4fa0b60702 admin admin] Pushing event updated for resources: {'Network': ['ID=514c1454-10dc-43a2-9d5a-c9afc72ab5f3,revision_number=1']} {{(pid=103190) push /opt/stack/neutron/neutron/api/rpc/handlers/resources_rpc.py:237}}
May 14 10:19:31.646852 np0000174131 devstack@neutron-api.service[103190]: DEBUG ovsdbapp.backend.ovs_idl.transaction [-] Running txn n=1 command(idx=0): AddNetworkCommand(_result=None, network_uuid=514c1454-10dc-43a2-9d5a-c9afc72ab5f3, may_exist=True, columns={'external_ids': {'neutron:network_name': 'private', 'neutron:mtu': '1372', 'neutron:revision_number': '1', 'neutron:availability_zone_hints': '', 'neutron:provnet-network-type': 'geneve'}, 'other_config': {'mcast_snoop': 'false', 'mcast_flood_unregistered': 'false', 'vlan-passthru': 'false'}}) {{(pid=103190) do_commit /opt/stack/data/venv/lib/python3.12/site-packages/ovsdbapp/backend/ovs_idl/transaction.py:89}}
May 14 10:19:31.647562 np0000174131 devstack@neutron-api.service[103190]: DEBUG neutron.common.ovn.utils [-] OVS persist_uuid supported=True {{(pid=103190) ovs_persist_uuid_supported /opt/stack/neutron/neutron/common/ovn/utils.py:1537}}
May 14 10:19:31.652339 np0000174131 devstack@neutron-api.service[103192]: DEBUG neutron.plugins.ml2.drivers.ovn.mech_driver.ovsdb.ovsdb_monitor [-] Hash Ring: Node f5eada38beb05b51b14dbc1ee0f4dea0 (host: np0000174131) handling event "create" for row 514c1454-10dc-43a2-9d5a-c9afc72ab5f3 (table: Logical_Switch) {{(pid=103192) notify /opt/stack/neutron/neutron/plugins/ml2/drivers/ovn/mech_driver/ovsdb/ovsdb_monitor.py:942}}
May 14 10:19:31.652572 np0000174131 devstack@neutron-api.service[103189]: DEBUG neutron.plugins.ml2.drivers.ovn.mech_driver.ovsdb.ovsdb_monitor [-] Hash Ring: Node 673cd4446862586fad6d8120ec9842e6 (host: np0000174131) handling event "create" for row 514c1454-10dc-43a2-9d5a-c9afc72ab5f3 (table: Logical_Switch) {{(pid=103189) notify /opt/stack/neutron/neutron/plugins/ml2/drivers/ovn/mech_driver/ovsdb/ovsdb_monitor.py:942}}
May 14 10:19:31.659040 np0000174131 devstack@neutron-api.service[103189]: DEBUG neutron.plugins.ml2.drivers.ovn.mech_driver.ovsdb.ovsdb_monitor [-] Hash Ring: Node 673cd4446862586fad6d8120ec9842e6 (host: np0000174131) handling event "create" for row bf974943-3005-4cc3-bde6-68845b892e23 (table: Datapath_Binding) {{(pid=103189) notify /opt/stack/neutron/neutron/plugins/ml2/drivers/ovn/mech_driver/ovsdb/ovsdb_monitor.py:942}}
May 14 10:19:31.659198 np0000174131 devstack@neutron-api.service[103192]: DEBUG neutron.plugins.ml2.drivers.ovn.mech_driver.ovsdb.ovsdb_monitor [-] Hash Ring: Node f5eada38beb05b51b14dbc1ee0f4dea0 (host: np0000174131) handling event "create" for row bf974943-3005-4cc3-bde6-68845b892e23 (table: Datapath_Binding) {{(pid=103192) notify /opt/stack/neutron/neutron/plugins/ml2/drivers/ovn/mech_driver/ovsdb/ovsdb_monitor.py:942}}
May 14 10:19:31.685166 np0000174131 devstack@neutron-api.service[103190]: INFO neutron.db.ovn_revision_numbers_db [None req-6bfbc186-d11b-4c18-b67a-0c4fa0b60702 admin admin] Successfully bumped revision number for resource 514c1454-10dc-43a2-9d5a-c9afc72ab5f3 (type: networks) to 1
May 14 10:19:31.748045 np0000174131 devstack@neutron-api.service[103190]: DEBUG neutron_lib.callbacks.manager [None req-6bfbc186-d11b-4c18-b67a-0c4fa0b60702 admin admin] Publish callbacks ['neutron.plugins.ml2.plugin.SecurityGroupDbMixin._ensure_default_security_group_handler-507559'] for port (None), before_create {{(pid=103190) _notify_loop /opt/stack/data/venv/lib/python3.12/site-packages/neutron_lib/callbacks/manager.py:184}}
May 14 10:19:31.855014 np0000174131 devstack@neutron-api.service[103190]: DEBUG neutron_lib.callbacks.manager [None req-6bfbc186-d11b-4c18-b67a-0c4fa0b60702 admin admin] Publish callbacks ['neutron.plugins.ml2.drivers.ovn.mech_driver.mech_driver.OVNMechanismDriver._validate_allowed_address_pairs-858204'] for allowed_address_pair (286613d6-7828-4c8c-af1a-d30bc7ad0288), before_create {{(pid=103190) _notify_loop /opt/stack/data/venv/lib/python3.12/site-packages/neutron_lib/callbacks/manager.py:184}}
May 14 10:19:31.855877 np0000174131 devstack@neutron-api.service[103190]: DEBUG neutron_lib.callbacks.manager [None req-6bfbc186-d11b-4c18-b67a-0c4fa0b60702 admin admin] Publish callbacks [] for port (286613d6-7828-4c8c-af1a-d30bc7ad0288), precommit_create {{(pid=103190) _notify_loop /opt/stack/data/venv/lib/python3.12/site-packages/neutron_lib/callbacks/manager.py:184}}
May 14 10:19:31.855877 np0000174131 devstack@neutron-api.service[103190]: DEBUG neutron.plugins.ml2.drivers.ovn.mech_driver.mech_driver [None req-6bfbc186-d11b-4c18-b67a-0c4fa0b60702 admin admin] No provisioning block for port 286613d6-7828-4c8c-af1a-d30bc7ad0288 since it does not have a host {{(pid=103190) _is_port_provisioning_required /opt/stack/neutron/neutron/plugins/ml2/drivers/ovn/mech_driver/mech_driver.py:894}}
May 14 10:19:31.855877 np0000174131 devstack@neutron-api.service[103190]: DEBUG neutron.db.ovn_revision_numbers_db [None req-6bfbc186-d11b-4c18-b67a-0c4fa0b60702 admin admin] create_initial_revision uuid=286613d6-7828-4c8c-af1a-d30bc7ad0288, type=ports, rev=-1 {{(pid=103190) create_initial_revision /opt/stack/neutron/neutron/db/ovn_revision_numbers_db.py:98}}
May 14 10:19:31.920765 np0000174131 devstack@neutron-api.service[103190]: DEBUG neutron_lib.callbacks.manager [None req-6bfbc186-d11b-4c18-b67a-0c4fa0b60702 admin admin] Publish callbacks ['neutron.plugins.ml2.ovo_rpc._ObjectChangeHandler.handle_event-6703743'] for port (286613d6-7828-4c8c-af1a-d30bc7ad0288), after_create {{(pid=103190) _notify_loop /opt/stack/data/venv/lib/python3.12/site-packages/neutron_lib/callbacks/manager.py:184}}
May 14 10:19:32.155071 np0000174131 devstack@neutron-api.service[103190]: DEBUG neutron.api.rpc.handlers.resources_rpc [None req-6bfbc186-d11b-4c18-b67a-0c4fa0b60702 admin admin] Pushing event updated for resources: {'Port': ['ID=286613d6-7828-4c8c-af1a-d30bc7ad0288,revision_number=1']} {{(pid=103190) push /opt/stack/neutron/neutron/api/rpc/handlers/resources_rpc.py:237}}
May 14 10:19:32.194786 np0000174131 devstack@neutron-api.service[103190]: DEBUG ovsdbapp.backend.ovs_idl.transaction [-] Running txn n=1 command(idx=0): AddLSwitchPortCommand(_result=None, lport=286613d6-7828-4c8c-af1a-d30bc7ad0288, lswitch=neutron-514c1454-10dc-43a2-9d5a-c9afc72ab5f3, may_exist=True, network_uuid=514c1454-10dc-43a2-9d5a-c9afc72ab5f3, columns={'addresses': ['fa:16:3e:e4:96:6b'], 'external_ids': {'neutron:port_name': '', 'neutron:device_id': 'ovnmeta-514c1454-10dc-43a2-9d5a-c9afc72ab5f3', 'neutron:project_id': '789a4e09a7394421806ba33120dfe885', 'neutron:cidrs': '', 'neutron:device_owner': 'network:distributed', 'neutron:subnet_pool_addr_scope4': '', 'neutron:subnet_pool_addr_scope6': '', 'neutron:network_name': 'neutron-514c1454-10dc-43a2-9d5a-c9afc72ab5f3', 'neutron:security_group_ids': '', 'neutron:revision_number': '1', 'neutron:vnic_type': 'normal', 'neutron:port_capabilities': '', 'neutron:mtu': ''}, 'parent_name': [], 'tag': [], 'enabled': True, 'options': {}, 'type': 'localport', 'port_security': [], 'dhcpv4_options': [], 'dhcpv6_options': []}) {{(pid=103190) do_commit /opt/stack/data/venv/lib/python3.12/site-packages/ovsdbapp/backend/ovs_idl/transaction.py:89}}
May 14 10:19:32.195777 np0000174131 devstack@neutron-api.service[103190]: DEBUG ovsdbapp.backend.ovs_idl.transaction [-] Running txn n=1 command(idx=1): QoSDelCommand(_result=None, switch=neutron-514c1454-10dc-43a2-9d5a-c9afc72ab5f3, conditions=[('direction', '=', 'to-lport'), ('priority', '=', 2002), ('match', '=', 'outport == "286613d6-7828-4c8c-af1a-d30bc7ad0288"')], if_exists=True) {{(pid=103190) do_commit /opt/stack/data/venv/lib/python3.12/site-packages/ovsdbapp/backend/ovs_idl/transaction.py:89}}
May 14 10:19:32.196107 np0000174131 devstack@neutron-api.service[103190]: DEBUG ovsdbapp.backend.ovs_idl.transaction [-] Running txn n=1 command(idx=2): QoSDelCommand(_result=None, switch=neutron-514c1454-10dc-43a2-9d5a-c9afc72ab5f3, conditions=[('direction', '=', 'from-lport'), ('priority', '=', 2002), ('match', '=', 'inport == "286613d6-7828-4c8c-af1a-d30bc7ad0288"')], if_exists=True) {{(pid=103190) do_commit /opt/stack/data/venv/lib/python3.12/site-packages/ovsdbapp/backend/ovs_idl/transaction.py:89}}
May 14 10:19:32.200141 np0000174131 devstack@neutron-api.service[103192]: DEBUG neutron.plugins.ml2.drivers.ovn.mech_driver.ovsdb.ovsdb_monitor [-] Hash Ring: Node f5eada38beb05b51b14dbc1ee0f4dea0 (host: np0000174131) handling event "update" for row 514c1454-10dc-43a2-9d5a-c9afc72ab5f3 (table: Logical_Switch) {{(pid=103192) notify /opt/stack/neutron/neutron/plugins/ml2/drivers/ovn/mech_driver/ovsdb/ovsdb_monitor.py:942}}
May 14 10:19:32.200912 np0000174131 devstack@neutron-api.service[103191]: DEBUG neutron.plugins.ml2.drivers.ovn.mech_driver.ovsdb.ovsdb_monitor [-] Hash Ring: Node 3b45374097d650f69d56af32ba1df331 (host: np0000174131) handling event "create" for row 5066c424-08ae-4246-a07e-17c08169c381 (table: Logical_Switch_Port) {{(pid=103191) notify /opt/stack/neutron/neutron/plugins/ml2/drivers/ovn/mech_driver/ovsdb/ovsdb_monitor.py:942}}
