May 14 10:19:23.290333 np0000174131 neutron-periodic-workers[105020]: DEBUG cotyledon.oslo_config_glue [-] database.connection = **** {{(pid=105020) log_opt_values /opt/stack/data/venv/lib/python3.12/site-packages/oslo_config/cfg.py:3006}}
May 14 10:19:23.290375 np0000174131 neutron-periodic-workers[105020]: DEBUG cotyledon.oslo_config_glue [-] database.connection_debug = 0 {{(pid=105020) log_opt_values /opt/stack/data/venv/lib/python3.12/site-packages/oslo_config/cfg.py:3006}}
May 14 10:19:23.290417 np0000174131 neutron-periodic-workers[105020]: DEBUG cotyledon.oslo_config_glue [-] database.connection_parameters = {{(pid=105020) log_opt_values /opt/stack/data/venv/lib/python3.12/site-packages/oslo_config/cfg.py:3006}}
May 14 10:19:23.290459 np0000174131 neutron-periodic-workers[105020]: DEBUG cotyledon.oslo_config_glue [-] database.connection_recycle_time = 3600 {{(pid=105020) log_opt_values /opt/stack/data/venv/lib/python3.12/site-packages/oslo_config/cfg.py:3006}}
May 14 10:19:23.290502 np0000174131 neutron-periodic-workers[105020]: DEBUG cotyledon.oslo_config_glue [-] database.connection_trace = False {{(pid=105020) log_opt_values /opt/stack/data/venv/lib/python3.12/site-packages/oslo_config/cfg.py:3006}}
May 14 10:19:23.290539 np0000174131 neutron-periodic-workers[105020]: DEBUG cotyledon.oslo_config_glue [-] database.db_inc_retry_interval = True {{(pid=105020) log_opt_values /opt/stack/data/venv/lib/python3.12/site-packages/oslo_config/cfg.py:3006}}
May 14 10:19:23.290594 np0000174131 neutron-periodic-workers[105020]: DEBUG cotyledon.oslo_config_glue [-] database.db_max_retries = 20 {{(pid=105020) log_opt_values /opt/stack/data/venv/lib/python3.12/site-packages/oslo_config/cfg.py:3006}}
May 14 10:19:23.290635 np0000174131 neutron-periodic-workers[105020]: DEBUG cotyledon.oslo_config_glue [-] database.db_max_retry_interval = 10 {{(pid=105020) log_opt_values /opt/stack/data/venv/lib/python3.12/site-packages/oslo_config/cfg.py:3006}}
May 14 10:19:23.290671 np0000174131 neutron-periodic-workers[105020]: DEBUG cotyledon.oslo_config_glue [-] database.db_retry_interval = 1 {{(pid=105020) log_opt_values /opt/stack/data/venv/lib/python3.12/site-packages/oslo_config/cfg.py:3006}}
May 14 10:19:23.290715 np0000174131 neutron-periodic-workers[105020]: DEBUG cotyledon.oslo_config_glue [-] database.max_overflow = 50 {{(pid=105020) log_opt_values /opt/stack/data/venv/lib/python3.12/site-packages/oslo_config/cfg.py:3006}}
May 14 10:19:23.290769 np0000174131 neutron-periodic-workers[105020]: DEBUG cotyledon.oslo_config_glue [-] database.max_pool_size = 5 {{(pid=105020) log_opt_values /opt/stack/data/venv/lib/python3.12/site-packages/oslo_config/cfg.py:3006}}
May 14 10:19:23.290808 np0000174131 neutron-periodic-workers[105020]: DEBUG cotyledon.oslo_config_glue [-] database.max_retries = 10 {{(pid=105020) log_opt_values /opt/stack/data/venv/lib/python3.12/site-packages/oslo_config/cfg.py:3006}}
May 14 10:19:23.290862 np0000174131 neutron-periodic-workers[105020]: DEBUG cotyledon.oslo_config_glue [-] database.mysql_sql_mode = TRADITIONAL {{(pid=105020) log_opt_values /opt/stack/data/venv/lib/python3.12/site-packages/oslo_config/cfg.py:3006}}
May 14 10:19:23.290903 np0000174131 neutron-periodic-workers[105020]: DEBUG cotyledon.oslo_config_glue [-] database.mysql_wsrep_sync_wait = None {{(pid=105020) log_opt_values /opt/stack/data/venv/lib/python3.12/site-packages/oslo_config/cfg.py:3006}}
May 14 10:19:23.290940 np0000174131 neutron-periodic-workers[105020]: DEBUG cotyledon.oslo_config_glue [-] database.pool_timeout = None {{(pid=105020) log_opt_values /opt/stack/data/venv/lib/python3.12/site-packages/oslo_config/cfg.py:3006}}
May 14 10:19:23.290976 np0000174131 neutron-periodic-workers[105020]: DEBUG cotyledon.oslo_config_glue [-] database.retry_interval = 10 {{(pid=105020) log_opt_values /opt/stack/data/venv/lib/python3.12/site-packages/oslo_config/cfg.py:3006}}
May 14 10:19:23.291370 np0000174131 neutron-periodic-workers[105020]: DEBUG cotyledon.oslo_config_glue [-] database.slave_connection = **** {{(pid=105020) log_opt_values /opt/stack/data/venv/lib/python3.12/site-packages/oslo_config/cfg.py:3006}}
May 14 10:19:23.291419 np0000174131 neutron-periodic-workers[105020]: DEBUG cotyledon.oslo_config_glue [-] database.sqlite_synchronous = True {{(pid=105020) log_opt_values /opt/stack/data/venv/lib/python3.12/site-packages/oslo_config/cfg.py:3006}}
May 14 10:19:23.291456 np0000174131 neutron-periodic-workers[105020]: DEBUG cotyledon.oslo_config_glue [-] database.synchronous_reader = True {{(pid=105020) log_opt_values /opt/stack/data/venv/lib/python3.12/site-packages/oslo_config/cfg.py:3006}}
May 14 10:19:23.291494 np0000174131 neutron-periodic-workers[105020]: DEBUG cotyledon.oslo_config_glue [-] database.use_db_reconnect = False {{(pid=105020) log_opt_values /opt/stack/data/venv/lib/python3.12/site-packages/oslo_config/cfg.py:3006}}
May 14 10:19:23.291634 np0000174131 neutron-periodic-workers[105020]: DEBUG cotyledon.oslo_config_glue [-] ovn.bfd_min_rx = 1000 {{(pid=105020) log_opt_values /opt/stack/data/venv/lib/python3.12/site-packages/oslo_config/cfg.py:3006}}
May 14 10:19:23.291685 np0000174131 neutron-periodic-workers[105020]: DEBUG cotyledon.oslo_config_glue [-] ovn.bfd_min_tx = 100 {{(pid=105020) log_opt_values /opt/stack/data/venv/lib/python3.12/site-packages/oslo_config/cfg.py:3006}}
May 14 10:19:23.291764 np0000174131 neutron-periodic-workers[105020]: DEBUG cotyledon.oslo_config_glue [-] ovn.bfd_mult = 3 {{(pid=105020) log_opt_values /opt/stack/data/venv/lib/python3.12/site-packages/oslo_config/cfg.py:3006}}
May 14 10:19:23.291819 np0000174131 neutron-periodic-workers[105020]: DEBUG cotyledon.oslo_config_glue [-] ovn.broadcast_arps_to_all_routers = True {{(pid=105020) log_opt_values /opt/stack/data/venv/lib/python3.12/site-packages/oslo_config/cfg.py:3006}}
May 14 10:19:23.291895 np0000174131 neutron-periodic-workers[105020]: DEBUG cotyledon.oslo_config_glue [-] ovn.dhcp_default_lease_time = 43200 {{(pid=105020) log_opt_values /opt/stack/data/venv/lib/python3.12/site-packages/oslo_config/cfg.py:3006}}
May 14 10:19:23.292142 np0000174131 neutron-periodic-workers[105020]: DEBUG cotyledon.oslo_config_glue [-] ovn.disable_ovn_dhcp_for_baremetal_ports = False {{(pid=105020) log_opt_values /opt/stack/data/venv/lib/python3.12/site-packages/oslo_config/cfg.py:3006}}
May 14 10:19:23.292202 np0000174131 neutron-periodic-workers[105020]: DEBUG cotyledon.oslo_config_glue [-] ovn.dns_records_ovn_owned = False {{(pid=105020) log_opt_values /opt/stack/data/venv/lib/python3.12/site-packages/oslo_config/cfg.py:3006}}
May 14 10:19:23.292257 np0000174131 neutron-periodic-workers[105020]: DEBUG cotyledon.oslo_config_glue [-] ovn.dns_servers = [] {{(pid=105020) log_opt_values /opt/stack/data/venv/lib/python3.12/site-packages/oslo_config/cfg.py:3006}}
May 14 10:19:23.292298 np0000174131 neutron-periodic-workers[105020]: DEBUG cotyledon.oslo_config_glue [-] ovn.enable_distributed_floating_ip = False {{(pid=105020) log_opt_values /opt/stack/data/venv/lib/python3.12/site-packages/oslo_config/cfg.py:3006}}
May 14 10:19:23.292354 np0000174131 neutron-periodic-workers[105020]: DEBUG cotyledon.oslo_config_glue [-] ovn.fdb_age_threshold = 300 {{(pid=105020) log_opt_values /opt/stack/data/venv/lib/python3.12/site-packages/oslo_config/cfg.py:3006}}
May 14 10:19:23.292409 np0000174131 neutron-periodic-workers[105020]: DEBUG cotyledon.oslo_config_glue [-] ovn.ha_failover_strategy = normal {{(pid=105020) log_opt_values /opt/stack/data/venv/lib/python3.12/site-packages/oslo_config/cfg.py:3006}}
May 14 10:19:23.292449 np0000174131 neutron-periodic-workers[105020]: DEBUG cotyledon.oslo_config_glue [-] ovn.live_migration_activation_strategy = rarp {{(pid=105020) log_opt_values /opt/stack/data/venv/lib/python3.12/site-packages/oslo_config/cfg.py:3006}}
May 14 10:19:23.292487 np0000174131 neutron-periodic-workers[105020]: DEBUG cotyledon.oslo_config_glue [-] ovn.localnet_learn_fdb = False {{(pid=105020) log_opt_values /opt/stack/data/venv/lib/python3.12/site-packages/oslo_config/cfg.py:3006}}
May 14 10:19:23.292548 np0000174131 neutron-periodic-workers[105020]: DEBUG cotyledon.oslo_config_glue [-] ovn.mac_binding_age_threshold = 300 {{(pid=105020) log_opt_values /opt/stack/data/venv/lib/python3.12/site-packages/oslo_config/cfg.py:3006}}
May 14 10:19:23.292608 np0000174131 neutron-periodic-workers[105020]: DEBUG cotyledon.oslo_config_glue [-] ovn.neutron_sync_mode = log {{(pid=105020) log_opt_values /opt/stack/data/venv/lib/python3.12/site-packages/oslo_config/cfg.py:3006}}
May 14 10:19:23.292650 np0000174131 neutron-periodic-workers[105020]: DEBUG cotyledon.oslo_config_glue [-] ovn.ovn_dhcp4_global_options = {} {{(pid=105020) log_opt_values /opt/stack/data/venv/lib/python3.12/site-packages/oslo_config/cfg.py:3006}}
May 14 10:19:23.292701 np0000174131 neutron-periodic-workers[105020]: DEBUG cotyledon.oslo_config_glue [-] ovn.ovn_dhcp6_global_options = {} {{(pid=105020) log_opt_values /opt/stack/data/venv/lib/python3.12/site-packages/oslo_config/cfg.py:3006}}
May 14 10:19:23.292740 np0000174131 neutron-periodic-workers[105020]: DEBUG cotyledon.oslo_config_glue [-] ovn.ovn_l3_scheduler = leastloaded {{(pid=105020) log_opt_values /opt/stack/data/venv/lib/python3.12/site-packages/oslo_config/cfg.py:3006}}
May 14 10:19:23.292793 np0000174131 neutron-periodic-workers[105020]: DEBUG cotyledon.oslo_config_glue [-] ovn.ovn_metadata_enabled = True {{(pid=105020) log_opt_values /opt/stack/data/venv/lib/python3.12/site-packages/oslo_config/cfg.py:3006}}
May 14 10:19:23.293058 np0000174131 neutron-periodic-workers[105020]: DEBUG cotyledon.oslo_config_glue [-] ovn.ovn_nb_ca_cert = /opt/stack/data/CA/int-ca/ca-chain.pem {{(pid=105020) log_opt_values /opt/stack/data/venv/lib/python3.12/site-packages/oslo_config/cfg.py:3006}}
May 14 10:19:23.293114 np0000174131 neutron-periodic-workers[105020]: DEBUG cotyledon.oslo_config_glue [-] ovn.ovn_nb_certificate = /opt/stack/data/CA/int-ca/devstack-cert.crt {{(pid=105020) log_opt_values /opt/stack/data/venv/lib/python3.12/site-packages/oslo_config/cfg.py:3006}}
May 14 10:19:23.293163 np0000174131 neutron-periodic-workers[105020]: DEBUG cotyledon.oslo_config_glue [-] ovn.ovn_nb_connection = ['ssl:199.19.213.103:6641'] {{(pid=105020) log_opt_values /opt/stack/data/venv/lib/python3.12/site-packages/oslo_config/cfg.py:3006}}
May 14 10:19:23.293204 np0000174131 neutron-periodic-workers[105020]: DEBUG cotyledon.oslo_config_glue [-] ovn.ovn_nb_private_key = /opt/stack/data/CA/int-ca/private/devstack-cert.key {{(pid=105020) log_opt_values /opt/stack/data/venv/lib/python3.12/site-packages/oslo_config/cfg.py:3006}}
May 14 10:19:23.293332 np0000174131 neutron-periodic-workers[105020]: DEBUG cotyledon.oslo_config_glue [-] ovn.ovn_router_indirect_snat = False {{(pid=105020) log_opt_values /opt/stack/data/venv/lib/python3.12/site-packages/oslo_config/cfg.py:3006}}
May 14 10:19:23.293409 np0000174131 neutron-periodic-workers[105020]: DEBUG cotyledon.oslo_config_glue [-] ovn.ovn_sb_ca_cert = /opt/stack/data/CA/int-ca/ca-chain.pem {{(pid=105020) log_opt_values /opt/stack/data/venv/lib/python3.12/site-packages/oslo_config/cfg.py:3006}}
May 14 10:19:23.293455 np0000174131 neutron-periodic-workers[105020]: DEBUG cotyledon.oslo_config_glue [-] ovn.ovn_sb_certificate = /opt/stack/data/CA/int-ca/devstack-cert.crt {{(pid=105020) log_opt_values /opt/stack/data/venv/lib/python3.12/site-packages/oslo_config/cfg.py:3006}}
May 14 10:19:23.293494 np0000174131 neutron-periodic-workers[105020]: DEBUG cotyledon.oslo_config_glue [-] ovn.ovn_sb_connection = ['ssl:199.19.213.103:6642'] {{(pid=105020) log_opt_values /opt/stack/data/venv/lib/python3.12/site-packages/oslo_config/cfg.py:3006}}
May 14 10:19:23.293532 np0000174131 neutron-periodic-workers[105020]: DEBUG cotyledon.oslo_config_glue [-] ovn.ovn_sb_private_key = /opt/stack/data/CA/int-ca/private/devstack-cert.key {{(pid=105020) log_opt_values /opt/stack/data/venv/lib/python3.12/site-packages/oslo_config/cfg.py:3006}}
May 14 10:19:23.293583 np0000174131 neutron-periodic-workers[105020]: DEBUG cotyledon.oslo_config_glue [-] ovn.ovs_create_tap = False {{(pid=105020) log_opt_values /opt/stack/data/venv/lib/python3.12/site-packages/oslo_config/cfg.py:3006}}
May 14 10:19:23.293625 np0000174131 neutron-periodic-workers[105020]: DEBUG cotyledon.oslo_config_glue [-] ovn.ovsdb_connection_timeout = 180 {{(pid=105020) log_opt_values /opt/stack/data/venv/lib/python3.12/site-packages/oslo_config/cfg.py:3006}}
May 14 10:19:23.293662 np0000174131 neutron-periodic-workers[105020]: DEBUG cotyledon.oslo_config_glue [-] ovn.ovsdb_log_level = INFO {{(pid=105020) log_opt_values /opt/stack/data/venv/lib/python3.12/site-packages/oslo_config/cfg.py:3006}}
May 14 10:19:23.293700 np0000174131 neutron-periodic-workers[105020]: DEBUG cotyledon.oslo_config_glue [-] ovn.ovsdb_probe_interval = 60000 {{(pid=105020) log_opt_values /opt/stack/data/venv/lib/python3.12/site-packages/oslo_config/cfg.py:3006}}
May 14 10:19:23.293738 np0000174131 neutron-periodic-workers[105020]: DEBUG cotyledon.oslo_config_glue [-] ovn.ovsdb_retry_max_interval = 180 {{(pid=105020) log_opt_values /opt/stack/data/venv/lib/python3.12/site-packages/oslo_config/cfg.py:3006}}
May 14 10:19:23.293775 np0000174131 neutron-periodic-workers[105020]: DEBUG cotyledon.oslo_config_glue [-] ovn.stateless_nat_enabled = False {{(pid=105020) log_opt_values /opt/stack/data/venv/lib/python3.12/site-packages/oslo_config/cfg.py:3006}}
May 14 10:19:23.293846 np0000174131 neutron-periodic-workers[105020]: DEBUG cotyledon.oslo_config_glue [-] ovn.vhost_sock_dir = /var/run/openvswitch {{(pid=105020) log_opt_values /opt/stack/data/venv/lib/python3.12/site-packages/oslo_config/cfg.py:3006}}
May 14 10:19:23.293908 np0000174131 neutron-periodic-workers[105020]: DEBUG cotyledon.oslo_config_glue [-] OVS.bridge_mac_table_size = 50000 {{(pid=105020) log_opt_values /opt/stack/data/venv/lib/python3.12/site-packages/oslo_config/cfg.py:3006}}
May 14 10:19:23.293960 np0000174131 neutron-periodic-workers[105020]: DEBUG cotyledon.oslo_config_glue [-] OVS.igmp_flood = False {{(pid=105020) log_opt_values /opt/stack/data/venv/lib/python3.12/site-packages/oslo_config/cfg.py:3006}}
May 14 10:19:23.294052 np0000174131 neutron-periodic-workers[105020]: DEBUG cotyledon.oslo_config_glue [-] OVS.igmp_flood_reports = True {{(pid=105020) log_opt_values /opt/stack/data/venv/lib/python3.12/site-packages/oslo_config/cfg.py:3006}}
May 14 10:19:23.294108 np0000174131 neutron-periodic-workers[105020]: DEBUG cotyledon.oslo_config_glue [-] OVS.igmp_flood_unregistered = False {{(pid=105020) log_opt_values /opt/stack/data/venv/lib/python3.12/site-packages/oslo_config/cfg.py:3006}}
May 14 10:19:23.294167 np0000174131 neutron-periodic-workers[105020]: DEBUG cotyledon.oslo_config_glue [-] OVS.igmp_snooping_enable = False {{(pid=105020) log_opt_values /opt/stack/data/venv/lib/python3.12/site-packages/oslo_config/cfg.py:3006}}
May 14 10:19:23.294227 np0000174131 neutron-periodic-workers[105020]: DEBUG cotyledon.oslo_config_glue [-] OVS.ovsdb_timeout = 10 {{(pid=105020) log_opt_values /opt/stack/data/venv/lib/python3.12/site-packages/oslo_config/cfg.py:3006}}
May 14 10:19:23.294227 np0000174131 neutron-periodic-workers[105020]: DEBUG cotyledon.oslo_config_glue [-] ovn_nb_global.fdb_removal_limit = 0 {{(pid=105020) log_opt_values /opt/stack/data/venv/lib/python3.12/site-packages/oslo_config/cfg.py:3006}}
May 14 10:19:23.294326 np0000174131 neutron-periodic-workers[105020]: DEBUG cotyledon.oslo_config_glue [-] ovn_nb_global.ignore_lsp_down = False {{(pid=105020) log_opt_values /opt/stack/data/venv/lib/python3.12/site-packages/oslo_config/cfg.py:3006}}
May 14 10:19:23.294326 np0000174131 neutron-periodic-workers[105020]: DEBUG cotyledon.oslo_config_glue [-] ovn_nb_global.mac_binding_removal_limit = 0 {{(pid=105020) log_opt_values /opt/stack/data/venv/lib/python3.12/site-packages/oslo_config/cfg.py:3006}}
May 14 10:19:23.294417 np0000174131 neutron-periodic-workers[105020]: DEBUG cotyledon.oslo_config_glue [-] ******************************************************************************** {{(pid=105020) log_opt_values /opt/stack/data/venv/lib/python3.12/site-packages/oslo_config/cfg.py:3013}}
May 14 10:19:23.294710 np0000174131 neutron-periodic-workers[105020]: DEBUG cotyledon._service_worker [-] Run service ServiceWrapper(0) [105020] {{(pid=105020) wait_forever /opt/stack/data/venv/lib/python3.12/site-packages/cotyledon/_service_worker.py:218}}
May 14 10:19:32.241050 np0000174131 neutron-periodic-workers[104994]: DEBUG oslo_db.sqlalchemy.engines [None req-e502b57b-b325-440a-81a5-907974a1937a None None] Parent process 104183 forked (104994) with an open database connection, which is being discarded and recreated. {{(pid=104994) checkout /opt/stack/data/venv/lib/python3.12/site-packages/oslo_db/sqlalchemy/engines.py:402}}
May 14 10:19:32.266749 np0000174131 neutron-periodic-workers[104994]: DEBUG dbcounter [-] [104994] Writer thread running {{(pid=104994) stat_writer /opt/stack/data/venv/lib/python3.12/site-packages/dbcounter.py:102}}
May 14 10:19:32.284638 np0000174131 neutron-periodic-workers[104994]: DEBUG oslo.service.backend._threading.loopingcall [None req-e502b57b-b325-440a-81a5-907974a1937a None None] Fixed interval looping call 'neutron.services.ovn_l3.plugin.L3_NAT_dbonly_mixin._clean_garbage' sleeping for 299.95 seconds {{(pid=104994) _run_loop /opt/stack/data/venv/lib/python3.12/site-packages/oslo_service/backend/_threading/loopingcall.py:125}}
May 14 10:19:32.936329 np0000174131 neutron-periodic-workers[104183]: DEBUG dbcounter [-] [104183] Writing DB stats neutron:SELECT=4 {{(pid=104183) stat_writer /opt/stack/data/venv/lib/python3.12/site-packages/dbcounter.py:115}}
May 14 10:19:42.267512 np0000174131 neutron-periodic-workers[104994]: DEBUG dbcounter [-] [104994] Writing DB stats neutron:SELECT=1 {{(pid=104994) stat_writer /opt/stack/data/venv/lib/python3.12/site-packages/dbcounter.py:115}}
May 14 10:20:09.265888 np0000174131 neutron-periodic-workers[104997]: DEBUG dbcounter [-] [104997] Writer thread running {{(pid=104997) stat_writer /opt/stack/data/venv/lib/python3.12/site-packages/dbcounter.py:102}}
May 14 10:20:09.276630 np0000174131 neutron-periodic-workers[104997]: DEBUG oslo.service.backend._threading.loopingcall [None req-f15cba0e-5da5-4911-bfbc-3ef32a91dbff None None] Fixed interval looping call 'neutron.plugins.ml2.plugin.DhcpAgentSchedulerDbMixin.remove_networks_from_down_agents' sleeping for 36.98 seconds {{(pid=104997) _run_loop /opt/stack/data/venv/lib/python3.12/site-packages/oslo_service/backend/_threading/loopingcall.py:125}}
May 14 10:20:19.275417 np0000174131 neutron-periodic-workers[104997]: DEBUG dbcounter [-] [104997] Writing DB stats neutron:SELECT=3 {{(pid=104997) stat_writer /opt/stack/data/venv/lib/python3.12/site-packages/dbcounter.py:115}}
May 14 10:20:34.292317 np0000174131 neutron-periodic-workers[105011]: DEBUG dbcounter [-] [105011] Writer thread running {{(pid=105011) stat_writer /opt/stack/data/venv/lib/python3.12/site-packages/dbcounter.py:102}}
May 14 10:20:34.295689 np0000174131 neutron-periodic-workers[105011]: DEBUG neutron.db.agents_db [None req-71409167-c298-4099-909e-9423408fd991 None None] Agent healthcheck: found 0 active agents {{(pid=105011) agent_health_check /opt/stack/neutron/neutron/db/agents_db.py:322}}
May 14 10:20:34.295918 np0000174131 neutron-periodic-workers[105011]: DEBUG oslo.service.backend._threading.loopingcall [None req-71409167-c298-4099-909e-9423408fd991 None None] Fixed interval looping call 'neutron.plugins.ml2.plugin.AgentDbMixin.agent_health_check' sleeping for 36.98 seconds {{(pid=105011) _run_loop /opt/stack/data/venv/lib/python3.12/site-packages/oslo_service/backend/_threading/loopingcall.py:125}}
May 14 10:20:44.292954 np0000174131 neutron-periodic-workers[105011]: DEBUG dbcounter [-] [105011] Writing DB stats neutron:SELECT=1 {{(pid=105011) stat_writer /opt/stack/data/venv/lib/python3.12/site-packages/dbcounter.py:115}}
May 14 10:20:46.266948 np0000174131 neutron-periodic-workers[104997]: DEBUG oslo.service.backend._threading.loopingcall [None req-f15cba0e-5da5-4911-bfbc-3ef32a91dbff None None] Fixed interval looping call 'neutron.plugins.ml2.plugin.DhcpAgentSchedulerDbMixin.remove_networks_from_down_agents' sleeping for 36.99 seconds {{(pid=104997) _run_loop /opt/stack/data/venv/lib/python3.12/site-packages/oslo_service/backend/_threading/loopingcall.py:125}}
May 14 10:20:56.265629 np0000174131 neutron-periodic-workers[104997]: DEBUG dbcounter [-] [104997] Writing DB stats neutron:SELECT=3 {{(pid=104997) stat_writer /opt/stack/data/venv/lib/python3.12/site-packages/dbcounter.py:115}}
May 14 10:21:11.282868 np0000174131 neutron-periodic-workers[105011]: DEBUG neutron.db.agents_db [None req-71409167-c298-4099-909e-9423408fd991 None None] Agent healthcheck: found 0 active agents {{(pid=105011) agent_health_check /opt/stack/neutron/neutron/db/agents_db.py:322}}
May 14 10:21:11.283493 np0000174131 neutron-periodic-workers[105011]: DEBUG oslo.service.backend._threading.loopingcall [None req-71409167-c298-4099-909e-9423408fd991 None None] Fixed interval looping call 'neutron.plugins.ml2.plugin.AgentDbMixin.agent_health_check' sleeping for 36.99 seconds {{(pid=105011) _run_loop /opt/stack/data/venv/lib/python3.12/site-packages/oslo_service/backend/_threading/loopingcall.py:125}}
May 14 10:21:21.280880 np0000174131 neutron-periodic-workers[105011]: DEBUG dbcounter [-] [105011] Writing DB stats neutron:SELECT=1 {{(pid=105011) stat_writer /opt/stack/data/venv/lib/python3.12/site-packages/dbcounter.py:115}}
May 14 10:21:23.268520 np0000174131 neutron-periodic-workers[104997]: DEBUG oslo.service.backend._threading.loopingcall [None req-f15cba0e-5da5-4911-bfbc-3ef32a91dbff None None] Fixed interval looping call 'neutron.plugins.ml2.plugin.DhcpAgentSchedulerDbMixin.remove_networks_from_down_agents' sleeping for 36.99 seconds {{(pid=104997) _run_loop /opt/stack/data/venv/lib/python3.12/site-packages/oslo_service/backend/_threading/loopingcall.py:125}}
May 14 10:21:23.312748 np0000174131 neutron-periodic-workers[105020]: DEBUG dbcounter [-] [105020] Writer thread running {{(pid=105020) stat_writer /opt/stack/data/venv/lib/python3.12/site-packages/dbcounter.py:102}}
May 14 10:21:23.316305 np0000174131 neutron-periodic-workers[105020]: DEBUG oslo.service.backend._threading.loopingcall [None req-60a5e062-f2ee-4a49-8faf-b6d7217f5c45 None None] Fixed interval looping call 'neutron.db.quota.driver_nolock.DbQuotaNoLockDriver._remove_expired_reservations' sleeping for 119.98 seconds {{(pid=105020) _run_loop /opt/stack/data/venv/lib/python3.12/site-packages/oslo_service/backend/_threading/loopingcall.py:125}}
May 14 10:21:33.267231 np0000174131 neutron-periodic-workers[104997]: DEBUG dbcounter [-] [104997] Writing DB stats neutron:SELECT=3 {{(pid=104997) stat_writer /opt/stack/data/venv/lib/python3.12/site-packages/dbcounter.py:115}}
May 14 10:21:33.313524 np0000174131 neutron-periodic-workers[105020]: DEBUG dbcounter [-] [105020] Writing DB stats neutron:DELETE=1 {{(pid=105020) stat_writer /opt/stack/data/venv/lib/python3.12/site-packages/dbcounter.py:115}}
May 14 10:21:48.280147 np0000174131 neutron-periodic-workers[105011]: DEBUG neutron.db.agents_db [None req-71409167-c298-4099-909e-9423408fd991 None None] Agent healthcheck: found 0 active agents {{(pid=105011) agent_health_check /opt/stack/neutron/neutron/db/agents_db.py:322}}
May 14 10:21:48.280637 np0000174131 neutron-periodic-workers[105011]: DEBUG oslo.service.backend._threading.loopingcall [None req-71409167-c298-4099-909e-9423408fd991 None None] Fixed interval looping call 'neutron.plugins.ml2.plugin.AgentDbMixin.agent_health_check' sleeping for 36.99 seconds {{(pid=105011) _run_loop /opt/stack/data/venv/lib/python3.12/site-packages/oslo_service/backend/_threading/loopingcall.py:125}}
May 14 10:21:58.277055 np0000174131 neutron-periodic-workers[105011]: DEBUG dbcounter [-] [105011] Writing DB stats neutron:SELECT=1 {{(pid=105011) stat_writer /opt/stack/data/venv/lib/python3.12/site-packages/dbcounter.py:115}}
May 14 10:22:00.268301 np0000174131 neutron-periodic-workers[104997]: DEBUG oslo.service.backend._threading.loopingcall [None req-f15cba0e-5da5-4911-bfbc-3ef32a91dbff None None] Fixed interval looping call 'neutron.plugins.ml2.plugin.DhcpAgentSchedulerDbMixin.remove_networks_from_down_agents' sleeping for 36.99 seconds {{(pid=104997) _run_loop /opt/stack/data/venv/lib/python3.12/site-packages/oslo_service/backend/_threading/loopingcall.py:125}}
May 14 10:22:10.267378 np0000174131 neutron-periodic-workers[104997]: DEBUG dbcounter [-] [104997] Writing DB stats neutron:SELECT=3 {{(pid=104997) stat_writer /opt/stack/data/venv/lib/python3.12/site-packages/dbcounter.py:115}}
May 14 10:22:25.274574 np0000174131 neutron-periodic-workers[105011]: DEBUG neutron.db.agents_db [None req-71409167-c298-4099-909e-9423408fd991 None None] Agent healthcheck: found 0 active agents {{(pid=105011) agent_health_check /opt/stack/neutron/neutron/db/agents_db.py:322}}
May 14 10:22:25.275124 np0000174131 neutron-periodic-workers[105011]: DEBUG oslo.service.backend._threading.loopingcall [None req-71409167-c298-4099-909e-9423408fd991 None None] Fixed interval looping call 'neutron.plugins.ml2.plugin.AgentDbMixin.agent_health_check' sleeping for 37.00 seconds {{(pid=105011) _run_loop /opt/stack/data/venv/lib/python3.12/site-packages/oslo_service/backend/_threading/loopingcall.py:125}}
May 14 10:22:35.273140 np0000174131 neutron-periodic-workers[105011]: DEBUG dbcounter [-] [105011] Writing DB stats neutron:SELECT=1 {{(pid=105011) stat_writer /opt/stack/data/venv/lib/python3.12/site-packages/dbcounter.py:115}}
May 14 10:22:37.269136 np0000174131 neutron-periodic-workers[104997]: DEBUG oslo.service.backend._threading.loopingcall [None req-f15cba0e-5da5-4911-bfbc-3ef32a91dbff None None] Fixed interval looping call 'neutron.plugins.ml2.plugin.DhcpAgentSchedulerDbMixin.remove_networks_from_down_agents' sleeping for 36.99 seconds {{(pid=104997) _run_loop /opt/stack/data/venv/lib/python3.12/site-packages/oslo_service/backend/_threading/loopingcall.py:125}}
May 14 10:22:47.267541 np0000174131 neutron-periodic-workers[104997]: DEBUG dbcounter [-] [104997] Writing DB stats neutron:SELECT=3 {{(pid=104997) stat_writer /opt/stack/data/venv/lib/python3.12/site-packages/dbcounter.py:115}}
May 14 10:23:02.281288 np0000174131 neutron-periodic-workers[105011]: DEBUG neutron.db.agents_db [None req-71409167-c298-4099-909e-9423408fd991 None None] Agent healthcheck: found 0 active agents {{(pid=105011) agent_health_check /opt/stack/neutron/neutron/db/agents_db.py:322}}
May 14 10:23:02.282029 np0000174131 neutron-periodic-workers[105011]: DEBUG oslo.service.backend._threading.loopingcall [None req-71409167-c298-4099-909e-9423408fd991 None None] Fixed interval looping call 'neutron.plugins.ml2.plugin.AgentDbMixin.agent_health_check' sleeping for 36.99 seconds {{(pid=105011) _run_loop /opt/stack/data/venv/lib/python3.12/site-packages/oslo_service/backend/_threading/loopingcall.py:125}}
May 14 10:23:12.279382 np0000174131 neutron-periodic-workers[105011]: DEBUG dbcounter [-] [105011] Writing DB stats neutron:SELECT=1 {{(pid=105011) stat_writer /opt/stack/data/venv/lib/python3.12/site-packages/dbcounter.py:115}}
May 14 10:23:14.266783 np0000174131 neutron-periodic-workers[104997]: DEBUG oslo.service.backend._threading.loopingcall [None req-f15cba0e-5da5-4911-bfbc-3ef32a91dbff None None] Fixed interval looping call 'neutron.plugins.ml2.plugin.DhcpAgentSchedulerDbMixin.remove_networks_from_down_agents' sleeping for 36.99 seconds {{(pid=104997) _run_loop /opt/stack/data/venv/lib/python3.12/site-packages/oslo_service/backend/_threading/loopingcall.py:125}}
May 14 10:23:23.299831 np0000174131 neutron-periodic-workers[105020]: DEBUG oslo.service.backend._threading.loopingcall [None req-60a5e062-f2ee-4a49-8faf-b6d7217f5c45 None None] Fixed interval looping call 'neutron.db.quota.driver_nolock.DbQuotaNoLockDriver._remove_expired_reservations' sleeping for 120.00 seconds {{(pid=105020) _run_loop /opt/stack/data/venv/lib/python3.12/site-packages/oslo_service/backend/_threading/loopingcall.py:125}}
May 14 10:23:24.265992 np0000174131 neutron-periodic-workers[104997]: DEBUG dbcounter [-] [104997] Writing DB stats neutron:SELECT=3 {{(pid=104997) stat_writer /opt/stack/data/venv/lib/python3.12/site-packages/dbcounter.py:115}}
May 14 10:23:33.298830 np0000174131 neutron-periodic-workers[105020]: DEBUG dbcounter [-] [105020] Writing DB stats neutron:DELETE=1 {{(pid=105020) stat_writer /opt/stack/data/venv/lib/python3.12/site-packages/dbcounter.py:115}}
May 14 10:23:39.275579 np0000174131 neutron-periodic-workers[105011]: DEBUG neutron.db.agents_db [None req-71409167-c298-4099-909e-9423408fd991 None None] Agent healthcheck: found 0 active agents {{(pid=105011) agent_health_check /opt/stack/neutron/neutron/db/agents_db.py:322}}
May 14 10:23:39.276289 np0000174131 neutron-periodic-workers[105011]: DEBUG oslo.service.backend._threading.loopingcall [None req-71409167-c298-4099-909e-9423408fd991 None None] Fixed interval looping call 'neutron.plugins.ml2.plugin.AgentDbMixin.agent_health_check' sleeping for 37.00 seconds {{(pid=105011) _run_loop /opt/stack/data/venv/lib/python3.12/site-packages/oslo_service/backend/_threading/loopingcall.py:125}}
May 14 10:23:49.274879 np0000174131 neutron-periodic-workers[105011]: DEBUG dbcounter [-] [105011] Writing DB stats neutron:SELECT=1 {{(pid=105011) stat_writer /opt/stack/data/venv/lib/python3.12/site-packages/dbcounter.py:115}}
May 14 10:23:51.267859 np0000174131 neutron-periodic-workers[104997]: DEBUG oslo.service.backend._threading.loopingcall [None req-f15cba0e-5da5-4911-bfbc-3ef32a91dbff None None] Fixed interval looping call 'neutron.plugins.ml2.plugin.DhcpAgentSchedulerDbMixin.remove_networks_from_down_agents' sleeping for 36.99 seconds {{(pid=104997) _run_loop /opt/stack/data/venv/lib/python3.12/site-packages/oslo_service/backend/_threading/loopingcall.py:125}}
May 14 10:24:01.266730 np0000174131 neutron-periodic-workers[104997]: DEBUG dbcounter [-] [104997] Writing DB stats neutron:SELECT=3 {{(pid=104997) stat_writer /opt/stack/data/venv/lib/python3.12/site-packages/dbcounter.py:115}}
May 14 10:24:16.281919 np0000174131 neutron-periodic-workers[105011]: DEBUG neutron.db.agents_db [None req-71409167-c298-4099-909e-9423408fd991 None None] Agent healthcheck: found 0 active agents {{(pid=105011) agent_health_check /opt/stack/neutron/neutron/db/agents_db.py:322}}
May 14 10:24:16.281919 np0000174131 neutron-periodic-workers[105011]: DEBUG oslo.service.backend._threading.loopingcall [None req-71409167-c298-4099-909e-9423408fd991 None None] Fixed interval looping call 'neutron.plugins.ml2.plugin.AgentDbMixin.agent_health_check' sleeping for 36.99 seconds {{(pid=105011) _run_loop /opt/stack/data/venv/lib/python3.12/site-packages/oslo_service/backend/_threading/loopingcall.py:125}}
May 14 10:24:26.279715 np0000174131 neutron-periodic-workers[105011]: DEBUG dbcounter [-] [105011] Writing DB stats neutron:SELECT=1 {{(pid=105011) stat_writer /opt/stack/data/venv/lib/python3.12/site-packages/dbcounter.py:115}}
May 14 10:24:28.271182 np0000174131 neutron-periodic-workers[104997]: DEBUG oslo.service.backend._threading.loopingcall [None req-f15cba0e-5da5-4911-bfbc-3ef32a91dbff None None] Fixed interval looping call 'neutron.plugins.ml2.plugin.DhcpAgentSchedulerDbMixin.remove_networks_from_down_agents' sleeping for 36.99 seconds {{(pid=104997) _run_loop /opt/stack/data/venv/lib/python3.12/site-packages/oslo_service/backend/_threading/loopingcall.py:125}}
May 14 10:24:32.243651 np0000174131 neutron-periodic-workers[104994]: DEBUG oslo.service.backend._threading.loopingcall [None req-e502b57b-b325-440a-81a5-907974a1937a None None] Fixed interval looping call 'neutron.services.ovn_l3.plugin.L3_NAT_dbonly_mixin._clean_garbage' sleeping for 299.99 seconds {{(pid=104994) _run_loop /opt/stack/data/venv/lib/python3.12/site-packages/oslo_service/backend/_threading/loopingcall.py:125}}
May 14 10:24:38.269886 np0000174131 neutron-periodic-workers[104997]: DEBUG dbcounter [-] [104997] Writing DB stats neutron:SELECT=3 {{(pid=104997) stat_writer /opt/stack/data/venv/lib/python3.12/site-packages/dbcounter.py:115}}
May 14 10:24:42.238089 np0000174131 neutron-periodic-workers[104994]: DEBUG dbcounter [-] [104994] Writing DB stats neutron:SELECT=1 {{(pid=104994) stat_writer /opt/stack/data/venv/lib/python3.12/site-packages/dbcounter.py:115}}
May 14 10:24:53.277387 np0000174131 neutron-periodic-workers[105011]: DEBUG neutron.db.agents_db [None req-71409167-c298-4099-909e-9423408fd991 None None] Agent healthcheck: found 0 active agents {{(pid=105011) agent_health_check /opt/stack/neutron/neutron/db/agents_db.py:322}}
May 14 10:24:53.278196 np0000174131 neutron-periodic-workers[105011]: DEBUG oslo.service.backend._threading.loopingcall [None req-71409167-c298-4099-909e-9423408fd991 None None] Fixed interval looping call 'neutron.plugins.ml2.plugin.AgentDbMixin.agent_health_check' sleeping for 36.99 seconds {{(pid=105011) _run_loop /opt/stack/data/venv/lib/python3.12/site-packages/oslo_service/backend/_threading/loopingcall.py:125}}
May 14 10:25:03.276219 np0000174131 neutron-periodic-workers[105011]: DEBUG dbcounter [-] [105011] Writing DB stats neutron:SELECT=1 {{(pid=105011) stat_writer /opt/stack/data/venv/lib/python3.12/site-packages/dbcounter.py:115}}
May 14 10:25:05.268683 np0000174131 neutron-periodic-workers[104997]: DEBUG oslo.service.backend._threading.loopingcall [None req-f15cba0e-5da5-4911-bfbc-3ef32a91dbff None None] Fixed interval looping call 'neutron.plugins.ml2.plugin.DhcpAgentSchedulerDbMixin.remove_networks_from_down_agents' sleeping for 36.99 seconds {{(pid=104997) _run_loop /opt/stack/data/venv/lib/python3.12/site-packages/oslo_service/backend/_threading/loopingcall.py:125}}
May 14 10:25:15.268375 np0000174131 neutron-periodic-workers[104997]: DEBUG dbcounter [-] [104997] Writing DB stats neutron:SELECT=3 {{(pid=104997) stat_writer /opt/stack/data/venv/lib/python3.12/site-packages/dbcounter.py:115}}
May 14 10:25:23.305858 np0000174131 neutron-periodic-workers[105020]: DEBUG oslo.service.backend._threading.loopingcall [None req-60a5e062-f2ee-4a49-8faf-b6d7217f5c45 None None] Fixed interval looping call 'neutron.db.quota.driver_nolock.DbQuotaNoLockDriver._remove_expired_reservations' sleeping for 120.00 seconds {{(pid=105020) _run_loop /opt/stack/data/venv/lib/python3.12/site-packages/oslo_service/backend/_threading/loopingcall.py:125}}
May 14 10:25:30.273249 np0000174131 neutron-periodic-workers[105011]: DEBUG neutron.db.agents_db [None req-71409167-c298-4099-909e-9423408fd991 None None] Agent healthcheck: found 0 active agents {{(pid=105011) agent_health_check /opt/stack/neutron/neutron/db/agents_db.py:322}}
May 14 10:25:30.273249 np0000174131 neutron-periodic-workers[105011]: DEBUG oslo.service.backend._threading.loopingcall [None req-71409167-c298-4099-909e-9423408fd991 None None] Fixed interval looping call 'neutron.plugins.ml2.plugin.AgentDbMixin.agent_health_check' sleeping for 36.99 seconds {{(pid=105011) _run_loop /opt/stack/data/venv/lib/python3.12/site-packages/oslo_service/backend/_threading/loopingcall.py:125}}
May 14 10:25:33.304458 np0000174131 neutron-periodic-workers[105020]: DEBUG dbcounter [-] [105020] Writing DB stats neutron:DELETE=1 {{(pid=105020) stat_writer /opt/stack/data/venv/lib/python3.12/site-packages/dbcounter.py:115}}
May 14 10:25:40.272114 np0000174131 neutron-periodic-workers[105011]: DEBUG dbcounter [-] [105011] Writing DB stats neutron:SELECT=1 {{(pid=105011) stat_writer /opt/stack/data/venv/lib/python3.12/site-packages/dbcounter.py:115}}
May 14 10:25:42.270705 np0000174131 neutron-periodic-workers[104997]: DEBUG oslo.service.backend._threading.loopingcall [None req-f15cba0e-5da5-4911-bfbc-3ef32a91dbff None None] Fixed interval looping call 'neutron.plugins.ml2.plugin.DhcpAgentSchedulerDbMixin.remove_networks_from_down_agents' sleeping for 36.99 seconds {{(pid=104997) _run_loop /opt/stack/data/venv/lib/python3.12/site-packages/oslo_service/backend/_threading/loopingcall.py:125}}
May 14 10:25:52.269228 np0000174131 neutron-periodic-workers[104997]: DEBUG dbcounter [-] [104997] Writing DB stats neutron:SELECT=3 {{(pid=104997) stat_writer /opt/stack/data/venv/lib/python3.12/site-packages/dbcounter.py:115}}
May 14 10:26:07.270485 np0000174131 neutron-periodic-workers[105011]: DEBUG neutron.db.agents_db [None req-71409167-c298-4099-909e-9423408fd991 None None] Agent healthcheck: found 0 active agents {{(pid=105011) agent_health_check /opt/stack/neutron/neutron/db/agents_db.py:322}}
May 14 10:26:07.271066 np0000174131 neutron-periodic-workers[105011]: DEBUG oslo.service.backend._threading.loopingcall [None req-71409167-c298-4099-909e-9423408fd991 None None] Fixed interval looping call 'neutron.plugins.ml2.plugin.AgentDbMixin.agent_health_check' sleeping for 36.99 seconds {{(pid=105011) _run_loop /opt/stack/data/venv/lib/python3.12/site-packages/oslo_service/backend/_threading/loopingcall.py:125}}
May 14 10:26:17.267980 np0000174131 neutron-periodic-workers[105011]: DEBUG dbcounter [-] [105011] Writing DB stats neutron:SELECT=1 {{(pid=105011) stat_writer /opt/stack/data/venv/lib/python3.12/site-packages/dbcounter.py:115}}
May 14 10:26:19.271035 np0000174131 neutron-periodic-workers[104997]: DEBUG oslo.service.backend._threading.loopingcall [None req-f15cba0e-5da5-4911-bfbc-3ef32a91dbff None None] Fixed interval looping call 'neutron.plugins.ml2.plugin.DhcpAgentSchedulerDbMixin.remove_networks_from_down_agents' sleeping for 36.99 seconds {{(pid=104997) _run_loop /opt/stack/data/venv/lib/python3.12/site-packages/oslo_service/backend/_threading/loopingcall.py:125}}
May 14 10:26:29.269476 np0000174131 neutron-periodic-workers[104997]: DEBUG dbcounter [-] [104997] Writing DB stats neutron:SELECT=3 {{(pid=104997) stat_writer /opt/stack/data/venv/lib/python3.12/site-packages/dbcounter.py:115}}
May 14 10:26:44.267521 np0000174131 neutron-periodic-workers[105011]: DEBUG neutron.db.agents_db [None req-71409167-c298-4099-909e-9423408fd991 None None] Agent healthcheck: found 0 active agents {{(pid=105011) agent_health_check /opt/stack/neutron/neutron/db/agents_db.py:322}}
May 14 10:26:44.268750 np0000174131 neutron-periodic-workers[105011]: DEBUG oslo.service.backend._threading.loopingcall [None req-71409167-c298-4099-909e-9423408fd991 None None] Fixed interval looping call 'neutron.plugins.ml2.plugin.AgentDbMixin.agent_health_check' sleeping for 36.99 seconds {{(pid=105011) _run_loop /opt/stack/data/venv/lib/python3.12/site-packages/oslo_service/backend/_threading/loopingcall.py:125}}
May 14 10:26:54.265753 np0000174131 neutron-periodic-workers[105011]: DEBUG dbcounter [-] [105011] Writing DB stats neutron:SELECT=1 {{(pid=105011) stat_writer /opt/stack/data/venv/lib/python3.12/site-packages/dbcounter.py:115}}
May 14 10:26:56.270621 np0000174131 neutron-periodic-workers[104997]: DEBUG oslo.service.backend._threading.loopingcall [None req-f15cba0e-5da5-4911-bfbc-3ef32a91dbff None None] Fixed interval looping call 'neutron.plugins.ml2.plugin.DhcpAgentSchedulerDbMixin.remove_networks_from_down_agents' sleeping for 36.99 seconds {{(pid=104997) _run_loop /opt/stack/data/venv/lib/python3.12/site-packages/oslo_service/backend/_threading/loopingcall.py:125}}
May 14 10:27:06.270156 np0000174131 neutron-periodic-workers[104997]: DEBUG dbcounter [-] [104997] Writing DB stats neutron:SELECT=3 {{(pid=104997) stat_writer /opt/stack/data/venv/lib/python3.12/site-packages/dbcounter.py:115}}
May 14 10:27:21.263273 np0000174131 neutron-periodic-workers[105011]: DEBUG neutron.db.agents_db [None req-71409167-c298-4099-909e-9423408fd991 None None] Agent healthcheck: found 0 active agents {{(pid=105011) agent_health_check /opt/stack/neutron/neutron/db/agents_db.py:322}}
May 14 10:27:21.263848 np0000174131 neutron-periodic-workers[105011]: DEBUG oslo.service.backend._threading.loopingcall [None req-71409167-c298-4099-909e-9423408fd991 None None] Fixed interval looping call 'neutron.plugins.ml2.plugin.AgentDbMixin.agent_health_check' sleeping for 36.99 seconds {{(pid=105011) _run_loop /opt/stack/data/venv/lib/python3.12/site-packages/oslo_service/backend/_threading/loopingcall.py:125}}
May 14 10:27:23.311076 np0000174131 neutron-periodic-workers[105020]: DEBUG oslo.service.backend._threading.loopingcall [None req-60a5e062-f2ee-4a49-8faf-b6d7217f5c45 None None] Fixed interval looping call 'neutron.db.quota.driver_nolock.DbQuotaNoLockDriver._remove_expired_reservations' sleeping for 120.00 seconds {{(pid=105020) _run_loop /opt/stack/data/venv/lib/python3.12/site-packages/oslo_service/backend/_threading/loopingcall.py:125}}
May 14 10:27:31.261820 np0000174131 neutron-periodic-workers[105011]: DEBUG dbcounter [-] [105011] Writing DB stats neutron:SELECT=1 {{(pid=105011) stat_writer /opt/stack/data/venv/lib/python3.12/site-packages/dbcounter.py:115}}
May 14 10:27:33.267701 np0000174131 neutron-periodic-workers[104997]: DEBUG oslo.service.backend._threading.loopingcall [None req-f15cba0e-5da5-4911-bfbc-3ef32a91dbff None None] Fixed interval looping call 'neutron.plugins.ml2.plugin.DhcpAgentSchedulerDbMixin.remove_networks_from_down_agents' sleeping for 36.99 seconds {{(pid=104997) _run_loop /opt/stack/data/venv/lib/python3.12/site-packages/oslo_service/backend/_threading/loopingcall.py:125}}
May 14 10:27:33.309936 np0000174131 neutron-periodic-workers[105020]: DEBUG dbcounter [-] [105020] Writing DB stats neutron:DELETE=1 {{(pid=105020) stat_writer /opt/stack/data/venv/lib/python3.12/site-packages/dbcounter.py:115}}
May 14 10:27:43.265955 np0000174131 neutron-periodic-workers[104997]: DEBUG dbcounter [-] [104997] Writing DB stats neutron:SELECT=3 {{(pid=104997) stat_writer /opt/stack/data/venv/lib/python3.12/site-packages/dbcounter.py:115}}
May 14 10:27:58.261778 np0000174131 neutron-periodic-workers[105011]: DEBUG neutron.db.agents_db [None req-71409167-c298-4099-909e-9423408fd991 None None] Agent healthcheck: found 0 active agents {{(pid=105011) agent_health_check /opt/stack/neutron/neutron/db/agents_db.py:322}}
May 14 10:27:58.262466 np0000174131 neutron-periodic-workers[105011]: DEBUG oslo.service.backend._threading.loopingcall [None req-71409167-c298-4099-909e-9423408fd991 None None] Fixed interval looping call 'neutron.plugins.ml2.plugin.AgentDbMixin.agent_health_check' sleeping for 36.99 seconds {{(pid=105011) _run_loop /opt/stack/data/venv/lib/python3.12/site-packages/oslo_service/backend/_threading/loopingcall.py:125}}
May 14 10:28:08.259503 np0000174131 neutron-periodic-workers[105011]: DEBUG dbcounter [-] [105011] Writing DB stats neutron:SELECT=1 {{(pid=105011) stat_writer /opt/stack/data/venv/lib/python3.12/site-packages/dbcounter.py:115}}
May 14 10:28:10.265864 np0000174131 neutron-periodic-workers[104997]: DEBUG oslo.service.backend._threading.loopingcall [None req-f15cba0e-5da5-4911-bfbc-3ef32a91dbff None None] Fixed interval looping call 'neutron.plugins.ml2.plugin.DhcpAgentSchedulerDbMixin.remove_networks_from_down_agents' sleeping for 36.99 seconds {{(pid=104997) _run_loop /opt/stack/data/venv/lib/python3.12/site-packages/oslo_service/backend/_threading/loopingcall.py:125}}
May 14 10:28:20.264794 np0000174131 neutron-periodic-workers[104997]: DEBUG dbcounter [-] [104997] Writing DB stats neutron:SELECT=3 {{(pid=104997) stat_writer /opt/stack/data/venv/lib/python3.12/site-packages/dbcounter.py:115}}
May 14 10:28:35.258974 np0000174131 neutron-periodic-workers[105011]: DEBUG neutron.db.agents_db [None req-71409167-c298-4099-909e-9423408fd991 None None] Agent healthcheck: found 0 active agents {{(pid=105011) agent_health_check /opt/stack/neutron/neutron/db/agents_db.py:322}}
May 14 10:28:35.258974 np0000174131 neutron-periodic-workers[105011]: DEBUG oslo.service.backend._threading.loopingcall [None req-71409167-c298-4099-909e-9423408fd991 None None] Fixed interval looping call 'neutron.plugins.ml2.plugin.AgentDbMixin.agent_health_check' sleeping for 36.99 seconds {{(pid=105011) _run_loop /opt/stack/data/venv/lib/python3.12/site-packages/oslo_service/backend/_threading/loopingcall.py:125}}
May 14 10:28:45.256125 np0000174131 neutron-periodic-workers[105011]: DEBUG dbcounter [-] [105011] Writing DB stats neutron:SELECT=1 {{(pid=105011) stat_writer /opt/stack/data/venv/lib/python3.12/site-packages/dbcounter.py:115}}
May 14 10:28:47.266785 np0000174131 neutron-periodic-workers[104997]: DEBUG oslo.service.backend._threading.loopingcall [None req-f15cba0e-5da5-4911-bfbc-3ef32a91dbff None None] Fixed interval looping call 'neutron.plugins.ml2.plugin.DhcpAgentSchedulerDbMixin.remove_networks_from_down_agents' sleeping for 36.99 seconds {{(pid=104997) _run_loop /opt/stack/data/venv/lib/python3.12/site-packages/oslo_service/backend/_threading/loopingcall.py:125}}
May 14 10:28:57.265042 np0000174131 neutron-periodic-workers[104997]: DEBUG dbcounter [-] [104997] Writing DB stats neutron:SELECT=3 {{(pid=104997) stat_writer /opt/stack/data/venv/lib/python3.12/site-packages/dbcounter.py:115}}