May 09 07:19:01.151949 np0000173000 neutron-periodic-workers[105014]: DEBUG cotyledon.oslo_config_glue [-] network_log.rate_limit = 100 {{(pid=105014) log_opt_values /opt/stack/data/venv/lib/python3.12/site-packages/oslo_config/cfg.py:3006}}
May 09 07:19:01.152055 np0000173000 neutron-periodic-workers[105014]: DEBUG cotyledon.oslo_config_glue [-] database.asyncio_connection = **** {{(pid=105014) log_opt_values /opt/stack/data/venv/lib/python3.12/site-packages/oslo_config/cfg.py:3006}}
May 09 07:19:01.152134 np0000173000 neutron-periodic-workers[105014]: DEBUG cotyledon.oslo_config_glue [-] database.asyncio_slave_connection = **** {{(pid=105014) log_opt_values /opt/stack/data/venv/lib/python3.12/site-packages/oslo_config/cfg.py:3006}}
May 09 07:19:01.152228 np0000173000 neutron-periodic-workers[105014]: DEBUG cotyledon.oslo_config_glue [-] database.backend = sqlalchemy {{(pid=105014) log_opt_values /opt/stack/data/venv/lib/python3.12/site-packages/oslo_config/cfg.py:3006}}
May 09 07:19:01.152320 np0000173000 neutron-periodic-workers[105014]: DEBUG cotyledon.oslo_config_glue [-] database.connection = **** {{(pid=105014) log_opt_values /opt/stack/data/venv/lib/python3.12/site-packages/oslo_config/cfg.py:3006}}
May 09 07:19:01.152413 np0000173000 neutron-periodic-workers[105014]: DEBUG cotyledon.oslo_config_glue [-] database.connection_debug = 0 {{(pid=105014) log_opt_values /opt/stack/data/venv/lib/python3.12/site-packages/oslo_config/cfg.py:3006}}
May 09 07:19:01.152507 np0000173000 neutron-periodic-workers[105014]: DEBUG cotyledon.oslo_config_glue [-] database.connection_parameters = {{(pid=105014) log_opt_values /opt/stack/data/venv/lib/python3.12/site-packages/oslo_config/cfg.py:3006}}
May 09 07:19:01.152599 np0000173000 neutron-periodic-workers[105014]: DEBUG cotyledon.oslo_config_glue [-] database.connection_recycle_time = 3600 {{(pid=105014) log_opt_values /opt/stack/data/venv/lib/python3.12/site-packages/oslo_config/cfg.py:3006}}
May 09 07:19:01.152689 np0000173000 neutron-periodic-workers[105014]: DEBUG cotyledon.oslo_config_glue [-] database.connection_trace = False {{(pid=105014) log_opt_values /opt/stack/data/venv/lib/python3.12/site-packages/oslo_config/cfg.py:3006}}
May 09 07:19:01.152777 np0000173000 neutron-periodic-workers[105014]: DEBUG cotyledon.oslo_config_glue [-] database.db_inc_retry_interval = True {{(pid=105014) log_opt_values /opt/stack/data/venv/lib/python3.12/site-packages/oslo_config/cfg.py:3006}}
May 09 07:19:01.152859 np0000173000 neutron-periodic-workers[105014]: DEBUG cotyledon.oslo_config_glue [-] database.db_max_retries = 20 {{(pid=105014) log_opt_values /opt/stack/data/venv/lib/python3.12/site-packages/oslo_config/cfg.py:3006}}
May 09 07:19:01.152948 np0000173000 neutron-periodic-workers[105014]: DEBUG cotyledon.oslo_config_glue [-] database.db_max_retry_interval = 10 {{(pid=105014) log_opt_values /opt/stack/data/venv/lib/python3.12/site-packages/oslo_config/cfg.py:3006}}
May 09 07:19:01.153032 np0000173000 neutron-periodic-workers[105014]: DEBUG cotyledon.oslo_config_glue [-] database.db_retry_interval = 1 {{(pid=105014) log_opt_values /opt/stack/data/venv/lib/python3.12/site-packages/oslo_config/cfg.py:3006}}
May 09 07:19:01.153112 np0000173000 neutron-periodic-workers[105014]: DEBUG cotyledon.oslo_config_glue [-] database.max_overflow = 50 {{(pid=105014) log_opt_values /opt/stack/data/venv/lib/python3.12/site-packages/oslo_config/cfg.py:3006}}
May 09 07:19:01.153194 np0000173000 neutron-periodic-workers[105014]: DEBUG cotyledon.oslo_config_glue [-] database.max_pool_size = 5 {{(pid=105014) log_opt_values /opt/stack/data/venv/lib/python3.12/site-packages/oslo_config/cfg.py:3006}}
May 09 07:19:01.153282 np0000173000 neutron-periodic-workers[105014]: DEBUG cotyledon.oslo_config_glue [-] database.max_retries = 10 {{(pid=105014) log_opt_values /opt/stack/data/venv/lib/python3.12/site-packages/oslo_config/cfg.py:3006}}
May 09 07:19:01.153362 np0000173000 neutron-periodic-workers[105014]: DEBUG cotyledon.oslo_config_glue [-] database.mysql_sql_mode = TRADITIONAL {{(pid=105014) log_opt_values /opt/stack/data/venv/lib/python3.12/site-packages/oslo_config/cfg.py:3006}}
May 09 07:19:01.153443 np0000173000 neutron-periodic-workers[105014]: DEBUG cotyledon.oslo_config_glue [-] database.mysql_wsrep_sync_wait = None {{(pid=105014) log_opt_values /opt/stack/data/venv/lib/python3.12/site-packages/oslo_config/cfg.py:3006}}
May 09 07:19:01.153539 np0000173000 neutron-periodic-workers[105014]: DEBUG cotyledon.oslo_config_glue [-] database.pool_timeout = None {{(pid=105014) log_opt_values /opt/stack/data/venv/lib/python3.12/site-packages/oslo_config/cfg.py:3006}}
May 09 07:19:01.153621 np0000173000 neutron-periodic-workers[105014]: DEBUG cotyledon.oslo_config_glue [-] database.retry_interval = 10 {{(pid=105014) log_opt_values /opt/stack/data/venv/lib/python3.12/site-packages/oslo_config/cfg.py:3006}}
May 09 07:19:01.153720 np0000173000 neutron-periodic-workers[105014]: DEBUG cotyledon.oslo_config_glue [-] database.slave_connection = **** {{(pid=105014) log_opt_values /opt/stack/data/venv/lib/python3.12/site-packages/oslo_config/cfg.py:3006}}
May 09 07:19:01.153798 np0000173000 neutron-periodic-workers[105014]: DEBUG cotyledon.oslo_config_glue [-] database.sqlite_synchronous = True {{(pid=105014) log_opt_values /opt/stack/data/venv/lib/python3.12/site-packages/oslo_config/cfg.py:3006}}
May 09 07:19:01.153878 np0000173000 neutron-periodic-workers[105014]: DEBUG cotyledon.oslo_config_glue [-] database.synchronous_reader = True {{(pid=105014) log_opt_values /opt/stack/data/venv/lib/python3.12/site-packages/oslo_config/cfg.py:3006}}
May 09 07:19:01.153959 np0000173000 neutron-periodic-workers[105014]: DEBUG cotyledon.oslo_config_glue [-] database.use_db_reconnect = False {{(pid=105014) log_opt_values /opt/stack/data/venv/lib/python3.12/site-packages/oslo_config/cfg.py:3006}}
May 09 07:19:01.154075 np0000173000 neutron-periodic-workers[105014]: DEBUG cotyledon.oslo_config_glue [-] ovn.bfd_min_rx = 1000 {{(pid=105014) log_opt_values /opt/stack/data/venv/lib/python3.12/site-packages/oslo_config/cfg.py:3006}}
May 09 07:19:01.154156 np0000173000 neutron-periodic-workers[105014]: DEBUG cotyledon.oslo_config_glue [-] ovn.bfd_min_tx = 100 {{(pid=105014) log_opt_values /opt/stack/data/venv/lib/python3.12/site-packages/oslo_config/cfg.py:3006}}
May 09 07:19:01.154239 np0000173000 neutron-periodic-workers[105014]: DEBUG cotyledon.oslo_config_glue [-] ovn.bfd_mult = 3 {{(pid=105014) log_opt_values /opt/stack/data/venv/lib/python3.12/site-packages/oslo_config/cfg.py:3006}}
May 09 07:19:01.154319 np0000173000 neutron-periodic-workers[105014]: DEBUG cotyledon.oslo_config_glue [-] ovn.broadcast_arps_to_all_routers = True {{(pid=105014) log_opt_values /opt/stack/data/venv/lib/python3.12/site-packages/oslo_config/cfg.py:3006}}
May 09 07:19:01.154400 np0000173000 neutron-periodic-workers[105014]: DEBUG cotyledon.oslo_config_glue [-] ovn.dhcp_default_lease_time = 43200 {{(pid=105014) log_opt_values /opt/stack/data/venv/lib/python3.12/site-packages/oslo_config/cfg.py:3006}}
May 09 07:19:01.154493 np0000173000 neutron-periodic-workers[105014]: DEBUG cotyledon.oslo_config_glue [-] ovn.disable_ovn_dhcp_for_baremetal_ports = False {{(pid=105014) log_opt_values /opt/stack/data/venv/lib/python3.12/site-packages/oslo_config/cfg.py:3006}}
May 09 07:19:01.154576 np0000173000 neutron-periodic-workers[105014]: DEBUG cotyledon.oslo_config_glue [-] ovn.dns_records_ovn_owned = False {{(pid=105014) log_opt_values /opt/stack/data/venv/lib/python3.12/site-packages/oslo_config/cfg.py:3006}}
May 09 07:19:01.154660 np0000173000 neutron-periodic-workers[105014]: DEBUG cotyledon.oslo_config_glue [-] ovn.dns_servers = [] {{(pid=105014) log_opt_values /opt/stack/data/venv/lib/python3.12/site-packages/oslo_config/cfg.py:3006}}
May 09 07:19:01.154739 np0000173000 neutron-periodic-workers[105014]: DEBUG cotyledon.oslo_config_glue [-] ovn.enable_distributed_floating_ip = False {{(pid=105014) log_opt_values /opt/stack/data/venv/lib/python3.12/site-packages/oslo_config/cfg.py:3006}}
May 09 07:19:01.154843 np0000173000 neutron-periodic-workers[105014]: DEBUG cotyledon.oslo_config_glue [-] ovn.fdb_age_threshold = 300 {{(pid=105014) log_opt_values /opt/stack/data/venv/lib/python3.12/site-packages/oslo_config/cfg.py:3006}}
May 09 07:19:01.155334 np0000173000 neutron-periodic-workers[105014]: DEBUG cotyledon.oslo_config_glue [-] ovn.ha_failover_strategy = normal {{(pid=105014) log_opt_values /opt/stack/data/venv/lib/python3.12/site-packages/oslo_config/cfg.py:3006}}
May 09 07:19:01.155334 np0000173000 neutron-periodic-workers[105014]: DEBUG cotyledon.oslo_config_glue [-] ovn.live_migration_activation_strategy = rarp {{(pid=105014) log_opt_values /opt/stack/data/venv/lib/python3.12/site-packages/oslo_config/cfg.py:3006}}
May 09 07:19:01.155334 np0000173000 neutron-periodic-workers[105014]: DEBUG cotyledon.oslo_config_glue [-] ovn.localnet_learn_fdb = False {{(pid=105014) log_opt_values /opt/stack/data/venv/lib/python3.12/site-packages/oslo_config/cfg.py:3006}}
May 09 07:19:01.155334 np0000173000 neutron-periodic-workers[105014]: DEBUG cotyledon.oslo_config_glue [-] ovn.mac_binding_age_threshold = 300 {{(pid=105014) log_opt_values /opt/stack/data/venv/lib/python3.12/site-packages/oslo_config/cfg.py:3006}}
May 09 07:19:01.155334 np0000173000 neutron-periodic-workers[105014]: DEBUG cotyledon.oslo_config_glue [-] ovn.neutron_sync_mode = log {{(pid=105014) log_opt_values /opt/stack/data/venv/lib/python3.12/site-packages/oslo_config/cfg.py:3006}}
May 09 07:19:01.155334 np0000173000 neutron-periodic-workers[105014]: DEBUG cotyledon.oslo_config_glue [-] ovn.ovn_dhcp4_global_options = {} {{(pid=105014) log_opt_values /opt/stack/data/venv/lib/python3.12/site-packages/oslo_config/cfg.py:3006}}
May 09 07:19:01.155334 np0000173000 neutron-periodic-workers[105014]: DEBUG cotyledon.oslo_config_glue [-] ovn.ovn_dhcp6_global_options = {} {{(pid=105014) log_opt_values /opt/stack/data/venv/lib/python3.12/site-packages/oslo_config/cfg.py:3006}}
May 09 07:19:01.155334 np0000173000 neutron-periodic-workers[105014]: DEBUG cotyledon.oslo_config_glue [-] ovn.ovn_l3_scheduler = leastloaded {{(pid=105014) log_opt_values /opt/stack/data/venv/lib/python3.12/site-packages/oslo_config/cfg.py:3006}}
May 09 07:19:01.155334 np0000173000 neutron-periodic-workers[105014]: DEBUG cotyledon.oslo_config_glue [-] ovn.ovn_metadata_enabled = True {{(pid=105014) log_opt_values /opt/stack/data/venv/lib/python3.12/site-packages/oslo_config/cfg.py:3006}}
May 09 07:19:01.155578 np0000173000 neutron-periodic-workers[105014]: DEBUG cotyledon.oslo_config_glue [-] ovn.ovn_nb_ca_cert = /opt/stack/data/CA/int-ca/ca-chain.pem {{(pid=105014) log_opt_values /opt/stack/data/venv/lib/python3.12/site-packages/oslo_config/cfg.py:3006}}
May 09 07:19:01.155578 np0000173000 neutron-periodic-workers[105014]: DEBUG cotyledon.oslo_config_glue [-] ovn.ovn_nb_certificate = /opt/stack/data/CA/int-ca/devstack-cert.crt {{(pid=105014) log_opt_values /opt/stack/data/venv/lib/python3.12/site-packages/oslo_config/cfg.py:3006}}
May 09 07:19:01.155578 np0000173000 neutron-periodic-workers[105014]: DEBUG cotyledon.oslo_config_glue [-] ovn.ovn_nb_connection = ['ssl:199.204.45.33:6641'] {{(pid=105014) log_opt_values /opt/stack/data/venv/lib/python3.12/site-packages/oslo_config/cfg.py:3006}}
May 09 07:19:01.155720 np0000173000 neutron-periodic-workers[105014]: DEBUG cotyledon.oslo_config_glue [-] ovn.ovn_nb_private_key = /opt/stack/data/CA/int-ca/private/devstack-cert.key {{(pid=105014) log_opt_values /opt/stack/data/venv/lib/python3.12/site-packages/oslo_config/cfg.py:3006}}
May 09 07:19:01.155818 np0000173000 neutron-periodic-workers[105014]: DEBUG cotyledon.oslo_config_glue [-] ovn.ovn_router_indirect_snat = False {{(pid=105014) log_opt_values /opt/stack/data/venv/lib/python3.12/site-packages/oslo_config/cfg.py:3006}}
May 09 07:19:01.155897 np0000173000 neutron-periodic-workers[105014]: DEBUG cotyledon.oslo_config_glue [-] ovn.ovn_sb_ca_cert = /opt/stack/data/CA/int-ca/ca-chain.pem {{(pid=105014) log_opt_values /opt/stack/data/venv/lib/python3.12/site-packages/oslo_config/cfg.py:3006}}
May 09 07:19:01.155983 np0000173000 neutron-periodic-workers[105014]: DEBUG cotyledon.oslo_config_glue [-] ovn.ovn_sb_certificate = /opt/stack/data/CA/int-ca/devstack-cert.crt {{(pid=105014) log_opt_values /opt/stack/data/venv/lib/python3.12/site-packages/oslo_config/cfg.py:3006}}
May 09 07:19:01.156065 np0000173000 neutron-periodic-workers[105014]: DEBUG cotyledon.oslo_config_glue [-] ovn.ovn_sb_connection = ['ssl:199.204.45.33:6642'] {{(pid=105014) log_opt_values /opt/stack/data/venv/lib/python3.12/site-packages/oslo_config/cfg.py:3006}}
May 09 07:19:01.156146 np0000173000 neutron-periodic-workers[105014]: DEBUG cotyledon.oslo_config_glue [-] ovn.ovn_sb_private_key = /opt/stack/data/CA/int-ca/private/devstack-cert.key {{(pid=105014) log_opt_values /opt/stack/data/venv/lib/python3.12/site-packages/oslo_config/cfg.py:3006}}
May 09 07:19:01.156227 np0000173000 neutron-periodic-workers[105014]: DEBUG cotyledon.oslo_config_glue [-] ovn.ovs_create_tap = False {{(pid=105014) log_opt_values /opt/stack/data/venv/lib/python3.12/site-packages/oslo_config/cfg.py:3006}}
May 09 07:19:01.156309 np0000173000 neutron-periodic-workers[105014]: DEBUG cotyledon.oslo_config_glue [-] ovn.ovsdb_connection_timeout = 180 {{(pid=105014) log_opt_values /opt/stack/data/venv/lib/python3.12/site-packages/oslo_config/cfg.py:3006}}
May 09 07:19:01.156389 np0000173000 neutron-periodic-workers[105014]: DEBUG cotyledon.oslo_config_glue [-] ovn.ovsdb_log_level = INFO {{(pid=105014) log_opt_values /opt/stack/data/venv/lib/python3.12/site-packages/oslo_config/cfg.py:3006}}
May 09 07:19:01.156482 np0000173000 neutron-periodic-workers[105014]: DEBUG cotyledon.oslo_config_glue [-] ovn.ovsdb_probe_interval = 60000 {{(pid=105014) log_opt_values /opt/stack/data/venv/lib/python3.12/site-packages/oslo_config/cfg.py:3006}}
May 09 07:19:01.156564 np0000173000 neutron-periodic-workers[105014]: DEBUG cotyledon.oslo_config_glue [-] ovn.ovsdb_retry_max_interval = 180 {{(pid=105014) log_opt_values /opt/stack/data/venv/lib/python3.12/site-packages/oslo_config/cfg.py:3006}}
May 09 07:19:01.156675 np0000173000 neutron-periodic-workers[105014]: DEBUG cotyledon.oslo_config_glue [-] ovn.stateless_nat_enabled = False {{(pid=105014) log_opt_values /opt/stack/data/venv/lib/python3.12/site-packages/oslo_config/cfg.py:3006}}
May 09 07:19:01.156772 np0000173000 neutron-periodic-workers[105014]: DEBUG cotyledon.oslo_config_glue [-] ovn.vhost_sock_dir = /var/run/openvswitch {{(pid=105014) log_opt_values /opt/stack/data/venv/lib/python3.12/site-packages/oslo_config/cfg.py:3006}}
May 09 07:19:01.156868 np0000173000 neutron-periodic-workers[105014]: DEBUG cotyledon.oslo_config_glue [-] OVS.bridge_mac_table_size = 50000 {{(pid=105014) log_opt_values /opt/stack/data/venv/lib/python3.12/site-packages/oslo_config/cfg.py:3006}}
May 09 07:19:01.156949 np0000173000 neutron-periodic-workers[105014]: DEBUG cotyledon.oslo_config_glue [-] OVS.igmp_flood = False {{(pid=105014) log_opt_values /opt/stack/data/venv/lib/python3.12/site-packages/oslo_config/cfg.py:3006}}
May 09 07:19:01.157030 np0000173000 neutron-periodic-workers[105014]: DEBUG cotyledon.oslo_config_glue [-] OVS.igmp_flood_reports = True {{(pid=105014) log_opt_values /opt/stack/data/venv/lib/python3.12/site-packages/oslo_config/cfg.py:3006}}
May 09 07:19:01.157111 np0000173000 neutron-periodic-workers[105014]: DEBUG cotyledon.oslo_config_glue [-] OVS.igmp_flood_unregistered = False {{(pid=105014) log_opt_values /opt/stack/data/venv/lib/python3.12/site-packages/oslo_config/cfg.py:3006}}
May 09 07:19:01.157201 np0000173000 neutron-periodic-workers[105014]: DEBUG cotyledon.oslo_config_glue [-] OVS.igmp_snooping_enable = False {{(pid=105014) log_opt_values /opt/stack/data/venv/lib/python3.12/site-packages/oslo_config/cfg.py:3006}}
May 09 07:19:01.157281 np0000173000 neutron-periodic-workers[105014]: DEBUG cotyledon.oslo_config_glue [-] OVS.ovsdb_timeout = 10 {{(pid=105014) log_opt_values /opt/stack/data/venv/lib/python3.12/site-packages/oslo_config/cfg.py:3006}}
May 09 07:19:01.157378 np0000173000 neutron-periodic-workers[105014]: DEBUG cotyledon.oslo_config_glue [-] ovn_nb_global.fdb_removal_limit = 0 {{(pid=105014) log_opt_values /opt/stack/data/venv/lib/python3.12/site-packages/oslo_config/cfg.py:3006}}
May 09 07:19:01.157488 np0000173000 neutron-periodic-workers[105014]: DEBUG cotyledon.oslo_config_glue [-] ovn_nb_global.ignore_lsp_down = False {{(pid=105014) log_opt_values /opt/stack/data/venv/lib/python3.12/site-packages/oslo_config/cfg.py:3006}}
May 09 07:19:01.157572 np0000173000 neutron-periodic-workers[105014]: DEBUG cotyledon.oslo_config_glue [-] ovn_nb_global.mac_binding_removal_limit = 0 {{(pid=105014) log_opt_values /opt/stack/data/venv/lib/python3.12/site-packages/oslo_config/cfg.py:3006}}
May 09 07:19:01.157653 np0000173000 neutron-periodic-workers[105014]: DEBUG cotyledon.oslo_config_glue [-] ******************************************************************************** {{(pid=105014) log_opt_values /opt/stack/data/venv/lib/python3.12/site-packages/oslo_config/cfg.py:3013}}
May 09 07:19:01.158087 np0000173000 neutron-periodic-workers[105014]: DEBUG cotyledon._service_worker [-] Run service ServiceWrapper(0) [105014] {{(pid=105014) wait_forever /opt/stack/data/venv/lib/python3.12/site-packages/cotyledon/_service_worker.py:218}}
May 09 07:19:10.808845 np0000173000 neutron-periodic-workers[104267]: DEBUG dbcounter [-] [104267] Writing DB stats neutron:SELECT=4 {{(pid=104267) stat_writer /opt/stack/data/venv/lib/python3.12/site-packages/dbcounter.py:115}}
May 09 07:19:43.102250 np0000173000 neutron-periodic-workers[104993]: DEBUG oslo_db.sqlalchemy.engines [None req-d891008d-bedc-45bd-bec0-d36508bdcfd3 None None] Parent process 104267 forked (104993) with an open database connection, which is being discarded and recreated. {{(pid=104993) checkout /opt/stack/data/venv/lib/python3.12/site-packages/oslo_db/sqlalchemy/engines.py:402}}
May 09 07:19:43.111833 np0000173000 neutron-periodic-workers[104993]: DEBUG dbcounter [-] [104993] Writer thread running {{(pid=104993) stat_writer /opt/stack/data/venv/lib/python3.12/site-packages/dbcounter.py:102}}
May 09 07:19:43.119838 np0000173000 neutron-periodic-workers[104993]: DEBUG oslo.service.backend._threading.loopingcall [None req-d891008d-bedc-45bd-bec0-d36508bdcfd3 None None] Fixed interval looping call 'neutron.plugins.ml2.plugin.DhcpAgentSchedulerDbMixin.remove_networks_from_down_agents' sleeping for 36.98 seconds {{(pid=104993) _run_loop /opt/stack/data/venv/lib/python3.12/site-packages/oslo_service/backend/_threading/loopingcall.py:125}}
May 09 07:19:53.118641 np0000173000 neutron-periodic-workers[104993]: DEBUG dbcounter [-] [104993] Writing DB stats neutron:SELECT=3 {{(pid=104993) stat_writer /opt/stack/data/venv/lib/python3.12/site-packages/dbcounter.py:115}}
May 09 07:20:07.134627 np0000173000 neutron-periodic-workers[105005]: DEBUG dbcounter [-] [105005] Writer thread running {{(pid=105005) stat_writer /opt/stack/data/venv/lib/python3.12/site-packages/dbcounter.py:102}}
May 09 07:20:07.137959 np0000173000 neutron-periodic-workers[105005]: DEBUG neutron.db.agents_db [None req-d78c8b0c-9a9b-4955-bd7d-3f30208acde1 None None] Agent healthcheck: found 0 active agents {{(pid=105005) agent_health_check /opt/stack/neutron/neutron/db/agents_db.py:322}}
May 09 07:20:07.138218 np0000173000 neutron-periodic-workers[105005]: DEBUG oslo.service.backend._threading.loopingcall [None req-d78c8b0c-9a9b-4955-bd7d-3f30208acde1 None None] Fixed interval looping call 'neutron.plugins.ml2.plugin.AgentDbMixin.agent_health_check' sleeping for 36.98 seconds {{(pid=105005) _run_loop /opt/stack/data/venv/lib/python3.12/site-packages/oslo_service/backend/_threading/loopingcall.py:125}}
May 09 07:20:17.135208 np0000173000 neutron-periodic-workers[105005]: DEBUG dbcounter [-] [105005] Writing DB stats neutron:SELECT=1 {{(pid=105005) stat_writer /opt/stack/data/venv/lib/python3.12/site-packages/dbcounter.py:115}}
May 09 07:20:20.283524 np0000173000 neutron-periodic-workers[104993]: DEBUG oslo.service.backend._threading.loopingcall [None req-d891008d-bedc-45bd-bec0-d36508bdcfd3 None None] Fixed interval looping call 'neutron.plugins.ml2.plugin.DhcpAgentSchedulerDbMixin.remove_networks_from_down_agents' sleeping for 36.82 seconds {{(pid=104993) _run_loop /opt/stack/data/venv/lib/python3.12/site-packages/oslo_service/backend/_threading/loopingcall.py:125}}
May 09 07:20:30.268030 np0000173000 neutron-periodic-workers[104993]: DEBUG dbcounter [-] [104993] Writing DB stats neutron:SELECT=3 {{(pid=104993) stat_writer /opt/stack/data/venv/lib/python3.12/site-packages/dbcounter.py:115}}
May 09 07:20:44.126006 np0000173000 neutron-periodic-workers[105005]: DEBUG neutron.db.agents_db [None req-d78c8b0c-9a9b-4955-bd7d-3f30208acde1 None None] Agent healthcheck: found 0 active agents {{(pid=105005) agent_health_check /opt/stack/neutron/neutron/db/agents_db.py:322}}
May 09 07:20:44.126568 np0000173000 neutron-periodic-workers[105005]: DEBUG oslo.service.backend._threading.loopingcall [None req-d78c8b0c-9a9b-4955-bd7d-3f30208acde1 None None] Fixed interval looping call 'neutron.plugins.ml2.plugin.AgentDbMixin.agent_health_check' sleeping for 36.99 seconds {{(pid=105005) _run_loop /opt/stack/data/venv/lib/python3.12/site-packages/oslo_service/backend/_threading/loopingcall.py:125}}
May 09 07:20:54.123528 np0000173000 neutron-periodic-workers[105005]: DEBUG dbcounter [-] [105005] Writing DB stats neutron:SELECT=1 {{(pid=105005) stat_writer /opt/stack/data/venv/lib/python3.12/site-packages/dbcounter.py:115}}
May 09 07:20:57.112634 np0000173000 neutron-periodic-workers[104993]: DEBUG oslo.service.backend._threading.loopingcall [None req-d891008d-bedc-45bd-bec0-d36508bdcfd3 None None] Fixed interval looping call 'neutron.plugins.ml2.plugin.DhcpAgentSchedulerDbMixin.remove_networks_from_down_agents' sleeping for 36.99 seconds {{(pid=104993) _run_loop /opt/stack/data/venv/lib/python3.12/site-packages/oslo_service/backend/_threading/loopingcall.py:125}}
May 09 07:21:01.182928 np0000173000 neutron-periodic-workers[105014]: DEBUG dbcounter [-] [105014] Writer thread running {{(pid=105014) stat_writer /opt/stack/data/venv/lib/python3.12/site-packages/dbcounter.py:102}}
May 09 07:21:01.184967 np0000173000 neutron-periodic-workers[105014]: DEBUG oslo.service.backend._threading.loopingcall [None req-7a2d722f-8380-44f6-9e0c-abd31ba06c00 None None] Fixed interval looping call 'neutron.db.quota.driver_nolock.DbQuotaNoLockDriver._remove_expired_reservations' sleeping for 119.98 seconds {{(pid=105014) _run_loop /opt/stack/data/venv/lib/python3.12/site-packages/oslo_service/backend/_threading/loopingcall.py:125}}
May 09 07:21:07.111037 np0000173000 neutron-periodic-workers[104993]: DEBUG dbcounter [-] [104993] Writing DB stats neutron:SELECT=3 {{(pid=104993) stat_writer /opt/stack/data/venv/lib/python3.12/site-packages/dbcounter.py:115}}
May 09 07:21:11.183387 np0000173000 neutron-periodic-workers[105014]: DEBUG dbcounter [-] [105014] Writing DB stats neutron:DELETE=1 {{(pid=105014) stat_writer /opt/stack/data/venv/lib/python3.12/site-packages/dbcounter.py:115}}
May 09 07:21:21.121841 np0000173000 neutron-periodic-workers[105005]: DEBUG neutron.db.agents_db [None req-d78c8b0c-9a9b-4955-bd7d-3f30208acde1 None None] Agent healthcheck: found 0 active agents {{(pid=105005) agent_health_check /opt/stack/neutron/neutron/db/agents_db.py:322}}
May 09 07:21:21.122905 np0000173000 neutron-periodic-workers[105005]: DEBUG oslo.service.backend._threading.loopingcall [None req-d78c8b0c-9a9b-4955-bd7d-3f30208acde1 None None] Fixed interval looping call 'neutron.plugins.ml2.plugin.AgentDbMixin.agent_health_check' sleeping for 36.99 seconds {{(pid=105005) _run_loop /opt/stack/data/venv/lib/python3.12/site-packages/oslo_service/backend/_threading/loopingcall.py:125}}
May 09 07:21:31.120983 np0000173000 neutron-periodic-workers[105005]: DEBUG dbcounter [-] [105005] Writing DB stats neutron:SELECT=1 {{(pid=105005) stat_writer /opt/stack/data/venv/lib/python3.12/site-packages/dbcounter.py:115}}
May 09 07:21:34.112872 np0000173000 neutron-periodic-workers[104993]: DEBUG oslo.service.backend._threading.loopingcall [None req-d891008d-bedc-45bd-bec0-d36508bdcfd3 None None] Fixed interval looping call 'neutron.plugins.ml2.plugin.DhcpAgentSchedulerDbMixin.remove_networks_from_down_agents' sleeping for 36.99 seconds {{(pid=104993) _run_loop /opt/stack/data/venv/lib/python3.12/site-packages/oslo_service/backend/_threading/loopingcall.py:125}}
May 09 07:21:44.111888 np0000173000 neutron-periodic-workers[104993]: DEBUG dbcounter [-] [104993] Writing DB stats neutron:SELECT=3 {{(pid=104993) stat_writer /opt/stack/data/venv/lib/python3.12/site-packages/dbcounter.py:115}}
May 09 07:21:58.118935 np0000173000 neutron-periodic-workers[105005]: DEBUG neutron.db.agents_db [None req-d78c8b0c-9a9b-4955-bd7d-3f30208acde1 None None] Agent healthcheck: found 0 active agents {{(pid=105005) agent_health_check /opt/stack/neutron/neutron/db/agents_db.py:322}}
May 09 07:21:58.119718 np0000173000 neutron-periodic-workers[105005]: DEBUG oslo.service.backend._threading.loopingcall [None req-d78c8b0c-9a9b-4955-bd7d-3f30208acde1 None None] Fixed interval looping call 'neutron.plugins.ml2.plugin.AgentDbMixin.agent_health_check' sleeping for 36.99 seconds {{(pid=105005) _run_loop /opt/stack/data/venv/lib/python3.12/site-packages/oslo_service/backend/_threading/loopingcall.py:125}}
May 09 07:22:08.117155 np0000173000 neutron-periodic-workers[105005]: DEBUG dbcounter [-] [105005] Writing DB stats neutron:SELECT=1 {{(pid=105005) stat_writer /opt/stack/data/venv/lib/python3.12/site-packages/dbcounter.py:115}}
May 09 07:22:11.113991 np0000173000 neutron-periodic-workers[104993]: DEBUG oslo.service.backend._threading.loopingcall [None req-d891008d-bedc-45bd-bec0-d36508bdcfd3 None None] Fixed interval looping call 'neutron.plugins.ml2.plugin.DhcpAgentSchedulerDbMixin.remove_networks_from_down_agents' sleeping for 36.99 seconds {{(pid=104993) _run_loop /opt/stack/data/venv/lib/python3.12/site-packages/oslo_service/backend/_threading/loopingcall.py:125}}
May 09 07:22:21.112076 np0000173000 neutron-periodic-workers[104993]: DEBUG dbcounter [-] [104993] Writing DB stats neutron:SELECT=3 {{(pid=104993) stat_writer /opt/stack/data/venv/lib/python3.12/site-packages/dbcounter.py:115}}
May 09 07:22:35.114802 np0000173000 neutron-periodic-workers[105005]: DEBUG neutron.db.agents_db [None req-d78c8b0c-9a9b-4955-bd7d-3f30208acde1 None None] Agent healthcheck: found 0 active agents {{(pid=105005) agent_health_check /opt/stack/neutron/neutron/db/agents_db.py:322}}
May 09 07:22:35.115258 np0000173000 neutron-periodic-workers[105005]: DEBUG oslo.service.backend._threading.loopingcall [None req-d78c8b0c-9a9b-4955-bd7d-3f30208acde1 None None] Fixed interval looping call 'neutron.plugins.ml2.plugin.AgentDbMixin.agent_health_check' sleeping for 37.00 seconds {{(pid=105005) _run_loop /opt/stack/data/venv/lib/python3.12/site-packages/oslo_service/backend/_threading/loopingcall.py:125}}
May 09 07:22:45.114669 np0000173000 neutron-periodic-workers[105005]: DEBUG dbcounter [-] [105005] Writing DB stats neutron:SELECT=1 {{(pid=105005) stat_writer /opt/stack/data/venv/lib/python3.12/site-packages/dbcounter.py:115}}
May 09 07:22:48.112635 np0000173000 neutron-periodic-workers[104993]: DEBUG oslo.service.backend._threading.loopingcall [None req-d891008d-bedc-45bd-bec0-d36508bdcfd3 None None] Fixed interval looping call 'neutron.plugins.ml2.plugin.DhcpAgentSchedulerDbMixin.remove_networks_from_down_agents' sleeping for 36.99 seconds {{(pid=104993) _run_loop /opt/stack/data/venv/lib/python3.12/site-packages/oslo_service/backend/_threading/loopingcall.py:125}}
May 09 07:22:58.112219 np0000173000 neutron-periodic-workers[104993]: DEBUG dbcounter [-] [104993] Writing DB stats neutron:SELECT=3 {{(pid=104993) stat_writer /opt/stack/data/venv/lib/python3.12/site-packages/dbcounter.py:115}}
May 09 07:23:01.172730 np0000173000 neutron-periodic-workers[105014]: DEBUG oslo.service.backend._threading.loopingcall [None req-7a2d722f-8380-44f6-9e0c-abd31ba06c00 None None] Fixed interval looping call 'neutron.db.quota.driver_nolock.DbQuotaNoLockDriver._remove_expired_reservations' sleeping for 119.99 seconds {{(pid=105014) _run_loop /opt/stack/data/venv/lib/python3.12/site-packages/oslo_service/backend/_threading/loopingcall.py:125}}
May 09 07:23:01.183319 np0000173000 neutron-periodic-workers[105023]: DEBUG dbcounter [-] [105023] Writer thread running {{(pid=105023) stat_writer /opt/stack/data/venv/lib/python3.12/site-packages/dbcounter.py:102}}
May 09 07:23:01.196647 np0000173000 neutron-periodic-workers[105023]: DEBUG oslo.service.backend._threading.loopingcall [None req-36af33e4-3b96-4078-ac65-f4977e8e1df7 None None] Fixed interval looping call 'neutron.services.ovn_l3.plugin.L3_NAT_dbonly_mixin._clean_garbage' sleeping for 299.96 seconds {{(pid=105023) _run_loop /opt/stack/data/venv/lib/python3.12/site-packages/oslo_service/backend/_threading/loopingcall.py:125}}
May 09 07:23:11.171615 np0000173000 neutron-periodic-workers[105014]: DEBUG dbcounter [-] [105014] Writing DB stats neutron:DELETE=1 {{(pid=105014) stat_writer /opt/stack/data/venv/lib/python3.12/site-packages/dbcounter.py:115}}
May 09 07:23:11.186303 np0000173000 neutron-periodic-workers[105023]: DEBUG dbcounter [-] [105023] Writing DB stats neutron:SELECT=1 {{(pid=105023) stat_writer /opt/stack/data/venv/lib/python3.12/site-packages/dbcounter.py:115}}
May 09 07:23:12.121667 np0000173000 neutron-periodic-workers[105005]: DEBUG neutron.db.agents_db [None req-d78c8b0c-9a9b-4955-bd7d-3f30208acde1 None None] Agent healthcheck: found 0 active agents {{(pid=105005) agent_health_check /opt/stack/neutron/neutron/db/agents_db.py:322}}
May 09 07:23:12.122410 np0000173000 neutron-periodic-workers[105005]: DEBUG oslo.service.backend._threading.loopingcall [None req-d78c8b0c-9a9b-4955-bd7d-3f30208acde1 None None] Fixed interval looping call 'neutron.plugins.ml2.plugin.AgentDbMixin.agent_health_check' sleeping for 36.99 seconds {{(pid=105005) _run_loop /opt/stack/data/venv/lib/python3.12/site-packages/oslo_service/backend/_threading/loopingcall.py:125}}
May 09 07:23:22.118519 np0000173000 neutron-periodic-workers[105005]: DEBUG dbcounter [-] [105005] Writing DB stats neutron:SELECT=1 {{(pid=105005) stat_writer /opt/stack/data/venv/lib/python3.12/site-packages/dbcounter.py:115}}
May 09 07:23:25.112310 np0000173000 neutron-periodic-workers[104993]: DEBUG oslo.service.backend._threading.loopingcall [None req-d891008d-bedc-45bd-bec0-d36508bdcfd3 None None] Fixed interval looping call 'neutron.plugins.ml2.plugin.DhcpAgentSchedulerDbMixin.remove_networks_from_down_agents' sleeping for 36.99 seconds {{(pid=104993) _run_loop /opt/stack/data/venv/lib/python3.12/site-packages/oslo_service/backend/_threading/loopingcall.py:125}}
May 09 07:23:35.110941 np0000173000 neutron-periodic-workers[104993]: DEBUG dbcounter [-] [104993] Writing DB stats neutron:SELECT=3 {{(pid=104993) stat_writer /opt/stack/data/venv/lib/python3.12/site-packages/dbcounter.py:115}}
May 09 07:23:49.117221 np0000173000 neutron-periodic-workers[105005]: DEBUG neutron.db.agents_db [None req-d78c8b0c-9a9b-4955-bd7d-3f30208acde1 None None] Agent healthcheck: found 0 active agents {{(pid=105005) agent_health_check /opt/stack/neutron/neutron/db/agents_db.py:322}}
May 09 07:23:49.117797 np0000173000 neutron-periodic-workers[105005]: DEBUG oslo.service.backend._threading.loopingcall [None req-d78c8b0c-9a9b-4955-bd7d-3f30208acde1 None None] Fixed interval looping call 'neutron.plugins.ml2.plugin.AgentDbMixin.agent_health_check' sleeping for 36.99 seconds {{(pid=105005) _run_loop /opt/stack/data/venv/lib/python3.12/site-packages/oslo_service/backend/_threading/loopingcall.py:125}}
May 09 07:23:59.115663 np0000173000 neutron-periodic-workers[105005]: DEBUG dbcounter [-] [105005] Writing DB stats neutron:SELECT=1 {{(pid=105005) stat_writer /opt/stack/data/venv/lib/python3.12/site-packages/dbcounter.py:115}}
May 09 07:24:02.116216 np0000173000 neutron-periodic-workers[104993]: DEBUG oslo.service.backend._threading.loopingcall [None req-d891008d-bedc-45bd-bec0-d36508bdcfd3 None None] Fixed interval looping call 'neutron.plugins.ml2.plugin.DhcpAgentSchedulerDbMixin.remove_networks_from_down_agents' sleeping for 36.99 seconds {{(pid=104993) _run_loop /opt/stack/data/venv/lib/python3.12/site-packages/oslo_service/backend/_threading/loopingcall.py:125}}
May 09 07:24:12.116460 np0000173000 neutron-periodic-workers[104993]: DEBUG dbcounter [-] [104993] Writing DB stats neutron:SELECT=3 {{(pid=104993) stat_writer /opt/stack/data/venv/lib/python3.12/site-packages/dbcounter.py:115}}
May 09 07:24:26.113885 np0000173000 neutron-periodic-workers[105005]: DEBUG neutron.db.agents_db [None req-d78c8b0c-9a9b-4955-bd7d-3f30208acde1 None None] Agent healthcheck: found 0 active agents {{(pid=105005) agent_health_check /opt/stack/neutron/neutron/db/agents_db.py:322}}
May 09 07:24:26.114418 np0000173000 neutron-periodic-workers[105005]: DEBUG oslo.service.backend._threading.loopingcall [None req-d78c8b0c-9a9b-4955-bd7d-3f30208acde1 None None] Fixed interval looping call 'neutron.plugins.ml2.plugin.AgentDbMixin.agent_health_check' sleeping for 36.99 seconds {{(pid=105005) _run_loop /opt/stack/data/venv/lib/python3.12/site-packages/oslo_service/backend/_threading/loopingcall.py:125}}
May 09 07:24:36.111932 np0000173000 neutron-periodic-workers[105005]: DEBUG dbcounter [-] [105005] Writing DB stats neutron:SELECT=1 {{(pid=105005) stat_writer /opt/stack/data/venv/lib/python3.12/site-packages/dbcounter.py:115}}
May 09 07:24:39.119848 np0000173000 neutron-periodic-workers[104993]: DEBUG oslo.service.backend._threading.loopingcall [None req-d891008d-bedc-45bd-bec0-d36508bdcfd3 None None] Fixed interval looping call 'neutron.plugins.ml2.plugin.DhcpAgentSchedulerDbMixin.remove_networks_from_down_agents' sleeping for 36.99 seconds {{(pid=104993) _run_loop /opt/stack/data/venv/lib/python3.12/site-packages/oslo_service/backend/_threading/loopingcall.py:125}}
May 09 07:24:49.119157 np0000173000 neutron-periodic-workers[104993]: DEBUG dbcounter [-] [104993] Writing DB stats neutron:SELECT=3 {{(pid=104993) stat_writer /opt/stack/data/venv/lib/python3.12/site-packages/dbcounter.py:115}}
May 09 07:25:01.167840 np0000173000 neutron-periodic-workers[105014]: DEBUG oslo.service.backend._threading.loopingcall [None req-7a2d722f-8380-44f6-9e0c-abd31ba06c00 None None] Fixed interval looping call 'neutron.db.quota.driver_nolock.DbQuotaNoLockDriver._remove_expired_reservations' sleeping for 120.00 seconds {{(pid=105014) _run_loop /opt/stack/data/venv/lib/python3.12/site-packages/oslo_service/backend/_threading/loopingcall.py:125}}
May 09 07:25:03.110505 np0000173000 neutron-periodic-workers[105005]: DEBUG neutron.db.agents_db [None req-d78c8b0c-9a9b-4955-bd7d-3f30208acde1 None None] Agent healthcheck: found 0 active agents {{(pid=105005) agent_health_check /opt/stack/neutron/neutron/db/agents_db.py:322}}
May 09 07:25:03.111095 np0000173000 neutron-periodic-workers[105005]: DEBUG oslo.service.backend._threading.loopingcall [None req-d78c8b0c-9a9b-4955-bd7d-3f30208acde1 None None] Fixed interval looping call 'neutron.plugins.ml2.plugin.AgentDbMixin.agent_health_check' sleeping for 36.99 seconds {{(pid=105005) _run_loop /opt/stack/data/venv/lib/python3.12/site-packages/oslo_service/backend/_threading/loopingcall.py:125}}
May 09 07:25:11.166708 np0000173000 neutron-periodic-workers[105014]: DEBUG dbcounter [-] [105014] Writing DB stats neutron:DELETE=1 {{(pid=105014) stat_writer /opt/stack/data/venv/lib/python3.12/site-packages/dbcounter.py:115}}
May 09 07:25:13.108669 np0000173000 neutron-periodic-workers[105005]: DEBUG dbcounter [-] [105005] Writing DB stats neutron:SELECT=1 {{(pid=105005) stat_writer /opt/stack/data/venv/lib/python3.12/site-packages/dbcounter.py:115}}
May 09 07:25:16.120935 np0000173000 neutron-periodic-workers[104993]: DEBUG oslo.service.backend._threading.loopingcall [None req-d891008d-bedc-45bd-bec0-d36508bdcfd3 None None] Fixed interval looping call 'neutron.plugins.ml2.plugin.DhcpAgentSchedulerDbMixin.remove_networks_from_down_agents' sleeping for 36.99 seconds {{(pid=104993) _run_loop /opt/stack/data/venv/lib/python3.12/site-packages/oslo_service/backend/_threading/loopingcall.py:125}}
May 09 07:25:26.119273 np0000173000 neutron-periodic-workers[104993]: DEBUG dbcounter [-] [104993] Writing DB stats neutron:SELECT=3 {{(pid=104993) stat_writer /opt/stack/data/venv/lib/python3.12/site-packages/dbcounter.py:115}}
May 09 07:25:40.104405 np0000173000 neutron-periodic-workers[105005]: DEBUG neutron.db.agents_db [None req-d78c8b0c-9a9b-4955-bd7d-3f30208acde1 None None] Agent healthcheck: found 0 active agents {{(pid=105005) agent_health_check /opt/stack/neutron/neutron/db/agents_db.py:322}}
May 09 07:25:40.104957 np0000173000 neutron-periodic-workers[105005]: DEBUG oslo.service.backend._threading.loopingcall [None req-d78c8b0c-9a9b-4955-bd7d-3f30208acde1 None None] Fixed interval looping call 'neutron.plugins.ml2.plugin.AgentDbMixin.agent_health_check' sleeping for 37.00 seconds {{(pid=105005) _run_loop /opt/stack/data/venv/lib/python3.12/site-packages/oslo_service/backend/_threading/loopingcall.py:125}}
May 09 07:25:50.103272 np0000173000 neutron-periodic-workers[105005]: DEBUG dbcounter [-] [105005] Writing DB stats neutron:SELECT=1 {{(pid=105005) stat_writer /opt/stack/data/venv/lib/python3.12/site-packages/dbcounter.py:115}}
May 09 07:25:53.120215 np0000173000 neutron-periodic-workers[104993]: DEBUG oslo.service.backend._threading.loopingcall [None req-d891008d-bedc-45bd-bec0-d36508bdcfd3 None None] Fixed interval looping call 'neutron.plugins.ml2.plugin.DhcpAgentSchedulerDbMixin.remove_networks_from_down_agents' sleeping for 36.99 seconds {{(pid=104993) _run_loop /opt/stack/data/venv/lib/python3.12/site-packages/oslo_service/backend/_threading/loopingcall.py:125}}
May 09 07:26:03.119758 np0000173000 neutron-periodic-workers[104993]: DEBUG dbcounter [-] [104993] Writing DB stats neutron:SELECT=3 {{(pid=104993) stat_writer /opt/stack/data/venv/lib/python3.12/site-packages/dbcounter.py:115}}
May 09 07:26:17.110355 np0000173000 neutron-periodic-workers[105005]: DEBUG neutron.db.agents_db [None req-d78c8b0c-9a9b-4955-bd7d-3f30208acde1 None None] Agent healthcheck: found 0 active agents {{(pid=105005) agent_health_check /opt/stack/neutron/neutron/db/agents_db.py:322}}
May 09 07:26:17.111235 np0000173000 neutron-periodic-workers[105005]: DEBUG oslo.service.backend._threading.loopingcall [None req-d78c8b0c-9a9b-4955-bd7d-3f30208acde1 None None] Fixed interval looping call 'neutron.plugins.ml2.plugin.AgentDbMixin.agent_health_check' sleeping for 36.99 seconds {{(pid=105005) _run_loop /opt/stack/data/venv/lib/python3.12/site-packages/oslo_service/backend/_threading/loopingcall.py:125}}
May 09 07:26:27.108493 np0000173000 neutron-periodic-workers[105005]: DEBUG dbcounter [-] [105005] Writing DB stats neutron:SELECT=1 {{(pid=105005) stat_writer /opt/stack/data/venv/lib/python3.12/site-packages/dbcounter.py:115}}
May 09 07:26:30.119750 np0000173000 neutron-periodic-workers[104993]: DEBUG oslo.service.backend._threading.loopingcall [None req-d891008d-bedc-45bd-bec0-d36508bdcfd3 None None] Fixed interval looping call 'neutron.plugins.ml2.plugin.DhcpAgentSchedulerDbMixin.remove_networks_from_down_agents' sleeping for 36.99 seconds {{(pid=104993) _run_loop /opt/stack/data/venv/lib/python3.12/site-packages/oslo_service/backend/_threading/loopingcall.py:125}}
May 09 07:26:40.118955 np0000173000 neutron-periodic-workers[104993]: DEBUG dbcounter [-] [104993] Writing DB stats neutron:SELECT=3 {{(pid=104993) stat_writer /opt/stack/data/venv/lib/python3.12/site-packages/dbcounter.py:115}}
May 09 07:26:54.106048 np0000173000 neutron-periodic-workers[105005]: DEBUG neutron.db.agents_db [None req-d78c8b0c-9a9b-4955-bd7d-3f30208acde1 None None] Agent healthcheck: found 0 active agents {{(pid=105005) agent_health_check /opt/stack/neutron/neutron/db/agents_db.py:322}}
May 09 07:26:54.106523 np0000173000 neutron-periodic-workers[105005]: DEBUG oslo.service.backend._threading.loopingcall [None req-d78c8b0c-9a9b-4955-bd7d-3f30208acde1 None None] Fixed interval looping call 'neutron.plugins.ml2.plugin.AgentDbMixin.agent_health_check' sleeping for 36.99 seconds {{(pid=105005) _run_loop /opt/stack/data/venv/lib/python3.12/site-packages/oslo_service/backend/_threading/loopingcall.py:125}}
May 09 07:27:01.172852 np0000173000 neutron-periodic-workers[105014]: DEBUG oslo.service.backend._threading.loopingcall [None req-7a2d722f-8380-44f6-9e0c-abd31ba06c00 None None] Fixed interval looping call 'neutron.db.quota.driver_nolock.DbQuotaNoLockDriver._remove_expired_reservations' sleeping for 120.00 seconds {{(pid=105014) _run_loop /opt/stack/data/venv/lib/python3.12/site-packages/oslo_service/backend/_threading/loopingcall.py:125}}
May 09 07:27:04.105453 np0000173000 neutron-periodic-workers[105005]: DEBUG dbcounter [-] [105005] Writing DB stats neutron:SELECT=1 {{(pid=105005) stat_writer /opt/stack/data/venv/lib/python3.12/site-packages/dbcounter.py:115}}
May 09 07:27:07.119564 np0000173000 neutron-periodic-workers[104993]: DEBUG oslo.service.backend._threading.loopingcall [None req-d891008d-bedc-45bd-bec0-d36508bdcfd3 None None] Fixed interval looping call 'neutron.plugins.ml2.plugin.DhcpAgentSchedulerDbMixin.remove_networks_from_down_agents' sleeping for 36.99 seconds {{(pid=104993) _run_loop /opt/stack/data/venv/lib/python3.12/site-packages/oslo_service/backend/_threading/loopingcall.py:125}}
May 09 07:27:11.171384 np0000173000 neutron-periodic-workers[105014]: DEBUG dbcounter [-] [105014] Writing DB stats neutron:DELETE=1 {{(pid=105014) stat_writer /opt/stack/data/venv/lib/python3.12/site-packages/dbcounter.py:115}}
May 09 07:27:17.118710 np0000173000 neutron-periodic-workers[104993]: DEBUG dbcounter [-] [104993] Writing DB stats neutron:SELECT=3 {{(pid=104993) stat_writer /opt/stack/data/venv/lib/python3.12/site-packages/dbcounter.py:115}}
May 09 07:27:31.102167 np0000173000 neutron-periodic-workers[105005]: DEBUG neutron.db.agents_db [None req-d78c8b0c-9a9b-4955-bd7d-3f30208acde1 None None] Agent healthcheck: found 0 active agents {{(pid=105005) agent_health_check /opt/stack/neutron/neutron/db/agents_db.py:322}}
May 09 07:27:31.102845 np0000173000 neutron-periodic-workers[105005]: DEBUG oslo.service.backend._threading.loopingcall [None req-d78c8b0c-9a9b-4955-bd7d-3f30208acde1 None None] Fixed interval looping call 'neutron.plugins.ml2.plugin.AgentDbMixin.agent_health_check' sleeping for 36.99 seconds {{(pid=105005) _run_loop /opt/stack/data/venv/lib/python3.12/site-packages/oslo_service/backend/_threading/loopingcall.py:125}}
May 09 07:27:41.099975 np0000173000 neutron-periodic-workers[105005]: DEBUG dbcounter [-] [105005] Writing DB stats neutron:SELECT=1 {{(pid=105005) stat_writer /opt/stack/data/venv/lib/python3.12/site-packages/dbcounter.py:115}}
May 09 07:27:44.121705 np0000173000 neutron-periodic-workers[104993]: DEBUG oslo.service.backend._threading.loopingcall [None req-d891008d-bedc-45bd-bec0-d36508bdcfd3 None None] Fixed interval looping call 'neutron.plugins.ml2.plugin.DhcpAgentSchedulerDbMixin.remove_networks_from_down_agents' sleeping for 36.99 seconds {{(pid=104993) _run_loop /opt/stack/data/venv/lib/python3.12/site-packages/oslo_service/backend/_threading/loopingcall.py:125}}
May 09 07:27:54.119831 np0000173000 neutron-periodic-workers[104993]: DEBUG dbcounter [-] [104993] Writing DB stats neutron:SELECT=3 {{(pid=104993) stat_writer /opt/stack/data/venv/lib/python3.12/site-packages/dbcounter.py:115}}
May 09 07:28:01.168697 np0000173000 neutron-periodic-workers[105023]: DEBUG oslo.service.backend._threading.loopingcall [None req-36af33e4-3b96-4078-ac65-f4977e8e1df7 None None] Fixed interval looping call 'neutron.services.ovn_l3.plugin.L3_NAT_dbonly_mixin._clean_garbage' sleeping for 299.99 seconds {{(pid=105023) _run_loop /opt/stack/data/venv/lib/python3.12/site-packages/oslo_service/backend/_threading/loopingcall.py:125}}
May 09 07:28:08.098100 np0000173000 neutron-periodic-workers[105005]: DEBUG neutron.db.agents_db [None req-d78c8b0c-9a9b-4955-bd7d-3f30208acde1 None None] Agent healthcheck: found 0 active agents {{(pid=105005) agent_health_check /opt/stack/neutron/neutron/db/agents_db.py:322}}
May 09 07:28:08.098620 np0000173000 neutron-periodic-workers[105005]: DEBUG oslo.service.backend._threading.loopingcall [None req-d78c8b0c-9a9b-4955-bd7d-3f30208acde1 None None] Fixed interval looping call 'neutron.plugins.ml2.plugin.AgentDbMixin.agent_health_check' sleeping for 36.99 seconds {{(pid=105005) _run_loop /opt/stack/data/venv/lib/python3.12/site-packages/oslo_service/backend/_threading/loopingcall.py:125}}
May 09 07:28:11.160100 np0000173000 neutron-periodic-workers[105023]: DEBUG dbcounter [-] [105023] Writing DB stats neutron:SELECT=1 {{(pid=105023) stat_writer /opt/stack/data/venv/lib/python3.12/site-packages/dbcounter.py:115}}
May 09 07:28:18.096172 np0000173000 neutron-periodic-workers[105005]: DEBUG dbcounter [-] [105005] Writing DB stats neutron:SELECT=1 {{(pid=105005) stat_writer /opt/stack/data/venv/lib/python3.12/site-packages/dbcounter.py:115}}
May 09 07:28:21.125742 np0000173000 neutron-periodic-workers[104993]: DEBUG oslo.service.backend._threading.loopingcall [None req-d891008d-bedc-45bd-bec0-d36508bdcfd3 None None] Fixed interval looping call 'neutron.plugins.ml2.plugin.DhcpAgentSchedulerDbMixin.remove_networks_from_down_agents' sleeping for 36.99 seconds {{(pid=104993) _run_loop /opt/stack/data/venv/lib/python3.12/site-packages/oslo_service/backend/_threading/loopingcall.py:125}}
May 09 07:28:31.124731 np0000173000 neutron-periodic-workers[104993]: DEBUG dbcounter [-] [104993] Writing DB stats neutron:SELECT=3 {{(pid=104993) stat_writer /opt/stack/data/venv/lib/python3.12/site-packages/dbcounter.py:115}}
May 09 07:28:45.093001 np0000173000 neutron-periodic-workers[105005]: DEBUG neutron.db.agents_db [None req-d78c8b0c-9a9b-4955-bd7d-3f30208acde1 None None] Agent healthcheck: found 0 active agents {{(pid=105005) agent_health_check /opt/stack/neutron/neutron/db/agents_db.py:322}}
May 09 07:28:45.093573 np0000173000 neutron-periodic-workers[105005]: DEBUG oslo.service.backend._threading.loopingcall [None req-d78c8b0c-9a9b-4955-bd7d-3f30208acde1 None None] Fixed interval looping call 'neutron.plugins.ml2.plugin.AgentDbMixin.agent_health_check' sleeping for 37.00 seconds {{(pid=105005) _run_loop /opt/stack/data/venv/lib/python3.12/site-packages/oslo_service/backend/_threading/loopingcall.py:125}}
May 09 07:28:55.092881 np0000173000 neutron-periodic-workers[105005]: DEBUG dbcounter [-] [105005] Writing DB stats neutron:SELECT=1 {{(pid=105005) stat_writer /opt/stack/data/venv/lib/python3.12/site-packages/dbcounter.py:115}}
May 09 07:28:58.125322 np0000173000 neutron-periodic-workers[104993]: DEBUG oslo.service.backend._threading.loopingcall [None req-d891008d-bedc-45bd-bec0-d36508bdcfd3 None None] Fixed interval looping call 'neutron.plugins.ml2.plugin.DhcpAgentSchedulerDbMixin.remove_networks_from_down_agents' sleeping for 36.99 seconds {{(pid=104993) _run_loop /opt/stack/data/venv/lib/python3.12/site-packages/oslo_service/backend/_threading/loopingcall.py:125}}
May 09 07:29:01.175540 np0000173000 neutron-periodic-workers[105014]: DEBUG oslo.service.backend._threading.loopingcall [None req-7a2d722f-8380-44f6-9e0c-abd31ba06c00 None None] Fixed interval looping call 'neutron.db.quota.driver_nolock.DbQuotaNoLockDriver._remove_expired_reservations' sleeping for 120.00 seconds {{(pid=105014) _run_loop /opt/stack/data/venv/lib/python3.12/site-packages/oslo_service/backend/_threading/loopingcall.py:125}}
May 09 07:29:08.126134 np0000173000 neutron-periodic-workers[104993]: DEBUG dbcounter [-] [104993] Writing DB stats neutron:SELECT=3 {{(pid=104993) stat_writer /opt/stack/data/venv/lib/python3.12/site-packages/dbcounter.py:115}}
May 09 07:29:11.174945 np0000173000 neutron-periodic-workers[105014]: DEBUG dbcounter [-] [105014] Writing DB stats neutron:DELETE=1 {{(pid=105014) stat_writer /opt/stack/data/venv/lib/python3.12/site-packages/dbcounter.py:115}}
May 09 07:29:22.100534 np0000173000 neutron-periodic-workers[105005]: DEBUG neutron.db.agents_db [None req-d78c8b0c-9a9b-4955-bd7d-3f30208acde1 None None] Agent healthcheck: found 0 active agents {{(pid=105005) agent_health_check /opt/stack/neutron/neutron/db/agents_db.py:322}}
May 09 07:29:22.100963 np0000173000 neutron-periodic-workers[105005]: DEBUG oslo.service.backend._threading.loopingcall [None req-d78c8b0c-9a9b-4955-bd7d-3f30208acde1 None None] Fixed interval looping call 'neutron.plugins.ml2.plugin.AgentDbMixin.agent_health_check' sleeping for 36.99 seconds {{(pid=105005) _run_loop /opt/stack/data/venv/lib/python3.12/site-packages/oslo_service/backend/_threading/loopingcall.py:125}}
May 09 07:29:32.099586 np0000173000 neutron-periodic-workers[105005]: DEBUG dbcounter [-] [105005] Writing DB stats neutron:SELECT=1 {{(pid=105005) stat_writer /opt/stack/data/venv/lib/python3.12/site-packages/dbcounter.py:115}}
May 09 07:29:35.125644 np0000173000 neutron-periodic-workers[104993]: DEBUG oslo.service.backend._threading.loopingcall [None req-d891008d-bedc-45bd-bec0-d36508bdcfd3 None None] Fixed interval looping call 'neutron.plugins.ml2.plugin.DhcpAgentSchedulerDbMixin.remove_networks_from_down_agents' sleeping for 36.99 seconds {{(pid=104993) _run_loop /opt/stack/data/venv/lib/python3.12/site-packages/oslo_service/backend/_threading/loopingcall.py:125}}
