May 13 02:26:22.440859 np0000173883 devstack@n-api-meta.service[108172]: DEBUG nova.api.openstack.wsgi_app [None req-99eb309d-cbe3-4dc0-a1a0-23583dda52a2 None None] oslo_limit.max_version = None {{(pid=108172) log_opt_values /opt/stack/data/venv/lib/python3.12/site-packages/oslo_config/cfg.py:3006}}
May 13 02:26:22.440988 np0000173883 devstack@n-api-meta.service[108172]: DEBUG nova.api.openstack.wsgi_app [None req-99eb309d-cbe3-4dc0-a1a0-23583dda52a2 None None] oslo_limit.min_version = None {{(pid=108172) log_opt_values /opt/stack/data/venv/lib/python3.12/site-packages/oslo_config/cfg.py:3006}}
May 13 02:26:22.441117 np0000173883 devstack@n-api-meta.service[108172]: DEBUG nova.api.openstack.wsgi_app [None req-99eb309d-cbe3-4dc0-a1a0-23583dda52a2 None None] oslo_limit.region_name = None {{(pid=108172) log_opt_values /opt/stack/data/venv/lib/python3.12/site-packages/oslo_config/cfg.py:3006}}
May 13 02:26:22.441243 np0000173883 devstack@n-api-meta.service[108172]: DEBUG nova.api.openstack.wsgi_app [None req-99eb309d-cbe3-4dc0-a1a0-23583dda52a2 None None] oslo_limit.retriable_status_codes = None {{(pid=108172) log_opt_values /opt/stack/data/venv/lib/python3.12/site-packages/oslo_config/cfg.py:3006}}
May 13 02:26:22.441370 np0000173883 devstack@n-api-meta.service[108172]: DEBUG nova.api.openstack.wsgi_app [None req-99eb309d-cbe3-4dc0-a1a0-23583dda52a2 None None] oslo_limit.service_name = None {{(pid=108172) log_opt_values /opt/stack/data/venv/lib/python3.12/site-packages/oslo_config/cfg.py:3006}}
May 13 02:26:22.441515 np0000173883 devstack@n-api-meta.service[108172]: DEBUG nova.api.openstack.wsgi_app [None req-99eb309d-cbe3-4dc0-a1a0-23583dda52a2 None None] oslo_limit.service_type = None {{(pid=108172) log_opt_values /opt/stack/data/venv/lib/python3.12/site-packages/oslo_config/cfg.py:3006}}
May 13 02:26:22.441986 np0000173883 devstack@n-api-meta.service[108172]: DEBUG nova.api.openstack.wsgi_app [None req-99eb309d-cbe3-4dc0-a1a0-23583dda52a2 None None] oslo_limit.split_loggers = False {{(pid=108172) log_opt_values /opt/stack/data/venv/lib/python3.12/site-packages/oslo_config/cfg.py:3006}}
May 13 02:26:22.441986 np0000173883 devstack@n-api-meta.service[108172]: DEBUG nova.api.openstack.wsgi_app [None req-99eb309d-cbe3-4dc0-a1a0-23583dda52a2 None None] oslo_limit.status_code_retries = None {{(pid=108172) log_opt_values /opt/stack/data/venv/lib/python3.12/site-packages/oslo_config/cfg.py:3006}}
May 13 02:26:22.441986 np0000173883 devstack@n-api-meta.service[108172]: DEBUG nova.api.openstack.wsgi_app [None req-99eb309d-cbe3-4dc0-a1a0-23583dda52a2 None None] oslo_limit.status_code_retry_delay = None {{(pid=108172) log_opt_values /opt/stack/data/venv/lib/python3.12/site-packages/oslo_config/cfg.py:3006}}
May 13 02:26:22.442083 np0000173883 devstack@n-api-meta.service[108172]: DEBUG nova.api.openstack.wsgi_app [None req-99eb309d-cbe3-4dc0-a1a0-23583dda52a2 None None] oslo_limit.timeout = None {{(pid=108172) log_opt_values /opt/stack/data/venv/lib/python3.12/site-packages/oslo_config/cfg.py:3006}}
May 13 02:26:22.442243 np0000173883 devstack@n-api-meta.service[108172]: DEBUG nova.api.openstack.wsgi_app [None req-99eb309d-cbe3-4dc0-a1a0-23583dda52a2 None None] oslo_limit.valid_interfaces = None {{(pid=108172) log_opt_values /opt/stack/data/venv/lib/python3.12/site-packages/oslo_config/cfg.py:3006}}
May 13 02:26:22.442411 np0000173883 devstack@n-api-meta.service[108172]: DEBUG nova.api.openstack.wsgi_app [None req-99eb309d-cbe3-4dc0-a1a0-23583dda52a2 None None] oslo_limit.version = None {{(pid=108172) log_opt_values /opt/stack/data/venv/lib/python3.12/site-packages/oslo_config/cfg.py:3006}}
May 13 02:26:22.442906 np0000173883 devstack@n-api-meta.service[108172]: DEBUG nova.api.openstack.wsgi_app [None req-99eb309d-cbe3-4dc0-a1a0-23583dda52a2 None None] oslo_messaging_rabbit.amqp_auto_delete = False {{(pid=108172) log_opt_values /opt/stack/data/venv/lib/python3.12/site-packages/oslo_config/cfg.py:3006}}
May 13 02:26:22.442906 np0000173883 devstack@n-api-meta.service[108172]: DEBUG nova.api.openstack.wsgi_app [None req-99eb309d-cbe3-4dc0-a1a0-23583dda52a2 None None] oslo_messaging_rabbit.amqp_durable_queues = False {{(pid=108172) log_opt_values /opt/stack/data/venv/lib/python3.12/site-packages/oslo_config/cfg.py:3006}}
May 13 02:26:22.442993 np0000173883 devstack@n-api-meta.service[108172]: DEBUG nova.api.openstack.wsgi_app [None req-99eb309d-cbe3-4dc0-a1a0-23583dda52a2 None None] oslo_messaging_rabbit.conn_pool_min_size = 2 {{(pid=108172) log_opt_values /opt/stack/data/venv/lib/python3.12/site-packages/oslo_config/cfg.py:3006}}
May 13 02:26:22.443188 np0000173883 devstack@n-api-meta.service[108172]: DEBUG nova.api.openstack.wsgi_app [None req-99eb309d-cbe3-4dc0-a1a0-23583dda52a2 None None] oslo_messaging_rabbit.conn_pool_ttl = 1200 {{(pid=108172) log_opt_values /opt/stack/data/venv/lib/python3.12/site-packages/oslo_config/cfg.py:3006}}
May 13 02:26:22.443391 np0000173883 devstack@n-api-meta.service[108172]: DEBUG nova.api.openstack.wsgi_app [None req-99eb309d-cbe3-4dc0-a1a0-23583dda52a2 None None] oslo_messaging_rabbit.direct_mandatory_flag = True {{(pid=108172) log_opt_values /opt/stack/data/venv/lib/python3.12/site-packages/oslo_config/cfg.py:3006}}
May 13 02:26:22.443566 np0000173883 devstack@n-api-meta.service[108172]: DEBUG nova.api.openstack.wsgi_app [None req-99eb309d-cbe3-4dc0-a1a0-23583dda52a2 None None] oslo_messaging_rabbit.enable_cancel_on_failover = False {{(pid=108172) log_opt_values /opt/stack/data/venv/lib/python3.12/site-packages/oslo_config/cfg.py:3006}}
May 13 02:26:22.443717 np0000173883 devstack@n-api-meta.service[108172]: DEBUG nova.api.openstack.wsgi_app [None req-99eb309d-cbe3-4dc0-a1a0-23583dda52a2 None None] oslo_messaging_rabbit.heartbeat_in_pthread = False {{(pid=108172) log_opt_values /opt/stack/data/venv/lib/python3.12/site-packages/oslo_config/cfg.py:3006}}
May 13 02:26:22.443907 np0000173883 devstack@n-api-meta.service[108172]: DEBUG nova.api.openstack.wsgi_app [None req-99eb309d-cbe3-4dc0-a1a0-23583dda52a2 None None] oslo_messaging_rabbit.heartbeat_rate = 3 {{(pid=108172) log_opt_values /opt/stack/data/venv/lib/python3.12/site-packages/oslo_config/cfg.py:3006}}
May 13 02:26:22.444094 np0000173883 devstack@n-api-meta.service[108172]: DEBUG nova.api.openstack.wsgi_app [None req-99eb309d-cbe3-4dc0-a1a0-23583dda52a2 None None] oslo_messaging_rabbit.heartbeat_timeout_threshold = 60 {{(pid=108172) log_opt_values /opt/stack/data/venv/lib/python3.12/site-packages/oslo_config/cfg.py:3006}}
May 13 02:26:22.447487 np0000173883 devstack@n-api-meta.service[108172]: DEBUG nova.api.openstack.wsgi_app [None req-99eb309d-cbe3-4dc0-a1a0-23583dda52a2 None None] oslo_messaging_rabbit.hostname = np0000173883 {{(pid=108172) log_opt_values /opt/stack/data/venv/lib/python3.12/site-packages/oslo_config/cfg.py:3006}}
May 13 02:26:22.447487 np0000173883 devstack@n-api-meta.service[108172]: DEBUG nova.api.openstack.wsgi_app [None req-99eb309d-cbe3-4dc0-a1a0-23583dda52a2 None None] oslo_messaging_rabbit.kombu_compression = None {{(pid=108172) log_opt_values /opt/stack/data/venv/lib/python3.12/site-packages/oslo_config/cfg.py:3006}}
May 13 02:26:22.447487 np0000173883 devstack@n-api-meta.service[108172]: DEBUG nova.api.openstack.wsgi_app [None req-99eb309d-cbe3-4dc0-a1a0-23583dda52a2 None None] oslo_messaging_rabbit.kombu_failover_strategy = round-robin {{(pid=108172) log_opt_values /opt/stack/data/venv/lib/python3.12/site-packages/oslo_config/cfg.py:3006}}
May 13 02:26:22.447487 np0000173883 devstack@n-api-meta.service[108172]: DEBUG nova.api.openstack.wsgi_app [None req-99eb309d-cbe3-4dc0-a1a0-23583dda52a2 None None] oslo_messaging_rabbit.kombu_missing_consumer_retry_timeout = 60 {{(pid=108172) log_opt_values /opt/stack/data/venv/lib/python3.12/site-packages/oslo_config/cfg.py:3006}}
May 13 02:26:22.447487 np0000173883 devstack@n-api-meta.service[108172]: DEBUG nova.api.openstack.wsgi_app [None req-99eb309d-cbe3-4dc0-a1a0-23583dda52a2 None None] oslo_messaging_rabbit.kombu_reconnect_delay = 1.0 {{(pid=108172) log_opt_values /opt/stack/data/venv/lib/python3.12/site-packages/oslo_config/cfg.py:3006}}
May 13 02:26:22.447487 np0000173883 devstack@n-api-meta.service[108172]: DEBUG nova.api.openstack.wsgi_app [None req-99eb309d-cbe3-4dc0-a1a0-23583dda52a2 None None] oslo_messaging_rabbit.kombu_reconnect_splay = 0.0 {{(pid=108172) log_opt_values /opt/stack/data/venv/lib/python3.12/site-packages/oslo_config/cfg.py:3006}}
May 13 02:26:22.447487 np0000173883 devstack@n-api-meta.service[108172]: DEBUG nova.api.openstack.wsgi_app [None req-99eb309d-cbe3-4dc0-a1a0-23583dda52a2 None None] oslo_messaging_rabbit.processname = uwsgi {{(pid=108172) log_opt_values /opt/stack/data/venv/lib/python3.12/site-packages/oslo_config/cfg.py:3006}}
May 13 02:26:22.447713 np0000173883 devstack@n-api-meta.service[108172]: DEBUG nova.api.openstack.wsgi_app [None req-99eb309d-cbe3-4dc0-a1a0-23583dda52a2 None None] oslo_messaging_rabbit.rabbit_ha_queues = False {{(pid=108172) log_opt_values /opt/stack/data/venv/lib/python3.12/site-packages/oslo_config/cfg.py:3006}}
May 13 02:26:22.447713 np0000173883 devstack@n-api-meta.service[108172]: DEBUG nova.api.openstack.wsgi_app [None req-99eb309d-cbe3-4dc0-a1a0-23583dda52a2 None None] oslo_messaging_rabbit.rabbit_interval_max = 30 {{(pid=108172) log_opt_values /opt/stack/data/venv/lib/python3.12/site-packages/oslo_config/cfg.py:3006}}
May 13 02:26:22.447713 np0000173883 devstack@n-api-meta.service[108172]: DEBUG nova.api.openstack.wsgi_app [None req-99eb309d-cbe3-4dc0-a1a0-23583dda52a2 None None] oslo_messaging_rabbit.rabbit_login_method = AMQPLAIN {{(pid=108172) log_opt_values /opt/stack/data/venv/lib/python3.12/site-packages/oslo_config/cfg.py:3006}}
May 13 02:26:22.447713 np0000173883 devstack@n-api-meta.service[108172]: DEBUG nova.api.openstack.wsgi_app [None req-99eb309d-cbe3-4dc0-a1a0-23583dda52a2 None None] oslo_messaging_rabbit.rabbit_qos_prefetch_count = 0 {{(pid=108172) log_opt_values /opt/stack/data/venv/lib/python3.12/site-packages/oslo_config/cfg.py:3006}}
May 13 02:26:22.447713 np0000173883 devstack@n-api-meta.service[108172]: DEBUG nova.api.openstack.wsgi_app [None req-99eb309d-cbe3-4dc0-a1a0-23583dda52a2 None None] oslo_messaging_rabbit.rabbit_quorum_delivery_limit = 0 {{(pid=108172) log_opt_values /opt/stack/data/venv/lib/python3.12/site-packages/oslo_config/cfg.py:3006}}
May 13 02:26:22.447713 np0000173883 devstack@n-api-meta.service[108172]: DEBUG nova.api.openstack.wsgi_app [None req-99eb309d-cbe3-4dc0-a1a0-23583dda52a2 None None] oslo_messaging_rabbit.rabbit_quorum_max_memory_bytes = 0 {{(pid=108172) log_opt_values /opt/stack/data/venv/lib/python3.12/site-packages/oslo_config/cfg.py:3006}}
May 13 02:26:22.447713 np0000173883 devstack@n-api-meta.service[108172]: DEBUG nova.api.openstack.wsgi_app [None req-99eb309d-cbe3-4dc0-a1a0-23583dda52a2 None None] oslo_messaging_rabbit.rabbit_quorum_max_memory_length = 0 {{(pid=108172) log_opt_values /opt/stack/data/venv/lib/python3.12/site-packages/oslo_config/cfg.py:3006}}
May 13 02:26:22.447893 np0000173883 devstack@n-api-meta.service[108172]: DEBUG nova.api.openstack.wsgi_app [None req-99eb309d-cbe3-4dc0-a1a0-23583dda52a2 None None] oslo_messaging_rabbit.rabbit_quorum_queue = False {{(pid=108172) log_opt_values /opt/stack/data/venv/lib/python3.12/site-packages/oslo_config/cfg.py:3006}}
May 13 02:26:22.447893 np0000173883 devstack@n-api-meta.service[108172]: DEBUG nova.api.openstack.wsgi_app [None req-99eb309d-cbe3-4dc0-a1a0-23583dda52a2 None None] oslo_messaging_rabbit.rabbit_retry_backoff = 2 {{(pid=108172) log_opt_values /opt/stack/data/venv/lib/python3.12/site-packages/oslo_config/cfg.py:3006}}
May 13 02:26:22.447893 np0000173883 devstack@n-api-meta.service[108172]: DEBUG nova.api.openstack.wsgi_app [None req-99eb309d-cbe3-4dc0-a1a0-23583dda52a2 None None] oslo_messaging_rabbit.rabbit_retry_interval = 1 {{(pid=108172) log_opt_values /opt/stack/data/venv/lib/python3.12/site-packages/oslo_config/cfg.py:3006}}
May 13 02:26:22.447893 np0000173883 devstack@n-api-meta.service[108172]: DEBUG nova.api.openstack.wsgi_app [None req-99eb309d-cbe3-4dc0-a1a0-23583dda52a2 None None] oslo_messaging_rabbit.rabbit_stream_fanout = False {{(pid=108172) log_opt_values /opt/stack/data/venv/lib/python3.12/site-packages/oslo_config/cfg.py:3006}}
May 13 02:26:22.447893 np0000173883 devstack@n-api-meta.service[108172]: DEBUG nova.api.openstack.wsgi_app [None req-99eb309d-cbe3-4dc0-a1a0-23583dda52a2 None None] oslo_messaging_rabbit.rabbit_transient_queues_ttl = 1800 {{(pid=108172) log_opt_values /opt/stack/data/venv/lib/python3.12/site-packages/oslo_config/cfg.py:3006}}
May 13 02:26:22.447893 np0000173883 devstack@n-api-meta.service[108172]: DEBUG nova.api.openstack.wsgi_app [None req-99eb309d-cbe3-4dc0-a1a0-23583dda52a2 None None] oslo_messaging_rabbit.rabbit_transient_quorum_queue = False {{(pid=108172) log_opt_values /opt/stack/data/venv/lib/python3.12/site-packages/oslo_config/cfg.py:3006}}
May 13 02:26:22.448052 np0000173883 devstack@n-api-meta.service[108172]: DEBUG nova.api.openstack.wsgi_app [None req-99eb309d-cbe3-4dc0-a1a0-23583dda52a2 None None] oslo_messaging_rabbit.rpc_conn_pool_size = 30 {{(pid=108172) log_opt_values /opt/stack/data/venv/lib/python3.12/site-packages/oslo_config/cfg.py:3006}}
May 13 02:26:22.448109 np0000173883 devstack@n-api-meta.service[108172]: DEBUG nova.api.openstack.wsgi_app [None req-99eb309d-cbe3-4dc0-a1a0-23583dda52a2 None None] oslo_messaging_rabbit.ssl = False {{(pid=108172) log_opt_values /opt/stack/data/venv/lib/python3.12/site-packages/oslo_config/cfg.py:3006}}
May 13 02:26:22.448250 np0000173883 devstack@n-api-meta.service[108172]: DEBUG nova.api.openstack.wsgi_app [None req-99eb309d-cbe3-4dc0-a1a0-23583dda52a2 None None] oslo_messaging_rabbit.ssl_ca_file = {{(pid=108172) log_opt_values /opt/stack/data/venv/lib/python3.12/site-packages/oslo_config/cfg.py:3006}}
May 13 02:26:22.448380 np0000173883 devstack@n-api-meta.service[108172]: DEBUG nova.api.openstack.wsgi_app [None req-99eb309d-cbe3-4dc0-a1a0-23583dda52a2 None None] oslo_messaging_rabbit.ssl_cert_file = {{(pid=108172) log_opt_values /opt/stack/data/venv/lib/python3.12/site-packages/oslo_config/cfg.py:3006}}
May 13 02:26:22.448531 np0000173883 devstack@n-api-meta.service[108172]: DEBUG nova.api.openstack.wsgi_app [None req-99eb309d-cbe3-4dc0-a1a0-23583dda52a2 None None] oslo_messaging_rabbit.ssl_enforce_fips_mode = False {{(pid=108172) log_opt_values /opt/stack/data/venv/lib/python3.12/site-packages/oslo_config/cfg.py:3006}}
May 13 02:26:22.448664 np0000173883 devstack@n-api-meta.service[108172]: DEBUG nova.api.openstack.wsgi_app [None req-99eb309d-cbe3-4dc0-a1a0-23583dda52a2 None None] oslo_messaging_rabbit.ssl_key_file = {{(pid=108172) log_opt_values /opt/stack/data/venv/lib/python3.12/site-packages/oslo_config/cfg.py:3006}}
May 13 02:26:22.448799 np0000173883 devstack@n-api-meta.service[108172]: DEBUG nova.api.openstack.wsgi_app [None req-99eb309d-cbe3-4dc0-a1a0-23583dda52a2 None None] oslo_messaging_rabbit.ssl_version = {{(pid=108172) log_opt_values /opt/stack/data/venv/lib/python3.12/site-packages/oslo_config/cfg.py:3006}}
May 13 02:26:22.448928 np0000173883 devstack@n-api-meta.service[108172]: DEBUG nova.api.openstack.wsgi_app [None req-99eb309d-cbe3-4dc0-a1a0-23583dda52a2 None None] oslo_messaging_rabbit.use_queue_manager = False {{(pid=108172) log_opt_values /opt/stack/data/venv/lib/python3.12/site-packages/oslo_config/cfg.py:3006}}
May 13 02:26:22.449098 np0000173883 devstack@n-api-meta.service[108172]: DEBUG nova.api.openstack.wsgi_app [None req-99eb309d-cbe3-4dc0-a1a0-23583dda52a2 None None] oslo_messaging_notifications.driver = ['messagingv2'] {{(pid=108172) log_opt_values /opt/stack/data/venv/lib/python3.12/site-packages/oslo_config/cfg.py:3006}}
May 13 02:26:22.449229 np0000173883 devstack@n-api-meta.service[108172]: DEBUG nova.api.openstack.wsgi_app [None req-99eb309d-cbe3-4dc0-a1a0-23583dda52a2 None None] oslo_messaging_notifications.retry = -1 {{(pid=108172) log_opt_values /opt/stack/data/venv/lib/python3.12/site-packages/oslo_config/cfg.py:3006}}
May 13 02:26:22.449376 np0000173883 devstack@n-api-meta.service[108172]: DEBUG nova.api.openstack.wsgi_app [None req-99eb309d-cbe3-4dc0-a1a0-23583dda52a2 None None] oslo_messaging_notifications.topics = ['notifications'] {{(pid=108172) log_opt_values /opt/stack/data/venv/lib/python3.12/site-packages/oslo_config/cfg.py:3006}}
May 13 02:26:22.449533 np0000173883 devstack@n-api-meta.service[108172]: DEBUG nova.api.openstack.wsgi_app [None req-99eb309d-cbe3-4dc0-a1a0-23583dda52a2 None None] oslo_messaging_notifications.transport_url = **** {{(pid=108172) log_opt_values /opt/stack/data/venv/lib/python3.12/site-packages/oslo_config/cfg.py:3006}}
May 13 02:26:22.449667 np0000173883 devstack@n-api-meta.service[108172]: DEBUG nova.api.openstack.wsgi_app [None req-99eb309d-cbe3-4dc0-a1a0-23583dda52a2 None None] oslo_reports.file_event_handler = None {{(pid=108172) log_opt_values /opt/stack/data/venv/lib/python3.12/site-packages/oslo_config/cfg.py:3006}}
May 13 02:26:22.449806 np0000173883 devstack@n-api-meta.service[108172]: DEBUG nova.api.openstack.wsgi_app [None req-99eb309d-cbe3-4dc0-a1a0-23583dda52a2 None None] oslo_reports.file_event_handler_interval = 1 {{(pid=108172) log_opt_values /opt/stack/data/venv/lib/python3.12/site-packages/oslo_config/cfg.py:3006}}
May 13 02:26:22.449926 np0000173883 devstack@n-api-meta.service[108172]: DEBUG nova.api.openstack.wsgi_app [None req-99eb309d-cbe3-4dc0-a1a0-23583dda52a2 None None] oslo_reports.log_dir = None {{(pid=108172) log_opt_values /opt/stack/data/venv/lib/python3.12/site-packages/oslo_config/cfg.py:3006}}
May 13 02:26:22.450031 np0000173883 devstack@n-api-meta.service[108172]: DEBUG nova.api.openstack.wsgi_app [None req-99eb309d-cbe3-4dc0-a1a0-23583dda52a2 None None] ******************************************************************************** {{(pid=108172) log_opt_values /opt/stack/data/venv/lib/python3.12/site-packages/oslo_config/cfg.py:3013}}
May 13 02:26:22.450184 np0000173883 devstack@n-api-meta.service[108172]: WSGI app 0 (mountpoint='') ready in 2 seconds on interpreter 0x70352b4a3668 pid: 108172 (default app)
May 13 02:26:31.930308 np0000173883 devstack@n-api-meta.service[108169]: DEBUG dbcounter [-] [108169] Writing DB stats nova_api:SELECT=1 {{(pid=108169) stat_writer /opt/stack/data/venv/lib/python3.12/site-packages/dbcounter.py:115}}
May 13 02:26:31.986296 np0000173883 devstack@n-api-meta.service[108171]: DEBUG dbcounter [-] [108171] Writing DB stats nova_api:SELECT=1 {{(pid=108171) stat_writer /opt/stack/data/venv/lib/python3.12/site-packages/dbcounter.py:115}}
May 13 02:26:32.010816 np0000173883 devstack@n-api-meta.service[108170]: DEBUG dbcounter [-] [108170] Writing DB stats nova_api:SELECT=1 {{(pid=108170) stat_writer /opt/stack/data/venv/lib/python3.12/site-packages/dbcounter.py:115}}
May 13 02:26:32.079217 np0000173883 devstack@n-api-meta.service[108169]: DEBUG dbcounter [-] [108169] Writing DB stats nova_cell0:SELECT=1 {{(pid=108169) stat_writer /opt/stack/data/venv/lib/python3.12/site-packages/dbcounter.py:115}}
May 13 02:26:32.082039 np0000173883 devstack@n-api-meta.service[108169]: DEBUG dbcounter [-] [108169] Writing DB stats nova_cell1:SELECT=1 {{(pid=108169) stat_writer /opt/stack/data/venv/lib/python3.12/site-packages/dbcounter.py:115}}
May 13 02:26:32.110059 np0000173883 devstack@n-api-meta.service[108172]: DEBUG dbcounter [-] [108172] Writing DB stats nova_api:SELECT=1 {{(pid=108172) stat_writer /opt/stack/data/venv/lib/python3.12/site-packages/dbcounter.py:115}}
May 13 02:26:32.111322 np0000173883 devstack@n-api-meta.service[108169]: DEBUG dbcounter [-] [108169] Writing DB stats nova_cell0:SELECT=2,nova_cell0:INSERT=1 {{(pid=108169) stat_writer /opt/stack/data/venv/lib/python3.12/site-packages/dbcounter.py:115}}
May 13 02:26:32.170121 np0000173883 devstack@n-api-meta.service[108171]: DEBUG dbcounter [-] [108171] Writing DB stats nova_cell1:SELECT=1 {{(pid=108171) stat_writer /opt/stack/data/venv/lib/python3.12/site-packages/dbcounter.py:115}}
May 13 02:26:32.171524 np0000173883 devstack@n-api-meta.service[108171]: DEBUG dbcounter [-] [108171] Writing DB stats nova_cell0:SELECT=1 {{(pid=108171) stat_writer /opt/stack/data/venv/lib/python3.12/site-packages/dbcounter.py:115}}
May 13 02:26:32.178211 np0000173883 devstack@n-api-meta.service[108170]: DEBUG dbcounter [-] [108170] Writing DB stats nova_cell0:SELECT=1 {{(pid=108170) stat_writer /opt/stack/data/venv/lib/python3.12/site-packages/dbcounter.py:115}}
May 13 02:26:32.180274 np0000173883 devstack@n-api-meta.service[108170]: DEBUG dbcounter [-] [108170] Writing DB stats nova_cell1:SELECT=1 {{(pid=108170) stat_writer /opt/stack/data/venv/lib/python3.12/site-packages/dbcounter.py:115}}
May 13 02:26:32.195564 np0000173883 devstack@n-api-meta.service[108171]: DEBUG dbcounter [-] [108171] Writing DB stats nova_cell0:SELECT=1 {{(pid=108171) stat_writer /opt/stack/data/venv/lib/python3.12/site-packages/dbcounter.py:115}}
May 13 02:26:32.206312 np0000173883 devstack@n-api-meta.service[108170]: DEBUG dbcounter [-] [108170] Writing DB stats nova_cell0:SELECT=1 {{(pid=108170) stat_writer /opt/stack/data/venv/lib/python3.12/site-packages/dbcounter.py:115}}
May 13 02:26:32.242879 np0000173883 devstack@n-api-meta.service[108172]: DEBUG dbcounter [-] [108172] Writing DB stats nova_cell0:SELECT=1 {{(pid=108172) stat_writer /opt/stack/data/venv/lib/python3.12/site-packages/dbcounter.py:115}}
May 13 02:26:32.249668 np0000173883 devstack@n-api-meta.service[108172]: DEBUG dbcounter [-] [108172] Writing DB stats nova_cell1:SELECT=1 {{(pid=108172) stat_writer /opt/stack/data/venv/lib/python3.12/site-packages/dbcounter.py:115}}
May 13 02:26:32.283798 np0000173883 devstack@n-api-meta.service[108172]: DEBUG dbcounter [-] [108172] Writing DB stats nova_cell0:SELECT=1 {{(pid=108172) stat_writer /opt/stack/data/venv/lib/python3.12/site-packages/dbcounter.py:115}}
May 13 02:31:31.829612 np0000173883 devstack@n-api-meta.service[108169]: DEBUG nova.api.metadata.handler [None req-442e8751-1034-4cd2-9ac6-19caa4bc1172 None None] Metadata request headers: {'Host': '199.204.45.116:8775', 'User-Agent': 'python-requests/2.33.1', 'Accept-Encoding': 'gzip, deflate', 'Accept': '*/*', 'Connection': 'keep-alive', 'X-Forwarded-For': '192.168.24.196', 'X-Instance-Id': '588e6077-aa0f-4780-9b5c-76c548b72d83', 'X-Tenant-Id': '9226c977b6704b00b3353d7218dc4f95', 'X-Instance-Id-Signature': '2124cc7a4a2b3f9ff342ed61286f2e699433a83b20da9f08525f2ac3e390522a'} {{(pid=108169) __call__ /opt/stack/nova/nova/api/metadata/handler.py:109}}
May 13 02:31:31.846788 np0000173883 devstack@n-api-meta.service[108169]: DEBUG oslo_concurrency.lockutils [None req-70ca39c0-5d17-4f27-b7f4-dae499cdfed9 None None] Acquiring lock "91e36e62-0627-4f44-bd2b-71deb075727f" by "nova.context.set_target_cell..get_or_set_cached_cell_and_set_connections" {{(pid=108169) inner /opt/stack/data/venv/lib/python3.12/site-packages/oslo_concurrency/lockutils.py:506}}
May 13 02:31:31.846928 np0000173883 devstack@n-api-meta.service[108169]: DEBUG oslo_concurrency.lockutils [None req-70ca39c0-5d17-4f27-b7f4-dae499cdfed9 None None] Lock "91e36e62-0627-4f44-bd2b-71deb075727f" acquired by "nova.context.set_target_cell..get_or_set_cached_cell_and_set_connections" :: waited 0.000s {{(pid=108169) inner /opt/stack/data/venv/lib/python3.12/site-packages/oslo_concurrency/lockutils.py:519}}
May 13 02:31:31.847097 np0000173883 devstack@n-api-meta.service[108169]: DEBUG oslo_concurrency.lockutils [None req-70ca39c0-5d17-4f27-b7f4-dae499cdfed9 None None] Lock "91e36e62-0627-4f44-bd2b-71deb075727f" "released" by "nova.context.set_target_cell..get_or_set_cached_cell_and_set_connections" :: held 0.000s {{(pid=108169) inner /opt/stack/data/venv/lib/python3.12/site-packages/oslo_concurrency/lockutils.py:538}}
May 13 02:31:31.906212 np0000173883 devstack@n-api-meta.service[108169]: WARNING neutronclient.v2_0.client [None req-70ca39c0-5d17-4f27-b7f4-dae499cdfed9 None None] The python binding code in neutronclient is deprecated in favor of OpenstackSDK, please use that as this will be removed in a future release.
May 13 02:31:32.419332 np0000173883 devstack@n-api-meta.service[108169]: [pid: 108169|app: 0|req: 1/1] 199.204.45.116 () {40 vars in 643 bytes} [Wed May 13 02:31:31 2026] GET /openstack => generated 116 bytes in 598 msecs (HTTP/1.1 200) 3 headers in 100 bytes (1 switches on core 0)
May 13 02:31:32.438659 np0000173883 devstack@n-api-meta.service[108171]: DEBUG nova.api.metadata.handler [None req-d2526d4e-a135-464a-8694-77719c7c8158 None None] Metadata request headers: {'Host': '199.204.45.116:8775', 'User-Agent': 'python-requests/2.33.1', 'Accept-Encoding': 'gzip, deflate', 'Accept': '*/*', 'Connection': 'keep-alive', 'X-Forwarded-For': '192.168.24.196', 'X-Instance-Id': '588e6077-aa0f-4780-9b5c-76c548b72d83', 'X-Tenant-Id': '9226c977b6704b00b3353d7218dc4f95', 'X-Instance-Id-Signature': '2124cc7a4a2b3f9ff342ed61286f2e699433a83b20da9f08525f2ac3e390522a'} {{(pid=108171) __call__ /opt/stack/nova/nova/api/metadata/handler.py:109}}
May 13 02:31:32.445262 np0000173883 devstack@n-api-meta.service[108171]: DEBUG nova.api.metadata.handler [None req-d2526d4e-a135-464a-8694-77719c7c8158 None None] Using cached metadata for instance 588e6077-aa0f-4780-9b5c-76c548b72d83 {{(pid=108171) get_metadata_by_instance_id /opt/stack/nova/nova/api/metadata/handler.py:84}}
May 13 02:31:32.445749 np0000173883 devstack@n-api-meta.service[108171]: [pid: 108171|app: 0|req: 1/2] 199.204.45.116 () {40 vars in 643 bytes} [Wed May 13 02:31:32 2026] GET /openstack => generated 116 bytes in 12 msecs (HTTP/1.1 200) 3 headers in 100 bytes (1 switches on core 0)
May 13 02:31:32.459499 np0000173883 devstack@n-api-meta.service[108170]: DEBUG nova.api.metadata.handler [None req-ef9c17b0-cfbe-4769-9bba-946bd5e2834f None None] Metadata request headers: {'Host': '199.204.45.116:8775', 'User-Agent': 'python-requests/2.33.1', 'Accept-Encoding': 'gzip, deflate', 'Accept': '*/*', 'Connection': 'keep-alive', 'X-Forwarded-For': '192.168.24.196', 'X-Instance-Id': '588e6077-aa0f-4780-9b5c-76c548b72d83', 'X-Tenant-Id': '9226c977b6704b00b3353d7218dc4f95', 'X-Instance-Id-Signature': '2124cc7a4a2b3f9ff342ed61286f2e699433a83b20da9f08525f2ac3e390522a'} {{(pid=108170) __call__ /opt/stack/nova/nova/api/metadata/handler.py:109}}
May 13 02:31:32.463203 np0000173883 devstack@n-api-meta.service[108170]: DEBUG nova.api.metadata.handler [None req-ef9c17b0-cfbe-4769-9bba-946bd5e2834f None None] Using cached metadata for instance 588e6077-aa0f-4780-9b5c-76c548b72d83 {{(pid=108170) get_metadata_by_instance_id /opt/stack/nova/nova/api/metadata/handler.py:84}}
May 13 02:31:32.464324 np0000173883 devstack@n-api-meta.service[108170]: [pid: 108170|app: 0|req: 1/3] 199.204.45.116 () {40 vars in 695 bytes} [Wed May 13 02:31:32 2026] GET /openstack/2018-08-27/meta_data.json => generated 946 bytes in 8 msecs (HTTP/1.1 200) 3 headers in 91 bytes (1 switches on core 0)
May 13 02:31:32.473946 np0000173883 devstack@n-api-meta.service[108172]: DEBUG nova.api.metadata.handler [None req-99eb309d-cbe3-4dc0-a1a0-23583dda52a2 None None] Metadata request headers: {'Host': '199.204.45.116:8775', 'User-Agent': 'python-requests/2.33.1', 'Accept-Encoding': 'gzip, deflate', 'Accept': '*/*', 'Connection': 'keep-alive', 'X-Forwarded-For': '192.168.24.196', 'X-Instance-Id': '588e6077-aa0f-4780-9b5c-76c548b72d83', 'X-Tenant-Id': '9226c977b6704b00b3353d7218dc4f95', 'X-Instance-Id-Signature': '2124cc7a4a2b3f9ff342ed61286f2e699433a83b20da9f08525f2ac3e390522a'} {{(pid=108172) __call__ /opt/stack/nova/nova/api/metadata/handler.py:109}}
May 13 02:31:32.481105 np0000173883 devstack@n-api-meta.service[108172]: DEBUG nova.api.metadata.handler [None req-99eb309d-cbe3-4dc0-a1a0-23583dda52a2 None None] Using cached metadata for instance 588e6077-aa0f-4780-9b5c-76c548b72d83 {{(pid=108172) get_metadata_by_instance_id /opt/stack/nova/nova/api/metadata/handler.py:84}}
May 13 02:31:32.481639 np0000173883 devstack@n-api-meta.service[108172]: [pid: 108172|app: 0|req: 1/4] 199.204.45.116 () {40 vars in 685 bytes} [Wed May 13 02:31:32 2026] GET /openstack/2018-08-27/user_data => generated 26435 bytes in 9 msecs (HTTP/1.1 200) 3 headers in 102 bytes (1 switches on core 0)
May 13 02:31:32.490601 np0000173883 devstack@n-api-meta.service[108169]: DEBUG nova.api.metadata.handler [None req-70ca39c0-5d17-4f27-b7f4-dae499cdfed9 None None] Metadata request headers: {'Host': '199.204.45.116:8775', 'User-Agent': 'python-requests/2.33.1', 'Accept-Encoding': 'gzip, deflate', 'Accept': '*/*', 'Connection': 'keep-alive', 'X-Forwarded-For': '192.168.24.196', 'X-Instance-Id': '588e6077-aa0f-4780-9b5c-76c548b72d83', 'X-Tenant-Id': '9226c977b6704b00b3353d7218dc4f95', 'X-Instance-Id-Signature': '2124cc7a4a2b3f9ff342ed61286f2e699433a83b20da9f08525f2ac3e390522a'} {{(pid=108169) __call__ /opt/stack/nova/nova/api/metadata/handler.py:109}}
May 13 02:31:32.493671 np0000173883 devstack@n-api-meta.service[108169]: DEBUG nova.api.metadata.handler [None req-70ca39c0-5d17-4f27-b7f4-dae499cdfed9 None None] Using cached metadata for instance 588e6077-aa0f-4780-9b5c-76c548b72d83 {{(pid=108169) get_metadata_by_instance_id /opt/stack/nova/nova/api/metadata/handler.py:84}}
May 13 02:31:32.494322 np0000173883 devstack@n-api-meta.service[108169]: [pid: 108169|app: 0|req: 2/5] 199.204.45.116 () {40 vars in 699 bytes} [Wed May 13 02:31:32 2026] GET /openstack/2018-08-27/vendor_data.json => generated 2 bytes in 5 msecs (HTTP/1.1 200) 3 headers in 89 bytes (1 switches on core 0)
May 13 02:31:32.503790 np0000173883 devstack@n-api-meta.service[108171]: DEBUG nova.api.metadata.handler [None req-d2526d4e-a135-464a-8694-77719c7c8158 None None] Metadata request headers: {'Host': '199.204.45.116:8775', 'User-Agent': 'python-requests/2.33.1', 'Accept-Encoding': 'gzip, deflate', 'Accept': '*/*', 'Connection': 'keep-alive', 'X-Forwarded-For': '192.168.24.196', 'X-Instance-Id': '588e6077-aa0f-4780-9b5c-76c548b72d83', 'X-Tenant-Id': '9226c977b6704b00b3353d7218dc4f95', 'X-Instance-Id-Signature': '2124cc7a4a2b3f9ff342ed61286f2e699433a83b20da9f08525f2ac3e390522a'} {{(pid=108171) __call__ /opt/stack/nova/nova/api/metadata/handler.py:109}}
May 13 02:31:32.505878 np0000173883 devstack@n-api-meta.service[108171]: DEBUG nova.api.metadata.handler [None req-d2526d4e-a135-464a-8694-77719c7c8158 None None] Using cached metadata for instance 588e6077-aa0f-4780-9b5c-76c548b72d83 {{(pid=108171) get_metadata_by_instance_id /opt/stack/nova/nova/api/metadata/handler.py:84}}
May 13 02:31:32.506547 np0000173883 devstack@n-api-meta.service[108171]: [pid: 108171|app: 0|req: 2/6] 199.204.45.116 () {40 vars in 701 bytes} [Wed May 13 02:31:32 2026] GET /openstack/2018-08-27/vendor_data2.json => generated 14 bytes in 4 msecs (HTTP/1.1 200) 3 headers in 90 bytes (1 switches on core 0)
May 13 02:31:32.516046 np0000173883 devstack@n-api-meta.service[108170]: DEBUG nova.api.metadata.handler [None req-ef9c17b0-cfbe-4769-9bba-946bd5e2834f None None] Metadata request headers: {'Host': '199.204.45.116:8775', 'User-Agent': 'python-requests/2.33.1', 'Accept-Encoding': 'gzip, deflate', 'Accept': '*/*', 'Connection': 'keep-alive', 'X-Forwarded-For': '192.168.24.196', 'X-Instance-Id': '588e6077-aa0f-4780-9b5c-76c548b72d83', 'X-Tenant-Id': '9226c977b6704b00b3353d7218dc4f95', 'X-Instance-Id-Signature': '2124cc7a4a2b3f9ff342ed61286f2e699433a83b20da9f08525f2ac3e390522a'} {{(pid=108170) __call__ /opt/stack/nova/nova/api/metadata/handler.py:109}}
May 13 02:31:32.519220 np0000173883 devstack@n-api-meta.service[108170]: DEBUG nova.api.metadata.handler [None req-ef9c17b0-cfbe-4769-9bba-946bd5e2834f None None] Using cached metadata for instance 588e6077-aa0f-4780-9b5c-76c548b72d83 {{(pid=108170) get_metadata_by_instance_id /opt/stack/nova/nova/api/metadata/handler.py:84}}
May 13 02:31:32.519947 np0000173883 devstack@n-api-meta.service[108170]: [pid: 108170|app: 0|req: 2/7] 199.204.45.116 () {40 vars in 701 bytes} [Wed May 13 02:31:32 2026] GET /openstack/2018-08-27/network_data.json => generated 348 bytes in 5 msecs (HTTP/1.1 200) 3 headers in 100 bytes (1 switches on core 0)
May 13 02:31:32.528502 np0000173883 devstack@n-api-meta.service[108172]: DEBUG nova.api.metadata.handler [None req-99eb309d-cbe3-4dc0-a1a0-23583dda52a2 None None] Metadata request headers: {'Host': '199.204.45.116:8775', 'User-Agent': 'python-requests/2.33.1', 'Accept-Encoding': 'gzip, deflate', 'Accept': '*/*', 'Connection': 'keep-alive', 'X-Forwarded-For': '192.168.24.196', 'X-Instance-Id': '588e6077-aa0f-4780-9b5c-76c548b72d83', 'X-Tenant-Id': '9226c977b6704b00b3353d7218dc4f95', 'X-Instance-Id-Signature': '2124cc7a4a2b3f9ff342ed61286f2e699433a83b20da9f08525f2ac3e390522a'} {{(pid=108172) __call__ /opt/stack/nova/nova/api/metadata/handler.py:109}}
May 13 02:31:32.531556 np0000173883 devstack@n-api-meta.service[108172]: DEBUG nova.api.metadata.handler [None req-99eb309d-cbe3-4dc0-a1a0-23583dda52a2 None None] Using cached metadata for instance 588e6077-aa0f-4780-9b5c-76c548b72d83 {{(pid=108172) get_metadata_by_instance_id /opt/stack/nova/nova/api/metadata/handler.py:84}}
May 13 02:31:32.532179 np0000173883 devstack@n-api-meta.service[108172]: [pid: 108172|app: 0|req: 2/8] 199.204.45.116 () {40 vars in 659 bytes} [Wed May 13 02:31:32 2026] GET /latest/meta-data/ => generated 210 bytes in 4 msecs (HTTP/1.1 200) 3 headers in 100 bytes (1 switches on core 0)
May 13 02:31:32.539687 np0000173883 devstack@n-api-meta.service[108169]: DEBUG nova.api.metadata.handler [None req-70ca39c0-5d17-4f27-b7f4-dae499cdfed9 None None] Metadata request headers: {'Host': '199.204.45.116:8775', 'User-Agent': 'python-requests/2.33.1', 'Accept-Encoding': 'gzip, deflate', 'Accept': '*/*', 'Connection': 'keep-alive', 'X-Forwarded-For': '192.168.24.196', 'X-Instance-Id': '588e6077-aa0f-4780-9b5c-76c548b72d83', 'X-Tenant-Id': '9226c977b6704b00b3353d7218dc4f95', 'X-Instance-Id-Signature': '2124cc7a4a2b3f9ff342ed61286f2e699433a83b20da9f08525f2ac3e390522a'} {{(pid=108169) __call__ /opt/stack/nova/nova/api/metadata/handler.py:109}}
May 13 02:31:32.542971 np0000173883 devstack@n-api-meta.service[108169]: DEBUG nova.api.metadata.handler [None req-70ca39c0-5d17-4f27-b7f4-dae499cdfed9 None None] Using cached metadata for instance 588e6077-aa0f-4780-9b5c-76c548b72d83 {{(pid=108169) get_metadata_by_instance_id /opt/stack/nova/nova/api/metadata/handler.py:84}}
May 13 02:31:32.543693 np0000173883 devstack@n-api-meta.service[108169]: [pid: 108169|app: 0|req: 3/9] 199.204.45.116 () {40 vars in 701 bytes} [Wed May 13 02:31:32 2026] GET /latest/meta-data/block-device-mapping/ => generated 8 bytes in 4 msecs (HTTP/1.1 200) 3 headers in 98 bytes (1 switches on core 0)
May 13 02:31:32.552676 np0000173883 devstack@n-api-meta.service[108171]: DEBUG nova.api.metadata.handler [None req-d2526d4e-a135-464a-8694-77719c7c8158 None None] Metadata request headers: {'Host': '199.204.45.116:8775', 'User-Agent': 'python-requests/2.33.1', 'Accept-Encoding': 'gzip, deflate', 'Accept': '*/*', 'Connection': 'keep-alive', 'X-Forwarded-For': '192.168.24.196', 'X-Instance-Id': '588e6077-aa0f-4780-9b5c-76c548b72d83', 'X-Tenant-Id': '9226c977b6704b00b3353d7218dc4f95', 'X-Instance-Id-Signature': '2124cc7a4a2b3f9ff342ed61286f2e699433a83b20da9f08525f2ac3e390522a'} {{(pid=108171) __call__ /opt/stack/nova/nova/api/metadata/handler.py:109}}
May 13 02:31:32.554691 np0000173883 devstack@n-api-meta.service[108171]: DEBUG nova.api.metadata.handler [None req-d2526d4e-a135-464a-8694-77719c7c8158 None None] Using cached metadata for instance 588e6077-aa0f-4780-9b5c-76c548b72d83 {{(pid=108171) get_metadata_by_instance_id /opt/stack/nova/nova/api/metadata/handler.py:84}}
May 13 02:31:32.555341 np0000173883 devstack@n-api-meta.service[108171]: [pid: 108171|app: 0|req: 3/10] 199.204.45.116 () {40 vars in 707 bytes} [Wed May 13 02:31:32 2026] GET /latest/meta-data/block-device-mapping/ami => generated 3 bytes in 3 msecs (HTTP/1.1 200) 3 headers in 98 bytes (1 switches on core 0)
May 13 02:31:32.561786 np0000173883 devstack@n-api-meta.service[108170]: DEBUG nova.api.metadata.handler [None req-ef9c17b0-cfbe-4769-9bba-946bd5e2834f None None] Metadata request headers: {'Host': '199.204.45.116:8775', 'User-Agent': 'python-requests/2.33.1', 'Accept-Encoding': 'gzip, deflate', 'Accept': '*/*', 'Connection': 'keep-alive', 'X-Forwarded-For': '192.168.24.196', 'X-Instance-Id': '588e6077-aa0f-4780-9b5c-76c548b72d83', 'X-Tenant-Id': '9226c977b6704b00b3353d7218dc4f95', 'X-Instance-Id-Signature': '2124cc7a4a2b3f9ff342ed61286f2e699433a83b20da9f08525f2ac3e390522a'} {{(pid=108170) __call__ /opt/stack/nova/nova/api/metadata/handler.py:109}}
May 13 02:31:32.565523 np0000173883 devstack@n-api-meta.service[108170]: DEBUG nova.api.metadata.handler [None req-ef9c17b0-cfbe-4769-9bba-946bd5e2834f None None] Using cached metadata for instance 588e6077-aa0f-4780-9b5c-76c548b72d83 {{(pid=108170) get_metadata_by_instance_id /opt/stack/nova/nova/api/metadata/handler.py:84}}
May 13 02:31:32.565692 np0000173883 devstack@n-api-meta.service[108170]: [pid: 108170|app: 0|req: 3/11] 199.204.45.116 () {40 vars in 709 bytes} [Wed May 13 02:31:32 2026] GET /latest/meta-data/block-device-mapping/root => generated 8 bytes in 4 msecs (HTTP/1.1 200) 3 headers in 98 bytes (1 switches on core 0)
May 13 02:31:32.573418 np0000173883 devstack@n-api-meta.service[108172]: DEBUG nova.api.metadata.handler [None req-99eb309d-cbe3-4dc0-a1a0-23583dda52a2 None None] Metadata request headers: {'Host': '199.204.45.116:8775', 'User-Agent': 'python-requests/2.33.1', 'Accept-Encoding': 'gzip, deflate', 'Accept': '*/*', 'Connection': 'keep-alive', 'X-Forwarded-For': '192.168.24.196', 'X-Instance-Id': '588e6077-aa0f-4780-9b5c-76c548b72d83', 'X-Tenant-Id': '9226c977b6704b00b3353d7218dc4f95', 'X-Instance-Id-Signature': '2124cc7a4a2b3f9ff342ed61286f2e699433a83b20da9f08525f2ac3e390522a'} {{(pid=108172) __call__ /opt/stack/nova/nova/api/metadata/handler.py:109}}
May 13 02:31:32.576374 np0000173883 devstack@n-api-meta.service[108172]: DEBUG nova.api.metadata.handler [None req-99eb309d-cbe3-4dc0-a1a0-23583dda52a2 None None] Using cached metadata for instance 588e6077-aa0f-4780-9b5c-76c548b72d83 {{(pid=108172) get_metadata_by_instance_id /opt/stack/nova/nova/api/metadata/handler.py:84}}
May 13 02:31:32.577158 np0000173883 devstack@n-api-meta.service[108172]: [pid: 108172|app: 0|req: 3/12] 199.204.45.116 () {40 vars in 679 bytes} [Wed May 13 02:31:32 2026] GET /latest/meta-data/placement/ => generated 17 bytes in 4 msecs (HTTP/1.1 200) 3 headers in 99 bytes (1 switches on core 0)
May 13 02:31:32.584597 np0000173883 devstack@n-api-meta.service[108169]: DEBUG nova.api.metadata.handler [None req-70ca39c0-5d17-4f27-b7f4-dae499cdfed9 None None] Metadata request headers: {'Host': '199.204.45.116:8775', 'User-Agent': 'python-requests/2.33.1', 'Accept-Encoding': 'gzip, deflate', 'Accept': '*/*', 'Connection': 'keep-alive', 'X-Forwarded-For': '192.168.24.196', 'X-Instance-Id': '588e6077-aa0f-4780-9b5c-76c548b72d83', 'X-Tenant-Id': '9226c977b6704b00b3353d7218dc4f95', 'X-Instance-Id-Signature': '2124cc7a4a2b3f9ff342ed61286f2e699433a83b20da9f08525f2ac3e390522a'} {{(pid=108169) __call__ /opt/stack/nova/nova/api/metadata/handler.py:109}}
May 13 02:31:32.587790 np0000173883 devstack@n-api-meta.service[108169]: DEBUG nova.api.metadata.handler [None req-70ca39c0-5d17-4f27-b7f4-dae499cdfed9 None None] Using cached metadata for instance 588e6077-aa0f-4780-9b5c-76c548b72d83 {{(pid=108169) get_metadata_by_instance_id /opt/stack/nova/nova/api/metadata/handler.py:84}}
May 13 02:31:32.588634 np0000173883 devstack@n-api-meta.service[108169]: [pid: 108169|app: 0|req: 4/13] 199.204.45.116 () {40 vars in 713 bytes} [Wed May 13 02:31:32 2026] GET /latest/meta-data/placement/availability-zone => generated 4 bytes in 5 msecs (HTTP/1.1 200) 3 headers in 98 bytes (1 switches on core 0)
May 13 02:31:32.598520 np0000173883 devstack@n-api-meta.service[108171]: DEBUG nova.api.metadata.handler [None req-d2526d4e-a135-464a-8694-77719c7c8158 None None] Metadata request headers: {'Host': '199.204.45.116:8775', 'User-Agent': 'python-requests/2.33.1', 'Accept-Encoding': 'gzip, deflate', 'Accept': '*/*', 'Connection': 'keep-alive', 'X-Forwarded-For': '192.168.24.196', 'X-Instance-Id': '588e6077-aa0f-4780-9b5c-76c548b72d83', 'X-Tenant-Id': '9226c977b6704b00b3353d7218dc4f95', 'X-Instance-Id-Signature': '2124cc7a4a2b3f9ff342ed61286f2e699433a83b20da9f08525f2ac3e390522a'} {{(pid=108171) __call__ /opt/stack/nova/nova/api/metadata/handler.py:109}}
May 13 02:31:32.600636 np0000173883 devstack@n-api-meta.service[108171]: DEBUG nova.api.metadata.handler [None req-d2526d4e-a135-464a-8694-77719c7c8158 None None] Using cached metadata for instance 588e6077-aa0f-4780-9b5c-76c548b72d83 {{(pid=108171) get_metadata_by_instance_id /opt/stack/nova/nova/api/metadata/handler.py:84}}
May 13 02:31:32.601295 np0000173883 devstack@n-api-meta.service[108171]: [pid: 108171|app: 0|req: 4/14] 199.204.45.116 () {40 vars in 671 bytes} [Wed May 13 02:31:32 2026] GET /latest/meta-data/ami-id => generated 12 bytes in 4 msecs (HTTP/1.1 200) 3 headers in 99 bytes (1 switches on core 0)
May 13 02:31:32.609025 np0000173883 devstack@n-api-meta.service[108170]: DEBUG nova.api.metadata.handler [None req-ef9c17b0-cfbe-4769-9bba-946bd5e2834f None None] Metadata request headers: {'Host': '199.204.45.116:8775', 'User-Agent': 'python-requests/2.33.1', 'Accept-Encoding': 'gzip, deflate', 'Accept': '*/*', 'Connection': 'keep-alive', 'X-Forwarded-For': '192.168.24.196', 'X-Instance-Id': '588e6077-aa0f-4780-9b5c-76c548b72d83', 'X-Tenant-Id': '9226c977b6704b00b3353d7218dc4f95', 'X-Instance-Id-Signature': '2124cc7a4a2b3f9ff342ed61286f2e699433a83b20da9f08525f2ac3e390522a'} {{(pid=108170) __call__ /opt/stack/nova/nova/api/metadata/handler.py:109}}
May 13 02:31:32.612256 np0000173883 devstack@n-api-meta.service[108170]: DEBUG nova.api.metadata.handler [None req-ef9c17b0-cfbe-4769-9bba-946bd5e2834f None None] Using cached metadata for instance 588e6077-aa0f-4780-9b5c-76c548b72d83 {{(pid=108170) get_metadata_by_instance_id /opt/stack/nova/nova/api/metadata/handler.py:84}}
May 13 02:31:32.613087 np0000173883 devstack@n-api-meta.service[108170]: [pid: 108170|app: 0|req: 4/15] 199.204.45.116 () {40 vars in 691 bytes} [Wed May 13 02:31:32 2026] GET /latest/meta-data/ami-launch-index => generated 1 bytes in 5 msecs (HTTP/1.1 200) 3 headers in 98 bytes (1 switches on core 0)
May 13 02:31:32.621323 np0000173883 devstack@n-api-meta.service[108172]: DEBUG nova.api.metadata.handler [None req-99eb309d-cbe3-4dc0-a1a0-23583dda52a2 None None] Metadata request headers: {'Host': '199.204.45.116:8775', 'User-Agent': 'python-requests/2.33.1', 'Accept-Encoding': 'gzip, deflate', 'Accept': '*/*', 'Connection': 'keep-alive', 'X-Forwarded-For': '192.168.24.196', 'X-Instance-Id': '588e6077-aa0f-4780-9b5c-76c548b72d83', 'X-Tenant-Id': '9226c977b6704b00b3353d7218dc4f95', 'X-Instance-Id-Signature': '2124cc7a4a2b3f9ff342ed61286f2e699433a83b20da9f08525f2ac3e390522a'} {{(pid=108172) __call__ /opt/stack/nova/nova/api/metadata/handler.py:109}}
May 13 02:31:32.624058 np0000173883 devstack@n-api-meta.service[108172]: DEBUG nova.api.metadata.handler [None req-99eb309d-cbe3-4dc0-a1a0-23583dda52a2 None None] Using cached metadata for instance 588e6077-aa0f-4780-9b5c-76c548b72d83 {{(pid=108172) get_metadata_by_instance_id /opt/stack/nova/nova/api/metadata/handler.py:84}}
May 13 02:31:32.624451 np0000173883 devstack@n-api-meta.service[108172]: [pid: 108172|app: 0|req: 4/16] 199.204.45.116 () {40 vars in 693 bytes} [Wed May 13 02:31:32 2026] GET /latest/meta-data/ami-manifest-path => generated 5 bytes in 4 msecs (HTTP/1.1 200) 3 headers in 98 bytes (1 switches on core 0)
May 13 02:31:32.630779 np0000173883 devstack@n-api-meta.service[108169]: DEBUG nova.api.metadata.handler [None req-70ca39c0-5d17-4f27-b7f4-dae499cdfed9 None None] Metadata request headers: {'Host': '199.204.45.116:8775', 'User-Agent': 'python-requests/2.33.1', 'Accept-Encoding': 'gzip, deflate', 'Accept': '*/*', 'Connection': 'keep-alive', 'X-Forwarded-For': '192.168.24.196', 'X-Instance-Id': '588e6077-aa0f-4780-9b5c-76c548b72d83', 'X-Tenant-Id': '9226c977b6704b00b3353d7218dc4f95', 'X-Instance-Id-Signature': '2124cc7a4a2b3f9ff342ed61286f2e699433a83b20da9f08525f2ac3e390522a'} {{(pid=108169) __call__ /opt/stack/nova/nova/api/metadata/handler.py:109}}
May 13 02:31:32.632811 np0000173883 devstack@n-api-meta.service[108169]: DEBUG nova.api.metadata.handler [None req-70ca39c0-5d17-4f27-b7f4-dae499cdfed9 None None] Using cached metadata for instance 588e6077-aa0f-4780-9b5c-76c548b72d83 {{(pid=108169) get_metadata_by_instance_id /opt/stack/nova/nova/api/metadata/handler.py:84}}
May 13 02:31:32.633370 np0000173883 devstack@n-api-meta.service[108169]: [pid: 108169|app: 0|req: 5/17] 199.204.45.116 () {40 vars in 675 bytes} [Wed May 13 02:31:32 2026] GET /latest/meta-data/hostname => generated 32 bytes in 3 msecs (HTTP/1.1 200) 3 headers in 99 bytes (1 switches on core 0)
May 13 02:31:32.643239 np0000173883 devstack@n-api-meta.service[108171]: DEBUG nova.api.metadata.handler [None req-d2526d4e-a135-464a-8694-77719c7c8158 None None] Metadata request headers: {'Host': '199.204.45.116:8775', 'User-Agent': 'python-requests/2.33.1', 'Accept-Encoding': 'gzip, deflate', 'Accept': '*/*', 'Connection': 'keep-alive', 'X-Forwarded-For': '192.168.24.196', 'X-Instance-Id': '588e6077-aa0f-4780-9b5c-76c548b72d83', 'X-Tenant-Id': '9226c977b6704b00b3353d7218dc4f95', 'X-Instance-Id-Signature': '2124cc7a4a2b3f9ff342ed61286f2e699433a83b20da9f08525f2ac3e390522a'} {{(pid=108171) __call__ /opt/stack/nova/nova/api/metadata/handler.py:109}}
May 13 02:31:32.646101 np0000173883 devstack@n-api-meta.service[108171]: DEBUG nova.api.metadata.handler [None req-d2526d4e-a135-464a-8694-77719c7c8158 None None] Using cached metadata for instance 588e6077-aa0f-4780-9b5c-76c548b72d83 {{(pid=108171) get_metadata_by_instance_id /opt/stack/nova/nova/api/metadata/handler.py:84}}
May 13 02:31:32.647397 np0000173883 devstack@n-api-meta.service[108171]: [pid: 108171|app: 0|req: 5/18] 199.204.45.116 () {40 vars in 688 bytes} [Wed May 13 02:31:32 2026] GET /latest/meta-data/instance-action => generated 4 bytes in 5 msecs (HTTP/1.1 200) 3 headers in 98 bytes (1 switches on core 0)
May 13 02:31:32.657606 np0000173883 devstack@n-api-meta.service[108170]: DEBUG nova.api.metadata.handler [None req-ef9c17b0-cfbe-4769-9bba-946bd5e2834f None None] Metadata request headers: {'Host': '199.204.45.116:8775', 'User-Agent': 'python-requests/2.33.1', 'Accept-Encoding': 'gzip, deflate', 'Accept': '*/*', 'Connection': 'keep-alive', 'X-Forwarded-For': '192.168.24.196', 'X-Instance-Id': '588e6077-aa0f-4780-9b5c-76c548b72d83', 'X-Tenant-Id': '9226c977b6704b00b3353d7218dc4f95', 'X-Instance-Id-Signature': '2124cc7a4a2b3f9ff342ed61286f2e699433a83b20da9f08525f2ac3e390522a'} {{(pid=108170) __call__ /opt/stack/nova/nova/api/metadata/handler.py:109}}
May 13 02:31:32.660452 np0000173883 devstack@n-api-meta.service[108170]: DEBUG nova.api.metadata.handler [None req-ef9c17b0-cfbe-4769-9bba-946bd5e2834f None None] Using cached metadata for instance 588e6077-aa0f-4780-9b5c-76c548b72d83 {{(pid=108170) get_metadata_by_instance_id /opt/stack/nova/nova/api/metadata/handler.py:84}}
May 13 02:31:32.661190 np0000173883 devstack@n-api-meta.service[108170]: [pid: 108170|app: 0|req: 5/19] 199.204.45.116 () {40 vars in 680 bytes} [Wed May 13 02:31:32 2026] GET /latest/meta-data/instance-id => generated 10 bytes in 4 msecs (HTTP/1.1 200) 3 headers in 99 bytes (1 switches on core 0)
May 13 02:31:32.669919 np0000173883 devstack@n-api-meta.service[108172]: DEBUG nova.api.metadata.handler [None req-99eb309d-cbe3-4dc0-a1a0-23583dda52a2 None None] Metadata request headers: {'Host': '199.204.45.116:8775', 'User-Agent': 'python-requests/2.33.1', 'Accept-Encoding': 'gzip, deflate', 'Accept': '*/*', 'Connection': 'keep-alive', 'X-Forwarded-For': '192.168.24.196', 'X-Instance-Id': '588e6077-aa0f-4780-9b5c-76c548b72d83', 'X-Tenant-Id': '9226c977b6704b00b3353d7218dc4f95', 'X-Instance-Id-Signature': '2124cc7a4a2b3f9ff342ed61286f2e699433a83b20da9f08525f2ac3e390522a'} {{(pid=108172) __call__ /opt/stack/nova/nova/api/metadata/handler.py:109}}
May 13 02:31:32.672455 np0000173883 devstack@n-api-meta.service[108172]: DEBUG nova.api.metadata.handler [None req-99eb309d-cbe3-4dc0-a1a0-23583dda52a2 None None] Using cached metadata for instance 588e6077-aa0f-4780-9b5c-76c548b72d83 {{(pid=108172) get_metadata_by_instance_id /opt/stack/nova/nova/api/metadata/handler.py:84}}
May 13 02:31:32.672974 np0000173883 devstack@n-api-meta.service[108172]: [pid: 108172|app: 0|req: 5/20] 199.204.45.116 () {40 vars in 684 bytes} [Wed May 13 02:31:32 2026] GET /latest/meta-data/instance-type => generated 8 bytes in 4 msecs (HTTP/1.1 200) 3 headers in 98 bytes (1 switches on core 0)
May 13 02:31:32.682116 np0000173883 devstack@n-api-meta.service[108169]: DEBUG nova.api.metadata.handler [None req-70ca39c0-5d17-4f27-b7f4-dae499cdfed9 None None] Metadata request headers: {'Host': '199.204.45.116:8775', 'User-Agent': 'python-requests/2.33.1', 'Accept-Encoding': 'gzip, deflate', 'Accept': '*/*', 'Connection': 'keep-alive', 'X-Forwarded-For': '192.168.24.196', 'X-Instance-Id': '588e6077-aa0f-4780-9b5c-76c548b72d83', 'X-Tenant-Id': '9226c977b6704b00b3353d7218dc4f95', 'X-Instance-Id-Signature': '2124cc7a4a2b3f9ff342ed61286f2e699433a83b20da9f08525f2ac3e390522a'} {{(pid=108169) __call__ /opt/stack/nova/nova/api/metadata/handler.py:109}}
May 13 02:31:32.684911 np0000173883 devstack@n-api-meta.service[108169]: DEBUG nova.api.metadata.handler [None req-70ca39c0-5d17-4f27-b7f4-dae499cdfed9 None None] Using cached metadata for instance 588e6077-aa0f-4780-9b5c-76c548b72d83 {{(pid=108169) get_metadata_by_instance_id /opt/stack/nova/nova/api/metadata/handler.py:84}}
