Feb 17 20:39:04.523676 np0000156154 systemd[1]: Starting devstack@n-api-meta.service - Devstack devstack@n-api-meta.service...
Feb 17 20:39:04.533481 np0000156154 devstack@n-api-meta.service[108509]: [uWSGI] getting INI configuration from /etc/nova/nova-metadata-uwsgi.ini
Feb 17 20:39:04.534212 np0000156154 devstack@n-api-meta.service[108509]: open("./http_plugin.so"): No such file or directory [core/utils.c line 3709]
Feb 17 20:39:04.534212 np0000156154 devstack@n-api-meta.service[108509]: !!! UNABLE to load uWSGI plugin: ./http_plugin.so: cannot open shared object file: No such file or directory !!!
Feb 17 20:39:04.534212 np0000156154 devstack@n-api-meta.service[108509]: open("./python3_plugin.so"): No such file or directory [core/utils.c line 3709]
Feb 17 20:39:04.534212 np0000156154 devstack@n-api-meta.service[108509]: !!! UNABLE to load uWSGI plugin: ./python3_plugin.so: cannot open shared object file: No such file or directory !!!
Feb 17 20:39:04.534212 np0000156154 devstack@n-api-meta.service[108509]: *** Starting uWSGI 2.0.31 (64bit) on [Tue Feb 17 20:39:04 2026] ***
Feb 17 20:39:04.534212 np0000156154 devstack@n-api-meta.service[108509]: compiled with version: 13.3.0 on 17 February 2026 20:27:37
Feb 17 20:39:04.534212 np0000156154 devstack@n-api-meta.service[108509]: os: Linux-6.8.0-100-generic #100-Ubuntu SMP PREEMPT_DYNAMIC Tue Jan 13 16:40:06 UTC 2026
Feb 17 20:39:04.534212 np0000156154 devstack@n-api-meta.service[108509]: nodename: np0000156154
Feb 17 20:39:04.534212 np0000156154 devstack@n-api-meta.service[108509]: machine: x86_64
Feb 17 20:39:04.534212 np0000156154 devstack@n-api-meta.service[108509]: clock source: unix
Feb 17 20:39:04.534212 np0000156154 devstack@n-api-meta.service[108509]: pcre jit disabled
Feb 17 20:39:04.534212 np0000156154 devstack@n-api-meta.service[108509]: detected number of CPU cores: 16
Feb 17 20:39:04.534212 np0000156154 devstack@n-api-meta.service[108509]: current working directory: /
Feb 17 20:39:04.534212 np0000156154 devstack@n-api-meta.service[108509]: detected binary path: /opt/stack/data/venv/bin/uwsgi
Feb 17 20:39:04.534212 np0000156154 devstack@n-api-meta.service[108509]: your processes number limit is 256923
Feb 17 20:39:04.534212 np0000156154 devstack@n-api-meta.service[108509]: your memory page size is 4096 bytes
Feb 17 20:39:04.534212 np0000156154 devstack@n-api-meta.service[108509]: detected max file descriptor number: 2048
Feb 17 20:39:04.534212 np0000156154 devstack@n-api-meta.service[108509]: lock engine: pthread robust mutexes
Feb 17 20:39:04.534212 np0000156154 devstack@n-api-meta.service[108509]: thunder lock: enabled
Feb 17 20:39:04.535291 np0000156154 devstack@n-api-meta.service[108509]: uWSGI http bound on 0.0.0.0:8775 fd 5
Feb 17 20:39:04.535291 np0000156154 devstack@n-api-meta.service[108509]: uwsgi socket 0 bound to TCP address 127.0.0.1:34149 (port auto-assigned) fd 4
Feb 17 20:39:04.535291 np0000156154 devstack@n-api-meta.service[108509]: Python version: 3.12.3 (main, Jan 22 2026, 20:57:42) [GCC 13.3.0]
Feb 17 20:39:04.535291 np0000156154 devstack@n-api-meta.service[108509]: PEP 405 virtualenv detected: /opt/stack/data/venv
Feb 17 20:39:04.535291 np0000156154 devstack@n-api-meta.service[108509]: Set PythonHome to /opt/stack/data/venv
Feb 17 20:39:04.571438 np0000156154 devstack@n-api-meta.service[108509]: Python main interpreter initialized at 0x7255048a3668
Feb 17 20:39:04.571438 np0000156154 devstack@n-api-meta.service[108509]: python threads support enabled
Feb 17 20:39:04.571438 np0000156154 devstack@n-api-meta.service[108509]: your server socket listen backlog is limited to 100 connections
Feb 17 20:39:04.571438 np0000156154 devstack@n-api-meta.service[108509]: your mercy for graceful operations on workers is 80 seconds
Feb 17 20:39:04.571948 np0000156154 devstack@n-api-meta.service[108509]: mapped 671795 bytes (656 KB) for 4 cores
Feb 17 20:39:04.572101 np0000156154 devstack@n-api-meta.service[108509]: *** Operational MODE: preforking ***
Feb 17 20:39:04.572351 np0000156154 devstack@n-api-meta.service[108509]: *** uWSGI is running in multiple interpreter mode ***
Feb 17 20:39:04.572351 np0000156154 devstack@n-api-meta.service[108509]: spawned uWSGI master process (pid: 108509)
Feb 17 20:39:04.572591 np0000156154 systemd[1]: Started devstack@n-api-meta.service - Devstack devstack@n-api-meta.service.
Feb 17 20:39:04.573356 np0000156154 devstack@n-api-meta.service[108509]: spawned uWSGI worker 1 (pid: 108510, cores: 1)
Feb 17 20:39:04.573478 np0000156154 devstack@n-api-meta.service[108509]: spawned uWSGI worker 2 (pid: 108511, cores: 1)
Feb 17 20:39:04.573903 np0000156154 devstack@n-api-meta.service[108509]: spawned uWSGI worker 3 (pid: 108512, cores: 1)
Feb 17 20:39:04.574365 np0000156154 devstack@n-api-meta.service[108509]: spawned uWSGI worker 4 (pid: 108513, cores: 1)
Feb 17 20:39:04.574878 np0000156154 devstack@n-api-meta.service[108509]: spawned uWSGI http 1 (pid: 108514)
Feb 17 20:39:04.574878 np0000156154 devstack@n-api-meta.service[108509]: running "unix_signal:15 gracefully_kill_them_all" (master-start)...
Feb 17 20:39:04.920197 np0000156154 devstack@n-api-meta.service[108512]: Service is starting with native threading. This is currently experimental. Do not use it in production without first testing it in pre-production.
Feb 17 20:39:04.945972 np0000156154 devstack@n-api-meta.service[108513]: Service is starting with native threading. This is currently experimental. Do not use it in production without first testing it in pre-production.
Feb 17 20:39:04.949345 np0000156154 devstack@n-api-meta.service[108511]: Service is starting with native threading. This is currently experimental. Do not use it in production without first testing it in pre-production.
Feb 17 20:39:04.970878 np0000156154 devstack@n-api-meta.service[108510]: Service is starting with native threading. This is currently experimental. Do not use it in production without first testing it in pre-production.
Feb 17 20:39:06.399271 np0000156154 devstack@n-api-meta.service[108513]: INFO dbcounter [None req-793c7b45-3919-4b13-81a0-df1cd0dbb5d8 None None] Registered counter for database nova_api
Feb 17 20:39:06.414175 np0000156154 devstack@n-api-meta.service[108513]: DEBUG oslo_db.sqlalchemy.engines [None req-793c7b45-3919-4b13-81a0-df1cd0dbb5d8 None None] MySQL server mode set to STRICT_TRANS_TABLES,STRICT_ALL_TABLES,NO_ZERO_IN_DATE,NO_ZERO_DATE,ERROR_FOR_DIVISION_BY_ZERO,TRADITIONAL,NO_ENGINE_SUBSTITUTION {{(pid=108513) _check_effective_sql_mode /opt/stack/data/venv/lib/python3.12/site-packages/oslo_db/sqlalchemy/engines.py:325}}
Feb 17 20:39:06.431111 np0000156154 devstack@n-api-meta.service[108510]: INFO dbcounter [None req-1578923c-aca3-4123-a9f0-cbdb777783ee None None] Registered counter for database nova_api
Feb 17 20:39:06.450881 np0000156154 devstack@n-api-meta.service[108513]: DEBUG dbcounter [-] [108513] Writer thread running {{(pid=108513) stat_writer /opt/stack/data/venv/lib/python3.12/site-packages/dbcounter.py:102}}
Feb 17 20:39:06.453009 np0000156154 devstack@n-api-meta.service[108510]: DEBUG oslo_db.sqlalchemy.engines [None req-1578923c-aca3-4123-a9f0-cbdb777783ee None None] MySQL server mode set to STRICT_TRANS_TABLES,STRICT_ALL_TABLES,NO_ZERO_IN_DATE,NO_ZERO_DATE,ERROR_FOR_DIVISION_BY_ZERO,TRADITIONAL,NO_ENGINE_SUBSTITUTION {{(pid=108510) _check_effective_sql_mode /opt/stack/data/venv/lib/python3.12/site-packages/oslo_db/sqlalchemy/engines.py:325}}
Feb 17 20:39:06.453999 np0000156154 devstack@n-api-meta.service[108513]: DEBUG nova.context [None req-793c7b45-3919-4b13-81a0-df1cd0dbb5d8 None None] Found 2 cells: 00000000-0000-0000-0000-000000000000(cell0),564a31e1-2d6d-4fc8-9561-ec1f5d3276de(cell1) {{(pid=108513) load_cells /opt/stack/nova/nova/context.py:509}}
Feb 17 20:39:06.454215 np0000156154 devstack@n-api-meta.service[108513]: INFO nova.utils [None req-793c7b45-3919-4b13-81a0-df1cd0dbb5d8 None None] The cell worker thread pool MainProcess.cell_worker is initialized
Feb 17 20:39:06.455964 np0000156154 devstack@n-api-meta.service[108513]: DEBUG oslo_concurrency.lockutils [None req-793c7b45-3919-4b13-81a0-df1cd0dbb5d8 None None] Acquiring lock "00000000-0000-0000-0000-000000000000" by "nova.context.set_target_cell..get_or_set_cached_cell_and_set_connections" {{(pid=108513) inner /opt/stack/data/venv/lib/python3.12/site-packages/oslo_concurrency/lockutils.py:506}}
Feb 17 20:39:06.456158 np0000156154 devstack@n-api-meta.service[108513]: DEBUG oslo_concurrency.lockutils [None req-793c7b45-3919-4b13-81a0-df1cd0dbb5d8 None None] Lock "00000000-0000-0000-0000-000000000000" acquired by "nova.context.set_target_cell..get_or_set_cached_cell_and_set_connections" :: waited 0.000s {{(pid=108513) inner /opt/stack/data/venv/lib/python3.12/site-packages/oslo_concurrency/lockutils.py:519}}
Feb 17 20:39:06.456472 np0000156154 devstack@n-api-meta.service[108513]: DEBUG oslo_concurrency.lockutils [None req-793c7b45-3919-4b13-81a0-df1cd0dbb5d8 None None] Lock "00000000-0000-0000-0000-000000000000" "released" by "nova.context.set_target_cell..get_or_set_cached_cell_and_set_connections" :: held 0.000s {{(pid=108513) inner /opt/stack/data/venv/lib/python3.12/site-packages/oslo_concurrency/lockutils.py:538}}
Feb 17 20:39:06.457445 np0000156154 devstack@n-api-meta.service[108513]: DEBUG oslo_concurrency.lockutils [None req-793c7b45-3919-4b13-81a0-df1cd0dbb5d8 None None] Acquiring lock "564a31e1-2d6d-4fc8-9561-ec1f5d3276de" by "nova.context.set_target_cell..get_or_set_cached_cell_and_set_connections" {{(pid=108513) inner /opt/stack/data/venv/lib/python3.12/site-packages/oslo_concurrency/lockutils.py:506}}
Feb 17 20:39:06.457643 np0000156154 devstack@n-api-meta.service[108513]: DEBUG oslo_concurrency.lockutils [None req-793c7b45-3919-4b13-81a0-df1cd0dbb5d8 None None] Lock "564a31e1-2d6d-4fc8-9561-ec1f5d3276de" acquired by "nova.context.set_target_cell..get_or_set_cached_cell_and_set_connections" :: waited 0.000s {{(pid=108513) inner /opt/stack/data/venv/lib/python3.12/site-packages/oslo_concurrency/lockutils.py:519}}
Feb 17 20:39:06.458539 np0000156154 devstack@n-api-meta.service[108513]: DEBUG oslo_concurrency.lockutils [None req-793c7b45-3919-4b13-81a0-df1cd0dbb5d8 None None] Lock "564a31e1-2d6d-4fc8-9561-ec1f5d3276de" "released" by "nova.context.set_target_cell..get_or_set_cached_cell_and_set_connections" :: held 0.001s {{(pid=108513) inner /opt/stack/data/venv/lib/python3.12/site-packages/oslo_concurrency/lockutils.py:538}}
Feb 17 20:39:06.460443 np0000156154 devstack@n-api-meta.service[108511]: INFO dbcounter [None req-6069f313-1529-44b5-9d23-8a41867a7613 None None] Registered counter for database nova_api
Feb 17 20:39:06.462262 np0000156154 devstack@n-api-meta.service[108513]: INFO dbcounter [None req-793c7b45-3919-4b13-81a0-df1cd0dbb5d8 None None] Registered counter for database nova_cell0
Feb 17 20:39:06.468834 np0000156154 devstack@n-api-meta.service[108512]: INFO dbcounter [None req-dd5067c3-b77c-49f4-8f86-fb9c6e8fbd73 None None] Registered counter for database nova_api
Feb 17 20:39:06.469937 np0000156154 devstack@n-api-meta.service[108513]: INFO dbcounter [None req-793c7b45-3919-4b13-81a0-df1cd0dbb5d8 None None] Registered counter for database nova_cell1
Feb 17 20:39:06.477276 np0000156154 devstack@n-api-meta.service[108511]: DEBUG oslo_db.sqlalchemy.engines [None req-6069f313-1529-44b5-9d23-8a41867a7613 None None] MySQL server mode set to STRICT_TRANS_TABLES,STRICT_ALL_TABLES,NO_ZERO_IN_DATE,NO_ZERO_DATE,ERROR_FOR_DIVISION_BY_ZERO,TRADITIONAL,NO_ENGINE_SUBSTITUTION {{(pid=108511) _check_effective_sql_mode /opt/stack/data/venv/lib/python3.12/site-packages/oslo_db/sqlalchemy/engines.py:325}}
Feb 17 20:39:06.484379 np0000156154 devstack@n-api-meta.service[108513]: DEBUG oslo_db.sqlalchemy.engines [None req-793c7b45-3919-4b13-81a0-df1cd0dbb5d8 None None] MySQL server mode set to STRICT_TRANS_TABLES,STRICT_ALL_TABLES,NO_ZERO_IN_DATE,NO_ZERO_DATE,ERROR_FOR_DIVISION_BY_ZERO,TRADITIONAL,NO_ENGINE_SUBSTITUTION {{(pid=108513) _check_effective_sql_mode /opt/stack/data/venv/lib/python3.12/site-packages/oslo_db/sqlalchemy/engines.py:325}}
Feb 17 20:39:06.488839 np0000156154 devstack@n-api-meta.service[108513]: DEBUG oslo_db.sqlalchemy.engines [None req-793c7b45-3919-4b13-81a0-df1cd0dbb5d8 None None] MySQL server mode set to STRICT_TRANS_TABLES,STRICT_ALL_TABLES,NO_ZERO_IN_DATE,NO_ZERO_DATE,ERROR_FOR_DIVISION_BY_ZERO,TRADITIONAL,NO_ENGINE_SUBSTITUTION {{(pid=108513) _check_effective_sql_mode /opt/stack/data/venv/lib/python3.12/site-packages/oslo_db/sqlalchemy/engines.py:325}}
Feb 17 20:39:06.489102 np0000156154 devstack@n-api-meta.service[108510]: DEBUG dbcounter [-] [108510] Writer thread running {{(pid=108510) stat_writer /opt/stack/data/venv/lib/python3.12/site-packages/dbcounter.py:102}}
Feb 17 20:39:06.493815 np0000156154 devstack@n-api-meta.service[108510]: DEBUG nova.context [None req-1578923c-aca3-4123-a9f0-cbdb777783ee None None] Found 2 cells: 00000000-0000-0000-0000-000000000000(cell0),564a31e1-2d6d-4fc8-9561-ec1f5d3276de(cell1) {{(pid=108510) load_cells /opt/stack/nova/nova/context.py:509}}
Feb 17 20:39:06.494279 np0000156154 devstack@n-api-meta.service[108512]: DEBUG oslo_db.sqlalchemy.engines [None req-dd5067c3-b77c-49f4-8f86-fb9c6e8fbd73 None None] MySQL server mode set to STRICT_TRANS_TABLES,STRICT_ALL_TABLES,NO_ZERO_IN_DATE,NO_ZERO_DATE,ERROR_FOR_DIVISION_BY_ZERO,TRADITIONAL,NO_ENGINE_SUBSTITUTION {{(pid=108512) _check_effective_sql_mode /opt/stack/data/venv/lib/python3.12/site-packages/oslo_db/sqlalchemy/engines.py:325}}
Feb 17 20:39:06.494332 np0000156154 devstack@n-api-meta.service[108510]: INFO nova.utils [None req-1578923c-aca3-4123-a9f0-cbdb777783ee None None] The cell worker thread pool MainProcess.cell_worker is initialized
Feb 17 20:39:06.498761 np0000156154 devstack@n-api-meta.service[108510]: DEBUG oslo_concurrency.lockutils [None req-1578923c-aca3-4123-a9f0-cbdb777783ee None None] Acquiring lock "00000000-0000-0000-0000-000000000000" by "nova.context.set_target_cell..get_or_set_cached_cell_and_set_connections" {{(pid=108510) inner /opt/stack/data/venv/lib/python3.12/site-packages/oslo_concurrency/lockutils.py:506}}
Feb 17 20:39:06.498964 np0000156154 devstack@n-api-meta.service[108510]: DEBUG oslo_concurrency.lockutils [None req-1578923c-aca3-4123-a9f0-cbdb777783ee None None] Lock "00000000-0000-0000-0000-000000000000" acquired by "nova.context.set_target_cell..get_or_set_cached_cell_and_set_connections" :: waited 0.000s {{(pid=108510) inner /opt/stack/data/venv/lib/python3.12/site-packages/oslo_concurrency/lockutils.py:519}}
Feb 17 20:39:06.499512 np0000156154 devstack@n-api-meta.service[108510]: DEBUG oslo_concurrency.lockutils [None req-1578923c-aca3-4123-a9f0-cbdb777783ee None None] Lock "00000000-0000-0000-0000-000000000000" "released" by "nova.context.set_target_cell..get_or_set_cached_cell_and_set_connections" :: held 0.001s {{(pid=108510) inner /opt/stack/data/venv/lib/python3.12/site-packages/oslo_concurrency/lockutils.py:538}}
Feb 17 20:39:06.500274 np0000156154 devstack@n-api-meta.service[108510]: DEBUG oslo_concurrency.lockutils [None req-1578923c-aca3-4123-a9f0-cbdb777783ee None None] Acquiring lock "564a31e1-2d6d-4fc8-9561-ec1f5d3276de" by "nova.context.set_target_cell..get_or_set_cached_cell_and_set_connections" {{(pid=108510) inner /opt/stack/data/venv/lib/python3.12/site-packages/oslo_concurrency/lockutils.py:506}}
Feb 17 20:39:06.502131 np0000156154 devstack@n-api-meta.service[108510]: INFO dbcounter [None req-1578923c-aca3-4123-a9f0-cbdb777783ee None None] Registered counter for database nova_cell0
Feb 17 20:39:06.503528 np0000156154 devstack@n-api-meta.service[108510]: DEBUG oslo_concurrency.lockutils [None req-1578923c-aca3-4123-a9f0-cbdb777783ee None None] Lock "564a31e1-2d6d-4fc8-9561-ec1f5d3276de" acquired by "nova.context.set_target_cell..get_or_set_cached_cell_and_set_connections" :: waited 0.002s {{(pid=108510) inner /opt/stack/data/venv/lib/python3.12/site-packages/oslo_concurrency/lockutils.py:519}}
Feb 17 20:39:06.505068 np0000156154 devstack@n-api-meta.service[108510]: DEBUG oslo_concurrency.lockutils [None req-1578923c-aca3-4123-a9f0-cbdb777783ee None None] Lock "564a31e1-2d6d-4fc8-9561-ec1f5d3276de" "released" by "nova.context.set_target_cell..get_or_set_cached_cell_and_set_connections" :: held 0.003s {{(pid=108510) inner /opt/stack/data/venv/lib/python3.12/site-packages/oslo_concurrency/lockutils.py:538}}
Feb 17 20:39:06.507401 np0000156154 devstack@n-api-meta.service[108510]: INFO dbcounter [None req-1578923c-aca3-4123-a9f0-cbdb777783ee None None] Registered counter for database nova_cell1
Feb 17 20:39:06.520543 np0000156154 devstack@n-api-meta.service[108510]: DEBUG oslo_db.sqlalchemy.engines [None req-1578923c-aca3-4123-a9f0-cbdb777783ee None None] MySQL server mode set to STRICT_TRANS_TABLES,STRICT_ALL_TABLES,NO_ZERO_IN_DATE,NO_ZERO_DATE,ERROR_FOR_DIVISION_BY_ZERO,TRADITIONAL,NO_ENGINE_SUBSTITUTION {{(pid=108510) _check_effective_sql_mode /opt/stack/data/venv/lib/python3.12/site-packages/oslo_db/sqlalchemy/engines.py:325}}
Feb 17 20:39:06.521393 np0000156154 devstack@n-api-meta.service[108511]: DEBUG dbcounter [-] [108511] Writer thread running {{(pid=108511) stat_writer /opt/stack/data/venv/lib/python3.12/site-packages/dbcounter.py:102}}
Feb 17 20:39:06.524152 np0000156154 devstack@n-api-meta.service[108511]: DEBUG nova.context [None req-6069f313-1529-44b5-9d23-8a41867a7613 None None] Found 2 cells: 00000000-0000-0000-0000-000000000000(cell0),564a31e1-2d6d-4fc8-9561-ec1f5d3276de(cell1) {{(pid=108511) load_cells /opt/stack/nova/nova/context.py:509}}
Feb 17 20:39:06.524347 np0000156154 devstack@n-api-meta.service[108511]: INFO nova.utils [None req-6069f313-1529-44b5-9d23-8a41867a7613 None None] The cell worker thread pool MainProcess.cell_worker is initialized
Feb 17 20:39:06.526220 np0000156154 devstack@n-api-meta.service[108511]: DEBUG oslo_concurrency.lockutils [None req-6069f313-1529-44b5-9d23-8a41867a7613 None None] Acquiring lock "00000000-0000-0000-0000-000000000000" by "nova.context.set_target_cell..get_or_set_cached_cell_and_set_connections" {{(pid=108511) inner /opt/stack/data/venv/lib/python3.12/site-packages/oslo_concurrency/lockutils.py:506}}
Feb 17 20:39:06.526372 np0000156154 devstack@n-api-meta.service[108511]: DEBUG oslo_concurrency.lockutils [None req-6069f313-1529-44b5-9d23-8a41867a7613 None None] Lock "00000000-0000-0000-0000-000000000000" acquired by "nova.context.set_target_cell..get_or_set_cached_cell_and_set_connections" :: waited 0.000s {{(pid=108511) inner /opt/stack/data/venv/lib/python3.12/site-packages/oslo_concurrency/lockutils.py:519}}
Feb 17 20:39:06.526734 np0000156154 devstack@n-api-meta.service[108511]: DEBUG oslo_concurrency.lockutils [None req-6069f313-1529-44b5-9d23-8a41867a7613 None None] Lock "00000000-0000-0000-0000-000000000000" "released" by "nova.context.set_target_cell..get_or_set_cached_cell_and_set_connections" :: held 0.000s {{(pid=108511) inner /opt/stack/data/venv/lib/python3.12/site-packages/oslo_concurrency/lockutils.py:538}}
Feb 17 20:39:06.527608 np0000156154 devstack@n-api-meta.service[108511]: DEBUG oslo_concurrency.lockutils [None req-6069f313-1529-44b5-9d23-8a41867a7613 None None] Acquiring lock "564a31e1-2d6d-4fc8-9561-ec1f5d3276de" by "nova.context.set_target_cell..get_or_set_cached_cell_and_set_connections" {{(pid=108511) inner /opt/stack/data/venv/lib/python3.12/site-packages/oslo_concurrency/lockutils.py:506}}
Feb 17 20:39:06.527752 np0000156154 devstack@n-api-meta.service[108510]: DEBUG oslo_db.sqlalchemy.engines [None req-1578923c-aca3-4123-a9f0-cbdb777783ee None None] MySQL server mode set to STRICT_TRANS_TABLES,STRICT_ALL_TABLES,NO_ZERO_IN_DATE,NO_ZERO_DATE,ERROR_FOR_DIVISION_BY_ZERO,TRADITIONAL,NO_ENGINE_SUBSTITUTION {{(pid=108510) _check_effective_sql_mode /opt/stack/data/venv/lib/python3.12/site-packages/oslo_db/sqlalchemy/engines.py:325}}
Feb 17 20:39:06.527849 np0000156154 devstack@n-api-meta.service[108511]: DEBUG oslo_concurrency.lockutils [None req-6069f313-1529-44b5-9d23-8a41867a7613 None None] Lock "564a31e1-2d6d-4fc8-9561-ec1f5d3276de" acquired by "nova.context.set_target_cell..get_or_set_cached_cell_and_set_connections" :: waited 0.000s {{(pid=108511) inner /opt/stack/data/venv/lib/python3.12/site-packages/oslo_concurrency/lockutils.py:519}}
Feb 17 20:39:06.528593 np0000156154 devstack@n-api-meta.service[108511]: DEBUG oslo_concurrency.lockutils [None req-6069f313-1529-44b5-9d23-8a41867a7613 None None] Lock "564a31e1-2d6d-4fc8-9561-ec1f5d3276de" "released" by "nova.context.set_target_cell..get_or_set_cached_cell_and_set_connections" :: held 0.001s {{(pid=108511) inner /opt/stack/data/venv/lib/python3.12/site-packages/oslo_concurrency/lockutils.py:538}}
Feb 17 20:39:06.530825 np0000156154 devstack@n-api-meta.service[108512]: DEBUG dbcounter [-] [108512] Writer thread running {{(pid=108512) stat_writer /opt/stack/data/venv/lib/python3.12/site-packages/dbcounter.py:102}}
Feb 17 20:39:06.533704 np0000156154 devstack@n-api-meta.service[108511]: INFO dbcounter [None req-6069f313-1529-44b5-9d23-8a41867a7613 None None] Registered counter for database nova_cell0
Feb 17 20:39:06.538076 np0000156154 devstack@n-api-meta.service[108512]: DEBUG nova.context [None req-dd5067c3-b77c-49f4-8f86-fb9c6e8fbd73 None None] Found 2 cells: 00000000-0000-0000-0000-000000000000(cell0),564a31e1-2d6d-4fc8-9561-ec1f5d3276de(cell1) {{(pid=108512) load_cells /opt/stack/nova/nova/context.py:509}}
Feb 17 20:39:06.538076 np0000156154 devstack@n-api-meta.service[108512]: INFO nova.utils [None req-dd5067c3-b77c-49f4-8f86-fb9c6e8fbd73 None None] The cell worker thread pool MainProcess.cell_worker is initialized
Feb 17 20:39:06.539224 np0000156154 devstack@n-api-meta.service[108512]: DEBUG oslo_concurrency.lockutils [None req-dd5067c3-b77c-49f4-8f86-fb9c6e8fbd73 None None] Acquiring lock "00000000-0000-0000-0000-000000000000" by "nova.context.set_target_cell..get_or_set_cached_cell_and_set_connections" {{(pid=108512) inner /opt/stack/data/venv/lib/python3.12/site-packages/oslo_concurrency/lockutils.py:506}}
Feb 17 20:39:06.539401 np0000156154 devstack@n-api-meta.service[108512]: DEBUG oslo_concurrency.lockutils [None req-dd5067c3-b77c-49f4-8f86-fb9c6e8fbd73 None None] Lock "00000000-0000-0000-0000-000000000000" acquired by "nova.context.set_target_cell..get_or_set_cached_cell_and_set_connections" :: waited 0.000s {{(pid=108512) inner /opt/stack/data/venv/lib/python3.12/site-packages/oslo_concurrency/lockutils.py:519}}
Feb 17 20:39:06.539815 np0000156154 devstack@n-api-meta.service[108512]: DEBUG oslo_concurrency.lockutils [None req-dd5067c3-b77c-49f4-8f86-fb9c6e8fbd73 None None] Lock "00000000-0000-0000-0000-000000000000" "released" by "nova.context.set_target_cell..get_or_set_cached_cell_and_set_connections" :: held 0.000s {{(pid=108512) inner /opt/stack/data/venv/lib/python3.12/site-packages/oslo_concurrency/lockutils.py:538}}
Feb 17 20:39:06.540561 np0000156154 devstack@n-api-meta.service[108512]: DEBUG oslo_concurrency.lockutils [None req-dd5067c3-b77c-49f4-8f86-fb9c6e8fbd73 None None] Acquiring lock "564a31e1-2d6d-4fc8-9561-ec1f5d3276de" by "nova.context.set_target_cell..get_or_set_cached_cell_and_set_connections" {{(pid=108512) inner /opt/stack/data/venv/lib/python3.12/site-packages/oslo_concurrency/lockutils.py:506}}
Feb 17 20:39:06.540684 np0000156154 devstack@n-api-meta.service[108511]: INFO dbcounter [None req-6069f313-1529-44b5-9d23-8a41867a7613 None None] Registered counter for database nova_cell1
Feb 17 20:39:06.540754 np0000156154 devstack@n-api-meta.service[108512]: DEBUG oslo_concurrency.lockutils [None req-dd5067c3-b77c-49f4-8f86-fb9c6e8fbd73 None None] Lock "564a31e1-2d6d-4fc8-9561-ec1f5d3276de" acquired by "nova.context.set_target_cell..get_or_set_cached_cell_and_set_connections" :: waited 0.000s {{(pid=108512) inner /opt/stack/data/venv/lib/python3.12/site-packages/oslo_concurrency/lockutils.py:519}}
Feb 17 20:39:06.541867 np0000156154 devstack@n-api-meta.service[108512]: DEBUG oslo_concurrency.lockutils [None req-dd5067c3-b77c-49f4-8f86-fb9c6e8fbd73 None None] Lock "564a31e1-2d6d-4fc8-9561-ec1f5d3276de" "released" by "nova.context.set_target_cell..get_or_set_cached_cell_and_set_connections" :: held 0.001s {{(pid=108512) inner /opt/stack/data/venv/lib/python3.12/site-packages/oslo_concurrency/lockutils.py:538}}
Feb 17 20:39:06.544011 np0000156154 devstack@n-api-meta.service[108512]: INFO dbcounter [None req-dd5067c3-b77c-49f4-8f86-fb9c6e8fbd73 None None] Registered counter for database nova_cell0
Feb 17 20:39:06.549064 np0000156154 devstack@n-api-meta.service[108512]: INFO dbcounter [None req-dd5067c3-b77c-49f4-8f86-fb9c6e8fbd73 None None] Registered counter for database nova_cell1
Feb 17 20:39:06.549734 np0000156154 devstack@n-api-meta.service[108511]: DEBUG oslo_db.sqlalchemy.engines [None req-6069f313-1529-44b5-9d23-8a41867a7613 None None] MySQL server mode set to STRICT_TRANS_TABLES,STRICT_ALL_TABLES,NO_ZERO_IN_DATE,NO_ZERO_DATE,ERROR_FOR_DIVISION_BY_ZERO,TRADITIONAL,NO_ENGINE_SUBSTITUTION {{(pid=108511) _check_effective_sql_mode /opt/stack/data/venv/lib/python3.12/site-packages/oslo_db/sqlalchemy/engines.py:325}}
Feb 17 20:39:06.556623 np0000156154 devstack@n-api-meta.service[108511]: DEBUG oslo_db.sqlalchemy.engines [None req-6069f313-1529-44b5-9d23-8a41867a7613 None None] MySQL server mode set to STRICT_TRANS_TABLES,STRICT_ALL_TABLES,NO_ZERO_IN_DATE,NO_ZERO_DATE,ERROR_FOR_DIVISION_BY_ZERO,TRADITIONAL,NO_ENGINE_SUBSTITUTION {{(pid=108511) _check_effective_sql_mode /opt/stack/data/venv/lib/python3.12/site-packages/oslo_db/sqlalchemy/engines.py:325}}
Feb 17 20:39:06.563792 np0000156154 devstack@n-api-meta.service[108512]: DEBUG oslo_db.sqlalchemy.engines [None req-dd5067c3-b77c-49f4-8f86-fb9c6e8fbd73 None None] MySQL server mode set to STRICT_TRANS_TABLES,STRICT_ALL_TABLES,NO_ZERO_IN_DATE,NO_ZERO_DATE,ERROR_FOR_DIVISION_BY_ZERO,TRADITIONAL,NO_ENGINE_SUBSTITUTION {{(pid=108512) _check_effective_sql_mode /opt/stack/data/venv/lib/python3.12/site-packages/oslo_db/sqlalchemy/engines.py:325}}
Feb 17 20:39:06.569984 np0000156154 devstack@n-api-meta.service[108512]: DEBUG oslo_db.sqlalchemy.engines [None req-dd5067c3-b77c-49f4-8f86-fb9c6e8fbd73 None None] MySQL server mode set to STRICT_TRANS_TABLES,STRICT_ALL_TABLES,NO_ZERO_IN_DATE,NO_ZERO_DATE,ERROR_FOR_DIVISION_BY_ZERO,TRADITIONAL,NO_ENGINE_SUBSTITUTION {{(pid=108512) _check_effective_sql_mode /opt/stack/data/venv/lib/python3.12/site-packages/oslo_db/sqlalchemy/engines.py:325}}
Feb 17 20:39:06.589575 np0000156154 devstack@n-api-meta.service[108513]: DEBUG dbcounter [-] [108513] Writer thread running {{(pid=108513) stat_writer /opt/stack/data/venv/lib/python3.12/site-packages/dbcounter.py:102}}
Feb 17 20:39:06.593783 np0000156154 devstack@n-api-meta.service[108513]: DEBUG dbcounter [-] [108513] Writer thread running {{(pid=108513) stat_writer /opt/stack/data/venv/lib/python3.12/site-packages/dbcounter.py:102}}
Feb 17 20:39:06.599595 np0000156154 devstack@n-api-meta.service[108513]: INFO dbcounter [None req-793c7b45-3919-4b13-81a0-df1cd0dbb5d8 None None] Registered counter for database nova_cell0
Feb 17 20:39:06.610236 np0000156154 devstack@n-api-meta.service[108513]: DEBUG oslo_db.sqlalchemy.engines [None req-793c7b45-3919-4b13-81a0-df1cd0dbb5d8 None None] MySQL server mode set to STRICT_TRANS_TABLES,STRICT_ALL_TABLES,NO_ZERO_IN_DATE,NO_ZERO_DATE,ERROR_FOR_DIVISION_BY_ZERO,TRADITIONAL,NO_ENGINE_SUBSTITUTION {{(pid=108513) _check_effective_sql_mode /opt/stack/data/venv/lib/python3.12/site-packages/oslo_db/sqlalchemy/engines.py:325}}
Feb 17 20:39:06.617778 np0000156154 devstack@n-api-meta.service[108510]: DEBUG dbcounter [-] [108510] Writer thread running {{(pid=108510) stat_writer /opt/stack/data/venv/lib/python3.12/site-packages/dbcounter.py:102}}
Feb 17 20:39:06.623803 np0000156154 devstack@n-api-meta.service[108510]: DEBUG dbcounter [-] [108510] Writer thread running {{(pid=108510) stat_writer /opt/stack/data/venv/lib/python3.12/site-packages/dbcounter.py:102}}
Feb 17 20:39:06.623963 np0000156154 devstack@n-api-meta.service[108513]: DEBUG dbcounter [-] [108513] Writer thread running {{(pid=108513) stat_writer /opt/stack/data/venv/lib/python3.12/site-packages/dbcounter.py:102}}
Feb 17 20:39:06.627117 np0000156154 devstack@n-api-meta.service[108510]: INFO dbcounter [None req-1578923c-aca3-4123-a9f0-cbdb777783ee None None] Registered counter for database nova_cell0
Feb 17 20:39:06.638445 np0000156154 devstack@n-api-meta.service[108510]: DEBUG oslo_db.sqlalchemy.engines [None req-1578923c-aca3-4123-a9f0-cbdb777783ee None None] MySQL server mode set to STRICT_TRANS_TABLES,STRICT_ALL_TABLES,NO_ZERO_IN_DATE,NO_ZERO_DATE,ERROR_FOR_DIVISION_BY_ZERO,TRADITIONAL,NO_ENGINE_SUBSTITUTION {{(pid=108510) _check_effective_sql_mode /opt/stack/data/venv/lib/python3.12/site-packages/oslo_db/sqlalchemy/engines.py:325}}
Feb 17 20:39:06.649572 np0000156154 devstack@n-api-meta.service[108510]: DEBUG dbcounter [-] [108510] Writer thread running {{(pid=108510) stat_writer /opt/stack/data/venv/lib/python3.12/site-packages/dbcounter.py:102}}
Feb 17 20:39:06.669563 np0000156154 devstack@n-api-meta.service[108511]: DEBUG dbcounter [-] [108511] Writer thread running {{(pid=108511) stat_writer /opt/stack/data/venv/lib/python3.12/site-packages/dbcounter.py:102}}
Feb 17 20:39:06.670672 np0000156154 devstack@n-api-meta.service[108511]: DEBUG dbcounter [-] [108511] Writer thread running {{(pid=108511) stat_writer /opt/stack/data/venv/lib/python3.12/site-packages/dbcounter.py:102}}
Feb 17 20:39:06.676386 np0000156154 devstack@n-api-meta.service[108511]: INFO dbcounter [None req-6069f313-1529-44b5-9d23-8a41867a7613 None None] Registered counter for database nova_cell0
Feb 17 20:39:06.679914 np0000156154 devstack@n-api-meta.service[108512]: DEBUG dbcounter [-] [108512] Writer thread running {{(pid=108512) stat_writer /opt/stack/data/venv/lib/python3.12/site-packages/dbcounter.py:102}}
Feb 17 20:39:06.681536 np0000156154 devstack@n-api-meta.service[108512]: DEBUG dbcounter [-] [108512] Writer thread running {{(pid=108512) stat_writer /opt/stack/data/venv/lib/python3.12/site-packages/dbcounter.py:102}}
Feb 17 20:39:06.685192 np0000156154 devstack@n-api-meta.service[108512]: INFO dbcounter [None req-dd5067c3-b77c-49f4-8f86-fb9c6e8fbd73 None None] Registered counter for database nova_cell0
Feb 17 20:39:06.685494 np0000156154 devstack@n-api-meta.service[108511]: DEBUG oslo_db.sqlalchemy.engines [None req-6069f313-1529-44b5-9d23-8a41867a7613 None None] MySQL server mode set to STRICT_TRANS_TABLES,STRICT_ALL_TABLES,NO_ZERO_IN_DATE,NO_ZERO_DATE,ERROR_FOR_DIVISION_BY_ZERO,TRADITIONAL,NO_ENGINE_SUBSTITUTION {{(pid=108511) _check_effective_sql_mode /opt/stack/data/venv/lib/python3.12/site-packages/oslo_db/sqlalchemy/engines.py:325}}
Feb 17 20:39:06.692980 np0000156154 devstack@n-api-meta.service[108511]: DEBUG dbcounter [-] [108511] Writer thread running {{(pid=108511) stat_writer /opt/stack/data/venv/lib/python3.12/site-packages/dbcounter.py:102}}
Feb 17 20:39:06.694625 np0000156154 devstack@n-api-meta.service[108512]: DEBUG oslo_db.sqlalchemy.engines [None req-dd5067c3-b77c-49f4-8f86-fb9c6e8fbd73 None None] MySQL server mode set to STRICT_TRANS_TABLES,STRICT_ALL_TABLES,NO_ZERO_IN_DATE,NO_ZERO_DATE,ERROR_FOR_DIVISION_BY_ZERO,TRADITIONAL,NO_ENGINE_SUBSTITUTION {{(pid=108512) _check_effective_sql_mode /opt/stack/data/venv/lib/python3.12/site-packages/oslo_db/sqlalchemy/engines.py:325}}
Feb 17 20:39:06.702206 np0000156154 devstack@n-api-meta.service[108512]: DEBUG dbcounter [-] [108512] Writer thread running {{(pid=108512) stat_writer /opt/stack/data/venv/lib/python3.12/site-packages/dbcounter.py:102}}
Feb 17 20:39:06.704265 np0000156154 devstack@n-api-meta.service[108513]: WARNING nova.api.metadata.handler [None req-793c7b45-3919-4b13-81a0-df1cd0dbb5d8 None None] metadata_proxy_shared_secret is not configured, the metadata information returned by the proxy cannot be trusted
Feb 17 20:39:06.707120 np0000156154 devstack@n-api-meta.service[108513]: DEBUG nova.api.openstack.wsgi_app [None req-793c7b45-3919-4b13-81a0-df1cd0dbb5d8 None None] ******************************************************************************** {{(pid=108513) log_opt_values /opt/stack/data/venv/lib/python3.12/site-packages/oslo_config/cfg.py:2804}}
Feb 17 20:39:06.707293 np0000156154 devstack@n-api-meta.service[108513]: DEBUG nova.api.openstack.wsgi_app [None req-793c7b45-3919-4b13-81a0-df1cd0dbb5d8 None None] Configuration options gathered from: {{(pid=108513) log_opt_values /opt/stack/data/venv/lib/python3.12/site-packages/oslo_config/cfg.py:2805}}
Feb 17 20:39:06.707552 np0000156154 devstack@n-api-meta.service[108513]: DEBUG nova.api.openstack.wsgi_app [None req-793c7b45-3919-4b13-81a0-df1cd0dbb5d8 None None] command line args: [] {{(pid=108513) log_opt_values /opt/stack/data/venv/lib/python3.12/site-packages/oslo_config/cfg.py:2806}}
Feb 17 20:39:06.707832 np0000156154 devstack@n-api-meta.service[108513]: DEBUG nova.api.openstack.wsgi_app [None req-793c7b45-3919-4b13-81a0-df1cd0dbb5d8 None None] config files: ['/etc/nova/api-paste.ini', '/etc/nova/nova.conf'] {{(pid=108513) log_opt_values /opt/stack/data/venv/lib/python3.12/site-packages/oslo_config/cfg.py:2807}}
Feb 17 20:39:06.708108 np0000156154 devstack@n-api-meta.service[108513]: DEBUG nova.api.openstack.wsgi_app [None req-793c7b45-3919-4b13-81a0-df1cd0dbb5d8 None None] ================================================================================ {{(pid=108513) log_opt_values /opt/stack/data/venv/lib/python3.12/site-packages/oslo_config/cfg.py:2809}}
Feb 17 20:39:06.708437 np0000156154 devstack@n-api-meta.service[108513]: DEBUG nova.api.openstack.wsgi_app [None req-793c7b45-3919-4b13-81a0-df1cd0dbb5d8 None None] allow_resize_to_same_host = True {{(pid=108513) log_opt_values /opt/stack/data/venv/lib/python3.12/site-packages/oslo_config/cfg.py:2817}}
Feb 17 20:39:06.708696 np0000156154 devstack@n-api-meta.service[108513]: DEBUG nova.api.openstack.wsgi_app [None req-793c7b45-3919-4b13-81a0-df1cd0dbb5d8 None None] arq_binding_timeout = 300 {{(pid=108513) log_opt_values /opt/stack/data/venv/lib/python3.12/site-packages/oslo_config/cfg.py:2817}}
Feb 17 20:39:06.708920 np0000156154 devstack@n-api-meta.service[108513]: DEBUG nova.api.openstack.wsgi_app [None req-793c7b45-3919-4b13-81a0-df1cd0dbb5d8 None None] block_device_allocate_retries = 60 {{(pid=108513) log_opt_values /opt/stack/data/venv/lib/python3.12/site-packages/oslo_config/cfg.py:2817}}
Feb 17 20:39:06.709223 np0000156154 devstack@n-api-meta.service[108513]: DEBUG nova.api.openstack.wsgi_app [None req-793c7b45-3919-4b13-81a0-df1cd0dbb5d8 None None] block_device_allocate_retries_interval = 3 {{(pid=108513) log_opt_values /opt/stack/data/venv/lib/python3.12/site-packages/oslo_config/cfg.py:2817}}
Feb 17 20:39:06.709460 np0000156154 devstack@n-api-meta.service[108513]: DEBUG nova.api.openstack.wsgi_app [None req-793c7b45-3919-4b13-81a0-df1cd0dbb5d8 None None] cell_worker_thread_pool_size = 5 {{(pid=108513) log_opt_values /opt/stack/data/venv/lib/python3.12/site-packages/oslo_config/cfg.py:2817}}
Feb 17 20:39:06.709738 np0000156154 devstack@n-api-meta.service[108513]: DEBUG nova.api.openstack.wsgi_app [None req-793c7b45-3919-4b13-81a0-df1cd0dbb5d8 None None] cert = self.pem {{(pid=108513) log_opt_values /opt/stack/data/venv/lib/python3.12/site-packages/oslo_config/cfg.py:2817}}
Feb 17 20:39:06.709995 np0000156154 devstack@n-api-meta.service[108513]: DEBUG nova.api.openstack.wsgi_app [None req-793c7b45-3919-4b13-81a0-df1cd0dbb5d8 None None] compute_driver = libvirt.LibvirtDriver {{(pid=108513) log_opt_values /opt/stack/data/venv/lib/python3.12/site-packages/oslo_config/cfg.py:2817}}
Feb 17 20:39:06.710267 np0000156154 devstack@n-api-meta.service[108513]: DEBUG nova.api.openstack.wsgi_app [None req-793c7b45-3919-4b13-81a0-df1cd0dbb5d8 None None] compute_monitors = [] {{(pid=108513) log_opt_values /opt/stack/data/venv/lib/python3.12/site-packages/oslo_config/cfg.py:2817}}
Feb 17 20:39:06.710521 np0000156154 devstack@n-api-meta.service[108513]: DEBUG nova.api.openstack.wsgi_app [None req-793c7b45-3919-4b13-81a0-df1cd0dbb5d8 None None] config_dir = [] {{(pid=108513) log_opt_values /opt/stack/data/venv/lib/python3.12/site-packages/oslo_config/cfg.py:2817}}
Feb 17 20:39:06.710738 np0000156154 devstack@n-api-meta.service[108513]: DEBUG nova.api.openstack.wsgi_app [None req-793c7b45-3919-4b13-81a0-df1cd0dbb5d8 None None] config_drive_format = iso9660 {{(pid=108513) log_opt_values /opt/stack/data/venv/lib/python3.12/site-packages/oslo_config/cfg.py:2817}}
Feb 17 20:39:06.710938 np0000156154 devstack@n-api-meta.service[108513]: DEBUG nova.api.openstack.wsgi_app [None req-793c7b45-3919-4b13-81a0-df1cd0dbb5d8 None None] config_file = ['/etc/nova/api-paste.ini', '/etc/nova/nova.conf'] {{(pid=108513) log_opt_values /opt/stack/data/venv/lib/python3.12/site-packages/oslo_config/cfg.py:2817}}
Feb 17 20:39:06.711271 np0000156154 devstack@n-api-meta.service[108513]: DEBUG nova.api.openstack.wsgi_app [None req-793c7b45-3919-4b13-81a0-df1cd0dbb5d8 None None] config_source = [] {{(pid=108513) log_opt_values /opt/stack/data/venv/lib/python3.12/site-packages/oslo_config/cfg.py:2817}}
Feb 17 20:39:06.711565 np0000156154 devstack@n-api-meta.service[108513]: DEBUG nova.api.openstack.wsgi_app [None req-793c7b45-3919-4b13-81a0-df1cd0dbb5d8 None None] console_host = np0000156154 {{(pid=108513) log_opt_values /opt/stack/data/venv/lib/python3.12/site-packages/oslo_config/cfg.py:2817}}
Feb 17 20:39:06.711802 np0000156154 devstack@n-api-meta.service[108513]: DEBUG nova.api.openstack.wsgi_app [None req-793c7b45-3919-4b13-81a0-df1cd0dbb5d8 None None] control_exchange = nova {{(pid=108513) log_opt_values /opt/stack/data/venv/lib/python3.12/site-packages/oslo_config/cfg.py:2817}}
Feb 17 20:39:06.712050 np0000156154 devstack@n-api-meta.service[108513]: DEBUG nova.api.openstack.wsgi_app [None req-793c7b45-3919-4b13-81a0-df1cd0dbb5d8 None None] cpu_allocation_ratio = None {{(pid=108513) log_opt_values /opt/stack/data/venv/lib/python3.12/site-packages/oslo_config/cfg.py:2817}}
Feb 17 20:39:06.712291 np0000156154 devstack@n-api-meta.service[108513]: DEBUG nova.api.openstack.wsgi_app [None req-793c7b45-3919-4b13-81a0-df1cd0dbb5d8 None None] daemon = False {{(pid=108513) log_opt_values /opt/stack/data/venv/lib/python3.12/site-packages/oslo_config/cfg.py:2817}}
Feb 17 20:39:06.712536 np0000156154 devstack@n-api-meta.service[108513]: DEBUG nova.api.openstack.wsgi_app [None req-793c7b45-3919-4b13-81a0-df1cd0dbb5d8 None None] debug = True {{(pid=108513) log_opt_values /opt/stack/data/venv/lib/python3.12/site-packages/oslo_config/cfg.py:2817}}
Feb 17 20:39:06.712834 np0000156154 devstack@n-api-meta.service[108513]: DEBUG nova.api.openstack.wsgi_app [None req-793c7b45-3919-4b13-81a0-df1cd0dbb5d8 None None] default_access_ip_network_name = None {{(pid=108513) log_opt_values /opt/stack/data/venv/lib/python3.12/site-packages/oslo_config/cfg.py:2817}}
Feb 17 20:39:06.713103 np0000156154 devstack@n-api-meta.service[108513]: DEBUG nova.api.openstack.wsgi_app [None req-793c7b45-3919-4b13-81a0-df1cd0dbb5d8 None None] default_availability_zone = nova {{(pid=108513) log_opt_values /opt/stack/data/venv/lib/python3.12/site-packages/oslo_config/cfg.py:2817}}
Feb 17 20:39:06.713345 np0000156154 devstack@n-api-meta.service[108513]: DEBUG nova.api.openstack.wsgi_app [None req-793c7b45-3919-4b13-81a0-df1cd0dbb5d8 None None] default_ephemeral_format = ext4 {{(pid=108513) log_opt_values /opt/stack/data/venv/lib/python3.12/site-packages/oslo_config/cfg.py:2817}}
Feb 17 20:39:06.713577 np0000156154 devstack@n-api-meta.service[108513]: DEBUG nova.api.openstack.wsgi_app [None req-793c7b45-3919-4b13-81a0-df1cd0dbb5d8 None None] default_green_pool_size = 1000 {{(pid=108513) log_opt_values /opt/stack/data/venv/lib/python3.12/site-packages/oslo_config/cfg.py:2817}}
Feb 17 20:39:06.714063 np0000156154 devstack@n-api-meta.service[108513]: DEBUG nova.api.openstack.wsgi_app [None req-793c7b45-3919-4b13-81a0-df1cd0dbb5d8 None None] default_log_levels = ['amqp=WARN', 'boto=WARN', 'sqlalchemy=WARN', 'suds=INFO', 'oslo.messaging=INFO', 'oslo_messaging=INFO', 'iso8601=WARN', 'requests.packages.urllib3.connectionpool=WARN', 'urllib3.connectionpool=WARN', 'websocket=WARN', 'requests.packages.urllib3.util.retry=WARN', 'urllib3.util.retry=WARN', 'keystonemiddleware=WARN', 'routes.middleware=WARN', 'stevedore=WARN', 'taskflow=WARN', 'keystoneauth=WARN', 'oslo.cache=INFO', 'oslo_policy=INFO', 'dogpile.core.dogpile=INFO', 'glanceclient=WARN', 'oslo.privsep.daemon=INFO'] {{(pid=108513) log_opt_values /opt/stack/data/venv/lib/python3.12/site-packages/oslo_config/cfg.py:2817}}
Feb 17 20:39:06.714266 np0000156154 devstack@n-api-meta.service[108513]: DEBUG nova.api.openstack.wsgi_app [None req-793c7b45-3919-4b13-81a0-df1cd0dbb5d8 None None] default_schedule_zone = None {{(pid=108513) log_opt_values /opt/stack/data/venv/lib/python3.12/site-packages/oslo_config/cfg.py:2817}}
Feb 17 20:39:06.714471 np0000156154 devstack@n-api-meta.service[108513]: DEBUG nova.api.openstack.wsgi_app [None req-793c7b45-3919-4b13-81a0-df1cd0dbb5d8 None None] default_thread_pool_size = 10 {{(pid=108513) log_opt_values /opt/stack/data/venv/lib/python3.12/site-packages/oslo_config/cfg.py:2817}}
Feb 17 20:39:06.714654 np0000156154 devstack@n-api-meta.service[108513]: DEBUG nova.api.openstack.wsgi_app [None req-793c7b45-3919-4b13-81a0-df1cd0dbb5d8 None None] disk_allocation_ratio = None {{(pid=108513) log_opt_values /opt/stack/data/venv/lib/python3.12/site-packages/oslo_config/cfg.py:2817}}
Feb 17 20:39:06.714793 np0000156154 devstack@n-api-meta.service[108513]: DEBUG nova.api.openstack.wsgi_app [None req-793c7b45-3919-4b13-81a0-df1cd0dbb5d8 None None] enable_new_services = True {{(pid=108513) log_opt_values /opt/stack/data/venv/lib/python3.12/site-packages/oslo_config/cfg.py:2817}}
Feb 17 20:39:06.714934 np0000156154 devstack@n-api-meta.service[108513]: DEBUG nova.api.openstack.wsgi_app [None req-793c7b45-3919-4b13-81a0-df1cd0dbb5d8 None None] flat_injected = False {{(pid=108513) log_opt_values /opt/stack/data/venv/lib/python3.12/site-packages/oslo_config/cfg.py:2817}}
Feb 17 20:39:06.715092 np0000156154 devstack@n-api-meta.service[108513]: DEBUG nova.api.openstack.wsgi_app [None req-793c7b45-3919-4b13-81a0-df1cd0dbb5d8 None None] force_config_drive = False {{(pid=108513) log_opt_values /opt/stack/data/venv/lib/python3.12/site-packages/oslo_config/cfg.py:2817}}
Feb 17 20:39:06.715226 np0000156154 devstack@n-api-meta.service[108513]: DEBUG nova.api.openstack.wsgi_app [None req-793c7b45-3919-4b13-81a0-df1cd0dbb5d8 None None] force_raw_images = True {{(pid=108513) log_opt_values /opt/stack/data/venv/lib/python3.12/site-packages/oslo_config/cfg.py:2817}}
Feb 17 20:39:06.715367 np0000156154 devstack@n-api-meta.service[108513]: DEBUG nova.api.openstack.wsgi_app [None req-793c7b45-3919-4b13-81a0-df1cd0dbb5d8 None None] graceful_shutdown_timeout = 5 {{(pid=108513) log_opt_values /opt/stack/data/venv/lib/python3.12/site-packages/oslo_config/cfg.py:2817}}
Feb 17 20:39:06.715502 np0000156154 devstack@n-api-meta.service[108513]: DEBUG nova.api.openstack.wsgi_app [None req-793c7b45-3919-4b13-81a0-df1cd0dbb5d8 None None] heal_instance_info_cache_interval = -1 {{(pid=108513) log_opt_values /opt/stack/data/venv/lib/python3.12/site-packages/oslo_config/cfg.py:2817}}
Feb 17 20:39:06.715694 np0000156154 devstack@n-api-meta.service[108513]: DEBUG nova.api.openstack.wsgi_app [None req-793c7b45-3919-4b13-81a0-df1cd0dbb5d8 None None] host = np0000156154 {{(pid=108513) log_opt_values /opt/stack/data/venv/lib/python3.12/site-packages/oslo_config/cfg.py:2817}}
Feb 17 20:39:06.715827 np0000156154 devstack@n-api-meta.service[108513]: DEBUG nova.api.openstack.wsgi_app [None req-793c7b45-3919-4b13-81a0-df1cd0dbb5d8 None None] initial_cpu_allocation_ratio = 4.0 {{(pid=108513) log_opt_values /opt/stack/data/venv/lib/python3.12/site-packages/oslo_config/cfg.py:2817}}
Feb 17 20:39:06.715959 np0000156154 devstack@n-api-meta.service[108513]: DEBUG nova.api.openstack.wsgi_app [None req-793c7b45-3919-4b13-81a0-df1cd0dbb5d8 None None] initial_disk_allocation_ratio = 1.0 {{(pid=108513) log_opt_values /opt/stack/data/venv/lib/python3.12/site-packages/oslo_config/cfg.py:2817}}
Feb 17 20:39:06.716156 np0000156154 devstack@n-api-meta.service[108513]: DEBUG nova.api.openstack.wsgi_app [None req-793c7b45-3919-4b13-81a0-df1cd0dbb5d8 None None] initial_ram_allocation_ratio = 1.0 {{(pid=108513) log_opt_values /opt/stack/data/venv/lib/python3.12/site-packages/oslo_config/cfg.py:2817}}
Feb 17 20:39:06.716378 np0000156154 devstack@n-api-meta.service[108513]: DEBUG nova.api.openstack.wsgi_app [None req-793c7b45-3919-4b13-81a0-df1cd0dbb5d8 None None] injected_network_template = /opt/stack/nova/nova/virt/interfaces.template {{(pid=108513) log_opt_values /opt/stack/data/venv/lib/python3.12/site-packages/oslo_config/cfg.py:2817}}
Feb 17 20:39:06.716518 np0000156154 devstack@n-api-meta.service[108513]: DEBUG nova.api.openstack.wsgi_app [None req-793c7b45-3919-4b13-81a0-df1cd0dbb5d8 None None] instance_build_timeout = 0 {{(pid=108513) log_opt_values /opt/stack/data/venv/lib/python3.12/site-packages/oslo_config/cfg.py:2817}}
Feb 17 20:39:06.716566 np0000156154 devstack@n-api-meta.service[108510]: WARNING nova.api.metadata.handler [None req-1578923c-aca3-4123-a9f0-cbdb777783ee None None] metadata_proxy_shared_secret is not configured, the metadata information returned by the proxy cannot be trusted
Feb 17 20:39:06.716649 np0000156154 devstack@n-api-meta.service[108513]: DEBUG nova.api.openstack.wsgi_app [None req-793c7b45-3919-4b13-81a0-df1cd0dbb5d8 None None] instance_delete_interval = 300 {{(pid=108513) log_opt_values /opt/stack/data/venv/lib/python3.12/site-packages/oslo_config/cfg.py:2817}}
Feb 17 20:39:06.716789 np0000156154 devstack@n-api-meta.service[108513]: DEBUG nova.api.openstack.wsgi_app [None req-793c7b45-3919-4b13-81a0-df1cd0dbb5d8 None None] instance_format = [instance: %(uuid)s] {{(pid=108513) log_opt_values /opt/stack/data/venv/lib/python3.12/site-packages/oslo_config/cfg.py:2817}}
Feb 17 20:39:06.716985 np0000156154 devstack@n-api-meta.service[108513]: DEBUG nova.api.openstack.wsgi_app [None req-793c7b45-3919-4b13-81a0-df1cd0dbb5d8 None None] instance_name_template = instance-%08x {{(pid=108513) log_opt_values /opt/stack/data/venv/lib/python3.12/site-packages/oslo_config/cfg.py:2817}}
Feb 17 20:39:06.717163 np0000156154 devstack@n-api-meta.service[108513]: DEBUG nova.api.openstack.wsgi_app [None req-793c7b45-3919-4b13-81a0-df1cd0dbb5d8 None None] instance_usage_audit = False {{(pid=108513) log_opt_values /opt/stack/data/venv/lib/python3.12/site-packages/oslo_config/cfg.py:2817}}
Feb 17 20:39:06.717347 np0000156154 devstack@n-api-meta.service[108513]: DEBUG nova.api.openstack.wsgi_app [None req-793c7b45-3919-4b13-81a0-df1cd0dbb5d8 None None] instance_usage_audit_period = month {{(pid=108513) log_opt_values /opt/stack/data/venv/lib/python3.12/site-packages/oslo_config/cfg.py:2817}}
Feb 17 20:39:06.717535 np0000156154 devstack@n-api-meta.service[108513]: DEBUG nova.api.openstack.wsgi_app [None req-793c7b45-3919-4b13-81a0-df1cd0dbb5d8 None None] instance_uuid_format = [instance: %(uuid)s] {{(pid=108513) log_opt_values /opt/stack/data/venv/lib/python3.12/site-packages/oslo_config/cfg.py:2817}}
Feb 17 20:39:06.717748 np0000156154 devstack@n-api-meta.service[108513]: DEBUG nova.api.openstack.wsgi_app [None req-793c7b45-3919-4b13-81a0-df1cd0dbb5d8 None None] instances_path = /opt/stack/data/nova/instances {{(pid=108513) log_opt_values /opt/stack/data/venv/lib/python3.12/site-packages/oslo_config/cfg.py:2817}}
Feb 17 20:39:06.718060 np0000156154 devstack@n-api-meta.service[108513]: DEBUG nova.api.openstack.wsgi_app [None req-793c7b45-3919-4b13-81a0-df1cd0dbb5d8 None None] internal_service_availability_zone = internal {{(pid=108513) log_opt_values /opt/stack/data/venv/lib/python3.12/site-packages/oslo_config/cfg.py:2817}}
Feb 17 20:39:06.718214 np0000156154 devstack@n-api-meta.service[108513]: DEBUG nova.api.openstack.wsgi_app [None req-793c7b45-3919-4b13-81a0-df1cd0dbb5d8 None None] key = None {{(pid=108513) log_opt_values /opt/stack/data/venv/lib/python3.12/site-packages/oslo_config/cfg.py:2817}}
Feb 17 20:39:06.718351 np0000156154 devstack@n-api-meta.service[108513]: DEBUG nova.api.openstack.wsgi_app [None req-793c7b45-3919-4b13-81a0-df1cd0dbb5d8 None None] live_migration_retry_count = 30 {{(pid=108513) log_opt_values /opt/stack/data/venv/lib/python3.12/site-packages/oslo_config/cfg.py:2817}}
Feb 17 20:39:06.718492 np0000156154 devstack@n-api-meta.service[108513]: DEBUG nova.api.openstack.wsgi_app [None req-793c7b45-3919-4b13-81a0-df1cd0dbb5d8 None None] log_color = False {{(pid=108513) log_opt_values /opt/stack/data/venv/lib/python3.12/site-packages/oslo_config/cfg.py:2817}}
Feb 17 20:39:06.718630 np0000156154 devstack@n-api-meta.service[108513]: DEBUG nova.api.openstack.wsgi_app [None req-793c7b45-3919-4b13-81a0-df1cd0dbb5d8 None None] log_config_append = None {{(pid=108513) log_opt_values /opt/stack/data/venv/lib/python3.12/site-packages/oslo_config/cfg.py:2817}}
Feb 17 20:39:06.718759 np0000156154 devstack@n-api-meta.service[108510]: DEBUG nova.api.openstack.wsgi_app [None req-1578923c-aca3-4123-a9f0-cbdb777783ee None None] ******************************************************************************** {{(pid=108510) log_opt_values /opt/stack/data/venv/lib/python3.12/site-packages/oslo_config/cfg.py:2804}}
Feb 17 20:39:06.718811 np0000156154 devstack@n-api-meta.service[108513]: DEBUG nova.api.openstack.wsgi_app [None req-793c7b45-3919-4b13-81a0-df1cd0dbb5d8 None None] log_date_format = %Y-%m-%d %H:%M:%S {{(pid=108513) log_opt_values /opt/stack/data/venv/lib/python3.12/site-packages/oslo_config/cfg.py:2817}}
