Feb 17 20:38:09.428297 np0000156154 neutron-periodic-workers[105036]: DEBUG cotyledon.oslo_config_glue [-] AGENT.root_helper_daemon = sudo /opt/stack/data/venv/bin/neutron-rootwrap-daemon /etc/neutron/rootwrap.conf {{(pid=105036) log_opt_values /opt/stack/data/venv/lib/python3.12/site-packages/oslo_config/cfg.py:2824}}
Feb 17 20:38:09.428334 np0000156154 neutron-periodic-workers[105036]: DEBUG cotyledon.oslo_config_glue [-] AGENT.use_helper_for_ns_read = True {{(pid=105036) log_opt_values /opt/stack/data/venv/lib/python3.12/site-packages/oslo_config/cfg.py:2824}}
Feb 17 20:38:09.428420 np0000156154 neutron-periodic-workers[105036]: DEBUG cotyledon.oslo_config_glue [-] SECURITYGROUP.enable_ipset = True {{(pid=105036) log_opt_values /opt/stack/data/venv/lib/python3.12/site-packages/oslo_config/cfg.py:2824}}
Feb 17 20:38:09.428420 np0000156154 neutron-periodic-workers[105036]: DEBUG cotyledon.oslo_config_glue [-] SECURITYGROUP.enable_security_group = True {{(pid=105036) log_opt_values /opt/stack/data/venv/lib/python3.12/site-packages/oslo_config/cfg.py:2824}}
Feb 17 20:38:09.428526 np0000156154 neutron-periodic-workers[105036]: DEBUG cotyledon.oslo_config_glue [-] SECURITYGROUP.firewall_driver = None {{(pid=105036) log_opt_values /opt/stack/data/venv/lib/python3.12/site-packages/oslo_config/cfg.py:2824}}
Feb 17 20:38:09.428526 np0000156154 neutron-periodic-workers[105036]: DEBUG cotyledon.oslo_config_glue [-] SECURITYGROUP.permitted_ethertypes = [] {{(pid=105036) log_opt_values /opt/stack/data/venv/lib/python3.12/site-packages/oslo_config/cfg.py:2824}}
Feb 17 20:38:09.428594 np0000156154 neutron-periodic-workers[105036]: DEBUG cotyledon.oslo_config_glue [-] experimental.ipv6_pd_enabled = False {{(pid=105036) log_opt_values /opt/stack/data/venv/lib/python3.12/site-packages/oslo_config/cfg.py:2824}}
Feb 17 20:38:09.428656 np0000156154 neutron-periodic-workers[105036]: DEBUG cotyledon.oslo_config_glue [-] ml2.extension_drivers = ['port_security', 'qos'] {{(pid=105036) log_opt_values /opt/stack/data/venv/lib/python3.12/site-packages/oslo_config/cfg.py:2824}}
Feb 17 20:38:09.428701 np0000156154 neutron-periodic-workers[105036]: DEBUG cotyledon.oslo_config_glue [-] ml2.external_network_type = None {{(pid=105036) log_opt_values /opt/stack/data/venv/lib/python3.12/site-packages/oslo_config/cfg.py:2824}}
Feb 17 20:38:09.428734 np0000156154 neutron-periodic-workers[105036]: DEBUG cotyledon.oslo_config_glue [-] ml2.mechanism_drivers = ['ovn'] {{(pid=105036) log_opt_values /opt/stack/data/venv/lib/python3.12/site-packages/oslo_config/cfg.py:2824}}
Feb 17 20:38:09.428768 np0000156154 neutron-periodic-workers[105036]: DEBUG cotyledon.oslo_config_glue [-] ml2.overlay_ip_version = 4 {{(pid=105036) log_opt_values /opt/stack/data/venv/lib/python3.12/site-packages/oslo_config/cfg.py:2824}}
Feb 17 20:38:09.428825 np0000156154 neutron-periodic-workers[105036]: DEBUG cotyledon.oslo_config_glue [-] ml2.path_mtu = 0 {{(pid=105036) log_opt_values /opt/stack/data/venv/lib/python3.12/site-packages/oslo_config/cfg.py:2824}}
Feb 17 20:38:09.428862 np0000156154 neutron-periodic-workers[105036]: DEBUG cotyledon.oslo_config_glue [-] ml2.physical_network_mtus = {} {{(pid=105036) log_opt_values /opt/stack/data/venv/lib/python3.12/site-packages/oslo_config/cfg.py:2824}}
Feb 17 20:38:09.428899 np0000156154 neutron-periodic-workers[105036]: DEBUG cotyledon.oslo_config_glue [-] ml2.tenant_network_types = ['geneve'] {{(pid=105036) log_opt_values /opt/stack/data/venv/lib/python3.12/site-packages/oslo_config/cfg.py:2824}}
Feb 17 20:38:09.428937 np0000156154 neutron-periodic-workers[105036]: DEBUG cotyledon.oslo_config_glue [-] ml2.tunnelled_network_rp_name = rp_tunnelled {{(pid=105036) log_opt_values /opt/stack/data/venv/lib/python3.12/site-packages/oslo_config/cfg.py:2824}}
Feb 17 20:38:09.428974 np0000156154 neutron-periodic-workers[105036]: DEBUG cotyledon.oslo_config_glue [-] ml2.type_drivers = ['local', 'flat', 'vlan', 'geneve'] {{(pid=105036) log_opt_values /opt/stack/data/venv/lib/python3.12/site-packages/oslo_config/cfg.py:2824}}
Feb 17 20:38:09.429049 np0000156154 neutron-periodic-workers[105036]: DEBUG cotyledon.oslo_config_glue [-] ml2_type_flat.flat_networks = ['public'] {{(pid=105036) log_opt_values /opt/stack/data/venv/lib/python3.12/site-packages/oslo_config/cfg.py:2824}}
Feb 17 20:38:09.429127 np0000156154 neutron-periodic-workers[105036]: DEBUG cotyledon.oslo_config_glue [-] ml2_type_geneve.max_header_size = 38 {{(pid=105036) log_opt_values /opt/stack/data/venv/lib/python3.12/site-packages/oslo_config/cfg.py:2824}}
Feb 17 20:38:09.429182 np0000156154 neutron-periodic-workers[105036]: DEBUG cotyledon.oslo_config_glue [-] ml2_type_geneve.vni_ranges = ['1:65536'] {{(pid=105036) log_opt_values /opt/stack/data/venv/lib/python3.12/site-packages/oslo_config/cfg.py:2824}}
Feb 17 20:38:09.429238 np0000156154 neutron-periodic-workers[105036]: DEBUG cotyledon.oslo_config_glue [-] ml2_type_vlan.network_vlan_ranges = ['public'] {{(pid=105036) log_opt_values /opt/stack/data/venv/lib/python3.12/site-packages/oslo_config/cfg.py:2824}}
Feb 17 20:38:09.429308 np0000156154 neutron-periodic-workers[105036]: DEBUG cotyledon.oslo_config_glue [-] network_log.burst_limit = 25 {{(pid=105036) log_opt_values /opt/stack/data/venv/lib/python3.12/site-packages/oslo_config/cfg.py:2824}}
Feb 17 20:38:09.429355 np0000156154 neutron-periodic-workers[105036]: DEBUG cotyledon.oslo_config_glue [-] network_log.local_output_log_base = None {{(pid=105036) log_opt_values /opt/stack/data/venv/lib/python3.12/site-packages/oslo_config/cfg.py:2824}}
Feb 17 20:38:09.429395 np0000156154 neutron-periodic-workers[105036]: DEBUG cotyledon.oslo_config_glue [-] network_log.rate_limit = 100 {{(pid=105036) log_opt_values /opt/stack/data/venv/lib/python3.12/site-packages/oslo_config/cfg.py:2824}}
Feb 17 20:38:09.429464 np0000156154 neutron-periodic-workers[105036]: DEBUG cotyledon.oslo_config_glue [-] database.asyncio_connection = **** {{(pid=105036) log_opt_values /opt/stack/data/venv/lib/python3.12/site-packages/oslo_config/cfg.py:2824}}
Feb 17 20:38:09.429503 np0000156154 neutron-periodic-workers[105036]: DEBUG cotyledon.oslo_config_glue [-] database.asyncio_slave_connection = **** {{(pid=105036) log_opt_values /opt/stack/data/venv/lib/python3.12/site-packages/oslo_config/cfg.py:2824}}
Feb 17 20:38:09.429551 np0000156154 neutron-periodic-workers[105036]: DEBUG cotyledon.oslo_config_glue [-] database.backend = sqlalchemy {{(pid=105036) log_opt_values /opt/stack/data/venv/lib/python3.12/site-packages/oslo_config/cfg.py:2824}}
Feb 17 20:38:09.429617 np0000156154 neutron-periodic-workers[105036]: DEBUG cotyledon.oslo_config_glue [-] database.connection = **** {{(pid=105036) log_opt_values /opt/stack/data/venv/lib/python3.12/site-packages/oslo_config/cfg.py:2824}}
Feb 17 20:38:09.429644 np0000156154 neutron-periodic-workers[105036]: DEBUG cotyledon.oslo_config_glue [-] database.connection_debug = 0 {{(pid=105036) log_opt_values /opt/stack/data/venv/lib/python3.12/site-packages/oslo_config/cfg.py:2824}}
Feb 17 20:38:09.429671 np0000156154 neutron-periodic-workers[105036]: DEBUG cotyledon.oslo_config_glue [-] database.connection_parameters = {{(pid=105036) log_opt_values /opt/stack/data/venv/lib/python3.12/site-packages/oslo_config/cfg.py:2824}}
Feb 17 20:38:09.429727 np0000156154 neutron-periodic-workers[105036]: DEBUG cotyledon.oslo_config_glue [-] database.connection_recycle_time = 3600 {{(pid=105036) log_opt_values /opt/stack/data/venv/lib/python3.12/site-packages/oslo_config/cfg.py:2824}}
Feb 17 20:38:09.429768 np0000156154 neutron-periodic-workers[105036]: DEBUG cotyledon.oslo_config_glue [-] database.connection_trace = False {{(pid=105036) log_opt_values /opt/stack/data/venv/lib/python3.12/site-packages/oslo_config/cfg.py:2824}}
Feb 17 20:38:09.429814 np0000156154 neutron-periodic-workers[105036]: DEBUG cotyledon.oslo_config_glue [-] database.db_inc_retry_interval = True {{(pid=105036) log_opt_values /opt/stack/data/venv/lib/python3.12/site-packages/oslo_config/cfg.py:2824}}
Feb 17 20:38:09.429843 np0000156154 neutron-periodic-workers[105036]: DEBUG cotyledon.oslo_config_glue [-] database.db_max_retries = 20 {{(pid=105036) log_opt_values /opt/stack/data/venv/lib/python3.12/site-packages/oslo_config/cfg.py:2824}}
Feb 17 20:38:09.429883 np0000156154 neutron-periodic-workers[105036]: DEBUG cotyledon.oslo_config_glue [-] database.db_max_retry_interval = 10 {{(pid=105036) log_opt_values /opt/stack/data/venv/lib/python3.12/site-packages/oslo_config/cfg.py:2824}}
Feb 17 20:38:09.429920 np0000156154 neutron-periodic-workers[105036]: DEBUG cotyledon.oslo_config_glue [-] database.db_retry_interval = 1 {{(pid=105036) log_opt_values /opt/stack/data/venv/lib/python3.12/site-packages/oslo_config/cfg.py:2824}}
Feb 17 20:38:09.429954 np0000156154 neutron-periodic-workers[105036]: DEBUG cotyledon.oslo_config_glue [-] database.max_overflow = 50 {{(pid=105036) log_opt_values /opt/stack/data/venv/lib/python3.12/site-packages/oslo_config/cfg.py:2824}}
Feb 17 20:38:09.429999 np0000156154 neutron-periodic-workers[105036]: DEBUG cotyledon.oslo_config_glue [-] database.max_pool_size = 5 {{(pid=105036) log_opt_values /opt/stack/data/venv/lib/python3.12/site-packages/oslo_config/cfg.py:2824}}
Feb 17 20:38:09.430070 np0000156154 neutron-periodic-workers[105036]: DEBUG cotyledon.oslo_config_glue [-] database.max_retries = 10 {{(pid=105036) log_opt_values /opt/stack/data/venv/lib/python3.12/site-packages/oslo_config/cfg.py:2824}}
Feb 17 20:38:09.430183 np0000156154 neutron-periodic-workers[105036]: DEBUG cotyledon.oslo_config_glue [-] database.mysql_sql_mode = TRADITIONAL {{(pid=105036) log_opt_values /opt/stack/data/venv/lib/python3.12/site-packages/oslo_config/cfg.py:2824}}
Feb 17 20:38:09.430307 np0000156154 neutron-periodic-workers[105036]: DEBUG cotyledon.oslo_config_glue [-] database.mysql_wsrep_sync_wait = None {{(pid=105036) log_opt_values /opt/stack/data/venv/lib/python3.12/site-packages/oslo_config/cfg.py:2824}}
Feb 17 20:38:09.430307 np0000156154 neutron-periodic-workers[105036]: DEBUG cotyledon.oslo_config_glue [-] database.pool_timeout = None {{(pid=105036) log_opt_values /opt/stack/data/venv/lib/python3.12/site-packages/oslo_config/cfg.py:2824}}
Feb 17 20:38:09.430307 np0000156154 neutron-periodic-workers[105036]: DEBUG cotyledon.oslo_config_glue [-] database.retry_interval = 10 {{(pid=105036) log_opt_values /opt/stack/data/venv/lib/python3.12/site-packages/oslo_config/cfg.py:2824}}
Feb 17 20:38:09.430423 np0000156154 neutron-periodic-workers[105036]: DEBUG cotyledon.oslo_config_glue [-] database.slave_connection = **** {{(pid=105036) log_opt_values /opt/stack/data/venv/lib/python3.12/site-packages/oslo_config/cfg.py:2824}}
Feb 17 20:38:09.430423 np0000156154 neutron-periodic-workers[105036]: DEBUG cotyledon.oslo_config_glue [-] database.sqlite_synchronous = True {{(pid=105036) log_opt_values /opt/stack/data/venv/lib/python3.12/site-packages/oslo_config/cfg.py:2824}}
Feb 17 20:38:09.430548 np0000156154 neutron-periodic-workers[105036]: DEBUG cotyledon.oslo_config_glue [-] database.synchronous_reader = True {{(pid=105036) log_opt_values /opt/stack/data/venv/lib/python3.12/site-packages/oslo_config/cfg.py:2824}}
Feb 17 20:38:09.430548 np0000156154 neutron-periodic-workers[105036]: DEBUG cotyledon.oslo_config_glue [-] database.use_db_reconnect = False {{(pid=105036) log_opt_values /opt/stack/data/venv/lib/python3.12/site-packages/oslo_config/cfg.py:2824}}
Feb 17 20:38:09.430671 np0000156154 neutron-periodic-workers[105036]: DEBUG cotyledon.oslo_config_glue [-] ovn.broadcast_arps_to_all_routers = True {{(pid=105036) log_opt_values /opt/stack/data/venv/lib/python3.12/site-packages/oslo_config/cfg.py:2824}}
Feb 17 20:38:09.430671 np0000156154 neutron-periodic-workers[105036]: DEBUG cotyledon.oslo_config_glue [-] ovn.dhcp_default_lease_time = 43200 {{(pid=105036) log_opt_values /opt/stack/data/venv/lib/python3.12/site-packages/oslo_config/cfg.py:2824}}
Feb 17 20:38:09.430752 np0000156154 neutron-periodic-workers[105036]: DEBUG cotyledon.oslo_config_glue [-] ovn.disable_ovn_dhcp_for_baremetal_ports = False {{(pid=105036) log_opt_values /opt/stack/data/venv/lib/python3.12/site-packages/oslo_config/cfg.py:2824}}
Feb 17 20:38:09.430752 np0000156154 neutron-periodic-workers[105036]: DEBUG cotyledon.oslo_config_glue [-] ovn.dns_records_ovn_owned = False {{(pid=105036) log_opt_values /opt/stack/data/venv/lib/python3.12/site-packages/oslo_config/cfg.py:2824}}
Feb 17 20:38:09.430807 np0000156154 neutron-periodic-workers[105036]: DEBUG cotyledon.oslo_config_glue [-] ovn.dns_servers = [] {{(pid=105036) log_opt_values /opt/stack/data/venv/lib/python3.12/site-packages/oslo_config/cfg.py:2824}}
Feb 17 20:38:09.430838 np0000156154 neutron-periodic-workers[105036]: DEBUG cotyledon.oslo_config_glue [-] ovn.enable_distributed_floating_ip = False {{(pid=105036) log_opt_values /opt/stack/data/venv/lib/python3.12/site-packages/oslo_config/cfg.py:2824}}
Feb 17 20:38:09.430901 np0000156154 neutron-periodic-workers[105036]: DEBUG cotyledon.oslo_config_glue [-] ovn.fdb_age_threshold = 0 {{(pid=105036) log_opt_values /opt/stack/data/venv/lib/python3.12/site-packages/oslo_config/cfg.py:2824}}
Feb 17 20:38:09.430901 np0000156154 neutron-periodic-workers[105036]: DEBUG cotyledon.oslo_config_glue [-] ovn.live_migration_activation_strategy = rarp {{(pid=105036) log_opt_values /opt/stack/data/venv/lib/python3.12/site-packages/oslo_config/cfg.py:2824}}
Feb 17 20:38:09.430956 np0000156154 neutron-periodic-workers[105036]: DEBUG cotyledon.oslo_config_glue [-] ovn.localnet_learn_fdb = False {{(pid=105036) log_opt_values /opt/stack/data/venv/lib/python3.12/site-packages/oslo_config/cfg.py:2824}}
Feb 17 20:38:09.430987 np0000156154 neutron-periodic-workers[105036]: DEBUG cotyledon.oslo_config_glue [-] ovn.mac_binding_age_threshold = 0 {{(pid=105036) log_opt_values /opt/stack/data/venv/lib/python3.12/site-packages/oslo_config/cfg.py:2824}}
Feb 17 20:38:09.431014 np0000156154 neutron-periodic-workers[105036]: DEBUG cotyledon.oslo_config_glue [-] ovn.neutron_sync_mode = log {{(pid=105036) log_opt_values /opt/stack/data/venv/lib/python3.12/site-packages/oslo_config/cfg.py:2824}}
Feb 17 20:38:09.431097 np0000156154 neutron-periodic-workers[105036]: DEBUG cotyledon.oslo_config_glue [-] ovn.ovn_dhcp4_global_options = {} {{(pid=105036) log_opt_values /opt/stack/data/venv/lib/python3.12/site-packages/oslo_config/cfg.py:2824}}
Feb 17 20:38:09.431141 np0000156154 neutron-periodic-workers[105036]: DEBUG cotyledon.oslo_config_glue [-] ovn.ovn_dhcp6_global_options = {} {{(pid=105036) log_opt_values /opt/stack/data/venv/lib/python3.12/site-packages/oslo_config/cfg.py:2824}}
Feb 17 20:38:09.431252 np0000156154 neutron-periodic-workers[105036]: DEBUG cotyledon.oslo_config_glue [-] ovn.ovn_l3_scheduler = leastloaded {{(pid=105036) log_opt_values /opt/stack/data/venv/lib/python3.12/site-packages/oslo_config/cfg.py:2824}}
Feb 17 20:38:09.431252 np0000156154 neutron-periodic-workers[105036]: DEBUG cotyledon.oslo_config_glue [-] ovn.ovn_metadata_enabled = True {{(pid=105036) log_opt_values /opt/stack/data/venv/lib/python3.12/site-packages/oslo_config/cfg.py:2824}}
Feb 17 20:38:09.431306 np0000156154 neutron-periodic-workers[105036]: DEBUG cotyledon.oslo_config_glue [-] ovn.ovn_nb_ca_cert = /opt/stack/data/CA/int-ca/ca-chain.pem {{(pid=105036) log_opt_values /opt/stack/data/venv/lib/python3.12/site-packages/oslo_config/cfg.py:2824}}
Feb 17 20:38:09.431334 np0000156154 neutron-periodic-workers[105036]: DEBUG cotyledon.oslo_config_glue [-] ovn.ovn_nb_certificate = /opt/stack/data/CA/int-ca/devstack-cert.crt {{(pid=105036) log_opt_values /opt/stack/data/venv/lib/python3.12/site-packages/oslo_config/cfg.py:2824}}
Feb 17 20:38:09.431388 np0000156154 neutron-periodic-workers[105036]: DEBUG cotyledon.oslo_config_glue [-] ovn.ovn_nb_connection = ['ssl:199.204.45.227:6641'] {{(pid=105036) log_opt_values /opt/stack/data/venv/lib/python3.12/site-packages/oslo_config/cfg.py:2824}}
Feb 17 20:38:09.431430 np0000156154 neutron-periodic-workers[105036]: DEBUG cotyledon.oslo_config_glue [-] ovn.ovn_nb_private_key = /opt/stack/data/CA/int-ca/private/devstack-cert.key {{(pid=105036) log_opt_values /opt/stack/data/venv/lib/python3.12/site-packages/oslo_config/cfg.py:2824}}
Feb 17 20:38:09.431487 np0000156154 neutron-periodic-workers[105036]: DEBUG cotyledon.oslo_config_glue [-] ovn.ovn_router_indirect_snat = False {{(pid=105036) log_opt_values /opt/stack/data/venv/lib/python3.12/site-packages/oslo_config/cfg.py:2824}}
Feb 17 20:38:09.431515 np0000156154 neutron-periodic-workers[105036]: DEBUG cotyledon.oslo_config_glue [-] ovn.ovn_sb_ca_cert = /opt/stack/data/CA/int-ca/ca-chain.pem {{(pid=105036) log_opt_values /opt/stack/data/venv/lib/python3.12/site-packages/oslo_config/cfg.py:2824}}
Feb 17 20:38:09.431558 np0000156154 neutron-periodic-workers[105036]: DEBUG cotyledon.oslo_config_glue [-] ovn.ovn_sb_certificate = /opt/stack/data/CA/int-ca/devstack-cert.crt {{(pid=105036) log_opt_values /opt/stack/data/venv/lib/python3.12/site-packages/oslo_config/cfg.py:2824}}
Feb 17 20:38:09.431597 np0000156154 neutron-periodic-workers[105036]: DEBUG cotyledon.oslo_config_glue [-] ovn.ovn_sb_connection = ['ssl:199.204.45.227:6642'] {{(pid=105036) log_opt_values /opt/stack/data/venv/lib/python3.12/site-packages/oslo_config/cfg.py:2824}}
Feb 17 20:38:09.431632 np0000156154 neutron-periodic-workers[105036]: DEBUG cotyledon.oslo_config_glue [-] ovn.ovn_sb_private_key = /opt/stack/data/CA/int-ca/private/devstack-cert.key {{(pid=105036) log_opt_values /opt/stack/data/venv/lib/python3.12/site-packages/oslo_config/cfg.py:2824}}
Feb 17 20:38:09.431671 np0000156154 neutron-periodic-workers[105036]: DEBUG cotyledon.oslo_config_glue [-] ovn.ovs_create_tap = False {{(pid=105036) log_opt_values /opt/stack/data/venv/lib/python3.12/site-packages/oslo_config/cfg.py:2824}}
Feb 17 20:38:09.431708 np0000156154 neutron-periodic-workers[105036]: DEBUG cotyledon.oslo_config_glue [-] ovn.ovsdb_connection_timeout = 180 {{(pid=105036) log_opt_values /opt/stack/data/venv/lib/python3.12/site-packages/oslo_config/cfg.py:2824}}
Feb 17 20:38:09.431744 np0000156154 neutron-periodic-workers[105036]: DEBUG cotyledon.oslo_config_glue [-] ovn.ovsdb_log_level = INFO {{(pid=105036) log_opt_values /opt/stack/data/venv/lib/python3.12/site-packages/oslo_config/cfg.py:2824}}
Feb 17 20:38:09.431784 np0000156154 neutron-periodic-workers[105036]: DEBUG cotyledon.oslo_config_glue [-] ovn.ovsdb_probe_interval = 60000 {{(pid=105036) log_opt_values /opt/stack/data/venv/lib/python3.12/site-packages/oslo_config/cfg.py:2824}}
Feb 17 20:38:09.431822 np0000156154 neutron-periodic-workers[105036]: DEBUG cotyledon.oslo_config_glue [-] ovn.ovsdb_retry_max_interval = 180 {{(pid=105036) log_opt_values /opt/stack/data/venv/lib/python3.12/site-packages/oslo_config/cfg.py:2824}}
Feb 17 20:38:09.431858 np0000156154 neutron-periodic-workers[105036]: DEBUG cotyledon.oslo_config_glue [-] ovn.stateless_nat_enabled = False {{(pid=105036) log_opt_values /opt/stack/data/venv/lib/python3.12/site-packages/oslo_config/cfg.py:2824}}
Feb 17 20:38:09.431939 np0000156154 neutron-periodic-workers[105036]: DEBUG cotyledon.oslo_config_glue [-] ovn.vhost_sock_dir = /var/run/openvswitch {{(pid=105036) log_opt_values /opt/stack/data/venv/lib/python3.12/site-packages/oslo_config/cfg.py:2824}}
Feb 17 20:38:09.431975 np0000156154 neutron-periodic-workers[105036]: DEBUG cotyledon.oslo_config_glue [-] OVS.bridge_mac_table_size = 50000 {{(pid=105036) log_opt_values /opt/stack/data/venv/lib/python3.12/site-packages/oslo_config/cfg.py:2824}}
Feb 17 20:38:09.432013 np0000156154 neutron-periodic-workers[105036]: DEBUG cotyledon.oslo_config_glue [-] OVS.igmp_flood = False {{(pid=105036) log_opt_values /opt/stack/data/venv/lib/python3.12/site-packages/oslo_config/cfg.py:2824}}
Feb 17 20:38:09.432076 np0000156154 neutron-periodic-workers[105036]: DEBUG cotyledon.oslo_config_glue [-] OVS.igmp_flood_reports = True {{(pid=105036) log_opt_values /opt/stack/data/venv/lib/python3.12/site-packages/oslo_config/cfg.py:2824}}
Feb 17 20:38:09.432130 np0000156154 neutron-periodic-workers[105036]: DEBUG cotyledon.oslo_config_glue [-] OVS.igmp_flood_unregistered = False {{(pid=105036) log_opt_values /opt/stack/data/venv/lib/python3.12/site-packages/oslo_config/cfg.py:2824}}
Feb 17 20:38:09.432167 np0000156154 neutron-periodic-workers[105036]: DEBUG cotyledon.oslo_config_glue [-] OVS.igmp_snooping_enable = False {{(pid=105036) log_opt_values /opt/stack/data/venv/lib/python3.12/site-packages/oslo_config/cfg.py:2824}}
Feb 17 20:38:09.432199 np0000156154 neutron-periodic-workers[105036]: DEBUG cotyledon.oslo_config_glue [-] OVS.ovsdb_timeout = 10 {{(pid=105036) log_opt_values /opt/stack/data/venv/lib/python3.12/site-packages/oslo_config/cfg.py:2824}}
Feb 17 20:38:09.432294 np0000156154 neutron-periodic-workers[105036]: DEBUG cotyledon.oslo_config_glue [-] ovn_nb_global.fdb_removal_limit = 0 {{(pid=105036) log_opt_values /opt/stack/data/venv/lib/python3.12/site-packages/oslo_config/cfg.py:2824}}
Feb 17 20:38:09.432345 np0000156154 neutron-periodic-workers[105036]: DEBUG cotyledon.oslo_config_glue [-] ovn_nb_global.ignore_lsp_down = False {{(pid=105036) log_opt_values /opt/stack/data/venv/lib/python3.12/site-packages/oslo_config/cfg.py:2824}}
Feb 17 20:38:09.432414 np0000156154 neutron-periodic-workers[105036]: DEBUG cotyledon.oslo_config_glue [-] ovn_nb_global.mac_binding_removal_limit = 0 {{(pid=105036) log_opt_values /opt/stack/data/venv/lib/python3.12/site-packages/oslo_config/cfg.py:2824}}
Feb 17 20:38:09.432414 np0000156154 neutron-periodic-workers[105036]: DEBUG cotyledon.oslo_config_glue [-] ******************************************************************************** {{(pid=105036) log_opt_values /opt/stack/data/venv/lib/python3.12/site-packages/oslo_config/cfg.py:2828}}
Feb 17 20:38:09.432620 np0000156154 neutron-periodic-workers[105036]: DEBUG cotyledon._service_worker [-] Run service ServiceWrapper(0) [105036] {{(pid=105036) wait_forever /opt/stack/data/venv/lib/python3.12/site-packages/cotyledon/_service_worker.py:218}}
Feb 17 20:38:18.992982 np0000156154 neutron-periodic-workers[104356]: DEBUG dbcounter [-] [104356] Writing DB stats neutron:SELECT=9,neutron:INSERT=2 {{(pid=104356) stat_writer /opt/stack/data/venv/lib/python3.12/site-packages/dbcounter.py:115}}
Feb 17 20:39:15.400873 np0000156154 neutron-periodic-workers[105012]: DEBUG oslo_db.sqlalchemy.engines [None req-ccfb93e5-a4a3-4063-9c88-940b399c4bfb None None] Parent process 104356 forked (105012) with an open database connection, which is being discarded and recreated. {{(pid=105012) checkout /opt/stack/data/venv/lib/python3.12/site-packages/oslo_db/sqlalchemy/engines.py:402}}
Feb 17 20:39:15.418653 np0000156154 neutron-periodic-workers[105012]: DEBUG dbcounter [-] [105012] Writer thread running {{(pid=105012) stat_writer /opt/stack/data/venv/lib/python3.12/site-packages/dbcounter.py:102}}
Feb 17 20:39:15.423752 np0000156154 neutron-periodic-workers[105012]: DEBUG neutron.db.agents_db [None req-ccfb93e5-a4a3-4063-9c88-940b399c4bfb None None] Agent healthcheck: found 0 active agents {{(pid=105012) agent_health_check /opt/stack/neutron/neutron/db/agents_db.py:317}}
Feb 17 20:39:15.423982 np0000156154 neutron-periodic-workers[105012]: DEBUG oslo.service.backend._threading.loopingcall [None req-ccfb93e5-a4a3-4063-9c88-940b399c4bfb None None] Fixed interval looping call 'neutron.plugins.ml2.plugin.AgentDbMixin.agent_health_check' sleeping for 36.97 seconds {{(pid=105012) _run_loop /opt/stack/data/venv/lib/python3.12/site-packages/oslo_service/backend/_threading/loopingcall.py:125}}
Feb 17 20:39:22.390599 np0000156154 neutron-periodic-workers[105000]: DEBUG dbcounter [-] [105000] Writer thread running {{(pid=105000) stat_writer /opt/stack/data/venv/lib/python3.12/site-packages/dbcounter.py:102}}
Feb 17 20:39:22.400812 np0000156154 neutron-periodic-workers[105000]: DEBUG oslo.service.backend._threading.loopingcall [None req-688f3e29-14bd-459a-80e2-8c984f32b56d None None] Fixed interval looping call 'neutron.plugins.ml2.plugin.DhcpAgentSchedulerDbMixin.remove_networks_from_down_agents' sleeping for 36.97 seconds {{(pid=105000) _run_loop /opt/stack/data/venv/lib/python3.12/site-packages/oslo_service/backend/_threading/loopingcall.py:125}}
Feb 17 20:39:25.423861 np0000156154 neutron-periodic-workers[105012]: DEBUG dbcounter [-] [105012] Writing DB stats neutron:SELECT=1 {{(pid=105012) stat_writer /opt/stack/data/venv/lib/python3.12/site-packages/dbcounter.py:115}}
Feb 17 20:39:32.404431 np0000156154 neutron-periodic-workers[105000]: DEBUG dbcounter [-] [105000] Writing DB stats neutron:SELECT=3 {{(pid=105000) stat_writer /opt/stack/data/venv/lib/python3.12/site-packages/dbcounter.py:115}}
Feb 17 20:39:33.483953 np0000156154 neutron-periodic-workers[105036]: DEBUG dbcounter [-] [105036] Writer thread running {{(pid=105036) stat_writer /opt/stack/data/venv/lib/python3.12/site-packages/dbcounter.py:102}}
Feb 17 20:39:33.501407 np0000156154 neutron-periodic-workers[105036]: DEBUG oslo.service.backend._threading.loopingcall [None req-cfe41a36-4e73-48c9-9e6c-c40893b625c1 None None] Fixed interval looping call 'neutron.services.ovn_l3.plugin.L3_NAT_dbonly_mixin._clean_garbage' sleeping for 299.93 seconds {{(pid=105036) _run_loop /opt/stack/data/venv/lib/python3.12/site-packages/oslo_service/backend/_threading/loopingcall.py:125}}
Feb 17 20:39:52.412802 np0000156154 neutron-periodic-workers[105012]: DEBUG neutron.db.agents_db [None req-ccfb93e5-a4a3-4063-9c88-940b399c4bfb None None] Agent healthcheck: found 0 active agents {{(pid=105012) agent_health_check /opt/stack/neutron/neutron/db/agents_db.py:317}}
Feb 17 20:39:52.413447 np0000156154 neutron-periodic-workers[105012]: DEBUG oslo.service.backend._threading.loopingcall [None req-ccfb93e5-a4a3-4063-9c88-940b399c4bfb None None] Fixed interval looping call 'neutron.plugins.ml2.plugin.AgentDbMixin.agent_health_check' sleeping for 36.98 seconds {{(pid=105012) _run_loop /opt/stack/data/venv/lib/python3.12/site-packages/oslo_service/backend/_threading/loopingcall.py:125}}
Feb 17 20:39:53.488254 np0000156154 neutron-periodic-workers[105036]: DEBUG dbcounter [-] [105036] Writing DB stats neutron:SELECT=1 {{(pid=105036) stat_writer /opt/stack/data/venv/lib/python3.12/site-packages/dbcounter.py:115}}
Feb 17 20:39:59.381227 np0000156154 neutron-periodic-workers[105000]: DEBUG oslo.service.backend._threading.loopingcall [None req-688f3e29-14bd-459a-80e2-8c984f32b56d None None] Fixed interval looping call 'neutron.plugins.ml2.plugin.DhcpAgentSchedulerDbMixin.remove_networks_from_down_agents' sleeping for 36.99 seconds {{(pid=105000) _run_loop /opt/stack/data/venv/lib/python3.12/site-packages/oslo_service/backend/_threading/loopingcall.py:125}}
Feb 17 20:40:02.407191 np0000156154 neutron-periodic-workers[105012]: DEBUG dbcounter [-] [105012] Writing DB stats neutron:SELECT=1 {{(pid=105012) stat_writer /opt/stack/data/venv/lib/python3.12/site-packages/dbcounter.py:115}}
Feb 17 20:40:09.379956 np0000156154 neutron-periodic-workers[105000]: DEBUG dbcounter [-] [105000] Writing DB stats neutron:SELECT=3 {{(pid=105000) stat_writer /opt/stack/data/venv/lib/python3.12/site-packages/dbcounter.py:115}}
Feb 17 20:40:09.435593 np0000156154 neutron-periodic-workers[105026]: DEBUG dbcounter [-] [105026] Writer thread running {{(pid=105026) stat_writer /opt/stack/data/venv/lib/python3.12/site-packages/dbcounter.py:102}}
Feb 17 20:40:09.437757 np0000156154 neutron-periodic-workers[105026]: DEBUG oslo.service.backend._threading.loopingcall [None req-2f7c5e74-f092-475a-b592-9955befca2f7 None None] Fixed interval looping call 'neutron.db.quota.driver_nolock.DbQuotaNoLockDriver._remove_expired_reservations' sleeping for 119.99 seconds {{(pid=105026) _run_loop /opt/stack/data/venv/lib/python3.12/site-packages/oslo_service/backend/_threading/loopingcall.py:125}}
Feb 17 20:40:19.436145 np0000156154 neutron-periodic-workers[105026]: DEBUG dbcounter [-] [105026] Writing DB stats neutron:DELETE=1 {{(pid=105026) stat_writer /opt/stack/data/venv/lib/python3.12/site-packages/dbcounter.py:115}}
Feb 17 20:40:29.399615 np0000156154 neutron-periodic-workers[105012]: DEBUG neutron.db.agents_db [None req-ccfb93e5-a4a3-4063-9c88-940b399c4bfb None None] Agent healthcheck: found 0 active agents {{(pid=105012) agent_health_check /opt/stack/neutron/neutron/db/agents_db.py:317}}
Feb 17 20:40:29.400558 np0000156154 neutron-periodic-workers[105012]: DEBUG oslo.service.backend._threading.loopingcall [None req-ccfb93e5-a4a3-4063-9c88-940b399c4bfb None None] Fixed interval looping call 'neutron.plugins.ml2.plugin.AgentDbMixin.agent_health_check' sleeping for 36.99 seconds {{(pid=105012) _run_loop /opt/stack/data/venv/lib/python3.12/site-packages/oslo_service/backend/_threading/loopingcall.py:125}}
Feb 17 20:40:36.382628 np0000156154 neutron-periodic-workers[105000]: DEBUG oslo.service.backend._threading.loopingcall [None req-688f3e29-14bd-459a-80e2-8c984f32b56d None None] Fixed interval looping call 'neutron.plugins.ml2.plugin.DhcpAgentSchedulerDbMixin.remove_networks_from_down_agents' sleeping for 36.99 seconds {{(pid=105000) _run_loop /opt/stack/data/venv/lib/python3.12/site-packages/oslo_service/backend/_threading/loopingcall.py:125}}
Feb 17 20:40:39.397583 np0000156154 neutron-periodic-workers[105012]: DEBUG dbcounter [-] [105012] Writing DB stats neutron:SELECT=1 {{(pid=105012) stat_writer /opt/stack/data/venv/lib/python3.12/site-packages/dbcounter.py:115}}
Feb 17 20:40:46.381420 np0000156154 neutron-periodic-workers[105000]: DEBUG dbcounter [-] [105000] Writing DB stats neutron:SELECT=3 {{(pid=105000) stat_writer /opt/stack/data/venv/lib/python3.12/site-packages/dbcounter.py:115}}
Feb 17 20:41:06.400727 np0000156154 neutron-periodic-workers[105012]: DEBUG neutron.db.agents_db [None req-ccfb93e5-a4a3-4063-9c88-940b399c4bfb None None] Agent healthcheck: found 0 active agents {{(pid=105012) agent_health_check /opt/stack/neutron/neutron/db/agents_db.py:317}}
Feb 17 20:41:06.401665 np0000156154 neutron-periodic-workers[105012]: DEBUG oslo.service.backend._threading.loopingcall [None req-ccfb93e5-a4a3-4063-9c88-940b399c4bfb None None] Fixed interval looping call 'neutron.plugins.ml2.plugin.AgentDbMixin.agent_health_check' sleeping for 36.99 seconds {{(pid=105012) _run_loop /opt/stack/data/venv/lib/python3.12/site-packages/oslo_service/backend/_threading/loopingcall.py:125}}
Feb 17 20:41:13.381682 np0000156154 neutron-periodic-workers[105000]: DEBUG oslo.service.backend._threading.loopingcall [None req-688f3e29-14bd-459a-80e2-8c984f32b56d None None] Fixed interval looping call 'neutron.plugins.ml2.plugin.DhcpAgentSchedulerDbMixin.remove_networks_from_down_agents' sleeping for 36.99 seconds {{(pid=105000) _run_loop /opt/stack/data/venv/lib/python3.12/site-packages/oslo_service/backend/_threading/loopingcall.py:125}}
Feb 17 20:41:16.399455 np0000156154 neutron-periodic-workers[105012]: DEBUG dbcounter [-] [105012] Writing DB stats neutron:SELECT=1 {{(pid=105012) stat_writer /opt/stack/data/venv/lib/python3.12/site-packages/dbcounter.py:115}}
Feb 17 20:41:23.380857 np0000156154 neutron-periodic-workers[105000]: DEBUG dbcounter [-] [105000] Writing DB stats neutron:SELECT=3 {{(pid=105000) stat_writer /opt/stack/data/venv/lib/python3.12/site-packages/dbcounter.py:115}}
Feb 17 20:41:43.395381 np0000156154 neutron-periodic-workers[105012]: DEBUG neutron.db.agents_db [None req-ccfb93e5-a4a3-4063-9c88-940b399c4bfb None None] Agent healthcheck: found 0 active agents {{(pid=105012) agent_health_check /opt/stack/neutron/neutron/db/agents_db.py:317}}
Feb 17 20:41:43.396198 np0000156154 neutron-periodic-workers[105012]: DEBUG oslo.service.backend._threading.loopingcall [None req-ccfb93e5-a4a3-4063-9c88-940b399c4bfb None None] Fixed interval looping call 'neutron.plugins.ml2.plugin.AgentDbMixin.agent_health_check' sleeping for 37.00 seconds {{(pid=105012) _run_loop /opt/stack/data/venv/lib/python3.12/site-packages/oslo_service/backend/_threading/loopingcall.py:125}}
Feb 17 20:41:50.381683 np0000156154 neutron-periodic-workers[105000]: DEBUG oslo.service.backend._threading.loopingcall [None req-688f3e29-14bd-459a-80e2-8c984f32b56d None None] Fixed interval looping call 'neutron.plugins.ml2.plugin.DhcpAgentSchedulerDbMixin.remove_networks_from_down_agents' sleeping for 36.99 seconds {{(pid=105000) _run_loop /opt/stack/data/venv/lib/python3.12/site-packages/oslo_service/backend/_threading/loopingcall.py:125}}
Feb 17 20:41:53.397407 np0000156154 neutron-periodic-workers[105012]: DEBUG dbcounter [-] [105012] Writing DB stats neutron:SELECT=1 {{(pid=105012) stat_writer /opt/stack/data/venv/lib/python3.12/site-packages/dbcounter.py:115}}
Feb 17 20:42:00.381885 np0000156154 neutron-periodic-workers[105000]: DEBUG dbcounter [-] [105000] Writing DB stats neutron:SELECT=3 {{(pid=105000) stat_writer /opt/stack/data/venv/lib/python3.12/site-packages/dbcounter.py:115}}
Feb 17 20:42:09.433589 np0000156154 neutron-periodic-workers[105026]: DEBUG oslo.service.backend._threading.loopingcall [None req-2f7c5e74-f092-475a-b592-9955befca2f7 None None] Fixed interval looping call 'neutron.db.quota.driver_nolock.DbQuotaNoLockDriver._remove_expired_reservations' sleeping for 120.00 seconds {{(pid=105026) _run_loop /opt/stack/data/venv/lib/python3.12/site-packages/oslo_service/backend/_threading/loopingcall.py:125}}
Feb 17 20:42:19.432080 np0000156154 neutron-periodic-workers[105026]: DEBUG dbcounter [-] [105026] Writing DB stats neutron:DELETE=1 {{(pid=105026) stat_writer /opt/stack/data/venv/lib/python3.12/site-packages/dbcounter.py:115}}
Feb 17 20:42:20.401163 np0000156154 neutron-periodic-workers[105012]: DEBUG neutron.db.agents_db [None req-ccfb93e5-a4a3-4063-9c88-940b399c4bfb None None] Agent healthcheck: found 0 active agents {{(pid=105012) agent_health_check /opt/stack/neutron/neutron/db/agents_db.py:317}}
Feb 17 20:42:20.401163 np0000156154 neutron-periodic-workers[105012]: DEBUG oslo.service.backend._threading.loopingcall [None req-ccfb93e5-a4a3-4063-9c88-940b399c4bfb None None] Fixed interval looping call 'neutron.plugins.ml2.plugin.AgentDbMixin.agent_health_check' sleeping for 36.99 seconds {{(pid=105012) _run_loop /opt/stack/data/venv/lib/python3.12/site-packages/oslo_service/backend/_threading/loopingcall.py:125}}
Feb 17 20:42:27.382798 np0000156154 neutron-periodic-workers[105000]: DEBUG oslo.service.backend._threading.loopingcall [None req-688f3e29-14bd-459a-80e2-8c984f32b56d None None] Fixed interval looping call 'neutron.plugins.ml2.plugin.DhcpAgentSchedulerDbMixin.remove_networks_from_down_agents' sleeping for 36.99 seconds {{(pid=105000) _run_loop /opt/stack/data/venv/lib/python3.12/site-packages/oslo_service/backend/_threading/loopingcall.py:125}}
Feb 17 20:42:30.399519 np0000156154 neutron-periodic-workers[105012]: DEBUG dbcounter [-] [105012] Writing DB stats neutron:SELECT=1 {{(pid=105012) stat_writer /opt/stack/data/venv/lib/python3.12/site-packages/dbcounter.py:115}}
Feb 17 20:42:37.381880 np0000156154 neutron-periodic-workers[105000]: DEBUG dbcounter [-] [105000] Writing DB stats neutron:SELECT=3 {{(pid=105000) stat_writer /opt/stack/data/venv/lib/python3.12/site-packages/dbcounter.py:115}}
Feb 17 20:42:57.397108 np0000156154 neutron-periodic-workers[105012]: DEBUG neutron.db.agents_db [None req-ccfb93e5-a4a3-4063-9c88-940b399c4bfb None None] Agent healthcheck: found 0 active agents {{(pid=105012) agent_health_check /opt/stack/neutron/neutron/db/agents_db.py:317}}
Feb 17 20:42:57.397884 np0000156154 neutron-periodic-workers[105012]: DEBUG oslo.service.backend._threading.loopingcall [None req-ccfb93e5-a4a3-4063-9c88-940b399c4bfb None None] Fixed interval looping call 'neutron.plugins.ml2.plugin.AgentDbMixin.agent_health_check' sleeping for 36.99 seconds {{(pid=105012) _run_loop /opt/stack/data/venv/lib/python3.12/site-packages/oslo_service/backend/_threading/loopingcall.py:125}}
Feb 17 20:43:04.381279 np0000156154 neutron-periodic-workers[105000]: DEBUG oslo.service.backend._threading.loopingcall [None req-688f3e29-14bd-459a-80e2-8c984f32b56d None None] Fixed interval looping call 'neutron.plugins.ml2.plugin.DhcpAgentSchedulerDbMixin.remove_networks_from_down_agents' sleeping for 36.99 seconds {{(pid=105000) _run_loop /opt/stack/data/venv/lib/python3.12/site-packages/oslo_service/backend/_threading/loopingcall.py:125}}
Feb 17 20:43:07.394931 np0000156154 neutron-periodic-workers[105012]: DEBUG dbcounter [-] [105012] Writing DB stats neutron:SELECT=1 {{(pid=105012) stat_writer /opt/stack/data/venv/lib/python3.12/site-packages/dbcounter.py:115}}
Feb 17 20:43:14.380572 np0000156154 neutron-periodic-workers[105000]: DEBUG dbcounter [-] [105000] Writing DB stats neutron:SELECT=3 {{(pid=105000) stat_writer /opt/stack/data/venv/lib/python3.12/site-packages/dbcounter.py:115}}
Feb 17 20:43:34.392899 np0000156154 neutron-periodic-workers[105012]: DEBUG neutron.db.agents_db [None req-ccfb93e5-a4a3-4063-9c88-940b399c4bfb None None] Agent healthcheck: found 0 active agents {{(pid=105012) agent_health_check /opt/stack/neutron/neutron/db/agents_db.py:317}}
Feb 17 20:43:34.393537 np0000156154 neutron-periodic-workers[105012]: DEBUG oslo.service.backend._threading.loopingcall [None req-ccfb93e5-a4a3-4063-9c88-940b399c4bfb None None] Fixed interval looping call 'neutron.plugins.ml2.plugin.AgentDbMixin.agent_health_check' sleeping for 36.99 seconds {{(pid=105012) _run_loop /opt/stack/data/venv/lib/python3.12/site-packages/oslo_service/backend/_threading/loopingcall.py:125}}
Feb 17 20:43:41.381327 np0000156154 neutron-periodic-workers[105000]: DEBUG oslo.service.backend._threading.loopingcall [None req-688f3e29-14bd-459a-80e2-8c984f32b56d None None] Fixed interval looping call 'neutron.plugins.ml2.plugin.DhcpAgentSchedulerDbMixin.remove_networks_from_down_agents' sleeping for 36.99 seconds {{(pid=105000) _run_loop /opt/stack/data/venv/lib/python3.12/site-packages/oslo_service/backend/_threading/loopingcall.py:125}}
Feb 17 20:43:44.391864 np0000156154 neutron-periodic-workers[105012]: DEBUG dbcounter [-] [105012] Writing DB stats neutron:SELECT=1 {{(pid=105012) stat_writer /opt/stack/data/venv/lib/python3.12/site-packages/dbcounter.py:115}}
Feb 17 20:43:51.380535 np0000156154 neutron-periodic-workers[105000]: DEBUG dbcounter [-] [105000] Writing DB stats neutron:SELECT=3 {{(pid=105000) stat_writer /opt/stack/data/venv/lib/python3.12/site-packages/dbcounter.py:115}}
Feb 17 20:44:09.438865 np0000156154 neutron-periodic-workers[105026]: DEBUG oslo.service.backend._threading.loopingcall [None req-2f7c5e74-f092-475a-b592-9955befca2f7 None None] Fixed interval looping call 'neutron.db.quota.driver_nolock.DbQuotaNoLockDriver._remove_expired_reservations' sleeping for 120.00 seconds {{(pid=105026) _run_loop /opt/stack/data/venv/lib/python3.12/site-packages/oslo_service/backend/_threading/loopingcall.py:125}}
Feb 17 20:44:11.388832 np0000156154 neutron-periodic-workers[105012]: DEBUG neutron.db.agents_db [None req-ccfb93e5-a4a3-4063-9c88-940b399c4bfb None None] Agent healthcheck: found 0 active agents {{(pid=105012) agent_health_check /opt/stack/neutron/neutron/db/agents_db.py:317}}
Feb 17 20:44:11.388832 np0000156154 neutron-periodic-workers[105012]: DEBUG oslo.service.backend._threading.loopingcall [None req-ccfb93e5-a4a3-4063-9c88-940b399c4bfb None None] Fixed interval looping call 'neutron.plugins.ml2.plugin.AgentDbMixin.agent_health_check' sleeping for 36.99 seconds {{(pid=105012) _run_loop /opt/stack/data/venv/lib/python3.12/site-packages/oslo_service/backend/_threading/loopingcall.py:125}}
Feb 17 20:44:18.383317 np0000156154 neutron-periodic-workers[105000]: DEBUG oslo.service.backend._threading.loopingcall [None req-688f3e29-14bd-459a-80e2-8c984f32b56d None None] Fixed interval looping call 'neutron.plugins.ml2.plugin.DhcpAgentSchedulerDbMixin.remove_networks_from_down_agents' sleeping for 36.99 seconds {{(pid=105000) _run_loop /opt/stack/data/venv/lib/python3.12/site-packages/oslo_service/backend/_threading/loopingcall.py:125}}
Feb 17 20:44:19.437456 np0000156154 neutron-periodic-workers[105026]: DEBUG dbcounter [-] [105026] Writing DB stats neutron:DELETE=1 {{(pid=105026) stat_writer /opt/stack/data/venv/lib/python3.12/site-packages/dbcounter.py:115}}
Feb 17 20:44:21.386685 np0000156154 neutron-periodic-workers[105012]: DEBUG dbcounter [-] [105012] Writing DB stats neutron:SELECT=1 {{(pid=105012) stat_writer /opt/stack/data/venv/lib/python3.12/site-packages/dbcounter.py:115}}
Feb 17 20:44:28.381543 np0000156154 neutron-periodic-workers[105000]: DEBUG dbcounter [-] [105000] Writing DB stats neutron:SELECT=3 {{(pid=105000) stat_writer /opt/stack/data/venv/lib/python3.12/site-packages/dbcounter.py:115}}
Feb 17 20:44:33.455338 np0000156154 neutron-periodic-workers[105036]: DEBUG oslo.service.backend._threading.loopingcall [None req-cfe41a36-4e73-48c9-9e6c-c40893b625c1 None None] Fixed interval looping call 'neutron.services.ovn_l3.plugin.L3_NAT_dbonly_mixin._clean_garbage' sleeping for 299.98 seconds {{(pid=105036) _run_loop /opt/stack/data/venv/lib/python3.12/site-packages/oslo_service/backend/_threading/loopingcall.py:125}}
Feb 17 20:44:43.447838 np0000156154 neutron-periodic-workers[105036]: DEBUG dbcounter [-] [105036] Writing DB stats neutron:SELECT=1 {{(pid=105036) stat_writer /opt/stack/data/venv/lib/python3.12/site-packages/dbcounter.py:115}}
Feb 17 20:44:48.385026 np0000156154 neutron-periodic-workers[105012]: DEBUG neutron.db.agents_db [None req-ccfb93e5-a4a3-4063-9c88-940b399c4bfb None None] Agent healthcheck: found 0 active agents {{(pid=105012) agent_health_check /opt/stack/neutron/neutron/db/agents_db.py:317}}
Feb 17 20:44:48.385763 np0000156154 neutron-periodic-workers[105012]: DEBUG oslo.service.backend._threading.loopingcall [None req-ccfb93e5-a4a3-4063-9c88-940b399c4bfb None None] Fixed interval looping call 'neutron.plugins.ml2.plugin.AgentDbMixin.agent_health_check' sleeping for 36.99 seconds {{(pid=105012) _run_loop /opt/stack/data/venv/lib/python3.12/site-packages/oslo_service/backend/_threading/loopingcall.py:125}}
Feb 17 20:44:55.383748 np0000156154 neutron-periodic-workers[105000]: DEBUG oslo.service.backend._threading.loopingcall [None req-688f3e29-14bd-459a-80e2-8c984f32b56d None None] Fixed interval looping call 'neutron.plugins.ml2.plugin.DhcpAgentSchedulerDbMixin.remove_networks_from_down_agents' sleeping for 36.99 seconds {{(pid=105000) _run_loop /opt/stack/data/venv/lib/python3.12/site-packages/oslo_service/backend/_threading/loopingcall.py:125}}
Feb 17 20:44:58.382883 np0000156154 neutron-periodic-workers[105012]: DEBUG dbcounter [-] [105012] Writing DB stats neutron:SELECT=1 {{(pid=105012) stat_writer /opt/stack/data/venv/lib/python3.12/site-packages/dbcounter.py:115}}
Feb 17 20:45:05.382782 np0000156154 neutron-periodic-workers[105000]: DEBUG dbcounter [-] [105000] Writing DB stats neutron:SELECT=3 {{(pid=105000) stat_writer /opt/stack/data/venv/lib/python3.12/site-packages/dbcounter.py:115}}
Feb 17 20:45:25.380811 np0000156154 neutron-periodic-workers[105012]: DEBUG neutron.db.agents_db [None req-ccfb93e5-a4a3-4063-9c88-940b399c4bfb None None] Agent healthcheck: found 0 active agents {{(pid=105012) agent_health_check /opt/stack/neutron/neutron/db/agents_db.py:317}}
Feb 17 20:45:25.381530 np0000156154 neutron-periodic-workers[105012]: DEBUG oslo.service.backend._threading.loopingcall [None req-ccfb93e5-a4a3-4063-9c88-940b399c4bfb None None] Fixed interval looping call 'neutron.plugins.ml2.plugin.AgentDbMixin.agent_health_check' sleeping for 36.99 seconds {{(pid=105012) _run_loop /opt/stack/data/venv/lib/python3.12/site-packages/oslo_service/backend/_threading/loopingcall.py:125}}
Feb 17 20:45:32.383169 np0000156154 neutron-periodic-workers[105000]: DEBUG oslo.service.backend._threading.loopingcall [None req-688f3e29-14bd-459a-80e2-8c984f32b56d None None] Fixed interval looping call 'neutron.plugins.ml2.plugin.DhcpAgentSchedulerDbMixin.remove_networks_from_down_agents' sleeping for 36.99 seconds {{(pid=105000) _run_loop /opt/stack/data/venv/lib/python3.12/site-packages/oslo_service/backend/_threading/loopingcall.py:125}}
Feb 17 20:45:35.379551 np0000156154 neutron-periodic-workers[105012]: DEBUG dbcounter [-] [105012] Writing DB stats neutron:SELECT=1 {{(pid=105012) stat_writer /opt/stack/data/venv/lib/python3.12/site-packages/dbcounter.py:115}}
Feb 17 20:45:42.382102 np0000156154 neutron-periodic-workers[105000]: DEBUG dbcounter [-] [105000] Writing DB stats neutron:SELECT=3 {{(pid=105000) stat_writer /opt/stack/data/venv/lib/python3.12/site-packages/dbcounter.py:115}}
Feb 17 20:46:02.376322 np0000156154 neutron-periodic-workers[105012]: DEBUG neutron.db.agents_db [None req-ccfb93e5-a4a3-4063-9c88-940b399c4bfb None None] Agent healthcheck: found 0 active agents {{(pid=105012) agent_health_check /opt/stack/neutron/neutron/db/agents_db.py:317}}
Feb 17 20:46:02.376891 np0000156154 neutron-periodic-workers[105012]: DEBUG oslo.service.backend._threading.loopingcall [None req-ccfb93e5-a4a3-4063-9c88-940b399c4bfb None None] Fixed interval looping call 'neutron.plugins.ml2.plugin.AgentDbMixin.agent_health_check' sleeping for 36.99 seconds {{(pid=105012) _run_loop /opt/stack/data/venv/lib/python3.12/site-packages/oslo_service/backend/_threading/loopingcall.py:125}}
Feb 17 20:46:09.384614 np0000156154 neutron-periodic-workers[105000]: DEBUG oslo.service.backend._threading.loopingcall [None req-688f3e29-14bd-459a-80e2-8c984f32b56d None None] Fixed interval looping call 'neutron.plugins.ml2.plugin.DhcpAgentSchedulerDbMixin.remove_networks_from_down_agents' sleeping for 36.99 seconds {{(pid=105000) _run_loop /opt/stack/data/venv/lib/python3.12/site-packages/oslo_service/backend/_threading/loopingcall.py:125}}
Feb 17 20:46:09.444524 np0000156154 neutron-periodic-workers[105026]: DEBUG oslo.service.backend._threading.loopingcall [None req-2f7c5e74-f092-475a-b592-9955befca2f7 None None] Fixed interval looping call 'neutron.db.quota.driver_nolock.DbQuotaNoLockDriver._remove_expired_reservations' sleeping for 119.99 seconds {{(pid=105026) _run_loop /opt/stack/data/venv/lib/python3.12/site-packages/oslo_service/backend/_threading/loopingcall.py:125}}
Feb 17 20:46:12.375085 np0000156154 neutron-periodic-workers[105012]: DEBUG dbcounter [-] [105012] Writing DB stats neutron:SELECT=1 {{(pid=105012) stat_writer /opt/stack/data/venv/lib/python3.12/site-packages/dbcounter.py:115}}
Feb 17 20:46:19.383309 np0000156154 neutron-periodic-workers[105000]: DEBUG dbcounter [-] [105000] Writing DB stats neutron:SELECT=3 {{(pid=105000) stat_writer /opt/stack/data/venv/lib/python3.12/site-packages/dbcounter.py:115}}
Feb 17 20:46:19.443750 np0000156154 neutron-periodic-workers[105026]: DEBUG dbcounter [-] [105026] Writing DB stats neutron:DELETE=1 {{(pid=105026) stat_writer /opt/stack/data/venv/lib/python3.12/site-packages/dbcounter.py:115}}
Feb 17 20:46:39.372620 np0000156154 neutron-periodic-workers[105012]: DEBUG neutron.db.agents_db [None req-ccfb93e5-a4a3-4063-9c88-940b399c4bfb None None] Agent healthcheck: found 0 active agents {{(pid=105012) agent_health_check /opt/stack/neutron/neutron/db/agents_db.py:317}}
Feb 17 20:46:39.373884 np0000156154 neutron-periodic-workers[105012]: DEBUG oslo.service.backend._threading.loopingcall [None req-ccfb93e5-a4a3-4063-9c88-940b399c4bfb None None] Fixed interval looping call 'neutron.plugins.ml2.plugin.AgentDbMixin.agent_health_check' sleeping for 36.99 seconds {{(pid=105012) _run_loop /opt/stack/data/venv/lib/python3.12/site-packages/oslo_service/backend/_threading/loopingcall.py:125}}
Feb 17 20:46:46.387921 np0000156154 neutron-periodic-workers[105000]: DEBUG oslo.service.backend._threading.loopingcall [None req-688f3e29-14bd-459a-80e2-8c984f32b56d None None] Fixed interval looping call 'neutron.plugins.ml2.plugin.DhcpAgentSchedulerDbMixin.remove_networks_from_down_agents' sleeping for 36.99 seconds {{(pid=105000) _run_loop /opt/stack/data/venv/lib/python3.12/site-packages/oslo_service/backend/_threading/loopingcall.py:125}}
Feb 17 20:46:49.370921 np0000156154 neutron-periodic-workers[105012]: DEBUG dbcounter [-] [105012] Writing DB stats neutron:SELECT=1 {{(pid=105012) stat_writer /opt/stack/data/venv/lib/python3.12/site-packages/dbcounter.py:115}}
Feb 17 20:46:56.385865 np0000156154 neutron-periodic-workers[105000]: DEBUG dbcounter [-] [105000] Writing DB stats neutron:SELECT=3 {{(pid=105000) stat_writer /opt/stack/data/venv/lib/python3.12/site-packages/dbcounter.py:115}}
Feb 17 20:47:16.366745 np0000156154 neutron-periodic-workers[105012]: DEBUG neutron.db.agents_db [None req-ccfb93e5-a4a3-4063-9c88-940b399c4bfb None None] Agent healthcheck: found 0 active agents {{(pid=105012) agent_health_check /opt/stack/neutron/neutron/db/agents_db.py:317}}
Feb 17 20:47:16.367258 np0000156154 neutron-periodic-workers[105012]: DEBUG oslo.service.backend._threading.loopingcall [None req-ccfb93e5-a4a3-4063-9c88-940b399c4bfb None None] Fixed interval looping call 'neutron.plugins.ml2.plugin.AgentDbMixin.agent_health_check' sleeping for 37.00 seconds {{(pid=105012) _run_loop /opt/stack/data/venv/lib/python3.12/site-packages/oslo_service/backend/_threading/loopingcall.py:125}}
Feb 17 20:47:23.392555 np0000156154 neutron-periodic-workers[105000]: DEBUG oslo.service.backend._threading.loopingcall [None req-688f3e29-14bd-459a-80e2-8c984f32b56d None None] Fixed interval looping call 'neutron.plugins.ml2.plugin.DhcpAgentSchedulerDbMixin.remove_networks_from_down_agents' sleeping for 36.99 seconds {{(pid=105000) _run_loop /opt/stack/data/venv/lib/python3.12/site-packages/oslo_service/backend/_threading/loopingcall.py:125}}
Feb 17 20:47:26.365720 np0000156154 neutron-periodic-workers[105012]: DEBUG dbcounter [-] [105012] Writing DB stats neutron:SELECT=1 {{(pid=105012) stat_writer /opt/stack/data/venv/lib/python3.12/site-packages/dbcounter.py:115}}
