May 14 00:57:24.610597 np0000173927 devstack@neutron-api.service[103183]: INFO neutron.plugins.ml2.drivers.ovn.mech_driver.ovsdb.impl_idl_ovn [None req-4099a1cc-8d06-4b70-afc8-1c36f41b50c2 None None] Getting OvsdbSbOvnIdl for WorkerService with retry
May 14 00:57:24.634865 np0000173927 devstack@neutron-api.service[103181]: DEBUG neutron.common.ovn.hash_ring_manager [None req-0ab4d2a4-2a25-4230-ae5a-201988613931 None None] Allow caching, nodes 4>=4 {{(pid=103181) _wait_startup_before_caching /opt/stack/neutron/neutron/common/ovn/hash_ring_manager.py:65}}
May 14 00:57:24.639701 np0000173927 devstack@neutron-api.service[103181]: DEBUG neutron.common.ovn.hash_ring_manager [None req-0ab4d2a4-2a25-4230-ae5a-201988613931 None None] Hash Ring loaded. 4 active nodes. 0 offline nodes {{(pid=103181) _load_hash_ring /opt/stack/neutron/neutron/common/ovn/hash_ring_manager.py:102}}
May 14 00:57:24.640001 np0000173927 devstack@neutron-api.service[103181]: DEBUG neutron.plugins.ml2.drivers.ovn.mech_driver.ovsdb.ovsdb_monitor [None req-0ab4d2a4-2a25-4230-ae5a-201988613931 None None] ChassisOVNAgentWriteEvent : Matched Chassis_Private, create, None None {{(pid=103181) matches /opt/stack/neutron/neutron/plugins/ml2/drivers/ovn/mech_driver/ovsdb/ovsdb_monitor.py:64}}
May 14 00:57:24.640370 np0000173927 devstack@neutron-api.service[103181]: DEBUG neutron.plugins.ml2.drivers.ovn.mech_driver.ovsdb.ovsdb_monitor [None req-0ab4d2a4-2a25-4230-ae5a-201988613931 None None] ChassisAgentWriteEvent : Matched Chassis_Private, create, None None {{(pid=103181) matches /opt/stack/neutron/neutron/plugins/ml2/drivers/ovn/mech_driver/ovsdb/ovsdb_monitor.py:64}}
May 14 00:57:24.642531 np0000173927 devstack@neutron-api.service[103181]: INFO neutron.plugins.ml2.drivers.ovn.mech_driver.mech_driver [None req-0ab4d2a4-2a25-4230-ae5a-201988613931 None None] WorkerService process has finished the post initialization
May 14 00:57:24.643761 np0000173927 devstack@neutron-api.service[103181]: WSGI app 0 (mountpoint='') ready in 7 seconds on interpreter 0x7e66c12a3668 pid: 103181 (default app)
May 14 00:57:24.644949 np0000173927 devstack@neutron-api.service[103182]: DEBUG ovsdbapp.backend.ovs_idl [None req-7c179a4f-3f2f-4c33-be7d-ebeb960b7dea None None] Created lookup_table index Chassis.name {{(pid=103182) autocreate_indices /opt/stack/data/venv/lib/python3.12/site-packages/ovsdbapp/backend/ovs_idl/__init__.py:87}}
May 14 00:57:24.645050 np0000173927 devstack@neutron-api.service[103182]: DEBUG ovsdbapp.backend.ovs_idl [None req-7c179a4f-3f2f-4c33-be7d-ebeb960b7dea None None] Created lookup_table index Port_Binding.logical_port {{(pid=103182) autocreate_indices /opt/stack/data/venv/lib/python3.12/site-packages/ovsdbapp/backend/ovs_idl/__init__.py:87}}
May 14 00:57:24.645149 np0000173927 devstack@neutron-api.service[103182]: DEBUG ovsdbapp.backend.ovs_idl [None req-7c179a4f-3f2f-4c33-be7d-ebeb960b7dea None None] Created schema index Chassis_Private.name {{(pid=103182) autocreate_indices /opt/stack/data/venv/lib/python3.12/site-packages/ovsdbapp/backend/ovs_idl/__init__.py:106}}
May 14 00:57:24.645261 np0000173927 devstack@neutron-api.service[103182]: DEBUG ovsdbapp.backend.ovs_idl [None req-7c179a4f-3f2f-4c33-be7d-ebeb960b7dea None None] Created schema index Datapath_Binding.tunnel_key {{(pid=103182) autocreate_indices /opt/stack/data/venv/lib/python3.12/site-packages/ovsdbapp/backend/ovs_idl/__init__.py:106}}
May 14 00:57:24.647299 np0000173927 devstack@neutron-api.service[103182]: INFO ovsdbapp.backend.ovs_idl.vlog [None req-7c179a4f-3f2f-4c33-be7d-ebeb960b7dea None None] ssl:199.204.45.222:6642: connecting...
May 14 00:57:24.652046 np0000173927 devstack@neutron-api.service[103183]: DEBUG ovsdbapp.backend.ovs_idl [None req-4099a1cc-8d06-4b70-afc8-1c36f41b50c2 None None] Created lookup_table index Chassis.name {{(pid=103183) autocreate_indices /opt/stack/data/venv/lib/python3.12/site-packages/ovsdbapp/backend/ovs_idl/__init__.py:87}}
May 14 00:57:24.652151 np0000173927 devstack@neutron-api.service[103183]: DEBUG ovsdbapp.backend.ovs_idl [None req-4099a1cc-8d06-4b70-afc8-1c36f41b50c2 None None] Created lookup_table index Port_Binding.logical_port {{(pid=103183) autocreate_indices /opt/stack/data/venv/lib/python3.12/site-packages/ovsdbapp/backend/ovs_idl/__init__.py:87}}
May 14 00:57:24.652249 np0000173927 devstack@neutron-api.service[103183]: DEBUG ovsdbapp.backend.ovs_idl [None req-4099a1cc-8d06-4b70-afc8-1c36f41b50c2 None None] Created schema index Chassis_Private.name {{(pid=103183) autocreate_indices /opt/stack/data/venv/lib/python3.12/site-packages/ovsdbapp/backend/ovs_idl/__init__.py:106}}
May 14 00:57:24.652335 np0000173927 devstack@neutron-api.service[103183]: DEBUG ovsdbapp.backend.ovs_idl [None req-4099a1cc-8d06-4b70-afc8-1c36f41b50c2 None None] Created schema index Datapath_Binding.tunnel_key {{(pid=103183) autocreate_indices /opt/stack/data/venv/lib/python3.12/site-packages/ovsdbapp/backend/ovs_idl/__init__.py:106}}
May 14 00:57:24.653010 np0000173927 devstack@neutron-api.service[103182]: INFO ovsdbapp.backend.ovs_idl.vlog [None req-7c179a4f-3f2f-4c33-be7d-ebeb960b7dea None None] ssl:199.204.45.222:6642: connected
May 14 00:57:24.654453 np0000173927 devstack@neutron-api.service[103183]: INFO ovsdbapp.backend.ovs_idl.vlog [None req-4099a1cc-8d06-4b70-afc8-1c36f41b50c2 None None] ssl:199.204.45.222:6642: connecting...
May 14 00:57:24.661364 np0000173927 devstack@neutron-api.service[103183]: INFO ovsdbapp.backend.ovs_idl.vlog [None req-4099a1cc-8d06-4b70-afc8-1c36f41b50c2 None None] ssl:199.204.45.222:6642: connected
May 14 00:57:24.686292 np0000173927 devstack@neutron-api.service[103182]: DEBUG neutron.common.ovn.hash_ring_manager [None req-7c179a4f-3f2f-4c33-be7d-ebeb960b7dea None None] Allow caching, nodes 4>=4 {{(pid=103182) _wait_startup_before_caching /opt/stack/neutron/neutron/common/ovn/hash_ring_manager.py:65}}
May 14 00:57:24.686923 np0000173927 devstack@neutron-api.service[103183]: DEBUG neutron.common.ovn.hash_ring_manager [None req-4099a1cc-8d06-4b70-afc8-1c36f41b50c2 None None] Allow caching, nodes 4>=4 {{(pid=103183) _wait_startup_before_caching /opt/stack/neutron/neutron/common/ovn/hash_ring_manager.py:65}}
May 14 00:57:24.689377 np0000173927 devstack@neutron-api.service[103182]: DEBUG neutron.common.ovn.hash_ring_manager [None req-7c179a4f-3f2f-4c33-be7d-ebeb960b7dea None None] Hash Ring loaded. 4 active nodes. 0 offline nodes {{(pid=103182) _load_hash_ring /opt/stack/neutron/neutron/common/ovn/hash_ring_manager.py:102}}
May 14 00:57:24.689519 np0000173927 devstack@neutron-api.service[103182]: DEBUG neutron.plugins.ml2.drivers.ovn.mech_driver.ovsdb.ovsdb_monitor [None req-7c179a4f-3f2f-4c33-be7d-ebeb960b7dea None None] Hash Ring: Node 6669b0881c205aa4a01f97e99e89a844 (host: np0000173927) handling event "create" for row 6ae50dc1-6b13-49a7-a1c7-19e62a1a7c02 (table: Chassis) {{(pid=103182) notify /opt/stack/neutron/neutron/plugins/ml2/drivers/ovn/mech_driver/ovsdb/ovsdb_monitor.py:942}}
May 14 00:57:24.690257 np0000173927 devstack@neutron-api.service[103182]: DEBUG ovsdbapp.backend.ovs_idl.event [None req-7c179a4f-3f2f-4c33-be7d-ebeb960b7dea None None] Matched CREATE: ChassisBandwidthConfigEvent(events=('create', 'update'), table='Chassis', conditions=None, old_conditions=None), priority=20 to row=Chassis(uuid=6ae50dc1-6b13-49a7-a1c7-19e62a1a7c02, encaps=[85def749-52b3-476c-bcfb-e110d1ea55d3], external_ids={}, hostname='np0000173927', name='c38e9064-9326-4df3-a382-30c6b1aa347a', nb_cfg=0, other_config={'ct-commit-nat-v2': 'true', 'ct-commit-to-zone': 'true', 'ct-next-zone': 'true', 'ct-no-masked-label': 'true', 'ct-state-save': 'true', 'datapath-type': 'system', 'fdb-timestamp': 'true', 'iface-types': 'afxdp,afxdp-nonpmd,bareudp,erspan,geneve,gre,gtpu,internal,ip6erspan,ip6gre,lisp,patch,srv6,stt,system,tap,vxlan', 'is-interconn': 'false', 'ls-dpg-column': 'true', 'mac-binding-timestamp': 'true', 'ovn-bridge-mappings': 'public:br-ex', 'ovn-chassis-mac-mappings': '', 'ovn-cms-options': 'enable-chassis-as-gw', 'ovn-ct-lb-related': 'true', 'ovn-enable-lflow-cache': 'true', 'ovn-limit-lflow-cache': '', 'ovn-memlimit-lflow-cache-kb': '', 'ovn-monitor-all': 'false', 'ovn-trim-limit-lflow-cache': '', 'ovn-trim-timeout-ms': '', 'ovn-trim-wmark-perc-lflow-cache': '', 'port-up-notif': 'true'}, transport_zones=[], vtep_logical_switches=[]) old= {{(pid=103182) matches /opt/stack/data/venv/lib/python3.12/site-packages/ovsdbapp/backend/ovs_idl/event.py:55}}
May 14 00:57:24.690478 np0000173927 devstack@neutron-api.service[103183]: DEBUG neutron.common.ovn.hash_ring_manager [None req-4099a1cc-8d06-4b70-afc8-1c36f41b50c2 None None] Hash Ring loaded. 4 active nodes. 0 offline nodes {{(pid=103183) _load_hash_ring /opt/stack/neutron/neutron/common/ovn/hash_ring_manager.py:102}}
May 14 00:57:24.690632 np0000173927 devstack@neutron-api.service[103183]: DEBUG neutron.plugins.ml2.drivers.ovn.mech_driver.ovsdb.ovsdb_monitor [None req-4099a1cc-8d06-4b70-afc8-1c36f41b50c2 None None] ChassisAgentWriteEvent : Matched Chassis_Private, create, None None {{(pid=103183) matches /opt/stack/neutron/neutron/plugins/ml2/drivers/ovn/mech_driver/ovsdb/ovsdb_monitor.py:64}}
May 14 00:57:24.690742 np0000173927 devstack@neutron-api.service[103182]: DEBUG neutron.plugins.ml2.drivers.ovn.mech_driver.ovsdb.ovsdb_monitor [None req-7c179a4f-3f2f-4c33-be7d-ebeb960b7dea None None] ChassisOVNAgentWriteEvent : Matched Chassis_Private, create, None None {{(pid=103182) matches /opt/stack/neutron/neutron/plugins/ml2/drivers/ovn/mech_driver/ovsdb/ovsdb_monitor.py:64}}
May 14 00:57:24.690788 np0000173927 devstack@neutron-api.service[103183]: DEBUG neutron.plugins.ml2.drivers.ovn.mech_driver.ovsdb.ovsdb_monitor [None req-4099a1cc-8d06-4b70-afc8-1c36f41b50c2 None None] ChassisOVNAgentWriteEvent : Matched Chassis_Private, create, None None {{(pid=103183) matches /opt/stack/neutron/neutron/plugins/ml2/drivers/ovn/mech_driver/ovsdb/ovsdb_monitor.py:64}}
May 14 00:57:24.690848 np0000173927 devstack@neutron-api.service[103182]: DEBUG neutron.plugins.ml2.drivers.ovn.mech_driver.ovsdb.ovsdb_monitor [None req-7c179a4f-3f2f-4c33-be7d-ebeb960b7dea None None] ChassisAgentWriteEvent : Matched Chassis_Private, create, None None {{(pid=103182) matches /opt/stack/neutron/neutron/plugins/ml2/drivers/ovn/mech_driver/ovsdb/ovsdb_monitor.py:64}}
May 14 00:57:24.691096 np0000173927 devstack@neutron-api.service[103183]: DEBUG neutron.plugins.ml2.drivers.ovn.mech_driver.ovsdb.ovsdb_monitor [None req-4099a1cc-8d06-4b70-afc8-1c36f41b50c2 None None] Hash Ring: Node 971350081f235a12ab8d00ecb1488327 (host: np0000173927) handling event "create" for row 7f054947-0df5-459a-8f1d-51e980ecfed4 (table: Chassis_Private) {{(pid=103183) notify /opt/stack/neutron/neutron/plugins/ml2/drivers/ovn/mech_driver/ovsdb/ovsdb_monitor.py:942}}
May 14 00:57:24.692125 np0000173927 devstack@neutron-api.service[103182]: INFO neutron.plugins.ml2.drivers.ovn.mech_driver.mech_driver [None req-7c179a4f-3f2f-4c33-be7d-ebeb960b7dea None None] WorkerService process has finished the post initialization
May 14 00:57:24.693045 np0000173927 devstack@neutron-api.service[103182]: INFO neutron.plugins.ml2.drivers.ovn.mech_driver.ovsdb.extensions.qos [-] Starting OVNClientQosExtension
May 14 00:57:24.693391 np0000173927 devstack@neutron-api.service[103182]: INFO neutron.plugins.ml2.drivers.ovn.mech_driver.ovsdb.extensions.placement [-] Starting OVNClientPlacementExtension
May 14 00:57:24.693782 np0000173927 devstack@neutron-api.service[103183]: INFO neutron.plugins.ml2.drivers.ovn.mech_driver.mech_driver [None req-4099a1cc-8d06-4b70-afc8-1c36f41b50c2 None None] WorkerService process has finished the post initialization
May 14 00:57:24.694985 np0000173927 devstack@neutron-api.service[103183]: WSGI app 0 (mountpoint='') ready in 7 seconds on interpreter 0x7e66c12a3668 pid: 103183 (default app)
May 14 00:57:24.696053 np0000173927 devstack@neutron-api.service[103182]: WSGI app 0 (mountpoint='') ready in 7 seconds on interpreter 0x7e66c12a3668 pid: 103182 (default app)
May 14 00:57:26.909737 np0000173927 devstack@neutron-api.service[103182]: DEBUG neutron.plugins.ml2.drivers.ovn.mech_driver.ovsdb.ovsdb_monitor [-] Hash Ring: Node 6669b0881c205aa4a01f97e99e89a844 (host: np0000173927) handling event "update" for row e17500a3-9dd0-4d21-91fe-04d9b221412a (table: Connection) {{(pid=103182) notify /opt/stack/neutron/neutron/plugins/ml2/drivers/ovn/mech_driver/ovsdb/ovsdb_monitor.py:942}}
May 14 00:57:26.913831 np0000173927 devstack@neutron-api.service[103184]: DEBUG neutron.common.ovn.hash_ring_manager [-] Allow caching, nodes 4>=4 {{(pid=103184) _wait_startup_before_caching /opt/stack/neutron/neutron/common/ovn/hash_ring_manager.py:65}}
May 14 00:57:29.470709 np0000173927 devstack@neutron-api.service[103182]: DEBUG neutron.plugins.ml2.drivers.ovn.mech_driver.ovsdb.ovsdb_monitor [-] Hash Ring: Node 6669b0881c205aa4a01f97e99e89a844 (host: np0000173927) handling event "update" for row e17500a3-9dd0-4d21-91fe-04d9b221412a (table: Connection) {{(pid=103182) notify /opt/stack/neutron/neutron/plugins/ml2/drivers/ovn/mech_driver/ovsdb/ovsdb_monitor.py:942}}
May 14 00:57:30.994973 np0000173927 devstack@neutron-api.service[103184]: DEBUG neutron.api.wsgi [None req-6fc5eafc-0331-496d-87bb-605e08b4336d admin admin] Missing Content-Type {{(pid=103184) get_content_type /opt/stack/neutron/neutron/api/wsgi.py:80}}
May 14 00:57:30.995753 np0000173927 devstack@neutron-api.service[103184]: DEBUG neutron.api.wsgi [None req-6fc5eafc-0331-496d-87bb-605e08b4336d admin admin] https://199.204.45.222/networking/v2.0/extensions returned with HTTP 200 {{(pid=103184) __call__ /opt/stack/neutron/neutron/api/wsgi.py:540}}
May 14 00:57:30.995753 np0000173927 devstack@neutron-api.service[103184]: [pid: 103184|app: 0|req: 2/2] 199.204.45.222 () {64 vars in 1323 bytes} [Thu May 14 00:57:30 2026] GET /networking/v2.0/extensions => generated 15209 bytes in 262 msecs (HTTP/1.1 200) 4 headers in 159 bytes (1 switches on core 0)
May 14 00:57:31.388336 np0000173927 devstack@neutron-api.service[103181]: DEBUG neutron.api.v2.base [None req-b5721e03-248d-45c2-927c-d8e8d1e926b4 admin admin] Request body: {'subnetpool': {'name': 'shared-default-subnetpool-v4', 'default_prefixlen': 26, 'prefixes': ['10.1.0.0/20'], 'is_default': True, 'shared': True}} {{(pid=103181) prepare_request_body /opt/stack/neutron/neutron/api/v2/base.py:727}}
May 14 00:57:31.591127 np0000173927 devstack@neutron-api.service[103181]: DEBUG neutron.policy [None req-b5721e03-248d-45c2-927c-d8e8d1e926b4 admin admin] Loaded default policies from ['neutron'] under neutron.policies entry points {{(pid=103181) register_rules /opt/stack/neutron/neutron/policy.py:65}}
May 14 00:57:31.744728 np0000173927 devstack@neutron-api.service[103181]: DEBUG neutron_lib.callbacks.manager [None req-b5721e03-248d-45c2-927c-d8e8d1e926b4 admin admin] Publish callbacks ['neutron.objects.securitygroup.RbacNeutronDbObjectMixin.validate_rbac_policy_change-2067053373438', 'neutron.objects.address_group.RbacNeutronDbObjectMixin.validate_rbac_policy_change-2067053354065', 'neutron.objects.network.RbacNeutronDbObjectMixin.validate_rbac_policy_change-2067051909117', 'neutron.objects.qos.policy.RbacNeutronDbObjectMixin.validate_rbac_policy_change-2067052034691', 'neutron.objects.subnetpool.RbacNeutronDbObjectMixin.validate_rbac_policy_change-2067052020796', 'neutron.objects.address_scope.RbacNeutronDbObjectMixin.validate_rbac_policy_change-2067052021377', 'neutron.plugins.ml2.plugin.External_net_db_mixin._process_ext_policy_create-70636', 'neutron.plugins.ml2.plugin.NeutronDbPluginV2.validate_network_rbac_policy_change-120460'] for rbac-policy (None), before_create {{(pid=103181) _notify_loop /opt/stack/data/venv/lib/python3.12/site-packages/neutron_lib/callbacks/manager.py:184}}
May 14 00:57:31.796831 np0000173927 devstack@neutron-api.service[103181]: DEBUG neutron_lib.callbacks.manager [None req-b5721e03-248d-45c2-927c-d8e8d1e926b4 admin admin] Publish callbacks [] for subnetpool (None), before_response {{(pid=103181) _notify_loop /opt/stack/data/venv/lib/python3.12/site-packages/neutron_lib/callbacks/manager.py:184}}
May 14 00:57:31.797312 np0000173927 devstack@neutron-api.service[103181]: [pid: 103181|app: 0|req: 1/3] 199.204.45.222 () {68 vars in 1367 bytes} [Thu May 14 00:57:31 2026] POST /networking/v2.0/subnetpools => generated 533 bytes in 520 msecs (HTTP/1.1 201) 4 headers in 162 bytes (1 switches on core 0)
May 14 00:57:32.164856 np0000173927 devstack@neutron-api.service[103183]: DEBUG neutron.api.v2.base [None req-9344cc88-1ada-47b4-a6a2-f4836ae541b8 admin admin] Request body: {'subnetpool': {'name': 'shared-default-subnetpool-v6', 'default_prefixlen': 64, 'prefixes': ['fd45:3d2d:f40d::/56'], 'is_default': True, 'shared': True}} {{(pid=103183) prepare_request_body /opt/stack/neutron/neutron/api/v2/base.py:727}}
May 14 00:57:32.345332 np0000173927 devstack@neutron-api.service[103183]: DEBUG neutron.policy [None req-9344cc88-1ada-47b4-a6a2-f4836ae541b8 admin admin] Loaded default policies from ['neutron'] under neutron.policies entry points {{(pid=103183) register_rules /opt/stack/neutron/neutron/policy.py:65}}
May 14 00:57:32.488699 np0000173927 devstack@neutron-api.service[103183]: DEBUG neutron_lib.callbacks.manager [None req-9344cc88-1ada-47b4-a6a2-f4836ae541b8 admin admin] Publish callbacks ['neutron.objects.securitygroup.RbacNeutronDbObjectMixin.validate_rbac_policy_change-2067051912450', 'neutron.objects.address_group.RbacNeutronDbObjectMixin.validate_rbac_policy_change-2067051963763', 'neutron.objects.network.RbacNeutronDbObjectMixin.validate_rbac_policy_change-2067051949098', 'neutron.objects.qos.policy.RbacNeutronDbObjectMixin.validate_rbac_policy_change-2067051953952', 'neutron.objects.subnetpool.RbacNeutronDbObjectMixin.validate_rbac_policy_change-2067051992286', 'neutron.objects.address_scope.RbacNeutronDbObjectMixin.validate_rbac_policy_change-2067051997963', 'neutron.plugins.ml2.plugin.External_net_db_mixin._process_ext_policy_create-1263450', 'neutron.plugins.ml2.plugin.NeutronDbPluginV2.validate_network_rbac_policy_change-1153632'] for rbac-policy (None), before_create {{(pid=103183) _notify_loop /opt/stack/data/venv/lib/python3.12/site-packages/neutron_lib/callbacks/manager.py:184}}
May 14 00:57:32.532420 np0000173927 devstack@neutron-api.service[103183]: DEBUG neutron_lib.callbacks.manager [None req-9344cc88-1ada-47b4-a6a2-f4836ae541b8 admin admin] Publish callbacks [] for subnetpool (None), before_response {{(pid=103183) _notify_loop /opt/stack/data/venv/lib/python3.12/site-packages/neutron_lib/callbacks/manager.py:184}}
May 14 00:57:32.532897 np0000173927 devstack@neutron-api.service[103183]: [pid: 103183|app: 0|req: 1/4] 199.204.45.222 () {68 vars in 1367 bytes} [Thu May 14 00:57:32 2026] POST /networking/v2.0/subnetpools => generated 543 bytes in 479 msecs (HTTP/1.1 201) 4 headers in 162 bytes (1 switches on core 0)
May 14 00:57:32.942064 np0000173927 devstack@neutron-api.service[103182]: DEBUG neutron.api.v2.base [None req-1209b935-2b90-426f-a3b8-2f23fa7e222b admin admin] Request body: {'network': {'name': 'private', 'admin_state_up': True}} {{(pid=103182) prepare_request_body /opt/stack/neutron/neutron/api/v2/base.py:727}}
May 14 00:57:32.964265 np0000173927 devstack@neutron-api.service[103182]: DEBUG neutron.pecan_wsgi.hooks.quota_enforcement [None req-1209b935-2b90-426f-a3b8-2f23fa7e222b admin admin] Made reservation on behalf of aaab707d68bf4871aee6db7caa95eca3 for: {'network': 1} {{(pid=103182) before /opt/stack/neutron/neutron/pecan_wsgi/hooks/quota_enforcement.py:66}}
May 14 00:57:33.156611 np0000173927 devstack@neutron-api.service[103182]: DEBUG neutron.policy [None req-1209b935-2b90-426f-a3b8-2f23fa7e222b admin admin] Loaded default policies from ['neutron'] under neutron.policies entry points {{(pid=103182) register_rules /opt/stack/neutron/neutron/policy.py:65}}
May 14 00:57:33.269676 np0000173927 devstack@neutron-api.service[103182]: DEBUG neutron_lib.callbacks.manager [None req-1209b935-2b90-426f-a3b8-2f23fa7e222b admin admin] Publish callbacks ['neutron.plugins.ml2.plugin.SecurityGroupDbMixin._ensure_default_security_group_handler-1168262'] for network (None), before_create {{(pid=103182) _notify_loop /opt/stack/data/venv/lib/python3.12/site-packages/neutron_lib/callbacks/manager.py:184}}
May 14 00:57:33.292229 np0000173927 devstack@neutron-api.service[103182]: DEBUG neutron_lib.callbacks.manager [None req-1209b935-2b90-426f-a3b8-2f23fa7e222b admin admin] Publish callbacks [] for security_group (None), before_create {{(pid=103182) _notify_loop /opt/stack/data/venv/lib/python3.12/site-packages/neutron_lib/callbacks/manager.py:184}}
May 14 00:57:33.391107 np0000173927 devstack@neutron-api.service[103182]: DEBUG neutron_lib.callbacks.manager [None req-1209b935-2b90-426f-a3b8-2f23fa7e222b admin admin] Publish callbacks ['neutron.plugins.ml2.drivers.ovn.mech_driver.mech_driver.OVNMechanismDriver._create_security_group_precommit-199696'] for security_group (24a17316-4f2c-4f17-a8dc-475b70ac2d12), precommit_create {{(pid=103182) _notify_loop /opt/stack/data/venv/lib/python3.12/site-packages/neutron_lib/callbacks/manager.py:184}}
May 14 00:57:33.391406 np0000173927 devstack@neutron-api.service[103182]: DEBUG neutron.db.ovn_revision_numbers_db [None req-1209b935-2b90-426f-a3b8-2f23fa7e222b admin admin] create_initial_revision uuid=24a17316-4f2c-4f17-a8dc-475b70ac2d12, type=security_groups, rev=-1 {{(pid=103182) create_initial_revision /opt/stack/neutron/neutron/db/ovn_revision_numbers_db.py:98}}
May 14 00:57:33.393335 np0000173927 devstack@neutron-api.service[103182]: DEBUG neutron.db.ovn_revision_numbers_db [None req-1209b935-2b90-426f-a3b8-2f23fa7e222b admin admin] create_initial_revision uuid=167ff0f5-86ab-4f8f-b319-170711ae34ba, type=security_group_rules, rev=-1 {{(pid=103182) create_initial_revision /opt/stack/neutron/neutron/db/ovn_revision_numbers_db.py:98}}
May 14 00:57:33.394342 np0000173927 devstack@neutron-api.service[103182]: DEBUG neutron.db.ovn_revision_numbers_db [None req-1209b935-2b90-426f-a3b8-2f23fa7e222b admin admin] create_initial_revision uuid=32ae56ed-80da-4120-90c7-3a9baf8fb731, type=security_group_rules, rev=-1 {{(pid=103182) create_initial_revision /opt/stack/neutron/neutron/db/ovn_revision_numbers_db.py:98}}
May 14 00:57:33.395581 np0000173927 devstack@neutron-api.service[103182]: DEBUG neutron.db.ovn_revision_numbers_db [None req-1209b935-2b90-426f-a3b8-2f23fa7e222b admin admin] create_initial_revision uuid=6aae8697-e649-48f9-a72b-67ce520cd1ee, type=security_group_rules, rev=-1 {{(pid=103182) create_initial_revision /opt/stack/neutron/neutron/db/ovn_revision_numbers_db.py:98}}
May 14 00:57:33.396500 np0000173927 devstack@neutron-api.service[103182]: DEBUG neutron.db.ovn_revision_numbers_db [None req-1209b935-2b90-426f-a3b8-2f23fa7e222b admin admin] create_initial_revision uuid=d19e4b6d-7fdb-4015-bc24-6154b46d8be1, type=security_group_rules, rev=-1 {{(pid=103182) create_initial_revision /opt/stack/neutron/neutron/db/ovn_revision_numbers_db.py:98}}
May 14 00:57:33.405083 np0000173927 devstack@neutron-api.service[103182]: DEBUG neutron_lib.callbacks.manager [None req-1209b935-2b90-426f-a3b8-2f23fa7e222b admin admin] Publish callbacks ['neutron.plugins.ml2.drivers.ovn.mech_driver.mech_driver.OVNMechanismDriver._create_security_group-199686', 'neutron.plugins.ml2.ovo_rpc._ObjectChangeHandler.handle_event-2967901'] for security_group (24a17316-4f2c-4f17-a8dc-475b70ac2d12), after_create {{(pid=103182) _notify_loop /opt/stack/data/venv/lib/python3.12/site-packages/neutron_lib/callbacks/manager.py:184}}
May 14 00:57:33.406473 np0000173927 devstack@neutron-api.service[103182]: DEBUG ovsdbapp.backend.ovs_idl.transaction [-] Running txn n=1 command(idx=0): PgAddCommand(_result=None, name=pg_24a17316_4f2c_4f17_a8dc_475b70ac2d12, may_exist=False, columns={'acls': [], 'external_ids': {'neutron:security_group_id': '24a17316-4f2c-4f17-a8dc-475b70ac2d12'}}) {{(pid=103182) do_commit /opt/stack/data/venv/lib/python3.12/site-packages/ovsdbapp/backend/ovs_idl/transaction.py:89}}
May 14 00:57:33.408829 np0000173927 devstack@neutron-api.service[103182]: DEBUG ovsdbapp.backend.ovs_idl.transaction [-] Running txn n=1 command(idx=1): PgAclAddCommand(_result=None, entity=pg_24a17316_4f2c_4f17_a8dc_475b70ac2d12, direction=from-lport, priority=1002, match=inport == @pg_24a17316_4f2c_4f17_a8dc_475b70ac2d12 && ip4, action=allow-related, log=False, may_exist=True, severity=[], name=[], meter=[], external_ids={'neutron:security_group_rule_id': '167ff0f5-86ab-4f8f-b319-170711ae34ba'}) {{(pid=103182) do_commit /opt/stack/data/venv/lib/python3.12/site-packages/ovsdbapp/backend/ovs_idl/transaction.py:89}}
May 14 00:57:33.409599 np0000173927 devstack@neutron-api.service[103182]: DEBUG ovsdbapp.backend.ovs_idl.transaction [-] Running txn n=1 command(idx=2): PgAclAddCommand(_result=None, entity=pg_24a17316_4f2c_4f17_a8dc_475b70ac2d12, direction=to-lport, priority=1002, match=outport == @pg_24a17316_4f2c_4f17_a8dc_475b70ac2d12 && ip6 && ip6.src == $pg_24a17316_4f2c_4f17_a8dc_475b70ac2d12_ip6, action=allow-related, log=False, may_exist=True, severity=[], name=[], meter=[], external_ids={'neutron:security_group_rule_id': '32ae56ed-80da-4120-90c7-3a9baf8fb731'}) {{(pid=103182) do_commit /opt/stack/data/venv/lib/python3.12/site-packages/ovsdbapp/backend/ovs_idl/transaction.py:89}}
May 14 00:57:33.410214 np0000173927 devstack@neutron-api.service[103182]: DEBUG ovsdbapp.backend.ovs_idl.transaction [-] Running txn n=1 command(idx=3): PgAclAddCommand(_result=None, entity=pg_24a17316_4f2c_4f17_a8dc_475b70ac2d12, direction=from-lport, priority=1002, match=inport == @pg_24a17316_4f2c_4f17_a8dc_475b70ac2d12 && ip6, action=allow-related, log=False, may_exist=True, severity=[], name=[], meter=[], external_ids={'neutron:security_group_rule_id': '6aae8697-e649-48f9-a72b-67ce520cd1ee'}) {{(pid=103182) do_commit /opt/stack/data/venv/lib/python3.12/site-packages/ovsdbapp/backend/ovs_idl/transaction.py:89}}
May 14 00:57:33.410669 np0000173927 devstack@neutron-api.service[103182]: DEBUG ovsdbapp.backend.ovs_idl.transaction [-] Running txn n=1 command(idx=4): PgAclAddCommand(_result=None, entity=pg_24a17316_4f2c_4f17_a8dc_475b70ac2d12, direction=to-lport, priority=1002, match=outport == @pg_24a17316_4f2c_4f17_a8dc_475b70ac2d12 && ip4 && ip4.src == $pg_24a17316_4f2c_4f17_a8dc_475b70ac2d12_ip4, action=allow-related, log=False, may_exist=True, severity=[], name=[], meter=[], external_ids={'neutron:security_group_rule_id': 'd19e4b6d-7fdb-4015-bc24-6154b46d8be1'}) {{(pid=103182) do_commit /opt/stack/data/venv/lib/python3.12/site-packages/ovsdbapp/backend/ovs_idl/transaction.py:89}}
May 14 00:57:33.417135 np0000173927 devstack@neutron-api.service[103182]: DEBUG neutron.plugins.ml2.drivers.ovn.mech_driver.ovsdb.ovsdb_monitor [-] Hash Ring: Node 6669b0881c205aa4a01f97e99e89a844 (host: np0000173927) handling event "create" for row 7fbb6155-56a4-4375-a9c6-2d7248535db0 (table: ACL) {{(pid=103182) notify /opt/stack/neutron/neutron/plugins/ml2/drivers/ovn/mech_driver/ovsdb/ovsdb_monitor.py:942}}
May 14 00:57:33.421341 np0000173927 devstack@neutron-api.service[103184]: DEBUG neutron.plugins.ml2.drivers.ovn.mech_driver.ovsdb.ovsdb_monitor [-] Hash Ring: Node 896af278c9c456399927faecdfef95c4 (host: np0000173927) handling event "create" for row 7fbb6155-56a4-4375-a9c6-2d7248535db0 (table: ACL) {{(pid=103184) notify /opt/stack/neutron/neutron/plugins/ml2/drivers/ovn/mech_driver/ovsdb/ovsdb_monitor.py:942}}
May 14 00:57:33.421341 np0000173927 devstack@neutron-api.service[103184]: DEBUG neutron.plugins.ml2.drivers.ovn.mech_driver.ovsdb.ovsdb_monitor [-] Hash Ring: Node 896af278c9c456399927faecdfef95c4 (host: np0000173927) handling event "create" for row bbb862fa-af62-4cc3-9577-081aeca32708 (table: Port_Group) {{(pid=103184) notify /opt/stack/neutron/neutron/plugins/ml2/drivers/ovn/mech_driver/ovsdb/ovsdb_monitor.py:942}}
May 14 00:57:33.422077 np0000173927 devstack@neutron-api.service[103181]: DEBUG neutron.plugins.ml2.drivers.ovn.mech_driver.ovsdb.ovsdb_monitor [-] Hash Ring: Node 0994d741b1515fa885c8b87856030757 (host: np0000173927) handling event "create" for row 08b32e1a-04a8-4702-b9a2-f27a6765cd03 (table: ACL) {{(pid=103181) notify /opt/stack/neutron/neutron/plugins/ml2/drivers/ovn/mech_driver/ovsdb/ovsdb_monitor.py:942}}
May 14 00:57:33.422444 np0000173927 devstack@neutron-api.service[103181]: DEBUG neutron.plugins.ml2.drivers.ovn.mech_driver.ovsdb.ovsdb_monitor [-] Hash Ring: Node 0994d741b1515fa885c8b87856030757 (host: np0000173927) handling event "create" for row 56d2b9f4-de45-4eeb-b854-2e1eae2270d4 (table: ACL) {{(pid=103181) notify /opt/stack/neutron/neutron/plugins/ml2/drivers/ovn/mech_driver/ovsdb/ovsdb_monitor.py:942}}
May 14 00:57:33.423632 np0000173927 devstack@neutron-api.service[103183]: DEBUG neutron.plugins.ml2.drivers.ovn.mech_driver.ovsdb.ovsdb_monitor [-] Hash Ring: Node 971350081f235a12ab8d00ecb1488327 (host: np0000173927) handling event "create" for row 455e6eb4-b1ad-4935-bd91-3cbdc0d6cd07 (table: ACL) {{(pid=103183) notify /opt/stack/neutron/neutron/plugins/ml2/drivers/ovn/mech_driver/ovsdb/ovsdb_monitor.py:942}}
May 14 00:57:33.446865 np0000173927 devstack@neutron-api.service[103182]: INFO neutron.db.ovn_revision_numbers_db [None req-1209b935-2b90-426f-a3b8-2f23fa7e222b admin admin] Successfully bumped revision number for resource 24a17316-4f2c-4f17-a8dc-475b70ac2d12 (type: security_groups) to 1
May 14 00:57:33.462925 np0000173927 devstack@neutron-api.service[103182]: INFO neutron.db.ovn_revision_numbers_db [None req-1209b935-2b90-426f-a3b8-2f23fa7e222b admin admin] Successfully bumped revision number for resource 167ff0f5-86ab-4f8f-b319-170711ae34ba (type: security_group_rules) to 0
May 14 00:57:33.477270 np0000173927 devstack@neutron-api.service[103182]: INFO neutron.db.ovn_revision_numbers_db [None req-1209b935-2b90-426f-a3b8-2f23fa7e222b admin admin] Successfully bumped revision number for resource 32ae56ed-80da-4120-90c7-3a9baf8fb731 (type: security_group_rules) to 0
May 14 00:57:33.491728 np0000173927 devstack@neutron-api.service[103182]: INFO neutron.db.ovn_revision_numbers_db [None req-1209b935-2b90-426f-a3b8-2f23fa7e222b admin admin] Successfully bumped revision number for resource 6aae8697-e649-48f9-a72b-67ce520cd1ee (type: security_group_rules) to 0
May 14 00:57:33.504585 np0000173927 devstack@neutron-api.service[103182]: INFO neutron.db.ovn_revision_numbers_db [None req-1209b935-2b90-426f-a3b8-2f23fa7e222b admin admin] Successfully bumped revision number for resource d19e4b6d-7fdb-4015-bc24-6154b46d8be1 (type: security_group_rules) to 0
May 14 00:57:33.528045 np0000173927 devstack@neutron-api.service[103182]: DEBUG neutron.api.rpc.handlers.resources_rpc [None req-1209b935-2b90-426f-a3b8-2f23fa7e222b admin admin] Pushing event updated for resources: {'SecurityGroup': ['ID=24a17316-4f2c-4f17-a8dc-475b70ac2d12,revision_number=1']} {{(pid=103182) push /opt/stack/neutron/neutron/api/rpc/handlers/resources_rpc.py:237}}
May 14 00:57:33.536108 np0000173927 devstack@neutron-api.service[103182]: DEBUG ovsdbapp.backend.ovs_idl.transaction [-] Running txn n=1 command(idx=0): CheckLivenessCommand(_result=None) {{(pid=103182) do_commit /opt/stack/data/venv/lib/python3.12/site-packages/ovsdbapp/backend/ovs_idl/transaction.py:89}}
May 14 00:57:33.539121 np0000173927 devstack@neutron-api.service[103182]: DEBUG neutron.plugins.ml2.drivers.ovn.mech_driver.ovsdb.ovsdb_monitor [-] Hash Ring: Node 6669b0881c205aa4a01f97e99e89a844 (host: np0000173927) handling event "update" for row d6847ced-331d-4a1c-8915-51e9e50b8e34 (table: NB_Global) {{(pid=103182) notify /opt/stack/neutron/neutron/plugins/ml2/drivers/ovn/mech_driver/ovsdb/ovsdb_monitor.py:942}}
May 14 00:57:33.544057 np0000173927 devstack@neutron-api.service[103183]: DEBUG neutron.plugins.ml2.drivers.ovn.mech_driver.ovsdb.ovsdb_monitor [-] ChassisAgentWriteEvent : Matched Chassis_Private, update, None None {{(pid=103183) matches /opt/stack/neutron/neutron/plugins/ml2/drivers/ovn/mech_driver/ovsdb/ovsdb_monitor.py:64}}
May 14 00:57:33.544268 np0000173927 devstack@neutron-api.service[103182]: DEBUG neutron.plugins.ml2.drivers.ovn.mech_driver.ovsdb.ovsdb_monitor [-] ChassisAgentWriteEvent : Matched Chassis_Private, update, None None {{(pid=103182) matches /opt/stack/neutron/neutron/plugins/ml2/drivers/ovn/mech_driver/ovsdb/ovsdb_monitor.py:64}}
May 14 00:57:33.544419 np0000173927 devstack@neutron-api.service[103183]: DEBUG neutron.plugins.ml2.drivers.ovn.mech_driver.ovsdb.ovsdb_monitor [-] Hash Ring: Node 971350081f235a12ab8d00ecb1488327 (host: np0000173927) handling event "update" for row 7f054947-0df5-459a-8f1d-51e980ecfed4 (table: Chassis_Private) {{(pid=103183) notify /opt/stack/neutron/neutron/plugins/ml2/drivers/ovn/mech_driver/ovsdb/ovsdb_monitor.py:942}}
May 14 00:57:33.544945 np0000173927 devstack@neutron-api.service[103181]: DEBUG neutron.plugins.ml2.drivers.ovn.mech_driver.ovsdb.ovsdb_monitor [-] ChassisAgentWriteEvent : Matched Chassis_Private, update, None None {{(pid=103181) matches /opt/stack/neutron/neutron/plugins/ml2/drivers/ovn/mech_driver/ovsdb/ovsdb_monitor.py:64}}
May 14 00:57:33.546046 np0000173927 devstack@neutron-api.service[103184]: DEBUG neutron.plugins.ml2.drivers.ovn.mech_driver.ovsdb.ovsdb_monitor [-] ChassisAgentWriteEvent : Matched Chassis_Private, update, None None {{(pid=103184) matches /opt/stack/neutron/neutron/plugins/ml2/drivers/ovn/mech_driver/ovsdb/ovsdb_monitor.py:64}}
May 14 00:57:33.549793 np0000173927 devstack@neutron-api.service[103182]: DEBUG neutron.plugins.ml2.drivers.ovn.mech_driver.ovsdb.ovsdb_monitor [-] Hash Ring: Node 6669b0881c205aa4a01f97e99e89a844 (host: np0000173927) handling event "update" for row d6847ced-331d-4a1c-8915-51e9e50b8e34 (table: NB_Global) {{(pid=103182) notify /opt/stack/neutron/neutron/plugins/ml2/drivers/ovn/mech_driver/ovsdb/ovsdb_monitor.py:942}}
May 14 00:57:33.550125 np0000173927 devstack@neutron-api.service[103183]: DEBUG neutron.plugins.ml2.drivers.ovn.mech_driver.ovsdb.ovsdb_monitor [-] ChassisOVNAgentWriteEvent : Matched Chassis_Private, update, None None {{(pid=103183) matches /opt/stack/neutron/neutron/plugins/ml2/drivers/ovn/mech_driver/ovsdb/ovsdb_monitor.py:64}}
May 14 00:57:33.550246 np0000173927 devstack@neutron-api.service[103181]: DEBUG neutron.plugins.ml2.drivers.ovn.mech_driver.ovsdb.ovsdb_monitor [-] ChassisOVNAgentWriteEvent : Matched Chassis_Private, update, None None {{(pid=103181) matches /opt/stack/neutron/neutron/plugins/ml2/drivers/ovn/mech_driver/ovsdb/ovsdb_monitor.py:64}}
May 14 00:57:33.550462 np0000173927 devstack@neutron-api.service[103183]: DEBUG neutron.plugins.ml2.drivers.ovn.mech_driver.ovsdb.ovsdb_monitor [-] Hash Ring: Node 971350081f235a12ab8d00ecb1488327 (host: np0000173927) handling event "update" for row 7f054947-0df5-459a-8f1d-51e980ecfed4 (table: Chassis_Private) {{(pid=103183) notify /opt/stack/neutron/neutron/plugins/ml2/drivers/ovn/mech_driver/ovsdb/ovsdb_monitor.py:942}}
May 14 00:57:33.551065 np0000173927 devstack@neutron-api.service[103182]: DEBUG neutron.plugins.ml2.drivers.ovn.mech_driver.ovsdb.ovsdb_monitor [-] Hash Ring: Node 6669b0881c205aa4a01f97e99e89a844 (host: np0000173927) handling event "update" for row d6847ced-331d-4a1c-8915-51e9e50b8e34 (table: NB_Global) {{(pid=103182) notify /opt/stack/neutron/neutron/plugins/ml2/drivers/ovn/mech_driver/ovsdb/ovsdb_monitor.py:942}}
May 14 00:57:33.551913 np0000173927 devstack@neutron-api.service[103182]: DEBUG neutron.plugins.ml2.drivers.ovn.mech_driver.ovsdb.ovsdb_monitor [-] ChassisOVNAgentWriteEvent : Matched Chassis_Private, update, None None {{(pid=103182) matches /opt/stack/neutron/neutron/plugins/ml2/drivers/ovn/mech_driver/ovsdb/ovsdb_monitor.py:64}}
May 14 00:57:33.552018 np0000173927 devstack@neutron-api.service[103184]: DEBUG neutron.common.ovn.hash_ring_manager [-] Allow caching, nodes 4>=4 {{(pid=103184) _wait_startup_before_caching /opt/stack/neutron/neutron/common/ovn/hash_ring_manager.py:65}}
May 14 00:57:33.552212 np0000173927 devstack@neutron-api.service[103184]: DEBUG neutron.plugins.ml2.drivers.ovn.mech_driver.ovsdb.ovsdb_monitor [-] Hash Ring: Node 896af278c9c456399927faecdfef95c4 (host: np0000173927) handling event "update" for row 7f054947-0df5-459a-8f1d-51e980ecfed4 (table: Chassis_Private) {{(pid=103184) notify /opt/stack/neutron/neutron/plugins/ml2/drivers/ovn/mech_driver/ovsdb/ovsdb_monitor.py:942}}
May 14 00:57:33.552557 np0000173927 devstack@neutron-api.service[103182]: DEBUG neutron.plugins.ml2.drivers.ovn.mech_driver.ovsdb.ovsdb_monitor [-] Hash Ring: Node 6669b0881c205aa4a01f97e99e89a844 (host: np0000173927) handling event "update" for row d6847ced-331d-4a1c-8915-51e9e50b8e34 (table: NB_Global) {{(pid=103182) notify /opt/stack/neutron/neutron/plugins/ml2/drivers/ovn/mech_driver/ovsdb/ovsdb_monitor.py:942}}
May 14 00:57:33.553123 np0000173927 devstack@neutron-api.service[103184]: DEBUG neutron.plugins.ml2.drivers.ovn.mech_driver.ovsdb.ovsdb_monitor [-] ChassisOVNAgentWriteEvent : Matched Chassis_Private, update, None None {{(pid=103184) matches /opt/stack/neutron/neutron/plugins/ml2/drivers/ovn/mech_driver/ovsdb/ovsdb_monitor.py:64}}
May 14 00:57:33.553346 np0000173927 devstack@neutron-api.service[103184]: DEBUG neutron.plugins.ml2.drivers.ovn.mech_driver.ovsdb.ovsdb_monitor [-] Hash Ring: Node 896af278c9c456399927faecdfef95c4 (host: np0000173927) handling event "update" for row 7f054947-0df5-459a-8f1d-51e980ecfed4 (table: Chassis_Private) {{(pid=103184) notify /opt/stack/neutron/neutron/plugins/ml2/drivers/ovn/mech_driver/ovsdb/ovsdb_monitor.py:942}}
May 14 00:57:33.554827 np0000173927 devstack@neutron-api.service[103182]: DEBUG neutron.api.rpc.callbacks.version_manager [None req-1209b935-2b90-426f-a3b8-2f23fa7e222b admin admin] Tracked resource versions report:
May 14 00:57:33.554827 np0000173927 devstack@neutron-api.service[103182]: pushed versions:
May 14 00:57:33.554827 np0000173927 devstack@neutron-api.service[103182]: { 'AddressGroup': {'1.2'},
May 14 00:57:33.554827 np0000173927 devstack@neutron-api.service[103182]: 'Agent': {'1.1'},
May 14 00:57:33.554827 np0000173927 devstack@neutron-api.service[103182]: 'ConntrackHelper': {'1.0'},
May 14 00:57:33.554827 np0000173927 devstack@neutron-api.service[103182]: 'LocalIPAssociation': {'1.0'},
May 14 00:57:33.554827 np0000173927 devstack@neutron-api.service[103182]: 'Log': {'1.0'},
May 14 00:57:33.554827 np0000173927 devstack@neutron-api.service[103182]: 'NDPProxy': {'1.0'},
May 14 00:57:33.554827 np0000173927 devstack@neutron-api.service[103182]: 'Network': {'1.2'},
May 14 00:57:33.554827 np0000173927 devstack@neutron-api.service[103182]: 'Port': {'1.10'},
May 14 00:57:33.554827 np0000173927 devstack@neutron-api.service[103182]: 'PortForwarding': {'1.3'},
May 14 00:57:33.554827 np0000173927 devstack@neutron-api.service[103182]: 'QosPolicy': {'1.10'},
May 14 00:57:33.554827 np0000173927 devstack@neutron-api.service[103182]: 'SecurityGroup': {'1.6'},
May 14 00:57:33.554827 np0000173927 devstack@neutron-api.service[103182]: 'SecurityGroupRule': {'1.3'},
May 14 00:57:33.554827 np0000173927 devstack@neutron-api.service[103182]: 'SubPort': {'1.0'},
May 14 00:57:33.554827 np0000173927 devstack@neutron-api.service[103182]: 'Subnet': {'1.2'},
May 14 00:57:33.554827 np0000173927 devstack@neutron-api.service[103182]: 'Trunk': {'1.1'}}
May 14 00:57:33.554827 np0000173927 devstack@neutron-api.service[103182]: consumer versions:
May 14 00:57:33.554827 np0000173927 devstack@neutron-api.service[103182]: {OVN Controller Gateway agent@np0000173927: {}}
May 14 00:57:33.554827 np0000173927 devstack@neutron-api.service[103182]: {{(pid=103182) report /opt/stack/neutron/neutron/api/rpc/callbacks/version_manager.py:183}}
May 14 00:57:33.612365 np0000173927 devstack@neutron-api.service[103182]: DEBUG neutron.plugins.ml2.drivers.helpers [None req-1209b935-2b90-426f-a3b8-2f23fa7e222b admin admin] geneve segment allocate from pool success with {'geneve_vni': 41890} {{(pid=103182) allocate_partially_specified_segment /opt/stack/neutron/neutron/plugins/ml2/drivers/helpers.py:142}}
May 14 00:57:33.625306 np0000173927 devstack@neutron-api.service[103182]: DEBUG neutron_lib.callbacks.manager [None req-1209b935-2b90-426f-a3b8-2f23fa7e222b admin admin] Publish callbacks ['neutron.services.segments.db._add_segment_host_mapping_for_segment-8686229989770', 'neutron.plugins.ml2.plugin.Ml2Plugin._handle_segment_change-1437992'] for segment (3c15ac57-545d-402b-9fa5-eb17b2091e7b), precommit_create {{(pid=103182) _notify_loop /opt/stack/data/venv/lib/python3.12/site-packages/neutron_lib/callbacks/manager.py:184}}
May 14 00:57:33.625514 np0000173927 devstack@neutron-api.service[103182]: INFO neutron.db.segments_db [None req-1209b935-2b90-426f-a3b8-2f23fa7e222b admin admin] Added segment 3c15ac57-545d-402b-9fa5-eb17b2091e7b of type geneve for network 9dab2963-4d92-4491-8c5e-1c2ab6edb54a
May 14 00:57:33.670391 np0000173927 devstack@neutron-api.service[103182]: DEBUG neutron_lib.callbacks.manager [None req-1209b935-2b90-426f-a3b8-2f23fa7e222b admin admin] Publish callbacks ['neutron.services.auto_allocate.db._ensure_external_network_default_value_callback-8686228661962'] for network (9dab2963-4d92-4491-8c5e-1c2ab6edb54a), precommit_create {{(pid=103182) _notify_loop /opt/stack/data/venv/lib/python3.12/site-packages/neutron_lib/callbacks/manager.py:184}}
May 14 00:57:33.688103 np0000173927 devstack@neutron-api.service[103182]: DEBUG neutron.plugins.ml2.drivers.ovn.mech_driver.mech_driver [None req-1209b935-2b90-426f-a3b8-2f23fa7e222b admin admin] Validating network segment with type geneve, segmentation ID 41890, physical network None {{(pid=103182) _validate_network_segments /opt/stack/neutron/neutron/plugins/ml2/drivers/ovn/mech_driver/mech_driver.py:641}}
May 14 00:57:33.688272 np0000173927 devstack@neutron-api.service[103182]: DEBUG neutron.db.ovn_revision_numbers_db [None req-1209b935-2b90-426f-a3b8-2f23fa7e222b admin admin] create_initial_revision uuid=9dab2963-4d92-4491-8c5e-1c2ab6edb54a, type=networks, rev=-1 {{(pid=103182) create_initial_revision /opt/stack/neutron/neutron/db/ovn_revision_numbers_db.py:98}}
May 14 00:57:33.711470 np0000173927 devstack@neutron-api.service[103182]: DEBUG neutron_lib.callbacks.manager [None req-1209b935-2b90-426f-a3b8-2f23fa7e222b admin admin] Publish callbacks ['neutron.plugins.ml2.ovo_rpc._ObjectChangeHandler.handle_event-2967872'] for network (9dab2963-4d92-4491-8c5e-1c2ab6edb54a), after_create {{(pid=103182) _notify_loop /opt/stack/data/venv/lib/python3.12/site-packages/neutron_lib/callbacks/manager.py:184}}
May 14 00:57:33.758434 np0000173927 devstack@neutron-api.service[103182]: DEBUG neutron.api.rpc.handlers.resources_rpc [None req-1209b935-2b90-426f-a3b8-2f23fa7e222b admin admin] Pushing event updated for resources: {'Network': ['ID=9dab2963-4d92-4491-8c5e-1c2ab6edb54a,revision_number=1']} {{(pid=103182) push /opt/stack/neutron/neutron/api/rpc/handlers/resources_rpc.py:237}}
May 14 00:57:33.765875 np0000173927 devstack@neutron-api.service[103182]: DEBUG ovsdbapp.backend.ovs_idl.transaction [-] Running txn n=1 command(idx=0): AddNetworkCommand(_result=None, network_uuid=9dab2963-4d92-4491-8c5e-1c2ab6edb54a, may_exist=True, columns={'external_ids': {'neutron:network_name': 'private', 'neutron:mtu': '1372', 'neutron:revision_number': '1', 'neutron:availability_zone_hints': '', 'neutron:provnet-network-type': 'geneve'}, 'other_config': {'mcast_snoop': 'false', 'mcast_flood_unregistered': 'false', 'vlan-passthru': 'false'}}) {{(pid=103182) do_commit /opt/stack/data/venv/lib/python3.12/site-packages/ovsdbapp/backend/ovs_idl/transaction.py:89}}
May 14 00:57:33.766200 np0000173927 devstack@neutron-api.service[103182]: DEBUG neutron.common.ovn.utils [-] OVS persist_uuid supported=True {{(pid=103182) ovs_persist_uuid_supported /opt/stack/neutron/neutron/common/ovn/utils.py:1537}}
May 14 00:57:33.773776 np0000173927 devstack@neutron-api.service[103184]: DEBUG neutron.plugins.ml2.drivers.ovn.mech_driver.ovsdb.ovsdb_monitor [-] Hash Ring: Node 896af278c9c456399927faecdfef95c4 (host: np0000173927) handling event "create" for row 9dab2963-4d92-4491-8c5e-1c2ab6edb54a (table: Logical_Switch) {{(pid=103184) notify /opt/stack/neutron/neutron/plugins/ml2/drivers/ovn/mech_driver/ovsdb/ovsdb_monitor.py:942}}
May 14 00:57:33.780425 np0000173927 devstack@neutron-api.service[103184]: DEBUG neutron.plugins.ml2.drivers.ovn.mech_driver.ovsdb.ovsdb_monitor [-] Hash Ring: Node 896af278c9c456399927faecdfef95c4 (host: np0000173927) handling event "create" for row 819e3c40-c136-4f03-83f8-f395de52dd57 (table: Datapath_Binding) {{(pid=103184) notify /opt/stack/neutron/neutron/plugins/ml2/drivers/ovn/mech_driver/ovsdb/ovsdb_monitor.py:942}}
May 14 00:57:33.795187 np0000173927 devstack@neutron-api.service[103182]: DEBUG neutron.plugins.ml2.drivers.ovn.mech_driver.ovsdb.ovsdb_monitor [-] Hash Ring: Node 6669b0881c205aa4a01f97e99e89a844 (host: np0000173927) handling event "create" for row 819e3c40-c136-4f03-83f8-f395de52dd57 (table: Datapath_Binding) {{(pid=103182) notify /opt/stack/neutron/neutron/plugins/ml2/drivers/ovn/mech_driver/ovsdb/ovsdb_monitor.py:942}}
May 14 00:57:33.818785 np0000173927 devstack@neutron-api.service[103182]: INFO neutron.db.ovn_revision_numbers_db [None req-1209b935-2b90-426f-a3b8-2f23fa7e222b admin admin] Successfully bumped revision number for resource 9dab2963-4d92-4491-8c5e-1c2ab6edb54a (type: networks) to 1
May 14 00:57:33.890448 np0000173927 devstack@neutron-api.service[103182]: DEBUG neutron_lib.callbacks.manager [None req-1209b935-2b90-426f-a3b8-2f23fa7e222b admin admin] Publish callbacks ['neutron.plugins.ml2.plugin.SecurityGroupDbMixin._ensure_default_security_group_handler-1168262'] for port (None), before_create {{(pid=103182) _notify_loop /opt/stack/data/venv/lib/python3.12/site-packages/neutron_lib/callbacks/manager.py:184}}
May 14 00:57:34.000970 np0000173927 devstack@neutron-api.service[103182]: DEBUG neutron_lib.callbacks.manager [None req-1209b935-2b90-426f-a3b8-2f23fa7e222b admin admin] Publish callbacks ['neutron.plugins.ml2.drivers.ovn.mech_driver.mech_driver.OVNMechanismDriver._validate_allowed_address_pairs-199832'] for allowed_address_pair (64199e46-43c4-4fc7-8f11-5820af201ef7), before_create {{(pid=103182) _notify_loop /opt/stack/data/venv/lib/python3.12/site-packages/neutron_lib/callbacks/manager.py:184}}
May 14 00:57:34.001682 np0000173927 devstack@neutron-api.service[103182]: DEBUG neutron_lib.callbacks.manager [None req-1209b935-2b90-426f-a3b8-2f23fa7e222b admin admin] Publish callbacks [] for port (64199e46-43c4-4fc7-8f11-5820af201ef7), precommit_create {{(pid=103182) _notify_loop /opt/stack/data/venv/lib/python3.12/site-packages/neutron_lib/callbacks/manager.py:184}}
May 14 00:57:34.001682 np0000173927 devstack@neutron-api.service[103182]: DEBUG neutron.plugins.ml2.drivers.ovn.mech_driver.mech_driver [None req-1209b935-2b90-426f-a3b8-2f23fa7e222b admin admin] No provisioning block for port 64199e46-43c4-4fc7-8f11-5820af201ef7 since it does not have a host {{(pid=103182) _is_port_provisioning_required /opt/stack/neutron/neutron/plugins/ml2/drivers/ovn/mech_driver/mech_driver.py:894}}
May 14 00:57:34.001682 np0000173927 devstack@neutron-api.service[103182]: DEBUG neutron.db.ovn_revision_numbers_db [None req-1209b935-2b90-426f-a3b8-2f23fa7e222b admin admin] create_initial_revision uuid=64199e46-43c4-4fc7-8f11-5820af201ef7, type=ports, rev=-1 {{(pid=103182) create_initial_revision /opt/stack/neutron/neutron/db/ovn_revision_numbers_db.py:98}}
May 14 00:57:34.064483 np0000173927 devstack@neutron-api.service[103182]: DEBUG neutron_lib.callbacks.manager [None req-1209b935-2b90-426f-a3b8-2f23fa7e222b admin admin] Publish callbacks ['neutron.plugins.ml2.ovo_rpc._ObjectChangeHandler.handle_event-2967731'] for port (64199e46-43c4-4fc7-8f11-5820af201ef7), after_create {{(pid=103182) _notify_loop /opt/stack/data/venv/lib/python3.12/site-packages/neutron_lib/callbacks/manager.py:184}}
May 14 00:57:34.284393 np0000173927 devstack@neutron-api.service[103182]: DEBUG neutron.api.rpc.handlers.resources_rpc [None req-1209b935-2b90-426f-a3b8-2f23fa7e222b admin admin] Pushing event updated for resources: {'Port': ['ID=64199e46-43c4-4fc7-8f11-5820af201ef7,revision_number=1']} {{(pid=103182) push /opt/stack/neutron/neutron/api/rpc/handlers/resources_rpc.py:237}}
May 14 00:57:34.351801 np0000173927 devstack@neutron-api.service[103182]: DEBUG ovsdbapp.backend.ovs_idl.transaction [-] Running txn n=1 command(idx=0): AddLSwitchPortCommand(_result=None, lport=64199e46-43c4-4fc7-8f11-5820af201ef7, lswitch=neutron-9dab2963-4d92-4491-8c5e-1c2ab6edb54a, may_exist=True, network_uuid=9dab2963-4d92-4491-8c5e-1c2ab6edb54a, columns={'addresses': ['fa:16:3e:4b:45:a8'], 'external_ids': {'neutron:port_name': '', 'neutron:device_id': 'ovnmeta-9dab2963-4d92-4491-8c5e-1c2ab6edb54a', 'neutron:project_id': 'aaab707d68bf4871aee6db7caa95eca3', 'neutron:cidrs': '', 'neutron:device_owner': 'network:distributed', 'neutron:subnet_pool_addr_scope4': '', 'neutron:subnet_pool_addr_scope6': '', 'neutron:network_name': 'neutron-9dab2963-4d92-4491-8c5e-1c2ab6edb54a', 'neutron:security_group_ids': '', 'neutron:revision_number': '1', 'neutron:vnic_type': 'normal', 'neutron:port_capabilities': '', 'neutron:mtu': ''}, 'parent_name': [], 'tag': [], 'enabled': True, 'options': {}, 'type': 'localport', 'port_security': [], 'dhcpv4_options': [], 'dhcpv6_options': []}) {{(pid=103182) do_commit /opt/stack/data/venv/lib/python3.12/site-packages/ovsdbapp/backend/ovs_idl/transaction.py:89}}
