2026-05-06 02:21:43.499 10 INFO neutron.db.ovn_revision_numbers_db [None req-dc4700c3-af91-4fc7-8c99-a746eaa7b092 - - - - - -] Successfully bumped revision number for resource 549cffeb-7d4b-4c5a-b7ce-8382dee8bc2a (type: router_ports) to 2
2026-05-06 02:21:43.610 10 INFO neutron.db.ovn_revision_numbers_db [None req-46718c73-5a6b-41ee-aebb-205cef1035ca 094f219b76eb40a3be020b6a777082ba 5c0a2e4e5ccf4b708c4a26ce814ccb2b - - default default] Successfully bumped revision number for resource 4f242dda-5c3a-4b4f-8f5a-a6a879207275 (type: networks) to 2
2026-05-06 02:21:43.614 10 INFO neutron.wsgi [None req-46718c73-5a6b-41ee-aebb-205cef1035ca 094f219b76eb40a3be020b6a777082ba 5c0a2e4e5ccf4b708c4a26ce814ccb2b - - default default] 10.0.0.230 "PUT /v2.0/networks/4f242dda-5c3a-4b4f-8f5a-a6a879207275 HTTP/1.1" status: 200 len: 792 time: 0.3796880
2026-05-06 02:21:43.623 10 WARNING neutron_lib.context [None req-859dde87-16cb-4413-b6da-ea0741f3a140 094f219b76eb40a3be020b6a777082ba 5c0a2e4e5ccf4b708c4a26ce814ccb2b - - default default] Method 'is_advsvc' is deprecated since 2023.2 release (neutron-lib 3.8.0) and will be removed once support for the old RBAC API policies will be removed from Neutron. Please use method 'is_service_role' instead. /var/lib/openstack/lib/python3.10/site-packages/pycadf/identifier.py:71: UserWarning: Invalid uuid: neutron. To ensure interoperability, identifiers should be a valid uuid. warnings.warn(('Invalid uuid: %s. To ensure interoperability, '
2026-05-06 02:21:43.704 9 INFO neutron.db.ovn_revision_numbers_db [None req-ad037ccc-7282-42a0-90ba-6a7e67902652 b2f3e1d88a5e4c349345ec77204dadc3 4480c884ae21482ca5682b2ba88afe02 - - default default] Successfully bumped revision number for resource f1bde80f-1c30-4f44-8e4f-a388c046d31c (type: ports) to 2
2026-05-06 02:21:43.780 9 INFO neutron.db.ovn_revision_numbers_db [None req-ad037ccc-7282-42a0-90ba-6a7e67902652 b2f3e1d88a5e4c349345ec77204dadc3 4480c884ae21482ca5682b2ba88afe02 - - default default] Successfully bumped revision number for resource 612144fd-0ffa-41bb-b884-5fd8543cad1b (type: subnets) to 0
2026-05-06 02:21:43.808 9 INFO neutron.wsgi [None req-ad037ccc-7282-42a0-90ba-6a7e67902652 b2f3e1d88a5e4c349345ec77204dadc3 4480c884ae21482ca5682b2ba88afe02 - - default default] 10.0.0.230 "POST /v2.0/subnets HTTP/1.1" status: 201 len: 873 time: 1.8704040
2026-05-06 02:21:43.897 10 WARNING neutron.scheduler.dhcp_agent_scheduler [None req-859dde87-16cb-4413-b6da-ea0741f3a140 094f219b76eb40a3be020b6a777082ba 5c0a2e4e5ccf4b708c4a26ce814ccb2b - - default default] No more DHCP agents
2026-05-06 02:21:43.899 10 WARNING neutron.api.rpc.agentnotifiers.dhcp_rpc_agent_api [None req-859dde87-16cb-4413-b6da-ea0741f3a140 094f219b76eb40a3be020b6a777082ba 5c0a2e4e5ccf4b708c4a26ce814ccb2b - - default default] Unable to schedule network 4f242dda-5c3a-4b4f-8f5a-a6a879207275: no agents available; will retry on subsequent port and subnet creation events.
2026-05-06 02:21:43.909 9 INFO neutron.wsgi [None req-6d18d25c-20e2-4d3d-8254-2212bca63846 f3ff09f8844c40e79ab167eb2aa7988d 971c12c34c204bf883dbd9fe19e60b09 - - default default] 10.0.0.230 "DELETE /v2.0/security-groups/12d46a4f-5610-4f8b-8502-9dd14e6c8953 HTTP/1.1" status: 204 len: 168 time: 0.2121477
2026-05-06 02:21:43.931 10 INFO neutron.api.v2.resource [None req-76f7554f-b8dd-453d-a831-e95c15cb4a92 f3ff09f8844c40e79ab167eb2aa7988d 971c12c34c204bf883dbd9fe19e60b09 - - default default] show failed (client error): The resource could not be found.
2026-05-06 02:21:43.932 10 INFO neutron.wsgi [None req-76f7554f-b8dd-453d-a831-e95c15cb4a92 f3ff09f8844c40e79ab167eb2aa7988d 971c12c34c204bf883dbd9fe19e60b09 - - default default] 10.0.0.230 "GET /v2.0/security-groups/12d46a4f-5610-4f8b-8502-9dd14e6c8953 HTTP/1.1" status: 404 len: 347 time: 0.0179815
2026-05-06 02:21:43.939 9 INFO neutron.notifiers.nova [-] Nova event matching ['req-8742c553-3994-4987-a17c-76b468ac48a0'] response: {'server_uuid': '6b44285d-aaa8-49a1-9b96-69a79992edd5', 'name': 'network-vif-plugged', 'status': 'completed', 'tag': 'a4d77cff-5b4b-4445-bcd5-957d78a8299b', 'code': 200}
2026-05-06 02:21:43.939 9 INFO neutron.notifiers.nova [-] Nova event matching ['req-8742c553-3994-4987-a17c-76b468ac48a0'] response: {'server_uuid': '6b44285d-aaa8-49a1-9b96-69a79992edd5', 'name': 'network-vif-deleted', 'tag': 'a4d77cff-5b4b-4445-bcd5-957d78a8299b', 'status': 'completed', 'code': 200}
2026-05-06 02:21:44.350 9 INFO neutron.db.ovn_revision_numbers_db [None req-775d42e3-b3f7-4aa2-a024-331d623a1111 b2f3e1d88a5e4c349345ec77204dadc3 4480c884ae21482ca5682b2ba88afe02 - - default default] Successfully bumped revision number for resource 549cffeb-7d4b-4c5a-b7ce-8382dee8bc2a (type: router_ports) to 2
2026-05-06 02:21:44.353 9 INFO neutron.wsgi [None req-775d42e3-b3f7-4aa2-a024-331d623a1111 b2f3e1d88a5e4c349345ec77204dadc3 4480c884ae21482ca5682b2ba88afe02 - - default default] 10.0.0.230 "PUT /v2.0/routers/38f4420c-8780-4d79-b105-c38c61848cd6/add_router_interface HTTP/1.1" status: 200 len: 503 time: 4.5497789
2026-05-06 02:21:44.429 10 WARNING neutron.scheduler.dhcp_agent_scheduler [None req-62cc72b6-2046-4909-98fa-82621f8cb76a b2f3e1d88a5e4c349345ec77204dadc3 4480c884ae21482ca5682b2ba88afe02 - - default default] No more DHCP agents
2026-05-06 02:21:44.433 10 WARNING neutron.api.rpc.agentnotifiers.dhcp_rpc_agent_api [None req-62cc72b6-2046-4909-98fa-82621f8cb76a b2f3e1d88a5e4c349345ec77204dadc3 4480c884ae21482ca5682b2ba88afe02 - - default default] Unable to schedule network 1b9820c2-f56f-400e-9a8a-ab309f1d58cf: no agents available; will retry on subsequent port and subnet creation events.
2026-05-06 02:21:44.484 9 INFO neutron.wsgi [None req-64b6936c-204c-479f-9aff-bedbe3187cde f3ff09f8844c40e79ab167eb2aa7988d 971c12c34c204bf883dbd9fe19e60b09 - - default default] 10.0.0.230 "DELETE /v2.0/floatingips/24b60b34-0af2-4a75-8ce8-7f274ce2c227 HTTP/1.1" status: 204 len: 168 time: 0.5444067
2026-05-06 02:21:44.578 10 INFO neutron.db.ovn_revision_numbers_db [None req-859dde87-16cb-4413-b6da-ea0741f3a140 094f219b76eb40a3be020b6a777082ba 5c0a2e4e5ccf4b708c4a26ce814ccb2b - - default default] Successfully bumped revision number for resource 7c839754-61a6-40dc-ba84-77ca36540ed8 (type: ports) to 2
2026-05-06 02:21:44.639 10 INFO neutron.db.ovn_revision_numbers_db [None req-859dde87-16cb-4413-b6da-ea0741f3a140 094f219b76eb40a3be020b6a777082ba 5c0a2e4e5ccf4b708c4a26ce814ccb2b - - default default] Successfully bumped revision number for resource fc6ce8de-d9b4-46a4-8e58-726fe0ef84ab (type: subnets) to 0
2026-05-06 02:21:44.647 10 INFO neutron.db.ovn_revision_numbers_db [None req-62cc72b6-2046-4909-98fa-82621f8cb76a b2f3e1d88a5e4c349345ec77204dadc3 4480c884ae21482ca5682b2ba88afe02 - - default default] Successfully bumped revision number for resource 835ca73d-5aff-4bcc-a95f-338dd114b56d (type: ports) to 1
2026-05-06 02:21:44.655 10 INFO neutron.wsgi [None req-859dde87-16cb-4413-b6da-ea0741f3a140 094f219b76eb40a3be020b6a777082ba 5c0a2e4e5ccf4b708c4a26ce814ccb2b - - default default] 10.0.0.230 "POST /v2.0/subnets HTTP/1.1" status: 201 len: 801 time: 1.0366926
2026-05-06 02:21:44.925 10 WARNING neutron_lib.context [None req-cf1d9793-a233-417c-a895-b5e66a3fc030 93d2f93d23c448dbb9c9c1170d7b3f0d e73bbb4b1b2445b8a5be48ad4ee59423 - - default default] Method 'is_advsvc' is deprecated since 2023.2 release (neutron-lib 3.8.0) and will be removed once support for the old RBAC API policies will be removed from Neutron. Please use method 'is_service_role' instead.
2026-05-06 02:21:45.071 9 INFO neutron.db.ovn_revision_numbers_db [None req-3c1ef010-d17f-483e-bd13-01010ed95c41 094f219b76eb40a3be020b6a777082ba 5c0a2e4e5ccf4b708c4a26ce814ccb2b - - default default] Successfully bumped revision number for resource fc6ce8de-d9b4-46a4-8e58-726fe0ef84ab (type: subnets) to 1
2026-05-06 02:21:45.074 9 INFO neutron.wsgi [None req-3c1ef010-d17f-483e-bd13-01010ed95c41 094f219b76eb40a3be020b6a777082ba 5c0a2e4e5ccf4b708c4a26ce814ccb2b - - default default] 10.0.0.230 "PUT /v2.0/subnets/fc6ce8de-d9b4-46a4-8e58-726fe0ef84ab HTTP/1.1" status: 200 len: 806 time: 0.4135976
2026-05-06 02:21:45.109 10 INFO neutron.db.ovn_revision_numbers_db [None req-cf1d9793-a233-417c-a895-b5e66a3fc030 93d2f93d23c448dbb9c9c1170d7b3f0d e73bbb4b1b2445b8a5be48ad4ee59423 - - default default] Successfully bumped revision number for resource d676b7f3-835b-4696-a61b-d29e89fdd9c5 (type: security_groups) to 1
2026-05-06 02:21:45.143 10 INFO neutron.db.ovn_revision_numbers_db [None req-cf1d9793-a233-417c-a895-b5e66a3fc030 93d2f93d23c448dbb9c9c1170d7b3f0d e73bbb4b1b2445b8a5be48ad4ee59423 - - default default] Successfully bumped revision number for resource 25be9dad-68db-4f7e-8f3f-ea34c8ab6ef5 (type: security_group_rules) to 0
2026-05-06 02:21:45.164 10 INFO neutron.db.ovn_revision_numbers_db [None req-cf1d9793-a233-417c-a895-b5e66a3fc030 93d2f93d23c448dbb9c9c1170d7b3f0d e73bbb4b1b2445b8a5be48ad4ee59423 - - default default] Successfully bumped revision number for resource 9e4a7ee5-8dbc-45b9-9882-b9f15785696c (type: security_group_rules) to 0
2026-05-06 02:21:45.355 10 INFO neutron.wsgi [None req-cf1d9793-a233-417c-a895-b5e66a3fc030 93d2f93d23c448dbb9c9c1170d7b3f0d e73bbb4b1b2445b8a5be48ad4ee59423 - - default default] 10.0.0.230 "POST /v2.0/security-groups HTTP/1.1" status: 201 len: 1796 time: 0.4557338
2026-05-06 02:21:45.368 9 WARNING neutron_lib.context [None req-a4a96fb4-fbd3-4b78-a859-3572a0cd46d1 93d2f93d23c448dbb9c9c1170d7b3f0d e73bbb4b1b2445b8a5be48ad4ee59423 - - default default] Method 'is_advsvc' is deprecated since 2023.2 release (neutron-lib 3.8.0) and will be removed once support for the old RBAC API policies will be removed from Neutron. Please use method 'is_service_role' instead.
2026-05-06 02:21:45.511 10 INFO neutron.plugins.ml2.drivers.ovn.mech_driver.ovsdb.ovsdb_monitor [None req-a242f8f9-34b7-4023-a94b-e901fd2626d7 - - - - - -] Router a2cef501-811d-4088-b437-c377f4e6ae1f is bound to host instance
2026-05-06 02:21:45.551 9 INFO neutron.db.ovn_revision_numbers_db [None req-a4a96fb4-fbd3-4b78-a859-3572a0cd46d1 93d2f93d23c448dbb9c9c1170d7b3f0d e73bbb4b1b2445b8a5be48ad4ee59423 - - default default] Successfully bumped revision number for resource fbb08b47-870b-44e7-b718-7b0065ad26e6 (type: security_group_rules) to 0
2026-05-06 02:21:45.571 10 INFO neutron.db.ovn_revision_numbers_db [None req-62cc72b6-2046-4909-98fa-82621f8cb76a b2f3e1d88a5e4c349345ec77204dadc3 4480c884ae21482ca5682b2ba88afe02 - - default default] Successfully bumped revision number for resource 835ca73d-5aff-4bcc-a95f-338dd114b56d (type: router_ports) to 1
2026-05-06 02:21:45.577 9 INFO neutron.wsgi [None req-a4a96fb4-fbd3-4b78-a859-3572a0cd46d1 93d2f93d23c448dbb9c9c1170d7b3f0d e73bbb4b1b2445b8a5be48ad4ee59423 - - default default] 10.0.0.230 "POST /v2.0/security-group-rules HTTP/1.1" status: 201 len: 764 time: 0.2132008
2026-05-06 02:21:45.588 9 WARNING neutron_lib.context [None req-7344e019-d4e4-4c01-ae62-b7c7f376c6d5 93d2f93d23c448dbb9c9c1170d7b3f0d e73bbb4b1b2445b8a5be48ad4ee59423 - - default default] Method 'is_advsvc' is deprecated since 2023.2 release (neutron-lib 3.8.0) and will be removed once support for the old RBAC API policies will be removed from Neutron. Please use method 'is_service_role' instead.
2026-05-06 02:21:45.702 10 INFO neutron.db.ovn_revision_numbers_db [None req-62cc72b6-2046-4909-98fa-82621f8cb76a b2f3e1d88a5e4c349345ec77204dadc3 4480c884ae21482ca5682b2ba88afe02 - - default default] Successfully bumped revision number for resource a2cef501-811d-4088-b437-c377f4e6ae1f (type: routers) to 2
2026-05-06 02:21:45.730 10 INFO neutron.wsgi [None req-62cc72b6-2046-4909-98fa-82621f8cb76a b2f3e1d88a5e4c349345ec77204dadc3 4480c884ae21482ca5682b2ba88afe02 - - default default] 10.0.0.230 "POST /v2.0/routers HTTP/1.1" status: 201 len: 884 time: 1.9163909
2026-05-06 02:21:45.746 9 INFO neutron.wsgi [None req-018a2a79-809e-47a5-91cf-e60b3af21d03 b2f3e1d88a5e4c349345ec77204dadc3 4480c884ae21482ca5682b2ba88afe02 - - default default] 10.0.0.230 "PUT /v2.0/routers/cee6b548-124e-44bc-a2dd-8b6437efb48c/remove_router_interface HTTP/1.1" status: 200 len: 503 time: 1.2563870 /var/lib/openstack/lib/python3.10/site-packages/pycadf/identifier.py:71: UserWarning: Invalid uuid: neutron. To ensure interoperability, identifiers should be a valid uuid. warnings.warn(('Invalid uuid: %s. To ensure interoperability, '
2026-05-06 02:21:45.800 9 INFO neutron.db.ovn_revision_numbers_db [None req-7344e019-d4e4-4c01-ae62-b7c7f376c6d5 93d2f93d23c448dbb9c9c1170d7b3f0d e73bbb4b1b2445b8a5be48ad4ee59423 - - default default] Successfully bumped revision number for resource fa074077-88ed-4732-865b-4224ab59313a (type: security_group_rules) to 0
2026-05-06 02:21:45.829 9 INFO neutron.wsgi [None req-7344e019-d4e4-4c01-ae62-b7c7f376c6d5 93d2f93d23c448dbb9c9c1170d7b3f0d e73bbb4b1b2445b8a5be48ad4ee59423 - - default default] 10.0.0.230 "POST /v2.0/security-group-rules HTTP/1.1" status: 201 len: 769 time: 0.2478518
2026-05-06 02:21:45.839 9 WARNING neutron_lib.context [None req-ec08e42e-a83e-4207-996c-12c568d4e1d8 93d2f93d23c448dbb9c9c1170d7b3f0d e73bbb4b1b2445b8a5be48ad4ee59423 - - default default] Method 'is_advsvc' is deprecated since 2023.2 release (neutron-lib 3.8.0) and will be removed once support for the old RBAC API policies will be removed from Neutron. Please use method 'is_service_role' instead.
2026-05-06 02:21:46.196 10 INFO neutron.services.segments.plugin [-] Segment 2bcc67da-f83f-48f0-9a13-809e77baca30 resource provider aggregate not found
2026-05-06 02:21:46.202 10 INFO neutron.services.segments.plugin [-] Segment 2bcc67da-f83f-48f0-9a13-809e77baca30 resource provider aggregate not found
2026-05-06 02:21:46.213 10 INFO neutron.services.segments.plugin [-] Segment 2bcc67da-f83f-48f0-9a13-809e77baca30 resource provider not found; error: Placement Client Error (4xx): {"errors": [{"status": 404, "title": "Not Found", "detail": "The resource could not be found.\n\n No resource provider with uuid 2bcc67da-f83f-48f0-9a13-809e77baca30 found for delete ", "request_id": "req-91e813ca-ec3e-4d99-8e9f-c0a70a81c6f3"}]}
2026-05-06 02:21:46.223 10 INFO neutron.services.segments.plugin [-] Segment 2bcc67da-f83f-48f0-9a13-809e77baca30 resource provider not found; error: Placement Client Error (4xx): {"errors": [{"status": 404, "title": "Not Found", "detail": "The resource could not be found.\n\n No resource provider with uuid 2bcc67da-f83f-48f0-9a13-809e77baca30 found for delete ", "request_id": "req-6b31652e-55fb-4b6a-ab1d-58c4649e6ebf"}]}
2026-05-06 02:21:46.298 10 INFO neutron.wsgi [None req-4d2bd1c2-c12a-4b5b-aec0-f022bd553a36 094f219b76eb40a3be020b6a777082ba 5c0a2e4e5ccf4b708c4a26ce814ccb2b - - default default] 10.0.0.230 "DELETE /v2.0/networks/4f242dda-5c3a-4b4f-8f5a-a6a879207275 HTTP/1.1" status: 204 len: 168 time: 1.2192042
2026-05-06 02:21:46.353 10 INFO neutron.pecan_wsgi.hooks.translation [None req-be6a2d9d-52db-4613-acbd-3046662a1f69 094f219b76eb40a3be020b6a777082ba 5c0a2e4e5ccf4b708c4a26ce814ccb2b - - default default] DELETE failed (client error): The resource could not be found.
2026-05-06 02:21:46.355 10 INFO neutron.wsgi [None req-be6a2d9d-52db-4613-acbd-3046662a1f69 094f219b76eb40a3be020b6a777082ba 5c0a2e4e5ccf4b708c4a26ce814ccb2b - - default default] 10.0.0.230 "DELETE /v2.0/networks/4f242dda-5c3a-4b4f-8f5a-a6a879207275 HTTP/1.1" status: 404 len: 339 time: 0.0353806
2026-05-06 02:21:46.417 10 INFO neutron.db.ovn_revision_numbers_db [None req-a242f8f9-34b7-4023-a94b-e901fd2626d7 - - - - - -] Successfully bumped revision number for resource 835ca73d-5aff-4bcc-a95f-338dd114b56d (type: ports) to 1
2026-05-06 02:21:46.439 9 WARNING neutron.scheduler.dhcp_agent_scheduler [None req-ec08e42e-a83e-4207-996c-12c568d4e1d8 93d2f93d23c448dbb9c9c1170d7b3f0d e73bbb4b1b2445b8a5be48ad4ee59423 - - default default] No more DHCP agents
2026-05-06 02:21:46.447 9 WARNING neutron.api.rpc.agentnotifiers.dhcp_rpc_agent_api [None req-ec08e42e-a83e-4207-996c-12c568d4e1d8 93d2f93d23c448dbb9c9c1170d7b3f0d e73bbb4b1b2445b8a5be48ad4ee59423 - - default default] Unable to schedule network 1b9820c2-f56f-400e-9a8a-ab309f1d58cf: no agents available; will retry on subsequent port and subnet creation events.
2026-05-06 02:21:46.471 9 INFO neutron.wsgi [None req-382ef8e8-3a02-4854-9e50-fb2035cd5dc4 094f219b76eb40a3be020b6a777082ba 5c0a2e4e5ccf4b708c4a26ce814ccb2b - - default default] 10.0.0.230 "GET /v2.0/networks?router%3Aexternal=True HTTP/1.1" status: 200 len: 845 time: 0.1088524
2026-05-06 02:21:46.529 9 INFO neutron.wsgi [None req-13b5ce2f-ed71-4571-91ad-b9e4b97c0e04 094f219b76eb40a3be020b6a777082ba 5c0a2e4e5ccf4b708c4a26ce814ccb2b - - default default] 10.0.0.230 "GET /v2.0/subnets?network_id=1b9820c2-f56f-400e-9a8a-ab309f1d58cf HTTP/1.1" status: 200 len: 820 time: 0.0446334
2026-05-06 02:21:46.547 10 INFO neutron.wsgi [None req-e05a663c-016b-41ed-aa7d-504c14703f1b 094f219b76eb40a3be020b6a777082ba 5c0a2e4e5ccf4b708c4a26ce814ccb2b - - default default] 10.0.0.230 "GET /v2.0/extensions HTTP/1.1" status: 200 len: 16975 time: 0.0109558
2026-05-06 02:21:46.560 10 WARNING neutron.scheduler.dhcp_agent_scheduler [None req-c4d43cf9-43bd-4da5-a177-56c48990c7d2 b2f3e1d88a5e4c349345ec77204dadc3 4480c884ae21482ca5682b2ba88afe02 - - default default] No more DHCP agents
2026-05-06 02:21:46.579 10 WARNING neutron.api.rpc.agentnotifiers.dhcp_rpc_agent_api [None req-c4d43cf9-43bd-4da5-a177-56c48990c7d2 b2f3e1d88a5e4c349345ec77204dadc3 4480c884ae21482ca5682b2ba88afe02 - - default default] Unable to schedule network dddeb60e-d9fa-4245-b07b-504aab9eb40d: no agents available; will retry on subsequent port and subnet creation events.
2026-05-06 02:21:46.674 9 INFO neutron.wsgi [None req-80d569b1-0a8b-49d1-8b49-769eaeebe46b 094f219b76eb40a3be020b6a777082ba 5c0a2e4e5ccf4b708c4a26ce814ccb2b - - default default] 10.0.0.230 "GET /v2.0/networks HTTP/1.1" status: 200 len: 1504 time: 0.1190898
2026-05-06 02:21:46.717 10 INFO neutron.db.ovn_revision_numbers_db [None req-a242f8f9-34b7-4023-a94b-e901fd2626d7 - - - - - -] Successfully bumped revision number for resource 835ca73d-5aff-4bcc-a95f-338dd114b56d (type: router_ports) to 3
2026-05-06 02:21:46.729 9 INFO neutron.wsgi [None req-8bbb9960-54fa-47c7-8222-4a647b72960f 094f219b76eb40a3be020b6a777082ba 5c0a2e4e5ccf4b708c4a26ce814ccb2b - - default default] 10.0.0.230 "GET /v2.0/subnets HTTP/1.1" status: 200 len: 1428 time: 0.0454974
2026-05-06 02:21:46.820 9 INFO neutron.wsgi [-] 10.0.0.222 "GET / HTTP/1.1" status: 200 len: 246 time: 0.0012438
2026-05-06 02:21:46.822 9 INFO neutron.wsgi [-] 10.0.0.222 "GET / HTTP/1.1" status: 200 len: 246 time: 0.0010018
2026-05-06 02:21:46.848 10 INFO neutron.db.ovn_revision_numbers_db [None req-c4d43cf9-43bd-4da5-a177-56c48990c7d2 b2f3e1d88a5e4c349345ec77204dadc3 4480c884ae21482ca5682b2ba88afe02 - - default default] Successfully bumped revision number for resource 5c9a0b94-3185-4c1f-92ac-91fd4da6bcb7 (type: ports) to 1
2026-05-06 02:21:46.853 10 INFO neutron.wsgi [None req-d416396f-0364-4ef4-ae43-6d568be9f783 094f219b76eb40a3be020b6a777082ba 5c0a2e4e5ccf4b708c4a26ce814ccb2b - - default default] 10.0.0.230 "GET /v2.0/networks/4e4a326b-4818-452b-926c-ba7fd0715d8f HTTP/1.1" status: 200 len: 863 time: 0.1161780
2026-05-06 02:21:46.921 9 INFO neutron.wsgi [None req-68533638-897c-48a1-a094-28904e18f1c9 094f219b76eb40a3be020b6a777082ba 5c0a2e4e5ccf4b708c4a26ce814ccb2b - - default default] 10.0.0.230 "GET /v2.0/subnets/76e21a11-1390-4af9-8a9c-e4cce588d8a8 HTTP/1.1" status: 200 len: 811 time: 0.0597525
2026-05-06 02:21:46.950 10 INFO neutron.pecan_wsgi.hooks.translation [None req-d75f2598-4c66-4e92-bcb5-f436436d8f76 094f219b76eb40a3be020b6a777082ba 5c0a2e4e5ccf4b708c4a26ce814ccb2b - - default default] DELETE failed (client error): The resource could not be found.
2026-05-06 02:21:46.952 10 INFO neutron.wsgi [None req-d75f2598-4c66-4e92-bcb5-f436436d8f76 094f219b76eb40a3be020b6a777082ba 5c0a2e4e5ccf4b708c4a26ce814ccb2b - - default default] 10.0.0.230 "DELETE /v2.0/subnets/fc6ce8de-d9b4-46a4-8e58-726fe0ef84ab HTTP/1.1" status: 404 len: 337 time: 0.0241215
2026-05-06 02:21:46.992 9 INFO neutron.pecan_wsgi.hooks.translation [None req-0ddf17b9-3f63-4ba3-ae32-3454ccce9367 094f219b76eb40a3be020b6a777082ba 5c0a2e4e5ccf4b708c4a26ce814ccb2b - - default default] DELETE failed (client error): The resource could not be found.
2026-05-06 02:21:46.994 9 INFO neutron.wsgi [None req-0ddf17b9-3f63-4ba3-ae32-3454ccce9367 094f219b76eb40a3be020b6a777082ba 5c0a2e4e5ccf4b708c4a26ce814ccb2b - - default default] 10.0.0.230 "DELETE /v2.0/networks/4f242dda-5c3a-4b4f-8f5a-a6a879207275 HTTP/1.1" status: 404 len: 339 time: 0.0364778
2026-05-06 02:21:47.042 9 INFO neutron.db.ovn_revision_numbers_db [None req-ec08e42e-a83e-4207-996c-12c568d4e1d8 93d2f93d23c448dbb9c9c1170d7b3f0d e73bbb4b1b2445b8a5be48ad4ee59423 - - default default] Successfully bumped revision number for resource faff678d-9fae-4c6c-9c28-e21f92492182 (type: floatingips) to 0
2026-05-06 02:21:47.074 9 INFO neutron.wsgi [None req-ec08e42e-a83e-4207-996c-12c568d4e1d8 93d2f93d23c448dbb9c9c1170d7b3f0d e73bbb4b1b2445b8a5be48ad4ee59423 - - default default] 10.0.0.230 "POST /v2.0/floatingips HTTP/1.1" status: 201 len: 751 time: 1.2391233
2026-05-06 02:21:47.133 10 INFO neutron.db.ovn_revision_numbers_db [None req-a242f8f9-34b7-4023-a94b-e901fd2626d7 - - - - - -] Successfully bumped revision number for resource 835ca73d-5aff-4bcc-a95f-338dd114b56d (type: ports) to 2
2026-05-06 02:21:47.202 9 INFO neutron.wsgi [None req-af64f107-c33c-42f9-b625-cc1c8a8bcd44 b2f3e1d88a5e4c349345ec77204dadc3 4480c884ae21482ca5682b2ba88afe02 - - default default] 10.0.0.230 "DELETE /v2.0/routers/cee6b548-124e-44bc-a2dd-8b6437efb48c HTTP/1.1" status: 204 len: 168 time: 1.4505842
2026-05-06 02:21:47.356 9 INFO neutron.wsgi [None req-7b9806b2-8949-4815-93ae-526f39193093 094f219b76eb40a3be020b6a777082ba 5c0a2e4e5ccf4b708c4a26ce814ccb2b - - default default] 10.0.0.230 "DELETE /v2.0/subnets/76e21a11-1390-4af9-8a9c-e4cce588d8a8 HTTP/1.1" status: 204 len: 168 time: 0.3569980
2026-05-06 02:21:47.462 10 INFO neutron.db.ovn_revision_numbers_db [None req-a242f8f9-34b7-4023-a94b-e901fd2626d7 - - - - - -] Successfully bumped revision number for resource 835ca73d-5aff-4bcc-a95f-338dd114b56d (type: ports) to 4
2026-05-06 02:21:47.506 9 INFO neutron.wsgi [None req-bf534c31-0dab-4742-a56c-8e24cc33cf9e b2f3e1d88a5e4c349345ec77204dadc3 4480c884ae21482ca5682b2ba88afe02 - - default default] 10.0.0.230 "DELETE /v2.0/subnets/bb0e73d3-e195-40f7-8738-bfd11b6a321d HTTP/1.1" status: 204 len: 168 time: 0.2967734
2026-05-06 02:21:47.508 9 INFO neutron.plugins.ml2.drivers.ovn.mech_driver.mech_driver [None req-8cefd4d7-23e3-4fef-ae55-00df4d61c4ec - - - - - -] OVN reports status up for port: 5c9a0b94-3185-4c1f-92ac-91fd4da6bcb7
2026-05-06 02:21:47.520 9 INFO neutron.wsgi [req-00babdd2-3665-4553-92fe-ea117464008b req-8d24559b-ac66-4f29-938d-01fa6deb8c3c 93d2f93d23c448dbb9c9c1170d7b3f0d e73bbb4b1b2445b8a5be48ad4ee59423 - - default default] 10.0.0.94 "GET /v2.0/security-groups?name=tempest-securitygroup--909684781&fields=id&tenant_id=e73bbb4b1b2445b8a5be48ad4ee59423 HTTP/1.1" status: 200 len: 267 time: 0.0664313
2026-05-06 02:21:47.522 9 INFO neutron.plugins.ml2.plugin [None req-8cefd4d7-23e3-4fef-ae55-00df4d61c4ec - - - - - -] Attempt 1 to provision port 5c9a0b94-3185-4c1f-92ac-91fd4da6bcb7
2026-05-06 02:21:47.578 10 INFO neutron.db.ovn_revision_numbers_db [None req-c4d43cf9-43bd-4da5-a177-56c48990c7d2 b2f3e1d88a5e4c349345ec77204dadc3 4480c884ae21482ca5682b2ba88afe02 - - default default] Successfully bumped revision number for resource 5c9a0b94-3185-4c1f-92ac-91fd4da6bcb7 (type: router_ports) to 1
2026-05-06 02:21:47.636 9 INFO neutron.wsgi [req-00babdd2-3665-4553-92fe-ea117464008b req-092c5473-778b-445c-ba6e-9cc008b7cace 93d2f93d23c448dbb9c9c1170d7b3f0d e73bbb4b1b2445b8a5be48ad4ee59423 - - default default] 10.0.0.94 "GET /v2.0/networks?id=38cde2b2-7a83-47cb-95da-f6414367dc64 HTTP/1.1" status: 200 len: 874 time: 0.1092408
2026-05-06 02:21:47.670 9 INFO neutron.wsgi [req-00babdd2-3665-4553-92fe-ea117464008b req-bd6f2c80-eb9a-4456-8ba6-a741aca1d069 93d2f93d23c448dbb9c9c1170d7b3f0d e73bbb4b1b2445b8a5be48ad4ee59423 - - default default] 10.0.0.94 "GET /v2.0/quotas/e73bbb4b1b2445b8a5be48ad4ee59423 HTTP/1.1" status: 200 len: 386 time: 0.0174530
2026-05-06 02:21:47.834 10 INFO neutron.db.ovn_revision_numbers_db [None req-a242f8f9-34b7-4023-a94b-e901fd2626d7 - - - - - -] Successfully bumped revision number for resource 835ca73d-5aff-4bcc-a95f-338dd114b56d (type: router_ports) to 4
2026-05-06 02:21:47.840 9 INFO neutron.wsgi [req-00babdd2-3665-4553-92fe-ea117464008b req-354d178f-5cfd-420a-8e20-a3c19a8d3025 93d2f93d23c448dbb9c9c1170d7b3f0d e73bbb4b1b2445b8a5be48ad4ee59423 - - default default] 10.0.0.94 "GET /v2.0/ports?tenant_id=e73bbb4b1b2445b8a5be48ad4ee59423&fields=id HTTP/1.1" status: 200 len: 302 time: 0.1625288
2026-05-06 02:21:47.856 10 INFO neutron.db.ovn_revision_numbers_db [None req-c4d43cf9-43bd-4da5-a177-56c48990c7d2 b2f3e1d88a5e4c349345ec77204dadc3 4480c884ae21482ca5682b2ba88afe02 - - default default] Successfully bumped revision number for resource 5c9a0b94-3185-4c1f-92ac-91fd4da6bcb7 (type: ports) to 1
2026-05-06 02:21:47.964 9 INFO neutron.services.segments.plugin [-] Segment bfdf3423-7331-46a4-ad51-3b51d127f17f resource provider aggregate not found
2026-05-06 02:21:47.970 9 INFO neutron.services.segments.plugin [-] Segment bfdf3423-7331-46a4-ad51-3b51d127f17f resource provider aggregate not found
2026-05-06 02:21:47.983 9 INFO neutron.services.segments.plugin [-] Segment bfdf3423-7331-46a4-ad51-3b51d127f17f resource provider not found; error: Placement Client Error (4xx): {"errors": [{"status": 404, "title": "Not Found", "detail": "The resource could not be found.\n\n No resource provider with uuid bfdf3423-7331-46a4-ad51-3b51d127f17f found for delete ", "request_id": "req-3b6068cb-e586-4fae-8d9d-71b9d1c1ed29"}]}
2026-05-06 02:21:47.993 10 WARNING neutron.scheduler.dhcp_agent_scheduler [None req-c4d43cf9-43bd-4da5-a177-56c48990c7d2 b2f3e1d88a5e4c349345ec77204dadc3 4480c884ae21482ca5682b2ba88afe02 - - default default] No more DHCP agents
2026-05-06 02:21:47.998 10 WARNING neutron.api.rpc.agentnotifiers.dhcp_rpc_agent_api [None req-c4d43cf9-43bd-4da5-a177-56c48990c7d2 b2f3e1d88a5e4c349345ec77204dadc3 4480c884ae21482ca5682b2ba88afe02 - - default default] Unable to schedule network dddeb60e-d9fa-4245-b07b-504aab9eb40d: no agents available; will retry on subsequent port and subnet creation events.
2026-05-06 02:21:48.000 9 INFO neutron.services.segments.plugin [-] Segment bfdf3423-7331-46a4-ad51-3b51d127f17f resource provider not found; error: Placement Client Error (4xx): {"errors": [{"status": 404, "title": "Not Found", "detail": "The resource could not be found.\n\n No resource provider with uuid bfdf3423-7331-46a4-ad51-3b51d127f17f found for delete ", "request_id": "req-c42cb09f-c803-403b-9808-738b4140f5ca"}]}
2026-05-06 02:21:48.039 9 INFO neutron.wsgi [None req-94f6d1f5-3be8-47d7-b4d9-9a5e55554268 094f219b76eb40a3be020b6a777082ba 5c0a2e4e5ccf4b708c4a26ce814ccb2b - - default default] 10.0.0.230 "DELETE /v2.0/networks/4e4a326b-4818-452b-926c-ba7fd0715d8f HTTP/1.1" status: 204 len: 168 time: 0.6779113
2026-05-06 02:21:48.056 9 INFO neutron.db.ovn_revision_numbers_db [None req-8cefd4d7-23e3-4fef-ae55-00df4d61c4ec - - - - - -] Successfully bumped revision number for resource 5c9a0b94-3185-4c1f-92ac-91fd4da6bcb7 (type: ports) to 2
2026-05-06 02:21:48.125 10 INFO neutron.wsgi [None req-e9ab8326-3282-44b3-91fc-cfb7ae6b833a b2f3e1d88a5e4c349345ec77204dadc3 4480c884ae21482ca5682b2ba88afe02 - - default default] 10.0.0.230 "DELETE /v2.0/networks/28665998-cd18-4484-8a14-9881358c9fe2 HTTP/1.1" status: 204 len: 168 time: 0.6091959
2026-05-06 02:21:48.236 10 INFO neutron.services.segments.plugin [-] Segment eca1070f-897f-4d9c-aeaf-6faba22af7a1 resource provider aggregate not found
2026-05-06 02:21:48.244 10 INFO neutron.services.segments.plugin [-] Segment eca1070f-897f-4d9c-aeaf-6faba22af7a1 resource provider aggregate not found
2026-05-06 02:21:48.257 10 INFO neutron.services.segments.plugin [-] Segment eca1070f-897f-4d9c-aeaf-6faba22af7a1 resource provider not found; error: Placement Client Error (4xx): {"errors": [{"status": 404, "title": "Not Found", "detail": "The resource could not be found.\n\n No resource provider with uuid eca1070f-897f-4d9c-aeaf-6faba22af7a1 found for delete ", "request_id": "req-73f1f394-5a13-4dfb-bd74-48af3530c649"}]}
2026-05-06 02:21:48.263 10 INFO neutron.services.segments.plugin [-] Segment eca1070f-897f-4d9c-aeaf-6faba22af7a1 resource provider not found; error: Placement Client Error (4xx): {"errors": [{"status": 404, "title": "Not Found", "detail": "The resource could not be found.\n\n No resource provider with uuid eca1070f-897f-4d9c-aeaf-6faba22af7a1 found for delete ", "request_id": "req-a7b69228-0374-44e4-b54a-329970e78957"}]}
2026-05-06 02:21:48.298 10 INFO neutron.wsgi [None req-553595f5-d34d-4f6d-a7e0-db37d0a410aa b2f3e1d88a5e4c349345ec77204dadc3 4480c884ae21482ca5682b2ba88afe02 - - default default] 10.0.0.230 "GET /v2.0/security-groups?tenant_id=971c12c34c204bf883dbd9fe19e60b09&name=default HTTP/1.1" status: 200 len: 2992 time: 0.0422063
2026-05-06 02:21:48.335 9 INFO neutron.db.ovn_revision_numbers_db [None req-8cefd4d7-23e3-4fef-ae55-00df4d61c4ec - - - - - -] Successfully bumped revision number for resource 5c9a0b94-3185-4c1f-92ac-91fd4da6bcb7 (type: router_ports) to 2
2026-05-06 02:21:48.423 9 INFO neutron.wsgi [req-00babdd2-3665-4553-92fe-ea117464008b req-c34721a2-d16e-4081-8276-b3e8cc565699 ed576ecd542f4288831ba534499bb145 41bd6affeae14f5b89d52a324d3cdf36 - - 04cad231764c4cdb83f92d8296039eae 04cad231764c4cdb83f92d8296039eae] 10.0.0.94 "GET /v2.0/extensions HTTP/1.1" status: 200 len: 16980 time: 0.1364942
2026-05-06 02:21:48.485 9 INFO neutron.wsgi [req-00babdd2-3665-4553-92fe-ea117464008b req-d9499c4b-71ca-4f16-9704-c146432117c0 ed576ecd542f4288831ba534499bb145 41bd6affeae14f5b89d52a324d3cdf36 - - 04cad231764c4cdb83f92d8296039eae 04cad231764c4cdb83f92d8296039eae] 10.0.0.94 "GET /v2.0/networks/38cde2b2-7a83-47cb-95da-f6414367dc64?fields=segments HTTP/1.1" status: 200 len: 212 time: 0.0554430
2026-05-06 02:21:48.557 9 INFO neutron.wsgi [req-00babdd2-3665-4553-92fe-ea117464008b req-543bb0e4-b579-4eca-8e1d-402fba08c99d ed576ecd542f4288831ba534499bb145 41bd6affeae14f5b89d52a324d3cdf36 - - 04cad231764c4cdb83f92d8296039eae 04cad231764c4cdb83f92d8296039eae] 10.0.0.94 "GET /v2.0/networks/38cde2b2-7a83-47cb-95da-f6414367dc64?fields=provider%3Aphysical_network&fields=provider%3Anetwork_type HTTP/1.1" status: 200 len: 277 time: 0.0662417
2026-05-06 02:21:48.598 10 INFO neutron.wsgi [None req-ebc3408b-e66a-4e7e-bbb7-1e45ee781807 b2f3e1d88a5e4c349345ec77204dadc3 4480c884ae21482ca5682b2ba88afe02 - - default default] 10.0.0.230 "DELETE /v2.0/security-groups/b86f0142-3d6a-471b-8395-165d82005810 HTTP/1.1" status: 204 len: 168 time: 0.2957406
2026-05-06 02:21:48.677 10 INFO neutron.db.ovn_revision_numbers_db [None req-c4d43cf9-43bd-4da5-a177-56c48990c7d2 b2f3e1d88a5e4c349345ec77204dadc3 4480c884ae21482ca5682b2ba88afe02 - - default default] Successfully bumped revision number for resource 5c9a0b94-3185-4c1f-92ac-91fd4da6bcb7 (type: router_ports) to 2
2026-05-06 02:21:48.679 10 INFO neutron.wsgi [None req-c4d43cf9-43bd-4da5-a177-56c48990c7d2 b2f3e1d88a5e4c349345ec77204dadc3 4480c884ae21482ca5682b2ba88afe02 - - default default] 10.0.0.230 "PUT /v2.0/routers/a2cef501-811d-4088-b437-c377f4e6ae1f/add_router_interface HTTP/1.1" status: 200 len: 503 time: 2.9410770
2026-05-06 02:21:48.700 10 INFO neutron.wsgi [req-f36373d1-7690-4d4c-ae99-e939c83b7e73 req-455a3a52-3dd3-494b-97e4-7948bc2aedac 93d2f93d23c448dbb9c9c1170d7b3f0d e73bbb4b1b2445b8a5be48ad4ee59423 - - default default] 10.0.0.94 "GET /v2.0/ports?device_id=370006dd-d7f1-46df-84be-bcffe0157fdf HTTP/1.1" status: 200 len: 210 time: 0.0189033
2026-05-06 02:21:48.847 10 WARNING neutron.plugins.ml2.drivers.ovn.mech_driver.ovsdb.ovn_client [None req-dc4700c3-af91-4fc7-8c99-a746eaa7b092 - - - - - -] No hosting information found for port 549cffeb-7d4b-4c5a-b7ce-8382dee8bc2a: RuntimeError: No hosting information found for port 549cffeb-7d4b-4c5a-b7ce-8382dee8bc2a
2026-05-06 02:21:48.847 10 INFO neutron.plugins.ml2.drivers.ovn.mech_driver.mech_driver [None req-dc4700c3-af91-4fc7-8c99-a746eaa7b092 - - - - - -] OVN reports status up for port: 835ca73d-5aff-4bcc-a95f-338dd114b56d
2026-05-06 02:21:48.858 10 INFO neutron.plugins.ml2.plugin [None req-dc4700c3-af91-4fc7-8c99-a746eaa7b092 - - - - - -] Attempt 1 to provision port 835ca73d-5aff-4bcc-a95f-338dd114b56d
2026-05-06 02:21:48.878 9 INFO neutron.wsgi [None req-76161245-40ca-4f10-bef2-afaec742fc83 b2f3e1d88a5e4c349345ec77204dadc3 4480c884ae21482ca5682b2ba88afe02 - - default default] 10.0.0.230 "GET /v2.0/security-groups?tenant_id=5c0a2e4e5ccf4b708c4a26ce814ccb2b&name=default HTTP/1.1" status: 200 len: 2996 time: 0.2902822
2026-05-06 02:21:49.137 9 INFO neutron.wsgi [None req-4632d407-b133-4319-979d-5c5484ac4694 b2f3e1d88a5e4c349345ec77204dadc3 4480c884ae21482ca5682b2ba88afe02 - - default default] 10.0.0.230 "DELETE /v2.0/security-groups/45ef62b1-6484-4bb2-be46-f7eed25e7221 HTTP/1.1" status: 204 len: 168 time: 0.2551992
2026-05-06 02:21:49.437 9 WARNING neutron_lib.context [None req-c62d0f56-3a81-4bc0-8b59-8bca3099f538 b758450f9fdd48ac97ae68a38f706420 5f90d5377953438e82b8277b01ccdc9a - - default default] Method 'is_advsvc' is deprecated since 2023.2 release (neutron-lib 3.8.0) and will be removed once support for the old RBAC API policies will be removed from Neutron. Please use method 'is_service_role' instead.
2026-05-06 02:21:49.560 9 INFO neutron.wsgi [req-00babdd2-3665-4553-92fe-ea117464008b req-0cd98a51-a9c7-49c5-8333-e2a5c18632d1 93d2f93d23c448dbb9c9c1170d7b3f0d e73bbb4b1b2445b8a5be48ad4ee59423 - - default default] 199.19.213.194 "GET /v2.0/networks?id=38cde2b2-7a83-47cb-95da-f6414367dc64 HTTP/1.1" status: 200 len: 874 time: 0.0761018
2026-05-06 02:21:49.600 9 INFO neutron.db.ovn_revision_numbers_db [None req-c62d0f56-3a81-4bc0-8b59-8bca3099f538 b758450f9fdd48ac97ae68a38f706420 5f90d5377953438e82b8277b01ccdc9a - - default default] Successfully bumped revision number for resource acde4360-8b88-4a0d-bb4c-359a601b656b (type: security_groups) to 1
2026-05-06 02:21:49.617 9 INFO neutron.wsgi [req-00babdd2-3665-4553-92fe-ea117464008b req-d7c0d077-85e3-455a-9060-ea52b3eee543 93d2f93d23c448dbb9c9c1170d7b3f0d e73bbb4b1b2445b8a5be48ad4ee59423 - - default default] 199.19.213.194 "GET /v2.0/security-groups?fields=id&fields=name&tenant_id=e73bbb4b1b2445b8a5be48ad4ee59423 HTTP/1.1" status: 200 len: 379 time: 0.0504663
2026-05-06 02:21:49.629 9 WARNING neutron_lib.context [req-00babdd2-3665-4553-92fe-ea117464008b req-ccabe3ef-c64b-45bd-9daa-70aa1fca111c 93d2f93d23c448dbb9c9c1170d7b3f0d e73bbb4b1b2445b8a5be48ad4ee59423 - - default default] Method 'is_advsvc' is deprecated since 2023.2 release (neutron-lib 3.8.0) and will be removed once support for the old RBAC API policies will be removed from Neutron. Please use method 'is_service_role' instead.
2026-05-06 02:21:49.649 9 INFO neutron.db.ovn_revision_numbers_db [None req-c62d0f56-3a81-4bc0-8b59-8bca3099f538 b758450f9fdd48ac97ae68a38f706420 5f90d5377953438e82b8277b01ccdc9a - - default default] Successfully bumped revision number for resource 03543102-335f-4cfb-ae00-264065b6cc71 (type: security_group_rules) to 0
2026-05-06 02:21:49.680 9 INFO neutron.db.ovn_revision_numbers_db [None req-c62d0f56-3a81-4bc0-8b59-8bca3099f538 b758450f9fdd48ac97ae68a38f706420 5f90d5377953438e82b8277b01ccdc9a - - default default] Successfully bumped revision number for resource b1fa909b-bd17-477f-9dbf-15c5ccd1acb2 (type: security_group_rules) to 0
2026-05-06 02:21:49.709 9 INFO neutron.wsgi [None req-c62d0f56-3a81-4bc0-8b59-8bca3099f538 b758450f9fdd48ac97ae68a38f706420 5f90d5377953438e82b8277b01ccdc9a - - default default] 10.0.0.230 "POST /v2.0/security-groups HTTP/1.1" status: 201 len: 1794 time: 0.2797198
2026-05-06 02:21:49.718 9 WARNING neutron_lib.context [None req-3cac85c9-8181-4f53-b210-4c60c2e3460e b758450f9fdd48ac97ae68a38f706420 5f90d5377953438e82b8277b01ccdc9a - - default default] Method 'is_advsvc' is deprecated since 2023.2 release (neutron-lib 3.8.0) and will be removed once support for the old RBAC API policies will be removed from Neutron. Please use method 'is_service_role' instead.
2026-05-06 02:21:49.795 10 INFO neutron.wsgi [req-3ec045f0-5b78-469d-b688-cc3ee82b75c7 req-820dcb24-caf8-4ba5-98b1-2befe95ed2a5 93d2f93d23c448dbb9c9c1170d7b3f0d e73bbb4b1b2445b8a5be48ad4ee59423 - - default default] 10.0.0.94 "GET /v2.0/ports?device_id=370006dd-d7f1-46df-84be-bcffe0157fdf HTTP/1.1" status: 200 len: 210 time: 0.0239158
2026-05-06 02:21:49.878 9 INFO neutron.db.ovn_revision_numbers_db [None req-3cac85c9-8181-4f53-b210-4c60c2e3460e b758450f9fdd48ac97ae68a38f706420 5f90d5377953438e82b8277b01ccdc9a - - default default] Successfully bumped revision number for resource 4a659556-1b3c-4637-80ed-9971b1446525 (type: security_group_rules) to 0
2026-05-06 02:21:49.921 9 INFO neutron.wsgi [None req-3cac85c9-8181-4f53-b210-4c60c2e3460e b758450f9fdd48ac97ae68a38f706420 5f90d5377953438e82b8277b01ccdc9a - - default default] 10.0.0.230 "POST /v2.0/security-group-rules HTTP/1.1" status: 201 len: 764 time: 0.2072601
2026-05-06 02:21:49.935 10 WARNING neutron_lib.context [None req-76b82e12-85fe-45fb-96bc-053b4de7ccb0 b758450f9fdd48ac97ae68a38f706420 5f90d5377953438e82b8277b01ccdc9a - - default default] Method 'is_advsvc' is deprecated since 2023.2 release (neutron-lib 3.8.0) and will be removed once support for the old RBAC API policies will be removed from Neutron. Please use method 'is_service_role' instead.
2026-05-06 02:21:50.006 9 WARNING neutron.scheduler.dhcp_agent_scheduler [req-00babdd2-3665-4553-92fe-ea117464008b req-ccabe3ef-c64b-45bd-9daa-70aa1fca111c 93d2f93d23c448dbb9c9c1170d7b3f0d e73bbb4b1b2445b8a5be48ad4ee59423 - - default default] No more DHCP agents
2026-05-06 02:21:50.008 9 WARNING neutron.api.rpc.agentnotifiers.dhcp_rpc_agent_api [req-00babdd2-3665-4553-92fe-ea117464008b req-ccabe3ef-c64b-45bd-9daa-70aa1fca111c 93d2f93d23c448dbb9c9c1170d7b3f0d e73bbb4b1b2445b8a5be48ad4ee59423 - - default default] Unable to schedule network 38cde2b2-7a83-47cb-95da-f6414367dc64: no agents available; will retry on subsequent port and subnet creation events.
2026-05-06 02:21:50.156 9 INFO neutron.db.ovn_revision_numbers_db [req-00babdd2-3665-4553-92fe-ea117464008b req-ccabe3ef-c64b-45bd-9daa-70aa1fca111c 93d2f93d23c448dbb9c9c1170d7b3f0d e73bbb4b1b2445b8a5be48ad4ee59423 - - default default] Successfully bumped revision number for resource 8a2ec2bf-380b-4c55-9ba4-ced8fa734af2 (type: ports) to 1
2026-05-06 02:21:50.182 9 INFO neutron.wsgi [req-00babdd2-3665-4553-92fe-ea117464008b req-ccabe3ef-c64b-45bd-9daa-70aa1fca111c 93d2f93d23c448dbb9c9c1170d7b3f0d e73bbb4b1b2445b8a5be48ad4ee59423 - - default default] 199.19.213.194 "POST /v2.0/ports HTTP/1.1" status: 201 len: 1158 time: 0.5597944 /var/lib/openstack/lib/python3.10/site-packages/pycadf/identifier.py:71: UserWarning: Invalid uuid: neutron. To ensure interoperability, identifiers should be a valid uuid. warnings.warn(('Invalid uuid: %s. To ensure interoperability, '
2026-05-06 02:21:50.256 10 INFO neutron.db.ovn_revision_numbers_db [None req-76b82e12-85fe-45fb-96bc-053b4de7ccb0 b758450f9fdd48ac97ae68a38f706420 5f90d5377953438e82b8277b01ccdc9a - - default default] Successfully bumped revision number for resource cd0aa5bd-d5f2-44c9-a0b2-690215e67382 (type: security_group_rules) to 0
2026-05-06 02:21:50.281 10 INFO neutron.wsgi [None req-76b82e12-85fe-45fb-96bc-053b4de7ccb0 b758450f9fdd48ac97ae68a38f706420 5f90d5377953438e82b8277b01ccdc9a - - default default] 10.0.0.230 "POST /v2.0/security-group-rules HTTP/1.1" status: 201 len: 769 time: 0.3525429
2026-05-06 02:21:50.291 10 WARNING neutron_lib.context [None req-a002a39a-7829-4c16-9fb7-c04a30d946a5 b758450f9fdd48ac97ae68a38f706420 5f90d5377953438e82b8277b01ccdc9a - - default default] Method 'is_advsvc' is deprecated since 2023.2 release (neutron-lib 3.8.0) and will be removed once support for the old RBAC API policies will be removed from Neutron. Please use method 'is_service_role' instead.
2026-05-06 02:21:50.531 10 WARNING neutron.scheduler.dhcp_agent_scheduler [None req-a002a39a-7829-4c16-9fb7-c04a30d946a5 b758450f9fdd48ac97ae68a38f706420 5f90d5377953438e82b8277b01ccdc9a - - default default] No more DHCP agents
2026-05-06 02:21:50.533 10 WARNING neutron.api.rpc.agentnotifiers.dhcp_rpc_agent_api [None req-a002a39a-7829-4c16-9fb7-c04a30d946a5 b758450f9fdd48ac97ae68a38f706420 5f90d5377953438e82b8277b01ccdc9a - - default default] Unable to schedule network 1b9820c2-f56f-400e-9a8a-ab309f1d58cf: no agents available; will retry on subsequent port and subnet creation events.
2026-05-06 02:21:50.581 9 INFO neutron.db.ovn_revision_numbers_db [req-00babdd2-3665-4553-92fe-ea117464008b req-fc580ca4-48ca-408f-b6a8-70ab5831559a ed576ecd542f4288831ba534499bb145 41bd6affeae14f5b89d52a324d3cdf36 - - 04cad231764c4cdb83f92d8296039eae 04cad231764c4cdb83f92d8296039eae] Successfully bumped revision number for resource 8a2ec2bf-380b-4c55-9ba4-ced8fa734af2 (type: ports) to 2
2026-05-06 02:21:50.774 9 INFO neutron.db.ovn_revision_numbers_db [req-00babdd2-3665-4553-92fe-ea117464008b req-fc580ca4-48ca-408f-b6a8-70ab5831559a ed576ecd542f4288831ba534499bb145 41bd6affeae14f5b89d52a324d3cdf36 - - 04cad231764c4cdb83f92d8296039eae 04cad231764c4cdb83f92d8296039eae] Successfully bumped revision number for resource 8a2ec2bf-380b-4c55-9ba4-ced8fa734af2 (type: ports) to 2
2026-05-06 02:21:50.794 9 INFO neutron.wsgi [req-00babdd2-3665-4553-92fe-ea117464008b req-fc580ca4-48ca-408f-b6a8-70ab5831559a ed576ecd542f4288831ba534499bb145 41bd6affeae14f5b89d52a324d3cdf36 - - 04cad231764c4cdb83f92d8296039eae 04cad231764c4cdb83f92d8296039eae] 199.19.213.194 "PUT /v2.0/ports/8a2ec2bf-380b-4c55-9ba4-ced8fa734af2 HTTP/1.1" status: 200 len: 1376 time: 0.6027617
2026-05-06 02:21:50.834 9 INFO neutron.notifiers.nova [-] Nova event matching ['req-07070a39-241e-4306-8f6b-cf7493a49d7e'] response: {'name': 'network-changed', 'server_uuid': '370006dd-d7f1-46df-84be-bcffe0157fdf', 'tag': '8a2ec2bf-380b-4c55-9ba4-ced8fa734af2', 'status': 'completed', 'code': 200} /var/lib/openstack/lib/python3.10/site-packages/pycadf/identifier.py:71: UserWarning: Invalid uuid: neutron. To ensure interoperability, identifiers should be a valid uuid. warnings.warn(('Invalid uuid: %s. To ensure interoperability, '
2026-05-06 02:21:50.877 9 INFO neutron.wsgi [req-00babdd2-3665-4553-92fe-ea117464008b req-82a686c9-383b-4188-90c7-6e1e2d69e416 ed576ecd542f4288831ba534499bb145 41bd6affeae14f5b89d52a324d3cdf36 - - 04cad231764c4cdb83f92d8296039eae 04cad231764c4cdb83f92d8296039eae] 199.19.213.194 "GET /v2.0/ports?tenant_id=e73bbb4b1b2445b8a5be48ad4ee59423&device_id=370006dd-d7f1-46df-84be-bcffe0157fdf HTTP/1.1" status: 200 len: 1407 time: 0.0407591
2026-05-06 02:21:50.903 10 INFO neutron.db.ovn_revision_numbers_db [None req-a002a39a-7829-4c16-9fb7-c04a30d946a5 b758450f9fdd48ac97ae68a38f706420 5f90d5377953438e82b8277b01ccdc9a - - default default] Successfully bumped revision number for resource c12c3ea6-7e4d-452d-a7b4-8dd85ac07f22 (type: floatingips) to 0
2026-05-06 02:21:50.914 9 INFO neutron.wsgi [req-00babdd2-3665-4553-92fe-ea117464008b req-d7d93fdd-5f9a-43ae-a1e3-b6ffccd56995 ed576ecd542f4288831ba534499bb145 41bd6affeae14f5b89d52a324d3cdf36 - - 04cad231764c4cdb83f92d8296039eae 04cad231764c4cdb83f92d8296039eae] 199.19.213.194 "GET /v2.0/floatingips?fixed_ip_address=10.100.0.7&port_id=8a2ec2bf-380b-4c55-9ba4-ced8fa734af2 HTTP/1.1" status: 200 len: 217 time: 0.0280240
2026-05-06 02:21:50.920 10 INFO neutron.wsgi [None req-a002a39a-7829-4c16-9fb7-c04a30d946a5 b758450f9fdd48ac97ae68a38f706420 5f90d5377953438e82b8277b01ccdc9a - - default default] 10.0.0.230 "POST /v2.0/floatingips HTTP/1.1" status: 201 len: 751 time: 0.6332803
2026-05-06 02:21:50.923 9 INFO neutron.wsgi [req-f56b9faa-5b87-48a3-822c-e195f261023f req-fba297dc-7645-4cb8-8e2b-8b8b099ad977 93d2f93d23c448dbb9c9c1170d7b3f0d e73bbb4b1b2445b8a5be48ad4ee59423 - - default default] 10.0.0.94 "GET /v2.0/ports?device_id=370006dd-d7f1-46df-84be-bcffe0157fdf HTTP/1.1" status: 200 len: 1168 time: 0.0454664
2026-05-06 02:21:50.946 9 WARNING neutron_lib.context [None req-2b3e9bb9-9ba1-489e-80f7-4a7fff479b8a 72c1becd2f4241b2a48b8944e17c90f2 407512d2178a40f08c89141c2680b7d5 - - default default] Method 'is_advsvc' is deprecated since 2023.2 release (neutron-lib 3.8.0) and will be removed once support for the old RBAC API policies will be removed from Neutron. Please use method 'is_service_role' instead.
2026-05-06 02:21:50.972 9 INFO neutron.wsgi [req-00babdd2-3665-4553-92fe-ea117464008b req-27f6d7a7-d0e8-4766-9c29-b2eda4d43c21 ed576ecd542f4288831ba534499bb145 41bd6affeae14f5b89d52a324d3cdf36 - - 04cad231764c4cdb83f92d8296039eae 04cad231764c4cdb83f92d8296039eae] 199.19.213.194 "GET /v2.0/subnets?id=3285a226-b138-4523-8d3a-db70b9a8b96b HTTP/1.1" status: 200 len: 868 time: 0.0482740
2026-05-06 02:21:50.994 9 INFO neutron.wsgi [req-f56b9faa-5b87-48a3-822c-e195f261023f req-1f9ac416-81d3-4d13-8b56-cc3a2c81b618 93d2f93d23c448dbb9c9c1170d7b3f0d e73bbb4b1b2445b8a5be48ad4ee59423 - - default default] 10.0.0.94 "GET /v2.0/security-groups?id=d676b7f3-835b-4696-a61b-d29e89fdd9c5&fields=id&fields=name HTTP/1.1" status: 200 len: 312 time: 0.0634334
2026-05-06 02:21:51.002 9 INFO neutron.wsgi [req-00babdd2-3665-4553-92fe-ea117464008b req-8ba086dc-4d54-4665-bf4c-515e9ae449f3 ed576ecd542f4288831ba534499bb145 41bd6affeae14f5b89d52a324d3cdf36 - - 04cad231764c4cdb83f92d8296039eae 04cad231764c4cdb83f92d8296039eae] 199.19.213.194 "GET /v2.0/ports?network_id=38cde2b2-7a83-47cb-95da-f6414367dc64&device_owner=network%3Adhcp HTTP/1.1" status: 200 len: 210 time: 0.0226443
2026-05-06 02:21:51.090 9 INFO neutron.wsgi [req-00babdd2-3665-4553-92fe-ea117464008b req-4099eeb4-2065-4934-b105-90e06642f468 ed576ecd542f4288831ba534499bb145 41bd6affeae14f5b89d52a324d3cdf36 - - 04cad231764c4cdb83f92d8296039eae 04cad231764c4cdb83f92d8296039eae] 199.19.213.194 "GET /v2.0/networks/38cde2b2-7a83-47cb-95da-f6414367dc64?fields=segments HTTP/1.1" status: 200 len: 212 time: 0.0778954
2026-05-06 02:21:51.142 9 INFO neutron.db.ovn_revision_numbers_db [None req-2b3e9bb9-9ba1-489e-80f7-4a7fff479b8a 72c1becd2f4241b2a48b8944e17c90f2 407512d2178a40f08c89141c2680b7d5 - - default default] Successfully bumped revision number for resource 83ac581a-a534-4d69-8f62-741cd7224a99 (type: security_groups) to 1
2026-05-06 02:21:51.168 9 INFO neutron.db.ovn_revision_numbers_db [None req-2b3e9bb9-9ba1-489e-80f7-4a7fff479b8a 72c1becd2f4241b2a48b8944e17c90f2 407512d2178a40f08c89141c2680b7d5 - - default default] Successfully bumped revision number for resource 2595b21c-67f4-4638-91a7-558c9c0c6aa5 (type: security_group_rules) to 0
2026-05-06 02:21:51.172 9 INFO neutron.wsgi [req-00babdd2-3665-4553-92fe-ea117464008b req-6852c8f5-9fca-4870-9bff-49891b3669e9 ed576ecd542f4288831ba534499bb145 41bd6affeae14f5b89d52a324d3cdf36 - - 04cad231764c4cdb83f92d8296039eae 04cad231764c4cdb83f92d8296039eae] 199.19.213.194 "GET /v2.0/networks/38cde2b2-7a83-47cb-95da-f6414367dc64?fields=provider%3Aphysical_network&fields=provider%3Anetwork_type HTTP/1.1" status: 200 len: 277 time: 0.0764754
2026-05-06 02:21:51.184 9 INFO neutron.db.ovn_revision_numbers_db [None req-2b3e9bb9-9ba1-489e-80f7-4a7fff479b8a 72c1becd2f4241b2a48b8944e17c90f2 407512d2178a40f08c89141c2680b7d5 - - default default] Successfully bumped revision number for resource 4b74b5b0-e5f4-4843-907e-753b2221f5ad (type: security_group_rules) to 0
2026-05-06 02:21:51.200 9 INFO neutron.db.ovn_revision_numbers_db [None req-2b3e9bb9-9ba1-489e-80f7-4a7fff479b8a 72c1becd2f4241b2a48b8944e17c90f2 407512d2178a40f08c89141c2680b7d5 - - default default] Successfully bumped revision number for resource daedd7bb-4617-4ba9-9761-1346c9cdbe3f (type: security_group_rules) to 0
2026-05-06 02:21:51.215 9 INFO neutron.db.ovn_revision_numbers_db [None req-2b3e9bb9-9ba1-489e-80f7-4a7fff479b8a 72c1becd2f4241b2a48b8944e17c90f2 407512d2178a40f08c89141c2680b7d5 - - default default] Successfully bumped revision number for resource dfb0d09e-b247-419c-9c11-cfb90f59bb9e (type: security_group_rules) to 0
2026-05-06 02:21:51.263 9 INFO neutron.wsgi [req-28dea71b-d599-4263-8d63-e8f7dd90af01 req-f256fd63-2292-49a2-836d-9bf0cb189a64 ed576ecd542f4288831ba534499bb145 41bd6affeae14f5b89d52a324d3cdf36 - - 04cad231764c4cdb83f92d8296039eae 04cad231764c4cdb83f92d8296039eae] 199.19.213.194 "GET /v2.0/ports?tenant_id=e73bbb4b1b2445b8a5be48ad4ee59423&device_id=370006dd-d7f1-46df-84be-bcffe0157fdf HTTP/1.1" status: 200 len: 1407 time: 0.0455985
2026-05-06 02:21:51.289 9 INFO neutron.db.segments_db [None req-2b3e9bb9-9ba1-489e-80f7-4a7fff479b8a 72c1becd2f4241b2a48b8944e17c90f2 407512d2178a40f08c89141c2680b7d5 - - default default] Added segment 44622092-e85d-45c4-a3b3-fe8a80d68356 of type geneve for network 44f64532-2bcb-4623-b96f-3214d2e79cbe
2026-05-06 02:21:51.363 9 INFO neutron.wsgi [req-28dea71b-d599-4263-8d63-e8f7dd90af01 req-051d2c8f-7702-49de-ba71-db394c29c634 ed576ecd542f4288831ba534499bb145 41bd6affeae14f5b89d52a324d3cdf36 - - 04cad231764c4cdb83f92d8296039eae 04cad231764c4cdb83f92d8296039eae] 199.19.213.194 "GET /v2.0/networks?id=38cde2b2-7a83-47cb-95da-f6414367dc64 HTTP/1.1" status: 200 len: 973 time: 0.0955217
2026-05-06 02:21:51.382 10 INFO neutron.plugins.ml2.drivers.ovn.mech_driver.mech_driver [None req-dc4700c3-af91-4fc7-8c99-a746eaa7b092 - - - - - -] OVN reports status up for port: 8a2ec2bf-380b-4c55-9ba4-ced8fa734af2
