2026-05-06 02:23:55.125 9 INFO neutron.wsgi [None req-7e9ca974-7eb6-4ce7-a17d-a6a0275730e5 3958c7b6474c4cd99a8e790db7c22ce9 0ca6ad493c4d4ae79cdc1e81def5d03a - - default default] 10.0.0.230 "GET /v2.0/qos/policies?not-tags=red HTTP/1.1" status: 200 len: 913 time: 0.1544082
2026-05-06 02:23:55.227 9 WARNING neutron.scheduler.dhcp_agent_scheduler [None req-97ee5587-fa0f-4e51-8733-6eb96336c8c6 7937bc67a544423da246a0c897706d0f b4c9b2c5e5d24d76ae14ca7d0c568053 - - default default] No more DHCP agents
2026-05-06 02:23:55.228 10 INFO neutron.wsgi [None req-97bfa368-3846-4bfd-a693-56027c070ac9 3958c7b6474c4cd99a8e790db7c22ce9 0ca6ad493c4d4ae79cdc1e81def5d03a - - default default] 10.0.0.230 "GET /v2.0/qos/policies?not-tags=red%2Cblue HTTP/1.1" status: 200 len: 1268 time: 0.0955834
2026-05-06 02:23:55.230 9 WARNING neutron.api.rpc.agentnotifiers.dhcp_rpc_agent_api [None req-97ee5587-fa0f-4e51-8733-6eb96336c8c6 7937bc67a544423da246a0c897706d0f b4c9b2c5e5d24d76ae14ca7d0c568053 - - default default] Unable to schedule network cce80990-4a38-42b1-a23b-e47de01d4500: no agents available; will retry on subsequent port and subnet creation events.
2026-05-06 02:23:55.301 9 INFO neutron.wsgi [None req-38f9b2f0-f6ba-44bc-8ebc-cdb105b967b7 fc2a40a231894644b89f77d9e7c2d710 7e68359e524842de9908242b257529c6 - - default default] 10.0.0.230 "DELETE /v2.0/ports/a65026cf-8d95-4d3d-ac15-1eb4347c28bf HTTP/1.1" status: 204 len: 168 time: 0.4587524
2026-05-06 02:23:55.336 9 INFO neutron.db.ovn_revision_numbers_db [None req-97ee5587-fa0f-4e51-8733-6eb96336c8c6 7937bc67a544423da246a0c897706d0f b4c9b2c5e5d24d76ae14ca7d0c568053 - - default default] Successfully bumped revision number for resource cbd65428-89e9-42f6-94d6-94e2aab3ce8c (type: ports) to 1
2026-05-06 02:23:55.340 10 INFO neutron.pecan_wsgi.hooks.translation [None req-2c6e4c89-4d8d-492f-a2d8-447a20b3b119 fc2a40a231894644b89f77d9e7c2d710 7e68359e524842de9908242b257529c6 - - default default] DELETE failed (client error): The resource could not be found.
2026-05-06 02:23:55.343 10 INFO neutron.wsgi [None req-2c6e4c89-4d8d-492f-a2d8-447a20b3b119 fc2a40a231894644b89f77d9e7c2d710 7e68359e524842de9908242b257529c6 - - default default] 10.0.0.230 "DELETE /v2.0/ports/a65026cf-8d95-4d3d-ac15-1eb4347c28bf HTTP/1.1" status: 404 len: 333 time: 0.0287523
2026-05-06 02:23:55.349 10 INFO neutron.wsgi [None req-ded7aea2-b8d2-453e-8cb3-922bee1f3144 3958c7b6474c4cd99a8e790db7c22ce9 0ca6ad493c4d4ae79cdc1e81def5d03a - - default default] 10.0.0.230 "GET /v2.0/qos/policies?not-tags-any=blue HTTP/1.1" status: 200 len: 1268 time: 0.1142395
2026-05-06 02:23:55.366 9 INFO neutron.wsgi [None req-97ee5587-fa0f-4e51-8733-6eb96336c8c6 7937bc67a544423da246a0c897706d0f b4c9b2c5e5d24d76ae14ca7d0c568053 - - default default] 10.0.0.230 "POST /v2.0/networks HTTP/1.1" status: 201 len: 927 time: 1.0172246
2026-05-06 02:23:55.367 9 INFO neutron.pecan_wsgi.hooks.translation [None req-a7108f87-a894-4bea-bc29-b0dfb667535e fc2a40a231894644b89f77d9e7c2d710 7e68359e524842de9908242b257529c6 - - default default] GET failed (client error): The resource could not be found.
2026-05-06 02:23:55.368 9 INFO neutron.wsgi [None req-a7108f87-a894-4bea-bc29-b0dfb667535e fc2a40a231894644b89f77d9e7c2d710 7e68359e524842de9908242b257529c6 - - default default] 10.0.0.230 "GET /v2.0/ports/a65026cf-8d95-4d3d-ac15-1eb4347c28bf HTTP/1.1" status: 404 len: 333 time: 0.0192776
2026-05-06 02:23:55.427 10 INFO neutron.wsgi [None req-01a4293a-c60c-4131-ace8-be12888534b3 3958c7b6474c4cd99a8e790db7c22ce9 0ca6ad493c4d4ae79cdc1e81def5d03a - - default default] 10.0.0.230 "GET /v2.0/qos/policies?not-tags-any=red%2Cblue HTTP/1.1" status: 200 len: 913 time: 0.0728364
2026-05-06 02:23:55.494 10 INFO neutron.wsgi [None req-d69be160-0413-450f-955f-744258881fc5 efd597dc968044c88f22b14759295342 2251aa83db5c45eb8c32bb12ded45522 - - default default] 10.0.0.230 "DELETE /v2.0/qos/policies/8580cb62-e3ee-4090-a794-f22db03b71b1 HTTP/1.1" status: 204 len: 168 time: 0.0598412
2026-05-06 02:23:55.560 10 INFO neutron.wsgi [None req-20d7f73c-92d5-43c1-a7a4-3429c06e7139 efd597dc968044c88f22b14759295342 2251aa83db5c45eb8c32bb12ded45522 - - default default] 10.0.0.230 "DELETE /v2.0/qos/policies/e1461684-bfd1-403b-9a12-518ebfb01259 HTTP/1.1" status: 204 len: 168 time: 0.0605414
2026-05-06 02:23:55.611 9 WARNING neutron.scheduler.dhcp_agent_scheduler [None req-8732e45b-cade-44a3-885f-d163a1f0a404 7937bc67a544423da246a0c897706d0f b4c9b2c5e5d24d76ae14ca7d0c568053 - - default default] No more DHCP agents
2026-05-06 02:23:55.616 9 WARNING neutron.api.rpc.agentnotifiers.dhcp_rpc_agent_api [None req-8732e45b-cade-44a3-885f-d163a1f0a404 7937bc67a544423da246a0c897706d0f b4c9b2c5e5d24d76ae14ca7d0c568053 - - default default] Unable to schedule network cce80990-4a38-42b1-a23b-e47de01d4500: no agents available; will retry on subsequent port and subnet creation events.
2026-05-06 02:23:55.623 10 INFO neutron.wsgi [None req-8c0e823a-4ee9-449f-b5de-b16c96c3ad29 efd597dc968044c88f22b14759295342 2251aa83db5c45eb8c32bb12ded45522 - - default default] 10.0.0.230 "DELETE /v2.0/qos/policies/1d2ea552-e610-4e39-983d-725351139685 HTTP/1.1" status: 204 len: 168 time: 0.0583205
2026-05-06 02:23:55.651 9 INFO neutron.wsgi [None req-bb88113c-9d62-4afb-99df-f71e38bce3f3 fc2a40a231894644b89f77d9e7c2d710 7e68359e524842de9908242b257529c6 - - default default] 10.0.0.230 "DELETE /v2.0/subnets/91f116ca-1b38-4a65-8ceb-f01ff705e2bc HTTP/1.1" status: 204 len: 168 time: 0.2747970
2026-05-06 02:23:55.724 10 INFO neutron.wsgi [None req-eff1b7ea-480e-4c31-a3f2-2d18ccc4f826 efd597dc968044c88f22b14759295342 2251aa83db5c45eb8c32bb12ded45522 - - default default] 10.0.0.230 "DELETE /v2.0/qos/policies/a448376a-f3f6-48a7-bf78-835e670a65f0 HTTP/1.1" status: 204 len: 168 time: 0.0950170
2026-05-06 02:23:55.808 9 INFO neutron.wsgi [None req-6e62c10d-716b-4507-afb3-7a936a8112fe efd597dc968044c88f22b14759295342 2251aa83db5c45eb8c32bb12ded45522 - - default default] 10.0.0.230 "DELETE /v2.0/qos/policies/8e471682-34d5-4b55-b6d9-c30ffd6c24a0 HTTP/1.1" status: 204 len: 168 time: 0.0784876
2026-05-06 02:23:55.972 10 WARNING neutron_lib.context [None req-fa6eb3e3-42fb-491c-afa9-fd840a11f92b 8bd01755d27740b1bcfa8f1c12ebb97e 830c701b69914b9f88869e0a8bf981d2 - - default default] Method 'is_advsvc' is deprecated since 2023.2 release (neutron-lib 3.8.0) and will be removed once support for the old RBAC API policies will be removed from Neutron. Please use method 'is_service_role' instead.
2026-05-06 02:23:56.064 10 INFO neutron.wsgi [None req-fa6eb3e3-42fb-491c-afa9-fd840a11f92b 8bd01755d27740b1bcfa8f1c12ebb97e 830c701b69914b9f88869e0a8bf981d2 - - default default] 10.0.0.230 "POST /v2.0/subnetpools HTTP/1.1" status: 201 len: 748 time: 0.2771685
2026-05-06 02:23:56.094 10 INFO neutron.services.segments.plugin [-] Segment 43306a3a-a082-466f-885a-fe5c7d75c7fa resource provider aggregate not found
2026-05-06 02:23:56.099 10 INFO neutron.services.segments.plugin [-] Segment 43306a3a-a082-466f-885a-fe5c7d75c7fa resource provider aggregate not found
2026-05-06 02:23:56.108 9 INFO neutron.wsgi [None req-e52beae4-a9de-4eef-a020-c7b317b27798 8bd01755d27740b1bcfa8f1c12ebb97e 830c701b69914b9f88869e0a8bf981d2 - - default default] 10.0.0.230 "GET /v2.0/subnetpools/3fc55dbe-44f6-4d40-b591-73f891a0c321 HTTP/1.1" status: 200 len: 743 time: 0.0374994
2026-05-06 02:23:56.126 10 INFO neutron.services.segments.plugin [-] Segment 43306a3a-a082-466f-885a-fe5c7d75c7fa resource provider not found; error: Placement Client Error (4xx): {"errors": [{"status": 404, "title": "Not Found", "detail": "The resource could not be found.\n\n No resource provider with uuid 43306a3a-a082-466f-885a-fe5c7d75c7fa found for delete ", "request_id": "req-6c8d8869-b4e6-4384-b259-36cbabf677ff"}]}
2026-05-06 02:23:56.127 10 INFO neutron.services.segments.plugin [-] Segment 43306a3a-a082-466f-885a-fe5c7d75c7fa resource provider not found; error: Placement Client Error (4xx): {"errors": [{"status": 404, "title": "Not Found", "detail": "The resource could not be found.\n\n No resource provider with uuid 43306a3a-a082-466f-885a-fe5c7d75c7fa found for delete ", "request_id": "req-ea3077c7-8d24-4d70-a94a-37f2f9951a1e"}]}
2026-05-06 02:23:56.147 9 INFO neutron.db.ovn_revision_numbers_db [None req-8732e45b-cade-44a3-885f-d163a1f0a404 7937bc67a544423da246a0c897706d0f b4c9b2c5e5d24d76ae14ca7d0c568053 - - default default] Successfully bumped revision number for resource cbd65428-89e9-42f6-94d6-94e2aab3ce8c (type: ports) to 2
2026-05-06 02:23:56.156 10 INFO neutron.wsgi [None req-29e12f2c-7e64-4739-ae7a-dd33c0bef914 fc2a40a231894644b89f77d9e7c2d710 7e68359e524842de9908242b257529c6 - - default default] 10.0.0.230 "DELETE /v2.0/networks/11086bed-d5f6-4c5d-bfe9-6a9324b4633f HTTP/1.1" status: 204 len: 168 time: 0.5018024
2026-05-06 02:23:56.172 9 WARNING neutron_lib.context [None req-e4d884aa-7565-4cfd-a4b4-6d3f06e86e60 fc2a40a231894644b89f77d9e7c2d710 7e68359e524842de9908242b257529c6 - - default default] Method 'is_advsvc' is deprecated since 2023.2 release (neutron-lib 3.8.0) and will be removed once support for the old RBAC API policies will be removed from Neutron. Please use method 'is_service_role' instead.
2026-05-06 02:23:56.191 9 INFO neutron.db.ovn_revision_numbers_db [None req-8732e45b-cade-44a3-885f-d163a1f0a404 7937bc67a544423da246a0c897706d0f b4c9b2c5e5d24d76ae14ca7d0c568053 - - default default] Successfully bumped revision number for resource f9e1eb7f-3c36-4bf4-bc2a-80eae9827167 (type: subnets) to 0
2026-05-06 02:23:56.202 10 INFO neutron.wsgi [None req-b63f6d1a-ba86-4f06-809a-bbefe63a1cd8 8bd01755d27740b1bcfa8f1c12ebb97e 830c701b69914b9f88869e0a8bf981d2 - - default default] 10.0.0.230 "PUT /v2.0/subnetpools/3fc55dbe-44f6-4d40-b591-73f891a0c321 HTTP/1.1" status: 200 len: 695 time: 0.0903583
2026-05-06 02:23:56.213 9 INFO neutron.wsgi [None req-8732e45b-cade-44a3-885f-d163a1f0a404 7937bc67a544423da246a0c897706d0f b4c9b2c5e5d24d76ae14ca7d0c568053 - - default default] 10.0.0.230 "POST /v2.0/subnets HTTP/1.1" status: 201 len: 819 time: 0.8381729
2026-05-06 02:23:56.223 9 WARNING neutron.api.v2.base [None req-549dab93-0583-4656-91f9-2510ac88ff2d 7937bc67a544423da246a0c897706d0f b4c9b2c5e5d24d76ae14ca7d0c568053 - - default default] An exception happened while processing the request body. The exception message is [Invalid input for target_tenant. Reason: 'None' is not a valid string.].: webob.exc.HTTPBadRequest: Invalid input for target_tenant. Reason: 'None' is not a valid string.
2026-05-06 02:23:56.227 9 INFO neutron.api.v2.resource [None req-549dab93-0583-4656-91f9-2510ac88ff2d 7937bc67a544423da246a0c897706d0f b4c9b2c5e5d24d76ae14ca7d0c568053 - - default default] create failed (client error): Invalid input for target_tenant. Reason: 'None' is not a valid string.
2026-05-06 02:23:56.228 9 INFO neutron.wsgi [None req-549dab93-0583-4656-91f9-2510ac88ff2d 7937bc67a544423da246a0c897706d0f b4c9b2c5e5d24d76ae14ca7d0c568053 - - default default] 10.0.0.230 "POST /v2.0/rbac-policies HTTP/1.1" status: 400 len: 346 time: 0.0099707
2026-05-06 02:23:56.274 9 INFO neutron.db.segments_db [None req-e4d884aa-7565-4cfd-a4b4-6d3f06e86e60 fc2a40a231894644b89f77d9e7c2d710 7e68359e524842de9908242b257529c6 - - default default] Added segment 7ccc8258-a1fa-40ff-946d-f93aa13cae29 of type geneve for network d2122043-d0be-488b-a751-b40fcc106e8d
2026-05-06 02:23:56.289 10 INFO neutron.wsgi [None req-75fec5ee-ec58-476d-9d1d-d92b5248d309 8bd01755d27740b1bcfa8f1c12ebb97e 830c701b69914b9f88869e0a8bf981d2 - - default default] 10.0.0.230 "DELETE /v2.0/subnetpools/3fc55dbe-44f6-4d40-b591-73f891a0c321 HTTP/1.1" status: 204 len: 168 time: 0.0827351
2026-05-06 02:23:56.304 10 INFO neutron.api.v2.resource [None req-3e5e1d52-a76f-40c2-81a0-b653da25b765 8bd01755d27740b1bcfa8f1c12ebb97e 830c701b69914b9f88869e0a8bf981d2 - - default default] show failed (client error): The resource could not be found.
2026-05-06 02:23:56.305 10 INFO neutron.wsgi [None req-3e5e1d52-a76f-40c2-81a0-b653da25b765 8bd01755d27740b1bcfa8f1c12ebb97e 830c701b69914b9f88869e0a8bf981d2 - - default default] 10.0.0.230 "GET /v2.0/subnetpools/3fc55dbe-44f6-4d40-b591-73f891a0c321 HTTP/1.1" status: 404 len: 346 time: 0.0123725
2026-05-06 02:23:56.319 10 INFO neutron.api.v2.resource [None req-d56d4c08-5a58-42de-991b-a1e2c21801ba 8bd01755d27740b1bcfa8f1c12ebb97e 830c701b69914b9f88869e0a8bf981d2 - - default default] delete failed (client error): The resource could not be found.
2026-05-06 02:23:56.320 10 INFO neutron.wsgi [None req-d56d4c08-5a58-42de-991b-a1e2c21801ba 8bd01755d27740b1bcfa8f1c12ebb97e 830c701b69914b9f88869e0a8bf981d2 - - default default] 10.0.0.230 "DELETE /v2.0/subnetpools/3fc55dbe-44f6-4d40-b591-73f891a0c321 HTTP/1.1" status: 404 len: 346 time: 0.0106993
2026-05-06 02:23:56.667 9 INFO neutron.db.ovn_revision_numbers_db [None req-e4d884aa-7565-4cfd-a4b4-6d3f06e86e60 fc2a40a231894644b89f77d9e7c2d710 7e68359e524842de9908242b257529c6 - - default default] Successfully bumped revision number for resource d2122043-d0be-488b-a751-b40fcc106e8d (type: networks) to 1
2026-05-06 02:23:56.920 9 WARNING neutron.scheduler.dhcp_agent_scheduler [None req-e4d884aa-7565-4cfd-a4b4-6d3f06e86e60 fc2a40a231894644b89f77d9e7c2d710 7e68359e524842de9908242b257529c6 - - default default] No more DHCP agents
2026-05-06 02:23:56.924 9 WARNING neutron.api.rpc.agentnotifiers.dhcp_rpc_agent_api [None req-e4d884aa-7565-4cfd-a4b4-6d3f06e86e60 fc2a40a231894644b89f77d9e7c2d710 7e68359e524842de9908242b257529c6 - - default default] Unable to schedule network d2122043-d0be-488b-a751-b40fcc106e8d: no agents available; will retry on subsequent port and subnet creation events.
2026-05-06 02:23:57.025 10 INFO neutron.db.ovn_revision_numbers_db [None req-bbf68e12-4df3-4121-977d-332b658c46dc b2f3e1d88a5e4c349345ec77204dadc3 4480c884ae21482ca5682b2ba88afe02 - - default default] Successfully bumped revision number for resource 93303491-61cc-4005-bec3-5b794dcfbdfb (type: security_groups) to 1
2026-05-06 02:23:57.029 10 INFO neutron.db.ovn_revision_numbers_db [None req-9d02f7b6-873f-4884-9b09-f77b1baa2c23 b2f3e1d88a5e4c349345ec77204dadc3 4480c884ae21482ca5682b2ba88afe02 - - default default] Successfully bumped revision number for resource a81b25fb-6301-4a9f-9833-8ab090cce87a (type: security_groups) to 1
2026-05-06 02:23:57.040 10 INFO neutron.db.ovn_revision_numbers_db [None req-bbf68e12-4df3-4121-977d-332b658c46dc b2f3e1d88a5e4c349345ec77204dadc3 4480c884ae21482ca5682b2ba88afe02 - - default default] Successfully bumped revision number for resource 2f0c38c5-7782-43de-aea2-bec3d9bc5462 (type: security_group_rules) to 0
2026-05-06 02:23:57.042 9 INFO neutron.db.ovn_revision_numbers_db [None req-e4d884aa-7565-4cfd-a4b4-6d3f06e86e60 fc2a40a231894644b89f77d9e7c2d710 7e68359e524842de9908242b257529c6 - - default default] Successfully bumped revision number for resource 63dd14d7-6d03-499e-9920-768389169f2e (type: ports) to 1
2026-05-06 02:23:57.048 10 INFO neutron.db.ovn_revision_numbers_db [None req-9d02f7b6-873f-4884-9b09-f77b1baa2c23 b2f3e1d88a5e4c349345ec77204dadc3 4480c884ae21482ca5682b2ba88afe02 - - default default] Successfully bumped revision number for resource 044c934d-e503-4bfc-ab3d-2cea37d386c9 (type: security_group_rules) to 0
2026-05-06 02:23:57.061 10 INFO neutron.db.ovn_revision_numbers_db [None req-bbf68e12-4df3-4121-977d-332b658c46dc b2f3e1d88a5e4c349345ec77204dadc3 4480c884ae21482ca5682b2ba88afe02 - - default default] Successfully bumped revision number for resource 7840309b-14d4-4bab-b32e-6992a7f72e51 (type: security_group_rules) to 0
2026-05-06 02:23:57.068 10 INFO neutron.db.ovn_revision_numbers_db [None req-9d02f7b6-873f-4884-9b09-f77b1baa2c23 b2f3e1d88a5e4c349345ec77204dadc3 4480c884ae21482ca5682b2ba88afe02 - - default default] Successfully bumped revision number for resource a31e5c46-87ef-41c5-ae00-a081a209b364 (type: security_group_rules) to 0
2026-05-06 02:23:57.072 9 INFO neutron.wsgi [None req-e4d884aa-7565-4cfd-a4b4-6d3f06e86e60 fc2a40a231894644b89f77d9e7c2d710 7e68359e524842de9908242b257529c6 - - default default] 10.0.0.230 "POST /v2.0/networks HTTP/1.1" status: 201 len: 834 time: 0.9054215
2026-05-06 02:23:57.077 10 INFO neutron.db.ovn_revision_numbers_db [None req-bbf68e12-4df3-4121-977d-332b658c46dc b2f3e1d88a5e4c349345ec77204dadc3 4480c884ae21482ca5682b2ba88afe02 - - default default] Successfully bumped revision number for resource 9c71073b-3bfc-417e-bd6b-36d4ff012688 (type: security_group_rules) to 0
2026-05-06 02:23:57.082 10 INFO neutron.db.ovn_revision_numbers_db [None req-9d02f7b6-873f-4884-9b09-f77b1baa2c23 b2f3e1d88a5e4c349345ec77204dadc3 4480c884ae21482ca5682b2ba88afe02 - - default default] Successfully bumped revision number for resource e233527e-3ee3-4960-a472-48fc9bdf570c (type: security_group_rules) to 0
2026-05-06 02:23:57.087 9 WARNING neutron_lib.context [None req-9326cf5c-f28c-4ce5-838e-cb5351610228 fc2a40a231894644b89f77d9e7c2d710 7e68359e524842de9908242b257529c6 - - default default] Method 'is_advsvc' is deprecated since 2023.2 release (neutron-lib 3.8.0) and will be removed once support for the old RBAC API policies will be removed from Neutron. Please use method 'is_service_role' instead.
2026-05-06 02:23:57.092 10 INFO neutron.db.ovn_revision_numbers_db [None req-bbf68e12-4df3-4121-977d-332b658c46dc b2f3e1d88a5e4c349345ec77204dadc3 4480c884ae21482ca5682b2ba88afe02 - - default default] Successfully bumped revision number for resource e1177a11-880d-442b-9d40-2f02459380e0 (type: security_group_rules) to 0
2026-05-06 02:23:57.105 10 INFO neutron.db.ovn_revision_numbers_db [None req-9d02f7b6-873f-4884-9b09-f77b1baa2c23 b2f3e1d88a5e4c349345ec77204dadc3 4480c884ae21482ca5682b2ba88afe02 - - default default] Successfully bumped revision number for resource f90f15b4-1150-456a-95f0-3ef9400e0a66 (type: security_group_rules) to 0
2026-05-06 02:23:57.121 10 INFO neutron.wsgi [None req-bbf68e12-4df3-4121-977d-332b658c46dc b2f3e1d88a5e4c349345ec77204dadc3 4480c884ae21482ca5682b2ba88afe02 - - default default] 10.0.0.230 "GET /v2.0/security-groups?tenant_id=526a4944cb0c4956918627c0cc8ca501&name=default HTTP/1.1" status: 200 len: 2996 time: 0.4130914
2026-05-06 02:23:57.135 10 INFO neutron.wsgi [None req-9d02f7b6-873f-4884-9b09-f77b1baa2c23 b2f3e1d88a5e4c349345ec77204dadc3 4480c884ae21482ca5682b2ba88afe02 - - default default] 10.0.0.230 "GET /v2.0/security-groups?tenant_id=830c701b69914b9f88869e0a8bf981d2&name=default HTTP/1.1" status: 200 len: 2996 time: 0.3523767
2026-05-06 02:23:57.260 9 INFO neutron.services.segments.plugin [-] Segment ba4dfa94-cea4-45f4-ac24-5c683f5acd63 resource provider aggregate not found
2026-05-06 02:23:57.264 9 INFO neutron.services.segments.plugin [-] Segment ba4dfa94-cea4-45f4-ac24-5c683f5acd63 resource provider aggregate not found
2026-05-06 02:23:57.292 9 INFO neutron.services.segments.plugin [-] Segment ba4dfa94-cea4-45f4-ac24-5c683f5acd63 resource provider not found; error: Placement Client Error (4xx): {"errors": [{"status": 404, "title": "Not Found", "detail": "The resource could not be found.\n\n No resource provider with uuid ba4dfa94-cea4-45f4-ac24-5c683f5acd63 found for delete ", "request_id": "req-e32ba069-005c-4885-80e9-b80ec1f84d15"}]}
2026-05-06 02:23:57.293 9 INFO neutron.services.segments.plugin [-] Segment ba4dfa94-cea4-45f4-ac24-5c683f5acd63 resource provider not found; error: Placement Client Error (4xx): {"errors": [{"status": 404, "title": "Not Found", "detail": "The resource could not be found.\n\n No resource provider with uuid ba4dfa94-cea4-45f4-ac24-5c683f5acd63 found for delete ", "request_id": "req-a6880595-55df-4fe7-8a39-f29940187857"}]}
2026-05-06 02:23:57.340 9 INFO neutron.wsgi [None req-10736826-0fce-4382-bb6c-7b0aea45e516 7937bc67a544423da246a0c897706d0f b4c9b2c5e5d24d76ae14ca7d0c568053 - - default default] 10.0.0.230 "DELETE /v2.0/networks/cce80990-4a38-42b1-a23b-e47de01d4500 HTTP/1.1" status: 204 len: 168 time: 1.1057599
2026-05-06 02:23:57.344 10 INFO neutron.wsgi [None req-2f07844a-e893-437b-af08-eb50c1fb1152 b2f3e1d88a5e4c349345ec77204dadc3 4480c884ae21482ca5682b2ba88afe02 - - default default] 10.0.0.230 "DELETE /v2.0/security-groups/93303491-61cc-4005-bec3-5b794dcfbdfb HTTP/1.1" status: 204 len: 168 time: 0.2179122
2026-05-06 02:23:57.440 10 INFO neutron.db.segments_db [None req-1f9bab4e-c843-4e20-97e8-088aac6d3e56 7937bc67a544423da246a0c897706d0f b4c9b2c5e5d24d76ae14ca7d0c568053 - - default default] Added segment 39bd1696-4e2f-4f5c-b1d9-60f773f4b5db of type geneve for network b0138339-577e-4995-90c8-52f51fe25bc1
2026-05-06 02:23:57.493 9 WARNING neutron.scheduler.dhcp_agent_scheduler [None req-9326cf5c-f28c-4ce5-838e-cb5351610228 fc2a40a231894644b89f77d9e7c2d710 7e68359e524842de9908242b257529c6 - - default default] No more DHCP agents
2026-05-06 02:23:57.499 9 WARNING neutron.api.rpc.agentnotifiers.dhcp_rpc_agent_api [None req-9326cf5c-f28c-4ce5-838e-cb5351610228 fc2a40a231894644b89f77d9e7c2d710 7e68359e524842de9908242b257529c6 - - default default] Unable to schedule network d2122043-d0be-488b-a751-b40fcc106e8d: no agents available; will retry on subsequent port and subnet creation events.
2026-05-06 02:23:57.537 9 INFO neutron.db.ovn_revision_numbers_db [None req-9326cf5c-f28c-4ce5-838e-cb5351610228 fc2a40a231894644b89f77d9e7c2d710 7e68359e524842de9908242b257529c6 - - default default] Successfully bumped revision number for resource 0e20dafa-45d5-4204-a909-3afc116c5eab (type: subnets) to 0
2026-05-06 02:23:57.556 9 INFO neutron.wsgi [None req-1a980069-f0e9-4540-850f-a7dfc834da53 b2f3e1d88a5e4c349345ec77204dadc3 4480c884ae21482ca5682b2ba88afe02 - - default default] 10.0.0.230 "DELETE /v2.0/security-groups/a81b25fb-6301-4a9f-9833-8ab090cce87a HTTP/1.1" status: 204 len: 168 time: 0.4166627
2026-05-06 02:23:57.561 9 INFO neutron.wsgi [None req-9326cf5c-f28c-4ce5-838e-cb5351610228 fc2a40a231894644b89f77d9e7c2d710 7e68359e524842de9908242b257529c6 - - default default] 10.0.0.230 "POST /v2.0/subnets HTTP/1.1" status: 201 len: 821 time: 0.4809074
2026-05-06 02:23:57.570 9 WARNING neutron_lib.context [None req-009570ec-3fc0-4c4a-ba3a-9909d9e8767f fc2a40a231894644b89f77d9e7c2d710 7e68359e524842de9908242b257529c6 - - default default] Method 'is_advsvc' is deprecated since 2023.2 release (neutron-lib 3.8.0) and will be removed once support for the old RBAC API policies will be removed from Neutron. Please use method 'is_service_role' instead.
2026-05-06 02:23:57.591 10 INFO neutron.db.ovn_revision_numbers_db [None req-1f9bab4e-c843-4e20-97e8-088aac6d3e56 7937bc67a544423da246a0c897706d0f b4c9b2c5e5d24d76ae14ca7d0c568053 - - default default] Successfully bumped revision number for resource b0138339-577e-4995-90c8-52f51fe25bc1 (type: networks) to 1
2026-05-06 02:23:57.630 9 INFO neutron.db.ovn_revision_numbers_db [None req-029374bf-a3cc-453a-a7a4-48c6e6a332af b2f3e1d88a5e4c349345ec77204dadc3 4480c884ae21482ca5682b2ba88afe02 - - default default] Successfully bumped revision number for resource 6c990681-5973-4989-a7c4-8f245ad16435 (type: security_groups) to 1
2026-05-06 02:23:57.645 9 INFO neutron.db.ovn_revision_numbers_db [None req-029374bf-a3cc-453a-a7a4-48c6e6a332af b2f3e1d88a5e4c349345ec77204dadc3 4480c884ae21482ca5682b2ba88afe02 - - default default] Successfully bumped revision number for resource 69f823b3-8411-49cd-a946-8e8eb1d1d598 (type: security_group_rules) to 0
2026-05-06 02:23:57.661 9 INFO neutron.db.ovn_revision_numbers_db [None req-029374bf-a3cc-453a-a7a4-48c6e6a332af b2f3e1d88a5e4c349345ec77204dadc3 4480c884ae21482ca5682b2ba88afe02 - - default default] Successfully bumped revision number for resource ca86d49c-0396-4b17-b17d-1e5ca2cbda1b (type: security_group_rules) to 0
2026-05-06 02:23:57.680 9 INFO neutron.db.ovn_revision_numbers_db [None req-029374bf-a3cc-453a-a7a4-48c6e6a332af b2f3e1d88a5e4c349345ec77204dadc3 4480c884ae21482ca5682b2ba88afe02 - - default default] Successfully bumped revision number for resource eebce20f-6aa1-4e5f-89ec-4a38c1e83cc5 (type: security_group_rules) to 0
2026-05-06 02:23:57.710 9 INFO neutron.db.ovn_revision_numbers_db [None req-029374bf-a3cc-453a-a7a4-48c6e6a332af b2f3e1d88a5e4c349345ec77204dadc3 4480c884ae21482ca5682b2ba88afe02 - - default default] Successfully bumped revision number for resource ff74678e-1ae8-47b4-9165-8750c7840bae (type: security_group_rules) to 0
2026-05-06 02:23:57.738 9 INFO neutron.wsgi [None req-029374bf-a3cc-453a-a7a4-48c6e6a332af b2f3e1d88a5e4c349345ec77204dadc3 4480c884ae21482ca5682b2ba88afe02 - - default default] 10.0.0.230 "GET /v2.0/security-groups?tenant_id=0ca6ad493c4d4ae79cdc1e81def5d03a&name=default HTTP/1.1" status: 200 len: 2996 time: 0.2869732
2026-05-06 02:23:57.783 10 WARNING neutron.scheduler.dhcp_agent_scheduler [None req-1f9bab4e-c843-4e20-97e8-088aac6d3e56 7937bc67a544423da246a0c897706d0f b4c9b2c5e5d24d76ae14ca7d0c568053 - - default default] No more DHCP agents
2026-05-06 02:23:57.787 10 WARNING neutron.api.rpc.agentnotifiers.dhcp_rpc_agent_api [None req-1f9bab4e-c843-4e20-97e8-088aac6d3e56 7937bc67a544423da246a0c897706d0f b4c9b2c5e5d24d76ae14ca7d0c568053 - - default default] Unable to schedule network b0138339-577e-4995-90c8-52f51fe25bc1: no agents available; will retry on subsequent port and subnet creation events.
2026-05-06 02:23:57.900 10 INFO neutron.db.ovn_revision_numbers_db [None req-1f9bab4e-c843-4e20-97e8-088aac6d3e56 7937bc67a544423da246a0c897706d0f b4c9b2c5e5d24d76ae14ca7d0c568053 - - default default] Successfully bumped revision number for resource 74b9db34-6cac-4dae-aace-e9f063590054 (type: ports) to 1
2026-05-06 02:23:57.931 10 INFO neutron.wsgi [None req-1f9bab4e-c843-4e20-97e8-088aac6d3e56 7937bc67a544423da246a0c897706d0f b4c9b2c5e5d24d76ae14ca7d0c568053 - - default default] 10.0.0.230 "POST /v2.0/networks HTTP/1.1" status: 201 len: 929 time: 0.5853269
2026-05-06 02:23:57.933 9 WARNING neutron.scheduler.dhcp_agent_scheduler [None req-009570ec-3fc0-4c4a-ba3a-9909d9e8767f fc2a40a231894644b89f77d9e7c2d710 7e68359e524842de9908242b257529c6 - - default default] No more DHCP agents
2026-05-06 02:23:57.936 9 WARNING neutron.api.rpc.agentnotifiers.dhcp_rpc_agent_api [None req-009570ec-3fc0-4c4a-ba3a-9909d9e8767f fc2a40a231894644b89f77d9e7c2d710 7e68359e524842de9908242b257529c6 - - default default] Unable to schedule network d2122043-d0be-488b-a751-b40fcc106e8d: no agents available; will retry on subsequent port and subnet creation events.
2026-05-06 02:23:58.032 10 INFO neutron.wsgi [None req-c732dddd-7c12-4f97-a7e6-8ba8d4ddf510 b2f3e1d88a5e4c349345ec77204dadc3 4480c884ae21482ca5682b2ba88afe02 - - default default] 10.0.0.230 "DELETE /v2.0/security-groups/6c990681-5973-4989-a7c4-8f245ad16435 HTTP/1.1" status: 204 len: 168 time: 0.2870867
2026-05-06 02:23:58.082 9 INFO neutron.db.ovn_revision_numbers_db [None req-009570ec-3fc0-4c4a-ba3a-9909d9e8767f fc2a40a231894644b89f77d9e7c2d710 7e68359e524842de9908242b257529c6 - - default default] Successfully bumped revision number for resource d688af69-9e9e-4ff8-ae70-0504b48ac13e (type: ports) to 1
2026-05-06 02:23:58.100 10 WARNING neutron.scheduler.dhcp_agent_scheduler [None req-07c594e1-c675-453f-bbde-00965449c86a 7937bc67a544423da246a0c897706d0f b4c9b2c5e5d24d76ae14ca7d0c568053 - - default default] No more DHCP agents
2026-05-06 02:23:58.104 10 WARNING neutron.api.rpc.agentnotifiers.dhcp_rpc_agent_api [None req-07c594e1-c675-453f-bbde-00965449c86a 7937bc67a544423da246a0c897706d0f b4c9b2c5e5d24d76ae14ca7d0c568053 - - default default] Unable to schedule network b0138339-577e-4995-90c8-52f51fe25bc1: no agents available; will retry on subsequent port and subnet creation events.
2026-05-06 02:23:58.114 9 INFO neutron.wsgi [None req-009570ec-3fc0-4c4a-ba3a-9909d9e8767f fc2a40a231894644b89f77d9e7c2d710 7e68359e524842de9908242b257529c6 - - default default] 10.0.0.230 "POST /v2.0/ports HTTP/1.1" status: 201 len: 1127 time: 0.5479929
2026-05-06 02:23:58.475 10 INFO neutron.db.ovn_revision_numbers_db [None req-09bc367c-5820-4feb-8769-1725c66ff193 b2f3e1d88a5e4c349345ec77204dadc3 4480c884ae21482ca5682b2ba88afe02 - - default default] Successfully bumped revision number for resource 1b7caff5-fe3a-43cd-a986-ea089b0adfb0 (type: security_groups) to 1
2026-05-06 02:23:58.504 10 INFO neutron.db.ovn_revision_numbers_db [None req-09bc367c-5820-4feb-8769-1725c66ff193 b2f3e1d88a5e4c349345ec77204dadc3 4480c884ae21482ca5682b2ba88afe02 - - default default] Successfully bumped revision number for resource 0890410d-8f1d-4d00-b132-fd12cf6d38cc (type: security_group_rules) to 0
2026-05-06 02:23:58.547 10 INFO neutron.db.ovn_revision_numbers_db [None req-09bc367c-5820-4feb-8769-1725c66ff193 b2f3e1d88a5e4c349345ec77204dadc3 4480c884ae21482ca5682b2ba88afe02 - - default default] Successfully bumped revision number for resource 4dc6ffb9-daf7-439d-8af1-1e83dcd1c29e (type: security_group_rules) to 0
2026-05-06 02:23:58.577 10 INFO neutron.wsgi [None req-64d33398-2b8a-4349-b2d5-04b4b48eb7aa fc2a40a231894644b89f77d9e7c2d710 7e68359e524842de9908242b257529c6 - - default default] 10.0.0.230 "DELETE /v2.0/ports/d688af69-9e9e-4ff8-ae70-0504b48ac13e HTTP/1.1" status: 204 len: 168 time: 0.4593246
2026-05-06 02:23:58.582 10 INFO neutron.db.ovn_revision_numbers_db [None req-09bc367c-5820-4feb-8769-1725c66ff193 b2f3e1d88a5e4c349345ec77204dadc3 4480c884ae21482ca5682b2ba88afe02 - - default default] Successfully bumped revision number for resource f7396412-582b-4120-a27d-29928d48717f (type: security_group_rules) to 0
2026-05-06 02:23:58.605 9 INFO neutron.pecan_wsgi.hooks.translation [None req-fd3fff77-1792-46d9-880d-ef65f629a5de fc2a40a231894644b89f77d9e7c2d710 7e68359e524842de9908242b257529c6 - - default default] GET failed (client error): The resource could not be found.
2026-05-06 02:23:58.607 9 INFO neutron.wsgi [None req-fd3fff77-1792-46d9-880d-ef65f629a5de fc2a40a231894644b89f77d9e7c2d710 7e68359e524842de9908242b257529c6 - - default default] 10.0.0.230 "GET /v2.0/ports/d688af69-9e9e-4ff8-ae70-0504b48ac13e HTTP/1.1" status: 404 len: 333 time: 0.0210819
2026-05-06 02:23:58.636 10 INFO neutron.db.ovn_revision_numbers_db [None req-09bc367c-5820-4feb-8769-1725c66ff193 b2f3e1d88a5e4c349345ec77204dadc3 4480c884ae21482ca5682b2ba88afe02 - - default default] Successfully bumped revision number for resource f82814e3-2f15-460e-b040-d6149aee8204 (type: security_group_rules) to 0
2026-05-06 02:23:58.667 10 INFO neutron.wsgi [None req-09bc367c-5820-4feb-8769-1725c66ff193 b2f3e1d88a5e4c349345ec77204dadc3 4480c884ae21482ca5682b2ba88afe02 - - default default] 10.0.0.230 "GET /v2.0/security-groups?tenant_id=2251aa83db5c45eb8c32bb12ded45522&name=default HTTP/1.1" status: 200 len: 2996 time: 0.4514549
2026-05-06 02:23:58.815 10 INFO neutron.db.ovn_revision_numbers_db [None req-07c594e1-c675-453f-bbde-00965449c86a 7937bc67a544423da246a0c897706d0f b4c9b2c5e5d24d76ae14ca7d0c568053 - - default default] Successfully bumped revision number for resource 74b9db34-6cac-4dae-aace-e9f063590054 (type: ports) to 2
2026-05-06 02:23:58.835 9 INFO neutron.wsgi [None req-6336ea83-24df-4687-8f71-73a2b4f36e84 fc2a40a231894644b89f77d9e7c2d710 7e68359e524842de9908242b257529c6 - - default default] 10.0.0.230 "DELETE /v2.0/subnets/0e20dafa-45d5-4204-a909-3afc116c5eab HTTP/1.1" status: 204 len: 168 time: 0.2229266
2026-05-06 02:23:58.882 10 INFO neutron.db.ovn_revision_numbers_db [None req-07c594e1-c675-453f-bbde-00965449c86a 7937bc67a544423da246a0c897706d0f b4c9b2c5e5d24d76ae14ca7d0c568053 - - default default] Successfully bumped revision number for resource 676b35f1-844d-4c14-848b-306ac20c8cfb (type: subnets) to 0
2026-05-06 02:23:58.901 10 INFO neutron.wsgi [None req-07c594e1-c675-453f-bbde-00965449c86a 7937bc67a544423da246a0c897706d0f b4c9b2c5e5d24d76ae14ca7d0c568053 - - default default] 10.0.0.230 "POST /v2.0/subnets HTTP/1.1" status: 201 len: 822 time: 0.9646473
2026-05-06 02:23:58.913 9 WARNING neutron.api.v2.base [None req-94cdffb1-7c05-41fa-8322-cabbf48d184e 7937bc67a544423da246a0c897706d0f b4c9b2c5e5d24d76ae14ca7d0c568053 - - default default] An exception happened while processing the request body. The exception message is [Invalid input for target_tenant. Reason: '1234123412341234123412341234123412341234123412341234123412341234123412341234123412341234123412341234123412341234123412341234123412341234123412341234123412341234123412341234123412341234123412341234123412341234123412341234123412341234123412341234123412341234123412341234123412341234123412341234123412341234123412341234123412341234123412341234123412341234123412341234123412341234123412341234123412341234' exceeds maximum length of 255.].: webob.exc.HTTPBadRequest: Invalid input for target_tenant. Reason: '1234123412341234123412341234123412341234123412341234123412341234123412341234123412341234123412341234123412341234123412341234123412341234123412341234123412341234123412341234123412341234123412341234123412341234123412341234123412341234123412341234123412341234123412341234123412341234123412341234123412341234123412341234123412341234123412341234123412341234123412341234123412341234123412341234123412341234' exceeds maximum length of 255.
2026-05-06 02:23:58.913 9 INFO neutron.api.v2.resource [None req-94cdffb1-7c05-41fa-8322-cabbf48d184e 7937bc67a544423da246a0c897706d0f b4c9b2c5e5d24d76ae14ca7d0c568053 - - default default] create failed (client error): Invalid input for target_tenant. Reason: '1234123412341234123412341234123412341234123412341234123412341234123412341234123412341234123412341234123412341234123412341234123412341234123412341234123412341234123412341234123412341234123412341234123412341234123412341234123412341234123412341234123412341234123412341234123412341234123412341234123412341234123412341234123412341234123412341234123412341234123412341234123412341234123412341234123412341234' exceeds maximum length of 255.
2026-05-06 02:23:58.914 9 INFO neutron.wsgi [None req-94cdffb1-7c05-41fa-8322-cabbf48d184e 7937bc67a544423da246a0c897706d0f b4c9b2c5e5d24d76ae14ca7d0c568053 - - default default] 10.0.0.230 "POST /v2.0/rbac-policies HTTP/1.1" status: 400 len: 750 time: 0.0075819
2026-05-06 02:23:58.946 9 INFO neutron.wsgi [None req-f88efee9-576f-4358-bca4-d2a622415a8a b2f3e1d88a5e4c349345ec77204dadc3 4480c884ae21482ca5682b2ba88afe02 - - default default] 10.0.0.230 "DELETE /v2.0/security-groups/1b7caff5-fe3a-43cd-a986-ea089b0adfb0 HTTP/1.1" status: 204 len: 168 time: 0.2725296
2026-05-06 02:23:59.431 10 INFO neutron.services.segments.plugin [-] Segment 7ccc8258-a1fa-40ff-946d-f93aa13cae29 resource provider aggregate not found
2026-05-06 02:23:59.436 10 INFO neutron.services.segments.plugin [-] Segment 7ccc8258-a1fa-40ff-946d-f93aa13cae29 resource provider aggregate not found
2026-05-06 02:23:59.461 10 INFO neutron.services.segments.plugin [-] Segment 7ccc8258-a1fa-40ff-946d-f93aa13cae29 resource provider not found; error: Placement Client Error (4xx): {"errors": [{"status": 404, "title": "Not Found", "detail": "The resource could not be found.\n\n No resource provider with uuid 7ccc8258-a1fa-40ff-946d-f93aa13cae29 found for delete ", "request_id": "req-185fde11-6843-4b39-805f-c0d36cff56b9"}]}
2026-05-06 02:23:59.462 10 INFO neutron.services.segments.plugin [-] Segment 7ccc8258-a1fa-40ff-946d-f93aa13cae29 resource provider not found; error: Placement Client Error (4xx): {"errors": [{"status": 404, "title": "Not Found", "detail": "The resource could not be found.\n\n No resource provider with uuid 7ccc8258-a1fa-40ff-946d-f93aa13cae29 found for delete ", "request_id": "req-0aa3616f-dc72-43d1-9ed6-6961bebd0143"}]}
2026-05-06 02:23:59.482 10 INFO neutron.wsgi [None req-161fcda4-cd4e-48e0-8797-cbc2e2cc9bec fc2a40a231894644b89f77d9e7c2d710 7e68359e524842de9908242b257529c6 - - default default] 10.0.0.230 "DELETE /v2.0/networks/d2122043-d0be-488b-a751-b40fcc106e8d HTTP/1.1" status: 204 len: 168 time: 0.6422670
2026-05-06 02:23:59.497 9 INFO neutron.services.segments.plugin [-] Segment 39bd1696-4e2f-4f5c-b1d9-60f773f4b5db resource provider aggregate not found
2026-05-06 02:23:59.503 9 INFO neutron.services.segments.plugin [-] Segment 39bd1696-4e2f-4f5c-b1d9-60f773f4b5db resource provider aggregate not found
2026-05-06 02:23:59.518 9 WARNING neutron_lib.context [None req-a0550b8e-d11a-499c-b317-3c0b05ef913e fc2a40a231894644b89f77d9e7c2d710 7e68359e524842de9908242b257529c6 - - default default] Method 'is_advsvc' is deprecated since 2023.2 release (neutron-lib 3.8.0) and will be removed once support for the old RBAC API policies will be removed from Neutron. Please use method 'is_service_role' instead.
2026-05-06 02:23:59.528 9 INFO neutron.services.segments.plugin [-] Segment 39bd1696-4e2f-4f5c-b1d9-60f773f4b5db resource provider not found; error: Placement Client Error (4xx): {"errors": [{"status": 404, "title": "Not Found", "detail": "The resource could not be found.\n\n No resource provider with uuid 39bd1696-4e2f-4f5c-b1d9-60f773f4b5db found for delete ", "request_id": "req-a58f4523-20f4-4c35-89f3-d835a294b8d1"}]}
2026-05-06 02:23:59.536 9 INFO neutron.services.segments.plugin [-] Segment 39bd1696-4e2f-4f5c-b1d9-60f773f4b5db resource provider not found; error: Placement Client Error (4xx): {"errors": [{"status": 404, "title": "Not Found", "detail": "The resource could not be found.\n\n No resource provider with uuid 39bd1696-4e2f-4f5c-b1d9-60f773f4b5db found for delete ", "request_id": "req-af2a7eb1-029d-4ee9-a7b0-7955949c23f9"}]}
2026-05-06 02:23:59.575 9 INFO neutron.wsgi [None req-e764f1de-ceec-4a8f-b97b-8445c19e00f7 7937bc67a544423da246a0c897706d0f b4c9b2c5e5d24d76ae14ca7d0c568053 - - default default] 10.0.0.230 "DELETE /v2.0/networks/b0138339-577e-4995-90c8-52f51fe25bc1 HTTP/1.1" status: 204 len: 168 time: 0.6529243
2026-05-06 02:23:59.582 10 INFO neutron.wsgi [-] 10.0.0.230 "GET / HTTP/1.1" status: 200 len: 279 time: 0.0017366
2026-05-06 02:23:59.673 9 INFO neutron.db.segments_db [None req-7a909b88-dce1-47e4-81c2-74ff110f40de 7937bc67a544423da246a0c897706d0f b4c9b2c5e5d24d76ae14ca7d0c568053 - - default default] Added segment 847c4b12-1c40-443f-bb18-1be6d6382f14 of type geneve for network 9bbefd1e-ac2f-452a-88c4-d4e2e6f5f696
2026-05-06 02:23:59.770 10 INFO neutron.wsgi [None req-9945d742-5e41-4ef0-80e5-1ebf7f3bd16a 1d78ae29b950454a86f51c2545fc1aa4 657d350b51d242dbaafd98cd5a0deb82 - - default default] 10.0.0.230 "GET /v2.0/ HTTP/1.1" status: 200 len: 826 time: 0.1823852
2026-05-06 02:23:59.865 9 INFO neutron.db.ovn_revision_numbers_db [None req-7a909b88-dce1-47e4-81c2-74ff110f40de 7937bc67a544423da246a0c897706d0f b4c9b2c5e5d24d76ae14ca7d0c568053 - - default default] Successfully bumped revision number for resource 9bbefd1e-ac2f-452a-88c4-d4e2e6f5f696 (type: networks) to 1
2026-05-06 02:23:59.866 9 WARNING neutron.scheduler.dhcp_agent_scheduler [None req-a0550b8e-d11a-499c-b317-3c0b05ef913e fc2a40a231894644b89f77d9e7c2d710 7e68359e524842de9908242b257529c6 - - default default] No more DHCP agents
2026-05-06 02:23:59.869 9 WARNING neutron.api.rpc.agentnotifiers.dhcp_rpc_agent_api [None req-a0550b8e-d11a-499c-b317-3c0b05ef913e fc2a40a231894644b89f77d9e7c2d710 7e68359e524842de9908242b257529c6 - - default default] Unable to schedule network d15e4788-b2d9-41eb-ac9f-be23c8b98729: no agents available; will retry on subsequent port and subnet creation events.
2026-05-06 02:23:59.995 9 INFO neutron.db.ovn_revision_numbers_db [None req-a0550b8e-d11a-499c-b317-3c0b05ef913e fc2a40a231894644b89f77d9e7c2d710 7e68359e524842de9908242b257529c6 - - default default] Successfully bumped revision number for resource a593c839-d0ff-45e8-8c84-28f6ba71b45f (type: ports) to 1
2026-05-06 02:24:00.027 9 INFO neutron.wsgi [None req-a0550b8e-d11a-499c-b317-3c0b05ef913e fc2a40a231894644b89f77d9e7c2d710 7e68359e524842de9908242b257529c6 - - default default] 10.0.0.230 "POST /v2.0/ports HTTP/1.1" status: 201 len: 978 time: 0.5252221 /var/lib/openstack/lib/python3.10/site-packages/pycadf/identifier.py:71: UserWarning: Invalid uuid: neutron. To ensure interoperability, identifiers should be a valid uuid. warnings.warn(('Invalid uuid: %s. To ensure interoperability, '
2026-05-06 02:24:00.089 9 WARNING neutron.scheduler.dhcp_agent_scheduler [None req-7a909b88-dce1-47e4-81c2-74ff110f40de 7937bc67a544423da246a0c897706d0f b4c9b2c5e5d24d76ae14ca7d0c568053 - - default default] No more DHCP agents
2026-05-06 02:24:00.092 9 WARNING neutron.api.rpc.agentnotifiers.dhcp_rpc_agent_api [None req-7a909b88-dce1-47e4-81c2-74ff110f40de 7937bc67a544423da246a0c897706d0f b4c9b2c5e5d24d76ae14ca7d0c568053 - - default default] Unable to schedule network 9bbefd1e-ac2f-452a-88c4-d4e2e6f5f696: no agents available; will retry on subsequent port and subnet creation events.
2026-05-06 02:24:00.208 9 INFO neutron.db.ovn_revision_numbers_db [None req-7a909b88-dce1-47e4-81c2-74ff110f40de 7937bc67a544423da246a0c897706d0f b4c9b2c5e5d24d76ae14ca7d0c568053 - - default default] Successfully bumped revision number for resource 6117d6ce-fd9c-4ec6-9e01-a91437fa65e7 (type: ports) to 1
2026-05-06 02:24:00.233 9 INFO neutron.wsgi [None req-7a909b88-dce1-47e4-81c2-74ff110f40de 7937bc67a544423da246a0c897706d0f b4c9b2c5e5d24d76ae14ca7d0c568053 - - default default] 10.0.0.230 "POST /v2.0/networks HTTP/1.1" status: 201 len: 928 time: 0.6534331
2026-05-06 02:24:00.335 10 INFO neutron.plugins.ml2.drivers.ovn.mech_driver.mech_driver [None req-dc4700c3-af91-4fc7-8c99-a746eaa7b092 - - - - - -] OVN reports status down for port: a593c839-d0ff-45e8-8c84-28f6ba71b45f
2026-05-06 02:24:00.375 9 INFO neutron.db.ovn_revision_numbers_db [None req-b9ee7c14-b0ab-422d-8c68-fdc09e9be750 fc2a40a231894644b89f77d9e7c2d710 7e68359e524842de9908242b257529c6 - - default default] Successfully bumped revision number for resource a593c839-d0ff-45e8-8c84-28f6ba71b45f (type: ports) to 2
2026-05-06 02:24:00.402 9 INFO neutron.wsgi [None req-b9ee7c14-b0ab-422d-8c68-fdc09e9be750 fc2a40a231894644b89f77d9e7c2d710 7e68359e524842de9908242b257529c6 - - default default] 10.0.0.230 "PUT /v2.0/ports/a593c839-d0ff-45e8-8c84-28f6ba71b45f HTTP/1.1" status: 200 len: 946 time: 0.3688025 /var/lib/openstack/lib/python3.10/site-packages/pycadf/identifier.py:71: UserWarning: Invalid uuid: neutron. To ensure interoperability, identifiers should be a valid uuid. warnings.warn(('Invalid uuid: %s. To ensure interoperability, '
2026-05-06 02:24:00.453 9 WARNING neutron.scheduler.dhcp_agent_scheduler [None req-6fe5a094-2359-4e4a-b3a8-fd3acd30706c 7937bc67a544423da246a0c897706d0f b4c9b2c5e5d24d76ae14ca7d0c568053 - - default default] No more DHCP agents
2026-05-06 02:24:00.459 9 WARNING neutron.api.rpc.agentnotifiers.dhcp_rpc_agent_api [None req-6fe5a094-2359-4e4a-b3a8-fd3acd30706c 7937bc67a544423da246a0c897706d0f b4c9b2c5e5d24d76ae14ca7d0c568053 - - default default] Unable to schedule network 9bbefd1e-ac2f-452a-88c4-d4e2e6f5f696: no agents available; will retry on subsequent port and subnet creation events.
2026-05-06 02:24:00.521 10 INFO neutron.db.ovn_revision_numbers_db [None req-4903daea-a7a6-4fea-972f-f1b21444d16b b2f3e1d88a5e4c349345ec77204dadc3 4480c884ae21482ca5682b2ba88afe02 - - default default] Successfully bumped revision number for resource cd8c8fca-b369-445e-96e8-60144a527dc2 (type: security_groups) to 1
2026-05-06 02:24:00.538 10 INFO neutron.db.ovn_revision_numbers_db [None req-4903daea-a7a6-4fea-972f-f1b21444d16b b2f3e1d88a5e4c349345ec77204dadc3 4480c884ae21482ca5682b2ba88afe02 - - default default] Successfully bumped revision number for resource 3acb3a5f-56c1-43c9-87fe-1221bf180a41 (type: security_group_rules) to 0
2026-05-06 02:24:00.561 10 INFO neutron.db.ovn_revision_numbers_db [None req-4903daea-a7a6-4fea-972f-f1b21444d16b b2f3e1d88a5e4c349345ec77204dadc3 4480c884ae21482ca5682b2ba88afe02 - - default default] Successfully bumped revision number for resource b9cce073-d482-41b7-894d-c0ab3e6d80d9 (type: security_group_rules) to 0
2026-05-06 02:24:00.578 10 INFO neutron.db.ovn_revision_numbers_db [None req-4903daea-a7a6-4fea-972f-f1b21444d16b b2f3e1d88a5e4c349345ec77204dadc3 4480c884ae21482ca5682b2ba88afe02 - - default default] Successfully bumped revision number for resource c8eb13fe-20f1-4dad-8fba-179d14ccc504 (type: security_group_rules) to 0
2026-05-06 02:24:00.595 10 INFO neutron.db.ovn_revision_numbers_db [None req-4903daea-a7a6-4fea-972f-f1b21444d16b b2f3e1d88a5e4c349345ec77204dadc3 4480c884ae21482ca5682b2ba88afe02 - - default default] Successfully bumped revision number for resource ca2fdaa9-0dc2-4640-ad6e-2cf62888c6cc (type: security_group_rules) to 0
2026-05-06 02:24:00.624 10 INFO neutron.wsgi [None req-4903daea-a7a6-4fea-972f-f1b21444d16b b2f3e1d88a5e4c349345ec77204dadc3 4480c884ae21482ca5682b2ba88afe02 - - default default] 10.0.0.230 "GET /v2.0/security-groups?tenant_id=657d350b51d242dbaafd98cd5a0deb82&name=default HTTP/1.1" status: 200 len: 2996 time: 0.4315612
2026-05-06 02:24:00.713 9 INFO neutron.wsgi [None req-f2ab5e89-24ca-4c6e-a318-14b208a431e5 fc2a40a231894644b89f77d9e7c2d710 7e68359e524842de9908242b257529c6 - - default default] 10.0.0.230 "DELETE /v2.0/ports/a593c839-d0ff-45e8-8c84-28f6ba71b45f HTTP/1.1" status: 204 len: 168 time: 0.3014255
2026-05-06 02:24:00.820 10 INFO neutron.wsgi [None req-fc41dd74-2d3d-4346-85ea-9d9a5ed49a35 fc2a40a231894644b89f77d9e7c2d710 7e68359e524842de9908242b257529c6 - - default default] 10.0.0.230 "GET /v2.0/ports HTTP/1.1" status: 200 len: 1732 time: 0.1015122
2026-05-06 02:24:00.843 10 INFO neutron.pecan_wsgi.hooks.translation [None req-7b42304f-506e-4096-bdf3-a90cd67373f0 fc2a40a231894644b89f77d9e7c2d710 7e68359e524842de9908242b257529c6 - - default default] GET failed (client error): The resource could not be found.
2026-05-06 02:24:00.845 10 INFO neutron.wsgi [None req-7b42304f-506e-4096-bdf3-a90cd67373f0 fc2a40a231894644b89f77d9e7c2d710 7e68359e524842de9908242b257529c6 - - default default] 10.0.0.230 "GET /v2.0/ports/a593c839-d0ff-45e8-8c84-28f6ba71b45f HTTP/1.1" status: 404 len: 333 time: 0.0190589
2026-05-06 02:24:00.887 10 INFO neutron.wsgi [None req-d3a508ce-1c46-4781-8d09-05b25ec1abfb fc2a40a231894644b89f77d9e7c2d710 7e68359e524842de9908242b257529c6 - - default default] 10.0.0.230 "GET /v2.0/ports HTTP/1.1" status: 200 len: 1732 time: 0.0351694
2026-05-06 02:24:00.926 10 INFO neutron.wsgi [None req-fbdeaea4-a8d1-49de-ae30-54a29c3ad480 fc2a40a231894644b89f77d9e7c2d710 7e68359e524842de9908242b257529c6 - - default default] 10.0.0.230 "GET /v2.0/ports/fabb2cb9-0741-4b54-b869-3fddf2f7f766 HTTP/1.1" status: 200 len: 972 time: 0.0334871
2026-05-06 02:24:00.935 10 INFO neutron.wsgi [None req-ed569d75-b10d-428e-b8af-835d1244f28a b2f3e1d88a5e4c349345ec77204dadc3 4480c884ae21482ca5682b2ba88afe02 - - default default] 10.0.0.230 "DELETE /v2.0/security-groups/cd8c8fca-b369-445e-96e8-60144a527dc2 HTTP/1.1" status: 204 len: 168 time: 0.3058267
2026-05-06 02:24:00.948 10 INFO neutron.pecan_wsgi.hooks.translation [None req-00b3c2b5-76c8-4e62-a460-a7108e72e695 fc2a40a231894644b89f77d9e7c2d710 7e68359e524842de9908242b257529c6 - - default default] DELETE failed (client error): The resource could not be found.
2026-05-06 02:24:00.950 10 INFO neutron.wsgi [None req-00b3c2b5-76c8-4e62-a460-a7108e72e695 fc2a40a231894644b89f77d9e7c2d710 7e68359e524842de9908242b257529c6 - - default default] 10.0.0.230 "DELETE /v2.0/ports/d688af69-9e9e-4ff8-ae70-0504b48ac13e HTTP/1.1" status: 404 len: 333 time: 0.0180790
2026-05-06 02:24:00.966 10 INFO neutron.pecan_wsgi.hooks.translation [None req-5dbf0e95-27af-46b4-be11-260cc3e8053e fc2a40a231894644b89f77d9e7c2d710 7e68359e524842de9908242b257529c6 - - default default] DELETE failed (client error): The resource could not be found.
2026-05-06 02:24:00.968 10 INFO neutron.wsgi [None req-5dbf0e95-27af-46b4-be11-260cc3e8053e fc2a40a231894644b89f77d9e7c2d710 7e68359e524842de9908242b257529c6 - - default default] 10.0.0.230 "DELETE /v2.0/subnets/0e20dafa-45d5-4204-a909-3afc116c5eab HTTP/1.1" status: 404 len: 337 time: 0.0133135
2026-05-06 02:24:00.983 10 INFO neutron.pecan_wsgi.hooks.translation [None req-1cc675a7-38a7-4699-8e4d-b8cdb961e2fb fc2a40a231894644b89f77d9e7c2d710 7e68359e524842de9908242b257529c6 - - default default] DELETE failed (client error): The resource could not be found.
2026-05-06 02:24:00.985 10 INFO neutron.wsgi [None req-1cc675a7-38a7-4699-8e4d-b8cdb961e2fb fc2a40a231894644b89f77d9e7c2d710 7e68359e524842de9908242b257529c6 - - default default] 10.0.0.230 "DELETE /v2.0/subnets/91f116ca-1b38-4a65-8ceb-f01ff705e2bc HTTP/1.1" status: 404 len: 337 time: 0.0143282
2026-05-06 02:24:01.082 9 INFO neutron.db.ovn_revision_numbers_db [None req-6fe5a094-2359-4e4a-b3a8-fd3acd30706c 7937bc67a544423da246a0c897706d0f b4c9b2c5e5d24d76ae14ca7d0c568053 - - default default] Successfully bumped revision number for resource 6117d6ce-fd9c-4ec6-9e01-a91437fa65e7 (type: ports) to 2
2026-05-06 02:24:01.112 9 INFO neutron.db.ovn_revision_numbers_db [None req-6fe5a094-2359-4e4a-b3a8-fd3acd30706c 7937bc67a544423da246a0c897706d0f b4c9b2c5e5d24d76ae14ca7d0c568053 - - default default] Successfully bumped revision number for resource 7bfde413-8f8f-4e3e-a5ad-b75f85abfff9 (type: subnets) to 0
2026-05-06 02:24:01.124 9 INFO neutron.wsgi [None req-6fe5a094-2359-4e4a-b3a8-fd3acd30706c 7937bc67a544423da246a0c897706d0f b4c9b2c5e5d24d76ae14ca7d0c568053 - - default default] 10.0.0.230 "POST /v2.0/subnets HTTP/1.1" status: 201 len: 822 time: 0.8804395
2026-05-06 02:24:01.221 10 INFO neutron.wsgi [None req-23154cc3-658f-4444-9588-8092e4bdc4da fc2a40a231894644b89f77d9e7c2d710 7e68359e524842de9908242b257529c6 - - default default] 10.0.0.230 "DELETE /v2.0/ports/fabb2cb9-0741-4b54-b869-3fddf2f7f766 HTTP/1.1" status: 204 len: 168 time: 0.2328343
2026-05-06 02:24:01.588 10 INFO neutron.services.segments.plugin [-] Segment 1bc07877-3cae-48d3-8246-0cf809daed4f resource provider aggregate not found
2026-05-06 02:24:01.608 10 INFO neutron.services.segments.plugin [-] Segment 1bc07877-3cae-48d3-8246-0cf809daed4f resource provider aggregate not found
