2026-05-06 02:24:24.074 10 INFO neutron.db.ovn_revision_numbers_db [None req-58d68e7f-467d-4c81-95f4-0a8794e6f410 b2f3e1d88a5e4c349345ec77204dadc3 4480c884ae21482ca5682b2ba88afe02 - - default default] Successfully bumped revision number for resource db4f98b3-77dd-43a7-a5fb-8acdffd0a760 (type: security_group_rules) to 0
2026-05-06 02:24:24.078 10 INFO neutron.db.ovn_revision_numbers_db [None req-e4c6d50d-9a44-471b-aa61-60287ee459cc 496909e81e68411b90268b90090a5c9b 695f0c1615ab4d10a788a163c676901d - - default default] Successfully bumped revision number for resource b5de4761-37a0-4728-878c-736f53ddd19e (type: ports) to 2
2026-05-06 02:24:24.110 10 INFO neutron.wsgi [None req-58d68e7f-467d-4c81-95f4-0a8794e6f410 b2f3e1d88a5e4c349345ec77204dadc3 4480c884ae21482ca5682b2ba88afe02 - - default default] 10.0.0.230 "GET /v2.0/security-groups?tenant_id=d04556db27a940edbc0467cb3c6f3f92&name=default HTTP/1.1" status: 200 len: 2996 time: 0.3582187
2026-05-06 02:24:24.138 10 INFO neutron.db.ovn_revision_numbers_db [None req-e4c6d50d-9a44-471b-aa61-60287ee459cc 496909e81e68411b90268b90090a5c9b 695f0c1615ab4d10a788a163c676901d - - default default] Successfully bumped revision number for resource c4a47afb-8f72-4b8d-801f-07466bcbe53c (type: subnets) to 0
2026-05-06 02:24:24.156 10 INFO neutron.wsgi [None req-e4c6d50d-9a44-471b-aa61-60287ee459cc 496909e81e68411b90268b90090a5c9b 695f0c1615ab4d10a788a163c676901d - - default default] 10.0.0.230 "POST /v2.0/subnets HTTP/1.1" status: 201 len: 831 time: 1.1261830
2026-05-06 02:24:24.333 9 INFO neutron.wsgi [None req-cd151da0-6012-4ea4-b4aa-9fe7a44b6eab b2f3e1d88a5e4c349345ec77204dadc3 4480c884ae21482ca5682b2ba88afe02 - - default default] 10.0.0.230 "DELETE /v2.0/security-groups/db9a4c42-5366-4de9-9486-518611843866 HTTP/1.1" status: 204 len: 168 time: 0.2173667
2026-05-06 02:24:24.768 10 WARNING neutron.scheduler.dhcp_agent_scheduler [None req-5ec85ed9-c555-4a42-ba97-62ba2b995b2b 496909e81e68411b90268b90090a5c9b 695f0c1615ab4d10a788a163c676901d - - default default] No more DHCP agents
2026-05-06 02:24:24.770 10 WARNING neutron.api.rpc.agentnotifiers.dhcp_rpc_agent_api [None req-5ec85ed9-c555-4a42-ba97-62ba2b995b2b 496909e81e68411b90268b90090a5c9b 695f0c1615ab4d10a788a163c676901d - - default default] Unable to schedule network bd76ef01-efc3-42cd-ae6f-2814afa19697: no agents available; will retry on subsequent port and subnet creation events.
2026-05-06 02:24:24.969 10 INFO neutron.db.ovn_revision_numbers_db [None req-5ec85ed9-c555-4a42-ba97-62ba2b995b2b 496909e81e68411b90268b90090a5c9b 695f0c1615ab4d10a788a163c676901d - - default default] Successfully bumped revision number for resource 4872eaaa-691b-44c8-8c0a-f11b85e93c6a (type: ports) to 1
2026-05-06 02:24:25.464 10 INFO neutron.plugins.ml2.drivers.ovn.mech_driver.mech_driver [None req-dc4700c3-af91-4fc7-8c99-a746eaa7b092 - - - - - -] OVN reports status up for port: 4872eaaa-691b-44c8-8c0a-f11b85e93c6a
2026-05-06 02:24:25.484 10 INFO neutron.plugins.ml2.plugin [None req-dc4700c3-af91-4fc7-8c99-a746eaa7b092 - - - - - -] Attempt 1 to provision port 4872eaaa-691b-44c8-8c0a-f11b85e93c6a
2026-05-06 02:24:25.504 10 INFO neutron.db.ovn_revision_numbers_db [None req-5ec85ed9-c555-4a42-ba97-62ba2b995b2b 496909e81e68411b90268b90090a5c9b 695f0c1615ab4d10a788a163c676901d - - default default] Successfully bumped revision number for resource 4872eaaa-691b-44c8-8c0a-f11b85e93c6a (type: router_ports) to 1
2026-05-06 02:24:25.542 9 WARNING neutron_lib.context [None req-96af29dd-992f-4a0f-9109-be22195aa493 4ddfa47f8f524e95b22b74184cf459f9 0f011c9e323c4c15968218f78e66366e - - default default] Method 'is_advsvc' is deprecated since 2023.2 release (neutron-lib 3.8.0) and will be removed once support for the old RBAC API policies will be removed from Neutron. Please use method 'is_service_role' instead.
2026-05-06 02:24:25.673 9 INFO neutron.db.ovn_revision_numbers_db [None req-96af29dd-992f-4a0f-9109-be22195aa493 4ddfa47f8f524e95b22b74184cf459f9 0f011c9e323c4c15968218f78e66366e - - default default] Successfully bumped revision number for resource 276bdaa7-b78e-4441-8ba0-af4a960e5185 (type: security_groups) to 1
2026-05-06 02:24:25.688 9 INFO neutron.db.ovn_revision_numbers_db [None req-96af29dd-992f-4a0f-9109-be22195aa493 4ddfa47f8f524e95b22b74184cf459f9 0f011c9e323c4c15968218f78e66366e - - default default] Successfully bumped revision number for resource 32f236a6-656a-40eb-9810-a99296e7cb7a (type: security_group_rules) to 0
2026-05-06 02:24:25.702 9 INFO neutron.db.ovn_revision_numbers_db [None req-96af29dd-992f-4a0f-9109-be22195aa493 4ddfa47f8f524e95b22b74184cf459f9 0f011c9e323c4c15968218f78e66366e - - default default] Successfully bumped revision number for resource a060c643-0dac-4507-af4a-1bbc72079fa1 (type: security_group_rules) to 0
2026-05-06 02:24:25.717 9 INFO neutron.db.ovn_revision_numbers_db [None req-96af29dd-992f-4a0f-9109-be22195aa493 4ddfa47f8f524e95b22b74184cf459f9 0f011c9e323c4c15968218f78e66366e - - default default] Successfully bumped revision number for resource bdf06ae2-f6e5-4237-8cdd-fcb1ec66f52b (type: security_group_rules) to 0
2026-05-06 02:24:25.746 9 INFO neutron.db.ovn_revision_numbers_db [None req-96af29dd-992f-4a0f-9109-be22195aa493 4ddfa47f8f524e95b22b74184cf459f9 0f011c9e323c4c15968218f78e66366e - - default default] Successfully bumped revision number for resource fe45200c-7ee9-4e6b-9a6b-0dbb67d11d3d (type: security_group_rules) to 0
2026-05-06 02:24:25.809 9 INFO neutron.db.segments_db [None req-96af29dd-992f-4a0f-9109-be22195aa493 4ddfa47f8f524e95b22b74184cf459f9 0f011c9e323c4c15968218f78e66366e - - default default] Added segment 77fc7a34-5cc1-4c0f-9597-d4c0442c5ea3 of type geneve for network 7bfb309c-683b-46ae-a77e-327e7cc52642
2026-05-06 02:24:25.931 10 INFO neutron.db.ovn_revision_numbers_db [None req-5ec85ed9-c555-4a42-ba97-62ba2b995b2b 496909e81e68411b90268b90090a5c9b 695f0c1615ab4d10a788a163c676901d - - default default] Successfully bumped revision number for resource 4872eaaa-691b-44c8-8c0a-f11b85e93c6a (type: ports) to 1
2026-05-06 02:24:25.966 9 INFO neutron.db.ovn_revision_numbers_db [None req-96af29dd-992f-4a0f-9109-be22195aa493 4ddfa47f8f524e95b22b74184cf459f9 0f011c9e323c4c15968218f78e66366e - - default default] Successfully bumped revision number for resource 7bfb309c-683b-46ae-a77e-327e7cc52642 (type: networks) to 1
2026-05-06 02:24:26.029 10 WARNING neutron.scheduler.dhcp_agent_scheduler [None req-5ec85ed9-c555-4a42-ba97-62ba2b995b2b 496909e81e68411b90268b90090a5c9b 695f0c1615ab4d10a788a163c676901d - - default default] No more DHCP agents
2026-05-06 02:24:26.030 10 WARNING neutron.api.rpc.agentnotifiers.dhcp_rpc_agent_api [None req-5ec85ed9-c555-4a42-ba97-62ba2b995b2b 496909e81e68411b90268b90090a5c9b 695f0c1615ab4d10a788a163c676901d - - default default] Unable to schedule network bd76ef01-efc3-42cd-ae6f-2814afa19697: no agents available; will retry on subsequent port and subnet creation events.
2026-05-06 02:24:26.031 9 WARNING neutron_lib.context [None req-674c91d6-994b-4e28-9050-62753c6ef86a 6dc9d26f037b4063a9c32686ddf121d3 554fa1cc9a7045be8dc31f653e0cf805 - - default default] Method 'is_advsvc' is deprecated since 2023.2 release (neutron-lib 3.8.0) and will be removed once support for the old RBAC API policies will be removed from Neutron. Please use method 'is_service_role' instead.
2026-05-06 02:24:26.033 10 INFO neutron.db.ovn_revision_numbers_db [None req-dc4700c3-af91-4fc7-8c99-a746eaa7b092 - - - - - -] Successfully bumped revision number for resource 4872eaaa-691b-44c8-8c0a-f11b85e93c6a (type: ports) to 2
2026-05-06 02:24:26.151 10 INFO neutron.db.ovn_revision_numbers_db [None req-dc4700c3-af91-4fc7-8c99-a746eaa7b092 - - - - - -] Successfully bumped revision number for resource 4872eaaa-691b-44c8-8c0a-f11b85e93c6a (type: router_ports) to 2
2026-05-06 02:24:26.207 9 WARNING neutron.scheduler.dhcp_agent_scheduler [None req-96af29dd-992f-4a0f-9109-be22195aa493 4ddfa47f8f524e95b22b74184cf459f9 0f011c9e323c4c15968218f78e66366e - - default default] No more DHCP agents
2026-05-06 02:24:26.210 9 WARNING neutron.api.rpc.agentnotifiers.dhcp_rpc_agent_api [None req-96af29dd-992f-4a0f-9109-be22195aa493 4ddfa47f8f524e95b22b74184cf459f9 0f011c9e323c4c15968218f78e66366e - - default default] Unable to schedule network 7bfb309c-683b-46ae-a77e-327e7cc52642: no agents available; will retry on subsequent port and subnet creation events.
2026-05-06 02:24:26.261 9 INFO neutron.db.ovn_revision_numbers_db [None req-674c91d6-994b-4e28-9050-62753c6ef86a 6dc9d26f037b4063a9c32686ddf121d3 554fa1cc9a7045be8dc31f653e0cf805 - - default default] Successfully bumped revision number for resource 2b94f024-64ba-4ce3-9a22-87d45d8d7c6a (type: security_groups) to 1
2026-05-06 02:24:26.293 9 INFO neutron.db.ovn_revision_numbers_db [None req-674c91d6-994b-4e28-9050-62753c6ef86a 6dc9d26f037b4063a9c32686ddf121d3 554fa1cc9a7045be8dc31f653e0cf805 - - default default] Successfully bumped revision number for resource 2ab1bd74-fef5-4c0b-b8ab-5806734f6904 (type: security_group_rules) to 0
2026-05-06 02:24:26.307 9 INFO neutron.db.ovn_revision_numbers_db [None req-96af29dd-992f-4a0f-9109-be22195aa493 4ddfa47f8f524e95b22b74184cf459f9 0f011c9e323c4c15968218f78e66366e - - default default] Successfully bumped revision number for resource 5810e891-65a1-45d4-b55b-8c46c7f70c28 (type: ports) to 1
2026-05-06 02:24:26.311 9 INFO neutron.db.ovn_revision_numbers_db [None req-674c91d6-994b-4e28-9050-62753c6ef86a 6dc9d26f037b4063a9c32686ddf121d3 554fa1cc9a7045be8dc31f653e0cf805 - - default default] Successfully bumped revision number for resource 341d07bc-293f-4c5c-b719-3c1b5b0d733a (type: security_group_rules) to 0
2026-05-06 02:24:26.330 9 INFO neutron.wsgi [None req-96af29dd-992f-4a0f-9109-be22195aa493 4ddfa47f8f524e95b22b74184cf459f9 0f011c9e323c4c15968218f78e66366e - - default default] 10.0.0.230 "POST /v2.0/networks HTTP/1.1" status: 201 len: 831 time: 1.0173483
2026-05-06 02:24:26.331 9 INFO neutron.db.ovn_revision_numbers_db [None req-674c91d6-994b-4e28-9050-62753c6ef86a 6dc9d26f037b4063a9c32686ddf121d3 554fa1cc9a7045be8dc31f653e0cf805 - - default default] Successfully bumped revision number for resource 477ee116-0b56-4627-83a9-b6cb3414cda7 (type: security_group_rules) to 0
2026-05-06 02:24:26.342 10 WARNING neutron_lib.context [None req-6e219270-063e-4b1b-86e9-9350fb5c2587 4ddfa47f8f524e95b22b74184cf459f9 0f011c9e323c4c15968218f78e66366e - - default default] Method 'is_advsvc' is deprecated since 2023.2 release (neutron-lib 3.8.0) and will be removed once support for the old RBAC API policies will be removed from Neutron. Please use method 'is_service_role' instead.
2026-05-06 02:24:26.343 9 INFO neutron.db.ovn_revision_numbers_db [None req-674c91d6-994b-4e28-9050-62753c6ef86a 6dc9d26f037b4063a9c32686ddf121d3 554fa1cc9a7045be8dc31f653e0cf805 - - default default] Successfully bumped revision number for resource ae39a031-bc23-4ac3-91a3-429f57554a27 (type: security_group_rules) to 0
2026-05-06 02:24:26.387 10 INFO neutron.db.ovn_revision_numbers_db [None req-5ec85ed9-c555-4a42-ba97-62ba2b995b2b 496909e81e68411b90268b90090a5c9b 695f0c1615ab4d10a788a163c676901d - - default default] Successfully bumped revision number for resource 4872eaaa-691b-44c8-8c0a-f11b85e93c6a (type: router_ports) to 2
2026-05-06 02:24:26.389 10 INFO neutron.wsgi [None req-5ec85ed9-c555-4a42-ba97-62ba2b995b2b 496909e81e68411b90268b90090a5c9b 695f0c1615ab4d10a788a163c676901d - - default default] 10.0.0.230 "PUT /v2.0/routers/796c3cc6-067b-4ac3-81b7-99eeae160112/add_router_interface HTTP/1.1" status: 200 len: 503 time: 2.2284534
2026-05-06 02:24:26.436 9 INFO neutron.db.ovn_revision_numbers_db [None req-674c91d6-994b-4e28-9050-62753c6ef86a 6dc9d26f037b4063a9c32686ddf121d3 554fa1cc9a7045be8dc31f653e0cf805 - - default default] Successfully bumped revision number for resource dd8f572c-28cb-4400-8982-35c8c1723472 (type: security_groups) to 1
2026-05-06 02:24:26.450 9 INFO neutron.db.ovn_revision_numbers_db [None req-674c91d6-994b-4e28-9050-62753c6ef86a 6dc9d26f037b4063a9c32686ddf121d3 554fa1cc9a7045be8dc31f653e0cf805 - - default default] Successfully bumped revision number for resource 3ab640c6-42ca-43e6-94a7-a44e630b13b1 (type: security_group_rules) to 0
2026-05-06 02:24:26.451 10 INFO neutron.db.segments_db [None req-6e219270-063e-4b1b-86e9-9350fb5c2587 4ddfa47f8f524e95b22b74184cf459f9 0f011c9e323c4c15968218f78e66366e - - default default] Added segment 25e53e82-e972-4be9-91f7-767ea9b9b7db of type geneve for network 6b83ca24-d4c9-43a9-b35b-5daecf48e02d
2026-05-06 02:24:26.465 9 INFO neutron.db.ovn_revision_numbers_db [None req-674c91d6-994b-4e28-9050-62753c6ef86a 6dc9d26f037b4063a9c32686ddf121d3 554fa1cc9a7045be8dc31f653e0cf805 - - default default] Successfully bumped revision number for resource e45c6bad-2326-4411-acaf-ee250920b016 (type: security_group_rules) to 0
2026-05-06 02:24:26.489 9 INFO neutron.wsgi [None req-674c91d6-994b-4e28-9050-62753c6ef86a 6dc9d26f037b4063a9c32686ddf121d3 554fa1cc9a7045be8dc31f653e0cf805 - - default default] 10.0.0.230 "POST /v2.0/security-groups HTTP/1.1" status: 201 len: 1737 time: 0.6501846
2026-05-06 02:24:26.493 10 INFO neutron.wsgi [None req-2220247c-9f54-438d-bcd7-6ebf41513587 71b1fda4152445588478e9a74a0c9418 02871ff4d4494f4f942961d3421f78f4 - - default default] 10.0.0.230 "GET /v2.0/networks HTTP/1.1" status: 200 len: 3822 time: 0.0992661
2026-05-06 02:24:26.499 9 WARNING neutron_lib.context [None req-93d43650-c66c-4310-96a5-9f0d0399f3bc 6dc9d26f037b4063a9c32686ddf121d3 554fa1cc9a7045be8dc31f653e0cf805 - - default default] Method 'is_advsvc' is deprecated since 2023.2 release (neutron-lib 3.8.0) and will be removed once support for the old RBAC API policies will be removed from Neutron. Please use method 'is_service_role' instead.
2026-05-06 02:24:26.556 10 INFO neutron.wsgi [None req-5cd175fc-7264-4421-8cdb-26349aab4cf9 71b1fda4152445588478e9a74a0c9418 02871ff4d4494f4f942961d3421f78f4 - - default default] 10.0.0.230 "GET /v2.0/subnets HTTP/1.1" status: 200 len: 2096 time: 0.0582845
2026-05-06 02:24:26.636 10 INFO neutron.db.ovn_revision_numbers_db [None req-6e219270-063e-4b1b-86e9-9350fb5c2587 4ddfa47f8f524e95b22b74184cf459f9 0f011c9e323c4c15968218f78e66366e - - default default] Successfully bumped revision number for resource 6b83ca24-d4c9-43a9-b35b-5daecf48e02d (type: networks) to 1
2026-05-06 02:24:26.665 9 INFO neutron.wsgi [None req-e9ed3cb6-a2f4-4bae-9453-9dc62c0785d0 71b1fda4152445588478e9a74a0c9418 02871ff4d4494f4f942961d3421f78f4 - - default default] 10.0.0.230 "GET /v2.0/routers HTTP/1.1" status: 200 len: 878 time: 0.1030257
2026-05-06 02:24:26.671 9 INFO neutron.db.ovn_revision_numbers_db [None req-93d43650-c66c-4310-96a5-9f0d0399f3bc 6dc9d26f037b4063a9c32686ddf121d3 554fa1cc9a7045be8dc31f653e0cf805 - - default default] Successfully bumped revision number for resource 5b5ad8f0-582b-4bff-850e-3a57e18062ca (type: security_groups) to 1
2026-05-06 02:24:26.689 9 INFO neutron.db.ovn_revision_numbers_db [None req-93d43650-c66c-4310-96a5-9f0d0399f3bc 6dc9d26f037b4063a9c32686ddf121d3 554fa1cc9a7045be8dc31f653e0cf805 - - default default] Successfully bumped revision number for resource 7e42d115-1723-4d9a-9e9c-cfc305a8fdc8 (type: security_group_rules) to 0
2026-05-06 02:24:26.703 9 INFO neutron.db.ovn_revision_numbers_db [None req-93d43650-c66c-4310-96a5-9f0d0399f3bc 6dc9d26f037b4063a9c32686ddf121d3 554fa1cc9a7045be8dc31f653e0cf805 - - default default] Successfully bumped revision number for resource c6a7519d-82ef-4acc-85ac-928423ba221f (type: security_group_rules) to 0
2026-05-06 02:24:26.723 9 INFO neutron.wsgi [None req-93d43650-c66c-4310-96a5-9f0d0399f3bc 6dc9d26f037b4063a9c32686ddf121d3 554fa1cc9a7045be8dc31f653e0cf805 - - default default] 10.0.0.230 "POST /v2.0/security-groups HTTP/1.1" status: 201 len: 1737 time: 0.2293243
2026-05-06 02:24:26.736 9 WARNING neutron_lib.context [None req-06aba9a7-362a-4202-a08b-5b686498effa 6dc9d26f037b4063a9c32686ddf121d3 554fa1cc9a7045be8dc31f653e0cf805 - - default default] Method 'is_advsvc' is deprecated since 2023.2 release (neutron-lib 3.8.0) and will be removed once support for the old RBAC API policies will be removed from Neutron. Please use method 'is_service_role' instead.
2026-05-06 02:24:26.765 10 WARNING neutron_lib.context [None req-fc655372-6c77-4944-b482-0cbd6ec41e87 496909e81e68411b90268b90090a5c9b 695f0c1615ab4d10a788a163c676901d - - default default] Method 'is_advsvc' is deprecated since 2023.2 release (neutron-lib 3.8.0) and will be removed once support for the old RBAC API policies will be removed from Neutron. Please use method 'is_service_role' instead.
2026-05-06 02:24:26.852 9 INFO neutron.db.ovn_revision_numbers_db [None req-06aba9a7-362a-4202-a08b-5b686498effa 6dc9d26f037b4063a9c32686ddf121d3 554fa1cc9a7045be8dc31f653e0cf805 - - default default] Successfully bumped revision number for resource 3af72709-c266-4b80-8111-a9b2cb67cbd8 (type: security_groups) to 1
2026-05-06 02:24:26.866 9 INFO neutron.db.ovn_revision_numbers_db [None req-06aba9a7-362a-4202-a08b-5b686498effa 6dc9d26f037b4063a9c32686ddf121d3 554fa1cc9a7045be8dc31f653e0cf805 - - default default] Successfully bumped revision number for resource bacf744a-1a35-4063-ad85-eaafe8692669 (type: security_group_rules) to 0
2026-05-06 02:24:26.872 10 WARNING neutron.scheduler.dhcp_agent_scheduler [None req-6e219270-063e-4b1b-86e9-9350fb5c2587 4ddfa47f8f524e95b22b74184cf459f9 0f011c9e323c4c15968218f78e66366e - - default default] No more DHCP agents
2026-05-06 02:24:26.876 10 WARNING neutron.api.rpc.agentnotifiers.dhcp_rpc_agent_api [None req-6e219270-063e-4b1b-86e9-9350fb5c2587 4ddfa47f8f524e95b22b74184cf459f9 0f011c9e323c4c15968218f78e66366e - - default default] Unable to schedule network 6b83ca24-d4c9-43a9-b35b-5daecf48e02d: no agents available; will retry on subsequent port and subnet creation events.
2026-05-06 02:24:26.882 9 INFO neutron.db.ovn_revision_numbers_db [None req-06aba9a7-362a-4202-a08b-5b686498effa 6dc9d26f037b4063a9c32686ddf121d3 554fa1cc9a7045be8dc31f653e0cf805 - - default default] Successfully bumped revision number for resource c79dbc2e-c05d-4117-9a92-92418e149af6 (type: security_group_rules) to 0
2026-05-06 02:24:26.913 9 INFO neutron.wsgi [None req-06aba9a7-362a-4202-a08b-5b686498effa 6dc9d26f037b4063a9c32686ddf121d3 554fa1cc9a7045be8dc31f653e0cf805 - - default default] 10.0.0.230 "POST /v2.0/security-groups HTTP/1.1" status: 201 len: 1737 time: 0.1844838
2026-05-06 02:24:26.923 9 WARNING neutron_lib.context [None req-95604736-2782-4a8e-8d18-d0efd36c5bef 6dc9d26f037b4063a9c32686ddf121d3 554fa1cc9a7045be8dc31f653e0cf805 - - default default] Method 'is_advsvc' is deprecated since 2023.2 release (neutron-lib 3.8.0) and will be removed once support for the old RBAC API policies will be removed from Neutron. Please use method 'is_service_role' instead.
2026-05-06 02:24:26.955 10 INFO neutron.db.ovn_revision_numbers_db [None req-fc655372-6c77-4944-b482-0cbd6ec41e87 496909e81e68411b90268b90090a5c9b 695f0c1615ab4d10a788a163c676901d - - default default] Successfully bumped revision number for resource 97235be6-92cf-4cb1-b6f6-c288ed6c462d (type: security_groups) to 1
2026-05-06 02:24:26.971 10 INFO neutron.db.ovn_revision_numbers_db [None req-fc655372-6c77-4944-b482-0cbd6ec41e87 496909e81e68411b90268b90090a5c9b 695f0c1615ab4d10a788a163c676901d - - default default] Successfully bumped revision number for resource 1c0ebce6-90f0-4e94-9c1c-d0f349e3707e (type: security_group_rules) to 0
2026-05-06 02:24:26.977 10 INFO neutron.db.ovn_revision_numbers_db [None req-6e219270-063e-4b1b-86e9-9350fb5c2587 4ddfa47f8f524e95b22b74184cf459f9 0f011c9e323c4c15968218f78e66366e - - default default] Successfully bumped revision number for resource 998a89fa-f1ba-4840-bda5-90d84dce5b59 (type: ports) to 1
2026-05-06 02:24:26.988 10 INFO neutron.db.ovn_revision_numbers_db [None req-fc655372-6c77-4944-b482-0cbd6ec41e87 496909e81e68411b90268b90090a5c9b 695f0c1615ab4d10a788a163c676901d - - default default] Successfully bumped revision number for resource 86922929-4cb7-4acd-aa5c-6354c5632076 (type: security_group_rules) to 0
2026-05-06 02:24:27.007 10 INFO neutron.wsgi [None req-6e219270-063e-4b1b-86e9-9350fb5c2587 4ddfa47f8f524e95b22b74184cf459f9 0f011c9e323c4c15968218f78e66366e - - default default] 10.0.0.230 "POST /v2.0/networks HTTP/1.1" status: 201 len: 830 time: 0.6714673
2026-05-06 02:24:27.013 10 INFO neutron.wsgi [None req-fc655372-6c77-4944-b482-0cbd6ec41e87 496909e81e68411b90268b90090a5c9b 695f0c1615ab4d10a788a163c676901d - - default default] 10.0.0.230 "POST /v2.0/security-groups HTTP/1.1" status: 201 len: 1809 time: 0.2564380
2026-05-06 02:24:27.023 10 WARNING neutron_lib.context [None req-7c529d6e-4091-4723-b2c6-0393e4758629 496909e81e68411b90268b90090a5c9b 695f0c1615ab4d10a788a163c676901d - - default default] Method 'is_advsvc' is deprecated since 2023.2 release (neutron-lib 3.8.0) and will be removed once support for the old RBAC API policies will be removed from Neutron. Please use method 'is_service_role' instead.
2026-05-06 02:24:27.068 9 INFO neutron.db.ovn_revision_numbers_db [None req-95604736-2782-4a8e-8d18-d0efd36c5bef 6dc9d26f037b4063a9c32686ddf121d3 554fa1cc9a7045be8dc31f653e0cf805 - - default default] Successfully bumped revision number for resource d6e6aea0-b4f6-4336-a0ef-097707885ec7 (type: security_groups) to 1
2026-05-06 02:24:27.083 9 INFO neutron.wsgi [None req-9b281b86-788d-4e77-b0db-babf2ed381da 4ddfa47f8f524e95b22b74184cf459f9 0f011c9e323c4c15968218f78e66366e - - default default] 10.0.0.230 "PUT /v2.0/networks/7bfb309c-683b-46ae-a77e-327e7cc52642/tags HTTP/1.1" status: 200 len: 218 time: 0.0688422
2026-05-06 02:24:27.084 9 INFO neutron.db.ovn_revision_numbers_db [None req-95604736-2782-4a8e-8d18-d0efd36c5bef 6dc9d26f037b4063a9c32686ddf121d3 554fa1cc9a7045be8dc31f653e0cf805 - - default default] Successfully bumped revision number for resource 0c652cc4-22d1-4907-9e10-10470b4a41c2 (type: security_group_rules) to 0
2026-05-06 02:24:27.107 9 INFO neutron.db.ovn_revision_numbers_db [None req-95604736-2782-4a8e-8d18-d0efd36c5bef 6dc9d26f037b4063a9c32686ddf121d3 554fa1cc9a7045be8dc31f653e0cf805 - - default default] Successfully bumped revision number for resource e400c6df-5c94-4db6-a1cc-7f333f61c945 (type: security_group_rules) to 0
2026-05-06 02:24:27.166 10 INFO neutron.db.ovn_revision_numbers_db [None req-7c529d6e-4091-4723-b2c6-0393e4758629 496909e81e68411b90268b90090a5c9b 695f0c1615ab4d10a788a163c676901d - - default default] Successfully bumped revision number for resource 7524ce6e-d684-4cec-9067-65f201fc2ffe (type: security_group_rules) to 0
2026-05-06 02:24:27.191 10 INFO neutron.wsgi [None req-7c529d6e-4091-4723-b2c6-0393e4758629 496909e81e68411b90268b90090a5c9b 695f0c1615ab4d10a788a163c676901d - - default default] 10.0.0.230 "POST /v2.0/security-group-rules HTTP/1.1" status: 201 len: 764 time: 0.1717961
2026-05-06 02:24:27.199 10 WARNING neutron_lib.context [None req-38d817e0-39fb-4af3-99d1-8d732d24851d 496909e81e68411b90268b90090a5c9b 695f0c1615ab4d10a788a163c676901d - - default default] Method 'is_advsvc' is deprecated since 2023.2 release (neutron-lib 3.8.0) and will be removed once support for the old RBAC API policies will be removed from Neutron. Please use method 'is_service_role' instead.
2026-05-06 02:24:27.315 10 INFO neutron.db.ovn_revision_numbers_db [None req-38d817e0-39fb-4af3-99d1-8d732d24851d 496909e81e68411b90268b90090a5c9b 695f0c1615ab4d10a788a163c676901d - - default default] Successfully bumped revision number for resource eb59c9a1-8540-47e5-ac63-66cef9cbf030 (type: security_group_rules) to 0
2026-05-06 02:24:27.343 10 INFO neutron.wsgi [None req-38d817e0-39fb-4af3-99d1-8d732d24851d 496909e81e68411b90268b90090a5c9b 695f0c1615ab4d10a788a163c676901d - - default default] 10.0.0.230 "POST /v2.0/security-group-rules HTTP/1.1" status: 201 len: 763 time: 0.1475396
2026-05-06 02:24:27.352 10 WARNING neutron_lib.context [None req-0fd95801-2d7b-48a3-ac94-679cbd6d15fe 496909e81e68411b90268b90090a5c9b 695f0c1615ab4d10a788a163c676901d - - default default] Method 'is_advsvc' is deprecated since 2023.2 release (neutron-lib 3.8.0) and will be removed once support for the old RBAC API policies will be removed from Neutron. Please use method 'is_service_role' instead.
2026-05-06 02:24:27.439 9 INFO neutron.wsgi [None req-95604736-2782-4a8e-8d18-d0efd36c5bef 6dc9d26f037b4063a9c32686ddf121d3 554fa1cc9a7045be8dc31f653e0cf805 - - default default] 10.0.0.230 "POST /v2.0/security-groups HTTP/1.1" status: 201 len: 1737 time: 0.5215530
2026-05-06 02:24:27.447 9 INFO neutron.wsgi [None req-1a1bb56f-8867-4867-aed0-74155ce13a8a 4ddfa47f8f524e95b22b74184cf459f9 0f011c9e323c4c15968218f78e66366e - - default default] 10.0.0.230 "GET /v2.0/networks/7bfb309c-683b-46ae-a77e-327e7cc52642/tags HTTP/1.1" status: 200 len: 218 time: 0.3587136
2026-05-06 02:24:27.448 10 WARNING neutron_lib.context [None req-ec594621-dcd7-4174-a07f-f7c873c6f231 6dc9d26f037b4063a9c32686ddf121d3 554fa1cc9a7045be8dc31f653e0cf805 - - default default] Method 'is_advsvc' is deprecated since 2023.2 release (neutron-lib 3.8.0) and will be removed once support for the old RBAC API policies will be removed from Neutron. Please use method 'is_service_role' instead.
2026-05-06 02:24:27.500 9 INFO neutron.wsgi [None req-470c599e-8e0a-4d5a-8d0f-e5eb9dd6ddf8 4ddfa47f8f524e95b22b74184cf459f9 0f011c9e323c4c15968218f78e66366e - - default default] 10.0.0.230 "PUT /v2.0/networks/6b83ca24-d4c9-43a9-b35b-5daecf48e02d/tags HTTP/1.1" status: 200 len: 210 time: 0.0460882
2026-05-06 02:24:27.512 10 INFO neutron.db.ovn_revision_numbers_db [None req-0fd95801-2d7b-48a3-ac94-679cbd6d15fe 496909e81e68411b90268b90090a5c9b 695f0c1615ab4d10a788a163c676901d - - default default] Successfully bumped revision number for resource a63db004-9a97-489f-9f89-130183a4f089 (type: security_group_rules) to 0
2026-05-06 02:24:27.539 10 INFO neutron.wsgi [None req-0fd95801-2d7b-48a3-ac94-679cbd6d15fe 496909e81e68411b90268b90090a5c9b 695f0c1615ab4d10a788a163c676901d - - default default] 10.0.0.230 "POST /v2.0/security-group-rules HTTP/1.1" status: 201 len: 769 time: 0.1925268
2026-05-06 02:24:27.549 9 WARNING neutron_lib.context [None req-5d658f51-654a-4995-8a82-7c054b15ba05 496909e81e68411b90268b90090a5c9b 695f0c1615ab4d10a788a163c676901d - - default default] Method 'is_advsvc' is deprecated since 2023.2 release (neutron-lib 3.8.0) and will be removed once support for the old RBAC API policies will be removed from Neutron. Please use method 'is_service_role' instead.
2026-05-06 02:24:27.558 9 INFO neutron.wsgi [None req-604aeaae-c270-4136-a8e0-785ed29bcf74 4ddfa47f8f524e95b22b74184cf459f9 0f011c9e323c4c15968218f78e66366e - - default default] 10.0.0.230 "GET /v2.0/networks/6b83ca24-d4c9-43a9-b35b-5daecf48e02d/tags HTTP/1.1" status: 200 len: 210 time: 0.0530052
2026-05-06 02:24:27.587 10 INFO neutron.db.ovn_revision_numbers_db [None req-ec594621-dcd7-4174-a07f-f7c873c6f231 6dc9d26f037b4063a9c32686ddf121d3 554fa1cc9a7045be8dc31f653e0cf805 - - default default] Successfully bumped revision number for resource 6c0cfd68-0f99-485f-99c5-34abc9de8df6 (type: security_groups) to 1
2026-05-06 02:24:27.605 10 INFO neutron.db.ovn_revision_numbers_db [None req-ec594621-dcd7-4174-a07f-f7c873c6f231 6dc9d26f037b4063a9c32686ddf121d3 554fa1cc9a7045be8dc31f653e0cf805 - - default default] Successfully bumped revision number for resource 912afb9c-46f1-487d-8b0a-c1b7e4e97c45 (type: security_group_rules) to 0
2026-05-06 02:24:27.626 10 INFO neutron.db.ovn_revision_numbers_db [None req-ec594621-dcd7-4174-a07f-f7c873c6f231 6dc9d26f037b4063a9c32686ddf121d3 554fa1cc9a7045be8dc31f653e0cf805 - - default default] Successfully bumped revision number for resource 9e7f8f71-9192-4060-a1cc-2e3233dc7b16 (type: security_group_rules) to 0
2026-05-06 02:24:27.637 9 INFO neutron.wsgi [None req-3c5be104-1fad-44b2-ad33-457d198e1280 4ddfa47f8f524e95b22b74184cf459f9 0f011c9e323c4c15968218f78e66366e - - default default] 10.0.0.230 "PUT /v2.0/networks/6b83ca24-d4c9-43a9-b35b-5daecf48e02d/tags HTTP/1.1" status: 200 len: 205 time: 0.0661631
2026-05-06 02:24:27.648 10 INFO neutron.wsgi [None req-ec594621-dcd7-4174-a07f-f7c873c6f231 6dc9d26f037b4063a9c32686ddf121d3 554fa1cc9a7045be8dc31f653e0cf805 - - default default] 10.0.0.230 "POST /v2.0/security-groups HTTP/1.1" status: 201 len: 1737 time: 0.2042911
2026-05-06 02:24:27.686 10 INFO neutron.wsgi [None req-55b89d46-fe74-4537-a7fc-df7d4b5fb136 6dc9d26f037b4063a9c32686ddf121d3 554fa1cc9a7045be8dc31f653e0cf805 - - default default] 10.0.0.230 "PUT /v2.0/security-groups/dd8f572c-28cb-4400-8982-35c8c1723472/tags HTTP/1.1" status: 200 len: 210 time: 0.0332682
2026-05-06 02:24:27.710 9 INFO neutron.wsgi [None req-8bc420de-b74c-4983-b836-e0f77d9a8dfe 4ddfa47f8f524e95b22b74184cf459f9 0f011c9e323c4c15968218f78e66366e - - default default] 10.0.0.230 "GET /v2.0/networks/6b83ca24-d4c9-43a9-b35b-5daecf48e02d/tags HTTP/1.1" status: 200 len: 205 time: 0.0664406
2026-05-06 02:24:27.723 10 INFO neutron.wsgi [None req-81563aef-44a2-46ec-81eb-7c0e70756f4a 6dc9d26f037b4063a9c32686ddf121d3 554fa1cc9a7045be8dc31f653e0cf805 - - default default] 10.0.0.230 "PUT /v2.0/security-groups/5b5ad8f0-582b-4bff-850e-3a57e18062ca/tags HTTP/1.1" status: 200 len: 218 time: 0.0313315
2026-05-06 02:24:27.762 9 INFO neutron.wsgi [None req-ab3d776b-32cb-4934-9dc1-d8b019e9914b 4ddfa47f8f524e95b22b74184cf459f9 0f011c9e323c4c15968218f78e66366e - - default default] 10.0.0.230 "GET /v2.0/networks/7bfb309c-683b-46ae-a77e-327e7cc52642/tags HTTP/1.1" status: 200 len: 218 time: 0.0454028
2026-05-06 02:24:27.771 10 INFO neutron.wsgi [None req-298041a2-748a-40d0-b96a-abcc8c8da855 6dc9d26f037b4063a9c32686ddf121d3 554fa1cc9a7045be8dc31f653e0cf805 - - default default] 10.0.0.230 "PUT /v2.0/security-groups/3af72709-c266-4b80-8111-a9b2cb67cbd8/tags HTTP/1.1" status: 200 len: 227 time: 0.0443840
2026-05-06 02:24:27.794 9 INFO neutron.db.ovn_revision_numbers_db [None req-5d658f51-654a-4995-8a82-7c054b15ba05 496909e81e68411b90268b90090a5c9b 695f0c1615ab4d10a788a163c676901d - - default default] Successfully bumped revision number for resource 4a561d5a-67a6-40d0-adbc-e6336e32a920 (type: security_group_rules) to 0
2026-05-06 02:24:27.833 9 INFO neutron.wsgi [None req-99814a72-2b3f-4f61-b841-472067795ff7 6dc9d26f037b4063a9c32686ddf121d3 554fa1cc9a7045be8dc31f653e0cf805 - - default default] 10.0.0.230 "PUT /v2.0/security-groups/d6e6aea0-b4f6-4336-a0ef-097707885ec7/tags HTTP/1.1" status: 200 len: 212 time: 0.0557740
2026-05-06 02:24:27.837 9 INFO neutron.wsgi [None req-5d658f51-654a-4995-8a82-7c054b15ba05 496909e81e68411b90268b90090a5c9b 695f0c1615ab4d10a788a163c676901d - - default default] 10.0.0.230 "POST /v2.0/security-group-rules HTTP/1.1" status: 201 len: 768 time: 0.2932575
2026-05-06 02:24:27.851 10 WARNING neutron_lib.context [None req-ea978b4a-b710-4196-9ba0-11e8ec12c1a5 496909e81e68411b90268b90090a5c9b 695f0c1615ab4d10a788a163c676901d - - default default] Method 'is_advsvc' is deprecated since 2023.2 release (neutron-lib 3.8.0) and will be removed once support for the old RBAC API policies will be removed from Neutron. Please use method 'is_service_role' instead.
2026-05-06 02:24:27.871 10 INFO neutron.db.securitygroups_db [None req-ea978b4a-b710-4196-9ba0-11e8ec12c1a5 496909e81e68411b90268b90090a5c9b 695f0c1615ab4d10a788a163c676901d - - default default] Project 695f0c1615ab4d10a788a163c676901d added a security group rule with legacy IPv6 ICMP protocol name icmp, ipv6-icmp should be used instead. It was automatically converted.
2026-05-06 02:24:27.885 9 INFO neutron.wsgi [None req-943acd3c-4abf-4f8e-a626-2c874b26f499 6dc9d26f037b4063a9c32686ddf121d3 554fa1cc9a7045be8dc31f653e0cf805 - - default default] 10.0.0.230 "GET /v2.0/security-groups?tags=red HTTP/1.1" status: 200 len: 4813 time: 0.0466237
2026-05-06 02:24:27.933 9 INFO neutron.wsgi [None req-253e6f77-4851-4c6c-8e47-be72e0a96a1c 6dc9d26f037b4063a9c32686ddf121d3 554fa1cc9a7045be8dc31f653e0cf805 - - default default] 10.0.0.230 "GET /v2.0/security-groups?tags=red%2Cblue HTTP/1.1" status: 200 len: 3289 time: 0.0439010
2026-05-06 02:24:27.975 9 WARNING neutron_lib.context [None req-cdd91bd0-19c8-4262-8072-044c7b2a2603 2564db1b74984187a7c3c582b75f11e1 99c997bd6056482092ea1d6f10d857b7 - - default default] Method 'is_advsvc' is deprecated since 2023.2 release (neutron-lib 3.8.0) and will be removed once support for the old RBAC API policies will be removed from Neutron. Please use method 'is_service_role' instead.
2026-05-06 02:24:27.992 9 INFO neutron.wsgi [None req-6a8c94e0-e689-4c4a-81eb-02f23d7e0c98 6dc9d26f037b4063a9c32686ddf121d3 554fa1cc9a7045be8dc31f653e0cf805 - - default default] 10.0.0.230 "GET /v2.0/security-groups?tags-any=blue HTTP/1.1" status: 200 len: 3289 time: 0.0533526
2026-05-06 02:24:28.024 10 INFO neutron.db.ovn_revision_numbers_db [None req-ea978b4a-b710-4196-9ba0-11e8ec12c1a5 496909e81e68411b90268b90090a5c9b 695f0c1615ab4d10a788a163c676901d - - default default] Successfully bumped revision number for resource 07e42e43-2824-4bb3-b11a-f7ed44bb3504 (type: security_group_rules) to 0
2026-05-06 02:24:28.048 10 INFO neutron.wsgi [None req-ea978b4a-b710-4196-9ba0-11e8ec12c1a5 496909e81e68411b90268b90090a5c9b 695f0c1615ab4d10a788a163c676901d - - default default] 10.0.0.230 "POST /v2.0/security-group-rules HTTP/1.1" status: 201 len: 774 time: 0.2064292
2026-05-06 02:24:28.048 9 INFO neutron.wsgi [None req-ac5cabc5-9aef-416f-9e0d-1a00f36001d1 6dc9d26f037b4063a9c32686ddf121d3 554fa1cc9a7045be8dc31f653e0cf805 - - default default] 10.0.0.230 "GET /v2.0/security-groups?tags-any=red%2Cblue HTTP/1.1" status: 200 len: 4813 time: 0.0512660
2026-05-06 02:24:28.065 9 WARNING neutron_lib.context [None req-b6dce7b4-92ba-497f-9d1c-97cd609f80f3 496909e81e68411b90268b90090a5c9b 695f0c1615ab4d10a788a163c676901d - - default default] Method 'is_advsvc' is deprecated since 2023.2 release (neutron-lib 3.8.0) and will be removed once support for the old RBAC API policies will be removed from Neutron. Please use method 'is_service_role' instead.
2026-05-06 02:24:28.099 9 INFO neutron.db.securitygroups_db [None req-b6dce7b4-92ba-497f-9d1c-97cd609f80f3 496909e81e68411b90268b90090a5c9b 695f0c1615ab4d10a788a163c676901d - - default default] Project 695f0c1615ab4d10a788a163c676901d added a security group rule with legacy IPv6 ICMP protocol name icmp, ipv6-icmp should be used instead. It was automatically converted.
2026-05-06 02:24:28.121 9 INFO neutron.wsgi [None req-e7e127b2-dd66-42d3-bccf-5afb1c2a7655 6dc9d26f037b4063a9c32686ddf121d3 554fa1cc9a7045be8dc31f653e0cf805 - - default default] 10.0.0.230 "GET /v2.0/security-groups?not-tags=red HTTP/1.1" status: 200 len: 6041 time: 0.0676715
2026-05-06 02:24:28.164 10 INFO neutron.services.segments.plugin [-] Segment 77fc7a34-5cc1-4c0f-9597-d4c0442c5ea3 resource provider aggregate not found
2026-05-06 02:24:28.169 10 INFO neutron.services.segments.plugin [-] Segment 77fc7a34-5cc1-4c0f-9597-d4c0442c5ea3 resource provider aggregate not found
2026-05-06 02:24:28.180 10 INFO neutron.services.segments.plugin [-] Segment 77fc7a34-5cc1-4c0f-9597-d4c0442c5ea3 resource provider not found; error: Placement Client Error (4xx): {"errors": [{"status": 404, "title": "Not Found", "detail": "The resource could not be found.\n\n No resource provider with uuid 77fc7a34-5cc1-4c0f-9597-d4c0442c5ea3 found for delete ", "request_id": "req-a32d0429-8e17-4d37-9126-146a24827a26"}]}
2026-05-06 02:24:28.195 10 INFO neutron.services.segments.plugin [-] Segment 77fc7a34-5cc1-4c0f-9597-d4c0442c5ea3 resource provider not found; error: Placement Client Error (4xx): {"errors": [{"status": 404, "title": "Not Found", "detail": "The resource could not be found.\n\n No resource provider with uuid 77fc7a34-5cc1-4c0f-9597-d4c0442c5ea3 found for delete ", "request_id": "req-a9e70e59-4779-44d4-ae27-fce4c30e27dc"}]}
2026-05-06 02:24:28.207 10 INFO neutron.wsgi [None req-bcd9e5cd-0dd9-4b90-b3be-ca5bdd522539 4ddfa47f8f524e95b22b74184cf459f9 0f011c9e323c4c15968218f78e66366e - - default default] 10.0.0.230 "DELETE /v2.0/networks/7bfb309c-683b-46ae-a77e-327e7cc52642 HTTP/1.1" status: 204 len: 168 time: 0.4345424
2026-05-06 02:24:28.224 9 INFO neutron.db.ovn_revision_numbers_db [None req-cdd91bd0-19c8-4262-8072-044c7b2a2603 2564db1b74984187a7c3c582b75f11e1 99c997bd6056482092ea1d6f10d857b7 - - default default] Successfully bumped revision number for resource 6fd919c0-25ad-4eda-a3ed-3ce09809bb30 (type: security_groups) to 1
2026-05-06 02:24:28.246 9 INFO neutron.wsgi [None req-8d3589c6-187b-4561-a8f0-7a9b01307719 6dc9d26f037b4063a9c32686ddf121d3 554fa1cc9a7045be8dc31f653e0cf805 - - default default] 10.0.0.230 "GET /v2.0/security-groups?not-tags=red%2Cblue HTTP/1.1" status: 200 len: 7565 time: 0.1181111
2026-05-06 02:24:28.274 9 INFO neutron.db.ovn_revision_numbers_db [None req-cdd91bd0-19c8-4262-8072-044c7b2a2603 2564db1b74984187a7c3c582b75f11e1 99c997bd6056482092ea1d6f10d857b7 - - default default] Successfully bumped revision number for resource 3f92bd56-db71-4212-9847-71723322eaf4 (type: security_group_rules) to 0
2026-05-06 02:24:28.302 9 INFO neutron.db.ovn_revision_numbers_db [None req-cdd91bd0-19c8-4262-8072-044c7b2a2603 2564db1b74984187a7c3c582b75f11e1 99c997bd6056482092ea1d6f10d857b7 - - default default] Successfully bumped revision number for resource 4dbedbd8-28f6-4c8d-a528-9097a1b06dd5 (type: security_group_rules) to 0
2026-05-06 02:24:28.316 10 INFO neutron.wsgi [None req-8409a81b-2527-4260-b6c9-c116dda5346e 6dc9d26f037b4063a9c32686ddf121d3 554fa1cc9a7045be8dc31f653e0cf805 - - default default] 10.0.0.230 "GET /v2.0/security-groups?not-tags-any=blue HTTP/1.1" status: 200 len: 7565 time: 0.0646169
2026-05-06 02:24:28.326 9 INFO neutron.db.ovn_revision_numbers_db [None req-b6dce7b4-92ba-497f-9d1c-97cd609f80f3 496909e81e68411b90268b90090a5c9b 695f0c1615ab4d10a788a163c676901d - - default default] Successfully bumped revision number for resource 3a646e03-d9c2-4698-9d9c-cfbe6c1000f4 (type: security_group_rules) to 0
2026-05-06 02:24:28.336 9 INFO neutron.db.ovn_revision_numbers_db [None req-cdd91bd0-19c8-4262-8072-044c7b2a2603 2564db1b74984187a7c3c582b75f11e1 99c997bd6056482092ea1d6f10d857b7 - - default default] Successfully bumped revision number for resource 6360f247-5ff8-4b15-838e-b3bbee975289 (type: security_group_rules) to 0
2026-05-06 02:24:28.356 9 INFO neutron.db.ovn_revision_numbers_db [None req-cdd91bd0-19c8-4262-8072-044c7b2a2603 2564db1b74984187a7c3c582b75f11e1 99c997bd6056482092ea1d6f10d857b7 - - default default] Successfully bumped revision number for resource fefe144b-054f-4a82-8d08-9a3f4e9f4c49 (type: security_group_rules) to 0
2026-05-06 02:24:28.362 10 INFO neutron.wsgi [None req-fecd64a5-3d7f-47c2-ba7f-878171508067 6dc9d26f037b4063a9c32686ddf121d3 554fa1cc9a7045be8dc31f653e0cf805 - - default default] 10.0.0.230 "GET /v2.0/security-groups?not-tags-any=red%2Cblue HTTP/1.1" status: 200 len: 6041 time: 0.0404887
2026-05-06 02:24:28.364 9 INFO neutron.wsgi [None req-b6dce7b4-92ba-497f-9d1c-97cd609f80f3 496909e81e68411b90268b90090a5c9b 695f0c1615ab4d10a788a163c676901d - - default default] 10.0.0.230 "POST /v2.0/security-group-rules HTTP/1.1" status: 201 len: 773 time: 0.3102717
2026-05-06 02:24:28.412 9 INFO neutron.db.segments_db [None req-cdd91bd0-19c8-4262-8072-044c7b2a2603 2564db1b74984187a7c3c582b75f11e1 99c997bd6056482092ea1d6f10d857b7 - - default default] Added segment 15ccaafe-5210-4bfb-a27c-7ef9df6a7b75 of type geneve for network 0e951da7-fdb8-4b2d-9f32-ea0e0072f3a5
2026-05-06 02:24:28.492 10 INFO neutron.wsgi [None req-ef7138dc-5b88-4464-9afa-c4b0f4c619be 6dc9d26f037b4063a9c32686ddf121d3 554fa1cc9a7045be8dc31f653e0cf805 - - default default] 10.0.0.230 "DELETE /v2.0/security-groups/dd8f572c-28cb-4400-8982-35c8c1723472 HTTP/1.1" status: 204 len: 168 time: 0.1207590
2026-05-06 02:24:28.606 9 INFO neutron.db.ovn_revision_numbers_db [None req-cdd91bd0-19c8-4262-8072-044c7b2a2603 2564db1b74984187a7c3c582b75f11e1 99c997bd6056482092ea1d6f10d857b7 - - default default] Successfully bumped revision number for resource 0e951da7-fdb8-4b2d-9f32-ea0e0072f3a5 (type: networks) to 1
2026-05-06 02:24:28.614 10 INFO neutron.wsgi [None req-0fac2927-0907-498b-9cea-5c7d2e1360c3 6dc9d26f037b4063a9c32686ddf121d3 554fa1cc9a7045be8dc31f653e0cf805 - - default default] 10.0.0.230 "DELETE /v2.0/security-groups/5b5ad8f0-582b-4bff-850e-3a57e18062ca HTTP/1.1" status: 204 len: 168 time: 0.1173673
2026-05-06 02:24:28.737 10 INFO neutron.wsgi [None req-c4567022-d827-4edd-b977-64b583dd9e07 6dc9d26f037b4063a9c32686ddf121d3 554fa1cc9a7045be8dc31f653e0cf805 - - default default] 10.0.0.230 "DELETE /v2.0/security-groups/3af72709-c266-4b80-8111-a9b2cb67cbd8 HTTP/1.1" status: 204 len: 168 time: 0.1182168
2026-05-06 02:24:28.747 9 INFO neutron.services.segments.plugin [-] Segment 25e53e82-e972-4be9-91f7-767ea9b9b7db resource provider aggregate not found
2026-05-06 02:24:28.759 9 INFO neutron.services.segments.plugin [-] Segment 25e53e82-e972-4be9-91f7-767ea9b9b7db resource provider aggregate not found
2026-05-06 02:24:28.777 9 INFO neutron.services.segments.plugin [-] Segment 25e53e82-e972-4be9-91f7-767ea9b9b7db resource provider not found; error: Placement Client Error (4xx): {"errors": [{"status": 404, "title": "Not Found", "detail": "The resource could not be found.\n\n No resource provider with uuid 25e53e82-e972-4be9-91f7-767ea9b9b7db found for delete ", "request_id": "req-05b04fce-c9fc-43fd-b9dd-2305469b93c1"}]}
2026-05-06 02:24:28.781 9 INFO neutron.services.segments.plugin [-] Segment 25e53e82-e972-4be9-91f7-767ea9b9b7db resource provider not found; error: Placement Client Error (4xx): {"errors": [{"status": 404, "title": "Not Found", "detail": "The resource could not be found.\n\n No resource provider with uuid 25e53e82-e972-4be9-91f7-767ea9b9b7db found for delete ", "request_id": "req-47cf18b9-f33f-4930-a8f8-5ecf41cc76ac"}]}
2026-05-06 02:24:28.823 9 INFO neutron.wsgi [None req-3487fa02-85a5-4640-92fc-6eb83d348f2c 4ddfa47f8f524e95b22b74184cf459f9 0f011c9e323c4c15968218f78e66366e - - default default] 10.0.0.230 "DELETE /v2.0/networks/6b83ca24-d4c9-43a9-b35b-5daecf48e02d HTTP/1.1" status: 204 len: 168 time: 0.6092145
2026-05-06 02:24:28.857 9 WARNING neutron.scheduler.dhcp_agent_scheduler [None req-cdd91bd0-19c8-4262-8072-044c7b2a2603 2564db1b74984187a7c3c582b75f11e1 99c997bd6056482092ea1d6f10d857b7 - - default default] No more DHCP agents
2026-05-06 02:24:28.862 9 WARNING neutron.api.rpc.agentnotifiers.dhcp_rpc_agent_api [None req-cdd91bd0-19c8-4262-8072-044c7b2a2603 2564db1b74984187a7c3c582b75f11e1 99c997bd6056482092ea1d6f10d857b7 - - default default] Unable to schedule network 0e951da7-fdb8-4b2d-9f32-ea0e0072f3a5: no agents available; will retry on subsequent port and subnet creation events.
2026-05-06 02:24:28.924 10 INFO neutron.wsgi [None req-435bf7ae-5677-42e8-ac5d-6eb0bd374c39 6dc9d26f037b4063a9c32686ddf121d3 554fa1cc9a7045be8dc31f653e0cf805 - - default default] 10.0.0.230 "DELETE /v2.0/security-groups/d6e6aea0-b4f6-4336-a0ef-097707885ec7 HTTP/1.1" status: 204 len: 168 time: 0.1805034
2026-05-06 02:24:28.931 10 INFO neutron.wsgi [None req-8abfaccb-c2ab-4d5e-ae74-b083c0566286 496909e81e68411b90268b90090a5c9b 695f0c1615ab4d10a788a163c676901d - - default default] 10.0.0.230 "GET /v2.0/networks HTTP/1.1" status: 200 len: 1493 time: 0.1468911
2026-05-06 02:24:28.996 9 INFO neutron.db.ovn_revision_numbers_db [None req-cdd91bd0-19c8-4262-8072-044c7b2a2603 2564db1b74984187a7c3c582b75f11e1 99c997bd6056482092ea1d6f10d857b7 - - default default] Successfully bumped revision number for resource 7e35f323-e1ab-48fc-92b5-9a06cb9ef899 (type: ports) to 1
2026-05-06 02:24:29.026 9 INFO neutron.wsgi [None req-cdd91bd0-19c8-4262-8072-044c7b2a2603 2564db1b74984187a7c3c582b75f11e1 99c997bd6056482092ea1d6f10d857b7 - - default default] 10.0.0.230 "POST /v2.0/networks HTTP/1.1" status: 201 len: 831 time: 1.2245455
2026-05-06 02:24:29.078 10 INFO neutron.wsgi [req-28b000b5-65f6-4178-b8a8-77d8b9cd947f req-e8c9b5e6-df27-4c14-8cc4-a6ee2f8e6b0f 496909e81e68411b90268b90090a5c9b 695f0c1615ab4d10a788a163c676901d - - default default] 10.0.0.94 "GET /v2.0/security-groups?name=tempest-secgroup-smoke-834027723&fields=id&tenant_id=695f0c1615ab4d10a788a163c676901d HTTP/1.1" status: 200 len: 267 time: 0.0461531
2026-05-06 02:24:29.100 9 INFO neutron.wsgi [None req-8c5eab97-6106-4df4-abfd-f79ba95bdcda 6dc9d26f037b4063a9c32686ddf121d3 554fa1cc9a7045be8dc31f653e0cf805 - - default default] 10.0.0.230 "DELETE /v2.0/security-groups/6c0cfd68-0f99-485f-99c5-34abc9de8df6 HTTP/1.1" status: 204 len: 168 time: 0.1686954
2026-05-06 02:24:29.103 9 INFO neutron.wsgi [None req-15b5f53b-aa21-4f4c-8778-ccf475e52f43 2564db1b74984187a7c3c582b75f11e1 99c997bd6056482092ea1d6f10d857b7 - - default default] 10.0.0.230 "PUT /v2.0/networks/0e951da7-fdb8-4b2d-9f32-ea0e0072f3a5/tags HTTP/1.1" status: 200 len: 218 time: 0.0728009
2026-05-06 02:24:29.149 9 INFO neutron.wsgi [None req-70cdf571-7ad8-4475-a0ba-e17ffb617b1c 2564db1b74984187a7c3c582b75f11e1 99c997bd6056482092ea1d6f10d857b7 - - default default] 10.0.0.230 "GET /v2.0/networks/0e951da7-fdb8-4b2d-9f32-ea0e0072f3a5/tags HTTP/1.1" status: 200 len: 218 time: 0.0404093
2026-05-06 02:24:29.181 10 INFO neutron.wsgi [req-28b000b5-65f6-4178-b8a8-77d8b9cd947f req-98c01648-e22c-4706-80f2-382dc51d41b9 496909e81e68411b90268b90090a5c9b 695f0c1615ab4d10a788a163c676901d - - default default] 10.0.0.94 "GET /v2.0/networks?id=bd76ef01-efc3-42cd-ae6f-2814afa19697 HTTP/1.1" status: 200 len: 860 time: 0.0980866
2026-05-06 02:24:29.197 10 INFO neutron.wsgi [req-28b000b5-65f6-4178-b8a8-77d8b9cd947f req-70919e07-afdd-4c3c-9fb5-066e8f5722a1 496909e81e68411b90268b90090a5c9b 695f0c1615ab4d10a788a163c676901d - - default default] 10.0.0.94 "GET /v2.0/quotas/695f0c1615ab4d10a788a163c676901d HTTP/1.1" status: 200 len: 386 time: 0.0109847
2026-05-06 02:24:29.218 9 INFO neutron.wsgi [None req-50c58a12-2212-45cd-995a-949263e70c0f 2564db1b74984187a7c3c582b75f11e1 99c997bd6056482092ea1d6f10d857b7 - - default default] 10.0.0.230 "PUT /v2.0/networks/0e951da7-fdb8-4b2d-9f32-ea0e0072f3a5/tags/green HTTP/1.1" status: 201 len: 201 time: 0.0645554
2026-05-06 02:24:29.302 9 INFO neutron.wsgi [None req-3f270c26-5425-4543-b69d-dfa6414c1bfd 2564db1b74984187a7c3c582b75f11e1 99c997bd6056482092ea1d6f10d857b7 - - default default] 10.0.0.230 "GET /v2.0/networks/0e951da7-fdb8-4b2d-9f32-ea0e0072f3a5/tags HTTP/1.1" status: 200 len: 227 time: 0.0770271
2026-05-06 02:24:29.360 9 INFO neutron.wsgi [None req-7b628134-88ed-45ec-bf63-7e813e1db596 2564db1b74984187a7c3c582b75f11e1 99c997bd6056482092ea1d6f10d857b7 - - default default] 10.0.0.230 "PUT /v2.0/networks/0e951da7-fdb8-4b2d-9f32-ea0e0072f3a5/tags/red HTTP/1.1" status: 201 len: 201 time: 0.0534904
2026-05-06 02:24:29.429 9 INFO neutron.wsgi [None req-c184096e-2dd6-4994-8528-b4922cd4e3cd 2564db1b74984187a7c3c582b75f11e1 99c997bd6056482092ea1d6f10d857b7 - - default default] 10.0.0.230 "GET /v2.0/networks/0e951da7-fdb8-4b2d-9f32-ea0e0072f3a5/tags HTTP/1.1" status: 200 len: 227 time: 0.0548458
2026-05-06 02:24:29.497 9 INFO neutron.wsgi [None req-af052339-2b62-4c3f-80ab-f5df3ddbeb7a 2564db1b74984187a7c3c582b75f11e1 99c997bd6056482092ea1d6f10d857b7 - - default default] 10.0.0.230 "PUT /v2.0/networks/0e951da7-fdb8-4b2d-9f32-ea0e0072f3a5/tags/black.or.white HTTP/1.1" status: 201 len: 201 time: 0.0618429
2026-05-06 02:24:29.547 10 INFO neutron.wsgi [req-28b000b5-65f6-4178-b8a8-77d8b9cd947f req-849b4fdd-2308-4968-89fc-290be8de59c2 496909e81e68411b90268b90090a5c9b 695f0c1615ab4d10a788a163c676901d - - default default] 10.0.0.94 "GET /v2.0/ports?tenant_id=695f0c1615ab4d10a788a163c676901d&fields=id HTTP/1.1" status: 200 len: 302 time: 0.3450692
2026-05-06 02:24:29.560 9 INFO neutron.wsgi [None req-a0777440-2649-4617-8cc2-2409108783e1 2564db1b74984187a7c3c582b75f11e1 99c997bd6056482092ea1d6f10d857b7 - - default default] 10.0.0.230 "GET /v2.0/networks/0e951da7-fdb8-4b2d-9f32-ea0e0072f3a5/tags HTTP/1.1" status: 200 len: 245 time: 0.0582371
2026-05-06 02:24:29.620 10 INFO neutron.wsgi [req-28b000b5-65f6-4178-b8a8-77d8b9cd947f req-d81ecd5f-c155-473f-a100-f5ed97deed76 ed576ecd542f4288831ba534499bb145 41bd6affeae14f5b89d52a324d3cdf36 - - 04cad231764c4cdb83f92d8296039eae 04cad231764c4cdb83f92d8296039eae] 10.0.0.94 "GET /v2.0/networks/bd76ef01-efc3-42cd-ae6f-2814afa19697?fields=segments HTTP/1.1" status: 200 len: 212 time: 0.0592833
2026-05-06 02:24:29.638 9 INFO neutron.wsgi [None req-c11d562c-2fb8-4ad2-8e79-d2734b476bfb 2564db1b74984187a7c3c582b75f11e1 99c997bd6056482092ea1d6f10d857b7 - - default default] 10.0.0.230 "PUT /v2.0/networks/0e951da7-fdb8-4b2d-9f32-ea0e0072f3a5/tags HTTP/1.1" status: 200 len: 230 time: 0.0723946
2026-05-06 02:24:29.679 10 INFO neutron.wsgi [req-28b000b5-65f6-4178-b8a8-77d8b9cd947f req-386075b2-c980-4aca-9efe-5fd3df5a74dc ed576ecd542f4288831ba534499bb145 41bd6affeae14f5b89d52a324d3cdf36 - - 04cad231764c4cdb83f92d8296039eae 04cad231764c4cdb83f92d8296039eae] 10.0.0.94 "GET /v2.0/networks/bd76ef01-efc3-42cd-ae6f-2814afa19697?fields=provider%3Aphysical_network&fields=provider%3Anetwork_type HTTP/1.1" status: 200 len: 277 time: 0.0493748
2026-05-06 02:24:29.700 9 INFO neutron.wsgi [None req-b7fd247b-b865-4da6-872d-8ac3b34432f9 2564db1b74984187a7c3c582b75f11e1 99c997bd6056482092ea1d6f10d857b7 - - default default] 10.0.0.230 "GET /v2.0/networks/0e951da7-fdb8-4b2d-9f32-ea0e0072f3a5/tags HTTP/1.1" status: 200 len: 230 time: 0.0563982
2026-05-06 02:24:29.762 9 INFO neutron.wsgi [None req-173c41ca-62b6-4386-a93a-09386506c615 2564db1b74984187a7c3c582b75f11e1 99c997bd6056482092ea1d6f10d857b7 - - default default] 10.0.0.230 "GET /v2.0/networks/0e951da7-fdb8-4b2d-9f32-ea0e0072f3a5/tags/red HTTP/1.1" status: 204 len: 168 time: 0.0533996
2026-05-06 02:24:29.820 9 INFO neutron.api.v2.resource [None req-d2a1fe17-b20e-4013-bebf-820bd4df7cef 2564db1b74984187a7c3c582b75f11e1 99c997bd6056482092ea1d6f10d857b7 - - default default] show failed (client error): The resource could not be found.
