2026-05-06 02:21:19.343 9 INFO neutron.db.ovn_revision_numbers_db [None req-928a58a5-c2e6-4b78-8073-fa2aa32aa205 b2f3e1d88a5e4c349345ec77204dadc3 4480c884ae21482ca5682b2ba88afe02 - - default default] Successfully bumped revision number for resource a3504e0b-d567-4789-aa72-83f51c6dce98 (type: ports) to 1
2026-05-06 02:21:19.346 10 WARNING neutron.api.rpc.agentnotifiers.dhcp_rpc_agent_api [None req-81b5792e-d6ef-4d1f-890a-a5d78f94dd93 b2f3e1d88a5e4c349345ec77204dadc3 4480c884ae21482ca5682b2ba88afe02 - - default default] Unable to schedule network f1e26584-7e3d-4aa7-8d22-da5df5d61deb: no agents available; will retry on subsequent port and subnet creation events.
2026-05-06 02:21:19.380 9 INFO neutron.wsgi [None req-928a58a5-c2e6-4b78-8073-fa2aa32aa205 b2f3e1d88a5e4c349345ec77204dadc3 4480c884ae21482ca5682b2ba88afe02 - - default default] 10.0.0.230 "POST /v2.0/networks HTTP/1.1" status: 201 len: 946 time: 1.1168342
2026-05-06 02:21:19.415 10 INFO neutron.db.ovn_revision_numbers_db [None req-81b5792e-d6ef-4d1f-890a-a5d78f94dd93 b2f3e1d88a5e4c349345ec77204dadc3 4480c884ae21482ca5682b2ba88afe02 - - default default] Successfully bumped revision number for resource a52c3ffc-fe0a-4df1-96b8-47f1bdb33056 (type: ports) to 1
2026-05-06 02:21:19.455 10 INFO neutron.wsgi [None req-81b5792e-d6ef-4d1f-890a-a5d78f94dd93 b2f3e1d88a5e4c349345ec77204dadc3 4480c884ae21482ca5682b2ba88afe02 - - default default] 10.0.0.230 "POST /v2.0/networks HTTP/1.1" status: 201 len: 951 time: 1.0235019
2026-05-06 02:21:19.575 9 WARNING neutron.scheduler.dhcp_agent_scheduler [None req-bdbc7aff-999e-4791-8652-7d4f5f8c7893 b2f3e1d88a5e4c349345ec77204dadc3 4480c884ae21482ca5682b2ba88afe02 - - default default] No more DHCP agents
2026-05-06 02:21:19.578 9 WARNING neutron.api.rpc.agentnotifiers.dhcp_rpc_agent_api [None req-bdbc7aff-999e-4791-8652-7d4f5f8c7893 b2f3e1d88a5e4c349345ec77204dadc3 4480c884ae21482ca5682b2ba88afe02 - - default default] Unable to schedule network 28665998-cd18-4484-8a14-9881358c9fe2: no agents available; will retry on subsequent port and subnet creation events.
2026-05-06 02:21:19.610 10 WARNING neutron.scheduler.dhcp_agent_scheduler [None req-689ec545-d1be-441b-a4e7-2edaa6a518ab b2f3e1d88a5e4c349345ec77204dadc3 4480c884ae21482ca5682b2ba88afe02 - - default default] No more DHCP agents
2026-05-06 02:21:19.612 10 WARNING neutron.api.rpc.agentnotifiers.dhcp_rpc_agent_api [None req-689ec545-d1be-441b-a4e7-2edaa6a518ab b2f3e1d88a5e4c349345ec77204dadc3 4480c884ae21482ca5682b2ba88afe02 - - default default] Unable to schedule network f1e26584-7e3d-4aa7-8d22-da5df5d61deb: no agents available; will retry on subsequent port and subnet creation events.
2026-05-06 02:21:20.055 10 INFO neutron.db.ovn_revision_numbers_db [None req-efd222af-96ed-4eb3-b839-afd966c9e96d b2f3e1d88a5e4c349345ec77204dadc3 4480c884ae21482ca5682b2ba88afe02 - - default default] Successfully bumped revision number for resource 19454f5d-18f9-4862-869d-a82dddc520e8 (type: security_groups) to 1
2026-05-06 02:21:20.075 10 INFO neutron.db.ovn_revision_numbers_db [None req-efd222af-96ed-4eb3-b839-afd966c9e96d b2f3e1d88a5e4c349345ec77204dadc3 4480c884ae21482ca5682b2ba88afe02 - - default default] Successfully bumped revision number for resource 1bcb623c-3aae-40e5-ae69-4d0f128aeeaa (type: security_group_rules) to 0
2026-05-06 02:21:20.099 10 INFO neutron.db.ovn_revision_numbers_db [None req-efd222af-96ed-4eb3-b839-afd966c9e96d b2f3e1d88a5e4c349345ec77204dadc3 4480c884ae21482ca5682b2ba88afe02 - - default default] Successfully bumped revision number for resource 3fe0743e-a272-4ab5-b4ba-4a112254c068 (type: security_group_rules) to 0
2026-05-06 02:21:20.117 10 INFO neutron.db.ovn_revision_numbers_db [None req-efd222af-96ed-4eb3-b839-afd966c9e96d b2f3e1d88a5e4c349345ec77204dadc3 4480c884ae21482ca5682b2ba88afe02 - - default default] Successfully bumped revision number for resource a4dc11bf-b07d-42a8-9c27-b7e02b86fa94 (type: security_group_rules) to 0
2026-05-06 02:21:20.123 10 INFO neutron.db.ovn_revision_numbers_db [None req-689ec545-d1be-441b-a4e7-2edaa6a518ab b2f3e1d88a5e4c349345ec77204dadc3 4480c884ae21482ca5682b2ba88afe02 - - default default] Successfully bumped revision number for resource a52c3ffc-fe0a-4df1-96b8-47f1bdb33056 (type: ports) to 2
2026-05-06 02:21:20.138 9 INFO neutron.db.ovn_revision_numbers_db [None req-bdbc7aff-999e-4791-8652-7d4f5f8c7893 b2f3e1d88a5e4c349345ec77204dadc3 4480c884ae21482ca5682b2ba88afe02 - - default default] Successfully bumped revision number for resource a3504e0b-d567-4789-aa72-83f51c6dce98 (type: ports) to 2
2026-05-06 02:21:20.142 10 INFO neutron.db.ovn_revision_numbers_db [None req-efd222af-96ed-4eb3-b839-afd966c9e96d b2f3e1d88a5e4c349345ec77204dadc3 4480c884ae21482ca5682b2ba88afe02 - - default default] Successfully bumped revision number for resource fc2e595d-2f87-4d68-9011-ad1afa8ef0df (type: security_group_rules) to 0
2026-05-06 02:21:20.170 9 INFO neutron.db.ovn_revision_numbers_db [None req-bdbc7aff-999e-4791-8652-7d4f5f8c7893 b2f3e1d88a5e4c349345ec77204dadc3 4480c884ae21482ca5682b2ba88afe02 - - default default] Successfully bumped revision number for resource bb0e73d3-e195-40f7-8738-bfd11b6a321d (type: subnets) to 0
2026-05-06 02:21:20.172 10 INFO neutron.wsgi [None req-efd222af-96ed-4eb3-b839-afd966c9e96d b2f3e1d88a5e4c349345ec77204dadc3 4480c884ae21482ca5682b2ba88afe02 - - default default] 10.0.0.230 "GET /v2.0/security-groups?tenant_id=90633d45f81447f29fc13a53328824d4&name=default HTTP/1.1" status: 200 len: 2992 time: 0.5273428
2026-05-06 02:21:20.184 10 INFO neutron.db.ovn_revision_numbers_db [None req-689ec545-d1be-441b-a4e7-2edaa6a518ab b2f3e1d88a5e4c349345ec77204dadc3 4480c884ae21482ca5682b2ba88afe02 - - default default] Successfully bumped revision number for resource 9b81a467-824f-445b-b0bd-dbd6d59fde21 (type: subnets) to 0
2026-05-06 02:21:20.187 9 INFO neutron.wsgi [None req-bdbc7aff-999e-4791-8652-7d4f5f8c7893 b2f3e1d88a5e4c349345ec77204dadc3 4480c884ae21482ca5682b2ba88afe02 - - default default] 10.0.0.230 "POST /v2.0/subnets HTTP/1.1" status: 201 len: 866 time: 0.7966547
2026-05-06 02:21:20.205 10 INFO neutron.wsgi [None req-689ec545-d1be-441b-a4e7-2edaa6a518ab b2f3e1d88a5e4c349345ec77204dadc3 4480c884ae21482ca5682b2ba88afe02 - - default default] 10.0.0.230 "POST /v2.0/subnets HTTP/1.1" status: 201 len: 871 time: 0.7425354
2026-05-06 02:21:20.404 10 INFO neutron.wsgi [None req-2ab67972-31ef-4823-a9b4-4ed533b7b702 b2f3e1d88a5e4c349345ec77204dadc3 4480c884ae21482ca5682b2ba88afe02 - - default default] 10.0.0.230 "DELETE /v2.0/security-groups/19454f5d-18f9-4862-869d-a82dddc520e8 HTTP/1.1" status: 204 len: 168 time: 0.2259760
2026-05-06 02:21:20.878 9 WARNING neutron.scheduler.dhcp_agent_scheduler [None req-5dfa3594-aeaa-45ee-96d7-d455cb02a50a b2f3e1d88a5e4c349345ec77204dadc3 4480c884ae21482ca5682b2ba88afe02 - - default default] No more DHCP agents
2026-05-06 02:21:20.881 9 WARNING neutron.api.rpc.agentnotifiers.dhcp_rpc_agent_api [None req-5dfa3594-aeaa-45ee-96d7-d455cb02a50a b2f3e1d88a5e4c349345ec77204dadc3 4480c884ae21482ca5682b2ba88afe02 - - default default] Unable to schedule network 1b9820c2-f56f-400e-9a8a-ab309f1d58cf: no agents available; will retry on subsequent port and subnet creation events.
2026-05-06 02:21:20.896 9 WARNING neutron.scheduler.dhcp_agent_scheduler [None req-75746263-d70d-425f-9988-c725d83b96ee b2f3e1d88a5e4c349345ec77204dadc3 4480c884ae21482ca5682b2ba88afe02 - - default default] No more DHCP agents
2026-05-06 02:21:20.905 9 WARNING neutron.api.rpc.agentnotifiers.dhcp_rpc_agent_api [None req-75746263-d70d-425f-9988-c725d83b96ee b2f3e1d88a5e4c349345ec77204dadc3 4480c884ae21482ca5682b2ba88afe02 - - default default] Unable to schedule network 1b9820c2-f56f-400e-9a8a-ab309f1d58cf: no agents available; will retry on subsequent port and subnet creation events.
2026-05-06 02:21:21.071 9 INFO neutron.db.ovn_revision_numbers_db [None req-5dfa3594-aeaa-45ee-96d7-d455cb02a50a b2f3e1d88a5e4c349345ec77204dadc3 4480c884ae21482ca5682b2ba88afe02 - - default default] Successfully bumped revision number for resource a5d04d9b-7829-4f17-92a6-dc2495429432 (type: ports) to 1
2026-05-06 02:21:21.079 9 INFO neutron.db.ovn_revision_numbers_db [None req-75746263-d70d-425f-9988-c725d83b96ee b2f3e1d88a5e4c349345ec77204dadc3 4480c884ae21482ca5682b2ba88afe02 - - default default] Successfully bumped revision number for resource 266f2f3f-0e32-4dc2-9db9-c674d2004b07 (type: ports) to 1
2026-05-06 02:21:21.616 9 INFO neutron.plugins.ml2.drivers.ovn.mech_driver.ovsdb.extensions.qos [None req-5dfa3594-aeaa-45ee-96d7-d455cb02a50a b2f3e1d88a5e4c349345ec77204dadc3 4480c884ae21482ca5682b2ba88afe02 - - default default] Starting OVNClientQosExtension
2026-05-06 02:21:22.076 9 INFO neutron.plugins.ml2.drivers.ovn.mech_driver.mech_driver [None req-8cefd4d7-23e3-4fef-ae55-00df4d61c4ec - - - - - -] OVN reports status up for port: a5d04d9b-7829-4f17-92a6-dc2495429432
2026-05-06 02:21:22.085 9 INFO neutron.plugins.ml2.drivers.ovn.mech_driver.ovsdb.ovsdb_monitor [-] Router b27ecf29-95f4-4256-929b-b672e895afb6 is bound to host instance
2026-05-06 02:21:22.111 10 INFO neutron.plugins.ml2.drivers.ovn.mech_driver.mech_driver [None req-dc4700c3-af91-4fc7-8c99-a746eaa7b092 - - - - - -] OVN reports status up for port: 266f2f3f-0e32-4dc2-9db9-c674d2004b07
2026-05-06 02:21:22.125 9 INFO neutron.plugins.ml2.plugin [None req-8cefd4d7-23e3-4fef-ae55-00df4d61c4ec - - - - - -] Attempt 1 to provision port a5d04d9b-7829-4f17-92a6-dc2495429432
2026-05-06 02:21:22.160 9 INFO neutron.db.ovn_revision_numbers_db [None req-5dfa3594-aeaa-45ee-96d7-d455cb02a50a b2f3e1d88a5e4c349345ec77204dadc3 4480c884ae21482ca5682b2ba88afe02 - - default default] Successfully bumped revision number for resource a5d04d9b-7829-4f17-92a6-dc2495429432 (type: router_ports) to 1
2026-05-06 02:21:22.202 10 INFO neutron.plugins.ml2.plugin [None req-dc4700c3-af91-4fc7-8c99-a746eaa7b092 - - - - - -] Attempt 1 to provision port 266f2f3f-0e32-4dc2-9db9-c674d2004b07
2026-05-06 02:21:22.248 9 INFO neutron.db.ovn_revision_numbers_db [None req-75746263-d70d-425f-9988-c725d83b96ee b2f3e1d88a5e4c349345ec77204dadc3 4480c884ae21482ca5682b2ba88afe02 - - default default] Successfully bumped revision number for resource 266f2f3f-0e32-4dc2-9db9-c674d2004b07 (type: router_ports) to 1
2026-05-06 02:21:22.343 9 INFO neutron.db.ovn_revision_numbers_db [None req-5dfa3594-aeaa-45ee-96d7-d455cb02a50a b2f3e1d88a5e4c349345ec77204dadc3 4480c884ae21482ca5682b2ba88afe02 - - default default] Successfully bumped revision number for resource b27ecf29-95f4-4256-929b-b672e895afb6 (type: routers) to 2
2026-05-06 02:21:22.371 9 INFO neutron.wsgi [None req-5dfa3594-aeaa-45ee-96d7-d455cb02a50a b2f3e1d88a5e4c349345ec77204dadc3 4480c884ae21482ca5682b2ba88afe02 - - default default] 10.0.0.230 "POST /v2.0/routers HTTP/1.1" status: 201 len: 882 time: 2.1594522
2026-05-06 02:21:22.385 9 INFO neutron.db.ovn_revision_numbers_db [None req-75746263-d70d-425f-9988-c725d83b96ee b2f3e1d88a5e4c349345ec77204dadc3 4480c884ae21482ca5682b2ba88afe02 - - default default] Successfully bumped revision number for resource cee6b548-124e-44bc-a2dd-8b6437efb48c (type: routers) to 2
2026-05-06 02:21:22.402 9 INFO neutron.wsgi [None req-75746263-d70d-425f-9988-c725d83b96ee b2f3e1d88a5e4c349345ec77204dadc3 4480c884ae21482ca5682b2ba88afe02 - - default default] 10.0.0.230 "POST /v2.0/routers HTTP/1.1" status: 201 len: 877 time: 2.2106042
2026-05-06 02:21:22.930 10 WARNING neutron.scheduler.dhcp_agent_scheduler [None req-7a072c14-269f-47c7-905f-bead40129167 b2f3e1d88a5e4c349345ec77204dadc3 4480c884ae21482ca5682b2ba88afe02 - - default default] No more DHCP agents
2026-05-06 02:21:22.932 10 WARNING neutron.api.rpc.agentnotifiers.dhcp_rpc_agent_api [None req-7a072c14-269f-47c7-905f-bead40129167 b2f3e1d88a5e4c349345ec77204dadc3 4480c884ae21482ca5682b2ba88afe02 - - default default] Unable to schedule network f1e26584-7e3d-4aa7-8d22-da5df5d61deb: no agents available; will retry on subsequent port and subnet creation events.
2026-05-06 02:21:23.010 9 INFO neutron.db.ovn_revision_numbers_db [None req-19e86ce5-7e01-42e3-8658-b0e664cab92d - - - - - -] Successfully bumped revision number for resource a5d04d9b-7829-4f17-92a6-dc2495429432 (type: ports) to 1
2026-05-06 02:21:23.087 10 INFO neutron.db.ovn_revision_numbers_db [None req-7a072c14-269f-47c7-905f-bead40129167 b2f3e1d88a5e4c349345ec77204dadc3 4480c884ae21482ca5682b2ba88afe02 - - default default] Successfully bumped revision number for resource b63208b8-c68f-4d9c-b356-2c8f91d03f44 (type: ports) to 1
2026-05-06 02:21:23.119 9 INFO neutron.db.ovn_revision_numbers_db [None req-9f273b4a-1775-40e3-8688-4dbaf250acf4 b2f3e1d88a5e4c349345ec77204dadc3 4480c884ae21482ca5682b2ba88afe02 - - default default] Successfully bumped revision number for resource f1bb56b2-6e7f-4a89-8df6-bc7961fcfc36 (type: security_groups) to 1
2026-05-06 02:21:23.124 9 INFO neutron.db.ovn_revision_numbers_db [None req-0c258d91-f245-473d-9a14-4082f8dbb8c5 b2f3e1d88a5e4c349345ec77204dadc3 4480c884ae21482ca5682b2ba88afe02 - - default default] Successfully bumped revision number for resource 0072c01b-7cef-4db7-9f1f-c32de1cfb974 (type: security_groups) to 1
2026-05-06 02:21:23.159 9 INFO neutron.db.ovn_revision_numbers_db [None req-9f273b4a-1775-40e3-8688-4dbaf250acf4 b2f3e1d88a5e4c349345ec77204dadc3 4480c884ae21482ca5682b2ba88afe02 - - default default] Successfully bumped revision number for resource 269caff4-6b44-4201-bf9d-756c534e6a48 (type: security_group_rules) to 0
2026-05-06 02:21:23.163 9 INFO neutron.db.ovn_revision_numbers_db [None req-0c258d91-f245-473d-9a14-4082f8dbb8c5 b2f3e1d88a5e4c349345ec77204dadc3 4480c884ae21482ca5682b2ba88afe02 - - default default] Successfully bumped revision number for resource 1f2fbcca-4c44-4242-86fd-dbd55768e08c (type: security_group_rules) to 0
2026-05-06 02:21:23.191 9 INFO neutron.db.ovn_revision_numbers_db [None req-9f273b4a-1775-40e3-8688-4dbaf250acf4 b2f3e1d88a5e4c349345ec77204dadc3 4480c884ae21482ca5682b2ba88afe02 - - default default] Successfully bumped revision number for resource 5e7941c1-8578-4163-8c61-382e02cd1d6b (type: security_group_rules) to 0
2026-05-06 02:21:23.208 9 INFO neutron.db.ovn_revision_numbers_db [None req-0c258d91-f245-473d-9a14-4082f8dbb8c5 b2f3e1d88a5e4c349345ec77204dadc3 4480c884ae21482ca5682b2ba88afe02 - - default default] Successfully bumped revision number for resource 5c489c6b-df3c-43aa-9044-1cd60236a8ee (type: security_group_rules) to 0
2026-05-06 02:21:23.229 9 INFO neutron.db.ovn_revision_numbers_db [None req-9f273b4a-1775-40e3-8688-4dbaf250acf4 b2f3e1d88a5e4c349345ec77204dadc3 4480c884ae21482ca5682b2ba88afe02 - - default default] Successfully bumped revision number for resource 7afb038a-4eb6-4858-839c-d546e2fd0d9a (type: security_group_rules) to 0
2026-05-06 02:21:23.247 9 INFO neutron.db.ovn_revision_numbers_db [None req-0c258d91-f245-473d-9a14-4082f8dbb8c5 b2f3e1d88a5e4c349345ec77204dadc3 4480c884ae21482ca5682b2ba88afe02 - - default default] Successfully bumped revision number for resource 8590b413-b062-4021-a2da-db70b8dd1924 (type: security_group_rules) to 0
2026-05-06 02:21:23.268 9 INFO neutron.db.ovn_revision_numbers_db [None req-9f273b4a-1775-40e3-8688-4dbaf250acf4 b2f3e1d88a5e4c349345ec77204dadc3 4480c884ae21482ca5682b2ba88afe02 - - default default] Successfully bumped revision number for resource 95ea72ab-3d88-41c0-9537-47f893ab1f49 (type: security_group_rules) to 0
2026-05-06 02:21:23.278 9 WARNING neutron.scheduler.dhcp_agent_scheduler [None req-5e3318c4-b7ae-4822-98c9-29c4e0e59c24 b2f3e1d88a5e4c349345ec77204dadc3 4480c884ae21482ca5682b2ba88afe02 - - default default] No more DHCP agents
2026-05-06 02:21:23.297 9 WARNING neutron.api.rpc.agentnotifiers.dhcp_rpc_agent_api [None req-5e3318c4-b7ae-4822-98c9-29c4e0e59c24 b2f3e1d88a5e4c349345ec77204dadc3 4480c884ae21482ca5682b2ba88afe02 - - default default] Unable to schedule network 28665998-cd18-4484-8a14-9881358c9fe2: no agents available; will retry on subsequent port and subnet creation events.
2026-05-06 02:21:23.303 9 INFO neutron.db.ovn_revision_numbers_db [None req-0c258d91-f245-473d-9a14-4082f8dbb8c5 b2f3e1d88a5e4c349345ec77204dadc3 4480c884ae21482ca5682b2ba88afe02 - - default default] Successfully bumped revision number for resource 996be4bd-0815-44f6-989f-bb28fee830a2 (type: security_group_rules) to 0
2026-05-06 02:21:23.328 9 INFO neutron.wsgi [None req-9f273b4a-1775-40e3-8688-4dbaf250acf4 b2f3e1d88a5e4c349345ec77204dadc3 4480c884ae21482ca5682b2ba88afe02 - - default default] 10.0.0.230 "GET /v2.0/security-groups?tenant_id=96b7bb86c1a0435798c843fdd4a9d5c4&name=default HTTP/1.1" status: 200 len: 2992 time: 0.5577891
2026-05-06 02:21:23.384 9 INFO neutron.db.segments_db [None req-0c258d91-f245-473d-9a14-4082f8dbb8c5 b2f3e1d88a5e4c349345ec77204dadc3 4480c884ae21482ca5682b2ba88afe02 - - default default] Added segment ebc9b631-3d2c-4120-872a-4c11067e371f of type geneve for network 960fc4a1-c86c-4f6b-84bc-db5ff2d39396
2026-05-06 02:21:23.557 10 INFO neutron.plugins.ml2.drivers.ovn.mech_driver.ovsdb.extensions.qos [None req-7a072c14-269f-47c7-905f-bead40129167 b2f3e1d88a5e4c349345ec77204dadc3 4480c884ae21482ca5682b2ba88afe02 - - default default] Starting OVNClientQosExtension
2026-05-06 02:21:23.616 9 INFO neutron.db.ovn_revision_numbers_db [None req-19e86ce5-7e01-42e3-8658-b0e664cab92d - - - - - -] Successfully bumped revision number for resource a5d04d9b-7829-4f17-92a6-dc2495429432 (type: router_ports) to 3
2026-05-06 02:21:23.638 10 INFO neutron.db.ovn_revision_numbers_db [None req-7a072c14-269f-47c7-905f-bead40129167 b2f3e1d88a5e4c349345ec77204dadc3 4480c884ae21482ca5682b2ba88afe02 - - default default] Successfully bumped revision number for resource b63208b8-c68f-4d9c-b356-2c8f91d03f44 (type: router_ports) to 1
2026-05-06 02:21:23.683 9 INFO neutron.db.ovn_revision_numbers_db [None req-5e3318c4-b7ae-4822-98c9-29c4e0e59c24 b2f3e1d88a5e4c349345ec77204dadc3 4480c884ae21482ca5682b2ba88afe02 - - default default] Successfully bumped revision number for resource 8d3babc2-f698-41ad-9184-de12046216a3 (type: ports) to 1
2026-05-06 02:21:23.716 10 INFO neutron.wsgi [None req-cdcebc52-0684-4a67-87ff-00677e23d8e9 b2f3e1d88a5e4c349345ec77204dadc3 4480c884ae21482ca5682b2ba88afe02 - - default default] 10.0.0.230 "DELETE /v2.0/security-groups/f1bb56b2-6e7f-4a89-8df6-bc7961fcfc36 HTTP/1.1" status: 204 len: 168 time: 0.3831599
2026-05-06 02:21:23.776 10 INFO neutron.db.ovn_revision_numbers_db [None req-7a072c14-269f-47c7-905f-bead40129167 b2f3e1d88a5e4c349345ec77204dadc3 4480c884ae21482ca5682b2ba88afe02 - - default default] Successfully bumped revision number for resource b63208b8-c68f-4d9c-b356-2c8f91d03f44 (type: ports) to 1
2026-05-06 02:21:23.786 9 INFO neutron.db.ovn_revision_numbers_db [None req-0c258d91-f245-473d-9a14-4082f8dbb8c5 b2f3e1d88a5e4c349345ec77204dadc3 4480c884ae21482ca5682b2ba88afe02 - - default default] Successfully bumped revision number for resource 960fc4a1-c86c-4f6b-84bc-db5ff2d39396 (type: networks) to 1
2026-05-06 02:21:23.849 10 WARNING neutron.scheduler.dhcp_agent_scheduler [None req-7a072c14-269f-47c7-905f-bead40129167 b2f3e1d88a5e4c349345ec77204dadc3 4480c884ae21482ca5682b2ba88afe02 - - default default] No more DHCP agents
2026-05-06 02:21:23.851 10 WARNING neutron.api.rpc.agentnotifiers.dhcp_rpc_agent_api [None req-7a072c14-269f-47c7-905f-bead40129167 b2f3e1d88a5e4c349345ec77204dadc3 4480c884ae21482ca5682b2ba88afe02 - - default default] Unable to schedule network f1e26584-7e3d-4aa7-8d22-da5df5d61deb: no agents available; will retry on subsequent port and subnet creation events.
2026-05-06 02:21:23.920 9 INFO neutron.db.ovn_revision_numbers_db [None req-19e86ce5-7e01-42e3-8658-b0e664cab92d - - - - - -] Successfully bumped revision number for resource a5d04d9b-7829-4f17-92a6-dc2495429432 (type: ports) to 2
2026-05-06 02:21:23.999 10 INFO neutron.db.ovn_revision_numbers_db [None req-ea6bc60c-6581-478d-9b99-042c180d8047 b2f3e1d88a5e4c349345ec77204dadc3 4480c884ae21482ca5682b2ba88afe02 - - default default] Successfully bumped revision number for resource 2ab7bf5c-7602-4bc3-879d-a54c8e13e72d (type: security_groups) to 1
2026-05-06 02:21:24.016 10 INFO neutron.db.ovn_revision_numbers_db [None req-ea6bc60c-6581-478d-9b99-042c180d8047 b2f3e1d88a5e4c349345ec77204dadc3 4480c884ae21482ca5682b2ba88afe02 - - default default] Successfully bumped revision number for resource 2e6ce7b7-5862-4a82-a29e-1b92bf355b40 (type: security_group_rules) to 0
2026-05-06 02:21:24.034 10 INFO neutron.db.ovn_revision_numbers_db [None req-ea6bc60c-6581-478d-9b99-042c180d8047 b2f3e1d88a5e4c349345ec77204dadc3 4480c884ae21482ca5682b2ba88afe02 - - default default] Successfully bumped revision number for resource 4bb87352-e5a3-42c2-a1b4-4f36b623d2c1 (type: security_group_rules) to 0
2026-05-06 02:21:24.058 10 INFO neutron.db.ovn_revision_numbers_db [None req-ea6bc60c-6581-478d-9b99-042c180d8047 b2f3e1d88a5e4c349345ec77204dadc3 4480c884ae21482ca5682b2ba88afe02 - - default default] Successfully bumped revision number for resource d1841c49-d1d6-42d1-a342-6ef7b19b9db7 (type: security_group_rules) to 0
2026-05-06 02:21:24.083 10 INFO neutron.db.ovn_revision_numbers_db [None req-ea6bc60c-6581-478d-9b99-042c180d8047 b2f3e1d88a5e4c349345ec77204dadc3 4480c884ae21482ca5682b2ba88afe02 - - default default] Successfully bumped revision number for resource eeb16ddf-7174-410d-9df5-b92e590b85f4 (type: security_group_rules) to 0
2026-05-06 02:21:24.097 9 WARNING neutron.scheduler.dhcp_agent_scheduler [None req-0c258d91-f245-473d-9a14-4082f8dbb8c5 b2f3e1d88a5e4c349345ec77204dadc3 4480c884ae21482ca5682b2ba88afe02 - - default default] No more DHCP agents
2026-05-06 02:21:24.102 9 WARNING neutron.api.rpc.agentnotifiers.dhcp_rpc_agent_api [None req-0c258d91-f245-473d-9a14-4082f8dbb8c5 b2f3e1d88a5e4c349345ec77204dadc3 4480c884ae21482ca5682b2ba88afe02 - - default default] Unable to schedule network 960fc4a1-c86c-4f6b-84bc-db5ff2d39396: no agents available; will retry on subsequent port and subnet creation events.
2026-05-06 02:21:24.123 10 INFO neutron.wsgi [None req-ea6bc60c-6581-478d-9b99-042c180d8047 b2f3e1d88a5e4c349345ec77204dadc3 4480c884ae21482ca5682b2ba88afe02 - - default default] 10.0.0.230 "GET /v2.0/security-groups?tenant_id=9c3c26ab105f4032ba133cf96ff094cb&name=default HTTP/1.1" status: 200 len: 2992 time: 0.2858491
2026-05-06 02:21:24.289 9 INFO neutron.db.ovn_revision_numbers_db [None req-0c258d91-f245-473d-9a14-4082f8dbb8c5 b2f3e1d88a5e4c349345ec77204dadc3 4480c884ae21482ca5682b2ba88afe02 - - default default] Successfully bumped revision number for resource 93b3ae50-1fc7-4bf0-9482-21c58c787b15 (type: ports) to 1
2026-05-06 02:21:24.345 9 INFO neutron.wsgi [None req-0c258d91-f245-473d-9a14-4082f8dbb8c5 b2f3e1d88a5e4c349345ec77204dadc3 4480c884ae21482ca5682b2ba88afe02 - - default default] 10.0.0.230 "POST /v2.0/networks HTTP/1.1" status: 201 len: 947 time: 1.9326513
2026-05-06 02:21:24.422 9 INFO neutron.db.ovn_revision_numbers_db [None req-19e86ce5-7e01-42e3-8658-b0e664cab92d - - - - - -] Successfully bumped revision number for resource a5d04d9b-7829-4f17-92a6-dc2495429432 (type: ports) to 4
2026-05-06 02:21:24.422 10 INFO neutron.db.ovn_revision_numbers_db [None req-7a072c14-269f-47c7-905f-bead40129167 b2f3e1d88a5e4c349345ec77204dadc3 4480c884ae21482ca5682b2ba88afe02 - - default default] Successfully bumped revision number for resource b63208b8-c68f-4d9c-b356-2c8f91d03f44 (type: router_ports) to 1
2026-05-06 02:21:24.424 10 INFO neutron.wsgi [None req-7a072c14-269f-47c7-905f-bead40129167 b2f3e1d88a5e4c349345ec77204dadc3 4480c884ae21482ca5682b2ba88afe02 - - default default] 10.0.0.230 "PUT /v2.0/routers/b27ecf29-95f4-4256-929b-b672e895afb6/add_router_interface HTTP/1.1" status: 200 len: 503 time: 2.0465887
2026-05-06 02:21:24.439 9 INFO neutron.db.ovn_revision_numbers_db [None req-5e3318c4-b7ae-4822-98c9-29c4e0e59c24 b2f3e1d88a5e4c349345ec77204dadc3 4480c884ae21482ca5682b2ba88afe02 - - default default] Successfully bumped revision number for resource 8d3babc2-f698-41ad-9184-de12046216a3 (type: router_ports) to 1
2026-05-06 02:21:24.496 10 WARNING neutron.scheduler.dhcp_agent_scheduler [None req-a0d926e6-6713-4793-9e67-5a5232a32c4e b2f3e1d88a5e4c349345ec77204dadc3 4480c884ae21482ca5682b2ba88afe02 - - default default] No more DHCP agents
2026-05-06 02:21:24.498 10 WARNING neutron.api.rpc.agentnotifiers.dhcp_rpc_agent_api [None req-a0d926e6-6713-4793-9e67-5a5232a32c4e b2f3e1d88a5e4c349345ec77204dadc3 4480c884ae21482ca5682b2ba88afe02 - - default default] Unable to schedule network 960fc4a1-c86c-4f6b-84bc-db5ff2d39396: no agents available; will retry on subsequent port and subnet creation events.
2026-05-06 02:21:24.718 9 INFO neutron.wsgi [None req-b7bd14fa-b9d7-4ffa-a84f-06e13a188a74 b2f3e1d88a5e4c349345ec77204dadc3 4480c884ae21482ca5682b2ba88afe02 - - default default] 10.0.0.230 "DELETE /v2.0/security-groups/2ab7bf5c-7602-4bc3-879d-a54c8e13e72d HTTP/1.1" status: 204 len: 168 time: 0.5848422
2026-05-06 02:21:24.761 9 INFO neutron.db.ovn_revision_numbers_db [None req-5e3318c4-b7ae-4822-98c9-29c4e0e59c24 b2f3e1d88a5e4c349345ec77204dadc3 4480c884ae21482ca5682b2ba88afe02 - - default default] Successfully bumped revision number for resource 8d3babc2-f698-41ad-9184-de12046216a3 (type: ports) to 1
2026-05-06 02:21:24.840 9 INFO neutron.plugins.ml2.drivers.ovn.mech_driver.mech_driver [None req-8cefd4d7-23e3-4fef-ae55-00df4d61c4ec - - - - - -] OVN reports status up for port: b63208b8-c68f-4d9c-b356-2c8f91d03f44
2026-05-06 02:21:24.847 9 INFO neutron.db.ovn_revision_numbers_db [None req-19e86ce5-7e01-42e3-8658-b0e664cab92d - - - - - -] Successfully bumped revision number for resource a5d04d9b-7829-4f17-92a6-dc2495429432 (type: router_ports) to 4
2026-05-06 02:21:24.865 9 INFO neutron.plugins.ml2.plugin [None req-8cefd4d7-23e3-4fef-ae55-00df4d61c4ec - - - - - -] Attempt 1 to provision port b63208b8-c68f-4d9c-b356-2c8f91d03f44
2026-05-06 02:21:24.891 9 WARNING neutron.scheduler.dhcp_agent_scheduler [None req-5e3318c4-b7ae-4822-98c9-29c4e0e59c24 b2f3e1d88a5e4c349345ec77204dadc3 4480c884ae21482ca5682b2ba88afe02 - - default default] No more DHCP agents
2026-05-06 02:21:24.898 9 WARNING neutron.api.rpc.agentnotifiers.dhcp_rpc_agent_api [None req-5e3318c4-b7ae-4822-98c9-29c4e0e59c24 b2f3e1d88a5e4c349345ec77204dadc3 4480c884ae21482ca5682b2ba88afe02 - - default default] Unable to schedule network 28665998-cd18-4484-8a14-9881358c9fe2: no agents available; will retry on subsequent port and subnet creation events.
2026-05-06 02:21:24.903 9 INFO neutron.plugins.ml2.drivers.ovn.mech_driver.ovsdb.ovsdb_monitor [None req-19e86ce5-7e01-42e3-8658-b0e664cab92d - - - - - -] Router cee6b548-124e-44bc-a2dd-8b6437efb48c is bound to host instance
2026-05-06 02:21:25.073 10 INFO neutron.db.ovn_revision_numbers_db [None req-a0d926e6-6713-4793-9e67-5a5232a32c4e b2f3e1d88a5e4c349345ec77204dadc3 4480c884ae21482ca5682b2ba88afe02 - - default default] Successfully bumped revision number for resource 93b3ae50-1fc7-4bf0-9482-21c58c787b15 (type: ports) to 2
2026-05-06 02:21:25.105 10 INFO neutron.db.ovn_revision_numbers_db [None req-a0d926e6-6713-4793-9e67-5a5232a32c4e b2f3e1d88a5e4c349345ec77204dadc3 4480c884ae21482ca5682b2ba88afe02 - - default default] Successfully bumped revision number for resource 1b7b2647-400a-4b41-9d6c-72248a3cac2f (type: subnets) to 0
2026-05-06 02:21:25.119 10 INFO neutron.wsgi [None req-a0d926e6-6713-4793-9e67-5a5232a32c4e b2f3e1d88a5e4c349345ec77204dadc3 4480c884ae21482ca5682b2ba88afe02 - - default default] 10.0.0.230 "POST /v2.0/subnets HTTP/1.1" status: 201 len: 867 time: 0.7670741
2026-05-06 02:21:25.516 10 WARNING neutron_lib.context [req-5a513b4d-526e-4a0c-b277-7e605f0903a2 req-72f4d502-dade-47db-a5cd-4a4e60f1c561 3de45a99a3424279973f76247552b439 25a25eb161ec47798d386dc8aba9619d - - default default] Method 'is_advsvc' is deprecated since 2023.2 release (neutron-lib 3.8.0) and will be removed once support for the old RBAC API policies will be removed from Neutron. Please use method 'is_service_role' instead.
2026-05-06 02:21:25.537 9 INFO neutron.db.ovn_revision_numbers_db [None req-8cefd4d7-23e3-4fef-ae55-00df4d61c4ec - - - - - -] Successfully bumped revision number for resource b63208b8-c68f-4d9c-b356-2c8f91d03f44 (type: ports) to 2
2026-05-06 02:21:25.673 10 INFO neutron.db.ovn_revision_numbers_db [req-5a513b4d-526e-4a0c-b277-7e605f0903a2 req-72f4d502-dade-47db-a5cd-4a4e60f1c561 3de45a99a3424279973f76247552b439 25a25eb161ec47798d386dc8aba9619d - - default default] Successfully bumped revision number for resource 7133bf1d-377b-4078-857f-156be77f0558 (type: security_groups) to 1
2026-05-06 02:21:25.675 10 WARNING neutron.scheduler.dhcp_agent_scheduler [None req-d1aaddfb-903c-475b-ac59-42aa3e52cf22 b2f3e1d88a5e4c349345ec77204dadc3 4480c884ae21482ca5682b2ba88afe02 - - default default] No more DHCP agents
2026-05-06 02:21:25.679 10 WARNING neutron.api.rpc.agentnotifiers.dhcp_rpc_agent_api [None req-d1aaddfb-903c-475b-ac59-42aa3e52cf22 b2f3e1d88a5e4c349345ec77204dadc3 4480c884ae21482ca5682b2ba88afe02 - - default default] Unable to schedule network 1b9820c2-f56f-400e-9a8a-ab309f1d58cf: no agents available; will retry on subsequent port and subnet creation events.
2026-05-06 02:21:25.682 9 INFO neutron.db.ovn_revision_numbers_db [None req-8cefd4d7-23e3-4fef-ae55-00df4d61c4ec - - - - - -] Successfully bumped revision number for resource b63208b8-c68f-4d9c-b356-2c8f91d03f44 (type: router_ports) to 2
2026-05-06 02:21:25.696 10 INFO neutron.db.ovn_revision_numbers_db [req-5a513b4d-526e-4a0c-b277-7e605f0903a2 req-72f4d502-dade-47db-a5cd-4a4e60f1c561 3de45a99a3424279973f76247552b439 25a25eb161ec47798d386dc8aba9619d - - default default] Successfully bumped revision number for resource 7c1f20e1-ecaa-4237-8243-f35c8a1167a7 (type: security_group_rules) to 0
2026-05-06 02:21:25.718 10 INFO neutron.db.ovn_revision_numbers_db [req-5a513b4d-526e-4a0c-b277-7e605f0903a2 req-72f4d502-dade-47db-a5cd-4a4e60f1c561 3de45a99a3424279973f76247552b439 25a25eb161ec47798d386dc8aba9619d - - default default] Successfully bumped revision number for resource bade7e3a-ffbf-456a-93a6-8a5f2423608c (type: security_group_rules) to 0
2026-05-06 02:21:25.740 10 INFO neutron.wsgi [req-5a513b4d-526e-4a0c-b277-7e605f0903a2 req-72f4d502-dade-47db-a5cd-4a4e60f1c561 3de45a99a3424279973f76247552b439 25a25eb161ec47798d386dc8aba9619d - - default default] 10.0.0.94 "POST /v2.0/security-groups HTTP/1.1" status: 201 len: 1826 time: 0.3281870
2026-05-06 02:21:25.824 10 INFO neutron.db.ovn_revision_numbers_db [None req-d1aaddfb-903c-475b-ac59-42aa3e52cf22 b2f3e1d88a5e4c349345ec77204dadc3 4480c884ae21482ca5682b2ba88afe02 - - default default] Successfully bumped revision number for resource 08b29df0-2e34-4911-81ca-40ba2ea3b265 (type: ports) to 1
2026-05-06 02:21:25.848 9 INFO neutron.db.ovn_revision_numbers_db [None req-5e3318c4-b7ae-4822-98c9-29c4e0e59c24 b2f3e1d88a5e4c349345ec77204dadc3 4480c884ae21482ca5682b2ba88afe02 - - default default] Successfully bumped revision number for resource 8d3babc2-f698-41ad-9184-de12046216a3 (type: router_ports) to 1
2026-05-06 02:21:25.850 9 INFO neutron.wsgi [None req-5e3318c4-b7ae-4822-98c9-29c4e0e59c24 b2f3e1d88a5e4c349345ec77204dadc3 4480c884ae21482ca5682b2ba88afe02 - - default default] 10.0.0.230 "PUT /v2.0/routers/cee6b548-124e-44bc-a2dd-8b6437efb48c/add_router_interface HTTP/1.1" status: 200 len: 503 time: 3.4390826
2026-05-06 02:21:25.854 9 INFO neutron.db.ovn_revision_numbers_db [None req-19e86ce5-7e01-42e3-8658-b0e664cab92d - - - - - -] Successfully bumped revision number for resource 266f2f3f-0e32-4dc2-9db9-c674d2004b07 (type: ports) to 1
2026-05-06 02:21:26.134 9 INFO neutron.db.ovn_revision_numbers_db [None req-19e86ce5-7e01-42e3-8658-b0e664cab92d - - - - - -] Successfully bumped revision number for resource 266f2f3f-0e32-4dc2-9db9-c674d2004b07 (type: router_ports) to 3
2026-05-06 02:21:26.261 9 INFO neutron.db.ovn_revision_numbers_db [None req-19e86ce5-7e01-42e3-8658-b0e664cab92d - - - - - -] Successfully bumped revision number for resource 266f2f3f-0e32-4dc2-9db9-c674d2004b07 (type: ports) to 2
2026-05-06 02:21:26.334 9 INFO neutron.wsgi [req-ead90e05-471f-4444-8fb5-3b8b72d1cd29 req-e51189a0-fe1e-4a77-8566-f25d6f984cfb 3de45a99a3424279973f76247552b439 25a25eb161ec47798d386dc8aba9619d - - default default] 10.0.0.94 "GET /v2.0/security-groups/7133bf1d-377b-4078-857f-156be77f0558 HTTP/1.1" status: 200 len: 1821 time: 0.1646447
2026-05-06 02:21:26.363 9 WARNING neutron_lib.context [req-ead90e05-471f-4444-8fb5-3b8b72d1cd29 req-0c0f44cb-da22-488e-a167-df3254ab11a0 3de45a99a3424279973f76247552b439 25a25eb161ec47798d386dc8aba9619d - - default default] Method 'is_advsvc' is deprecated since 2023.2 release (neutron-lib 3.8.0) and will be removed once support for the old RBAC API policies will be removed from Neutron. Please use method 'is_service_role' instead.
2026-05-06 02:21:26.380 9 WARNING neutron_lib.context [None req-baaec926-3dcf-4d80-a90c-a9fcd99fda2f f3ff09f8844c40e79ab167eb2aa7988d 971c12c34c204bf883dbd9fe19e60b09 - - default default] Method 'is_advsvc' is deprecated since 2023.2 release (neutron-lib 3.8.0) and will be removed once support for the old RBAC API policies will be removed from Neutron. Please use method 'is_service_role' instead.
2026-05-06 02:21:26.445 10 INFO neutron.plugins.ml2.drivers.ovn.mech_driver.ovsdb.ovsdb_monitor [-] Router 3a85c59f-149a-44fc-8d02-8b5a38304954 is bound to host instance
2026-05-06 02:21:26.489 10 INFO neutron.db.ovn_revision_numbers_db [None req-d1aaddfb-903c-475b-ac59-42aa3e52cf22 b2f3e1d88a5e4c349345ec77204dadc3 4480c884ae21482ca5682b2ba88afe02 - - default default] Successfully bumped revision number for resource 08b29df0-2e34-4911-81ca-40ba2ea3b265 (type: router_ports) to 1
2026-05-06 02:21:26.610 9 INFO neutron.db.ovn_revision_numbers_db [None req-baaec926-3dcf-4d80-a90c-a9fcd99fda2f f3ff09f8844c40e79ab167eb2aa7988d 971c12c34c204bf883dbd9fe19e60b09 - - default default] Successfully bumped revision number for resource 12d46a4f-5610-4f8b-8502-9dd14e6c8953 (type: security_groups) to 1
2026-05-06 02:21:26.647 9 INFO neutron.db.ovn_revision_numbers_db [None req-19e86ce5-7e01-42e3-8658-b0e664cab92d - - - - - -] Successfully bumped revision number for resource 266f2f3f-0e32-4dc2-9db9-c674d2004b07 (type: ports) to 4
2026-05-06 02:21:26.650 9 INFO neutron.db.ovn_revision_numbers_db [None req-baaec926-3dcf-4d80-a90c-a9fcd99fda2f f3ff09f8844c40e79ab167eb2aa7988d 971c12c34c204bf883dbd9fe19e60b09 - - default default] Successfully bumped revision number for resource 691a2e8c-258a-49a4-aca6-86636403b5c6 (type: security_group_rules) to 0
2026-05-06 02:21:26.656 9 INFO neutron.db.ovn_revision_numbers_db [req-ead90e05-471f-4444-8fb5-3b8b72d1cd29 req-0c0f44cb-da22-488e-a167-df3254ab11a0 3de45a99a3424279973f76247552b439 25a25eb161ec47798d386dc8aba9619d - - default default] Successfully bumped revision number for resource 9efc4b5b-a750-44ed-a844-b03278fa1a3d (type: security_group_rules) to 0
2026-05-06 02:21:26.671 9 INFO neutron.db.ovn_revision_numbers_db [None req-baaec926-3dcf-4d80-a90c-a9fcd99fda2f f3ff09f8844c40e79ab167eb2aa7988d 971c12c34c204bf883dbd9fe19e60b09 - - default default] Successfully bumped revision number for resource ce9955f7-9756-431e-9a21-82fad70841e8 (type: security_group_rules) to 0
2026-05-06 02:21:26.686 10 INFO neutron.db.ovn_revision_numbers_db [None req-d1aaddfb-903c-475b-ac59-42aa3e52cf22 b2f3e1d88a5e4c349345ec77204dadc3 4480c884ae21482ca5682b2ba88afe02 - - default default] Successfully bumped revision number for resource 3a85c59f-149a-44fc-8d02-8b5a38304954 (type: routers) to 2
2026-05-06 02:21:26.704 10 INFO neutron.wsgi [None req-d1aaddfb-903c-475b-ac59-42aa3e52cf22 b2f3e1d88a5e4c349345ec77204dadc3 4480c884ae21482ca5682b2ba88afe02 - - default default] 10.0.0.230 "POST /v2.0/routers HTTP/1.1" status: 201 len: 878 time: 1.5793295
2026-05-06 02:21:26.706 9 INFO neutron.wsgi [req-ead90e05-471f-4444-8fb5-3b8b72d1cd29 req-0c0f44cb-da22-488e-a167-df3254ab11a0 3de45a99a3424279973f76247552b439 25a25eb161ec47798d386dc8aba9619d - - default default] 10.0.0.94 "POST /v2.0/security-group-rules HTTP/1.1" status: 201 len: 786 time: 0.3607008
2026-05-06 02:21:26.717 9 INFO neutron.wsgi [None req-baaec926-3dcf-4d80-a90c-a9fcd99fda2f f3ff09f8844c40e79ab167eb2aa7988d 971c12c34c204bf883dbd9fe19e60b09 - - default default] 10.0.0.230 "POST /v2.0/security-groups HTTP/1.1" status: 201 len: 1796 time: 0.3428116
2026-05-06 02:21:26.734 10 WARNING neutron_lib.context [None req-a49cc26c-c7b4-4dd1-9a74-c67973faf853 f3ff09f8844c40e79ab167eb2aa7988d 971c12c34c204bf883dbd9fe19e60b09 - - default default] Method 'is_advsvc' is deprecated since 2023.2 release (neutron-lib 3.8.0) and will be removed once support for the old RBAC API policies will be removed from Neutron. Please use method 'is_service_role' instead.
2026-05-06 02:21:26.744 10 WARNING neutron_lib.context [req-746702c1-719d-483e-bdeb-83434cad2d6e req-19d83362-9149-4364-bf5b-be474e8b8780 3de45a99a3424279973f76247552b439 25a25eb161ec47798d386dc8aba9619d - - default default] Method 'is_advsvc' is deprecated since 2023.2 release (neutron-lib 3.8.0) and will be removed once support for the old RBAC API policies will be removed from Neutron. Please use method 'is_service_role' instead.
2026-05-06 02:21:26.925 10 INFO neutron.db.ovn_revision_numbers_db [None req-a49cc26c-c7b4-4dd1-9a74-c67973faf853 f3ff09f8844c40e79ab167eb2aa7988d 971c12c34c204bf883dbd9fe19e60b09 - - default default] Successfully bumped revision number for resource d293e404-12b6-46f8-b57c-3bc2ccb90118 (type: security_group_rules) to 0
2026-05-06 02:21:26.931 10 INFO neutron.db.ovn_revision_numbers_db [req-746702c1-719d-483e-bdeb-83434cad2d6e req-19d83362-9149-4364-bf5b-be474e8b8780 3de45a99a3424279973f76247552b439 25a25eb161ec47798d386dc8aba9619d - - default default] Successfully bumped revision number for resource 3eed2e17-e473-4125-9dca-32a6dbdb5495 (type: security_groups) to 1
2026-05-06 02:21:26.967 10 INFO neutron.db.ovn_revision_numbers_db [req-746702c1-719d-483e-bdeb-83434cad2d6e req-19d83362-9149-4364-bf5b-be474e8b8780 3de45a99a3424279973f76247552b439 25a25eb161ec47798d386dc8aba9619d - - default default] Successfully bumped revision number for resource 8232a028-94a2-4e4b-b047-da2cc4f58813 (type: security_group_rules) to 0
2026-05-06 02:21:26.980 10 INFO neutron.wsgi [None req-a49cc26c-c7b4-4dd1-9a74-c67973faf853 f3ff09f8844c40e79ab167eb2aa7988d 971c12c34c204bf883dbd9fe19e60b09 - - default default] 10.0.0.230 "POST /v2.0/security-group-rules HTTP/1.1" status: 201 len: 764 time: 0.2497022
2026-05-06 02:21:26.995 10 WARNING neutron_lib.context [None req-38061278-fca3-47f8-b3aa-976197c9d6cd f3ff09f8844c40e79ab167eb2aa7988d 971c12c34c204bf883dbd9fe19e60b09 - - default default] Method 'is_advsvc' is deprecated since 2023.2 release (neutron-lib 3.8.0) and will be removed once support for the old RBAC API policies will be removed from Neutron. Please use method 'is_service_role' instead.
2026-05-06 02:21:26.999 10 INFO neutron.db.ovn_revision_numbers_db [req-746702c1-719d-483e-bdeb-83434cad2d6e req-19d83362-9149-4364-bf5b-be474e8b8780 3de45a99a3424279973f76247552b439 25a25eb161ec47798d386dc8aba9619d - - default default] Successfully bumped revision number for resource 847eb550-25eb-4b89-9d97-d6b815e7a361 (type: security_group_rules) to 0
2026-05-06 02:21:27.031 10 INFO neutron.wsgi [req-746702c1-719d-483e-bdeb-83434cad2d6e req-19d83362-9149-4364-bf5b-be474e8b8780 3de45a99a3424279973f76247552b439 25a25eb161ec47798d386dc8aba9619d - - default default] 10.0.0.94 "POST /v2.0/security-groups HTTP/1.1" status: 201 len: 1827 time: 0.2939138
2026-05-06 02:21:27.056 9 INFO neutron.db.ovn_revision_numbers_db [None req-19e86ce5-7e01-42e3-8658-b0e664cab92d - - - - - -] Successfully bumped revision number for resource 266f2f3f-0e32-4dc2-9db9-c674d2004b07 (type: router_ports) to 4
2026-05-06 02:21:27.125 9 INFO neutron.wsgi [req-cc302a85-8422-4d65-8ce4-dc5ad5376502 req-3700aeff-10a5-4dd6-8f14-bb8c7931f230 3de45a99a3424279973f76247552b439 25a25eb161ec47798d386dc8aba9619d - - default default] 10.0.0.94 "GET /v2.0/security-groups/3eed2e17-e473-4125-9dca-32a6dbdb5495 HTTP/1.1" status: 200 len: 1822 time: 0.0656905
2026-05-06 02:21:27.141 9 WARNING neutron_lib.context [req-cc302a85-8422-4d65-8ce4-dc5ad5376502 req-383aaa3c-17af-462d-b233-517382174a1f 3de45a99a3424279973f76247552b439 25a25eb161ec47798d386dc8aba9619d - - default default] Method 'is_advsvc' is deprecated since 2023.2 release (neutron-lib 3.8.0) and will be removed once support for the old RBAC API policies will be removed from Neutron. Please use method 'is_service_role' instead.
2026-05-06 02:21:27.160 10 INFO neutron.db.ovn_revision_numbers_db [None req-38061278-fca3-47f8-b3aa-976197c9d6cd f3ff09f8844c40e79ab167eb2aa7988d 971c12c34c204bf883dbd9fe19e60b09 - - default default] Successfully bumped revision number for resource 04fb2200-ad15-40ee-ab51-47de7eb56963 (type: security_group_rules) to 0
2026-05-06 02:21:27.193 10 INFO neutron.wsgi [None req-38061278-fca3-47f8-b3aa-976197c9d6cd f3ff09f8844c40e79ab167eb2aa7988d 971c12c34c204bf883dbd9fe19e60b09 - - default default] 10.0.0.230 "POST /v2.0/security-group-rules HTTP/1.1" status: 201 len: 769 time: 0.2029562
2026-05-06 02:21:27.203 9 WARNING neutron_lib.context [None req-9e6e5532-8845-499f-95c5-b9d8d59d8438 f3ff09f8844c40e79ab167eb2aa7988d 971c12c34c204bf883dbd9fe19e60b09 - - default default] Method 'is_advsvc' is deprecated since 2023.2 release (neutron-lib 3.8.0) and will be removed once support for the old RBAC API policies will be removed from Neutron. Please use method 'is_service_role' instead.
2026-05-06 02:21:27.210 10 INFO neutron.db.ovn_revision_numbers_db [None req-a242f8f9-34b7-4023-a94b-e901fd2626d7 - - - - - -] Successfully bumped revision number for resource 08b29df0-2e34-4911-81ca-40ba2ea3b265 (type: ports) to 1
2026-05-06 02:21:27.228 10 INFO neutron.plugins.ml2.drivers.ovn.mech_driver.mech_driver [None req-dc4700c3-af91-4fc7-8c99-a746eaa7b092 - - - - - -] OVN reports status up for port: 8d3babc2-f698-41ad-9184-de12046216a3
2026-05-06 02:21:27.242 10 INFO neutron.plugins.ml2.plugin [None req-dc4700c3-af91-4fc7-8c99-a746eaa7b092 - - - - - -] Attempt 1 to provision port 8d3babc2-f698-41ad-9184-de12046216a3
2026-05-06 02:21:27.411 9 INFO neutron.db.ovn_revision_numbers_db [req-cc302a85-8422-4d65-8ce4-dc5ad5376502 req-383aaa3c-17af-462d-b233-517382174a1f 3de45a99a3424279973f76247552b439 25a25eb161ec47798d386dc8aba9619d - - default default] Successfully bumped revision number for resource a198f5f4-8619-441e-a7df-a38ecb9f7e41 (type: security_group_rules) to 0
2026-05-06 02:21:27.412 10 INFO neutron.db.ovn_revision_numbers_db [None req-240267a8-68a0-4600-8110-ddf917e6f5ef b2f3e1d88a5e4c349345ec77204dadc3 4480c884ae21482ca5682b2ba88afe02 - - default default] Successfully bumped revision number for resource 73a184a7-e4dd-40f5-b07b-7c97863c0de9 (type: security_groups) to 1
2026-05-06 02:21:27.439 10 INFO neutron.db.ovn_revision_numbers_db [None req-240267a8-68a0-4600-8110-ddf917e6f5ef b2f3e1d88a5e4c349345ec77204dadc3 4480c884ae21482ca5682b2ba88afe02 - - default default] Successfully bumped revision number for resource 3f210c91-53be-4ff5-be96-2c162740b9cb (type: security_group_rules) to 0
2026-05-06 02:21:27.456 9 INFO neutron.wsgi [req-cc302a85-8422-4d65-8ce4-dc5ad5376502 req-383aaa3c-17af-462d-b233-517382174a1f 3de45a99a3424279973f76247552b439 25a25eb161ec47798d386dc8aba9619d - - default default] 10.0.0.94 "POST /v2.0/security-group-rules HTTP/1.1" status: 201 len: 786 time: 0.3233495
2026-05-06 02:21:27.463 10 INFO neutron.db.ovn_revision_numbers_db [None req-240267a8-68a0-4600-8110-ddf917e6f5ef b2f3e1d88a5e4c349345ec77204dadc3 4480c884ae21482ca5682b2ba88afe02 - - default default] Successfully bumped revision number for resource aa5676a9-7cbc-407c-b889-0846ff5df6d9 (type: security_group_rules) to 0
2026-05-06 02:21:27.489 10 INFO neutron.db.ovn_revision_numbers_db [None req-240267a8-68a0-4600-8110-ddf917e6f5ef b2f3e1d88a5e4c349345ec77204dadc3 4480c884ae21482ca5682b2ba88afe02 - - default default] Successfully bumped revision number for resource d5d3434e-0073-4e83-8cda-5ab0e51825b8 (type: security_group_rules) to 0
2026-05-06 02:21:27.529 10 INFO neutron.db.ovn_revision_numbers_db [None req-240267a8-68a0-4600-8110-ddf917e6f5ef b2f3e1d88a5e4c349345ec77204dadc3 4480c884ae21482ca5682b2ba88afe02 - - default default] Successfully bumped revision number for resource ff344004-d32d-4d57-84a6-dd47411dc691 (type: security_group_rules) to 0
2026-05-06 02:21:27.544 9 WARNING neutron.scheduler.dhcp_agent_scheduler [None req-0175518a-28f4-4a4f-9b02-512a3e3a69b9 b2f3e1d88a5e4c349345ec77204dadc3 4480c884ae21482ca5682b2ba88afe02 - - default default] No more DHCP agents
2026-05-06 02:21:27.544 10 INFO neutron.wsgi [req-33fa62c9-27b9-4409-8b47-caa9b8955430 req-17ac3354-d593-43d0-b56a-b102bcab91ca 3de45a99a3424279973f76247552b439 25a25eb161ec47798d386dc8aba9619d - - default default] 10.0.0.94 "GET /v2.0/security-groups/3eed2e17-e473-4125-9dca-32a6dbdb5495 HTTP/1.1" status: 200 len: 2415 time: 0.0665870
2026-05-06 02:21:27.547 9 WARNING neutron.api.rpc.agentnotifiers.dhcp_rpc_agent_api [None req-0175518a-28f4-4a4f-9b02-512a3e3a69b9 b2f3e1d88a5e4c349345ec77204dadc3 4480c884ae21482ca5682b2ba88afe02 - - default default] Unable to schedule network 960fc4a1-c86c-4f6b-84bc-db5ff2d39396: no agents available; will retry on subsequent port and subnet creation events.
2026-05-06 02:21:27.565 10 WARNING neutron_lib.context [req-33fa62c9-27b9-4409-8b47-caa9b8955430 req-f313819b-aaad-4a17-978a-88caa68b8485 3de45a99a3424279973f76247552b439 25a25eb161ec47798d386dc8aba9619d - - default default] Method 'is_advsvc' is deprecated since 2023.2 release (neutron-lib 3.8.0) and will be removed once support for the old RBAC API policies will be removed from Neutron. Please use method 'is_service_role' instead.
2026-05-06 02:21:27.569 10 INFO neutron.wsgi [None req-240267a8-68a0-4600-8110-ddf917e6f5ef b2f3e1d88a5e4c349345ec77204dadc3 4480c884ae21482ca5682b2ba88afe02 - - default default] 10.0.0.230 "GET /v2.0/security-groups?tenant_id=991747f700c84e07a91fcd9cb7b1539c&name=default HTTP/1.1" status: 200 len: 2996 time: 0.5046964
2026-05-06 02:21:27.569 10 INFO neutron.db.ovn_revision_numbers_db [None req-a242f8f9-34b7-4023-a94b-e901fd2626d7 - - - - - -] Successfully bumped revision number for resource 08b29df0-2e34-4911-81ca-40ba2ea3b265 (type: router_ports) to 3
2026-05-06 02:21:27.677 9 WARNING neutron.scheduler.dhcp_agent_scheduler [None req-9e6e5532-8845-499f-95c5-b9d8d59d8438 f3ff09f8844c40e79ab167eb2aa7988d 971c12c34c204bf883dbd9fe19e60b09 - - default default] No more DHCP agents
2026-05-06 02:21:27.685 9 WARNING neutron.api.rpc.agentnotifiers.dhcp_rpc_agent_api [None req-9e6e5532-8845-499f-95c5-b9d8d59d8438 f3ff09f8844c40e79ab167eb2aa7988d 971c12c34c204bf883dbd9fe19e60b09 - - default default] Unable to schedule network 1b9820c2-f56f-400e-9a8a-ab309f1d58cf: no agents available; will retry on subsequent port and subnet creation events.
2026-05-06 02:21:27.743 10 INFO neutron.db.ovn_revision_numbers_db [None req-dc4700c3-af91-4fc7-8c99-a746eaa7b092 - - - - - -] Successfully bumped revision number for resource 8d3babc2-f698-41ad-9184-de12046216a3 (type: ports) to 2
2026-05-06 02:21:27.801 9 INFO neutron.db.ovn_revision_numbers_db [None req-0175518a-28f4-4a4f-9b02-512a3e3a69b9 b2f3e1d88a5e4c349345ec77204dadc3 4480c884ae21482ca5682b2ba88afe02 - - default default] Successfully bumped revision number for resource a40f9b92-883d-4e4c-9432-ec2c31fc3174 (type: ports) to 1
2026-05-06 02:21:27.802 10 INFO neutron.db.ovn_revision_numbers_db [None req-a242f8f9-34b7-4023-a94b-e901fd2626d7 - - - - - -] Successfully bumped revision number for resource 08b29df0-2e34-4911-81ca-40ba2ea3b265 (type: ports) to 2
2026-05-06 02:21:27.833 10 INFO neutron.db.ovn_revision_numbers_db [req-33fa62c9-27b9-4409-8b47-caa9b8955430 req-f313819b-aaad-4a17-978a-88caa68b8485 3de45a99a3424279973f76247552b439 25a25eb161ec47798d386dc8aba9619d - - default default] Successfully bumped revision number for resource dca58271-8f6a-439d-aa33-80511797552f (type: security_group_rules) to 0
2026-05-06 02:21:27.864 10 INFO neutron.db.ovn_revision_numbers_db [None req-dc4700c3-af91-4fc7-8c99-a746eaa7b092 - - - - - -] Successfully bumped revision number for resource 8d3babc2-f698-41ad-9184-de12046216a3 (type: router_ports) to 2
2026-05-06 02:21:27.876 10 INFO neutron.wsgi [req-33fa62c9-27b9-4409-8b47-caa9b8955430 req-f313819b-aaad-4a17-978a-88caa68b8485 3de45a99a3424279973f76247552b439 25a25eb161ec47798d386dc8aba9619d - - default default] 10.0.0.94 "POST /v2.0/security-group-rules HTTP/1.1" status: 201 len: 791 time: 0.3223534
2026-05-06 02:21:28.022 9 INFO neutron.wsgi [req-b35474a3-dafb-4f2e-a044-47bbd51137b3 req-8f6b8d3f-b298-4bbd-8895-e51f07ce60c5 3de45a99a3424279973f76247552b439 25a25eb161ec47798d386dc8aba9619d - - default default] 10.0.0.94 "GET /v2.0/security-groups/3eed2e17-e473-4125-9dca-32a6dbdb5495 HTTP/1.1" status: 200 len: 3013 time: 0.0692739
2026-05-06 02:21:28.073 10 INFO neutron.wsgi [req-b8f9b4bb-9dee-42c2-af2a-9242a2f994fd req-2d611933-e268-4cf4-a879-ab3c697b834d 3de45a99a3424279973f76247552b439 25a25eb161ec47798d386dc8aba9619d - - default default] 10.0.0.94 "GET /v2.0/security-group-rules/dca58271-8f6a-439d-aa33-80511797552f HTTP/1.1" status: 200 len: 783 time: 0.0254402
2026-05-06 02:21:28.155 9 INFO neutron.wsgi [None req-ae266e59-41f7-4175-9747-189ab5e60c42 b2f3e1d88a5e4c349345ec77204dadc3 4480c884ae21482ca5682b2ba88afe02 - - default default] 10.0.0.230 "DELETE /v2.0/security-groups/73a184a7-e4dd-40f5-b07b-7c97863c0de9 HTTP/1.1" status: 204 len: 168 time: 0.5783172
2026-05-06 02:21:28.221 10 INFO neutron.wsgi [req-b8f9b4bb-9dee-42c2-af2a-9242a2f994fd req-3a5962cc-bf25-4319-a3a6-326cdb6f73f1 3de45a99a3424279973f76247552b439 25a25eb161ec47798d386dc8aba9619d - - default default] 10.0.0.94 "GET /v2.0/security-groups/3eed2e17-e473-4125-9dca-32a6dbdb5495 HTTP/1.1" status: 200 len: 3013 time: 0.1402171
