2026-05-06 02:23:45.591 10 INFO neutron.pecan_wsgi.hooks.translation [None req-0e1488b2-b085-4fa1-94c4-0fc785344f2c d4c4bb3ba99949a29a4164bc1e101ec3 fa4b02cb7fd845169b14009f66e3e032 - - default default] GET failed (client error): The resource could not be found.
2026-05-06 02:23:45.593 10 INFO neutron.wsgi [None req-0e1488b2-b085-4fa1-94c4-0fc785344f2c d4c4bb3ba99949a29a4164bc1e101ec3 fa4b02cb7fd845169b14009f66e3e032 - - default default] 10.0.0.230 "GET /v2.0/ports/b5cca125-c139-4f3f-aa90-4d8ce3d40b6e HTTP/1.1" status: 404 len: 333 time: 0.0222888
2026-05-06 02:23:45.821 10 INFO neutron.wsgi [None req-32680129-69df-46af-98d2-abca4bcff770 d4c4bb3ba99949a29a4164bc1e101ec3 fa4b02cb7fd845169b14009f66e3e032 - - default default] 10.0.0.230 "DELETE /v2.0/subnets/d6ea20a7-a79d-48ae-9f4b-6f9814d40b99 HTTP/1.1" status: 204 len: 168 time: 0.2225440
2026-05-06 02:23:46.079 9 INFO neutron.wsgi [None req-0a88c594-903f-4c8b-ae54-bfe3d78d3c8e 7ea714e2662c44fa898262f65457b2c4 b97ff4a3726f443b928377d530d65d7b - - default default] 10.0.0.230 "DELETE /v2.0/ports/57db9699-b965-4090-8f20-87da4bd9fcee HTTP/1.1" status: 204 len: 168 time: 0.7645426
2026-05-06 02:23:46.305 9 WARNING neutron.plugins.ml2.drivers.ovn.mech_driver.ovsdb.ovn_client [None req-8cefd4d7-23e3-4fef-ae55-00df4d61c4ec - - - - - -] No hosting information found for port 30828901-cf2c-4671-b130-74ddf5084098: RuntimeError: No hosting information found for port 30828901-cf2c-4671-b130-74ddf5084098
2026-05-06 02:23:46.308 10 INFO neutron.wsgi [None req-ef93c6ef-0c12-4205-87f3-323549d46e29 d4c4bb3ba99949a29a4164bc1e101ec3 fa4b02cb7fd845169b14009f66e3e032 - - default default] 10.0.0.230 "DELETE /v2.0/networks/5f315f42-a9fd-4321-b54e-8cb80686f3a2 HTTP/1.1" status: 204 len: 168 time: 0.4815474
2026-05-06 02:23:46.321 9 WARNING neutron_lib.context [None req-d66d7ed8-4a07-4904-b778-6f63af2a97c6 d4c4bb3ba99949a29a4164bc1e101ec3 fa4b02cb7fd845169b14009f66e3e032 - - default default] Method 'is_advsvc' is deprecated since 2023.2 release (neutron-lib 3.8.0) and will be removed once support for the old RBAC API policies will be removed from Neutron. Please use method 'is_service_role' instead.
2026-05-06 02:23:46.433 9 INFO neutron.db.segments_db [None req-d66d7ed8-4a07-4904-b778-6f63af2a97c6 d4c4bb3ba99949a29a4164bc1e101ec3 fa4b02cb7fd845169b14009f66e3e032 - - default default] Added segment 4a4dcb5a-61d1-4b9d-a19d-c8f379edecdf of type geneve for network 3077fb7c-8253-4ed9-b7f2-633236d334aa
2026-05-06 02:23:46.481 10 INFO neutron.wsgi [None req-9f8bd3d8-8a6f-4baf-adb4-4eb1a041f068 7ea714e2662c44fa898262f65457b2c4 b97ff4a3726f443b928377d530d65d7b - - default default] 10.0.0.230 "DELETE /v2.0/ports/d1bcee12-c543-485c-b8c8-8cdbd3275834 HTTP/1.1" status: 204 len: 168 time: 0.3903153
2026-05-06 02:23:46.568 10 INFO neutron.wsgi [None req-3da91183-c115-4565-bbb1-55c5436d3442 7ea714e2662c44fa898262f65457b2c4 b97ff4a3726f443b928377d530d65d7b - - default default] 10.0.0.230 "GET /v2.0/ports?device_id=924b5ffc-ac1e-4281-9434-808ef304553b HTTP/1.1" status: 200 len: 1140 time: 0.0819695
2026-05-06 02:23:46.692 9 INFO neutron.db.ovn_revision_numbers_db [None req-d66d7ed8-4a07-4904-b778-6f63af2a97c6 d4c4bb3ba99949a29a4164bc1e101ec3 fa4b02cb7fd845169b14009f66e3e032 - - default default] Successfully bumped revision number for resource 3077fb7c-8253-4ed9-b7f2-633236d334aa (type: networks) to 1
2026-05-06 02:23:46.819 10 INFO neutron.services.segments.plugin [-] Segment 699a3d81-fb82-48a2-b111-51a8c2814674 resource provider aggregate not found
2026-05-06 02:23:46.821 9 INFO neutron.wsgi [-] 10.0.0.222 "GET / HTTP/1.1" status: 200 len: 246 time: 0.0012779
2026-05-06 02:23:46.823 9 INFO neutron.wsgi [-] 10.0.0.222 "GET / HTTP/1.1" status: 200 len: 246 time: 0.0011179
2026-05-06 02:23:46.832 10 INFO neutron.services.segments.plugin [-] Segment 699a3d81-fb82-48a2-b111-51a8c2814674 resource provider aggregate not found
2026-05-06 02:23:46.837 10 INFO neutron.services.segments.plugin [-] Segment 699a3d81-fb82-48a2-b111-51a8c2814674 resource provider not found; error: Placement Client Error (4xx): {"errors": [{"status": 404, "title": "Not Found", "detail": "The resource could not be found.\n\n No resource provider with uuid 699a3d81-fb82-48a2-b111-51a8c2814674 found for delete ", "request_id": "req-53e6281b-f57b-406c-827a-e47e805c95d4"}]}
2026-05-06 02:23:46.848 10 INFO neutron.services.segments.plugin [-] Segment 699a3d81-fb82-48a2-b111-51a8c2814674 resource provider not found; error: Placement Client Error (4xx): {"errors": [{"status": 404, "title": "Not Found", "detail": "The resource could not be found.\n\n No resource provider with uuid 699a3d81-fb82-48a2-b111-51a8c2814674 found for delete ", "request_id": "req-9f7d63d6-393f-45a9-b73a-4f135741bcbb"}]}
2026-05-06 02:23:46.856 9 INFO neutron.db.ovn_revision_numbers_db [None req-0dcf9b99-24bc-47d5-a58f-35947993ff07 b2f3e1d88a5e4c349345ec77204dadc3 4480c884ae21482ca5682b2ba88afe02 - - default default] Successfully bumped revision number for resource 5959cee8-dbb2-499e-922f-f52147e3cd6e (type: security_groups) to 1
2026-05-06 02:23:46.903 9 INFO neutron.db.ovn_revision_numbers_db [None req-0dcf9b99-24bc-47d5-a58f-35947993ff07 b2f3e1d88a5e4c349345ec77204dadc3 4480c884ae21482ca5682b2ba88afe02 - - default default] Successfully bumped revision number for resource 2b58d14b-a251-4865-856f-d97602854422 (type: security_group_rules) to 0
2026-05-06 02:23:47.160 9 INFO neutron.db.ovn_revision_numbers_db [None req-0dcf9b99-24bc-47d5-a58f-35947993ff07 b2f3e1d88a5e4c349345ec77204dadc3 4480c884ae21482ca5682b2ba88afe02 - - default default] Successfully bumped revision number for resource 922f7730-c4df-4241-aac0-365d44cf4580 (type: security_group_rules) to 0
2026-05-06 02:23:47.183 9 INFO neutron.db.ovn_revision_numbers_db [None req-0dcf9b99-24bc-47d5-a58f-35947993ff07 b2f3e1d88a5e4c349345ec77204dadc3 4480c884ae21482ca5682b2ba88afe02 - - default default] Successfully bumped revision number for resource a129fd90-537b-4628-8aea-d9f2e535af0e (type: security_group_rules) to 0
2026-05-06 02:23:47.218 9 INFO neutron.db.ovn_revision_numbers_db [None req-0dcf9b99-24bc-47d5-a58f-35947993ff07 b2f3e1d88a5e4c349345ec77204dadc3 4480c884ae21482ca5682b2ba88afe02 - - default default] Successfully bumped revision number for resource bd9eea86-279f-4529-a7b3-8bc200cbc44f (type: security_group_rules) to 0
2026-05-06 02:23:47.238 9 WARNING neutron.scheduler.dhcp_agent_scheduler [None req-d66d7ed8-4a07-4904-b778-6f63af2a97c6 d4c4bb3ba99949a29a4164bc1e101ec3 fa4b02cb7fd845169b14009f66e3e032 - - default default] No more DHCP agents
2026-05-06 02:23:47.252 9 WARNING neutron.api.rpc.agentnotifiers.dhcp_rpc_agent_api [None req-d66d7ed8-4a07-4904-b778-6f63af2a97c6 d4c4bb3ba99949a29a4164bc1e101ec3 fa4b02cb7fd845169b14009f66e3e032 - - default default] Unable to schedule network 3077fb7c-8253-4ed9-b7f2-633236d334aa: no agents available; will retry on subsequent port and subnet creation events.
2026-05-06 02:23:47.267 9 INFO neutron.wsgi [None req-0dcf9b99-24bc-47d5-a58f-35947993ff07 b2f3e1d88a5e4c349345ec77204dadc3 4480c884ae21482ca5682b2ba88afe02 - - default default] 10.0.0.230 "GET /v2.0/security-groups?tenant_id=c33e05d1d84b4045a1c2513bfe3ca936&name=default HTTP/1.1" status: 200 len: 2996 time: 0.9358077
2026-05-06 02:23:47.298 9 INFO neutron.services.segments.plugin [-] Segment fdaaf0fb-6905-4553-b593-1d989b7424d5 resource provider aggregate not found
2026-05-06 02:23:47.312 9 INFO neutron.services.segments.plugin [-] Segment fdaaf0fb-6905-4553-b593-1d989b7424d5 resource provider aggregate not found
2026-05-06 02:23:47.320 9 INFO neutron.services.segments.plugin [-] Segment fdaaf0fb-6905-4553-b593-1d989b7424d5 resource provider not found; error: Placement Client Error (4xx): {"errors": [{"status": 404, "title": "Not Found", "detail": "The resource could not be found.\n\n No resource provider with uuid fdaaf0fb-6905-4553-b593-1d989b7424d5 found for delete ", "request_id": "req-3efbe2a3-37d1-48d8-bb4d-512b418252b5"}]}
2026-05-06 02:23:47.337 9 INFO neutron.services.segments.plugin [-] Segment fdaaf0fb-6905-4553-b593-1d989b7424d5 resource provider not found; error: Placement Client Error (4xx): {"errors": [{"status": 404, "title": "Not Found", "detail": "The resource could not be found.\n\n No resource provider with uuid fdaaf0fb-6905-4553-b593-1d989b7424d5 found for delete ", "request_id": "req-0cad5baa-770f-4dc9-b43e-a7a8adb62f36"}]}
2026-05-06 02:23:47.391 9 INFO neutron.wsgi [None req-bf81a04d-4fd0-40a3-8f46-b3dc242a7a38 b2f3e1d88a5e4c349345ec77204dadc3 4480c884ae21482ca5682b2ba88afe02 - - default default] 10.0.0.230 "PUT /v2.0/routers/e2e7eab4-d5a9-4883-b0fc-d92a2d6e3771/remove_router_interface HTTP/1.1" status: 200 len: 503 time: 2.0673099
2026-05-06 02:23:47.453 9 INFO neutron.db.ovn_revision_numbers_db [None req-d66d7ed8-4a07-4904-b778-6f63af2a97c6 d4c4bb3ba99949a29a4164bc1e101ec3 fa4b02cb7fd845169b14009f66e3e032 - - default default] Successfully bumped revision number for resource 4b516cf8-19cd-4a27-a9a5-e06c919133f7 (type: ports) to 1
2026-05-06 02:23:47.482 9 INFO neutron.wsgi [None req-d66d7ed8-4a07-4904-b778-6f63af2a97c6 d4c4bb3ba99949a29a4164bc1e101ec3 fa4b02cb7fd845169b14009f66e3e032 - - default default] 10.0.0.230 "POST /v2.0/networks HTTP/1.1" status: 201 len: 830 time: 1.1675451
2026-05-06 02:23:47.487 10 INFO neutron.wsgi [None req-c53c4218-4b15-4f14-b374-7bc75bf65fe2 7ea714e2662c44fa898262f65457b2c4 b97ff4a3726f443b928377d530d65d7b - - default default] 10.0.0.230 "PUT /v2.0/routers/924b5ffc-ac1e-4281-9434-808ef304553b/remove_router_interface HTTP/1.1" status: 200 len: 503 time: 0.9141507 /var/lib/openstack/lib/python3.10/site-packages/pycadf/identifier.py:71: UserWarning: Invalid uuid: neutron. To ensure interoperability, identifiers should be a valid uuid. warnings.warn(('Invalid uuid: %s. To ensure interoperability, ' /var/lib/openstack/lib/python3.10/site-packages/pycadf/identifier.py:71: UserWarning: Invalid uuid: neutron. To ensure interoperability, identifiers should be a valid uuid. warnings.warn(('Invalid uuid: %s. To ensure interoperability, '
2026-05-06 02:23:47.500 10 WARNING neutron_lib.context [None req-3dec63d1-78dc-4663-a010-d84ad5de5df4 d4c4bb3ba99949a29a4164bc1e101ec3 fa4b02cb7fd845169b14009f66e3e032 - - default default] Method 'is_advsvc' is deprecated since 2023.2 release (neutron-lib 3.8.0) and will be removed once support for the old RBAC API policies will be removed from Neutron. Please use method 'is_service_role' instead.
2026-05-06 02:23:47.654 9 INFO neutron.wsgi [None req-cc4f1baa-2cc3-4d2d-842f-2fbc27e3b4cd b2f3e1d88a5e4c349345ec77204dadc3 4480c884ae21482ca5682b2ba88afe02 - - default default] 10.0.0.230 "DELETE /v2.0/security-groups/5959cee8-dbb2-499e-922f-f52147e3cd6e HTTP/1.1" status: 204 len: 168 time: 0.3720248
2026-05-06 02:23:47.795 9 INFO neutron.wsgi [None req-fadad8b1-836f-4bc8-b66d-f37f8d617bd5 b2f3e1d88a5e4c349345ec77204dadc3 4480c884ae21482ca5682b2ba88afe02 - - default default] 10.0.0.230 "GET /v2.0/security-groups?tenant_id=c21043c61180427f89bd3229dbc38a6c&name=default HTTP/1.1" status: 200 len: 2996 time: 0.0443137
2026-05-06 02:23:47.846 10 WARNING neutron.scheduler.dhcp_agent_scheduler [None req-3dec63d1-78dc-4663-a010-d84ad5de5df4 d4c4bb3ba99949a29a4164bc1e101ec3 fa4b02cb7fd845169b14009f66e3e032 - - default default] No more DHCP agents
2026-05-06 02:23:47.852 10 WARNING neutron.api.rpc.agentnotifiers.dhcp_rpc_agent_api [None req-3dec63d1-78dc-4663-a010-d84ad5de5df4 d4c4bb3ba99949a29a4164bc1e101ec3 fa4b02cb7fd845169b14009f66e3e032 - - default default] Unable to schedule network 3077fb7c-8253-4ed9-b7f2-633236d334aa: no agents available; will retry on subsequent port and subnet creation events.
2026-05-06 02:23:48.108 9 INFO neutron.wsgi [None req-2b1f7692-91ae-42fe-8372-6215a737c735 b2f3e1d88a5e4c349345ec77204dadc3 4480c884ae21482ca5682b2ba88afe02 - - default default] 10.0.0.230 "DELETE /v2.0/security-groups/6a968dd2-5736-4d0c-86c3-4f71256250ad HTTP/1.1" status: 204 len: 168 time: 0.3006885
2026-05-06 02:23:48.473 9 INFO neutron.wsgi [None req-5640cba6-40a3-4b03-bc55-f334f0849938 7ea714e2662c44fa898262f65457b2c4 b97ff4a3726f443b928377d530d65d7b - - default default] 10.0.0.230 "DELETE /v2.0/routers/924b5ffc-ac1e-4281-9434-808ef304553b HTTP/1.1" status: 204 len: 168 time: 0.9817522
2026-05-06 02:23:48.522 9 INFO neutron.db.ovn_revision_numbers_db [None req-ae63d5a0-4cb4-4b14-9f1d-a5aa4c7671e8 b2f3e1d88a5e4c349345ec77204dadc3 4480c884ae21482ca5682b2ba88afe02 - - default default] Successfully bumped revision number for resource 32377ad3-097c-4012-a192-e5ffeedcde80 (type: security_groups) to 1
2026-05-06 02:23:48.548 9 INFO neutron.db.ovn_revision_numbers_db [None req-ae63d5a0-4cb4-4b14-9f1d-a5aa4c7671e8 b2f3e1d88a5e4c349345ec77204dadc3 4480c884ae21482ca5682b2ba88afe02 - - default default] Successfully bumped revision number for resource 329ff4e1-0537-4bec-8473-3acb7f8b1f54 (type: security_group_rules) to 0
2026-05-06 02:23:48.569 9 INFO neutron.db.ovn_revision_numbers_db [None req-ae63d5a0-4cb4-4b14-9f1d-a5aa4c7671e8 b2f3e1d88a5e4c349345ec77204dadc3 4480c884ae21482ca5682b2ba88afe02 - - default default] Successfully bumped revision number for resource b8adc8b1-8ebf-4570-be8b-e265e6519493 (type: security_group_rules) to 0
2026-05-06 02:23:48.584 9 INFO neutron.db.ovn_revision_numbers_db [None req-ae63d5a0-4cb4-4b14-9f1d-a5aa4c7671e8 b2f3e1d88a5e4c349345ec77204dadc3 4480c884ae21482ca5682b2ba88afe02 - - default default] Successfully bumped revision number for resource b956e9db-a70d-4607-aa66-cb348e17c29d (type: security_group_rules) to 0
2026-05-06 02:23:48.606 9 INFO neutron.db.ovn_revision_numbers_db [None req-ae63d5a0-4cb4-4b14-9f1d-a5aa4c7671e8 b2f3e1d88a5e4c349345ec77204dadc3 4480c884ae21482ca5682b2ba88afe02 - - default default] Successfully bumped revision number for resource e1bac3e8-1830-4069-b6b8-bc4ec9c6d3f9 (type: security_group_rules) to 0
2026-05-06 02:23:48.628 10 INFO neutron.wsgi [None req-f57a6fcd-66de-4cee-879c-cfc4b134b903 b2f3e1d88a5e4c349345ec77204dadc3 4480c884ae21482ca5682b2ba88afe02 - - default default] 10.0.0.230 "DELETE /v2.0/routers/e2e7eab4-d5a9-4883-b0fc-d92a2d6e3771 HTTP/1.1" status: 204 len: 168 time: 1.2270617
2026-05-06 02:23:48.645 9 INFO neutron.wsgi [None req-ae63d5a0-4cb4-4b14-9f1d-a5aa4c7671e8 b2f3e1d88a5e4c349345ec77204dadc3 4480c884ae21482ca5682b2ba88afe02 - - default default] 10.0.0.230 "GET /v2.0/security-groups?tenant_id=e364f07440a44daead5e68ec0917b4e6&name=default HTTP/1.1" status: 200 len: 2996 time: 0.3349984
2026-05-06 02:23:48.670 10 INFO neutron.db.ovn_revision_numbers_db [None req-3dec63d1-78dc-4663-a010-d84ad5de5df4 d4c4bb3ba99949a29a4164bc1e101ec3 fa4b02cb7fd845169b14009f66e3e032 - - default default] Successfully bumped revision number for resource 4b516cf8-19cd-4a27-a9a5-e06c919133f7 (type: ports) to 2
2026-05-06 02:23:48.688 9 INFO neutron.wsgi [None req-42bb67af-d7ce-4ff3-b3a7-3c2225dd28ab 7ea714e2662c44fa898262f65457b2c4 b97ff4a3726f443b928377d530d65d7b - - default default] 10.0.0.230 "DELETE /v2.0/subnets/d2c090a0-55a1-4a25-961e-dde8494c98bd HTTP/1.1" status: 204 len: 168 time: 0.2085338
2026-05-06 02:23:48.721 10 INFO neutron.db.ovn_revision_numbers_db [None req-3dec63d1-78dc-4663-a010-d84ad5de5df4 d4c4bb3ba99949a29a4164bc1e101ec3 fa4b02cb7fd845169b14009f66e3e032 - - default default] Successfully bumped revision number for resource d99541ec-d0a9-40d8-af26-486ba79fe19f (type: subnets) to 0
2026-05-06 02:23:48.740 10 INFO neutron.wsgi [None req-3dec63d1-78dc-4663-a010-d84ad5de5df4 d4c4bb3ba99949a29a4164bc1e101ec3 fa4b02cb7fd845169b14009f66e3e032 - - default default] 10.0.0.230 "POST /v2.0/subnets HTTP/1.1" status: 201 len: 801 time: 1.2455657
2026-05-06 02:23:48.751 10 WARNING neutron_lib.context [None req-a474fd9e-dd88-41d7-9f5f-cce130b33c95 d4c4bb3ba99949a29a4164bc1e101ec3 fa4b02cb7fd845169b14009f66e3e032 - - default default] Method 'is_advsvc' is deprecated since 2023.2 release (neutron-lib 3.8.0) and will be removed once support for the old RBAC API policies will be removed from Neutron. Please use method 'is_service_role' instead.
2026-05-06 02:23:48.935 9 INFO neutron.wsgi [None req-e1bf0035-b865-4d76-97f6-739a87dfd526 b2f3e1d88a5e4c349345ec77204dadc3 4480c884ae21482ca5682b2ba88afe02 - - default default] 10.0.0.230 "DELETE /v2.0/subnets/9e4a7403-ede3-43fe-8eeb-9f04bc3e82ab HTTP/1.1" status: 204 len: 168 time: 0.2984960
2026-05-06 02:23:49.147 10 INFO neutron.wsgi [None req-3463fb7d-3d2a-479e-a315-60f02acf7dce b2f3e1d88a5e4c349345ec77204dadc3 4480c884ae21482ca5682b2ba88afe02 - - default default] 10.0.0.230 "DELETE /v2.0/security-groups/32377ad3-097c-4012-a192-e5ffeedcde80 HTTP/1.1" status: 204 len: 168 time: 0.4971738
2026-05-06 02:23:49.278 9 INFO neutron.wsgi [None req-045391fc-6bd0-48f9-8811-758d74d60552 7ea714e2662c44fa898262f65457b2c4 b97ff4a3726f443b928377d530d65d7b - - default default] 10.0.0.230 "DELETE /v2.0/networks/8204fc23-6c5f-453a-be00-34389926e13a HTTP/1.1" status: 204 len: 168 time: 0.5829062
2026-05-06 02:23:49.342 10 WARNING neutron.scheduler.dhcp_agent_scheduler [None req-a474fd9e-dd88-41d7-9f5f-cce130b33c95 d4c4bb3ba99949a29a4164bc1e101ec3 fa4b02cb7fd845169b14009f66e3e032 - - default default] No more DHCP agents
2026-05-06 02:23:49.345 10 WARNING neutron.api.rpc.agentnotifiers.dhcp_rpc_agent_api [None req-a474fd9e-dd88-41d7-9f5f-cce130b33c95 d4c4bb3ba99949a29a4164bc1e101ec3 fa4b02cb7fd845169b14009f66e3e032 - - default default] Unable to schedule network 3077fb7c-8253-4ed9-b7f2-633236d334aa: no agents available; will retry on subsequent port and subnet creation events.
2026-05-06 02:23:49.354 9 INFO neutron.services.segments.plugin [-] Segment 606af599-9f08-4bb9-9d0d-9230a83fc934 resource provider aggregate not found
2026-05-06 02:23:49.372 9 INFO neutron.services.segments.plugin [-] Segment 606af599-9f08-4bb9-9d0d-9230a83fc934 resource provider not found; error: Placement Client Error (4xx): {"errors": [{"status": 404, "title": "Not Found", "detail": "The resource could not be found.\n\n No resource provider with uuid 606af599-9f08-4bb9-9d0d-9230a83fc934 found for delete ", "request_id": "req-ea3ac70e-dfe1-4664-ad80-b30987268213"}]}
2026-05-06 02:23:49.376 9 INFO neutron.services.segments.plugin [-] Segment 606af599-9f08-4bb9-9d0d-9230a83fc934 resource provider aggregate not found
2026-05-06 02:23:49.391 9 INFO neutron.services.segments.plugin [-] Segment 606af599-9f08-4bb9-9d0d-9230a83fc934 resource provider not found; error: Placement Client Error (4xx): {"errors": [{"status": 404, "title": "Not Found", "detail": "The resource could not be found.\n\n No resource provider with uuid 606af599-9f08-4bb9-9d0d-9230a83fc934 found for delete ", "request_id": "req-b55d61d7-15b3-47d1-b251-2b3ff2208086"}]}
2026-05-06 02:23:49.491 9 INFO neutron.wsgi [None req-05bf5a13-2817-42a2-b485-ac67a7890707 b2f3e1d88a5e4c349345ec77204dadc3 4480c884ae21482ca5682b2ba88afe02 - - default default] 10.0.0.230 "DELETE /v2.0/networks/9350b57a-de28-4965-9676-cf6eca0f1a63 HTTP/1.1" status: 204 len: 168 time: 0.5469224
2026-05-06 02:23:49.561 10 INFO neutron.db.ovn_revision_numbers_db [None req-a474fd9e-dd88-41d7-9f5f-cce130b33c95 d4c4bb3ba99949a29a4164bc1e101ec3 fa4b02cb7fd845169b14009f66e3e032 - - default default] Successfully bumped revision number for resource 48e44ecb-794d-4ce9-936d-47132c7eab39 (type: ports) to 1
2026-05-06 02:23:49.586 10 INFO neutron.wsgi [None req-a474fd9e-dd88-41d7-9f5f-cce130b33c95 d4c4bb3ba99949a29a4164bc1e101ec3 fa4b02cb7fd845169b14009f66e3e032 - - default default] 10.0.0.230 "POST /v2.0/ports HTTP/1.1" status: 201 len: 1114 time: 0.8403468
2026-05-06 02:23:49.702 9 INFO neutron.wsgi [None req-47e1f206-009a-4c4d-a5e3-d82766d7ce49 b2f3e1d88a5e4c349345ec77204dadc3 4480c884ae21482ca5682b2ba88afe02 - - default default] 10.0.0.230 "GET /v2.0/security-groups?tenant_id=b5688ba496a8411c931b442b8ff37d99&name=default HTTP/1.1" status: 200 len: 2996 time: 0.0373492
2026-05-06 02:23:49.905 10 INFO neutron.wsgi [None req-522e2da0-5e63-440e-bcfd-e2a087ca15a7 d4c4bb3ba99949a29a4164bc1e101ec3 fa4b02cb7fd845169b14009f66e3e032 - - default default] 10.0.0.230 "DELETE /v2.0/ports/48e44ecb-794d-4ce9-936d-47132c7eab39 HTTP/1.1" status: 204 len: 168 time: 0.3090887
2026-05-06 02:23:49.929 10 INFO neutron.pecan_wsgi.hooks.translation [None req-adcfd8ba-3fb6-4258-8f23-160128651b07 d4c4bb3ba99949a29a4164bc1e101ec3 fa4b02cb7fd845169b14009f66e3e032 - - default default] GET failed (client error): The resource could not be found.
2026-05-06 02:23:49.930 10 INFO neutron.wsgi [None req-adcfd8ba-3fb6-4258-8f23-160128651b07 d4c4bb3ba99949a29a4164bc1e101ec3 fa4b02cb7fd845169b14009f66e3e032 - - default default] 10.0.0.230 "GET /v2.0/ports/48e44ecb-794d-4ce9-936d-47132c7eab39 HTTP/1.1" status: 404 len: 333 time: 0.0200412
2026-05-06 02:23:49.930 9 INFO neutron.wsgi [None req-e0fe5e80-2c51-4c47-bda0-847321ea62d5 b2f3e1d88a5e4c349345ec77204dadc3 4480c884ae21482ca5682b2ba88afe02 - - default default] 10.0.0.230 "DELETE /v2.0/security-groups/9608dec8-5244-4b82-a786-1e0bf03bca68 HTTP/1.1" status: 204 len: 168 time: 0.2191002
2026-05-06 02:23:49.954 10 INFO neutron.wsgi [None req-46ce3398-b821-48e4-96b6-dc206d5ec648 b2f3e1d88a5e4c349345ec77204dadc3 4480c884ae21482ca5682b2ba88afe02 - - default default] 10.0.0.230 "GET /v2.0/security-groups?tenant_id=b97ff4a3726f443b928377d530d65d7b&name=default HTTP/1.1" status: 200 len: 2996 time: 0.1473296
2026-05-06 02:23:50.142 10 INFO neutron.wsgi [None req-6326d413-9307-4263-8b1f-c3a22a0dfc91 b2f3e1d88a5e4c349345ec77204dadc3 4480c884ae21482ca5682b2ba88afe02 - - default default] 10.0.0.230 "DELETE /v2.0/security-groups/cc934f91-0060-411c-9ff4-a0d268f6b7fe HTTP/1.1" status: 204 len: 168 time: 0.1832967
2026-05-06 02:23:50.149 9 INFO neutron.wsgi [None req-2cf97f43-57f7-4bee-843b-76db25308e15 d4c4bb3ba99949a29a4164bc1e101ec3 fa4b02cb7fd845169b14009f66e3e032 - - default default] 10.0.0.230 "DELETE /v2.0/subnets/d99541ec-d0a9-40d8-af26-486ba79fe19f HTTP/1.1" status: 204 len: 168 time: 0.2108228
2026-05-06 02:23:50.501 9 INFO neutron.wsgi [None req-63565c11-dedc-4bb1-aa17-437b30cb73fc d4c4bb3ba99949a29a4164bc1e101ec3 fa4b02cb7fd845169b14009f66e3e032 - - default default] 10.0.0.230 "DELETE /v2.0/networks/3077fb7c-8253-4ed9-b7f2-633236d334aa HTTP/1.1" status: 204 len: 168 time: 0.3469112
2026-05-06 02:23:50.514 9 WARNING neutron_lib.context [None req-b7cef3c0-d22c-4ce1-b97b-8c68ff5b2d5e d4c4bb3ba99949a29a4164bc1e101ec3 fa4b02cb7fd845169b14009f66e3e032 - - default default] Method 'is_advsvc' is deprecated since 2023.2 release (neutron-lib 3.8.0) and will be removed once support for the old RBAC API policies will be removed from Neutron. Please use method 'is_service_role' instead.
2026-05-06 02:23:50.947 9 WARNING neutron.scheduler.dhcp_agent_scheduler [None req-b7cef3c0-d22c-4ce1-b97b-8c68ff5b2d5e d4c4bb3ba99949a29a4164bc1e101ec3 fa4b02cb7fd845169b14009f66e3e032 - - default default] No more DHCP agents
2026-05-06 02:23:50.950 9 WARNING neutron.api.rpc.agentnotifiers.dhcp_rpc_agent_api [None req-b7cef3c0-d22c-4ce1-b97b-8c68ff5b2d5e d4c4bb3ba99949a29a4164bc1e101ec3 fa4b02cb7fd845169b14009f66e3e032 - - default default] Unable to schedule network b04b7dc2-b57f-4af0-9470-3e79f7b282e6: no agents available; will retry on subsequent port and subnet creation events.
2026-05-06 02:23:51.026 9 INFO neutron.db.ovn_revision_numbers_db [None req-b7cef3c0-d22c-4ce1-b97b-8c68ff5b2d5e d4c4bb3ba99949a29a4164bc1e101ec3 fa4b02cb7fd845169b14009f66e3e032 - - default default] Successfully bumped revision number for resource 29f3fd46-c3f6-4ab6-84da-c82aefb50a79 (type: ports) to 1
2026-05-06 02:23:51.052 9 INFO neutron.wsgi [None req-b7cef3c0-d22c-4ce1-b97b-8c68ff5b2d5e d4c4bb3ba99949a29a4164bc1e101ec3 fa4b02cb7fd845169b14009f66e3e032 - - default default] 10.0.0.230 "POST /v2.0/ports HTTP/1.1" status: 201 len: 974 time: 0.5422382 /var/lib/openstack/lib/python3.10/site-packages/pycadf/identifier.py:71: UserWarning: Invalid uuid: neutron. To ensure interoperability, identifiers should be a valid uuid. warnings.warn(('Invalid uuid: %s. To ensure interoperability, '
2026-05-06 02:23:51.291 10 INFO neutron.plugins.ml2.drivers.ovn.mech_driver.mech_driver [None req-dc4700c3-af91-4fc7-8c99-a746eaa7b092 - - - - - -] OVN reports status down for port: 29f3fd46-c3f6-4ab6-84da-c82aefb50a79
2026-05-06 02:23:51.319 9 INFO neutron.db.ovn_revision_numbers_db [None req-3d68b005-cb26-4d08-b429-55589cdfacff d4c4bb3ba99949a29a4164bc1e101ec3 fa4b02cb7fd845169b14009f66e3e032 - - default default] Successfully bumped revision number for resource 29f3fd46-c3f6-4ab6-84da-c82aefb50a79 (type: ports) to 2
2026-05-06 02:23:51.329 9 INFO neutron.wsgi [None req-3d68b005-cb26-4d08-b429-55589cdfacff d4c4bb3ba99949a29a4164bc1e101ec3 fa4b02cb7fd845169b14009f66e3e032 - - default default] 10.0.0.230 "PUT /v2.0/ports/29f3fd46-c3f6-4ab6-84da-c82aefb50a79 HTTP/1.1" status: 200 len: 946 time: 0.2706921 /var/lib/openstack/lib/python3.10/site-packages/pycadf/identifier.py:71: UserWarning: Invalid uuid: neutron. To ensure interoperability, identifiers should be a valid uuid. warnings.warn(('Invalid uuid: %s. To ensure interoperability, '
2026-05-06 02:23:51.391 9 INFO neutron.services.segments.plugin [-] Segment eccd4336-5446-43da-b8e7-0ef0a8433ec0 resource provider aggregate not found
2026-05-06 02:23:51.409 9 INFO neutron.services.segments.plugin [-] Segment eccd4336-5446-43da-b8e7-0ef0a8433ec0 resource provider not found; error: Placement Client Error (4xx): {"errors": [{"status": 404, "title": "Not Found", "detail": "The resource could not be found.\n\n No resource provider with uuid eccd4336-5446-43da-b8e7-0ef0a8433ec0 found for delete ", "request_id": "req-db6d9268-8553-49ea-bb5a-ee833fed024d"}]}
2026-05-06 02:23:51.415 9 INFO neutron.services.segments.plugin [-] Segment eccd4336-5446-43da-b8e7-0ef0a8433ec0 resource provider aggregate not found
2026-05-06 02:23:51.433 9 INFO neutron.services.segments.plugin [-] Segment 4a4dcb5a-61d1-4b9d-a19d-c8f379edecdf resource provider aggregate not found
2026-05-06 02:23:51.441 9 INFO neutron.services.segments.plugin [-] Segment eccd4336-5446-43da-b8e7-0ef0a8433ec0 resource provider not found; error: Placement Client Error (4xx): {"errors": [{"status": 404, "title": "Not Found", "detail": "The resource could not be found.\n\n No resource provider with uuid eccd4336-5446-43da-b8e7-0ef0a8433ec0 found for delete ", "request_id": "req-51537c3b-f4da-4763-9f12-9c38b28c879f"}]}
2026-05-06 02:23:51.450 9 INFO neutron.services.segments.plugin [-] Segment 4a4dcb5a-61d1-4b9d-a19d-c8f379edecdf resource provider not found; error: Placement Client Error (4xx): {"errors": [{"status": 404, "title": "Not Found", "detail": "The resource could not be found.\n\n No resource provider with uuid 4a4dcb5a-61d1-4b9d-a19d-c8f379edecdf found for delete ", "request_id": "req-50be6c56-8248-43f1-9cfd-05398712c7a5"}]}
2026-05-06 02:23:51.460 9 INFO neutron.services.segments.plugin [-] Segment 4a4dcb5a-61d1-4b9d-a19d-c8f379edecdf resource provider aggregate not found
2026-05-06 02:23:51.481 9 INFO neutron.services.segments.plugin [-] Segment 4a4dcb5a-61d1-4b9d-a19d-c8f379edecdf resource provider not found; error: Placement Client Error (4xx): {"errors": [{"status": 404, "title": "Not Found", "detail": "The resource could not be found.\n\n No resource provider with uuid 4a4dcb5a-61d1-4b9d-a19d-c8f379edecdf found for delete ", "request_id": "req-f200adf5-f937-42eb-83cc-bc1a4e37548d"}]}
2026-05-06 02:23:51.668 9 INFO neutron.wsgi [None req-a03ee804-1ed9-450f-ad4b-563a87cce709 d4c4bb3ba99949a29a4164bc1e101ec3 fa4b02cb7fd845169b14009f66e3e032 - - default default] 10.0.0.230 "DELETE /v2.0/ports/29f3fd46-c3f6-4ab6-84da-c82aefb50a79 HTTP/1.1" status: 204 len: 168 time: 0.3327391
2026-05-06 02:23:51.770 10 INFO neutron.wsgi [None req-dc6080c9-8c2e-40e5-bb0c-1947fbc1b527 d4c4bb3ba99949a29a4164bc1e101ec3 fa4b02cb7fd845169b14009f66e3e032 - - default default] 10.0.0.230 "GET /v2.0/ports HTTP/1.1" status: 200 len: 1728 time: 0.0983407
2026-05-06 02:23:51.798 10 INFO neutron.pecan_wsgi.hooks.translation [None req-5ef34fb3-f04d-4ab6-a677-29bd2c7d249a d4c4bb3ba99949a29a4164bc1e101ec3 fa4b02cb7fd845169b14009f66e3e032 - - default default] GET failed (client error): The resource could not be found.
2026-05-06 02:23:51.800 10 INFO neutron.wsgi [None req-5ef34fb3-f04d-4ab6-a677-29bd2c7d249a d4c4bb3ba99949a29a4164bc1e101ec3 fa4b02cb7fd845169b14009f66e3e032 - - default default] 10.0.0.230 "GET /v2.0/ports/29f3fd46-c3f6-4ab6-84da-c82aefb50a79 HTTP/1.1" status: 404 len: 333 time: 0.0237222
2026-05-06 02:23:51.852 10 INFO neutron.wsgi [None req-5813f01d-aa57-40e9-8b1b-ddda87e8cd2a d4c4bb3ba99949a29a4164bc1e101ec3 fa4b02cb7fd845169b14009f66e3e032 - - default default] 10.0.0.230 "GET /v2.0/ports HTTP/1.1" status: 200 len: 1728 time: 0.0464242
2026-05-06 02:23:51.923 10 INFO neutron.wsgi [None req-33dcc276-6173-4f32-87c4-83371be6de0e d4c4bb3ba99949a29a4164bc1e101ec3 fa4b02cb7fd845169b14009f66e3e032 - - default default] 10.0.0.230 "GET /v2.0/ports/3797ac37-eea7-4495-bb28-d46e546da4c3 HTTP/1.1" status: 200 len: 968 time: 0.0636983
2026-05-06 02:23:51.967 10 INFO neutron.pecan_wsgi.hooks.translation [None req-cd122cf8-8a0a-4a8c-b6a6-c7a2fc5d0b05 d4c4bb3ba99949a29a4164bc1e101ec3 fa4b02cb7fd845169b14009f66e3e032 - - default default] DELETE failed (client error): The resource could not be found.
2026-05-06 02:23:51.969 10 INFO neutron.wsgi [None req-cd122cf8-8a0a-4a8c-b6a6-c7a2fc5d0b05 d4c4bb3ba99949a29a4164bc1e101ec3 fa4b02cb7fd845169b14009f66e3e032 - - default default] 10.0.0.230 "DELETE /v2.0/ports/48e44ecb-794d-4ce9-936d-47132c7eab39 HTTP/1.1" status: 404 len: 333 time: 0.0412428
2026-05-06 02:23:51.996 10 INFO neutron.pecan_wsgi.hooks.translation [None req-00f632f9-d901-401d-a994-074d041773da d4c4bb3ba99949a29a4164bc1e101ec3 fa4b02cb7fd845169b14009f66e3e032 - - default default] DELETE failed (client error): The resource could not be found.
2026-05-06 02:23:52.001 10 INFO neutron.wsgi [None req-00f632f9-d901-401d-a994-074d041773da d4c4bb3ba99949a29a4164bc1e101ec3 fa4b02cb7fd845169b14009f66e3e032 - - default default] 10.0.0.230 "DELETE /v2.0/subnets/d99541ec-d0a9-40d8-af26-486ba79fe19f HTTP/1.1" status: 404 len: 337 time: 0.0270388
2026-05-06 02:23:52.023 10 INFO neutron.pecan_wsgi.hooks.translation [None req-34779d56-8c69-4a60-9242-d13f20b0c2ae d4c4bb3ba99949a29a4164bc1e101ec3 fa4b02cb7fd845169b14009f66e3e032 - - default default] DELETE failed (client error): The resource could not be found.
2026-05-06 02:23:52.025 10 INFO neutron.wsgi [None req-34779d56-8c69-4a60-9242-d13f20b0c2ae d4c4bb3ba99949a29a4164bc1e101ec3 fa4b02cb7fd845169b14009f66e3e032 - - default default] 10.0.0.230 "DELETE /v2.0/subnets/d6ea20a7-a79d-48ae-9f4b-6f9814d40b99 HTTP/1.1" status: 404 len: 337 time: 0.0179346
2026-05-06 02:23:52.092 9 WARNING neutron_lib.context [None req-d7fc0a9b-a068-4c4c-bd99-48d813dae98e fc2a40a231894644b89f77d9e7c2d710 7e68359e524842de9908242b257529c6 - - default default] Method 'is_advsvc' is deprecated since 2023.2 release (neutron-lib 3.8.0) and will be removed once support for the old RBAC API policies will be removed from Neutron. Please use method 'is_service_role' instead.
2026-05-06 02:23:52.233 9 INFO neutron.db.ovn_revision_numbers_db [None req-d7fc0a9b-a068-4c4c-bd99-48d813dae98e fc2a40a231894644b89f77d9e7c2d710 7e68359e524842de9908242b257529c6 - - default default] Successfully bumped revision number for resource 371a519e-21fb-44e6-918d-547f997de617 (type: security_groups) to 1
2026-05-06 02:23:52.249 9 INFO neutron.db.ovn_revision_numbers_db [None req-d7fc0a9b-a068-4c4c-bd99-48d813dae98e fc2a40a231894644b89f77d9e7c2d710 7e68359e524842de9908242b257529c6 - - default default] Successfully bumped revision number for resource 0977da97-5f45-4add-82f6-56faed03a4e6 (type: security_group_rules) to 0
2026-05-06 02:23:52.264 9 INFO neutron.db.ovn_revision_numbers_db [None req-d7fc0a9b-a068-4c4c-bd99-48d813dae98e fc2a40a231894644b89f77d9e7c2d710 7e68359e524842de9908242b257529c6 - - default default] Successfully bumped revision number for resource 843c1f8c-88a9-4fab-83cb-767d96b8cdae (type: security_group_rules) to 0
2026-05-06 02:23:52.282 9 INFO neutron.db.ovn_revision_numbers_db [None req-d7fc0a9b-a068-4c4c-bd99-48d813dae98e fc2a40a231894644b89f77d9e7c2d710 7e68359e524842de9908242b257529c6 - - default default] Successfully bumped revision number for resource afb250da-cec0-4239-99cb-ff681c88b674 (type: security_group_rules) to 0
2026-05-06 02:23:52.297 10 INFO neutron.wsgi [None req-5a07c6a5-44e2-4175-a71c-1bb76d9d0b52 d4c4bb3ba99949a29a4164bc1e101ec3 fa4b02cb7fd845169b14009f66e3e032 - - default default] 10.0.0.230 "DELETE /v2.0/ports/3797ac37-eea7-4495-bb28-d46e546da4c3 HTTP/1.1" status: 204 len: 168 time: 0.2683692
2026-05-06 02:23:52.299 9 INFO neutron.db.ovn_revision_numbers_db [None req-d7fc0a9b-a068-4c4c-bd99-48d813dae98e fc2a40a231894644b89f77d9e7c2d710 7e68359e524842de9908242b257529c6 - - default default] Successfully bumped revision number for resource fa156c44-50f0-45cf-bad2-85795cf05f37 (type: security_group_rules) to 0
2026-05-06 02:23:52.356 9 INFO neutron.db.segments_db [None req-d7fc0a9b-a068-4c4c-bd99-48d813dae98e fc2a40a231894644b89f77d9e7c2d710 7e68359e524842de9908242b257529c6 - - default default] Added segment 1bc07877-3cae-48d3-8246-0cf809daed4f of type geneve for network d15e4788-b2d9-41eb-ac9f-be23c8b98729
2026-05-06 02:23:52.513 9 INFO neutron.db.ovn_revision_numbers_db [None req-d7fc0a9b-a068-4c4c-bd99-48d813dae98e fc2a40a231894644b89f77d9e7c2d710 7e68359e524842de9908242b257529c6 - - default default] Successfully bumped revision number for resource d15e4788-b2d9-41eb-ac9f-be23c8b98729 (type: networks) to 1
2026-05-06 02:23:52.699 10 INFO neutron.services.segments.plugin [-] Segment b01d7a9a-c047-4a63-88a8-433747f18384 resource provider aggregate not found
2026-05-06 02:23:52.704 10 INFO neutron.services.segments.plugin [-] Segment b01d7a9a-c047-4a63-88a8-433747f18384 resource provider aggregate not found
2026-05-06 02:23:52.718 10 INFO neutron.services.segments.plugin [-] Segment b01d7a9a-c047-4a63-88a8-433747f18384 resource provider not found; error: Placement Client Error (4xx): {"errors": [{"status": 404, "title": "Not Found", "detail": "The resource could not be found.\n\n No resource provider with uuid b01d7a9a-c047-4a63-88a8-433747f18384 found for delete ", "request_id": "req-786196b6-a129-40e7-b3e7-4ab86834d784"}]}
2026-05-06 02:23:52.721 10 INFO neutron.services.segments.plugin [-] Segment b01d7a9a-c047-4a63-88a8-433747f18384 resource provider not found; error: Placement Client Error (4xx): {"errors": [{"status": 404, "title": "Not Found", "detail": "The resource could not be found.\n\n No resource provider with uuid b01d7a9a-c047-4a63-88a8-433747f18384 found for delete ", "request_id": "req-3c7d3bf7-caf1-4582-a6e9-8a63e0852d4c"}]}
2026-05-06 02:23:52.736 9 WARNING neutron.scheduler.dhcp_agent_scheduler [None req-d7fc0a9b-a068-4c4c-bd99-48d813dae98e fc2a40a231894644b89f77d9e7c2d710 7e68359e524842de9908242b257529c6 - - default default] No more DHCP agents
2026-05-06 02:23:52.739 9 WARNING neutron.api.rpc.agentnotifiers.dhcp_rpc_agent_api [None req-d7fc0a9b-a068-4c4c-bd99-48d813dae98e fc2a40a231894644b89f77d9e7c2d710 7e68359e524842de9908242b257529c6 - - default default] Unable to schedule network d15e4788-b2d9-41eb-ac9f-be23c8b98729: no agents available; will retry on subsequent port and subnet creation events.
2026-05-06 02:23:52.745 10 INFO neutron.wsgi [None req-3d5fd210-bee9-42f9-affb-b019ef058985 d4c4bb3ba99949a29a4164bc1e101ec3 fa4b02cb7fd845169b14009f66e3e032 - - default default] 10.0.0.230 "DELETE /v2.0/networks/b04b7dc2-b57f-4af0-9470-3e79f7b282e6 HTTP/1.1" status: 204 len: 168 time: 0.4436090
2026-05-06 02:23:52.832 9 INFO neutron.db.ovn_revision_numbers_db [None req-d7fc0a9b-a068-4c4c-bd99-48d813dae98e fc2a40a231894644b89f77d9e7c2d710 7e68359e524842de9908242b257529c6 - - default default] Successfully bumped revision number for resource 2cff954b-452b-4ca8-a49f-526826efee57 (type: ports) to 1
2026-05-06 02:23:52.854 9 INFO neutron.wsgi [None req-d7fc0a9b-a068-4c4c-bd99-48d813dae98e fc2a40a231894644b89f77d9e7c2d710 7e68359e524842de9908242b257529c6 - - default default] 10.0.0.230 "POST /v2.0/networks HTTP/1.1" status: 201 len: 848 time: 0.8716753
2026-05-06 02:23:52.865 9 WARNING neutron_lib.context [None req-9f03e70b-1346-491a-afd6-08ccbbdd192b fc2a40a231894644b89f77d9e7c2d710 7e68359e524842de9908242b257529c6 - - default default] Method 'is_advsvc' is deprecated since 2023.2 release (neutron-lib 3.8.0) and will be removed once support for the old RBAC API policies will be removed from Neutron. Please use method 'is_service_role' instead.
2026-05-06 02:23:53.082 9 WARNING neutron.scheduler.dhcp_agent_scheduler [None req-9f03e70b-1346-491a-afd6-08ccbbdd192b fc2a40a231894644b89f77d9e7c2d710 7e68359e524842de9908242b257529c6 - - default default] No more DHCP agents
2026-05-06 02:23:53.084 9 WARNING neutron.api.rpc.agentnotifiers.dhcp_rpc_agent_api [None req-9f03e70b-1346-491a-afd6-08ccbbdd192b fc2a40a231894644b89f77d9e7c2d710 7e68359e524842de9908242b257529c6 - - default default] Unable to schedule network d15e4788-b2d9-41eb-ac9f-be23c8b98729: no agents available; will retry on subsequent port and subnet creation events.
2026-05-06 02:23:53.227 9 INFO neutron.db.ovn_revision_numbers_db [None req-9f03e70b-1346-491a-afd6-08ccbbdd192b fc2a40a231894644b89f77d9e7c2d710 7e68359e524842de9908242b257529c6 - - default default] Successfully bumped revision number for resource fabb2cb9-0741-4b54-b869-3fddf2f7f766 (type: ports) to 1
2026-05-06 02:23:53.250 9 INFO neutron.wsgi [None req-9f03e70b-1346-491a-afd6-08ccbbdd192b fc2a40a231894644b89f77d9e7c2d710 7e68359e524842de9908242b257529c6 - - default default] 10.0.0.230 "POST /v2.0/ports HTTP/1.1" status: 201 len: 977 time: 0.3904166 /var/lib/openstack/lib/python3.10/site-packages/pycadf/identifier.py:71: UserWarning: Invalid uuid: neutron. To ensure interoperability, identifiers should be a valid uuid. warnings.warn(('Invalid uuid: %s. To ensure interoperability, '
2026-05-06 02:23:53.261 9 WARNING neutron_lib.context [None req-0fb69f24-64cc-4a24-af01-33245fa508bc fc2a40a231894644b89f77d9e7c2d710 7e68359e524842de9908242b257529c6 - - default default] Method 'is_advsvc' is deprecated since 2023.2 release (neutron-lib 3.8.0) and will be removed once support for the old RBAC API policies will be removed from Neutron. Please use method 'is_service_role' instead.
2026-05-06 02:23:53.344 9 INFO neutron.db.segments_db [None req-0fb69f24-64cc-4a24-af01-33245fa508bc fc2a40a231894644b89f77d9e7c2d710 7e68359e524842de9908242b257529c6 - - default default] Added segment 43306a3a-a082-466f-885a-fe5c7d75c7fa of type geneve for network 11086bed-d5f6-4c5d-bfe9-6a9324b4633f
2026-05-06 02:23:53.525 9 INFO neutron.db.ovn_revision_numbers_db [None req-0fb69f24-64cc-4a24-af01-33245fa508bc fc2a40a231894644b89f77d9e7c2d710 7e68359e524842de9908242b257529c6 - - default default] Successfully bumped revision number for resource 11086bed-d5f6-4c5d-bfe9-6a9324b4633f (type: networks) to 1
2026-05-06 02:23:53.635 10 INFO neutron.wsgi [None req-865c2e57-a99e-4e44-b577-1a2aeab48948 b2f3e1d88a5e4c349345ec77204dadc3 4480c884ae21482ca5682b2ba88afe02 - - default default] 10.0.0.230 "GET /v2.0/security-groups?tenant_id=fa4b02cb7fd845169b14009f66e3e032&name=default HTTP/1.1" status: 200 len: 2996 time: 0.3217170
2026-05-06 02:23:53.734 9 WARNING neutron.scheduler.dhcp_agent_scheduler [None req-0fb69f24-64cc-4a24-af01-33245fa508bc fc2a40a231894644b89f77d9e7c2d710 7e68359e524842de9908242b257529c6 - - default default] No more DHCP agents
2026-05-06 02:23:53.739 9 WARNING neutron.api.rpc.agentnotifiers.dhcp_rpc_agent_api [None req-0fb69f24-64cc-4a24-af01-33245fa508bc fc2a40a231894644b89f77d9e7c2d710 7e68359e524842de9908242b257529c6 - - default default] Unable to schedule network 11086bed-d5f6-4c5d-bfe9-6a9324b4633f: no agents available; will retry on subsequent port and subnet creation events.
2026-05-06 02:23:53.809 9 INFO neutron.wsgi [None req-53a3ed07-f7c7-4e92-aab1-34031a4f8cdf efd597dc968044c88f22b14759295342 2251aa83db5c45eb8c32bb12ded45522 - - default default] 10.0.0.230 "POST /v2.0/qos/policies HTTP/1.1" status: 201 len: 558 time: 0.2546577
2026-05-06 02:23:53.874 10 INFO neutron.wsgi [None req-958dfdcd-a73c-4b38-8d79-f44b70a4e68c efd597dc968044c88f22b14759295342 2251aa83db5c45eb8c32bb12ded45522 - - default default] 10.0.0.230 "POST /v2.0/qos/policies HTTP/1.1" status: 201 len: 558 time: 0.0586178
2026-05-06 02:23:53.884 9 INFO neutron.db.ovn_revision_numbers_db [None req-0fb69f24-64cc-4a24-af01-33245fa508bc fc2a40a231894644b89f77d9e7c2d710 7e68359e524842de9908242b257529c6 - - default default] Successfully bumped revision number for resource ba1b667e-cbe8-439f-b1c3-18edb863bfdb (type: ports) to 1
2026-05-06 02:23:53.920 9 INFO neutron.wsgi [None req-0fb69f24-64cc-4a24-af01-33245fa508bc fc2a40a231894644b89f77d9e7c2d710 7e68359e524842de9908242b257529c6 - - default default] 10.0.0.230 "POST /v2.0/networks HTTP/1.1" status: 201 len: 833 time: 0.6650269
2026-05-06 02:23:53.923 10 INFO neutron.wsgi [None req-aae9cb66-dcd0-4413-8a08-371b6acd895b efd597dc968044c88f22b14759295342 2251aa83db5c45eb8c32bb12ded45522 - - default default] 10.0.0.230 "POST /v2.0/qos/policies HTTP/1.1" status: 201 len: 558 time: 0.0402009
2026-05-06 02:23:53.930 10 WARNING neutron_lib.context [None req-54f12bfa-6a46-4968-a0db-90610bb6a6dc fc2a40a231894644b89f77d9e7c2d710 7e68359e524842de9908242b257529c6 - - default default] Method 'is_advsvc' is deprecated since 2023.2 release (neutron-lib 3.8.0) and will be removed once support for the old RBAC API policies will be removed from Neutron. Please use method 'is_service_role' instead.
2026-05-06 02:23:53.978 9 INFO neutron.wsgi [None req-4b612032-90da-44f2-bc10-bc57a47c65f6 b2f3e1d88a5e4c349345ec77204dadc3 4480c884ae21482ca5682b2ba88afe02 - - default default] 10.0.0.230 "DELETE /v2.0/security-groups/c54a76c7-bc59-488b-9e43-f78079807c14 HTTP/1.1" status: 204 len: 168 time: 0.3378093
2026-05-06 02:23:53.994 9 INFO neutron.wsgi [None req-51aa15a8-1730-491d-a747-58ef80e5717a efd597dc968044c88f22b14759295342 2251aa83db5c45eb8c32bb12ded45522 - - default default] 10.0.0.230 "POST /v2.0/qos/policies HTTP/1.1" status: 201 len: 558 time: 0.0613289
2026-05-06 02:23:54.055 9 INFO neutron.wsgi [None req-8c4319ce-e9a7-4ffe-ba22-46f43559f665 efd597dc968044c88f22b14759295342 2251aa83db5c45eb8c32bb12ded45522 - - default default] 10.0.0.230 "POST /v2.0/qos/policies HTTP/1.1" status: 201 len: 558 time: 0.0561445
2026-05-06 02:23:54.097 9 INFO neutron.wsgi [None req-6c29b61d-9efa-4ccb-bfd7-fe6fb6428548 efd597dc968044c88f22b14759295342 2251aa83db5c45eb8c32bb12ded45522 - - default default] 10.0.0.230 "PUT /v2.0/policies/8580cb62-e3ee-4090-a794-f22db03b71b1/tags HTTP/1.1" status: 200 len: 210 time: 0.0380218
2026-05-06 02:23:54.137 9 INFO neutron.wsgi [None req-210700bc-89e0-4cf4-a65c-4fa354d9e4b2 efd597dc968044c88f22b14759295342 2251aa83db5c45eb8c32bb12ded45522 - - default default] 10.0.0.230 "PUT /v2.0/policies/e1461684-bfd1-403b-9a12-518ebfb01259/tags HTTP/1.1" status: 200 len: 218 time: 0.0330787
2026-05-06 02:23:54.171 9 INFO neutron.wsgi [None req-33e08714-38be-440a-a963-f2ca17e8016b efd597dc968044c88f22b14759295342 2251aa83db5c45eb8c32bb12ded45522 - - default default] 10.0.0.230 "PUT /v2.0/policies/1d2ea552-e610-4e39-983d-725351139685/tags HTTP/1.1" status: 200 len: 227 time: 0.0285521
2026-05-06 02:23:54.210 9 INFO neutron.wsgi [None req-4047b7a5-d1c3-4d3d-88aa-cd83181a9ffc efd597dc968044c88f22b14759295342 2251aa83db5c45eb8c32bb12ded45522 - - default default] 10.0.0.230 "PUT /v2.0/policies/a448376a-f3f6-48a7-bf78-835e670a65f0/tags HTTP/1.1" status: 200 len: 212 time: 0.0325699
2026-05-06 02:23:54.250 10 WARNING neutron.scheduler.dhcp_agent_scheduler [None req-54f12bfa-6a46-4968-a0db-90610bb6a6dc fc2a40a231894644b89f77d9e7c2d710 7e68359e524842de9908242b257529c6 - - default default] No more DHCP agents
2026-05-06 02:23:54.253 10 WARNING neutron.api.rpc.agentnotifiers.dhcp_rpc_agent_api [None req-54f12bfa-6a46-4968-a0db-90610bb6a6dc fc2a40a231894644b89f77d9e7c2d710 7e68359e524842de9908242b257529c6 - - default default] Unable to schedule network 11086bed-d5f6-4c5d-bfe9-6a9324b4633f: no agents available; will retry on subsequent port and subnet creation events.
2026-05-06 02:23:54.285 10 INFO neutron.db.ovn_revision_numbers_db [None req-54f12bfa-6a46-4968-a0db-90610bb6a6dc fc2a40a231894644b89f77d9e7c2d710 7e68359e524842de9908242b257529c6 - - default default] Successfully bumped revision number for resource 91f116ca-1b38-4a65-8ceb-f01ff705e2bc (type: subnets) to 0
2026-05-06 02:23:54.304 10 INFO neutron.wsgi [None req-54f12bfa-6a46-4968-a0db-90610bb6a6dc fc2a40a231894644b89f77d9e7c2d710 7e68359e524842de9908242b257529c6 - - default default] 10.0.0.230 "POST /v2.0/subnets HTTP/1.1" status: 201 len: 821 time: 0.3788817
2026-05-06 02:23:54.313 10 WARNING neutron_lib.context [None req-af24d7bf-2b1e-4abc-8e75-fc9f135195be fc2a40a231894644b89f77d9e7c2d710 7e68359e524842de9908242b257529c6 - - default default] Method 'is_advsvc' is deprecated since 2023.2 release (neutron-lib 3.8.0) and will be removed once support for the old RBAC API policies will be removed from Neutron. Please use method 'is_service_role' instead.
2026-05-06 02:23:54.591 9 INFO neutron.db.ovn_revision_numbers_db [None req-97ee5587-fa0f-4e51-8733-6eb96336c8c6 7937bc67a544423da246a0c897706d0f b4c9b2c5e5d24d76ae14ca7d0c568053 - - default default] Successfully bumped revision number for resource 31d950f4-516c-49c5-930f-9e9cff73a02e (type: security_groups) to 1
2026-05-06 02:23:54.608 9 INFO neutron.db.ovn_revision_numbers_db [None req-97ee5587-fa0f-4e51-8733-6eb96336c8c6 7937bc67a544423da246a0c897706d0f b4c9b2c5e5d24d76ae14ca7d0c568053 - - default default] Successfully bumped revision number for resource 10f10f03-a034-4a22-aa8e-38921cb95449 (type: security_group_rules) to 0
2026-05-06 02:23:54.629 9 INFO neutron.db.ovn_revision_numbers_db [None req-97ee5587-fa0f-4e51-8733-6eb96336c8c6 7937bc67a544423da246a0c897706d0f b4c9b2c5e5d24d76ae14ca7d0c568053 - - default default] Successfully bumped revision number for resource 502c1b91-3b09-487b-9982-73a783e54e54 (type: security_group_rules) to 0
2026-05-06 02:23:54.665 9 INFO neutron.db.ovn_revision_numbers_db [None req-97ee5587-fa0f-4e51-8733-6eb96336c8c6 7937bc67a544423da246a0c897706d0f b4c9b2c5e5d24d76ae14ca7d0c568053 - - default default] Successfully bumped revision number for resource 89440926-80c8-4428-a6a0-7fb6237f62f3 (type: security_group_rules) to 0
2026-05-06 02:23:54.680 10 WARNING neutron.scheduler.dhcp_agent_scheduler [None req-af24d7bf-2b1e-4abc-8e75-fc9f135195be fc2a40a231894644b89f77d9e7c2d710 7e68359e524842de9908242b257529c6 - - default default] No more DHCP agents
2026-05-06 02:23:54.684 10 WARNING neutron.api.rpc.agentnotifiers.dhcp_rpc_agent_api [None req-af24d7bf-2b1e-4abc-8e75-fc9f135195be fc2a40a231894644b89f77d9e7c2d710 7e68359e524842de9908242b257529c6 - - default default] Unable to schedule network 11086bed-d5f6-4c5d-bfe9-6a9324b4633f: no agents available; will retry on subsequent port and subnet creation events.
2026-05-06 02:23:54.688 9 INFO neutron.db.ovn_revision_numbers_db [None req-97ee5587-fa0f-4e51-8733-6eb96336c8c6 7937bc67a544423da246a0c897706d0f b4c9b2c5e5d24d76ae14ca7d0c568053 - - default default] Successfully bumped revision number for resource c77ad803-f9ba-481a-8deb-92fc5c815a83 (type: security_group_rules) to 0
2026-05-06 02:23:54.740 9 INFO neutron.wsgi [None req-4950e3db-f743-450d-944c-93370779a557 3958c7b6474c4cd99a8e790db7c22ce9 0ca6ad493c4d4ae79cdc1e81def5d03a - - default default] 10.0.0.230 "GET /v2.0/qos/policies?tags=red HTTP/1.1" status: 200 len: 1296 time: 0.1352644
2026-05-06 02:23:54.744 9 INFO neutron.db.segments_db [None req-97ee5587-fa0f-4e51-8733-6eb96336c8c6 7937bc67a544423da246a0c897706d0f b4c9b2c5e5d24d76ae14ca7d0c568053 - - default default] Added segment ba4dfa94-cea4-45f4-ac24-5c683f5acd63 of type geneve for network cce80990-4a38-42b1-a23b-e47de01d4500
2026-05-06 02:23:54.814 10 INFO neutron.db.ovn_revision_numbers_db [None req-af24d7bf-2b1e-4abc-8e75-fc9f135195be fc2a40a231894644b89f77d9e7c2d710 7e68359e524842de9908242b257529c6 - - default default] Successfully bumped revision number for resource a65026cf-8d95-4d3d-ac15-1eb4347c28bf (type: ports) to 1
2026-05-06 02:23:54.837 9 INFO neutron.wsgi [None req-627450b0-7a7d-447d-9543-062fe906cda0 3958c7b6474c4cd99a8e790db7c22ce9 0ca6ad493c4d4ae79cdc1e81def5d03a - - default default] 10.0.0.230 "GET /v2.0/qos/policies?tags=red%2Cblue HTTP/1.1" status: 200 len: 941 time: 0.0925326
2026-05-06 02:23:54.837 10 INFO neutron.wsgi [None req-af24d7bf-2b1e-4abc-8e75-fc9f135195be fc2a40a231894644b89f77d9e7c2d710 7e68359e524842de9908242b257529c6 - - default default] 10.0.0.230 "POST /v2.0/ports HTTP/1.1" status: 201 len: 1165 time: 0.5291650 /var/lib/openstack/lib/python3.10/site-packages/pycadf/identifier.py:71: UserWarning: Invalid uuid: neutron. To ensure interoperability, identifiers should be a valid uuid. warnings.warn(('Invalid uuid: %s. To ensure interoperability, '
2026-05-06 02:23:54.891 10 INFO neutron.wsgi [None req-aadc183f-8222-4fb8-b485-107b7b2ddb37 3958c7b6474c4cd99a8e790db7c22ce9 0ca6ad493c4d4ae79cdc1e81def5d03a - - default default] 10.0.0.230 "GET /v2.0/qos/policies?tags-any=blue HTTP/1.1" status: 200 len: 941 time: 0.0467494
2026-05-06 02:23:54.964 10 INFO neutron.wsgi [None req-ed8c71fc-dc5d-4743-8beb-8cfe16b146cd 3958c7b6474c4cd99a8e790db7c22ce9 0ca6ad493c4d4ae79cdc1e81def5d03a - - default default] 10.0.0.230 "GET /v2.0/qos/policies?tags-any=red%2Cblue HTTP/1.1" status: 200 len: 1296 time: 0.0690329
2026-05-06 02:23:54.967 9 INFO neutron.db.ovn_revision_numbers_db [None req-97ee5587-fa0f-4e51-8733-6eb96336c8c6 7937bc67a544423da246a0c897706d0f b4c9b2c5e5d24d76ae14ca7d0c568053 - - default default] Successfully bumped revision number for resource cce80990-4a38-42b1-a23b-e47de01d4500 (type: networks) to 1
