2026-05-06 02:26:33.003 7 INFO neutron.db.ovn_revision_numbers_db [None req-c43b9bc0-767d-447a-8840-005f9f412430 9a47f0f929d745caad85818aa41c0dc3 8c0cea63189441b0abd7f38f4454af87 - - default default] Successfully bumped revision number for resource 0a053b67-08d9-4bd3-9d9f-e58c781ec43c (type: ports) to 1 [pid: 7|app: 0|req: 834/1850] 10.0.0.48 () {34 vars in 669 bytes} [Wed May 6 02:26:32 2026] POST /v2.0/networks => generated 668 bytes in 519 msecs (HTTP/1.1 201) 4 headers in 162 bytes (1 switches on core 0) [pid: 7|app: 0|req: 835/1851] 10.0.0.106 () {34 vars in 990 bytes} [Wed May 6 02:26:33 2026] GET /v2.0/ports?device_id=f2249e2e-1a43-477b-afac-8d02bf04bb41 => generated 971 bytes in 74 msecs (HTTP/1.1 200) 4 headers in 157 bytes (1 switches on core 0) [pid: 7|app: 0|req: 836/1852] 10.0.0.48 () {32 vars in 739 bytes} [Wed May 6 02:26:33 2026] DELETE /v2.0/security-groups/a4afdf0f-bb48-4622-ae47-27902f284b59 => generated 0 bytes in 189 msecs (HTTP/1.1 204) 2 headers in 112 bytes (1 switches on core 0)
2026-05-06 02:26:33.358 8 WARNING neutron.scheduler.dhcp_agent_scheduler [None req-92f941ba-b259-434d-9e78-aacd511024d6 3fe67d1e0e2c450a9143f5f3d815706a 95417795ad9b4f91be5475568d2e0f80 - - default default] No more DHCP agents
2026-05-06 02:26:33.359 8 WARNING neutron.api.rpc.agentnotifiers.dhcp_rpc_agent_api [None req-92f941ba-b259-434d-9e78-aacd511024d6 3fe67d1e0e2c450a9143f5f3d815706a 95417795ad9b4f91be5475568d2e0f80 - - default default] Unable to schedule network c0c7a1bc-0c49-4e32-91cd-cd8ed5cb5aa2: no agents available; will retry on subsequent port and subnet creation events.
2026-05-06 02:26:33.446 7 WARNING neutron.scheduler.dhcp_agent_scheduler [None req-3de2a2b6-f981-4d7e-afdd-2be79607a4a0 9a47f0f929d745caad85818aa41c0dc3 8c0cea63189441b0abd7f38f4454af87 - - default default] No more DHCP agents
2026-05-06 02:26:33.447 7 WARNING neutron.api.rpc.agentnotifiers.dhcp_rpc_agent_api [None req-3de2a2b6-f981-4d7e-afdd-2be79607a4a0 9a47f0f929d745caad85818aa41c0dc3 8c0cea63189441b0abd7f38f4454af87 - - default default] Unable to schedule network e436ad6c-dd27-42da-bae5-204259255aa5: no agents available; will retry on subsequent port and subnet creation events.
2026-05-06 02:26:33.481 8 INFO neutron.plugins.ml2.drivers.ovn.mech_driver.mech_driver [None req-36a08836-07d9-46d4-8b68-898580816889 - - - - - -] OVN reports status down for port: 9fc73736-9ad9-4e3f-922e-c69c2122b93d
2026-05-06 02:26:33.528 8 INFO neutron.db.ovn_revision_numbers_db [None req-92f941ba-b259-434d-9e78-aacd511024d6 3fe67d1e0e2c450a9143f5f3d815706a 95417795ad9b4f91be5475568d2e0f80 - - default default] Successfully bumped revision number for resource 9fc73736-9ad9-4e3f-922e-c69c2122b93d (type: ports) to 1
2026-05-06 02:26:33.889 8 INFO neutron.plugins.ml2.drivers.ovn.mech_driver.mech_driver [None req-36a08836-07d9-46d4-8b68-898580816889 - - - - - -] OVN reports status down for port: e59ecf7a-f4bf-404d-9f38-05e34a367ae2
2026-05-06 02:26:33.918 7 INFO neutron.db.ovn_revision_numbers_db [None req-3de2a2b6-f981-4d7e-afdd-2be79607a4a0 9a47f0f929d745caad85818aa41c0dc3 8c0cea63189441b0abd7f38f4454af87 - - default default] Successfully bumped revision number for resource 0a053b67-08d9-4bd3-9d9f-e58c781ec43c (type: ports) to 2
2026-05-06 02:26:33.952 7 INFO neutron.db.ovn_revision_numbers_db [None req-3de2a2b6-f981-4d7e-afdd-2be79607a4a0 9a47f0f929d745caad85818aa41c0dc3 8c0cea63189441b0abd7f38f4454af87 - - default default] Successfully bumped revision number for resource 734901fd-8544-46ed-a410-426dac88e4e3 (type: subnets) to 0 [pid: 7|app: 0|req: 837/1853] 10.0.0.48 () {34 vars in 668 bytes} [Wed May 6 02:26:33 2026] POST /v2.0/subnets => generated 626 bytes in 682 msecs (HTTP/1.1 201) 4 headers in 162 bytes (1 switches on core 0) [pid: 7|app: 0|req: 838/1854] 10.0.0.106 () {34 vars in 1040 bytes} [Wed May 6 02:26:33 2026] GET /v2.0/security-groups?id=e20df087-2ea2-4f5d-b04b-018bca9850a2&fields=id&fields=name => generated 88 bytes in 29 msecs (HTTP/1.1 200) 4 headers in 156 bytes (1 switches on core 0)
2026-05-06 02:26:34.006 7 WARNING neutron.db.securitygroups_db [None req-7dd6e206-f8f9-4be9-ae42-87730095db0f 3fe67d1e0e2c450a9143f5f3d815706a 95417795ad9b4f91be5475568d2e0f80 - - default default] project_id key not found in filters, using tenant_id instead. This support has been deprecated and will be removed in a future release.
2026-05-06 02:26:34.102 8 INFO neutron.notifiers.nova [-] Nova event matching ['req-fb1a0e61-1831-4d98-9117-de14cd07a991'] response: {'server_uuid': 'f2249e2e-1a43-477b-afac-8d02bf04bb41', 'name': 'network-vif-unplugged', 'status': 'completed', 'tag': 'e59ecf7a-f4bf-404d-9f38-05e34a367ae2', 'code': 200}
2026-05-06 02:26:34.136 7 INFO neutron.db.ovn_revision_numbers_db [None req-7dd6e206-f8f9-4be9-ae42-87730095db0f 3fe67d1e0e2c450a9143f5f3d815706a 95417795ad9b4f91be5475568d2e0f80 - - default default] Successfully bumped revision number for resource af276a7a-7208-4fd9-82bb-6284f638c296 (type: security_groups) to 1
2026-05-06 02:26:34.152 7 INFO neutron.db.ovn_revision_numbers_db [None req-7dd6e206-f8f9-4be9-ae42-87730095db0f 3fe67d1e0e2c450a9143f5f3d815706a 95417795ad9b4f91be5475568d2e0f80 - - default default] Successfully bumped revision number for resource 3436b2d9-4e99-4357-b469-e8691bd96a49 (type: security_group_rules) to 0
2026-05-06 02:26:34.165 7 INFO neutron.db.ovn_revision_numbers_db [None req-7dd6e206-f8f9-4be9-ae42-87730095db0f 3fe67d1e0e2c450a9143f5f3d815706a 95417795ad9b4f91be5475568d2e0f80 - - default default] Successfully bumped revision number for resource 3766f2f3-92b6-41ec-add3-08402ada2dc8 (type: security_group_rules) to 0
2026-05-06 02:26:34.181 7 INFO neutron.db.ovn_revision_numbers_db [None req-7dd6e206-f8f9-4be9-ae42-87730095db0f 3fe67d1e0e2c450a9143f5f3d815706a 95417795ad9b4f91be5475568d2e0f80 - - default default] Successfully bumped revision number for resource c10e884d-b68d-45f1-a8a2-a43e64ce2ffd (type: security_group_rules) to 0
2026-05-06 02:26:34.196 7 INFO neutron.db.ovn_revision_numbers_db [None req-7dd6e206-f8f9-4be9-ae42-87730095db0f 3fe67d1e0e2c450a9143f5f3d815706a 95417795ad9b4f91be5475568d2e0f80 - - default default] Successfully bumped revision number for resource f74d47e2-22af-4a3f-b957-b58fc64eeafb (type: security_group_rules) to 0 [pid: 7|app: 0|req: 839/1855] 10.0.0.48 () {32 vars in 773 bytes} [Wed May 6 02:26:34 2026] GET /v2.0/security-groups?tenant_id=7677100cf9414891a2282f6ffb21ac00&name=default => generated 2925 bytes in 235 msecs (HTTP/1.1 200) 4 headers in 158 bytes (1 switches on core 0)
2026-05-06 02:26:34.364 7 INFO neutron.db.ovn_revision_numbers_db [None req-212f0601-8dfe-48ff-913b-cd3e430489a5 9a47f0f929d745caad85818aa41c0dc3 8c0cea63189441b0abd7f38f4454af87 - - default default] Successfully bumped revision number for resource f18f7741-98cb-437f-9e6a-d86a8be3c5ef (type: routers) to 1 [pid: 7|app: 0|req: 840/1856] 10.0.0.48 () {34 vars in 668 bytes} [Wed May 6 02:26:34 2026] POST /v2.0/routers => generated 623 bytes in 144 msecs (HTTP/1.1 201) 4 headers in 162 bytes (1 switches on core 0)
2026-05-06 02:26:34.397 8 INFO neutron.db.ovn_revision_numbers_db [None req-36a08836-07d9-46d4-8b68-898580816889 - - - - - -] Successfully bumped revision number for resource e59ecf7a-f4bf-404d-9f38-05e34a367ae2 (type: ports) to 6
2026-05-06 02:26:34.472 7 INFO neutron.plugins.ml2.drivers.ovn.mech_driver.ovsdb.ovsdb_monitor [None req-88b73ce8-4b0a-4669-b32c-94ca4e21eff2 - - - - - -] Router 40b789fe-1ccf-4a2f-bc09-e9731a68ba2d is bound to host instance
2026-05-06 02:26:34.524 8 INFO neutron.plugins.ml2.drivers.ovn.mech_driver.mech_driver [None req-31bac4b7-189f-4533-92e4-c2beded6aac1 - - - - - -] OVN reports status up for port: 9fc73736-9ad9-4e3f-922e-c69c2122b93d
2026-05-06 02:26:34.547 8 INFO neutron.db.ovn_revision_numbers_db [None req-92f941ba-b259-434d-9e78-aacd511024d6 3fe67d1e0e2c450a9143f5f3d815706a 95417795ad9b4f91be5475568d2e0f80 - - default default] Successfully bumped revision number for resource 9fc73736-9ad9-4e3f-922e-c69c2122b93d (type: router_ports) to 1
2026-05-06 02:26:34.550 8 INFO neutron.plugins.ml2.plugin [None req-31bac4b7-189f-4533-92e4-c2beded6aac1 - - - - - -] Attempt 1 to provision port 9fc73736-9ad9-4e3f-922e-c69c2122b93d
2026-05-06 02:26:34.692 8 INFO neutron.db.ovn_revision_numbers_db [None req-92f941ba-b259-434d-9e78-aacd511024d6 3fe67d1e0e2c450a9143f5f3d815706a 95417795ad9b4f91be5475568d2e0f80 - - default default] Successfully bumped revision number for resource 40b789fe-1ccf-4a2f-bc09-e9731a68ba2d (type: routers) to 2 [pid: 8|app: 0|req: 1017/1857] 10.0.0.48 () {34 vars in 668 bytes} [Wed May 6 02:26:32 2026] POST /v2.0/routers => generated 987 bytes in 1843 msecs (HTTP/1.1 201) 4 headers in 162 bytes (1 switches on core 0) /var/lib/openstack/lib/python3.12/site-packages/pycadf/identifier.py:70: UserWarning: Invalid uuid: neutron. To ensure interoperability, identifiers should be a valid uuid. warnings.warn(('Invalid uuid: %s. To ensure interoperability, ' [pid: 7|app: 0|req: 841/1858] 10.0.0.48 () {32 vars in 739 bytes} [Wed May 6 02:26:34 2026] DELETE /v2.0/security-groups/af276a7a-7208-4fd9-82bb-6284f638c296 => generated 0 bytes in 347 msecs (HTTP/1.1 204) 2 headers in 112 bytes (1 switches on core 0)
2026-05-06 02:26:35.071 8 WARNING neutron.scheduler.dhcp_agent_scheduler [None req-e447525c-cc96-419d-b4ba-94446aac1f68 9a47f0f929d745caad85818aa41c0dc3 8c0cea63189441b0abd7f38f4454af87 - - default default] No more DHCP agents
2026-05-06 02:26:35.073 8 WARNING neutron.api.rpc.agentnotifiers.dhcp_rpc_agent_api [None req-e447525c-cc96-419d-b4ba-94446aac1f68 9a47f0f929d745caad85818aa41c0dc3 8c0cea63189441b0abd7f38f4454af87 - - default default] Unable to schedule network e436ad6c-dd27-42da-bae5-204259255aa5: no agents available; will retry on subsequent port and subnet creation events.
2026-05-06 02:26:35.227 8 INFO neutron.db.ovn_revision_numbers_db [None req-e447525c-cc96-419d-b4ba-94446aac1f68 9a47f0f929d745caad85818aa41c0dc3 8c0cea63189441b0abd7f38f4454af87 - - default default] Successfully bumped revision number for resource c36b115c-4f44-4917-be11-37e3da493601 (type: ports) to 1
2026-05-06 02:26:35.551 7 WARNING neutron.scheduler.dhcp_agent_scheduler [None req-d4dfdf58-809c-4184-8f9e-95a54fe2dc4e 3fe67d1e0e2c450a9143f5f3d815706a 95417795ad9b4f91be5475568d2e0f80 - - default default] No more DHCP agents
2026-05-06 02:26:35.554 7 WARNING neutron.api.rpc.agentnotifiers.dhcp_rpc_agent_api [None req-d4dfdf58-809c-4184-8f9e-95a54fe2dc4e 3fe67d1e0e2c450a9143f5f3d815706a 95417795ad9b4f91be5475568d2e0f80 - - default default] Unable to schedule network a265f399-94a9-4b4d-b16e-f0d6f98ea6d8: no agents available; will retry on subsequent port and subnet creation events.
2026-05-06 02:26:35.812 7 WARNING neutron.plugins.ml2.drivers.ovn.mech_driver.ovsdb.ovn_client [None req-b2f12d1f-ccee-4985-a1e2-3e814f42800d - - - - - -] No hosting information found for port eb27892d-7eca-476e-837c-0ccae39f8b86: RuntimeError: No hosting information found for port eb27892d-7eca-476e-837c-0ccae39f8b86
2026-05-06 02:26:35.828 8 WARNING neutron.scheduler.dhcp_agent_scheduler [None req-e447525c-cc96-419d-b4ba-94446aac1f68 9a47f0f929d745caad85818aa41c0dc3 8c0cea63189441b0abd7f38f4454af87 - - default default] No more DHCP agents
2026-05-06 02:26:35.830 8 WARNING neutron.api.rpc.agentnotifiers.dhcp_rpc_agent_api [None req-e447525c-cc96-419d-b4ba-94446aac1f68 9a47f0f929d745caad85818aa41c0dc3 8c0cea63189441b0abd7f38f4454af87 - - default default] Unable to schedule network e436ad6c-dd27-42da-bae5-204259255aa5: no agents available; will retry on subsequent port and subnet creation events.
2026-05-06 02:26:35.918 7 INFO neutron.common.ovn.utils [None req-b2f12d1f-ccee-4985-a1e2-3e814f42800d - - - - - -] HA Chassis Group neutron-9de7b601-5654-4ef1-adb0-8e3dee2d3e7d synchronized; highest priority chassis 70feb335-107a-41f1-9b78-8f4700ac1f32
2026-05-06 02:26:35.923 7 INFO neutron.db.ovn_revision_numbers_db [None req-d4dfdf58-809c-4184-8f9e-95a54fe2dc4e 3fe67d1e0e2c450a9143f5f3d815706a 95417795ad9b4f91be5475568d2e0f80 - - default default] Successfully bumped revision number for resource 08a17314-4cf3-4fb6-beb5-68429d3be3e0 (type: ports) to 1
2026-05-06 02:26:36.075 8 INFO neutron.db.ovn_revision_numbers_db [None req-e447525c-cc96-419d-b4ba-94446aac1f68 9a47f0f929d745caad85818aa41c0dc3 8c0cea63189441b0abd7f38f4454af87 - - default default] Successfully bumped revision number for resource c36b115c-4f44-4917-be11-37e3da493601 (type: router_ports) to 1 [pid: 8|app: 0|req: 1018/1859] 10.0.0.48 () {34 vars in 782 bytes} [Wed May 6 02:26:34 2026] PUT /v2.0/routers/f18f7741-98cb-437f-9e6a-d86a8be3c5ef/add_router_interface => generated 310 bytes in 1371 msecs (HTTP/1.1 200) 4 headers in 157 bytes (1 switches on core 0) [pid: 8|app: 0|req: 1019/1860] 199.204.45.216 () {34 vars in 994 bytes} [Wed May 6 02:26:36 2026] GET /v2.0/ports?device_id=f2249e2e-1a43-477b-afac-8d02bf04bb41 => generated 969 bytes in 47 msecs (HTTP/1.1 200) 4 headers in 157 bytes (1 switches on core 0)
2026-05-06 02:26:36.153 8 INFO neutron.notifiers.nova [-] Nova event matching ['req-5dfcd727-33bb-4c5d-9abe-7b33ef3311a5'] response: {'server_uuid': 'f2249e2e-1a43-477b-afac-8d02bf04bb41', 'name': 'network-vif-unplugged', 'status': 'completed', 'tag': 'e59ecf7a-f4bf-404d-9f38-05e34a367ae2', 'code': 200} [pid: 8|app: 0|req: 1020/1861] 10.0.0.106 () {34 vars in 990 bytes} [Wed May 6 02:26:36 2026] GET /v2.0/ports?device_id=f2249e2e-1a43-477b-afac-8d02bf04bb41 => generated 969 bytes in 38 msecs (HTTP/1.1 200) 4 headers in 157 bytes (1 switches on core 0)
2026-05-06 02:26:36.197 7 INFO neutron.db.ovn_revision_numbers_db [None req-56b70d8e-1017-40d8-b547-95bad718afdc - - - - - -] Successfully bumped revision number for resource 9fc73736-9ad9-4e3f-922e-c69c2122b93d (type: ports) to 4
2026-05-06 02:26:36.248 7 INFO neutron.db.ovn_revision_numbers_db [None req-b2f12d1f-ccee-4985-a1e2-3e814f42800d - - - - - -] Successfully bumped revision number for resource eb27892d-7eca-476e-837c-0ccae39f8b86 (type: router_ports) to 2
2026-05-06 02:26:36.249 7 INFO neutron.plugins.ml2.drivers.ovn.mech_driver.mech_driver [None req-b2f12d1f-ccee-4985-a1e2-3e814f42800d - - - - - -] OVN reports status down for port: 08a17314-4cf3-4fb6-beb5-68429d3be3e0 [pid: 8|app: 0|req: 1021/1862] 10.0.0.48 () {32 vars in 716 bytes} [Wed May 6 02:26:36 2026] GET /v2.0/ports/c36b115c-4f44-4917-be11-37e3da493601 => generated 941 bytes in 103 msecs (HTTP/1.1 200) 4 headers in 157 bytes (1 switches on core 0)
2026-05-06 02:26:36.410 8 INFO neutron_taas.services.taas.taas_plugin [req-610ac0d6-50f0-4220-934e-ecf3a9c88e2a req-2058cdf4-5238-449e-b817-7087655f5133 d84af9c09afd424881c4a085d7f640c8 33d665d01a66433789df50a098813608 - - default default] TaaS: Handle Delete Port: e59ecf7a-f4bf-404d-9f38-05e34a367ae2
2026-05-06 02:26:36.414 8 INFO neutron_taas.services.taas.tap_mirror_plugin [req-610ac0d6-50f0-4220-934e-ecf3a9c88e2a req-2058cdf4-5238-449e-b817-7087655f5133 d84af9c09afd424881c4a085d7f640c8 33d665d01a66433789df50a098813608 - - default default] Tap Mirror: Handle Delete Port: e59ecf7a-f4bf-404d-9f38-05e34a367ae2 [pid: 8|app: 0|req: 1022/1863] 199.204.45.216 () {36 vars in 997 bytes} [Wed May 6 02:26:36 2026] DELETE /v2.0/ports/e59ecf7a-f4bf-404d-9f38-05e34a367ae2 => generated 0 bytes in 288 msecs (HTTP/1.1 204) 3 headers in 131 bytes (1 switches on core 0) [pid: 8|app: 0|req: 1023/1864] 10.0.0.106 () {34 vars in 1040 bytes} [Wed May 6 02:26:36 2026] GET /v2.0/security-groups?id=e20df087-2ea2-4f5d-b04b-018bca9850a2&fields=id&fields=name => generated 88 bytes in 35 msecs (HTTP/1.1 200) 4 headers in 156 bytes (1 switches on core 0) [pid: 8|app: 0|req: 1024/1865] 10.0.0.48 () {32 vars in 716 bytes} [Wed May 6 02:26:36 2026] GET /v2.0/ports/c36b115c-4f44-4917-be11-37e3da493601 => generated 941 bytes in 33 msecs (HTTP/1.1 200) 4 headers in 157 bytes (1 switches on core 0)
2026-05-06 02:26:36.985 7 INFO neutron.db.ovn_revision_numbers_db [None req-56b70d8e-1017-40d8-b547-95bad718afdc - - - - - -] Successfully bumped revision number for resource 9fc73736-9ad9-4e3f-922e-c69c2122b93d (type: ports) to 5
2026-05-06 02:26:37.091 8 INFO neutron.plugins.ml2.drivers.ovn.mech_driver.mech_driver [None req-31bac4b7-189f-4533-92e4-c2beded6aac1 - - - - - -] OVN reports status down for port: c36b115c-4f44-4917-be11-37e3da493601
2026-05-06 02:26:37.149 8 WARNING neutron.plugins.ml2.drivers.ovn.mech_driver.ovsdb.ovn_client [None req-31bac4b7-189f-4533-92e4-c2beded6aac1 - - - - - -] Logical_Switch_Port c36b115c-4f44-4917-be11-37e3da493601 host information not removed, the port state is up
2026-05-06 02:26:37.149 8 INFO neutron.plugins.ml2.drivers.ovn.mech_driver.mech_driver [None req-31bac4b7-189f-4533-92e4-c2beded6aac1 - - - - - -] OVN reports status up for port: c36b115c-4f44-4917-be11-37e3da493601
2026-05-06 02:26:37.162 8 INFO neutron.plugins.ml2.plugin [None req-31bac4b7-189f-4533-92e4-c2beded6aac1 - - - - - -] Attempt 1 to provision port c36b115c-4f44-4917-be11-37e3da493601
2026-05-06 02:26:37.230 7 INFO neutron.plugins.ml2.drivers.ovn.mech_driver.mech_driver [None req-b2f12d1f-ccee-4985-a1e2-3e814f42800d - - - - - -] OVN reports status up for port: 08a17314-4cf3-4fb6-beb5-68429d3be3e0
2026-05-06 02:26:37.251 7 INFO neutron.plugins.ml2.plugin [None req-b2f12d1f-ccee-4985-a1e2-3e814f42800d - - - - - -] Attempt 1 to provision port 08a17314-4cf3-4fb6-beb5-68429d3be3e0
2026-05-06 02:26:37.362 7 WARNING neutron.scheduler.dhcp_agent_scheduler [None req-d4dfdf58-809c-4184-8f9e-95a54fe2dc4e 3fe67d1e0e2c450a9143f5f3d815706a 95417795ad9b4f91be5475568d2e0f80 - - default default] No more DHCP agents
2026-05-06 02:26:37.364 7 WARNING neutron.api.rpc.agentnotifiers.dhcp_rpc_agent_api [None req-d4dfdf58-809c-4184-8f9e-95a54fe2dc4e 3fe67d1e0e2c450a9143f5f3d815706a 95417795ad9b4f91be5475568d2e0f80 - - default default] Unable to schedule network a265f399-94a9-4b4d-b16e-f0d6f98ea6d8: no agents available; will retry on subsequent port and subnet creation events.
2026-05-06 02:26:37.511 8 INFO neutron.db.ovn_revision_numbers_db [None req-31bac4b7-189f-4533-92e4-c2beded6aac1 - - - - - -] Successfully bumped revision number for resource c36b115c-4f44-4917-be11-37e3da493601 (type: ports) to 2 [pid: 8|app: 0|req: 1025/1866] 10.0.0.48 () {32 vars in 716 bytes} [Wed May 6 02:26:37 2026] GET /v2.0/ports/c36b115c-4f44-4917-be11-37e3da493601 => generated 943 bytes in 40 msecs (HTTP/1.1 200) 4 headers in 157 bytes (1 switches on core 0) [pid: 8|app: 0|req: 1026/1867] 10.0.0.106 () {34 vars in 990 bytes} [Wed May 6 02:26:37 2026] GET /v2.0/ports?device_id=f2249e2e-1a43-477b-afac-8d02bf04bb41 => generated 12 bytes in 14 msecs (HTTP/1.1 200) 4 headers in 156 bytes (1 switches on core 0)
2026-05-06 02:26:37.957 7 INFO neutron.db.ovn_revision_numbers_db [None req-b2f12d1f-ccee-4985-a1e2-3e814f42800d - - - - - -] Successfully bumped revision number for resource 08a17314-4cf3-4fb6-beb5-68429d3be3e0 (type: ports) to 2
2026-05-06 02:26:37.988 8 INFO neutron_taas.services.taas.taas_plugin [None req-b96c6d2f-c993-4d32-83da-39805983898f 9a47f0f929d745caad85818aa41c0dc3 8c0cea63189441b0abd7f38f4454af87 - - default default] TaaS: Handle Delete Port: c36b115c-4f44-4917-be11-37e3da493601
2026-05-06 02:26:37.991 8 INFO neutron_taas.services.taas.tap_mirror_plugin [None req-b96c6d2f-c993-4d32-83da-39805983898f 9a47f0f929d745caad85818aa41c0dc3 8c0cea63189441b0abd7f38f4454af87 - - default default] Tap Mirror: Handle Delete Port: c36b115c-4f44-4917-be11-37e3da493601
2026-05-06 02:26:38.242 8 INFO neutron.notifiers.nova [-] Nova event matching ['req-2541c3bf-e492-436c-bbe3-fd0984fe4e4f'] response: {'server_uuid': 'f2249e2e-1a43-477b-afac-8d02bf04bb41', 'name': 'network-vif-deleted', 'tag': 'e59ecf7a-f4bf-404d-9f38-05e34a367ae2', 'status': 'completed', 'code': 200}
2026-05-06 02:26:38.318 7 INFO neutron.db.ovn_revision_numbers_db [None req-d4dfdf58-809c-4184-8f9e-95a54fe2dc4e 3fe67d1e0e2c450a9143f5f3d815706a 95417795ad9b4f91be5475568d2e0f80 - - default default] Successfully bumped revision number for resource 08a17314-4cf3-4fb6-beb5-68429d3be3e0 (type: router_ports) to 1 [pid: 7|app: 0|req: 842/1868] 10.0.0.48 () {34 vars in 782 bytes} [Wed May 6 02:26:34 2026] PUT /v2.0/routers/40b789fe-1ccf-4a2f-bc09-e9731a68ba2d/add_router_interface => generated 310 bytes in 3595 msecs (HTTP/1.1 200) 4 headers in 157 bytes (1 switches on core 0) [pid: 8|app: 0|req: 1027/1871] 10.0.0.48 () {34 vars in 788 bytes} [Wed May 6 02:26:37 2026] PUT /v2.0/routers/f18f7741-98cb-437f-9e6a-d86a8be3c5ef/remove_router_interface => generated 310 bytes in 669 msecs (HTTP/1.1 200) 4 headers in 157 bytes (1 switches on core 0) [pid: 7|app: 0|req: 845/1872] 10.0.0.48 () {32 vars in 735 bytes} [Wed May 6 02:26:38 2026] GET /v2.0/ports?device_id=f18f7741-98cb-437f-9e6a-d86a8be3c5ef => generated 12 bytes in 22 msecs (HTTP/1.1 200) 4 headers in 156 bytes (1 switches on core 0) /var/lib/openstack/lib/python3.12/site-packages/pycadf/identifier.py:70: UserWarning: Invalid uuid: neutron. To ensure interoperability, identifiers should be a valid uuid. warnings.warn(('Invalid uuid: %s. To ensure interoperability, ' [pid: 8|app: 0|req: 1028/1873] 10.0.0.48 () {32 vars in 723 bytes} [Wed May 6 02:26:38 2026] DELETE /v2.0/routers/f18f7741-98cb-437f-9e6a-d86a8be3c5ef => generated 0 bytes in 213 msecs (HTTP/1.1 204) 2 headers in 112 bytes (1 switches on core 0) [pid: 8|app: 0|req: 1029/1874] 10.0.0.106 () {34 vars in 990 bytes} [Wed May 6 02:26:38 2026] GET /v2.0/ports?device_id=f2249e2e-1a43-477b-afac-8d02bf04bb41 => generated 12 bytes in 21 msecs (HTTP/1.1 200) 4 headers in 156 bytes (1 switches on core 0) [pid: 7|app: 0|req: 846/1875] 10.0.0.48 () {32 vars in 723 bytes} [Wed May 6 02:26:38 2026] DELETE /v2.0/subnets/734901fd-8544-46ed-a410-426dac88e4e3 => generated 0 bytes in 189 msecs (HTTP/1.1 204) 3 headers in 131 bytes (1 switches on core 0)
2026-05-06 02:26:38.927 8 INFO neutron_taas.services.taas.taas_plugin [None req-5158ac45-376c-4f4f-a68a-5d049d3f1bc7 9a47f0f929d745caad85818aa41c0dc3 8c0cea63189441b0abd7f38f4454af87 - - default default] TaaS: Handle Delete Port: 0a053b67-08d9-4bd3-9d9f-e58c781ec43c
2026-05-06 02:26:38.931 8 INFO neutron_taas.services.taas.tap_mirror_plugin [None req-5158ac45-376c-4f4f-a68a-5d049d3f1bc7 9a47f0f929d745caad85818aa41c0dc3 8c0cea63189441b0abd7f38f4454af87 - - default default] Tap Mirror: Handle Delete Port: 0a053b67-08d9-4bd3-9d9f-e58c781ec43c
2026-05-06 02:26:39.073 7 INFO neutron.db.ovn_revision_numbers_db [None req-c22a3e25-aee9-4866-ba52-238e7f183466 eacac7a0c1ae4830b18893a5c98d6f7b 93fcee0d9fb04133a3aae918d613dc13 - - default default] Successfully bumped revision number for resource 5f543d70-6aa2-46df-9ebd-7b30f87b0952 (type: security_groups) to 1
2026-05-06 02:26:39.087 7 INFO neutron.db.ovn_revision_numbers_db [None req-c22a3e25-aee9-4866-ba52-238e7f183466 eacac7a0c1ae4830b18893a5c98d6f7b 93fcee0d9fb04133a3aae918d613dc13 - - default default] Successfully bumped revision number for resource 270fec0a-f1f6-4259-a8f7-59198947410e (type: security_group_rules) to 0
2026-05-06 02:26:39.099 7 INFO neutron.db.ovn_revision_numbers_db [None req-c22a3e25-aee9-4866-ba52-238e7f183466 eacac7a0c1ae4830b18893a5c98d6f7b 93fcee0d9fb04133a3aae918d613dc13 - - default default] Successfully bumped revision number for resource 48624984-ef23-4af3-a8d3-3448d2c8c25c (type: security_group_rules) to 0 [pid: 7|app: 0|req: 847/1876] 10.0.0.48 () {34 vars in 684 bytes} [Wed May 6 02:26:38 2026] POST /v2.0/security-groups => generated 1675 bytes in 206 msecs (HTTP/1.1 201) 4 headers in 163 bytes (1 switches on core 0)
2026-05-06 02:26:39.136 8 INFO neutron.services.segments.plugin [-] Segment 5c0c8ec3-cfdf-4f08-935c-adf40422c5c2 resource provider aggregate not found
2026-05-06 02:26:39.143 8 INFO neutron.services.segments.plugin [-] Segment 5c0c8ec3-cfdf-4f08-935c-adf40422c5c2 resource provider aggregate not found
2026-05-06 02:26:39.156 8 INFO neutron.services.segments.plugin [-] Segment 5c0c8ec3-cfdf-4f08-935c-adf40422c5c2 resource provider not found; error: Placement Client Error (4xx): {"errors": [{"status": 404, "title": "Not Found", "detail": "The resource could not be found.\n\n No resource provider with uuid 5c0c8ec3-cfdf-4f08-935c-adf40422c5c2 found for delete ", "request_id": "req-5226711d-e81b-471a-a6f7-dc4885ef00fa"}]}
2026-05-06 02:26:39.165 8 INFO neutron.services.segments.plugin [-] Segment 5c0c8ec3-cfdf-4f08-935c-adf40422c5c2 resource provider not found; error: Placement Client Error (4xx): {"errors": [{"status": 404, "title": "Not Found", "detail": "The resource could not be found.\n\n No resource provider with uuid 5c0c8ec3-cfdf-4f08-935c-adf40422c5c2 found for delete ", "request_id": "req-beb3fce9-cae6-40fd-bba1-bc5c5148ee44"}]} [pid: 8|app: 0|req: 1030/1877] 10.0.0.48 () {32 vars in 725 bytes} [Wed May 6 02:26:38 2026] DELETE /v2.0/networks/e436ad6c-dd27-42da-bae5-204259255aa5 => generated 0 bytes in 387 msecs (HTTP/1.1 204) 3 headers in 131 bytes (1 switches on core 0)
2026-05-06 02:26:39.266 7 INFO neutron.db.ovn_revision_numbers_db [None req-769d49b5-cfc2-40fe-af88-c7522f5df5f0 eacac7a0c1ae4830b18893a5c98d6f7b 93fcee0d9fb04133a3aae918d613dc13 - - default default] Successfully bumped revision number for resource 1c531c61-33a6-40c5-9e5d-e805d7777355 (type: security_group_rules) to 0 [pid: 7|app: 0|req: 848/1878] 10.0.0.48 () {34 vars in 694 bytes} [Wed May 6 02:26:39 2026] POST /v2.0/security-group-rules => generated 597 bytes in 155 msecs (HTTP/1.1 201) 4 headers in 162 bytes (1 switches on core 0)
2026-05-06 02:26:39.412 7 INFO neutron.db.ovn_revision_numbers_db [None req-eba7f283-4105-4300-895a-dfe6c2417687 eacac7a0c1ae4830b18893a5c98d6f7b 93fcee0d9fb04133a3aae918d613dc13 - - default default] Successfully bumped revision number for resource 17ff1995-224f-4f66-a627-471c79f920b7 (type: security_group_rules) to 0 [pid: 7|app: 0|req: 849/1879] 10.0.0.48 () {34 vars in 694 bytes} [Wed May 6 02:26:39 2026] POST /v2.0/security-group-rules => generated 596 bytes in 139 msecs (HTTP/1.1 201) 4 headers in 162 bytes (1 switches on core 0)
2026-05-06 02:26:39.564 7 INFO neutron.db.ovn_revision_numbers_db [None req-ecd05cb1-c0c5-44ff-93fb-3f9349d333e2 eacac7a0c1ae4830b18893a5c98d6f7b 93fcee0d9fb04133a3aae918d613dc13 - - default default] Successfully bumped revision number for resource 002c606c-a5d1-463f-b1e7-db56abf627c1 (type: security_group_rules) to 0
2026-05-06 02:26:39.570 8 WARNING neutron.scheduler.dhcp_agent_scheduler [None req-59d04b12-9b41-46e5-abd9-5abd97aaf2d7 9a47f0f929d745caad85818aa41c0dc3 8c0cea63189441b0abd7f38f4454af87 - - default default] No more DHCP agents
2026-05-06 02:26:39.573 8 WARNING neutron.api.rpc.agentnotifiers.dhcp_rpc_agent_api [None req-59d04b12-9b41-46e5-abd9-5abd97aaf2d7 9a47f0f929d745caad85818aa41c0dc3 8c0cea63189441b0abd7f38f4454af87 - - default default] Unable to schedule network c0c7a1bc-0c49-4e32-91cd-cd8ed5cb5aa2: no agents available; will retry on subsequent port and subnet creation events. [pid: 7|app: 0|req: 850/1880] 10.0.0.48 () {34 vars in 694 bytes} [Wed May 6 02:26:39 2026] POST /v2.0/security-group-rules => generated 602 bytes in 158 msecs (HTTP/1.1 201) 4 headers in 162 bytes (1 switches on core 0)
2026-05-06 02:26:39.715 8 INFO neutron.db.ovn_revision_numbers_db [None req-59d04b12-9b41-46e5-abd9-5abd97aaf2d7 9a47f0f929d745caad85818aa41c0dc3 8c0cea63189441b0abd7f38f4454af87 - - default default] Successfully bumped revision number for resource 430be3be-0dbd-45e1-bed5-ce6e175ddb80 (type: ports) to 1
2026-05-06 02:26:39.751 7 INFO neutron.db.ovn_revision_numbers_db [None req-f974b1a8-c7a3-4d10-ac94-449c3c2bf0e9 eacac7a0c1ae4830b18893a5c98d6f7b 93fcee0d9fb04133a3aae918d613dc13 - - default default] Successfully bumped revision number for resource cb1df944-1e72-46cd-8c83-1397de742394 (type: security_group_rules) to 0 [pid: 7|app: 0|req: 851/1881] 10.0.0.48 () {34 vars in 694 bytes} [Wed May 6 02:26:39 2026] POST /v2.0/security-group-rules => generated 601 bytes in 173 msecs (HTTP/1.1 201) 4 headers in 162 bytes (1 switches on core 0)
2026-05-06 02:26:39.933 7 WARNING neutron.db.securitygroups_db [None req-da49f1a7-85a9-4056-a971-eed1067c9284 3fe67d1e0e2c450a9143f5f3d815706a 95417795ad9b4f91be5475568d2e0f80 - - default default] project_id key not found in filters, using tenant_id instead. This support has been deprecated and will be removed in a future release.
2026-05-06 02:26:40.056 7 INFO neutron.db.ovn_revision_numbers_db [None req-da49f1a7-85a9-4056-a971-eed1067c9284 3fe67d1e0e2c450a9143f5f3d815706a 95417795ad9b4f91be5475568d2e0f80 - - default default] Successfully bumped revision number for resource 0b144992-1b72-4fe1-96a5-6dd0f225e94b (type: security_groups) to 1
2026-05-06 02:26:40.067 7 INFO neutron.db.ovn_revision_numbers_db [None req-da49f1a7-85a9-4056-a971-eed1067c9284 3fe67d1e0e2c450a9143f5f3d815706a 95417795ad9b4f91be5475568d2e0f80 - - default default] Successfully bumped revision number for resource 3983913c-5f1c-4813-8798-29cc4c960f03 (type: security_group_rules) to 0
2026-05-06 02:26:40.078 7 INFO neutron.db.ovn_revision_numbers_db [None req-da49f1a7-85a9-4056-a971-eed1067c9284 3fe67d1e0e2c450a9143f5f3d815706a 95417795ad9b4f91be5475568d2e0f80 - - default default] Successfully bumped revision number for resource 6e95f0b1-ca4f-4ce9-ab29-8a3acf68405d (type: security_group_rules) to 0
2026-05-06 02:26:40.090 7 INFO neutron.db.ovn_revision_numbers_db [None req-da49f1a7-85a9-4056-a971-eed1067c9284 3fe67d1e0e2c450a9143f5f3d815706a 95417795ad9b4f91be5475568d2e0f80 - - default default] Successfully bumped revision number for resource baf7e0da-d7d1-42ac-be57-186a54175a85 (type: security_group_rules) to 0
2026-05-06 02:26:40.100 7 INFO neutron.db.ovn_revision_numbers_db [None req-da49f1a7-85a9-4056-a971-eed1067c9284 3fe67d1e0e2c450a9143f5f3d815706a 95417795ad9b4f91be5475568d2e0f80 - - default default] Successfully bumped revision number for resource de69e187-8c1a-413c-b1ca-18c2972b0386 (type: security_group_rules) to 0 [pid: 7|app: 0|req: 852/1882] 10.0.0.48 () {32 vars in 773 bytes} [Wed May 6 02:26:39 2026] GET /v2.0/security-groups?tenant_id=711d231e51a64b6ea1c9b209f1be14af&name=default => generated 2925 bytes in 358 msecs (HTTP/1.1 200) 4 headers in 158 bytes (1 switches on core 0)
2026-05-06 02:26:40.175 7 INFO neutron.db.securitygroups_db [None req-88b9767a-ae0b-40b8-8f32-c8f6ba6f41b9 eacac7a0c1ae4830b18893a5c98d6f7b 93fcee0d9fb04133a3aae918d613dc13 - - default default] Project 93fcee0d9fb04133a3aae918d613dc13 added a security group rule with legacy IPv6 ICMP protocol name icmp, ipv6-icmp should be used instead. It was automatically converted.
2026-05-06 02:26:40.259 7 INFO neutron.db.ovn_revision_numbers_db [None req-88b9767a-ae0b-40b8-8f32-c8f6ba6f41b9 eacac7a0c1ae4830b18893a5c98d6f7b 93fcee0d9fb04133a3aae918d613dc13 - - default default] Successfully bumped revision number for resource f47be0c4-cc2f-40b5-b5fb-3d7ab6dbd3fc (type: security_group_rules) to 0 [pid: 7|app: 0|req: 853/1883] 10.0.0.48 () {34 vars in 694 bytes} [Wed May 6 02:26:40 2026] POST /v2.0/security-group-rules => generated 607 bytes in 155 msecs (HTTP/1.1 201) 4 headers in 162 bytes (1 switches on core 0)
2026-05-06 02:26:40.449 8 INFO neutron.db.ovn_revision_numbers_db [None req-59d04b12-9b41-46e5-abd9-5abd97aaf2d7 9a47f0f929d745caad85818aa41c0dc3 8c0cea63189441b0abd7f38f4454af87 - - default default] Successfully bumped revision number for resource 430be3be-0dbd-45e1-bed5-ce6e175ddb80 (type: router_ports) to 1
2026-05-06 02:26:40.518 8 INFO neutron.db.ovn_revision_numbers_db [None req-59d04b12-9b41-46e5-abd9-5abd97aaf2d7 9a47f0f929d745caad85818aa41c0dc3 8c0cea63189441b0abd7f38f4454af87 - - default default] Successfully bumped revision number for resource a855d5cb-49ac-4b19-87dc-18e5a1ea296c (type: routers) to 2 [pid: 7|app: 0|req: 854/1884] 10.0.0.48 () {32 vars in 739 bytes} [Wed May 6 02:26:40 2026] DELETE /v2.0/security-groups/0b144992-1b72-4fe1-96a5-6dd0f225e94b => generated 0 bytes in 227 msecs (HTTP/1.1 204) 2 headers in 112 bytes (1 switches on core 0) [pid: 8|app: 0|req: 1031/1885] 10.0.0.48 () {34 vars in 668 bytes} [Wed May 6 02:26:39 2026] POST /v2.0/routers => generated 969 bytes in 1344 msecs (HTTP/1.1 201) 4 headers in 162 bytes (1 switches on core 0)
2026-05-06 02:26:40.558 7 INFO neutron.db.securitygroups_db [None req-bfb47b85-e3b3-4148-a778-d72e8ec68e78 eacac7a0c1ae4830b18893a5c98d6f7b 93fcee0d9fb04133a3aae918d613dc13 - - default default] Project 93fcee0d9fb04133a3aae918d613dc13 added a security group rule with legacy IPv6 ICMP protocol name icmp, ipv6-icmp should be used instead. It was automatically converted. [pid: 8|app: 0|req: 1032/1886] 10.0.0.48 () {32 vars in 720 bytes} [Wed May 6 02:26:40 2026] GET /v2.0/routers/a855d5cb-49ac-4b19-87dc-18e5a1ea296c => generated 975 bytes in 57 msecs (HTTP/1.1 200) 4 headers in 157 bytes (1 switches on core 0)
2026-05-06 02:26:40.681 7 INFO neutron.db.ovn_revision_numbers_db [None req-bfb47b85-e3b3-4148-a778-d72e8ec68e78 eacac7a0c1ae4830b18893a5c98d6f7b 93fcee0d9fb04133a3aae918d613dc13 - - default default] Successfully bumped revision number for resource 991b56d8-0e58-4c68-b241-5638d80eb987 (type: security_group_rules) to 0 [pid: 8|app: 0|req: 1033/1887] 10.0.0.48 () {32 vars in 646 bytes} [Wed May 6 02:26:40 2026] GET /v2.0/routers => generated 978 bytes in 74 msecs (HTTP/1.1 200) 4 headers in 157 bytes (1 switches on core 0)
2026-05-06 02:26:40.687 8 WARNING neutron.db.securitygroups_db [None req-9ebe9ea3-efc2-448d-92cd-1cd6f948abea 3fe67d1e0e2c450a9143f5f3d815706a 95417795ad9b4f91be5475568d2e0f80 - - default default] project_id key not found in filters, using tenant_id instead. This support has been deprecated and will be removed in a future release. [pid: 7|app: 0|req: 855/1888] 10.0.0.48 () {34 vars in 694 bytes} [Wed May 6 02:26:40 2026] POST /v2.0/security-group-rules => generated 606 bytes in 191 msecs (HTTP/1.1 201) 4 headers in 162 bytes (1 switches on core 0)
2026-05-06 02:26:40.808 8 INFO neutron.db.ovn_revision_numbers_db [None req-9ebe9ea3-efc2-448d-92cd-1cd6f948abea 3fe67d1e0e2c450a9143f5f3d815706a 95417795ad9b4f91be5475568d2e0f80 - - default default] Successfully bumped revision number for resource ed7cc1de-6298-4cc9-8293-19f43913d6c0 (type: security_groups) to 1
2026-05-06 02:26:40.821 8 INFO neutron.db.ovn_revision_numbers_db [None req-9ebe9ea3-efc2-448d-92cd-1cd6f948abea 3fe67d1e0e2c450a9143f5f3d815706a 95417795ad9b4f91be5475568d2e0f80 - - default default] Successfully bumped revision number for resource 1192a813-4874-43ce-923f-e11a8494fe46 (type: security_group_rules) to 0
2026-05-06 02:26:40.833 8 INFO neutron.db.ovn_revision_numbers_db [None req-9ebe9ea3-efc2-448d-92cd-1cd6f948abea 3fe67d1e0e2c450a9143f5f3d815706a 95417795ad9b4f91be5475568d2e0f80 - - default default] Successfully bumped revision number for resource 714af3c3-6119-4662-aeb4-43d6370be1bc (type: security_group_rules) to 0
2026-05-06 02:26:40.844 8 INFO neutron.db.ovn_revision_numbers_db [None req-9ebe9ea3-efc2-448d-92cd-1cd6f948abea 3fe67d1e0e2c450a9143f5f3d815706a 95417795ad9b4f91be5475568d2e0f80 - - default default] Successfully bumped revision number for resource 821d647a-3e02-400e-861b-fe9817b7ae7a (type: security_group_rules) to 0
2026-05-06 02:26:40.857 8 INFO neutron.db.ovn_revision_numbers_db [None req-9ebe9ea3-efc2-448d-92cd-1cd6f948abea 3fe67d1e0e2c450a9143f5f3d815706a 95417795ad9b4f91be5475568d2e0f80 - - default default] Successfully bumped revision number for resource 8835ca65-11a5-4832-a2c1-46b1e5ce26a7 (type: security_group_rules) to 0 [pid: 8|app: 0|req: 1034/1889] 10.0.0.48 () {32 vars in 773 bytes} [Wed May 6 02:26:40 2026] GET /v2.0/security-groups?tenant_id=6f4d53adeb284cc5858978be2c8fa81b&name=default => generated 2925 bytes in 210 msecs (HTTP/1.1 200) 4 headers in 158 bytes (1 switches on core 0) [pid: 8|app: 0|req: 1035/1890] 10.0.0.48 () {32 vars in 739 bytes} [Wed May 6 02:26:40 2026] DELETE /v2.0/security-groups/ed7cc1de-6298-4cc9-8293-19f43913d6c0 => generated 0 bytes in 159 msecs (HTTP/1.1 204) 2 headers in 112 bytes (1 switches on core 0)
2026-05-06 02:26:41.199 7 INFO neutron.db.ovn_revision_numbers_db [None req-2e2e047b-9120-4138-be48-e5fc0745c2a9 9a47f0f929d745caad85818aa41c0dc3 8c0cea63189441b0abd7f38f4454af87 - - default default] Successfully bumped revision number for resource a855d5cb-49ac-4b19-87dc-18e5a1ea296c (type: routers) to 3 [pid: 7|app: 0|req: 856/1891] 10.0.0.48 () {34 vars in 740 bytes} [Wed May 6 02:26:40 2026] PUT /v2.0/routers/a855d5cb-49ac-4b19-87dc-18e5a1ea296c => generated 982 bytes in 489 msecs (HTTP/1.1 200) 4 headers in 157 bytes (1 switches on core 0)
2026-05-06 02:26:41.244 8 INFO neutron.db.ovn_revision_numbers_db [None req-962b202a-c10d-4204-bcee-a91134151d2f eacac7a0c1ae4830b18893a5c98d6f7b 93fcee0d9fb04133a3aae918d613dc13 - - default default] Successfully bumped revision number for resource 2c90d811-0b07-400d-8f66-6e431b1c8fa5 (type: security_groups) to 1
2026-05-06 02:26:41.255 8 INFO neutron.db.ovn_revision_numbers_db [None req-962b202a-c10d-4204-bcee-a91134151d2f eacac7a0c1ae4830b18893a5c98d6f7b 93fcee0d9fb04133a3aae918d613dc13 - - default default] Successfully bumped revision number for resource 7ba4bd79-10ee-4699-b092-cae5f82378fd (type: security_group_rules) to 0
2026-05-06 02:26:41.267 8 INFO neutron.db.ovn_revision_numbers_db [None req-962b202a-c10d-4204-bcee-a91134151d2f eacac7a0c1ae4830b18893a5c98d6f7b 93fcee0d9fb04133a3aae918d613dc13 - - default default] Successfully bumped revision number for resource f079637a-3f01-4eb5-a073-abc782f31927 (type: security_group_rules) to 0 [pid: 8|app: 0|req: 1036/1892] 10.0.0.48 () {34 vars in 684 bytes} [Wed May 6 02:26:41 2026] POST /v2.0/security-groups => generated 1660 bytes in 199 msecs (HTTP/1.1 201) 4 headers in 163 bytes (1 switches on core 0) [pid: 8|app: 0|req: 1037/1893] 10.0.0.48 () {32 vars in 720 bytes} [Wed May 6 02:26:41 2026] GET /v2.0/routers/a855d5cb-49ac-4b19-87dc-18e5a1ea296c => generated 982 bytes in 69 msecs (HTTP/1.1 200) 4 headers in 157 bytes (1 switches on core 0)
2026-05-06 02:26:41.500 8 INFO neutron.db.ovn_revision_numbers_db [None req-c51a8c54-bd91-4c21-9b10-e1c7dcd7ec09 eacac7a0c1ae4830b18893a5c98d6f7b 93fcee0d9fb04133a3aae918d613dc13 - - default default] Successfully bumped revision number for resource 03d6807a-b6c9-4cdc-ac33-7d96bbbba662 (type: security_group_rules) to 0
2026-05-06 02:26:41.503 7 INFO neutron_taas.services.taas.taas_plugin [None req-a35d1bd5-03ea-4504-9a2c-ba4f6fd1aa17 3fe67d1e0e2c450a9143f5f3d815706a 95417795ad9b4f91be5475568d2e0f80 - - default default] TaaS: Handle Delete Port: 66f72e59-34ce-427a-9702-fd03331fdc4e
2026-05-06 02:26:41.506 7 INFO neutron_taas.services.taas.tap_mirror_plugin [None req-a35d1bd5-03ea-4504-9a2c-ba4f6fd1aa17 3fe67d1e0e2c450a9143f5f3d815706a 95417795ad9b4f91be5475568d2e0f80 - - default default] Tap Mirror: Handle Delete Port: 66f72e59-34ce-427a-9702-fd03331fdc4e [pid: 8|app: 0|req: 1038/1894] 10.0.0.48 () {34 vars in 694 bytes} [Wed May 6 02:26:41 2026] POST /v2.0/security-group-rules => generated 597 bytes in 152 msecs (HTTP/1.1 201) 4 headers in 162 bytes (1 switches on core 0) [pid: 8|app: 0|req: 1039/1895] 10.0.0.48 () {32 vars in 735 bytes} [Wed May 6 02:26:41 2026] GET /v2.0/ports?device_id=a855d5cb-49ac-4b19-87dc-18e5a1ea296c => generated 12 bytes in 18 msecs (HTTP/1.1 200) 4 headers in 156 bytes (1 switches on core 0)
2026-05-06 02:26:41.669 8 INFO neutron.db.ovn_revision_numbers_db [None req-f800bdb3-7dd4-4455-a9c2-6f2b8d8be8d4 eacac7a0c1ae4830b18893a5c98d6f7b 93fcee0d9fb04133a3aae918d613dc13 - - default default] Successfully bumped revision number for resource 57d02571-d80a-4e53-8a8b-b5fbf39a5c3b (type: security_group_rules) to 0 [pid: 8|app: 0|req: 1040/1896] 10.0.0.48 () {34 vars in 694 bytes} [Wed May 6 02:26:41 2026] POST /v2.0/security-group-rules => generated 602 bytes in 163 msecs (HTTP/1.1 201) 4 headers in 162 bytes (1 switches on core 0)
2026-05-06 02:26:42.022 8 INFO neutron_taas.services.taas.taas_plugin [None req-3f423c98-a848-481c-aaf2-ffa4909f7e8a 9a47f0f929d745caad85818aa41c0dc3 8c0cea63189441b0abd7f38f4454af87 - - default default] TaaS: Handle Delete Port: 430be3be-0dbd-45e1-bed5-ce6e175ddb80
2026-05-06 02:26:42.026 8 INFO neutron_taas.services.taas.tap_mirror_plugin [None req-3f423c98-a848-481c-aaf2-ffa4909f7e8a 9a47f0f929d745caad85818aa41c0dc3 8c0cea63189441b0abd7f38f4454af87 - - default default] Tap Mirror: Handle Delete Port: 430be3be-0dbd-45e1-bed5-ce6e175ddb80 [pid: 7|app: 0|req: 857/1897] 10.0.0.48 () {34 vars in 788 bytes} [Wed May 6 02:26:41 2026] PUT /v2.0/routers/21b1716b-87d1-44c5-b11d-c90c64636310/remove_router_interface => generated 310 bytes in 934 msecs (HTTP/1.1 200) 4 headers in 157 bytes (1 switches on core 0) /var/lib/openstack/lib/python3.12/site-packages/pycadf/identifier.py:70: UserWarning: Invalid uuid: neutron. To ensure interoperability, identifiers should be a valid uuid. warnings.warn(('Invalid uuid: %s. To ensure interoperability, '
2026-05-06 02:26:42.374 8 WARNING neutron.plugins.ml2.drivers.ovn.mech_driver.ovsdb.ovn_client [None req-db195000-c71c-4f36-86d6-ca079fdf3ea9 - - - - - -] No port found with ID c36b115c-4f44-4917-be11-37e3da493601: RuntimeError: No port found with ID c36b115c-4f44-4917-be11-37e3da493601
2026-05-06 02:26:42.394 7 WARNING neutron.scheduler.dhcp_agent_scheduler [None req-8c04cd77-26d6-49a4-bb86-5235d1994d65 eacac7a0c1ae4830b18893a5c98d6f7b 93fcee0d9fb04133a3aae918d613dc13 - - default default] No more DHCP agents
2026-05-06 02:26:42.396 7 WARNING neutron.api.rpc.agentnotifiers.dhcp_rpc_agent_api [None req-8c04cd77-26d6-49a4-bb86-5235d1994d65 eacac7a0c1ae4830b18893a5c98d6f7b 93fcee0d9fb04133a3aae918d613dc13 - - default default] Unable to schedule network c0c7a1bc-0c49-4e32-91cd-cd8ed5cb5aa2: no agents available; will retry on subsequent port and subnet creation events. [pid: 8|app: 0|req: 1041/1898] 10.0.0.48 () {32 vars in 723 bytes} [Wed May 6 02:26:41 2026] DELETE /v2.0/routers/a855d5cb-49ac-4b19-87dc-18e5a1ea296c => generated 0 bytes in 783 msecs (HTTP/1.1 204) 2 headers in 112 bytes (1 switches on core 0) [pid: 7|app: 0|req: 858/1899] 10.0.0.48 () {34 vars in 675 bytes} [Wed May 6 02:26:42 2026] POST /v2.0/floatingips => generated 552 bytes in 555 msecs (HTTP/1.1 201) 4 headers in 162 bytes (1 switches on core 0) [pid: 7|app: 0|req: 859/1900] 10.0.0.48 () {32 vars in 735 bytes} [Wed May 6 02:26:42 2026] GET /v2.0/ports?device_id=a855d5cb-49ac-4b19-87dc-18e5a1ea296c => generated 12 bytes in 19 msecs (HTTP/1.1 200) 4 headers in 156 bytes (1 switches on core 0)
2026-05-06 02:26:42.736 7 INFO neutron.api.v2.resource [None req-211c18d8-8779-4cb2-931b-155dbeb317f1 9a47f0f929d745caad85818aa41c0dc3 8c0cea63189441b0abd7f38f4454af87 - - default default] delete failed (client error): The resource could not be found. [pid: 7|app: 0|req: 860/1901] 10.0.0.48 () {32 vars in 723 bytes} [Wed May 6 02:26:42 2026] DELETE /v2.0/routers/a855d5cb-49ac-4b19-87dc-18e5a1ea296c => generated 135 bytes in 20 msecs (HTTP/1.1 404) 4 headers in 164 bytes (1 switches on core 0) [pid: 7|app: 0|req: 861/1902] 10.0.0.48 () {32 vars in 735 bytes} [Wed May 6 02:26:42 2026] GET /v2.0/ports?device_id=f18f7741-98cb-437f-9e6a-d86a8be3c5ef => generated 12 bytes in 24 msecs (HTTP/1.1 200) 4 headers in 156 bytes (1 switches on core 0)
2026-05-06 02:26:42.787 7 INFO neutron.api.v2.resource [None req-79dc6ed4-cae8-4bdb-bdcc-82fc9d708bc3 9a47f0f929d745caad85818aa41c0dc3 8c0cea63189441b0abd7f38f4454af87 - - default default] delete failed (client error): The resource could not be found. [pid: 7|app: 0|req: 862/1903] 10.0.0.48 () {32 vars in 723 bytes} [Wed May 6 02:26:42 2026] DELETE /v2.0/routers/f18f7741-98cb-437f-9e6a-d86a8be3c5ef => generated 135 bytes in 18 msecs (HTTP/1.1 404) 4 headers in 164 bytes (1 switches on core 0)
2026-05-06 02:26:42.791 7 WARNING neutron.db.securitygroups_db [req-2aa749a7-780a-4966-9039-47753cbcbcb1 req-536eda1b-91e6-43a8-9bdc-3551a1d479de eacac7a0c1ae4830b18893a5c98d6f7b 93fcee0d9fb04133a3aae918d613dc13 - - default default] project_id key not found in filters, using tenant_id instead. This support has been deprecated and will be removed in a future release. [pid: 7|app: 0|req: 863/1904] 10.0.0.106 () {34 vars in 1098 bytes} [Wed May 6 02:26:42 2026] GET /v2.0/security-groups?name=tempest-securitygroup--588204178&fields=id&tenant_id=93fcee0d9fb04133a3aae918d613dc13 => generated 69 bytes in 27 msecs (HTTP/1.1 200) 4 headers in 156 bytes (1 switches on core 0)
2026-05-06 02:26:42.826 7 INFO neutron.pecan_wsgi.hooks.translation [None req-7602e628-0cec-4ffe-90e9-3ae94bfe08c2 9a47f0f929d745caad85818aa41c0dc3 8c0cea63189441b0abd7f38f4454af87 - - default default] DELETE failed (client error): The resource could not be found. [pid: 7|app: 0|req: 864/1905] 10.0.0.48 () {32 vars in 723 bytes} [Wed May 6 02:26:42 2026] DELETE /v2.0/subnets/734901fd-8544-46ed-a410-426dac88e4e3 => generated 136 bytes in 13 msecs (HTTP/1.1 404) 4 headers in 164 bytes (1 switches on core 0)
2026-05-06 02:26:42.833 7 WARNING neutron.db.securitygroups_db [req-2aa749a7-780a-4966-9039-47753cbcbcb1 req-285fa39c-2c3c-45ee-8b9d-32b4ed4fd8af eacac7a0c1ae4830b18893a5c98d6f7b 93fcee0d9fb04133a3aae918d613dc13 - - default default] project_id key not found in filters, using tenant_id instead. This support has been deprecated and will be removed in a future release.
2026-05-06 02:26:42.835 8 INFO neutron_taas.services.taas.taas_plugin [None req-59a5a875-d10a-4b65-a2b1-b864b29f17e7 3fe67d1e0e2c450a9143f5f3d815706a 95417795ad9b4f91be5475568d2e0f80 - - default default] TaaS: Handle Delete Port: e779153b-8fc0-4fdf-ae4c-7be53b787061
2026-05-06 02:26:42.841 8 INFO neutron_taas.services.taas.tap_mirror_plugin [None req-59a5a875-d10a-4b65-a2b1-b864b29f17e7 3fe67d1e0e2c450a9143f5f3d815706a 95417795ad9b4f91be5475568d2e0f80 - - default default] Tap Mirror: Handle Delete Port: e779153b-8fc0-4fdf-ae4c-7be53b787061 [pid: 7|app: 0|req: 865/1906] 10.0.0.106 () {34 vars in 1100 bytes} [Wed May 6 02:26:42 2026] GET /v2.0/security-groups?name=tempest-secgroup-smoke-1514146155&fields=id&tenant_id=93fcee0d9fb04133a3aae918d613dc13 => generated 69 bytes in 28 msecs (HTTP/1.1 200) 4 headers in 156 bytes (1 switches on core 0) [pid: 7|app: 0|req: 866/1907] 10.0.0.48 () {32 vars in 735 bytes} [Wed May 6 02:26:42 2026] GET /v2.0/ports?device_id=a5c45741-517c-46a6-bab6-41cd56a8acc2 => generated 12 bytes in 17 msecs (HTTP/1.1 200) 4 headers in 156 bytes (1 switches on core 0) [pid: 7|app: 0|req: 867/1908] 10.0.0.106 () {34 vars in 982 bytes} [Wed May 6 02:26:42 2026] GET /v2.0/networks?id=9de7b601-5654-4ef1-adb0-8e3dee2d3e7d => generated 711 bytes in 41 msecs (HTTP/1.1 200) 4 headers in 157 bytes (1 switches on core 0)
2026-05-06 02:26:42.933 7 INFO neutron.api.v2.resource [None req-974ff2d4-2924-4cdf-9424-9d8c13b51060 9a47f0f929d745caad85818aa41c0dc3 8c0cea63189441b0abd7f38f4454af87 - - default default] delete failed (client error): The resource could not be found. [pid: 7|app: 0|req: 868/1909] 10.0.0.48 () {32 vars in 723 bytes} [Wed May 6 02:26:42 2026] DELETE /v2.0/routers/a5c45741-517c-46a6-bab6-41cd56a8acc2 => generated 135 bytes in 17 msecs (HTTP/1.1 404) 4 headers in 164 bytes (1 switches on core 0) [pid: 7|app: 0|req: 869/1910] 10.0.0.106 () {34 vars in 965 bytes} [Wed May 6 02:26:42 2026] GET /v2.0/quotas/93fcee0d9fb04133a3aae918d613dc13 => generated 292 bytes in 9 msecs (HTTP/1.1 200) 4 headers in 157 bytes (1 switches on core 0)
2026-05-06 02:26:42.953 7 INFO neutron.pecan_wsgi.hooks.translation [None req-b4203d72-d353-4c49-920c-d2840c3f12ed 9a47f0f929d745caad85818aa41c0dc3 8c0cea63189441b0abd7f38f4454af87 - - default default] DELETE failed (client error): The resource could not be found. [pid: 7|app: 0|req: 870/1911] 10.0.0.48 () {32 vars in 723 bytes} [Wed May 6 02:26:42 2026] DELETE /v2.0/subnets/7bac9bca-4db5-4342-aa86-def4d1ffd82a => generated 136 bytes in 11 msecs (HTTP/1.1 404) 4 headers in 164 bytes (1 switches on core 0) [pid: 7|app: 0|req: 871/1912] 10.0.0.106 () {34 vars in 1002 bytes} [Wed May 6 02:26:42 2026] GET /v2.0/ports?tenant_id=93fcee0d9fb04133a3aae918d613dc13&fields=id => generated 103 bytes in 94 msecs (HTTP/1.1 200) 4 headers in 157 bytes (1 switches on core 0) [pid: 7|app: 0|req: 872/1913] 10.0.0.48 () {32 vars in 735 bytes} [Wed May 6 02:26:43 2026] GET /v2.0/ports?device_id=ad7502b2-beea-484b-a34e-37fc408d2c4e => generated 12 bytes in 16 msecs (HTTP/1.1 200) 4 headers in 156 bytes (1 switches on core 0) [pid: 7|app: 0|req: 873/1914] 10.0.0.106 () {34 vars in 1008 bytes} [Wed May 6 02:26:43 2026] GET /v2.0/networks/9de7b601-5654-4ef1-adb0-8e3dee2d3e7d?fields=segments => generated 14 bytes in 41 msecs (HTTP/1.1 200) 4 headers in 156 bytes (1 switches on core 0)
2026-05-06 02:26:43.126 7 INFO neutron.api.v2.resource [None req-12feffc3-c3a3-4c3a-8743-8dae56a26900 9a47f0f929d745caad85818aa41c0dc3 8c0cea63189441b0abd7f38f4454af87 - - default default] delete failed (client error): The resource could not be found. [pid: 7|app: 0|req: 874/1915] 10.0.0.48 () {32 vars in 723 bytes} [Wed May 6 02:26:43 2026] DELETE /v2.0/routers/ad7502b2-beea-484b-a34e-37fc408d2c4e => generated 135 bytes in 19 msecs (HTTP/1.1 404) 4 headers in 164 bytes (1 switches on core 0) [pid: 7|app: 0|req: 875/1916] 10.0.0.106 () {34 vars in 1108 bytes} [Wed May 6 02:26:43 2026] GET /v2.0/networks/9de7b601-5654-4ef1-adb0-8e3dee2d3e7d?fields=provider%3Aphysical_network&fields=provider%3Anetwork_type => generated 79 bytes in 39 msecs (HTTP/1.1 200) 4 headers in 156 bytes (1 switches on core 0)
