2026-05-06 02:26:02.026 7 INFO neutron.db.ovn_revision_numbers_db [None req-47cf05e0-15f6-471f-b187-8ad445f52101 dc92f478b5394c45bf66bf42b5ed72e3 63a5372e74f045d5b54c48c1e1940872 - - default default] Successfully bumped revision number for resource c1a708d8-0d08-48f8-932a-8ea5bb81c326 (type: ports) to 2 [pid: 7|app: 0|req: 702/1611] 10.0.0.48 () {34 vars in 736 bytes} [Wed May 6 02:26:01 2026] PUT /v2.0/ports/c1a708d8-0d08-48f8-932a-8ea5bb81c326 => generated 752 bytes in 298 msecs (HTTP/1.1 200) 4 headers in 157 bytes (1 switches on core 0) /var/lib/openstack/lib/python3.12/site-packages/pycadf/identifier.py:70: UserWarning: Invalid uuid: neutron. To ensure interoperability, identifiers should be a valid uuid. warnings.warn(('Invalid uuid: %s. To ensure interoperability, '
2026-05-06 02:26:02.229 7 INFO neutron_taas.services.taas.taas_plugin [None req-d4b0494f-7fb8-401c-8de5-5e7d71fbdf0e dc92f478b5394c45bf66bf42b5ed72e3 63a5372e74f045d5b54c48c1e1940872 - - default default] TaaS: Handle Delete Port: c1a708d8-0d08-48f8-932a-8ea5bb81c326
2026-05-06 02:26:02.231 7 INFO neutron_taas.services.taas.tap_mirror_plugin [None req-d4b0494f-7fb8-401c-8de5-5e7d71fbdf0e dc92f478b5394c45bf66bf42b5ed72e3 63a5372e74f045d5b54c48c1e1940872 - - default default] Tap Mirror: Handle Delete Port: c1a708d8-0d08-48f8-932a-8ea5bb81c326 [pid: 7|app: 0|req: 703/1612] 10.0.0.48 () {32 vars in 719 bytes} [Wed May 6 02:26:02 2026] DELETE /v2.0/ports/c1a708d8-0d08-48f8-932a-8ea5bb81c326 => generated 0 bytes in 302 msecs (HTTP/1.1 204) 3 headers in 131 bytes (1 switches on core 0)
2026-05-06 02:26:02.371 8 INFO neutron.plugins.ml2.drivers.ovn.mech_driver.mech_driver [None req-932a5ff3-1736-4217-b2c3-0d97f7c1899a - - - - - -] OVN reports status up for port: ab71858c-4fbe-4b0e-a4f6-51508b8a1b87
2026-05-06 02:26:02.396 8 INFO neutron.plugins.ml2.plugin [None req-932a5ff3-1736-4217-b2c3-0d97f7c1899a - - - - - -] Attempt 1 to provision port ab71858c-4fbe-4b0e-a4f6-51508b8a1b87 [pid: 7|app: 0|req: 704/1613] 10.0.0.48 () {32 vars in 642 bytes} [Wed May 6 02:26:02 2026] GET /v2.0/ports => generated 1534 bytes in 53 msecs (HTTP/1.1 200) 4 headers in 158 bytes (1 switches on core 0)
2026-05-06 02:26:02.453 8 INFO neutron.db.ovn_revision_numbers_db [None req-44bdc598-e076-43d0-9367-b1f0851770b0 26560dc3d6df4085bc9d4a0cb286f311 932f1f32c1214ffe8582c3aa3f2b54eb - - default default] Successfully bumped revision number for resource ab71858c-4fbe-4b0e-a4f6-51508b8a1b87 (type: ports) to 2
2026-05-06 02:26:02.458 7 INFO neutron.pecan_wsgi.hooks.translation [None req-9ddd587b-ae04-475e-b996-a8b6ed676183 dc92f478b5394c45bf66bf42b5ed72e3 63a5372e74f045d5b54c48c1e1940872 - - default default] GET failed (client error): The resource could not be found. [pid: 7|app: 0|req: 705/1614] 10.0.0.48 () {32 vars in 716 bytes} [Wed May 6 02:26:02 2026] GET /v2.0/ports/c1a708d8-0d08-48f8-932a-8ea5bb81c326 => generated 132 bytes in 26 msecs (HTTP/1.1 404) 4 headers in 164 bytes (1 switches on core 0) [pid: 7|app: 0|req: 706/1615] 10.0.0.48 () {32 vars in 642 bytes} [Wed May 6 02:26:02 2026] GET /v2.0/ports => generated 1534 bytes in 48 msecs (HTTP/1.1 200) 4 headers in 158 bytes (1 switches on core 0) [pid: 7|app: 0|req: 707/1616] 10.0.0.48 () {32 vars in 716 bytes} [Wed May 6 02:26:02 2026] GET /v2.0/ports/bf7c6cc3-8190-49f1-88b6-05e07f58396b => generated 775 bytes in 48 msecs (HTTP/1.1 200) 4 headers in 157 bytes (1 switches on core 0)
2026-05-06 02:26:02.596 7 INFO neutron.pecan_wsgi.hooks.translation [None req-86edee7b-9174-4bf8-b8a0-87bef43e8e5d dc92f478b5394c45bf66bf42b5ed72e3 63a5372e74f045d5b54c48c1e1940872 - - default default] DELETE failed (client error): The resource could not be found. [pid: 7|app: 0|req: 708/1617] 10.0.0.48 () {32 vars in 719 bytes} [Wed May 6 02:26:02 2026] DELETE /v2.0/ports/9dd99001-0c1d-4814-b784-200b4d36bf08 => generated 132 bytes in 21 msecs (HTTP/1.1 404) 4 headers in 164 bytes (1 switches on core 0)
2026-05-06 02:26:02.614 7 INFO neutron.pecan_wsgi.hooks.translation [None req-54dc24ce-07dd-4038-b629-66f200046c58 dc92f478b5394c45bf66bf42b5ed72e3 63a5372e74f045d5b54c48c1e1940872 - - default default] DELETE failed (client error): The resource could not be found. [pid: 7|app: 0|req: 709/1618] 10.0.0.48 () {32 vars in 723 bytes} [Wed May 6 02:26:02 2026] DELETE /v2.0/subnets/d95ace52-2bde-43ff-9ecc-46f050aebfca => generated 136 bytes in 14 msecs (HTTP/1.1 404) 4 headers in 164 bytes (1 switches on core 0)
2026-05-06 02:26:02.636 7 INFO neutron.pecan_wsgi.hooks.translation [None req-0f97f453-bd95-4587-b2d0-a7f8b11e547a dc92f478b5394c45bf66bf42b5ed72e3 63a5372e74f045d5b54c48c1e1940872 - - default default] DELETE failed (client error): The resource could not be found. [pid: 7|app: 0|req: 710/1619] 10.0.0.48 () {32 vars in 723 bytes} [Wed May 6 02:26:02 2026] DELETE /v2.0/subnets/7f253d7c-ef98-426c-8bc5-2dc0add67394 => generated 136 bytes in 17 msecs (HTTP/1.1 404) 4 headers in 164 bytes (1 switches on core 0)
2026-05-06 02:26:02.777 7 INFO neutron_taas.services.taas.taas_plugin [None req-617bd5bc-f83e-4570-b267-934720efb2b1 dc92f478b5394c45bf66bf42b5ed72e3 63a5372e74f045d5b54c48c1e1940872 - - default default] TaaS: Handle Delete Port: bf7c6cc3-8190-49f1-88b6-05e07f58396b
2026-05-06 02:26:02.780 7 INFO neutron_taas.services.taas.tap_mirror_plugin [None req-617bd5bc-f83e-4570-b267-934720efb2b1 dc92f478b5394c45bf66bf42b5ed72e3 63a5372e74f045d5b54c48c1e1940872 - - default default] Tap Mirror: Handle Delete Port: bf7c6cc3-8190-49f1-88b6-05e07f58396b [pid: 7|app: 0|req: 711/1620] 10.0.0.48 () {32 vars in 719 bytes} [Wed May 6 02:26:02 2026] DELETE /v2.0/ports/bf7c6cc3-8190-49f1-88b6-05e07f58396b => generated 0 bytes in 255 msecs (HTTP/1.1 204) 3 headers in 131 bytes (1 switches on core 0)
2026-05-06 02:26:03.000 8 INFO neutron.db.ovn_revision_numbers_db [None req-932a5ff3-1736-4217-b2c3-0d97f7c1899a - - - - - -] Successfully bumped revision number for resource ab71858c-4fbe-4b0e-a4f6-51508b8a1b87 (type: ports) to 3
2026-05-06 02:26:03.142 7 INFO neutron.db.ovn_revision_numbers_db [None req-2c5a6881-1ff2-4380-a1f5-5e0a2b862103 9a47f0f929d745caad85818aa41c0dc3 8c0cea63189441b0abd7f38f4454af87 - - default default] Successfully bumped revision number for resource 4ad1ddce-d7f9-401e-8083-4c34040dbcf1 (type: security_groups) to 1
2026-05-06 02:26:03.160 7 INFO neutron.db.ovn_revision_numbers_db [None req-2c5a6881-1ff2-4380-a1f5-5e0a2b862103 9a47f0f929d745caad85818aa41c0dc3 8c0cea63189441b0abd7f38f4454af87 - - default default] Successfully bumped revision number for resource 5c942ca4-3bbf-4ce4-a052-875ade1bb9a8 (type: security_group_rules) to 0
2026-05-06 02:26:03.177 7 INFO neutron.db.ovn_revision_numbers_db [None req-2c5a6881-1ff2-4380-a1f5-5e0a2b862103 9a47f0f929d745caad85818aa41c0dc3 8c0cea63189441b0abd7f38f4454af87 - - default default] Successfully bumped revision number for resource 685c4efe-a402-4f8e-bbdd-7e77960ed616 (type: security_group_rules) to 0
2026-05-06 02:26:03.191 7 INFO neutron.db.ovn_revision_numbers_db [None req-2c5a6881-1ff2-4380-a1f5-5e0a2b862103 9a47f0f929d745caad85818aa41c0dc3 8c0cea63189441b0abd7f38f4454af87 - - default default] Successfully bumped revision number for resource beea9e7f-8867-48d2-89ff-6303b2c54306 (type: security_group_rules) to 0
2026-05-06 02:26:03.205 7 INFO neutron.db.ovn_revision_numbers_db [None req-2c5a6881-1ff2-4380-a1f5-5e0a2b862103 9a47f0f929d745caad85818aa41c0dc3 8c0cea63189441b0abd7f38f4454af87 - - default default] Successfully bumped revision number for resource d6057d48-d364-4472-8f70-c71525dcc304 (type: security_group_rules) to 0
2026-05-06 02:26:03.299 7 INFO neutron.db.segments_db [None req-2c5a6881-1ff2-4380-a1f5-5e0a2b862103 9a47f0f929d745caad85818aa41c0dc3 8c0cea63189441b0abd7f38f4454af87 - - default default] Added segment 9b29eff5-b298-43d4-a2bf-c5b9a5cc7597 of type geneve for network 7bafe3a8-c594-4c8f-9c46-4c8fc2bcfd46
2026-05-06 02:26:03.369 8 WARNING neutron.scheduler.dhcp_agent_scheduler [None req-44bdc598-e076-43d0-9367-b1f0851770b0 26560dc3d6df4085bc9d4a0cb286f311 932f1f32c1214ffe8582c3aa3f2b54eb - - default default] No more DHCP agents
2026-05-06 02:26:03.370 8 WARNING neutron.api.rpc.agentnotifiers.dhcp_rpc_agent_api [None req-44bdc598-e076-43d0-9367-b1f0851770b0 26560dc3d6df4085bc9d4a0cb286f311 932f1f32c1214ffe8582c3aa3f2b54eb - - default default] Unable to schedule network d4740295-660a-44c6-9bc2-03776f605d71: no agents available; will retry on subsequent port and subnet creation events.
2026-05-06 02:26:03.403 7 INFO neutron.db.ovn_revision_numbers_db [None req-2c5a6881-1ff2-4380-a1f5-5e0a2b862103 9a47f0f929d745caad85818aa41c0dc3 8c0cea63189441b0abd7f38f4454af87 - - default default] Successfully bumped revision number for resource 7bafe3a8-c594-4c8f-9c46-4c8fc2bcfd46 (type: networks) to 1
2026-05-06 02:26:03.609 7 WARNING neutron.scheduler.dhcp_agent_scheduler [None req-2c5a6881-1ff2-4380-a1f5-5e0a2b862103 9a47f0f929d745caad85818aa41c0dc3 8c0cea63189441b0abd7f38f4454af87 - - default default] No more DHCP agents
2026-05-06 02:26:03.611 7 WARNING neutron.api.rpc.agentnotifiers.dhcp_rpc_agent_api [None req-2c5a6881-1ff2-4380-a1f5-5e0a2b862103 9a47f0f929d745caad85818aa41c0dc3 8c0cea63189441b0abd7f38f4454af87 - - default default] Unable to schedule network 7bafe3a8-c594-4c8f-9c46-4c8fc2bcfd46: no agents available; will retry on subsequent port and subnet creation events.
2026-05-06 02:26:03.616 8 INFO neutron.db.ovn_revision_numbers_db [None req-44bdc598-e076-43d0-9367-b1f0851770b0 26560dc3d6df4085bc9d4a0cb286f311 932f1f32c1214ffe8582c3aa3f2b54eb - - default default] Successfully bumped revision number for resource ab71858c-4fbe-4b0e-a4f6-51508b8a1b87 (type: router_ports) to 3 [pid: 8|app: 0|req: 910/1621] 10.0.0.48 () {34 vars in 782 bytes} [Wed May 6 02:26:01 2026] PUT /v2.0/routers/55cf591a-c070-4bbc-98e2-24a032586081/add_router_interface => generated 310 bytes in 1933 msecs (HTTP/1.1 200) 4 headers in 157 bytes (1 switches on core 0) /var/lib/openstack/lib/python3.12/site-packages/pycadf/identifier.py:70: UserWarning: Invalid uuid: neutron. To ensure interoperability, identifiers should be a valid uuid. warnings.warn(('Invalid uuid: %s. To ensure interoperability, '
2026-05-06 02:26:03.703 7 INFO neutron.db.ovn_revision_numbers_db [None req-2c5a6881-1ff2-4380-a1f5-5e0a2b862103 9a47f0f929d745caad85818aa41c0dc3 8c0cea63189441b0abd7f38f4454af87 - - default default] Successfully bumped revision number for resource 4f8d5c24-bda8-4d1e-83a7-2e3f6e23b5ad (type: ports) to 1 [pid: 7|app: 0|req: 712/1622] 10.0.0.48 () {34 vars in 669 bytes} [Wed May 6 02:26:02 2026] POST /v2.0/networks => generated 667 bytes in 828 msecs (HTTP/1.1 201) 4 headers in 162 bytes (1 switches on core 0)
2026-05-06 02:26:03.767 8 INFO neutron_taas.services.taas.taas_plugin [None req-6461bee1-943e-4746-953f-9354d3f6a444 dc92f478b5394c45bf66bf42b5ed72e3 63a5372e74f045d5b54c48c1e1940872 - - default default] TaaS: Handle Delete Port: 7a1a300a-5acb-4d1f-b9ba-71d25380e862
2026-05-06 02:26:03.769 8 INFO neutron_taas.services.taas.tap_mirror_plugin [None req-6461bee1-943e-4746-953f-9354d3f6a444 dc92f478b5394c45bf66bf42b5ed72e3 63a5372e74f045d5b54c48c1e1940872 - - default default] Tap Mirror: Handle Delete Port: 7a1a300a-5acb-4d1f-b9ba-71d25380e862 [pid: 7|app: 0|req: 713/1623] 10.0.0.106 () {34 vars in 982 bytes} [Wed May 6 02:26:03 2026] GET /v2.0/networks?id=d7b20b0a-a264-4344-b933-6dd8b54315fa => generated 710 bytes in 41 msecs (HTTP/1.1 200) 4 headers in 157 bytes (1 switches on core 0) [pid: 7|app: 0|req: 714/1624] 10.0.0.48 () {32 vars in 716 bytes} [Wed May 6 02:26:03 2026] GET /v2.0/ports/ab71858c-4fbe-4b0e-a4f6-51508b8a1b87 => generated 1026 bytes in 64 msecs (HTTP/1.1 200) 4 headers in 158 bytes (1 switches on core 0)
2026-05-06 02:26:03.922 7 INFO neutron.db.segments_db [None req-f649a27a-9002-43dd-b242-1d8882437ca9 9a47f0f929d745caad85818aa41c0dc3 8c0cea63189441b0abd7f38f4454af87 - - default default] Added segment abc73621-fbe6-4eff-aacd-40d35e8bf7a6 of type geneve for network f1174860-036e-4219-9c32-e832b9f1dc44
2026-05-06 02:26:03.969 8 INFO neutron.services.segments.plugin [-] Segment cb9933bb-9693-41c0-8b92-033332ffcbdc resource provider aggregate not found
2026-05-06 02:26:03.975 8 INFO neutron.services.segments.plugin [-] Segment cb9933bb-9693-41c0-8b92-033332ffcbdc resource provider aggregate not found
2026-05-06 02:26:03.992 8 INFO neutron.services.segments.plugin [-] Segment cb9933bb-9693-41c0-8b92-033332ffcbdc resource provider not found; error: Placement Client Error (4xx): {"errors": [{"status": 404, "title": "Not Found", "detail": "The resource could not be found.\n\n No resource provider with uuid cb9933bb-9693-41c0-8b92-033332ffcbdc found for delete ", "request_id": "req-5c16d410-5979-4e8c-b7a1-d1c934152d3e"}]}
2026-05-06 02:26:03.995 8 INFO neutron.services.segments.plugin [-] Segment cb9933bb-9693-41c0-8b92-033332ffcbdc resource provider not found; error: Placement Client Error (4xx): {"errors": [{"status": 404, "title": "Not Found", "detail": "The resource could not be found.\n\n No resource provider with uuid cb9933bb-9693-41c0-8b92-033332ffcbdc found for delete ", "request_id": "req-061bacf4-0348-4b70-bf80-5a7999da3a8b"}]} [pid: 8|app: 0|req: 911/1625] 10.0.0.48 () {32 vars in 725 bytes} [Wed May 6 02:26:03 2026] DELETE /v2.0/networks/e5cd9848-5228-42b1-8870-361c30896129 => generated 0 bytes in 403 msecs (HTTP/1.1 204) 3 headers in 131 bytes (1 switches on core 0)
2026-05-06 02:26:04.034 7 INFO neutron.db.ovn_revision_numbers_db [None req-f649a27a-9002-43dd-b242-1d8882437ca9 9a47f0f929d745caad85818aa41c0dc3 8c0cea63189441b0abd7f38f4454af87 - - default default] Successfully bumped revision number for resource f1174860-036e-4219-9c32-e832b9f1dc44 (type: networks) to 1 [pid: 8|app: 0|req: 912/1626] 10.0.0.106 () {34 vars in 965 bytes} [Wed May 6 02:26:04 2026] GET /v2.0/quotas/33d665d01a66433789df50a098813608 => generated 292 bytes in 10 msecs (HTTP/1.1 200) 4 headers in 157 bytes (1 switches on core 0)
2026-05-06 02:26:04.234 7 WARNING neutron.scheduler.dhcp_agent_scheduler [None req-f649a27a-9002-43dd-b242-1d8882437ca9 9a47f0f929d745caad85818aa41c0dc3 8c0cea63189441b0abd7f38f4454af87 - - default default] No more DHCP agents
2026-05-06 02:26:04.238 7 WARNING neutron.api.rpc.agentnotifiers.dhcp_rpc_agent_api [None req-f649a27a-9002-43dd-b242-1d8882437ca9 9a47f0f929d745caad85818aa41c0dc3 8c0cea63189441b0abd7f38f4454af87 - - default default] Unable to schedule network f1174860-036e-4219-9c32-e832b9f1dc44: no agents available; will retry on subsequent port and subnet creation events.
2026-05-06 02:26:04.349 7 INFO neutron.db.ovn_revision_numbers_db [None req-f649a27a-9002-43dd-b242-1d8882437ca9 9a47f0f929d745caad85818aa41c0dc3 8c0cea63189441b0abd7f38f4454af87 - - default default] Successfully bumped revision number for resource ecf68c31-129a-408d-ae06-14af57997557 (type: ports) to 1 [pid: 7|app: 0|req: 715/1627] 10.0.0.48 () {34 vars in 669 bytes} [Wed May 6 02:26:03 2026] POST /v2.0/networks => generated 667 bytes in 541 msecs (HTTP/1.1 201) 4 headers in 162 bytes (1 switches on core 0) [pid: 7|app: 0|req: 716/1628] 10.0.0.106 () {34 vars in 1002 bytes} [Wed May 6 02:26:04 2026] GET /v2.0/ports?tenant_id=33d665d01a66433789df50a098813608&fields=id => generated 103 bytes in 80 msecs (HTTP/1.1 200) 4 headers in 157 bytes (1 switches on core 0)
2026-05-06 02:26:04.631 7 WARNING neutron.scheduler.dhcp_agent_scheduler [None req-20e7e33d-29ae-4c0e-b95a-bbc8c2ff261b 9a47f0f929d745caad85818aa41c0dc3 8c0cea63189441b0abd7f38f4454af87 - - default default] No more DHCP agents
2026-05-06 02:26:04.634 7 WARNING neutron.api.rpc.agentnotifiers.dhcp_rpc_agent_api [None req-20e7e33d-29ae-4c0e-b95a-bbc8c2ff261b 9a47f0f929d745caad85818aa41c0dc3 8c0cea63189441b0abd7f38f4454af87 - - default default] Unable to schedule network 7bafe3a8-c594-4c8f-9c46-4c8fc2bcfd46: no agents available; will retry on subsequent port and subnet creation events.
2026-05-06 02:26:04.843 8 INFO neutron_taas.services.taas.taas_plugin [None req-8ca927fe-bc4c-4753-916d-21f02f7d490d 26560dc3d6df4085bc9d4a0cb286f311 932f1f32c1214ffe8582c3aa3f2b54eb - - default default] TaaS: Handle Delete Port: ab71858c-4fbe-4b0e-a4f6-51508b8a1b87
2026-05-06 02:26:04.846 8 INFO neutron_taas.services.taas.tap_mirror_plugin [None req-8ca927fe-bc4c-4753-916d-21f02f7d490d 26560dc3d6df4085bc9d4a0cb286f311 932f1f32c1214ffe8582c3aa3f2b54eb - - default default] Tap Mirror: Handle Delete Port: ab71858c-4fbe-4b0e-a4f6-51508b8a1b87
2026-05-06 02:26:05.084 7 INFO neutron.db.ovn_revision_numbers_db [None req-20e7e33d-29ae-4c0e-b95a-bbc8c2ff261b 9a47f0f929d745caad85818aa41c0dc3 8c0cea63189441b0abd7f38f4454af87 - - default default] Successfully bumped revision number for resource 4f8d5c24-bda8-4d1e-83a7-2e3f6e23b5ad (type: ports) to 2
2026-05-06 02:26:05.111 7 INFO neutron.db.ovn_revision_numbers_db [None req-20e7e33d-29ae-4c0e-b95a-bbc8c2ff261b 9a47f0f929d745caad85818aa41c0dc3 8c0cea63189441b0abd7f38f4454af87 - - default default] Successfully bumped revision number for resource de8011a9-66f1-410a-9577-6e3de5a04291 (type: subnets) to 0 [pid: 8|app: 0|req: 913/1629] 10.0.0.48 () {34 vars in 788 bytes} [Wed May 6 02:26:04 2026] PUT /v2.0/routers/55cf591a-c070-4bbc-98e2-24a032586081/remove_router_interface => generated 310 bytes in 1094 msecs (HTTP/1.1 200) 4 headers in 157 bytes (1 switches on core 0) [pid: 7|app: 0|req: 717/1630] 10.0.0.48 () {34 vars in 668 bytes} [Wed May 6 02:26:04 2026] POST /v2.0/subnets => generated 626 bytes in 676 msecs (HTTP/1.1 201) 4 headers in 162 bytes (1 switches on core 0) /var/lib/openstack/lib/python3.12/site-packages/pycadf/identifier.py:70: UserWarning: Invalid uuid: neutron. To ensure interoperability, identifiers should be a valid uuid. warnings.warn(('Invalid uuid: %s. To ensure interoperability, ' [pid: 8|app: 0|req: 914/1631] 10.0.0.106 () {34 vars in 1008 bytes} [Wed May 6 02:26:05 2026] GET /v2.0/networks/d7b20b0a-a264-4344-b933-6dd8b54315fa?fields=segments => generated 14 bytes in 32 msecs (HTTP/1.1 200) 4 headers in 156 bytes (1 switches on core 0)
2026-05-06 02:26:05.225 7 WARNING neutron.db.securitygroups_db [None req-05264bf9-b8c3-456d-8f7e-215406406371 3fe67d1e0e2c450a9143f5f3d815706a 95417795ad9b4f91be5475568d2e0f80 - - default default] project_id key not found in filters, using tenant_id instead. This support has been deprecated and will be removed in a future release. [pid: 7|app: 0|req: 718/1632] 10.0.0.48 () {32 vars in 773 bytes} [Wed May 6 02:26:05 2026] GET /v2.0/security-groups?tenant_id=63a5372e74f045d5b54c48c1e1940872&name=default => generated 2925 bytes in 119 msecs (HTTP/1.1 200) 4 headers in 158 bytes (1 switches on core 0)
2026-05-06 02:26:05.326 7 INFO neutron.api.v2.resource [None req-4d3ad9d3-abe8-4f1e-b05a-f3e3e8e2e5ba 26560dc3d6df4085bc9d4a0cb286f311 932f1f32c1214ffe8582c3aa3f2b54eb - - default default] remove_router_interface failed (client error): The resource could not be found. [pid: 7|app: 0|req: 719/1633] 10.0.0.48 () {34 vars in 788 bytes} [Wed May 6 02:26:05 2026] PUT /v2.0/routers/55cf591a-c070-4bbc-98e2-24a032586081/remove_router_interface => generated 197 bytes in 75 msecs (HTTP/1.1 404) 4 headers in 164 bytes (1 switches on core 0) [pid: 7|app: 0|req: 720/1634] 10.0.0.106 () {34 vars in 1108 bytes} [Wed May 6 02:26:05 2026] GET /v2.0/networks/d7b20b0a-a264-4344-b933-6dd8b54315fa?fields=provider%3Aphysical_network&fields=provider%3Anetwork_type => generated 79 bytes in 37 msecs (HTTP/1.1 200) 4 headers in 156 bytes (1 switches on core 0)
2026-05-06 02:26:05.376 8 WARNING neutron.scheduler.dhcp_agent_scheduler [None req-501d0fda-5baa-4d0d-9abf-e8e215e5aeb6 9a47f0f929d745caad85818aa41c0dc3 8c0cea63189441b0abd7f38f4454af87 - - default default] No more DHCP agents
2026-05-06 02:26:05.378 8 WARNING neutron.api.rpc.agentnotifiers.dhcp_rpc_agent_api [None req-501d0fda-5baa-4d0d-9abf-e8e215e5aeb6 9a47f0f929d745caad85818aa41c0dc3 8c0cea63189441b0abd7f38f4454af87 - - default default] Unable to schedule network f1174860-036e-4219-9c32-e832b9f1dc44: no agents available; will retry on subsequent port and subnet creation events.
2026-05-06 02:26:05.462 7 WARNING neutron.plugins.ml2.drivers.ovn.mech_driver.ovsdb.ovn_client [None req-c0221937-24dd-40b2-a816-e8c145c7e5a1 - - - - - -] No hosting information found for port 66f72e59-34ce-427a-9702-fd03331fdc4e: RuntimeError: No hosting information found for port 66f72e59-34ce-427a-9702-fd03331fdc4e
2026-05-06 02:26:05.528 7 INFO neutron.common.ovn.utils [None req-c0221937-24dd-40b2-a816-e8c145c7e5a1 - - - - - -] HA Chassis Group neutron-d7b20b0a-a264-4344-b933-6dd8b54315fa synchronized; highest priority chassis 70feb335-107a-41f1-9b78-8f4700ac1f32 [pid: 7|app: 0|req: 721/1635] 10.0.0.48 () {32 vars in 739 bytes} [Wed May 6 02:26:05 2026] DELETE /v2.0/security-groups/a363b182-aebc-4c44-88eb-31ad41d7fc31 => generated 0 bytes in 284 msecs (HTTP/1.1 204) 2 headers in 112 bytes (1 switches on core 0)
2026-05-06 02:26:05.655 7 INFO neutron.db.ovn_revision_numbers_db [None req-c0221937-24dd-40b2-a816-e8c145c7e5a1 - - - - - -] Successfully bumped revision number for resource 66f72e59-34ce-427a-9702-fd03331fdc4e (type: router_ports) to 2
2026-05-06 02:26:05.655 7 INFO neutron.plugins.ml2.drivers.ovn.mech_driver.mech_driver [None req-c0221937-24dd-40b2-a816-e8c145c7e5a1 - - - - - -] OVN reports status down for port: 4f8d5c24-bda8-4d1e-83a7-2e3f6e23b5ad [pid: 7|app: 0|req: 722/1636] 10.0.0.48 () {32 vars in 735 bytes} [Wed May 6 02:26:05 2026] GET /v2.0/ports?device_id=55cf591a-c070-4bbc-98e2-24a032586081 => generated 12 bytes in 24 msecs (HTTP/1.1 200) 4 headers in 156 bytes (1 switches on core 0) [pid: 7|app: 0|req: 723/1637] 10.0.0.106 () {34 vars in 990 bytes} [Wed May 6 02:26:05 2026] GET /v2.0/ports?device_id=f2249e2e-1a43-477b-afac-8d02bf04bb41 => generated 12 bytes in 39 msecs (HTTP/1.1 200) 4 headers in 156 bytes (1 switches on core 0)
2026-05-06 02:26:05.810 7 INFO neutron.plugins.ml2.drivers.ovn.mech_driver.mech_driver [None req-c0221937-24dd-40b2-a816-e8c145c7e5a1 - - - - - -] OVN reports status down for port: ecf68c31-129a-408d-ae06-14af57997557
2026-05-06 02:26:05.899 8 INFO neutron.db.ovn_revision_numbers_db [None req-501d0fda-5baa-4d0d-9abf-e8e215e5aeb6 9a47f0f929d745caad85818aa41c0dc3 8c0cea63189441b0abd7f38f4454af87 - - default default] Successfully bumped revision number for resource ecf68c31-129a-408d-ae06-14af57997557 (type: ports) to 2
2026-05-06 02:26:05.930 8 INFO neutron.db.ovn_revision_numbers_db [None req-501d0fda-5baa-4d0d-9abf-e8e215e5aeb6 9a47f0f929d745caad85818aa41c0dc3 8c0cea63189441b0abd7f38f4454af87 - - default default] Successfully bumped revision number for resource 6c74aea8-f642-4a21-8a62-7c05baeb4767 (type: subnets) to 0 [pid: 8|app: 0|req: 915/1638] 10.0.0.48 () {34 vars in 668 bytes} [Wed May 6 02:26:05 2026] POST /v2.0/subnets => generated 626 bytes in 790 msecs (HTTP/1.1 201) 4 headers in 162 bytes (1 switches on core 0) [pid: 7|app: 0|req: 724/1639] 10.0.0.48 () {32 vars in 723 bytes} [Wed May 6 02:26:05 2026] DELETE /v2.0/routers/55cf591a-c070-4bbc-98e2-24a032586081 => generated 0 bytes in 330 msecs (HTTP/1.1 204) 2 headers in 112 bytes (1 switches on core 0)
2026-05-06 02:26:06.091 8 INFO neutron.db.ovn_revision_numbers_db [None req-61a5e4a0-fe99-4024-aba1-2866b7503df8 9a47f0f929d745caad85818aa41c0dc3 8c0cea63189441b0abd7f38f4454af87 - - default default] Successfully bumped revision number for resource ad7502b2-beea-484b-a34e-37fc408d2c4e (type: routers) to 1 [pid: 8|app: 0|req: 916/1640] 10.0.0.48 () {34 vars in 668 bytes} [Wed May 6 02:26:05 2026] POST /v2.0/routers => generated 624 bytes in 152 msecs (HTTP/1.1 201) 4 headers in 162 bytes (1 switches on core 0) [pid: 7|app: 0|req: 725/1641] 10.0.0.48 () {32 vars in 723 bytes} [Wed May 6 02:26:06 2026] DELETE /v2.0/subnets/9c8fd4ff-2d51-4194-b7a3-f468c1b5b167 => generated 0 bytes in 143 msecs (HTTP/1.1 204) 3 headers in 131 bytes (1 switches on core 0)
2026-05-06 02:26:06.293 7 INFO neutron_taas.services.taas.taas_plugin [None req-02ab74a8-9bb8-4eef-ba5f-d98c49465d93 26560dc3d6df4085bc9d4a0cb286f311 932f1f32c1214ffe8582c3aa3f2b54eb - - default default] TaaS: Handle Delete Port: aabaace6-a1e2-4045-8fd0-6d853fd26e76
2026-05-06 02:26:06.295 7 INFO neutron_taas.services.taas.tap_mirror_plugin [None req-02ab74a8-9bb8-4eef-ba5f-d98c49465d93 26560dc3d6df4085bc9d4a0cb286f311 932f1f32c1214ffe8582c3aa3f2b54eb - - default default] Tap Mirror: Handle Delete Port: aabaace6-a1e2-4045-8fd0-6d853fd26e76
2026-05-06 02:26:06.448 7 INFO neutron.services.segments.plugin [-] Segment a7b835c1-e01b-48bb-a687-7e4e875ab16d resource provider aggregate not found
2026-05-06 02:26:06.451 7 INFO neutron.services.segments.plugin [-] Segment a7b835c1-e01b-48bb-a687-7e4e875ab16d resource provider aggregate not found
2026-05-06 02:26:06.471 7 INFO neutron.services.segments.plugin [-] Segment a7b835c1-e01b-48bb-a687-7e4e875ab16d resource provider not found; error: Placement Client Error (4xx): {"errors": [{"status": 404, "title": "Not Found", "detail": "The resource could not be found.\n\n No resource provider with uuid a7b835c1-e01b-48bb-a687-7e4e875ab16d found for delete ", "request_id": "req-5e6b3339-5874-40f8-912e-8ae16c9dbc6f"}]}
2026-05-06 02:26:06.471 7 INFO neutron.services.segments.plugin [-] Segment a7b835c1-e01b-48bb-a687-7e4e875ab16d resource provider not found; error: Placement Client Error (4xx): {"errors": [{"status": 404, "title": "Not Found", "detail": "The resource could not be found.\n\n No resource provider with uuid a7b835c1-e01b-48bb-a687-7e4e875ab16d found for delete ", "request_id": "req-cb279ef6-3b49-4e92-a3ab-da4ea2b0031a"}]} [pid: 7|app: 0|req: 726/1642] 10.0.0.48 () {32 vars in 725 bytes} [Wed May 6 02:26:06 2026] DELETE /v2.0/networks/d4740295-660a-44c6-9bc2-03776f605d71 => generated 0 bytes in 294 msecs (HTTP/1.1 204) 3 headers in 131 bytes (1 switches on core 0)
2026-05-06 02:26:06.515 8 WARNING neutron.scheduler.dhcp_agent_scheduler [None req-e5ac64e3-8928-4f0f-a989-0cc26fe8987f 9a47f0f929d745caad85818aa41c0dc3 8c0cea63189441b0abd7f38f4454af87 - - default default] No more DHCP agents
2026-05-06 02:26:06.517 8 WARNING neutron.api.rpc.agentnotifiers.dhcp_rpc_agent_api [None req-e5ac64e3-8928-4f0f-a989-0cc26fe8987f 9a47f0f929d745caad85818aa41c0dc3 8c0cea63189441b0abd7f38f4454af87 - - default default] Unable to schedule network 7bafe3a8-c594-4c8f-9c46-4c8fc2bcfd46: no agents available; will retry on subsequent port and subnet creation events.
2026-05-06 02:26:06.588 7 INFO neutron.db.segments_db [None req-ab6dd28f-2eda-4def-92c5-0d338e24e002 26560dc3d6df4085bc9d4a0cb286f311 932f1f32c1214ffe8582c3aa3f2b54eb - - default default] Added segment 8b2d65ef-b968-4f0c-932e-338e08314226 of type geneve for network cab7ed45-0401-42e9-aeb7-5ada3dad4edd
2026-05-06 02:26:06.697 8 INFO neutron.db.ovn_revision_numbers_db [None req-e5ac64e3-8928-4f0f-a989-0cc26fe8987f 9a47f0f929d745caad85818aa41c0dc3 8c0cea63189441b0abd7f38f4454af87 - - default default] Successfully bumped revision number for resource fb8be4c4-3ab3-4ae3-b48f-6deeab696fe8 (type: ports) to 1
2026-05-06 02:26:06.718 7 INFO neutron.db.ovn_revision_numbers_db [None req-ab6dd28f-2eda-4def-92c5-0d338e24e002 26560dc3d6df4085bc9d4a0cb286f311 932f1f32c1214ffe8582c3aa3f2b54eb - - default default] Successfully bumped revision number for resource cab7ed45-0401-42e9-aeb7-5ada3dad4edd (type: networks) to 1
2026-05-06 02:26:06.880 7 WARNING neutron.scheduler.dhcp_agent_scheduler [None req-ab6dd28f-2eda-4def-92c5-0d338e24e002 26560dc3d6df4085bc9d4a0cb286f311 932f1f32c1214ffe8582c3aa3f2b54eb - - default default] No more DHCP agents
2026-05-06 02:26:06.882 7 WARNING neutron.api.rpc.agentnotifiers.dhcp_rpc_agent_api [None req-ab6dd28f-2eda-4def-92c5-0d338e24e002 26560dc3d6df4085bc9d4a0cb286f311 932f1f32c1214ffe8582c3aa3f2b54eb - - default default] Unable to schedule network cab7ed45-0401-42e9-aeb7-5ada3dad4edd: no agents available; will retry on subsequent port and subnet creation events.
2026-05-06 02:26:06.940 7 INFO neutron.plugins.ml2.drivers.ovn.mech_driver.mech_driver [None req-c0221937-24dd-40b2-a816-e8c145c7e5a1 - - - - - -] OVN reports status down for port: 6a592c01-c7c2-4408-9ada-fb66cdbbc73c
2026-05-06 02:26:07.000 7 INFO neutron.db.ovn_revision_numbers_db [None req-ab6dd28f-2eda-4def-92c5-0d338e24e002 26560dc3d6df4085bc9d4a0cb286f311 932f1f32c1214ffe8582c3aa3f2b54eb - - default default] Successfully bumped revision number for resource 6a592c01-c7c2-4408-9ada-fb66cdbbc73c (type: ports) to 1 [pid: 7|app: 0|req: 727/1643] 10.0.0.48 () {34 vars in 669 bytes} [Wed May 6 02:26:06 2026] POST /v2.0/networks => generated 671 bytes in 552 msecs (HTTP/1.1 201) 4 headers in 162 bytes (1 switches on core 0) [pid: 7|app: 0|req: 728/1644] 10.0.0.106 () {34 vars in 990 bytes} [Wed May 6 02:26:07 2026] GET /v2.0/ports?device_id=f2249e2e-1a43-477b-afac-8d02bf04bb41 => generated 12 bytes in 20 msecs (HTTP/1.1 200) 4 headers in 156 bytes (1 switches on core 0)
2026-05-06 02:26:07.260 7 WARNING neutron.scheduler.dhcp_agent_scheduler [None req-5c0ecf0b-c67c-47cb-b05a-fd93576b82a4 26560dc3d6df4085bc9d4a0cb286f311 932f1f32c1214ffe8582c3aa3f2b54eb - - default default] No more DHCP agents
2026-05-06 02:26:07.261 7 WARNING neutron.api.rpc.agentnotifiers.dhcp_rpc_agent_api [None req-5c0ecf0b-c67c-47cb-b05a-fd93576b82a4 26560dc3d6df4085bc9d4a0cb286f311 932f1f32c1214ffe8582c3aa3f2b54eb - - default default] Unable to schedule network cab7ed45-0401-42e9-aeb7-5ada3dad4edd: no agents available; will retry on subsequent port and subnet creation events.
2026-05-06 02:26:07.302 7 INFO neutron.db.ovn_revision_numbers_db [None req-5c0ecf0b-c67c-47cb-b05a-fd93576b82a4 26560dc3d6df4085bc9d4a0cb286f311 932f1f32c1214ffe8582c3aa3f2b54eb - - default default] Successfully bumped revision number for resource 2b345033-9313-4fca-bd28-ce58f59b9256 (type: subnets) to 0 [pid: 7|app: 0|req: 729/1645] 10.0.0.48 () {34 vars in 668 bytes} [Wed May 6 02:26:07 2026] POST /v2.0/subnets => generated 646 bytes in 245 msecs (HTTP/1.1 201) 4 headers in 162 bytes (1 switches on core 0)
2026-05-06 02:26:07.367 8 WARNING neutron.scheduler.dhcp_agent_scheduler [None req-e5ac64e3-8928-4f0f-a989-0cc26fe8987f 9a47f0f929d745caad85818aa41c0dc3 8c0cea63189441b0abd7f38f4454af87 - - default default] No more DHCP agents
2026-05-06 02:26:07.368 8 WARNING neutron.api.rpc.agentnotifiers.dhcp_rpc_agent_api [None req-e5ac64e3-8928-4f0f-a989-0cc26fe8987f 9a47f0f929d745caad85818aa41c0dc3 8c0cea63189441b0abd7f38f4454af87 - - default default] Unable to schedule network 7bafe3a8-c594-4c8f-9c46-4c8fc2bcfd46: no agents available; will retry on subsequent port and subnet creation events.
2026-05-06 02:26:07.428 7 INFO neutron.db.ovn_revision_numbers_db [None req-428ce8b2-1ec1-46d5-9085-d9a9875c88ea 26560dc3d6df4085bc9d4a0cb286f311 932f1f32c1214ffe8582c3aa3f2b54eb - - default default] Successfully bumped revision number for resource 6b19ed6a-7388-435e-8539-e6b9e60eb861 (type: routers) to 1 [pid: 7|app: 0|req: 730/1646] 10.0.0.48 () {34 vars in 668 bytes} [Wed May 6 02:26:07 2026] POST /v2.0/routers => generated 628 bytes in 120 msecs (HTTP/1.1 201) 4 headers in 162 bytes (1 switches on core 0)
2026-05-06 02:26:07.612 8 INFO neutron.db.ovn_revision_numbers_db [None req-e5ac64e3-8928-4f0f-a989-0cc26fe8987f 9a47f0f929d745caad85818aa41c0dc3 8c0cea63189441b0abd7f38f4454af87 - - default default] Successfully bumped revision number for resource fb8be4c4-3ab3-4ae3-b48f-6deeab696fe8 (type: router_ports) to 1 [pid: 8|app: 0|req: 917/1647] 10.0.0.48 () {34 vars in 782 bytes} [Wed May 6 02:26:06 2026] PUT /v2.0/routers/ad7502b2-beea-484b-a34e-37fc408d2c4e/add_router_interface => generated 310 bytes in 1501 msecs (HTTP/1.1 200) 4 headers in 157 bytes (1 switches on core 0)
2026-05-06 02:26:07.724 7 INFO neutron.db.ovn_revision_numbers_db [None req-3106c127-f9b0-4ac0-b613-25f82fbf4750 81e065c19637402393d001472d641dc6 be89c1b2c35b47cc92bfc6287721f40c - - default default] Successfully bumped revision number for resource 66fc6393-d8d6-4f0a-bea9-d97b7d8758af (type: security_groups) to 1
2026-05-06 02:26:07.738 7 INFO neutron.db.ovn_revision_numbers_db [None req-3106c127-f9b0-4ac0-b613-25f82fbf4750 81e065c19637402393d001472d641dc6 be89c1b2c35b47cc92bfc6287721f40c - - default default] Successfully bumped revision number for resource 4d1e2013-a82e-4438-a388-0e3521995d9c (type: security_group_rules) to 0
2026-05-06 02:26:07.750 7 INFO neutron.db.ovn_revision_numbers_db [None req-3106c127-f9b0-4ac0-b613-25f82fbf4750 81e065c19637402393d001472d641dc6 be89c1b2c35b47cc92bfc6287721f40c - - default default] Successfully bumped revision number for resource 5b217684-3540-435d-bc9b-fd53c339dd71 (type: security_group_rules) to 0
2026-05-06 02:26:07.760 7 INFO neutron.db.ovn_revision_numbers_db [None req-3106c127-f9b0-4ac0-b613-25f82fbf4750 81e065c19637402393d001472d641dc6 be89c1b2c35b47cc92bfc6287721f40c - - default default] Successfully bumped revision number for resource 703baff3-4377-4be7-a796-79d4f58a8571 (type: security_group_rules) to 0
2026-05-06 02:26:07.773 7 INFO neutron.db.ovn_revision_numbers_db [None req-3106c127-f9b0-4ac0-b613-25f82fbf4750 81e065c19637402393d001472d641dc6 be89c1b2c35b47cc92bfc6287721f40c - - default default] Successfully bumped revision number for resource f568c9ad-d7f4-47c9-b50d-8612225c261f (type: security_group_rules) to 0
2026-05-06 02:26:07.883 7 INFO neutron.db.ovn_revision_numbers_db [None req-3106c127-f9b0-4ac0-b613-25f82fbf4750 81e065c19637402393d001472d641dc6 be89c1b2c35b47cc92bfc6287721f40c - - default default] Successfully bumped revision number for resource 411d0e74-d259-441b-9d1d-b842b91ac728 (type: security_groups) to 1
2026-05-06 02:26:07.895 7 INFO neutron.db.ovn_revision_numbers_db [None req-3106c127-f9b0-4ac0-b613-25f82fbf4750 81e065c19637402393d001472d641dc6 be89c1b2c35b47cc92bfc6287721f40c - - default default] Successfully bumped revision number for resource 21e30312-5b6e-406e-b206-ba17779da540 (type: security_group_rules) to 0
2026-05-06 02:26:07.907 7 INFO neutron.db.ovn_revision_numbers_db [None req-3106c127-f9b0-4ac0-b613-25f82fbf4750 81e065c19637402393d001472d641dc6 be89c1b2c35b47cc92bfc6287721f40c - - default default] Successfully bumped revision number for resource 945781ba-ad44-4789-99ac-abc4bd03ea20 (type: security_group_rules) to 0 [pid: 7|app: 0|req: 731/1648] 10.0.0.48 () {34 vars in 683 bytes} [Wed May 6 02:26:07 2026] POST /v2.0/security-groups => generated 1625 bytes in 500 msecs (HTTP/1.1 201) 4 headers in 163 bytes (1 switches on core 0) [pid: 7|app: 0|req: 732/1649] 10.0.0.48 () {32 vars in 716 bytes} [Wed May 6 02:26:07 2026] GET /v2.0/ports/fb8be4c4-3ab3-4ae3-b48f-6deeab696fe8 => generated 941 bytes in 27 msecs (HTTP/1.1 200) 4 headers in 157 bytes (1 switches on core 0)
2026-05-06 02:26:08.003 8 WARNING neutron.scheduler.dhcp_agent_scheduler [None req-77b3c53e-214f-487f-9f59-909fe2fe3e8c 26560dc3d6df4085bc9d4a0cb286f311 932f1f32c1214ffe8582c3aa3f2b54eb - - default default] No more DHCP agents
2026-05-06 02:26:08.004 8 WARNING neutron.api.rpc.agentnotifiers.dhcp_rpc_agent_api [None req-77b3c53e-214f-487f-9f59-909fe2fe3e8c 26560dc3d6df4085bc9d4a0cb286f311 932f1f32c1214ffe8582c3aa3f2b54eb - - default default] Unable to schedule network cab7ed45-0401-42e9-aeb7-5ada3dad4edd: no agents available; will retry on subsequent port and subnet creation events. [pid: 7|app: 0|req: 735/1652] 10.0.0.48 () {32 vars in 662 bytes} [Wed May 6 02:26:07 2026] GET /v2.0/security-groups => generated 4530 bytes in 40 msecs (HTTP/1.1 200) 4 headers in 158 bytes (1 switches on core 0)
2026-05-06 02:26:08.125 8 INFO neutron.db.ovn_revision_numbers_db [None req-77b3c53e-214f-487f-9f59-909fe2fe3e8c 26560dc3d6df4085bc9d4a0cb286f311 932f1f32c1214ffe8582c3aa3f2b54eb - - default default] Successfully bumped revision number for resource fca496df-3dd7-4fb0-b866-7e6000666ac5 (type: ports) to 1
2026-05-06 02:26:08.365 8 WARNING neutron.plugins.ml2.drivers.ovn.mech_driver.ovsdb.ovn_client [None req-10483610-a4b7-457e-9409-7693c0f46cee - - - - - -] No port found with ID ab71858c-4fbe-4b0e-a4f6-51508b8a1b87: RuntimeError: No port found with ID ab71858c-4fbe-4b0e-a4f6-51508b8a1b87
2026-05-06 02:26:08.394 8 INFO neutron.plugins.ml2.drivers.ovn.mech_driver.mech_driver [None req-10483610-a4b7-457e-9409-7693c0f46cee - - - - - -] OVN reports status down for port: fb8be4c4-3ab3-4ae3-b48f-6deeab696fe8
2026-05-06 02:26:08.431 7 WARNING neutron.scheduler.dhcp_agent_scheduler [None req-184d4b21-258a-48de-972c-6cd21203af5c 9a47f0f929d745caad85818aa41c0dc3 8c0cea63189441b0abd7f38f4454af87 - - default default] No more DHCP agents
2026-05-06 02:26:08.433 7 WARNING neutron.api.rpc.agentnotifiers.dhcp_rpc_agent_api [None req-184d4b21-258a-48de-972c-6cd21203af5c 9a47f0f929d745caad85818aa41c0dc3 8c0cea63189441b0abd7f38f4454af87 - - default default] Unable to schedule network f1174860-036e-4219-9c32-e832b9f1dc44: no agents available; will retry on subsequent port and subnet creation events.
2026-05-06 02:26:08.519 8 WARNING neutron.plugins.ml2.drivers.ovn.mech_driver.ovsdb.ovn_client [None req-10483610-a4b7-457e-9409-7693c0f46cee - - - - - -] Logical_Switch_Port fb8be4c4-3ab3-4ae3-b48f-6deeab696fe8 host information not removed, the port state is up
2026-05-06 02:26:08.520 8 INFO neutron.plugins.ml2.drivers.ovn.mech_driver.mech_driver [None req-10483610-a4b7-457e-9409-7693c0f46cee - - - - - -] OVN reports status up for port: fb8be4c4-3ab3-4ae3-b48f-6deeab696fe8
2026-05-06 02:26:08.563 8 INFO neutron.plugins.ml2.plugin [None req-10483610-a4b7-457e-9409-7693c0f46cee - - - - - -] Attempt 1 to provision port fb8be4c4-3ab3-4ae3-b48f-6deeab696fe8
2026-05-06 02:26:08.574 7 INFO neutron.db.ovn_revision_numbers_db [None req-184d4b21-258a-48de-972c-6cd21203af5c 9a47f0f929d745caad85818aa41c0dc3 8c0cea63189441b0abd7f38f4454af87 - - default default] Successfully bumped revision number for resource 69e8fc43-fae7-48aa-be92-e2841b682ef2 (type: ports) to 1
2026-05-06 02:26:08.968 8 WARNING neutron.scheduler.dhcp_agent_scheduler [None req-77b3c53e-214f-487f-9f59-909fe2fe3e8c 26560dc3d6df4085bc9d4a0cb286f311 932f1f32c1214ffe8582c3aa3f2b54eb - - default default] No more DHCP agents
2026-05-06 02:26:08.971 8 WARNING neutron.api.rpc.agentnotifiers.dhcp_rpc_agent_api [None req-77b3c53e-214f-487f-9f59-909fe2fe3e8c 26560dc3d6df4085bc9d4a0cb286f311 932f1f32c1214ffe8582c3aa3f2b54eb - - default default] Unable to schedule network cab7ed45-0401-42e9-aeb7-5ada3dad4edd: no agents available; will retry on subsequent port and subnet creation events.
2026-05-06 02:26:09.258 7 WARNING neutron.scheduler.dhcp_agent_scheduler [None req-184d4b21-258a-48de-972c-6cd21203af5c 9a47f0f929d745caad85818aa41c0dc3 8c0cea63189441b0abd7f38f4454af87 - - default default] No more DHCP agents
2026-05-06 02:26:09.259 7 WARNING neutron.api.rpc.agentnotifiers.dhcp_rpc_agent_api [None req-184d4b21-258a-48de-972c-6cd21203af5c 9a47f0f929d745caad85818aa41c0dc3 8c0cea63189441b0abd7f38f4454af87 - - default default] Unable to schedule network f1174860-036e-4219-9c32-e832b9f1dc44: no agents available; will retry on subsequent port and subnet creation events.
2026-05-06 02:26:09.336 8 INFO neutron.db.ovn_revision_numbers_db [None req-10483610-a4b7-457e-9409-7693c0f46cee - - - - - -] Successfully bumped revision number for resource fb8be4c4-3ab3-4ae3-b48f-6deeab696fe8 (type: ports) to 2
2026-05-06 02:26:09.486 7 INFO neutron.db.ovn_revision_numbers_db [None req-184d4b21-258a-48de-972c-6cd21203af5c 9a47f0f929d745caad85818aa41c0dc3 8c0cea63189441b0abd7f38f4454af87 - - default default] Successfully bumped revision number for resource 69e8fc43-fae7-48aa-be92-e2841b682ef2 (type: router_ports) to 1 [pid: 7|app: 0|req: 736/1653] 10.0.0.48 () {34 vars in 782 bytes} [Wed May 6 02:26:08 2026] PUT /v2.0/routers/ad7502b2-beea-484b-a34e-37fc408d2c4e/add_router_interface => generated 310 bytes in 1475 msecs (HTTP/1.1 200) 4 headers in 157 bytes (1 switches on core 0)
2026-05-06 02:26:09.540 8 INFO neutron.db.ovn_revision_numbers_db [None req-77b3c53e-214f-487f-9f59-909fe2fe3e8c 26560dc3d6df4085bc9d4a0cb286f311 932f1f32c1214ffe8582c3aa3f2b54eb - - default default] Successfully bumped revision number for resource fca496df-3dd7-4fb0-b866-7e6000666ac5 (type: router_ports) to 1 [pid: 8|app: 0|req: 918/1654] 10.0.0.48 () {34 vars in 782 bytes} [Wed May 6 02:26:07 2026] PUT /v2.0/routers/6b19ed6a-7388-435e-8539-e6b9e60eb861/add_router_interface => generated 310 bytes in 1942 msecs (HTTP/1.1 200) 4 headers in 157 bytes (1 switches on core 0)
2026-05-06 02:26:09.567 7 INFO neutron.db.ovn_revision_numbers_db [None req-2319d5ca-acf1-46dc-93d7-7ca2a11eab8c 81e065c19637402393d001472d641dc6 be89c1b2c35b47cc92bfc6287721f40c - - default default] Successfully bumped revision number for resource 411d0e74-d259-441b-9d1d-b842b91ac728 (type: security_groups) to 2 [pid: 7|app: 0|req: 737/1655] 10.0.0.48 () {34 vars in 757 bytes} [Wed May 6 02:26:09 2026] PUT /v2.0/security-groups/411d0e74-d259-441b-9d1d-b842b91ac728 => generated 1662 bytes in 103 msecs (HTTP/1.1 200) 4 headers in 158 bytes (1 switches on core 0) [pid: 8|app: 0|req: 919/1656] 10.0.0.106 () {34 vars in 990 bytes} [Wed May 6 02:26:09 2026] GET /v2.0/ports?device_id=f2249e2e-1a43-477b-afac-8d02bf04bb41 => generated 12 bytes in 41 msecs (HTTP/1.1 200) 4 headers in 156 bytes (1 switches on core 0) [pid: 7|app: 0|req: 738/1657] 10.0.0.48 () {32 vars in 716 bytes} [Wed May 6 02:26:09 2026] GET /v2.0/ports/69e8fc43-fae7-48aa-be92-e2841b682ef2 => generated 941 bytes in 62 msecs (HTTP/1.1 200) 4 headers in 157 bytes (1 switches on core 0) [pid: 7|app: 0|req: 739/1658] 10.0.0.48 () {32 vars in 736 bytes} [Wed May 6 02:26:09 2026] GET /v2.0/security-groups/411d0e74-d259-441b-9d1d-b842b91ac728 => generated 1662 bytes in 21 msecs (HTTP/1.1 200) 4 headers in 158 bytes (1 switches on core 0) [pid: 8|app: 0|req: 920/1659] 10.0.0.48 () {32 vars in 716 bytes} [Wed May 6 02:26:09 2026] GET /v2.0/ports/fca496df-3dd7-4fb0-b866-7e6000666ac5 => generated 945 bytes in 104 msecs (HTTP/1.1 200) 4 headers in 157 bytes (1 switches on core 0) [pid: 7|app: 0|req: 740/1660] 10.0.0.48 () {32 vars in 716 bytes} [Wed May 6 02:26:09 2026] GET /v2.0/ports/69e8fc43-fae7-48aa-be92-e2841b682ef2 => generated 941 bytes in 32 msecs (HTTP/1.1 200) 4 headers in 157 bytes (1 switches on core 0) [pid: 7|app: 0|req: 741/1661] 10.0.0.48 () {32 vars in 716 bytes} [Wed May 6 02:26:09 2026] GET /v2.0/ports/fca496df-3dd7-4fb0-b866-7e6000666ac5 => generated 945 bytes in 34 msecs (HTTP/1.1 200) 4 headers in 157 bytes (1 switches on core 0) [pid: 7|app: 0|req: 742/1662] 199.204.45.216 () {34 vars in 986 bytes} [Wed May 6 02:26:09 2026] GET /v2.0/networks?id=d7b20b0a-a264-4344-b933-6dd8b54315fa => generated 710 bytes in 46 msecs (HTTP/1.1 200) 4 headers in 157 bytes (1 switches on core 0) [pid: 8|app: 0|req: 921/1663] 10.0.0.48 () {32 vars in 739 bytes} [Wed May 6 02:26:09 2026] DELETE /v2.0/security-groups/411d0e74-d259-441b-9d1d-b842b91ac728 => generated 0 bytes in 136 msecs (HTTP/1.1 204) 2 headers in 112 bytes (1 switches on core 0) [pid: 8|app: 0|req: 922/1664] 10.0.0.48 () {32 vars in 662 bytes} [Wed May 6 02:26:09 2026] GET /v2.0/security-groups => generated 2925 bytes in 49 msecs (HTTP/1.1 200) 4 headers in 158 bytes (1 switches on core 0)
2026-05-06 02:26:09.910 8 INFO neutron.api.v2.resource [None req-53def5a3-dc14-4e96-a9a4-7a951fa780de 81e065c19637402393d001472d641dc6 be89c1b2c35b47cc92bfc6287721f40c - - default default] delete failed (client error): The resource could not be found. [pid: 8|app: 0|req: 923/1665] 10.0.0.48 () {32 vars in 739 bytes} [Wed May 6 02:26:09 2026] DELETE /v2.0/security-groups/411d0e74-d259-441b-9d1d-b842b91ac728 => generated 146 bytes in 12 msecs (HTTP/1.1 404) 4 headers in 164 bytes (1 switches on core 0)
2026-05-06 02:26:10.035 8 INFO neutron.db.ovn_revision_numbers_db [None req-62c66b6a-f93f-411a-a5a5-190bad7fe727 81e065c19637402393d001472d641dc6 be89c1b2c35b47cc92bfc6287721f40c - - default default] Successfully bumped revision number for resource 5e3977ab-a7f2-4e5a-be95-a7ff4381694f (type: security_groups) to 1
2026-05-06 02:26:10.047 8 INFO neutron.db.ovn_revision_numbers_db [None req-62c66b6a-f93f-411a-a5a5-190bad7fe727 81e065c19637402393d001472d641dc6 be89c1b2c35b47cc92bfc6287721f40c - - default default] Successfully bumped revision number for resource 5e940b5d-d332-4b99-ba83-d5c457b90608 (type: security_group_rules) to 0
2026-05-06 02:26:10.059 8 INFO neutron.db.ovn_revision_numbers_db [None req-62c66b6a-f93f-411a-a5a5-190bad7fe727 81e065c19637402393d001472d641dc6 be89c1b2c35b47cc92bfc6287721f40c - - default default] Successfully bumped revision number for resource 7fb7c2e4-82d5-4c84-9c45-7de2c1846783 (type: security_group_rules) to 0
2026-05-06 02:26:10.093 7 WARNING neutron.scheduler.dhcp_agent_scheduler [req-6cafb480-e4b8-43a9-8209-0a724f2e21ae req-724dc312-f1c2-486a-850f-d2f1124a11c7 d84af9c09afd424881c4a085d7f640c8 33d665d01a66433789df50a098813608 - - default default] No more DHCP agents [pid: 8|app: 0|req: 924/1666] 10.0.0.48 () {34 vars in 683 bytes} [Wed May 6 02:26:09 2026] POST /v2.0/security-groups => generated 1624 bytes in 176 msecs (HTTP/1.1 201) 4 headers in 163 bytes (1 switches on core 0)
2026-05-06 02:26:10.095 7 WARNING neutron.api.rpc.agentnotifiers.dhcp_rpc_agent_api [req-6cafb480-e4b8-43a9-8209-0a724f2e21ae req-724dc312-f1c2-486a-850f-d2f1124a11c7 d84af9c09afd424881c4a085d7f640c8 33d665d01a66433789df50a098813608 - - default default] Unable to schedule network d7b20b0a-a264-4344-b933-6dd8b54315fa: no agents available; will retry on subsequent port and subnet creation events.
2026-05-06 02:26:10.239 8 INFO neutron.db.ovn_revision_numbers_db [None req-ecbee602-7087-469d-88f1-3462c67b54c8 81e065c19637402393d001472d641dc6 be89c1b2c35b47cc92bfc6287721f40c - - default default] Successfully bumped revision number for resource d52b9d9f-b680-430e-8c3b-925d99eebb62 (type: security_group_rules) to 0
2026-05-06 02:26:10.264 7 INFO neutron.db.ovn_revision_numbers_db [req-6cafb480-e4b8-43a9-8209-0a724f2e21ae req-724dc312-f1c2-486a-850f-d2f1124a11c7 d84af9c09afd424881c4a085d7f640c8 33d665d01a66433789df50a098813608 - - default default] Successfully bumped revision number for resource e59ecf7a-f4bf-404d-9f38-05e34a367ae2 (type: ports) to 1 [pid: 8|app: 0|req: 925/1667] 10.0.0.48 () {34 vars in 694 bytes} [Wed May 6 02:26:10 2026] POST /v2.0/security-group-rules => generated 601 bytes in 172 msecs (HTTP/1.1 201) 4 headers in 162 bytes (1 switches on core 0) [pid: 8|app: 0|req: 926/1668] 10.0.0.48 () {32 vars in 746 bytes} [Wed May 6 02:26:10 2026] GET /v2.0/security-group-rules/d52b9d9f-b680-430e-8c3b-925d99eebb62 => generated 601 bytes in 15 msecs (HTTP/1.1 200) 4 headers in 157 bytes (1 switches on core 0) [pid: 7|app: 0|req: 743/1669] 199.204.45.216 () {38 vars in 955 bytes} [Wed May 6 02:26:09 2026] POST /v2.0/ports => generated 954 bytes in 531 msecs (HTTP/1.1 201) 4 headers in 162 bytes (1 switches on core 0) /var/lib/openstack/lib/python3.12/site-packages/pycadf/identifier.py:70: UserWarning: Invalid uuid: neutron. To ensure interoperability, identifiers should be a valid uuid. warnings.warn(('Invalid uuid: %s. To ensure interoperability, ' [pid: 8|app: 0|req: 927/1670] 10.0.0.48 () {32 vars in 672 bytes} [Wed May 6 02:26:10 2026] GET /v2.0/security-group-rules => generated 4138 bytes in 86 msecs (HTTP/1.1 200) 4 headers in 158 bytes (1 switches on core 0) [pid: 8|app: 0|req: 928/1671] 10.0.0.48 () {32 vars in 749 bytes} [Wed May 6 02:26:10 2026] DELETE /v2.0/security-group-rules/d52b9d9f-b680-430e-8c3b-925d99eebb62 => generated 0 bytes in 110 msecs (HTTP/1.1 204) 2 headers in 112 bytes (1 switches on core 0) [pid: 8|app: 0|req: 929/1672] 10.0.0.48 () {32 vars in 672 bytes} [Wed May 6 02:26:10 2026] GET /v2.0/security-group-rules => generated 3560 bytes in 49 msecs (HTTP/1.1 200) 4 headers in 158 bytes (1 switches on core 0)
2026-05-06 02:26:10.655 8 INFO neutron.db.ovn_revision_numbers_db [None req-030732d6-849c-43a3-a234-95201c2e59b6 81e065c19637402393d001472d641dc6 be89c1b2c35b47cc92bfc6287721f40c - - default default] Successfully bumped revision number for resource 447205cc-97ac-4dea-9b5b-dd5855e4e7e3 (type: security_group_rules) to 0 [pid: 8|app: 0|req: 930/1673] 10.0.0.48 () {34 vars in 694 bytes} [Wed May 6 02:26:10 2026] POST /v2.0/security-group-rules => generated 601 bytes in 138 msecs (HTTP/1.1 201) 4 headers in 162 bytes (1 switches on core 0)
2026-05-06 02:26:10.721 7 INFO neutron.db.ovn_revision_numbers_db [req-6cafb480-e4b8-43a9-8209-0a724f2e21ae req-2943f147-862f-4623-af70-1cf39b09986f d097a563e8ae40b8ad2dde75c8f82853 ad213e60f2e045309348ce14f89d8997 - - cf110c9edfa3463082cb90a601f6bab1 cf110c9edfa3463082cb90a601f6bab1] Successfully bumped revision number for resource e59ecf7a-f4bf-404d-9f38-05e34a367ae2 (type: ports) to 2 [pid: 8|app: 0|req: 931/1674] 10.0.0.106 () {34 vars in 990 bytes} [Wed May 6 02:26:10 2026] GET /v2.0/ports?device_id=f2249e2e-1a43-477b-afac-8d02bf04bb41 => generated 969 bytes in 86 msecs (HTTP/1.1 200) 4 headers in 157 bytes (1 switches on core 0) [pid: 8|app: 0|req: 932/1675] 10.0.0.48 () {32 vars in 746 bytes} [Wed May 6 02:26:10 2026] GET /v2.0/security-group-rules/447205cc-97ac-4dea-9b5b-dd5855e4e7e3 => generated 601 bytes in 16 msecs (HTTP/1.1 200) 4 headers in 157 bytes (1 switches on core 0) [pid: 8|app: 0|req: 933/1676] 10.0.0.48 () {32 vars in 716 bytes} [Wed May 6 02:26:10 2026] GET /v2.0/ports/69e8fc43-fae7-48aa-be92-e2841b682ef2 => generated 941 bytes in 73 msecs (HTTP/1.1 200) 4 headers in 157 bytes (1 switches on core 0) [pid: 8|app: 0|req: 934/1677] 10.0.0.48 () {32 vars in 716 bytes} [Wed May 6 02:26:10 2026] GET /v2.0/ports/fca496df-3dd7-4fb0-b866-7e6000666ac5 => generated 945 bytes in 44 msecs (HTTP/1.1 200) 4 headers in 157 bytes (1 switches on core 0)
