2026-05-06 02:28:28.323 7 WARNING neutron.api.rpc.agentnotifiers.dhcp_rpc_agent_api [None req-fc8b25cf-d9dc-431d-b172-061c33ebb3dd d0cb5aea9a7141d59be52dbdd8a64828 57e99eb0dafe44a1a96bd9400afe8ae5 - - default default] Unable to schedule network af8b7560-57a5-4eef-88b0-7a9aa8f6295d: no agents available; will retry on subsequent port and subnet creation events.
2026-05-06 02:28:28.369 8 INFO neutron.plugins.ml2.drivers.ovn.mech_driver.mech_driver [None req-f67366d3-cef2-47aa-a44d-e2bfe9decc07 - - - - - -] OVN reports status down for port: 8b8640c5-0db2-4022-bf76-802ff7c7d449
2026-05-06 02:28:28.403 7 INFO neutron.db.ovn_revision_numbers_db [None req-fc8b25cf-d9dc-431d-b172-061c33ebb3dd d0cb5aea9a7141d59be52dbdd8a64828 57e99eb0dafe44a1a96bd9400afe8ae5 - - default default] Successfully bumped revision number for resource 8b8640c5-0db2-4022-bf76-802ff7c7d449 (type: ports) to 1 [pid: 7|app: 0|req: 1210/2565] 10.0.0.48 () {34 vars in 669 bytes} [Wed May 6 02:28:27 2026] POST /v2.0/networks => generated 670 bytes in 875 msecs (HTTP/1.1 201) 4 headers in 162 bytes (1 switches on core 0)
2026-05-06 02:28:28.616 8 WARNING neutron.scheduler.dhcp_agent_scheduler [None req-1de56408-1c35-468d-bf40-9609a232ab50 d0cb5aea9a7141d59be52dbdd8a64828 57e99eb0dafe44a1a96bd9400afe8ae5 - - default default] No more DHCP agents
2026-05-06 02:28:28.617 8 WARNING neutron.api.rpc.agentnotifiers.dhcp_rpc_agent_api [None req-1de56408-1c35-468d-bf40-9609a232ab50 d0cb5aea9a7141d59be52dbdd8a64828 57e99eb0dafe44a1a96bd9400afe8ae5 - - default default] Unable to schedule network af8b7560-57a5-4eef-88b0-7a9aa8f6295d: no agents available; will retry on subsequent port and subnet creation events.
2026-05-06 02:28:29.053 8 INFO neutron.db.ovn_revision_numbers_db [None req-1de56408-1c35-468d-bf40-9609a232ab50 d0cb5aea9a7141d59be52dbdd8a64828 57e99eb0dafe44a1a96bd9400afe8ae5 - - default default] Successfully bumped revision number for resource 8b8640c5-0db2-4022-bf76-802ff7c7d449 (type: ports) to 2
2026-05-06 02:28:29.090 8 INFO neutron.db.ovn_revision_numbers_db [None req-1de56408-1c35-468d-bf40-9609a232ab50 d0cb5aea9a7141d59be52dbdd8a64828 57e99eb0dafe44a1a96bd9400afe8ae5 - - default default] Successfully bumped revision number for resource 1625157c-ff66-42bf-82a6-9a3952266233 (type: subnets) to 0 [pid: 8|app: 0|req: 1356/2566] 10.0.0.48 () {34 vars in 668 bytes} [Wed May 6 02:28:28 2026] POST /v2.0/subnets => generated 626 bytes in 669 msecs (HTTP/1.1 201) 4 headers in 162 bytes (1 switches on core 0) [pid: 7|app: 0|req: 1211/2567] 10.0.0.48 () {34 vars in 750 bytes} [Wed May 6 02:28:29 2026] PUT /v2.0/subnets/1625157c-ff66-42bf-82a6-9a3952266233/tags => generated 25 bytes in 74 msecs (HTTP/1.1 200) 4 headers in 156 bytes (1 switches on core 0) [pid: 8|app: 0|req: 1357/2568] 10.0.0.48 () {32 vars in 730 bytes} [Wed May 6 02:28:29 2026] GET /v2.0/subnets/1625157c-ff66-42bf-82a6-9a3952266233/tags => generated 25 bytes in 52 msecs (HTTP/1.1 200) 4 headers in 156 bytes (1 switches on core 0) [pid: 7|app: 0|req: 1212/2569] 10.0.0.48 () {34 vars in 761 bytes} [Wed May 6 02:28:29 2026] PUT /v2.0/subnets/1625157c-ff66-42bf-82a6-9a3952266233/tags/green => generated 4 bytes in 60 msecs (HTTP/1.1 201) 4 headers in 160 bytes (1 switches on core 0) [pid: 8|app: 0|req: 1358/2570] 10.0.0.48 () {32 vars in 730 bytes} [Wed May 6 02:28:29 2026] GET /v2.0/subnets/1625157c-ff66-42bf-82a6-9a3952266233/tags => generated 34 bytes in 44 msecs (HTTP/1.1 200) 4 headers in 156 bytes (1 switches on core 0) [pid: 7|app: 0|req: 1213/2571] 10.0.0.48 () {34 vars in 757 bytes} [Wed May 6 02:28:29 2026] PUT /v2.0/subnets/1625157c-ff66-42bf-82a6-9a3952266233/tags/red => generated 4 bytes in 59 msecs (HTTP/1.1 201) 4 headers in 160 bytes (1 switches on core 0) [pid: 8|app: 0|req: 1359/2572] 10.0.0.48 () {32 vars in 730 bytes} [Wed May 6 02:28:29 2026] GET /v2.0/subnets/1625157c-ff66-42bf-82a6-9a3952266233/tags => generated 34 bytes in 42 msecs (HTTP/1.1 200) 4 headers in 156 bytes (1 switches on core 0) [pid: 7|app: 0|req: 1214/2573] 10.0.0.48 () {34 vars in 779 bytes} [Wed May 6 02:28:29 2026] PUT /v2.0/subnets/1625157c-ff66-42bf-82a6-9a3952266233/tags/black.or.white => generated 4 bytes in 69 msecs (HTTP/1.1 201) 4 headers in 160 bytes (1 switches on core 0) [pid: 8|app: 0|req: 1360/2574] 10.0.0.48 () {32 vars in 730 bytes} [Wed May 6 02:28:29 2026] GET /v2.0/subnets/1625157c-ff66-42bf-82a6-9a3952266233/tags => generated 52 bytes in 42 msecs (HTTP/1.1 200) 4 headers in 156 bytes (1 switches on core 0) [pid: 7|app: 0|req: 1215/2575] 10.0.0.48 () {34 vars in 750 bytes} [Wed May 6 02:28:29 2026] PUT /v2.0/subnets/1625157c-ff66-42bf-82a6-9a3952266233/tags => generated 37 bytes in 71 msecs (HTTP/1.1 200) 4 headers in 156 bytes (1 switches on core 0) [pid: 8|app: 0|req: 1361/2576] 10.0.0.48 () {32 vars in 730 bytes} [Wed May 6 02:28:29 2026] GET /v2.0/subnets/1625157c-ff66-42bf-82a6-9a3952266233/tags => generated 37 bytes in 42 msecs (HTTP/1.1 200) 4 headers in 156 bytes (1 switches on core 0) [pid: 7|app: 0|req: 1216/2577] 10.0.0.48 () {32 vars in 738 bytes} [Wed May 6 02:28:29 2026] GET /v2.0/subnets/1625157c-ff66-42bf-82a6-9a3952266233/tags/red => generated 0 bytes in 46 msecs (HTTP/1.1 204) 2 headers in 112 bytes (1 switches on core 0)
2026-05-06 02:28:29.818 8 INFO neutron.api.v2.resource [None req-43bf6a6f-2af5-4111-8a65-5bc4b49cf59d d0cb5aea9a7141d59be52dbdd8a64828 57e99eb0dafe44a1a96bd9400afe8ae5 - - default default] show failed (client error): The resource could not be found. [pid: 8|app: 0|req: 1362/2578] 10.0.0.48 () {32 vars in 742 bytes} [Wed May 6 02:28:29 2026] GET /v2.0/subnets/1625157c-ff66-42bf-82a6-9a3952266233/tags/green => generated 99 bytes in 52 msecs (HTTP/1.1 404) 4 headers in 163 bytes (1 switches on core 0) [pid: 7|app: 0|req: 1217/2579] 10.0.0.48 () {32 vars in 741 bytes} [Wed May 6 02:28:29 2026] DELETE /v2.0/subnets/1625157c-ff66-42bf-82a6-9a3952266233/tags/red => generated 0 bytes in 61 msecs (HTTP/1.1 204) 2 headers in 112 bytes (1 switches on core 0) [pid: 8|app: 0|req: 1363/2580] 10.0.0.48 () {32 vars in 730 bytes} [Wed May 6 02:28:29 2026] GET /v2.0/subnets/1625157c-ff66-42bf-82a6-9a3952266233/tags => generated 30 bytes in 41 msecs (HTTP/1.1 200) 4 headers in 156 bytes (1 switches on core 0)
2026-05-06 02:28:29.981 7 INFO neutron.api.v2.resource [None req-3613ae7f-25da-436f-954d-9f20c01dd901 d0cb5aea9a7141d59be52dbdd8a64828 57e99eb0dafe44a1a96bd9400afe8ae5 - - default default] delete failed (client error): The resource could not be found. [pid: 7|app: 0|req: 1218/2581] 10.0.0.48 () {32 vars in 745 bytes} [Wed May 6 02:28:29 2026] DELETE /v2.0/subnets/1625157c-ff66-42bf-82a6-9a3952266233/tags/green => generated 99 bytes in 45 msecs (HTTP/1.1 404) 4 headers in 163 bytes (1 switches on core 0) [pid: 8|app: 0|req: 1364/2582] 10.0.0.48 () {32 vars in 733 bytes} [Wed May 6 02:28:29 2026] DELETE /v2.0/subnets/1625157c-ff66-42bf-82a6-9a3952266233/tags => generated 0 bytes in 68 msecs (HTTP/1.1 204) 2 headers in 112 bytes (1 switches on core 0) [pid: 7|app: 0|req: 1219/2583] 10.0.0.48 () {32 vars in 730 bytes} [Wed May 6 02:28:30 2026] GET /v2.0/subnets/1625157c-ff66-42bf-82a6-9a3952266233/tags => generated 12 bytes in 37 msecs (HTTP/1.1 200) 4 headers in 156 bytes (1 switches on core 0) [pid: 8|app: 0|req: 1365/2584] 10.0.0.48 () {32 vars in 723 bytes} [Wed May 6 02:28:30 2026] DELETE /v2.0/subnets/1625157c-ff66-42bf-82a6-9a3952266233 => generated 0 bytes in 174 msecs (HTTP/1.1 204) 3 headers in 131 bytes (1 switches on core 0)
2026-05-06 02:28:30.425 7 INFO neutron_taas.services.taas.taas_plugin [None req-35a24fd3-e406-48cf-b86a-1e311758e390 d0cb5aea9a7141d59be52dbdd8a64828 57e99eb0dafe44a1a96bd9400afe8ae5 - - default default] TaaS: Handle Delete Port: 8b8640c5-0db2-4022-bf76-802ff7c7d449
2026-05-06 02:28:30.430 7 INFO neutron_taas.services.taas.tap_mirror_plugin [None req-35a24fd3-e406-48cf-b86a-1e311758e390 d0cb5aea9a7141d59be52dbdd8a64828 57e99eb0dafe44a1a96bd9400afe8ae5 - - default default] Tap Mirror: Handle Delete Port: 8b8640c5-0db2-4022-bf76-802ff7c7d449
2026-05-06 02:28:30.628 7 INFO neutron.services.segments.plugin [-] Segment ab67d555-13ba-47bb-ad96-80d73b58165c resource provider aggregate not found
2026-05-06 02:28:30.635 7 INFO neutron.services.segments.plugin [-] Segment ab67d555-13ba-47bb-ad96-80d73b58165c resource provider aggregate not found
2026-05-06 02:28:30.655 7 INFO neutron.services.segments.plugin [-] Segment ab67d555-13ba-47bb-ad96-80d73b58165c resource provider not found; error: Placement Client Error (4xx): {"errors": [{"status": 404, "title": "Not Found", "detail": "The resource could not be found.\n\n No resource provider with uuid ab67d555-13ba-47bb-ad96-80d73b58165c found for delete ", "request_id": "req-a78e047c-532b-4ad1-80cf-bf38ae5b294b"}]}
2026-05-06 02:28:30.670 7 INFO neutron.services.segments.plugin [-] Segment ab67d555-13ba-47bb-ad96-80d73b58165c resource provider not found; error: Placement Client Error (4xx): {"errors": [{"status": 404, "title": "Not Found", "detail": "The resource could not be found.\n\n No resource provider with uuid ab67d555-13ba-47bb-ad96-80d73b58165c found for delete ", "request_id": "req-513ddf53-6131-45a3-a030-e8eb137da664"}]} [pid: 7|app: 0|req: 1220/2585] 10.0.0.48 () {32 vars in 725 bytes} [Wed May 6 02:28:30 2026] DELETE /v2.0/networks/af8b7560-57a5-4eef-88b0-7a9aa8f6295d => generated 0 bytes in 393 msecs (HTTP/1.1 204) 3 headers in 131 bytes (1 switches on core 0)
2026-05-06 02:28:31.554 8 WARNING neutron.db.securitygroups_db [None req-133da411-428f-491a-bd18-27e8b05bb246 3fe67d1e0e2c450a9143f5f3d815706a 95417795ad9b4f91be5475568d2e0f80 - - default default] project_id key not found in filters, using tenant_id instead. This support has been deprecated and will be removed in a future release.
2026-05-06 02:28:31.679 8 INFO neutron.db.ovn_revision_numbers_db [None req-133da411-428f-491a-bd18-27e8b05bb246 3fe67d1e0e2c450a9143f5f3d815706a 95417795ad9b4f91be5475568d2e0f80 - - default default] Successfully bumped revision number for resource 64f0e8ae-e665-48bb-9cda-f2adab3db34b (type: security_groups) to 1
2026-05-06 02:28:31.695 8 INFO neutron.db.ovn_revision_numbers_db [None req-133da411-428f-491a-bd18-27e8b05bb246 3fe67d1e0e2c450a9143f5f3d815706a 95417795ad9b4f91be5475568d2e0f80 - - default default] Successfully bumped revision number for resource 72931486-6f61-4366-ae14-927357c41bfe (type: security_group_rules) to 0
2026-05-06 02:28:31.707 8 INFO neutron.db.ovn_revision_numbers_db [None req-133da411-428f-491a-bd18-27e8b05bb246 3fe67d1e0e2c450a9143f5f3d815706a 95417795ad9b4f91be5475568d2e0f80 - - default default] Successfully bumped revision number for resource 87623830-1f81-4346-a4df-f1e37524f885 (type: security_group_rules) to 0
2026-05-06 02:28:31.718 8 INFO neutron.db.ovn_revision_numbers_db [None req-133da411-428f-491a-bd18-27e8b05bb246 3fe67d1e0e2c450a9143f5f3d815706a 95417795ad9b4f91be5475568d2e0f80 - - default default] Successfully bumped revision number for resource ba753b3b-6caf-4fee-a4ef-41bd3218bcc8 (type: security_group_rules) to 0
2026-05-06 02:28:31.734 8 INFO neutron.db.ovn_revision_numbers_db [None req-133da411-428f-491a-bd18-27e8b05bb246 3fe67d1e0e2c450a9143f5f3d815706a 95417795ad9b4f91be5475568d2e0f80 - - default default] Successfully bumped revision number for resource bc2ac187-b971-44a9-84b7-7ef3850c0d7c (type: security_group_rules) to 0 [pid: 8|app: 0|req: 1366/2586] 10.0.0.48 () {32 vars in 773 bytes} [Wed May 6 02:28:31 2026] GET /v2.0/security-groups?tenant_id=42d96b2fca964fecb0cdecc3666ecf7b&name=default => generated 2925 bytes in 482 msecs (HTTP/1.1 200) 4 headers in 158 bytes (1 switches on core 0) [pid: 7|app: 0|req: 1221/2587] 10.0.0.48 () {32 vars in 739 bytes} [Wed May 6 02:28:31 2026] DELETE /v2.0/security-groups/64f0e8ae-e665-48bb-9cda-f2adab3db34b => generated 0 bytes in 197 msecs (HTTP/1.1 204) 2 headers in 112 bytes (1 switches on core 0)
2026-05-06 02:28:32.226 8 WARNING neutron.db.securitygroups_db [None req-1eb4ba58-2885-439e-b6df-b84c6e7b9691 3fe67d1e0e2c450a9143f5f3d815706a 95417795ad9b4f91be5475568d2e0f80 - - default default] project_id key not found in filters, using tenant_id instead. This support has been deprecated and will be removed in a future release. [pid: 8|app: 0|req: 1367/2588] 10.0.0.48 () {32 vars in 773 bytes} [Wed May 6 02:28:32 2026] GET /v2.0/security-groups?tenant_id=57e99eb0dafe44a1a96bd9400afe8ae5&name=default => generated 2925 bytes in 45 msecs (HTTP/1.1 200) 4 headers in 158 bytes (1 switches on core 0) [pid: 7|app: 0|req: 1222/2589] 10.0.0.48 () {32 vars in 739 bytes} [Wed May 6 02:28:32 2026] DELETE /v2.0/security-groups/67db63a7-376b-48fe-bd4c-523c0cab87f9 => generated 0 bytes in 211 msecs (HTTP/1.1 204) 2 headers in 112 bytes (1 switches on core 0)
2026-05-06 02:28:33.680 8 INFO neutron.db.ovn_revision_numbers_db [None req-af9d5b99-492d-40a0-af63-1428b5b56c0f c9610a5a032b4e8baf3f0bc69e81c47f 26556dcb430b443ea6ca7bbbf60aadf7 - - default default] Successfully bumped revision number for resource bfc91e44-76e9-4171-8378-6f0e07aa42c1 (type: security_groups) to 1
2026-05-06 02:28:33.693 8 INFO neutron.db.ovn_revision_numbers_db [None req-af9d5b99-492d-40a0-af63-1428b5b56c0f c9610a5a032b4e8baf3f0bc69e81c47f 26556dcb430b443ea6ca7bbbf60aadf7 - - default default] Successfully bumped revision number for resource 080b7c64-6f72-42fd-a67e-c875413bf858 (type: security_group_rules) to 0
2026-05-06 02:28:33.709 8 INFO neutron.db.ovn_revision_numbers_db [None req-af9d5b99-492d-40a0-af63-1428b5b56c0f c9610a5a032b4e8baf3f0bc69e81c47f 26556dcb430b443ea6ca7bbbf60aadf7 - - default default] Successfully bumped revision number for resource 18916b2b-2a53-4317-9bf8-63a1a6316ec1 (type: security_group_rules) to 0
2026-05-06 02:28:33.724 8 INFO neutron.db.ovn_revision_numbers_db [None req-af9d5b99-492d-40a0-af63-1428b5b56c0f c9610a5a032b4e8baf3f0bc69e81c47f 26556dcb430b443ea6ca7bbbf60aadf7 - - default default] Successfully bumped revision number for resource 2603c3de-c4b9-4713-8da7-07955a08aecd (type: security_group_rules) to 0
2026-05-06 02:28:33.737 8 INFO neutron.db.ovn_revision_numbers_db [None req-af9d5b99-492d-40a0-af63-1428b5b56c0f c9610a5a032b4e8baf3f0bc69e81c47f 26556dcb430b443ea6ca7bbbf60aadf7 - - default default] Successfully bumped revision number for resource 37528a20-10a5-496c-9817-c63b17b031e9 (type: security_group_rules) to 0
2026-05-06 02:28:33.825 8 INFO neutron.db.segments_db [None req-af9d5b99-492d-40a0-af63-1428b5b56c0f c9610a5a032b4e8baf3f0bc69e81c47f 26556dcb430b443ea6ca7bbbf60aadf7 - - default default] Added segment 51a1a3c4-ffef-4ef9-9624-2b440898954b of type geneve for network d87d6de6-3e4f-40f4-89f4-b671eacb66b1
2026-05-06 02:28:33.940 8 INFO neutron.db.ovn_revision_numbers_db [None req-af9d5b99-492d-40a0-af63-1428b5b56c0f c9610a5a032b4e8baf3f0bc69e81c47f 26556dcb430b443ea6ca7bbbf60aadf7 - - default default] Successfully bumped revision number for resource d87d6de6-3e4f-40f4-89f4-b671eacb66b1 (type: networks) to 1
2026-05-06 02:28:34.148 8 WARNING neutron.scheduler.dhcp_agent_scheduler [None req-af9d5b99-492d-40a0-af63-1428b5b56c0f c9610a5a032b4e8baf3f0bc69e81c47f 26556dcb430b443ea6ca7bbbf60aadf7 - - default default] No more DHCP agents
2026-05-06 02:28:34.149 8 WARNING neutron.api.rpc.agentnotifiers.dhcp_rpc_agent_api [None req-af9d5b99-492d-40a0-af63-1428b5b56c0f c9610a5a032b4e8baf3f0bc69e81c47f 26556dcb430b443ea6ca7bbbf60aadf7 - - default default] Unable to schedule network d87d6de6-3e4f-40f4-89f4-b671eacb66b1: no agents available; will retry on subsequent port and subnet creation events.
2026-05-06 02:28:34.204 8 INFO neutron.plugins.ml2.drivers.ovn.mech_driver.mech_driver [None req-f67366d3-cef2-47aa-a44d-e2bfe9decc07 - - - - - -] OVN reports status down for port: bc2cf05f-ff9f-47fc-ba0d-21da5fb18cb2
2026-05-06 02:28:34.269 8 INFO neutron.db.ovn_revision_numbers_db [None req-af9d5b99-492d-40a0-af63-1428b5b56c0f c9610a5a032b4e8baf3f0bc69e81c47f 26556dcb430b443ea6ca7bbbf60aadf7 - - default default] Successfully bumped revision number for resource bc2cf05f-ff9f-47fc-ba0d-21da5fb18cb2 (type: ports) to 1 [pid: 8|app: 0|req: 1368/2590] 10.0.0.48 () {34 vars in 669 bytes} [Wed May 6 02:28:33 2026] POST /v2.0/networks => generated 678 bytes in 920 msecs (HTTP/1.1 201) 4 headers in 162 bytes (1 switches on core 0)
2026-05-06 02:28:34.517 7 WARNING neutron.scheduler.dhcp_agent_scheduler [None req-e1dccfb8-17ab-45be-afaa-5c0870bd48e7 c9610a5a032b4e8baf3f0bc69e81c47f 26556dcb430b443ea6ca7bbbf60aadf7 - - default default] No more DHCP agents
2026-05-06 02:28:34.518 7 WARNING neutron.api.rpc.agentnotifiers.dhcp_rpc_agent_api [None req-e1dccfb8-17ab-45be-afaa-5c0870bd48e7 c9610a5a032b4e8baf3f0bc69e81c47f 26556dcb430b443ea6ca7bbbf60aadf7 - - default default] Unable to schedule network d87d6de6-3e4f-40f4-89f4-b671eacb66b1: no agents available; will retry on subsequent port and subnet creation events.
2026-05-06 02:28:35.000 7 INFO neutron.db.ovn_revision_numbers_db [None req-e1dccfb8-17ab-45be-afaa-5c0870bd48e7 c9610a5a032b4e8baf3f0bc69e81c47f 26556dcb430b443ea6ca7bbbf60aadf7 - - default default] Successfully bumped revision number for resource bc2cf05f-ff9f-47fc-ba0d-21da5fb18cb2 (type: ports) to 2
2026-05-06 02:28:35.038 7 INFO neutron.db.ovn_revision_numbers_db [None req-e1dccfb8-17ab-45be-afaa-5c0870bd48e7 c9610a5a032b4e8baf3f0bc69e81c47f 26556dcb430b443ea6ca7bbbf60aadf7 - - default default] Successfully bumped revision number for resource 8fa679b5-cbb7-407f-a6c4-ac98643801fc (type: subnets) to 0 [pid: 7|app: 0|req: 1223/2591] 10.0.0.48 () {34 vars in 668 bytes} [Wed May 6 02:28:34 2026] POST /v2.0/subnets => generated 657 bytes in 737 msecs (HTTP/1.1 201) 4 headers in 162 bytes (1 switches on core 0) [pid: 8|app: 0|req: 1369/2592] 10.0.0.48 () {32 vars in 721 bytes} [Wed May 6 02:28:35 2026] GET /v2.0/subnetpools?name=shared-default-subnetpool-v6 => generated 19 bytes in 160 msecs (HTTP/1.1 200) 4 headers in 156 bytes (1 switches on core 0)
2026-05-06 02:28:35.420 7 WARNING neutron.scheduler.dhcp_agent_scheduler [None req-781046e6-4f53-4235-8cc6-b34810e99ade c9610a5a032b4e8baf3f0bc69e81c47f 26556dcb430b443ea6ca7bbbf60aadf7 - - default default] No more DHCP agents
2026-05-06 02:28:35.421 7 WARNING neutron.api.rpc.agentnotifiers.dhcp_rpc_agent_api [None req-781046e6-4f53-4235-8cc6-b34810e99ade c9610a5a032b4e8baf3f0bc69e81c47f 26556dcb430b443ea6ca7bbbf60aadf7 - - default default] Unable to schedule network d87d6de6-3e4f-40f4-89f4-b671eacb66b1: no agents available; will retry on subsequent port and subnet creation events.
2026-05-06 02:28:35.458 7 INFO neutron.db.ovn_revision_numbers_db [None req-781046e6-4f53-4235-8cc6-b34810e99ade c9610a5a032b4e8baf3f0bc69e81c47f 26556dcb430b443ea6ca7bbbf60aadf7 - - default default] Successfully bumped revision number for resource 7f505027-2bac-42f1-98dc-c93fc1d1b7ff (type: subnets) to 0 [pid: 7|app: 0|req: 1224/2593] 10.0.0.48 () {34 vars in 668 bytes} [Wed May 6 02:28:35 2026] POST /v2.0/subnets => generated 732 bytes in 251 msecs (HTTP/1.1 201) 4 headers in 162 bytes (1 switches on core 0)
2026-05-06 02:28:35.564 8 INFO neutron.db.segments_db [None req-bf3b9700-14b6-4671-9af4-f109dd5c40c0 c9610a5a032b4e8baf3f0bc69e81c47f 26556dcb430b443ea6ca7bbbf60aadf7 - - default default] Added segment c77c6040-f0db-4969-9510-1f708fc9d598 of type geneve for network b6387657-b6cd-41af-84f9-c1a967a17857
2026-05-06 02:28:35.682 8 INFO neutron.db.ovn_revision_numbers_db [None req-bf3b9700-14b6-4671-9af4-f109dd5c40c0 c9610a5a032b4e8baf3f0bc69e81c47f 26556dcb430b443ea6ca7bbbf60aadf7 - - default default] Successfully bumped revision number for resource b6387657-b6cd-41af-84f9-c1a967a17857 (type: networks) to 1
2026-05-06 02:28:35.838 8 WARNING neutron.scheduler.dhcp_agent_scheduler [None req-bf3b9700-14b6-4671-9af4-f109dd5c40c0 c9610a5a032b4e8baf3f0bc69e81c47f 26556dcb430b443ea6ca7bbbf60aadf7 - - default default] No more DHCP agents
2026-05-06 02:28:35.839 8 WARNING neutron.api.rpc.agentnotifiers.dhcp_rpc_agent_api [None req-bf3b9700-14b6-4671-9af4-f109dd5c40c0 c9610a5a032b4e8baf3f0bc69e81c47f 26556dcb430b443ea6ca7bbbf60aadf7 - - default default] Unable to schedule network b6387657-b6cd-41af-84f9-c1a967a17857: no agents available; will retry on subsequent port and subnet creation events.
2026-05-06 02:28:35.891 8 INFO neutron.plugins.ml2.drivers.ovn.mech_driver.mech_driver [None req-f67366d3-cef2-47aa-a44d-e2bfe9decc07 - - - - - -] OVN reports status down for port: 4c05f210-183f-4102-a88a-fae64f0c99a8
2026-05-06 02:28:35.957 7 INFO neutron.db.ovn_revision_numbers_db [None req-da6669e8-12b1-48a3-8da4-22332028c3de eccdb695001640ca9bc5fb8bbaf88ae7 92dff9bcc1e64dcc81209a2cbaae0a27 - - default default] Successfully bumped revision number for resource c7774b4f-8fbc-4f19-b990-756c6772d2f4 (type: security_groups) to 1
2026-05-06 02:28:35.957 8 INFO neutron.db.ovn_revision_numbers_db [None req-bf3b9700-14b6-4671-9af4-f109dd5c40c0 c9610a5a032b4e8baf3f0bc69e81c47f 26556dcb430b443ea6ca7bbbf60aadf7 - - default default] Successfully bumped revision number for resource 4c05f210-183f-4102-a88a-fae64f0c99a8 (type: ports) to 1
2026-05-06 02:28:35.969 7 INFO neutron.db.ovn_revision_numbers_db [None req-da6669e8-12b1-48a3-8da4-22332028c3de eccdb695001640ca9bc5fb8bbaf88ae7 92dff9bcc1e64dcc81209a2cbaae0a27 - - default default] Successfully bumped revision number for resource 4eaecf31-517d-4c0c-9c5f-5b2a3815fe07 (type: security_group_rules) to 0
2026-05-06 02:28:35.981 7 INFO neutron.db.ovn_revision_numbers_db [None req-da6669e8-12b1-48a3-8da4-22332028c3de eccdb695001640ca9bc5fb8bbaf88ae7 92dff9bcc1e64dcc81209a2cbaae0a27 - - default default] Successfully bumped revision number for resource 5178da10-ede2-4eeb-a67f-59feee8195ee (type: security_group_rules) to 0
2026-05-06 02:28:35.995 7 INFO neutron.db.ovn_revision_numbers_db [None req-da6669e8-12b1-48a3-8da4-22332028c3de eccdb695001640ca9bc5fb8bbaf88ae7 92dff9bcc1e64dcc81209a2cbaae0a27 - - default default] Successfully bumped revision number for resource 69e82b84-caf4-499c-bb2a-002754b0b839 (type: security_group_rules) to 0 [pid: 8|app: 0|req: 1370/2594] 10.0.0.48 () {34 vars in 669 bytes} [Wed May 6 02:28:35 2026] POST /v2.0/networks => generated 676 bytes in 520 msecs (HTTP/1.1 201) 4 headers in 162 bytes (1 switches on core 0)
2026-05-06 02:28:36.008 7 INFO neutron.db.ovn_revision_numbers_db [None req-da6669e8-12b1-48a3-8da4-22332028c3de eccdb695001640ca9bc5fb8bbaf88ae7 92dff9bcc1e64dcc81209a2cbaae0a27 - - default default] Successfully bumped revision number for resource 6ad85c7e-4930-4abe-8f8a-b21013587168 (type: security_group_rules) to 0
2026-05-06 02:28:36.086 7 INFO neutron.db.segments_db [None req-da6669e8-12b1-48a3-8da4-22332028c3de eccdb695001640ca9bc5fb8bbaf88ae7 92dff9bcc1e64dcc81209a2cbaae0a27 - - default default] Added segment 9d8c42fb-719b-4f01-811d-025e5bfeb8cc of type geneve for network 76028f62-909c-44ef-b316-47d974f862e6
2026-05-06 02:28:36.201 7 INFO neutron.db.ovn_revision_numbers_db [None req-da6669e8-12b1-48a3-8da4-22332028c3de eccdb695001640ca9bc5fb8bbaf88ae7 92dff9bcc1e64dcc81209a2cbaae0a27 - - default default] Successfully bumped revision number for resource 76028f62-909c-44ef-b316-47d974f862e6 (type: networks) to 1
2026-05-06 02:28:36.202 8 WARNING neutron.scheduler.dhcp_agent_scheduler [None req-f83b5841-314c-4f1c-b261-d81c8de428e6 c9610a5a032b4e8baf3f0bc69e81c47f 26556dcb430b443ea6ca7bbbf60aadf7 - - default default] No more DHCP agents
2026-05-06 02:28:36.204 8 WARNING neutron.api.rpc.agentnotifiers.dhcp_rpc_agent_api [None req-f83b5841-314c-4f1c-b261-d81c8de428e6 c9610a5a032b4e8baf3f0bc69e81c47f 26556dcb430b443ea6ca7bbbf60aadf7 - - default default] Unable to schedule network b6387657-b6cd-41af-84f9-c1a967a17857: no agents available; will retry on subsequent port and subnet creation events.
2026-05-06 02:28:36.374 7 WARNING neutron.scheduler.dhcp_agent_scheduler [None req-da6669e8-12b1-48a3-8da4-22332028c3de eccdb695001640ca9bc5fb8bbaf88ae7 92dff9bcc1e64dcc81209a2cbaae0a27 - - default default] No more DHCP agents
2026-05-06 02:28:36.375 7 WARNING neutron.api.rpc.agentnotifiers.dhcp_rpc_agent_api [None req-da6669e8-12b1-48a3-8da4-22332028c3de eccdb695001640ca9bc5fb8bbaf88ae7 92dff9bcc1e64dcc81209a2cbaae0a27 - - default default] Unable to schedule network 76028f62-909c-44ef-b316-47d974f862e6: no agents available; will retry on subsequent port and subnet creation events.
2026-05-06 02:28:36.435 8 INFO neutron.plugins.ml2.drivers.ovn.mech_driver.mech_driver [None req-f67366d3-cef2-47aa-a44d-e2bfe9decc07 - - - - - -] OVN reports status down for port: 6d3e009d-a17e-4df4-a7fd-6310ca12344b
2026-05-06 02:28:36.456 7 INFO neutron.db.ovn_revision_numbers_db [None req-da6669e8-12b1-48a3-8da4-22332028c3de eccdb695001640ca9bc5fb8bbaf88ae7 92dff9bcc1e64dcc81209a2cbaae0a27 - - default default] Successfully bumped revision number for resource 6d3e009d-a17e-4df4-a7fd-6310ca12344b (type: ports) to 1 [pid: 7|app: 0|req: 1225/2595] 10.0.0.48 () {34 vars in 669 bytes} [Wed May 6 02:28:35 2026] POST /v2.0/networks => generated 670 bytes in 723 msecs (HTTP/1.1 201) 4 headers in 162 bytes (1 switches on core 0)
2026-05-06 02:28:36.565 7 INFO neutron.db.segments_db [None req-bd680089-db4b-4e16-b7bf-d919c906df83 eccdb695001640ca9bc5fb8bbaf88ae7 92dff9bcc1e64dcc81209a2cbaae0a27 - - default default] Added segment 2d9d1155-c557-4033-8f49-64343613aa91 of type geneve for network c5933f07-364c-47ad-b8f4-11e9bbe5f2fc
2026-05-06 02:28:36.685 7 INFO neutron.db.ovn_revision_numbers_db [None req-bd680089-db4b-4e16-b7bf-d919c906df83 eccdb695001640ca9bc5fb8bbaf88ae7 92dff9bcc1e64dcc81209a2cbaae0a27 - - default default] Successfully bumped revision number for resource c5933f07-364c-47ad-b8f4-11e9bbe5f2fc (type: networks) to 1
2026-05-06 02:28:36.691 8 INFO neutron.db.ovn_revision_numbers_db [None req-f83b5841-314c-4f1c-b261-d81c8de428e6 c9610a5a032b4e8baf3f0bc69e81c47f 26556dcb430b443ea6ca7bbbf60aadf7 - - default default] Successfully bumped revision number for resource 4c05f210-183f-4102-a88a-fae64f0c99a8 (type: ports) to 2
2026-05-06 02:28:36.721 8 INFO neutron.db.ovn_revision_numbers_db [None req-f83b5841-314c-4f1c-b261-d81c8de428e6 c9610a5a032b4e8baf3f0bc69e81c47f 26556dcb430b443ea6ca7bbbf60aadf7 - - default default] Successfully bumped revision number for resource 1007c959-6663-4514-963d-b26bd2f50d2f (type: subnets) to 0 [pid: 8|app: 0|req: 1371/2596] 10.0.0.48 () {34 vars in 668 bytes} [Wed May 6 02:28:36 2026] POST /v2.0/subnets => generated 656 bytes in 734 msecs (HTTP/1.1 201) 4 headers in 162 bytes (1 switches on core 0)
2026-05-06 02:28:36.857 7 WARNING neutron.scheduler.dhcp_agent_scheduler [None req-bd680089-db4b-4e16-b7bf-d919c906df83 eccdb695001640ca9bc5fb8bbaf88ae7 92dff9bcc1e64dcc81209a2cbaae0a27 - - default default] No more DHCP agents
2026-05-06 02:28:36.858 7 WARNING neutron.api.rpc.agentnotifiers.dhcp_rpc_agent_api [None req-bd680089-db4b-4e16-b7bf-d919c906df83 eccdb695001640ca9bc5fb8bbaf88ae7 92dff9bcc1e64dcc81209a2cbaae0a27 - - default default] Unable to schedule network c5933f07-364c-47ad-b8f4-11e9bbe5f2fc: no agents available; will retry on subsequent port and subnet creation events.
2026-05-06 02:28:36.909 7 INFO neutron.plugins.ml2.drivers.ovn.mech_driver.mech_driver [None req-6958e10b-b8df-4654-90b0-88efea320656 - - - - - -] OVN reports status down for port: 01f4b1cc-e9d0-4838-b009-aa703bbbebca
2026-05-06 02:28:36.959 8 WARNING neutron.scheduler.dhcp_agent_scheduler [None req-9a972fb6-43a0-4b39-9086-01c33be9f11c c9610a5a032b4e8baf3f0bc69e81c47f 26556dcb430b443ea6ca7bbbf60aadf7 - - default default] No more DHCP agents
2026-05-06 02:28:36.960 8 WARNING neutron.api.rpc.agentnotifiers.dhcp_rpc_agent_api [None req-9a972fb6-43a0-4b39-9086-01c33be9f11c c9610a5a032b4e8baf3f0bc69e81c47f 26556dcb430b443ea6ca7bbbf60aadf7 - - default default] Unable to schedule network b6387657-b6cd-41af-84f9-c1a967a17857: no agents available; will retry on subsequent port and subnet creation events.
2026-05-06 02:28:36.961 7 INFO neutron.db.ovn_revision_numbers_db [None req-bd680089-db4b-4e16-b7bf-d919c906df83 eccdb695001640ca9bc5fb8bbaf88ae7 92dff9bcc1e64dcc81209a2cbaae0a27 - - default default] Successfully bumped revision number for resource 01f4b1cc-e9d0-4838-b009-aa703bbbebca (type: ports) to 1
2026-05-06 02:28:36.991 8 INFO neutron.db.ovn_revision_numbers_db [None req-9a972fb6-43a0-4b39-9086-01c33be9f11c c9610a5a032b4e8baf3f0bc69e81c47f 26556dcb430b443ea6ca7bbbf60aadf7 - - default default] Successfully bumped revision number for resource decab97b-43b0-4350-a4f3-8e8124148620 (type: subnets) to 0 [pid: 7|app: 0|req: 1226/2597] 10.0.0.48 () {34 vars in 669 bytes} [Wed May 6 02:28:36 2026] POST /v2.0/networks => generated 670 bytes in 523 msecs (HTTP/1.1 201) 4 headers in 162 bytes (1 switches on core 0) [pid: 8|app: 0|req: 1372/2598] 10.0.0.48 () {34 vars in 668 bytes} [Wed May 6 02:28:36 2026] POST /v2.0/subnets => generated 726 bytes in 266 msecs (HTTP/1.1 201) 4 headers in 162 bytes (1 switches on core 0) [pid: 7|app: 0|req: 1227/2599] 10.0.0.48 () {34 vars in 752 bytes} [Wed May 6 02:28:37 2026] PUT /v2.0/networks/76028f62-909c-44ef-b316-47d974f862e6/tags => generated 25 bytes in 57 msecs (HTTP/1.1 200) 4 headers in 156 bytes (1 switches on core 0)
2026-05-06 02:28:37.101 8 INFO neutron.db.segments_db [None req-b984fa9a-31f9-4691-bee9-d1a4f630fbec c9610a5a032b4e8baf3f0bc69e81c47f 26556dcb430b443ea6ca7bbbf60aadf7 - - default default] Added segment cff08908-6a3b-4db4-9c81-7ff48c36dd02 of type geneve for network b939782d-5352-44be-ac88-dc55048ec61f [pid: 7|app: 0|req: 1228/2600] 10.0.0.48 () {32 vars in 732 bytes} [Wed May 6 02:28:37 2026] GET /v2.0/networks/76028f62-909c-44ef-b316-47d974f862e6/tags => generated 25 bytes in 42 msecs (HTTP/1.1 200) 4 headers in 156 bytes (1 switches on core 0) [pid: 7|app: 0|req: 1229/2601] 10.0.0.48 () {34 vars in 752 bytes} [Wed May 6 02:28:37 2026] PUT /v2.0/networks/c5933f07-364c-47ad-b8f4-11e9bbe5f2fc/tags => generated 17 bytes in 48 msecs (HTTP/1.1 200) 4 headers in 156 bytes (1 switches on core 0)
2026-05-06 02:28:37.220 8 INFO neutron.db.ovn_revision_numbers_db [None req-b984fa9a-31f9-4691-bee9-d1a4f630fbec c9610a5a032b4e8baf3f0bc69e81c47f 26556dcb430b443ea6ca7bbbf60aadf7 - - default default] Successfully bumped revision number for resource b939782d-5352-44be-ac88-dc55048ec61f (type: networks) to 1 [pid: 7|app: 0|req: 1230/2602] 10.0.0.48 () {32 vars in 732 bytes} [Wed May 6 02:28:37 2026] GET /v2.0/networks/c5933f07-364c-47ad-b8f4-11e9bbe5f2fc/tags => generated 17 bytes in 52 msecs (HTTP/1.1 200) 4 headers in 156 bytes (1 switches on core 0) [pid: 7|app: 0|req: 1231/2603] 10.0.0.48 () {34 vars in 752 bytes} [Wed May 6 02:28:37 2026] PUT /v2.0/networks/c5933f07-364c-47ad-b8f4-11e9bbe5f2fc/tags => generated 12 bytes in 56 msecs (HTTP/1.1 200) 4 headers in 156 bytes (1 switches on core 0) [pid: 7|app: 0|req: 1232/2604] 10.0.0.48 () {32 vars in 732 bytes} [Wed May 6 02:28:37 2026] GET /v2.0/networks/c5933f07-364c-47ad-b8f4-11e9bbe5f2fc/tags => generated 12 bytes in 42 msecs (HTTP/1.1 200) 4 headers in 156 bytes (1 switches on core 0)
2026-05-06 02:28:37.378 8 WARNING neutron.scheduler.dhcp_agent_scheduler [None req-b984fa9a-31f9-4691-bee9-d1a4f630fbec c9610a5a032b4e8baf3f0bc69e81c47f 26556dcb430b443ea6ca7bbbf60aadf7 - - default default] No more DHCP agents
2026-05-06 02:28:37.379 8 WARNING neutron.api.rpc.agentnotifiers.dhcp_rpc_agent_api [None req-b984fa9a-31f9-4691-bee9-d1a4f630fbec c9610a5a032b4e8baf3f0bc69e81c47f 26556dcb430b443ea6ca7bbbf60aadf7 - - default default] Unable to schedule network b939782d-5352-44be-ac88-dc55048ec61f: no agents available; will retry on subsequent port and subnet creation events. [pid: 7|app: 0|req: 1233/2605] 10.0.0.48 () {32 vars in 732 bytes} [Wed May 6 02:28:37 2026] GET /v2.0/networks/76028f62-909c-44ef-b316-47d974f862e6/tags => generated 25 bytes in 42 msecs (HTTP/1.1 200) 4 headers in 156 bytes (1 switches on core 0)
2026-05-06 02:28:37.423 8 INFO neutron.plugins.ml2.drivers.ovn.mech_driver.mech_driver [None req-f67366d3-cef2-47aa-a44d-e2bfe9decc07 - - - - - -] OVN reports status down for port: 40118130-470b-462e-bd8d-c9ba461e1487
2026-05-06 02:28:37.477 8 INFO neutron.db.ovn_revision_numbers_db [None req-b984fa9a-31f9-4691-bee9-d1a4f630fbec c9610a5a032b4e8baf3f0bc69e81c47f 26556dcb430b443ea6ca7bbbf60aadf7 - - default default] Successfully bumped revision number for resource 40118130-470b-462e-bd8d-c9ba461e1487 (type: ports) to 1 [pid: 8|app: 0|req: 1373/2606] 10.0.0.48 () {34 vars in 669 bytes} [Wed May 6 02:28:37 2026] POST /v2.0/networks => generated 676 bytes in 508 msecs (HTTP/1.1 201) 4 headers in 162 bytes (1 switches on core 0)
2026-05-06 02:28:37.527 7 INFO neutron_taas.services.taas.taas_plugin [None req-555276b2-cfe5-4fe2-9ddc-148ebdc11ff4 eccdb695001640ca9bc5fb8bbaf88ae7 92dff9bcc1e64dcc81209a2cbaae0a27 - - default default] TaaS: Handle Delete Port: 6d3e009d-a17e-4df4-a7fd-6310ca12344b
2026-05-06 02:28:37.531 7 INFO neutron_taas.services.taas.tap_mirror_plugin [None req-555276b2-cfe5-4fe2-9ddc-148ebdc11ff4 eccdb695001640ca9bc5fb8bbaf88ae7 92dff9bcc1e64dcc81209a2cbaae0a27 - - default default] Tap Mirror: Handle Delete Port: 6d3e009d-a17e-4df4-a7fd-6310ca12344b
2026-05-06 02:28:37.727 7 INFO neutron.services.segments.plugin [-] Segment 9d8c42fb-719b-4f01-811d-025e5bfeb8cc resource provider aggregate not found
2026-05-06 02:28:37.736 7 INFO neutron.services.segments.plugin [-] Segment 9d8c42fb-719b-4f01-811d-025e5bfeb8cc resource provider aggregate not found
2026-05-06 02:28:37.742 8 WARNING neutron.scheduler.dhcp_agent_scheduler [None req-e65114d6-192b-4e7f-9a04-39d1f8a8b5ef c9610a5a032b4e8baf3f0bc69e81c47f 26556dcb430b443ea6ca7bbbf60aadf7 - - default default] No more DHCP agents
2026-05-06 02:28:37.743 8 WARNING neutron.api.rpc.agentnotifiers.dhcp_rpc_agent_api [None req-e65114d6-192b-4e7f-9a04-39d1f8a8b5ef c9610a5a032b4e8baf3f0bc69e81c47f 26556dcb430b443ea6ca7bbbf60aadf7 - - default default] Unable to schedule network b939782d-5352-44be-ac88-dc55048ec61f: no agents available; will retry on subsequent port and subnet creation events.
2026-05-06 02:28:37.752 7 INFO neutron.services.segments.plugin [-] Segment 9d8c42fb-719b-4f01-811d-025e5bfeb8cc resource provider not found; error: Placement Client Error (4xx): {"errors": [{"status": 404, "title": "Not Found", "detail": "The resource could not be found.\n\n No resource provider with uuid 9d8c42fb-719b-4f01-811d-025e5bfeb8cc found for delete ", "request_id": "req-22f0c7f5-1d57-4805-92fb-f9fa2d8dbdca"}]}
2026-05-06 02:28:37.754 7 INFO neutron.services.segments.plugin [-] Segment 9d8c42fb-719b-4f01-811d-025e5bfeb8cc resource provider not found; error: Placement Client Error (4xx): {"errors": [{"status": 404, "title": "Not Found", "detail": "The resource could not be found.\n\n No resource provider with uuid 9d8c42fb-719b-4f01-811d-025e5bfeb8cc found for delete ", "request_id": "req-410e6121-04b7-4870-ad13-1d489d86936c"}]} [pid: 7|app: 0|req: 1234/2607] 10.0.0.48 () {32 vars in 725 bytes} [Wed May 6 02:28:37 2026] DELETE /v2.0/networks/76028f62-909c-44ef-b316-47d974f862e6 => generated 0 bytes in 396 msecs (HTTP/1.1 204) 3 headers in 131 bytes (1 switches on core 0)
2026-05-06 02:28:37.915 7 INFO neutron_taas.services.taas.taas_plugin [None req-487619a5-2c2f-4043-8c38-6f8bd4b6f257 eccdb695001640ca9bc5fb8bbaf88ae7 92dff9bcc1e64dcc81209a2cbaae0a27 - - default default] TaaS: Handle Delete Port: 01f4b1cc-e9d0-4838-b009-aa703bbbebca
2026-05-06 02:28:37.918 7 INFO neutron_taas.services.taas.tap_mirror_plugin [None req-487619a5-2c2f-4043-8c38-6f8bd4b6f257 eccdb695001640ca9bc5fb8bbaf88ae7 92dff9bcc1e64dcc81209a2cbaae0a27 - - default default] Tap Mirror: Handle Delete Port: 01f4b1cc-e9d0-4838-b009-aa703bbbebca [pid: 7|app: 0|req: 1235/2608] 10.0.0.48 () {32 vars in 725 bytes} [Wed May 6 02:28:37 2026] DELETE /v2.0/networks/c5933f07-364c-47ad-b8f4-11e9bbe5f2fc => generated 0 bytes in 332 msecs (HTTP/1.1 204) 3 headers in 131 bytes (1 switches on core 0)
2026-05-06 02:28:38.207 8 INFO neutron.db.ovn_revision_numbers_db [None req-e65114d6-192b-4e7f-9a04-39d1f8a8b5ef c9610a5a032b4e8baf3f0bc69e81c47f 26556dcb430b443ea6ca7bbbf60aadf7 - - default default] Successfully bumped revision number for resource 40118130-470b-462e-bd8d-c9ba461e1487 (type: ports) to 2
2026-05-06 02:28:38.246 8 INFO neutron.db.ovn_revision_numbers_db [None req-e65114d6-192b-4e7f-9a04-39d1f8a8b5ef c9610a5a032b4e8baf3f0bc69e81c47f 26556dcb430b443ea6ca7bbbf60aadf7 - - default default] Successfully bumped revision number for resource 23dc4a04-5c5e-4395-9ba1-38d00e872a30 (type: subnets) to 0 [pid: 8|app: 0|req: 1374/2611] 10.0.0.48 () {34 vars in 668 bytes} [Wed May 6 02:28:37 2026] POST /v2.0/subnets => generated 656 bytes in 739 msecs (HTTP/1.1 201) 4 headers in 162 bytes (1 switches on core 0)
2026-05-06 02:28:38.507 7 WARNING neutron.scheduler.dhcp_agent_scheduler [None req-cdb25ac5-8150-4d2b-b779-33387272a0ab c9610a5a032b4e8baf3f0bc69e81c47f 26556dcb430b443ea6ca7bbbf60aadf7 - - default default] No more DHCP agents
2026-05-06 02:28:38.509 7 WARNING neutron.api.rpc.agentnotifiers.dhcp_rpc_agent_api [None req-cdb25ac5-8150-4d2b-b779-33387272a0ab c9610a5a032b4e8baf3f0bc69e81c47f 26556dcb430b443ea6ca7bbbf60aadf7 - - default default] Unable to schedule network b939782d-5352-44be-ac88-dc55048ec61f: no agents available; will retry on subsequent port and subnet creation events.
2026-05-06 02:28:38.538 7 INFO neutron.db.ovn_revision_numbers_db [None req-cdb25ac5-8150-4d2b-b779-33387272a0ab c9610a5a032b4e8baf3f0bc69e81c47f 26556dcb430b443ea6ca7bbbf60aadf7 - - default default] Successfully bumped revision number for resource cb85e806-ac51-49bd-91a5-66e0002854bc (type: subnets) to 0 [pid: 7|app: 0|req: 1238/2612] 10.0.0.48 () {34 vars in 668 bytes} [Wed May 6 02:28:38 2026] POST /v2.0/subnets => generated 728 bytes in 284 msecs (HTTP/1.1 201) 4 headers in 162 bytes (1 switches on core 0)
2026-05-06 02:28:38.903 7 WARNING neutron.db.securitygroups_db [None req-395755bc-aa17-4208-8425-e909ec3d7e34 3fe67d1e0e2c450a9143f5f3d815706a 95417795ad9b4f91be5475568d2e0f80 - - default default] project_id key not found in filters, using tenant_id instead. This support has been deprecated and will be removed in a future release.
2026-05-06 02:28:38.930 8 WARNING neutron.scheduler.dhcp_agent_scheduler [None req-786bd48b-96dd-4d0f-b1a0-7b7a28772801 c9610a5a032b4e8baf3f0bc69e81c47f 26556dcb430b443ea6ca7bbbf60aadf7 - - default default] No more DHCP agents
2026-05-06 02:28:38.932 8 WARNING neutron.api.rpc.agentnotifiers.dhcp_rpc_agent_api [None req-786bd48b-96dd-4d0f-b1a0-7b7a28772801 c9610a5a032b4e8baf3f0bc69e81c47f 26556dcb430b443ea6ca7bbbf60aadf7 - - default default] Unable to schedule network c0c7a1bc-0c49-4e32-91cd-cd8ed5cb5aa2: no agents available; will retry on subsequent port and subnet creation events.
2026-05-06 02:28:39.008 7 INFO neutron.db.ovn_revision_numbers_db [None req-395755bc-aa17-4208-8425-e909ec3d7e34 3fe67d1e0e2c450a9143f5f3d815706a 95417795ad9b4f91be5475568d2e0f80 - - default default] Successfully bumped revision number for resource e704b9f0-82d7-40d4-89bb-1c2cb9e2ccf4 (type: security_groups) to 1
2026-05-06 02:28:39.019 7 INFO neutron.db.ovn_revision_numbers_db [None req-395755bc-aa17-4208-8425-e909ec3d7e34 3fe67d1e0e2c450a9143f5f3d815706a 95417795ad9b4f91be5475568d2e0f80 - - default default] Successfully bumped revision number for resource 080c2aa2-82b0-4acc-9f96-25117faf6222 (type: security_group_rules) to 0
2026-05-06 02:28:39.031 7 INFO neutron.db.ovn_revision_numbers_db [None req-395755bc-aa17-4208-8425-e909ec3d7e34 3fe67d1e0e2c450a9143f5f3d815706a 95417795ad9b4f91be5475568d2e0f80 - - default default] Successfully bumped revision number for resource bfecb1e2-5bc1-492a-8f6d-926389617401 (type: security_group_rules) to 0
2026-05-06 02:28:39.065 7 INFO neutron.plugins.ml2.drivers.ovn.mech_driver.mech_driver [None req-6958e10b-b8df-4654-90b0-88efea320656 - - - - - -] OVN reports status down for port: b1ed8315-3e60-4bdb-9ec5-5822f6ceb12d
2026-05-06 02:28:39.067 7 INFO neutron.db.ovn_revision_numbers_db [None req-395755bc-aa17-4208-8425-e909ec3d7e34 3fe67d1e0e2c450a9143f5f3d815706a 95417795ad9b4f91be5475568d2e0f80 - - default default] Successfully bumped revision number for resource c2e2dc3b-5aab-4b2b-90e3-7a5739f76832 (type: security_group_rules) to 0
2026-05-06 02:28:39.086 8 INFO neutron.db.ovn_revision_numbers_db [None req-786bd48b-96dd-4d0f-b1a0-7b7a28772801 c9610a5a032b4e8baf3f0bc69e81c47f 26556dcb430b443ea6ca7bbbf60aadf7 - - default default] Successfully bumped revision number for resource b1ed8315-3e60-4bdb-9ec5-5822f6ceb12d (type: ports) to 1
2026-05-06 02:28:39.088 7 INFO neutron.db.ovn_revision_numbers_db [None req-395755bc-aa17-4208-8425-e909ec3d7e34 3fe67d1e0e2c450a9143f5f3d815706a 95417795ad9b4f91be5475568d2e0f80 - - default default] Successfully bumped revision number for resource fe6a6b35-3729-42cd-93dd-e6c74bb63630 (type: security_group_rules) to 0 [pid: 7|app: 0|req: 1239/2613] 10.0.0.48 () {32 vars in 773 bytes} [Wed May 6 02:28:38 2026] GET /v2.0/security-groups?tenant_id=c4dd08e0fe4b477c8d4ef33d6e058733&name=default => generated 2929 bytes in 344 msecs (HTTP/1.1 200) 4 headers in 158 bytes (1 switches on core 0) [pid: 7|app: 0|req: 1240/2614] 10.0.0.48 () {32 vars in 739 bytes} [Wed May 6 02:28:39 2026] DELETE /v2.0/security-groups/e704b9f0-82d7-40d4-89bb-1c2cb9e2ccf4 => generated 0 bytes in 194 msecs (HTTP/1.1 204) 2 headers in 112 bytes (1 switches on core 0)
2026-05-06 02:28:39.448 7 WARNING neutron.db.securitygroups_db [None req-3ad14fbd-4f0c-41d5-b587-1b51aaf03a41 3fe67d1e0e2c450a9143f5f3d815706a 95417795ad9b4f91be5475568d2e0f80 - - default default] project_id key not found in filters, using tenant_id instead. This support has been deprecated and will be removed in a future release. [pid: 7|app: 0|req: 1241/2615] 10.0.0.48 () {32 vars in 773 bytes} [Wed May 6 02:28:39 2026] GET /v2.0/security-groups?tenant_id=92dff9bcc1e64dcc81209a2cbaae0a27&name=default => generated 2925 bytes in 30 msecs (HTTP/1.1 200) 4 headers in 158 bytes (1 switches on core 0) [pid: 7|app: 0|req: 1242/2616] 10.0.0.48 () {32 vars in 739 bytes} [Wed May 6 02:28:39 2026] DELETE /v2.0/security-groups/c7774b4f-8fbc-4f19-b990-756c6772d2f4 => generated 0 bytes in 158 msecs (HTTP/1.1 204) 2 headers in 112 bytes (1 switches on core 0)
2026-05-06 02:28:39.753 8 INFO neutron.plugins.ml2.drivers.ovn.mech_driver.ovsdb.ovsdb_monitor [None req-f7376d1f-2356-430b-8e40-0b26196fc447 - - - - - -] Router 42fc101c-4805-4362-850e-854fa293ae28 is bound to host instance
2026-05-06 02:28:39.783 7 INFO neutron.services.segments.plugin [-] Segment 2d9d1155-c557-4033-8f49-64343613aa91 resource provider aggregate not found
2026-05-06 02:28:39.787 7 INFO neutron.services.segments.plugin [-] Segment 2d9d1155-c557-4033-8f49-64343613aa91 resource provider aggregate not found
2026-05-06 02:28:39.806 7 INFO neutron.services.segments.plugin [-] Segment 2d9d1155-c557-4033-8f49-64343613aa91 resource provider not found; error: Placement Client Error (4xx): {"errors": [{"status": 404, "title": "Not Found", "detail": "The resource could not be found.\n\n No resource provider with uuid 2d9d1155-c557-4033-8f49-64343613aa91 found for delete ", "request_id": "req-121bf096-8426-487d-9cd8-43afae0b7a1a"}]}
2026-05-06 02:28:39.812 7 INFO neutron.plugins.ml2.drivers.ovn.mech_driver.mech_driver [None req-6958e10b-b8df-4654-90b0-88efea320656 - - - - - -] OVN reports status up for port: b1ed8315-3e60-4bdb-9ec5-5822f6ceb12d
2026-05-06 02:28:39.814 7 INFO neutron.services.segments.plugin [-] Segment 2d9d1155-c557-4033-8f49-64343613aa91 resource provider not found; error: Placement Client Error (4xx): {"errors": [{"status": 404, "title": "Not Found", "detail": "The resource could not be found.\n\n No resource provider with uuid 2d9d1155-c557-4033-8f49-64343613aa91 found for delete ", "request_id": "req-ab0288b5-0c92-4ac0-a6b3-1bd748bf94b1"}]}
2026-05-06 02:28:39.829 7 INFO neutron.plugins.ml2.plugin [None req-6958e10b-b8df-4654-90b0-88efea320656 - - - - - -] Attempt 1 to provision port b1ed8315-3e60-4bdb-9ec5-5822f6ceb12d
2026-05-06 02:28:39.839 8 INFO neutron.db.ovn_revision_numbers_db [None req-786bd48b-96dd-4d0f-b1a0-7b7a28772801 c9610a5a032b4e8baf3f0bc69e81c47f 26556dcb430b443ea6ca7bbbf60aadf7 - - default default] Successfully bumped revision number for resource b1ed8315-3e60-4bdb-9ec5-5822f6ceb12d (type: router_ports) to 1
2026-05-06 02:28:39.957 8 INFO neutron.db.ovn_revision_numbers_db [None req-786bd48b-96dd-4d0f-b1a0-7b7a28772801 c9610a5a032b4e8baf3f0bc69e81c47f 26556dcb430b443ea6ca7bbbf60aadf7 - - default default] Successfully bumped revision number for resource 42fc101c-4805-4362-850e-854fa293ae28 (type: routers) to 2 [pid: 8|app: 0|req: 1375/2617] 10.0.0.48 () {34 vars in 668 bytes} [Wed May 6 02:28:38 2026] POST /v2.0/routers => generated 966 bytes in 1427 msecs (HTTP/1.1 201) 4 headers in 162 bytes (1 switches on core 0)
2026-05-06 02:28:40.490 7 WARNING neutron.scheduler.dhcp_agent_scheduler [None req-778cf4c6-0449-4988-b012-829c5a870130 c9610a5a032b4e8baf3f0bc69e81c47f 26556dcb430b443ea6ca7bbbf60aadf7 - - default default] No more DHCP agents
2026-05-06 02:28:40.491 7 WARNING neutron.api.rpc.agentnotifiers.dhcp_rpc_agent_api [None req-778cf4c6-0449-4988-b012-829c5a870130 c9610a5a032b4e8baf3f0bc69e81c47f 26556dcb430b443ea6ca7bbbf60aadf7 - - default default] Unable to schedule network d87d6de6-3e4f-40f4-89f4-b671eacb66b1: no agents available; will retry on subsequent port and subnet creation events.
2026-05-06 02:28:40.644 8 INFO neutron.db.ovn_revision_numbers_db [None req-73552daa-2439-439f-9fd7-f0cc960d95e3 - - - - - -] Successfully bumped revision number for resource b1ed8315-3e60-4bdb-9ec5-5822f6ceb12d (type: ports) to 4
2026-05-06 02:28:40.688 7 INFO neutron.db.ovn_revision_numbers_db [None req-778cf4c6-0449-4988-b012-829c5a870130 c9610a5a032b4e8baf3f0bc69e81c47f 26556dcb430b443ea6ca7bbbf60aadf7 - - default default] Successfully bumped revision number for resource 10aa42c5-585b-428f-a15e-3b234cfdec43 (type: ports) to 1
2026-05-06 02:28:40.923 8 INFO neutron.db.ovn_revision_numbers_db [None req-73552daa-2439-439f-9fd7-f0cc960d95e3 - - - - - -] Successfully bumped revision number for resource b1ed8315-3e60-4bdb-9ec5-5822f6ceb12d (type: ports) to 5
2026-05-06 02:28:41.432 7 WARNING neutron.scheduler.dhcp_agent_scheduler [None req-778cf4c6-0449-4988-b012-829c5a870130 c9610a5a032b4e8baf3f0bc69e81c47f 26556dcb430b443ea6ca7bbbf60aadf7 - - default default] No more DHCP agents
2026-05-06 02:28:41.433 7 WARNING neutron.api.rpc.agentnotifiers.dhcp_rpc_agent_api [None req-778cf4c6-0449-4988-b012-829c5a870130 c9610a5a032b4e8baf3f0bc69e81c47f 26556dcb430b443ea6ca7bbbf60aadf7 - - default default] Unable to schedule network d87d6de6-3e4f-40f4-89f4-b671eacb66b1: no agents available; will retry on subsequent port and subnet creation events.
2026-05-06 02:28:41.830 7 INFO neutron.db.ovn_revision_numbers_db [None req-778cf4c6-0449-4988-b012-829c5a870130 c9610a5a032b4e8baf3f0bc69e81c47f 26556dcb430b443ea6ca7bbbf60aadf7 - - default default] Successfully bumped revision number for resource 10aa42c5-585b-428f-a15e-3b234cfdec43 (type: router_ports) to 1 [pid: 7|app: 0|req: 1243/2618] 10.0.0.48 () {34 vars in 782 bytes} [Wed May 6 02:28:39 2026] PUT /v2.0/routers/42fc101c-4805-4362-850e-854fa293ae28/add_router_interface => generated 310 bytes in 1844 msecs (HTTP/1.1 200) 4 headers in 157 bytes (1 switches on core 0)
2026-05-06 02:28:42.339 8 WARNING neutron.scheduler.dhcp_agent_scheduler [None req-56bdda0f-fd77-405c-bf33-cd50e64052cd c9610a5a032b4e8baf3f0bc69e81c47f 26556dcb430b443ea6ca7bbbf60aadf7 - - default default] No more DHCP agents
2026-05-06 02:28:42.340 8 WARNING neutron.api.rpc.agentnotifiers.dhcp_rpc_agent_api [None req-56bdda0f-fd77-405c-bf33-cd50e64052cd c9610a5a032b4e8baf3f0bc69e81c47f 26556dcb430b443ea6ca7bbbf60aadf7 - - default default] Unable to schedule network b6387657-b6cd-41af-84f9-c1a967a17857: no agents available; will retry on subsequent port and subnet creation events.
2026-05-06 02:28:42.501 8 INFO neutron.db.ovn_revision_numbers_db [None req-56bdda0f-fd77-405c-bf33-cd50e64052cd c9610a5a032b4e8baf3f0bc69e81c47f 26556dcb430b443ea6ca7bbbf60aadf7 - - default default] Successfully bumped revision number for resource 853ef046-98e4-4c7f-a4fc-3b84312b5971 (type: ports) to 1
2026-05-06 02:28:42.678 7 INFO neutron.plugins.ml2.drivers.ovn.mech_driver.mech_driver [None req-6958e10b-b8df-4654-90b0-88efea320656 - - - - - -] OVN reports status down for port: 10aa42c5-585b-428f-a15e-3b234cfdec43
2026-05-06 02:28:42.728 7 WARNING neutron.plugins.ml2.drivers.ovn.mech_driver.ovsdb.ovn_client [None req-6958e10b-b8df-4654-90b0-88efea320656 - - - - - -] Logical_Switch_Port 10aa42c5-585b-428f-a15e-3b234cfdec43 host information not removed, the port state is up
2026-05-06 02:28:42.729 7 INFO neutron.plugins.ml2.drivers.ovn.mech_driver.mech_driver [None req-6958e10b-b8df-4654-90b0-88efea320656 - - - - - -] OVN reports status up for port: 10aa42c5-585b-428f-a15e-3b234cfdec43
2026-05-06 02:28:42.739 7 INFO neutron.plugins.ml2.plugin [None req-6958e10b-b8df-4654-90b0-88efea320656 - - - - - -] Attempt 1 to provision port 10aa42c5-585b-428f-a15e-3b234cfdec43
2026-05-06 02:28:43.143 7 INFO neutron.db.ovn_revision_numbers_db [None req-6958e10b-b8df-4654-90b0-88efea320656 - - - - - -] Successfully bumped revision number for resource 10aa42c5-585b-428f-a15e-3b234cfdec43 (type: ports) to 2
2026-05-06 02:28:43.325 8 WARNING neutron.scheduler.dhcp_agent_scheduler [None req-56bdda0f-fd77-405c-bf33-cd50e64052cd c9610a5a032b4e8baf3f0bc69e81c47f 26556dcb430b443ea6ca7bbbf60aadf7 - - default default] No more DHCP agents
