Apr 12 19:33:07.092026 np0000165323 devstack@n-api-meta.service[109322]: DEBUG nova.api.openstack.wsgi_app [None req-4d09f6c7-4ed2-4bea-b238-5186ae0148eb None None] oslo_limit.endpoint_override = None {{(pid=109322) log_opt_values /opt/stack/data/venv/lib/python3.12/site-packages/oslo_config/cfg.py:3006}}
Apr 12 19:33:07.092167 np0000165323 devstack@n-api-meta.service[109322]: DEBUG nova.api.openstack.wsgi_app [None req-4d09f6c7-4ed2-4bea-b238-5186ae0148eb None None] oslo_limit.endpoint_region_name = None {{(pid=109322) log_opt_values /opt/stack/data/venv/lib/python3.12/site-packages/oslo_config/cfg.py:3006}}
Apr 12 19:33:07.092316 np0000165323 devstack@n-api-meta.service[109322]: DEBUG nova.api.openstack.wsgi_app [None req-4d09f6c7-4ed2-4bea-b238-5186ae0148eb None None] oslo_limit.endpoint_service_name = None {{(pid=109322) log_opt_values /opt/stack/data/venv/lib/python3.12/site-packages/oslo_config/cfg.py:3006}}
Apr 12 19:33:07.092471 np0000165323 devstack@n-api-meta.service[109322]: DEBUG nova.api.openstack.wsgi_app [None req-4d09f6c7-4ed2-4bea-b238-5186ae0148eb None None] oslo_limit.endpoint_service_type = None {{(pid=109322) log_opt_values /opt/stack/data/venv/lib/python3.12/site-packages/oslo_config/cfg.py:3006}}
Apr 12 19:33:07.092628 np0000165323 devstack@n-api-meta.service[109322]: DEBUG nova.api.openstack.wsgi_app [None req-4d09f6c7-4ed2-4bea-b238-5186ae0148eb None None] oslo_limit.insecure = False {{(pid=109322) log_opt_values /opt/stack/data/venv/lib/python3.12/site-packages/oslo_config/cfg.py:3006}}
Apr 12 19:33:07.092785 np0000165323 devstack@n-api-meta.service[109322]: DEBUG nova.api.openstack.wsgi_app [None req-4d09f6c7-4ed2-4bea-b238-5186ae0148eb None None] oslo_limit.keyfile = None {{(pid=109322) log_opt_values /opt/stack/data/venv/lib/python3.12/site-packages/oslo_config/cfg.py:3006}}
Apr 12 19:33:07.092935 np0000165323 devstack@n-api-meta.service[109322]: DEBUG nova.api.openstack.wsgi_app [None req-4d09f6c7-4ed2-4bea-b238-5186ae0148eb None None] oslo_limit.max_version = None {{(pid=109322) log_opt_values /opt/stack/data/venv/lib/python3.12/site-packages/oslo_config/cfg.py:3006}}
Apr 12 19:33:07.093106 np0000165323 devstack@n-api-meta.service[109322]: DEBUG nova.api.openstack.wsgi_app [None req-4d09f6c7-4ed2-4bea-b238-5186ae0148eb None None] oslo_limit.min_version = None {{(pid=109322) log_opt_values /opt/stack/data/venv/lib/python3.12/site-packages/oslo_config/cfg.py:3006}}
Apr 12 19:33:07.093285 np0000165323 devstack@n-api-meta.service[109322]: DEBUG nova.api.openstack.wsgi_app [None req-4d09f6c7-4ed2-4bea-b238-5186ae0148eb None None] oslo_limit.region_name = None {{(pid=109322) log_opt_values /opt/stack/data/venv/lib/python3.12/site-packages/oslo_config/cfg.py:3006}}
Apr 12 19:33:07.093412 np0000165323 devstack@n-api-meta.service[109322]: DEBUG nova.api.openstack.wsgi_app [None req-4d09f6c7-4ed2-4bea-b238-5186ae0148eb None None] oslo_limit.retriable_status_codes = None {{(pid=109322) log_opt_values /opt/stack/data/venv/lib/python3.12/site-packages/oslo_config/cfg.py:3006}}
Apr 12 19:33:07.093536 np0000165323 devstack@n-api-meta.service[109322]: DEBUG nova.api.openstack.wsgi_app [None req-4d09f6c7-4ed2-4bea-b238-5186ae0148eb None None] oslo_limit.service_name = None {{(pid=109322) log_opt_values /opt/stack/data/venv/lib/python3.12/site-packages/oslo_config/cfg.py:3006}}
Apr 12 19:33:07.093658 np0000165323 devstack@n-api-meta.service[109322]: DEBUG nova.api.openstack.wsgi_app [None req-4d09f6c7-4ed2-4bea-b238-5186ae0148eb None None] oslo_limit.service_type = None {{(pid=109322) log_opt_values /opt/stack/data/venv/lib/python3.12/site-packages/oslo_config/cfg.py:3006}}
Apr 12 19:33:07.093797 np0000165323 devstack@n-api-meta.service[109322]: DEBUG nova.api.openstack.wsgi_app [None req-4d09f6c7-4ed2-4bea-b238-5186ae0148eb None None] oslo_limit.split_loggers = False {{(pid=109322) log_opt_values /opt/stack/data/venv/lib/python3.12/site-packages/oslo_config/cfg.py:3006}}
Apr 12 19:33:07.094052 np0000165323 devstack@n-api-meta.service[109322]: DEBUG nova.api.openstack.wsgi_app [None req-4d09f6c7-4ed2-4bea-b238-5186ae0148eb None None] oslo_limit.status_code_retries = None {{(pid=109322) log_opt_values /opt/stack/data/venv/lib/python3.12/site-packages/oslo_config/cfg.py:3006}}
Apr 12 19:33:07.094052 np0000165323 devstack@n-api-meta.service[109322]: DEBUG nova.api.openstack.wsgi_app [None req-4d09f6c7-4ed2-4bea-b238-5186ae0148eb None None] oslo_limit.status_code_retry_delay = None {{(pid=109322) log_opt_values /opt/stack/data/venv/lib/python3.12/site-packages/oslo_config/cfg.py:3006}}
Apr 12 19:33:07.094334 np0000165323 devstack@n-api-meta.service[109322]: DEBUG nova.api.openstack.wsgi_app [None req-4d09f6c7-4ed2-4bea-b238-5186ae0148eb None None] oslo_limit.timeout = None {{(pid=109322) log_opt_values /opt/stack/data/venv/lib/python3.12/site-packages/oslo_config/cfg.py:3006}}
Apr 12 19:33:07.094425 np0000165323 devstack@n-api-meta.service[109322]: DEBUG nova.api.openstack.wsgi_app [None req-4d09f6c7-4ed2-4bea-b238-5186ae0148eb None None] oslo_limit.valid_interfaces = None {{(pid=109322) log_opt_values /opt/stack/data/venv/lib/python3.12/site-packages/oslo_config/cfg.py:3006}}
Apr 12 19:33:07.094611 np0000165323 devstack@n-api-meta.service[109322]: DEBUG nova.api.openstack.wsgi_app [None req-4d09f6c7-4ed2-4bea-b238-5186ae0148eb None None] oslo_limit.version = None {{(pid=109322) log_opt_values /opt/stack/data/venv/lib/python3.12/site-packages/oslo_config/cfg.py:3006}}
Apr 12 19:33:07.094670 np0000165323 devstack@n-api-meta.service[109322]: DEBUG nova.api.openstack.wsgi_app [None req-4d09f6c7-4ed2-4bea-b238-5186ae0148eb None None] oslo_messaging_rabbit.amqp_auto_delete = False {{(pid=109322) log_opt_values /opt/stack/data/venv/lib/python3.12/site-packages/oslo_config/cfg.py:3006}}
Apr 12 19:33:07.094804 np0000165323 devstack@n-api-meta.service[109322]: DEBUG nova.api.openstack.wsgi_app [None req-4d09f6c7-4ed2-4bea-b238-5186ae0148eb None None] oslo_messaging_rabbit.amqp_durable_queues = False {{(pid=109322) log_opt_values /opt/stack/data/venv/lib/python3.12/site-packages/oslo_config/cfg.py:3006}}
Apr 12 19:33:07.094933 np0000165323 devstack@n-api-meta.service[109322]: DEBUG nova.api.openstack.wsgi_app [None req-4d09f6c7-4ed2-4bea-b238-5186ae0148eb None None] oslo_messaging_rabbit.conn_pool_min_size = 2 {{(pid=109322) log_opt_values /opt/stack/data/venv/lib/python3.12/site-packages/oslo_config/cfg.py:3006}}
Apr 12 19:33:07.095078 np0000165323 devstack@n-api-meta.service[109322]: DEBUG nova.api.openstack.wsgi_app [None req-4d09f6c7-4ed2-4bea-b238-5186ae0148eb None None] oslo_messaging_rabbit.conn_pool_ttl = 1200 {{(pid=109322) log_opt_values /opt/stack/data/venv/lib/python3.12/site-packages/oslo_config/cfg.py:3006}}
Apr 12 19:33:07.095202 np0000165323 devstack@n-api-meta.service[109322]: DEBUG nova.api.openstack.wsgi_app [None req-4d09f6c7-4ed2-4bea-b238-5186ae0148eb None None] oslo_messaging_rabbit.direct_mandatory_flag = True {{(pid=109322) log_opt_values /opt/stack/data/venv/lib/python3.12/site-packages/oslo_config/cfg.py:3006}}
Apr 12 19:33:07.095326 np0000165323 devstack@n-api-meta.service[109322]: DEBUG nova.api.openstack.wsgi_app [None req-4d09f6c7-4ed2-4bea-b238-5186ae0148eb None None] oslo_messaging_rabbit.enable_cancel_on_failover = False {{(pid=109322) log_opt_values /opt/stack/data/venv/lib/python3.12/site-packages/oslo_config/cfg.py:3006}}
Apr 12 19:33:07.095453 np0000165323 devstack@n-api-meta.service[109322]: DEBUG nova.api.openstack.wsgi_app [None req-4d09f6c7-4ed2-4bea-b238-5186ae0148eb None None] oslo_messaging_rabbit.heartbeat_in_pthread = False {{(pid=109322) log_opt_values /opt/stack/data/venv/lib/python3.12/site-packages/oslo_config/cfg.py:3006}}
Apr 12 19:33:07.095578 np0000165323 devstack@n-api-meta.service[109322]: DEBUG nova.api.openstack.wsgi_app [None req-4d09f6c7-4ed2-4bea-b238-5186ae0148eb None None] oslo_messaging_rabbit.heartbeat_rate = 3 {{(pid=109322) log_opt_values /opt/stack/data/venv/lib/python3.12/site-packages/oslo_config/cfg.py:3006}}
Apr 12 19:33:07.095701 np0000165323 devstack@n-api-meta.service[109322]: DEBUG nova.api.openstack.wsgi_app [None req-4d09f6c7-4ed2-4bea-b238-5186ae0148eb None None] oslo_messaging_rabbit.heartbeat_timeout_threshold = 60 {{(pid=109322) log_opt_values /opt/stack/data/venv/lib/python3.12/site-packages/oslo_config/cfg.py:3006}}
Apr 12 19:33:07.095831 np0000165323 devstack@n-api-meta.service[109322]: DEBUG nova.api.openstack.wsgi_app [None req-4d09f6c7-4ed2-4bea-b238-5186ae0148eb None None] oslo_messaging_rabbit.hostname = np0000165323 {{(pid=109322) log_opt_values /opt/stack/data/venv/lib/python3.12/site-packages/oslo_config/cfg.py:3006}}
Apr 12 19:33:07.095955 np0000165323 devstack@n-api-meta.service[109322]: DEBUG nova.api.openstack.wsgi_app [None req-4d09f6c7-4ed2-4bea-b238-5186ae0148eb None None] oslo_messaging_rabbit.kombu_compression = None {{(pid=109322) log_opt_values /opt/stack/data/venv/lib/python3.12/site-packages/oslo_config/cfg.py:3006}}
Apr 12 19:33:07.096106 np0000165323 devstack@n-api-meta.service[109322]: DEBUG nova.api.openstack.wsgi_app [None req-4d09f6c7-4ed2-4bea-b238-5186ae0148eb None None] oslo_messaging_rabbit.kombu_failover_strategy = round-robin {{(pid=109322) log_opt_values /opt/stack/data/venv/lib/python3.12/site-packages/oslo_config/cfg.py:3006}}
Apr 12 19:33:07.096233 np0000165323 devstack@n-api-meta.service[109322]: DEBUG nova.api.openstack.wsgi_app [None req-4d09f6c7-4ed2-4bea-b238-5186ae0148eb None None] oslo_messaging_rabbit.kombu_missing_consumer_retry_timeout = 60 {{(pid=109322) log_opt_values /opt/stack/data/venv/lib/python3.12/site-packages/oslo_config/cfg.py:3006}}
Apr 12 19:33:07.096359 np0000165323 devstack@n-api-meta.service[109322]: DEBUG nova.api.openstack.wsgi_app [None req-4d09f6c7-4ed2-4bea-b238-5186ae0148eb None None] oslo_messaging_rabbit.kombu_reconnect_delay = 1.0 {{(pid=109322) log_opt_values /opt/stack/data/venv/lib/python3.12/site-packages/oslo_config/cfg.py:3006}}
Apr 12 19:33:07.096488 np0000165323 devstack@n-api-meta.service[109322]: DEBUG nova.api.openstack.wsgi_app [None req-4d09f6c7-4ed2-4bea-b238-5186ae0148eb None None] oslo_messaging_rabbit.kombu_reconnect_splay = 0.0 {{(pid=109322) log_opt_values /opt/stack/data/venv/lib/python3.12/site-packages/oslo_config/cfg.py:3006}}
Apr 12 19:33:07.096621 np0000165323 devstack@n-api-meta.service[109322]: DEBUG nova.api.openstack.wsgi_app [None req-4d09f6c7-4ed2-4bea-b238-5186ae0148eb None None] oslo_messaging_rabbit.processname = uwsgi {{(pid=109322) log_opt_values /opt/stack/data/venv/lib/python3.12/site-packages/oslo_config/cfg.py:3006}}
Apr 12 19:33:07.096748 np0000165323 devstack@n-api-meta.service[109322]: DEBUG nova.api.openstack.wsgi_app [None req-4d09f6c7-4ed2-4bea-b238-5186ae0148eb None None] oslo_messaging_rabbit.rabbit_ha_queues = False {{(pid=109322) log_opt_values /opt/stack/data/venv/lib/python3.12/site-packages/oslo_config/cfg.py:3006}}
Apr 12 19:33:07.096875 np0000165323 devstack@n-api-meta.service[109322]: DEBUG nova.api.openstack.wsgi_app [None req-4d09f6c7-4ed2-4bea-b238-5186ae0148eb None None] oslo_messaging_rabbit.rabbit_interval_max = 30 {{(pid=109322) log_opt_values /opt/stack/data/venv/lib/python3.12/site-packages/oslo_config/cfg.py:3006}}
Apr 12 19:33:07.097028 np0000165323 devstack@n-api-meta.service[109322]: DEBUG nova.api.openstack.wsgi_app [None req-4d09f6c7-4ed2-4bea-b238-5186ae0148eb None None] oslo_messaging_rabbit.rabbit_login_method = AMQPLAIN {{(pid=109322) log_opt_values /opt/stack/data/venv/lib/python3.12/site-packages/oslo_config/cfg.py:3006}}
Apr 12 19:33:07.097151 np0000165323 devstack@n-api-meta.service[109322]: DEBUG nova.api.openstack.wsgi_app [None req-4d09f6c7-4ed2-4bea-b238-5186ae0148eb None None] oslo_messaging_rabbit.rabbit_qos_prefetch_count = 0 {{(pid=109322) log_opt_values /opt/stack/data/venv/lib/python3.12/site-packages/oslo_config/cfg.py:3006}}
Apr 12 19:33:07.097329 np0000165323 devstack@n-api-meta.service[109322]: DEBUG nova.api.openstack.wsgi_app [None req-4d09f6c7-4ed2-4bea-b238-5186ae0148eb None None] oslo_messaging_rabbit.rabbit_quorum_delivery_limit = 0 {{(pid=109322) log_opt_values /opt/stack/data/venv/lib/python3.12/site-packages/oslo_config/cfg.py:3006}}
Apr 12 19:33:07.097456 np0000165323 devstack@n-api-meta.service[109322]: DEBUG nova.api.openstack.wsgi_app [None req-4d09f6c7-4ed2-4bea-b238-5186ae0148eb None None] oslo_messaging_rabbit.rabbit_quorum_max_memory_bytes = 0 {{(pid=109322) log_opt_values /opt/stack/data/venv/lib/python3.12/site-packages/oslo_config/cfg.py:3006}}
Apr 12 19:33:07.097583 np0000165323 devstack@n-api-meta.service[109322]: DEBUG nova.api.openstack.wsgi_app [None req-4d09f6c7-4ed2-4bea-b238-5186ae0148eb None None] oslo_messaging_rabbit.rabbit_quorum_max_memory_length = 0 {{(pid=109322) log_opt_values /opt/stack/data/venv/lib/python3.12/site-packages/oslo_config/cfg.py:3006}}
Apr 12 19:33:07.097724 np0000165323 devstack@n-api-meta.service[109322]: DEBUG nova.api.openstack.wsgi_app [None req-4d09f6c7-4ed2-4bea-b238-5186ae0148eb None None] oslo_messaging_rabbit.rabbit_quorum_queue = False {{(pid=109322) log_opt_values /opt/stack/data/venv/lib/python3.12/site-packages/oslo_config/cfg.py:3006}}
Apr 12 19:33:07.097853 np0000165323 devstack@n-api-meta.service[109322]: DEBUG nova.api.openstack.wsgi_app [None req-4d09f6c7-4ed2-4bea-b238-5186ae0148eb None None] oslo_messaging_rabbit.rabbit_retry_backoff = 2 {{(pid=109322) log_opt_values /opt/stack/data/venv/lib/python3.12/site-packages/oslo_config/cfg.py:3006}}
Apr 12 19:33:07.098014 np0000165323 devstack@n-api-meta.service[109322]: DEBUG nova.api.openstack.wsgi_app [None req-4d09f6c7-4ed2-4bea-b238-5186ae0148eb None None] oslo_messaging_rabbit.rabbit_retry_interval = 1 {{(pid=109322) log_opt_values /opt/stack/data/venv/lib/python3.12/site-packages/oslo_config/cfg.py:3006}}
Apr 12 19:33:07.098166 np0000165323 devstack@n-api-meta.service[109322]: DEBUG nova.api.openstack.wsgi_app [None req-4d09f6c7-4ed2-4bea-b238-5186ae0148eb None None] oslo_messaging_rabbit.rabbit_stream_fanout = False {{(pid=109322) log_opt_values /opt/stack/data/venv/lib/python3.12/site-packages/oslo_config/cfg.py:3006}}
Apr 12 19:33:07.098296 np0000165323 devstack@n-api-meta.service[109322]: DEBUG nova.api.openstack.wsgi_app [None req-4d09f6c7-4ed2-4bea-b238-5186ae0148eb None None] oslo_messaging_rabbit.rabbit_transient_queues_ttl = 1800 {{(pid=109322) log_opt_values /opt/stack/data/venv/lib/python3.12/site-packages/oslo_config/cfg.py:3006}}
Apr 12 19:33:07.098426 np0000165323 devstack@n-api-meta.service[109322]: DEBUG nova.api.openstack.wsgi_app [None req-4d09f6c7-4ed2-4bea-b238-5186ae0148eb None None] oslo_messaging_rabbit.rabbit_transient_quorum_queue = False {{(pid=109322) log_opt_values /opt/stack/data/venv/lib/python3.12/site-packages/oslo_config/cfg.py:3006}}
Apr 12 19:33:07.098553 np0000165323 devstack@n-api-meta.service[109322]: DEBUG nova.api.openstack.wsgi_app [None req-4d09f6c7-4ed2-4bea-b238-5186ae0148eb None None] oslo_messaging_rabbit.rpc_conn_pool_size = 30 {{(pid=109322) log_opt_values /opt/stack/data/venv/lib/python3.12/site-packages/oslo_config/cfg.py:3006}}
Apr 12 19:33:07.098680 np0000165323 devstack@n-api-meta.service[109322]: DEBUG nova.api.openstack.wsgi_app [None req-4d09f6c7-4ed2-4bea-b238-5186ae0148eb None None] oslo_messaging_rabbit.ssl = False {{(pid=109322) log_opt_values /opt/stack/data/venv/lib/python3.12/site-packages/oslo_config/cfg.py:3006}}
Apr 12 19:33:07.098813 np0000165323 devstack@n-api-meta.service[109322]: DEBUG nova.api.openstack.wsgi_app [None req-4d09f6c7-4ed2-4bea-b238-5186ae0148eb None None] oslo_messaging_rabbit.ssl_ca_file = {{(pid=109322) log_opt_values /opt/stack/data/venv/lib/python3.12/site-packages/oslo_config/cfg.py:3006}}
Apr 12 19:33:07.098944 np0000165323 devstack@n-api-meta.service[109322]: DEBUG nova.api.openstack.wsgi_app [None req-4d09f6c7-4ed2-4bea-b238-5186ae0148eb None None] oslo_messaging_rabbit.ssl_cert_file = {{(pid=109322) log_opt_values /opt/stack/data/venv/lib/python3.12/site-packages/oslo_config/cfg.py:3006}}
Apr 12 19:33:07.099105 np0000165323 devstack@n-api-meta.service[109322]: DEBUG nova.api.openstack.wsgi_app [None req-4d09f6c7-4ed2-4bea-b238-5186ae0148eb None None] oslo_messaging_rabbit.ssl_enforce_fips_mode = False {{(pid=109322) log_opt_values /opt/stack/data/venv/lib/python3.12/site-packages/oslo_config/cfg.py:3006}}
Apr 12 19:33:07.099238 np0000165323 devstack@n-api-meta.service[109322]: DEBUG nova.api.openstack.wsgi_app [None req-4d09f6c7-4ed2-4bea-b238-5186ae0148eb None None] oslo_messaging_rabbit.ssl_key_file = {{(pid=109322) log_opt_values /opt/stack/data/venv/lib/python3.12/site-packages/oslo_config/cfg.py:3006}}
Apr 12 19:33:07.099369 np0000165323 devstack@n-api-meta.service[109322]: DEBUG nova.api.openstack.wsgi_app [None req-4d09f6c7-4ed2-4bea-b238-5186ae0148eb None None] oslo_messaging_rabbit.ssl_version = {{(pid=109322) log_opt_values /opt/stack/data/venv/lib/python3.12/site-packages/oslo_config/cfg.py:3006}}
Apr 12 19:33:07.099495 np0000165323 devstack@n-api-meta.service[109322]: DEBUG nova.api.openstack.wsgi_app [None req-4d09f6c7-4ed2-4bea-b238-5186ae0148eb None None] oslo_messaging_rabbit.use_queue_manager = False {{(pid=109322) log_opt_values /opt/stack/data/venv/lib/python3.12/site-packages/oslo_config/cfg.py:3006}}
Apr 12 19:33:07.099641 np0000165323 devstack@n-api-meta.service[109322]: DEBUG nova.api.openstack.wsgi_app [None req-4d09f6c7-4ed2-4bea-b238-5186ae0148eb None None] oslo_messaging_notifications.driver = ['messagingv2'] {{(pid=109322) log_opt_values /opt/stack/data/venv/lib/python3.12/site-packages/oslo_config/cfg.py:3006}}
Apr 12 19:33:07.099769 np0000165323 devstack@n-api-meta.service[109322]: DEBUG nova.api.openstack.wsgi_app [None req-4d09f6c7-4ed2-4bea-b238-5186ae0148eb None None] oslo_messaging_notifications.retry = -1 {{(pid=109322) log_opt_values /opt/stack/data/venv/lib/python3.12/site-packages/oslo_config/cfg.py:3006}}
Apr 12 19:33:07.099907 np0000165323 devstack@n-api-meta.service[109322]: DEBUG nova.api.openstack.wsgi_app [None req-4d09f6c7-4ed2-4bea-b238-5186ae0148eb None None] oslo_messaging_notifications.topics = ['notifications'] {{(pid=109322) log_opt_values /opt/stack/data/venv/lib/python3.12/site-packages/oslo_config/cfg.py:3006}}
Apr 12 19:33:07.100084 np0000165323 devstack@n-api-meta.service[109322]: DEBUG nova.api.openstack.wsgi_app [None req-4d09f6c7-4ed2-4bea-b238-5186ae0148eb None None] oslo_messaging_notifications.transport_url = **** {{(pid=109322) log_opt_values /opt/stack/data/venv/lib/python3.12/site-packages/oslo_config/cfg.py:3006}}
Apr 12 19:33:07.100241 np0000165323 devstack@n-api-meta.service[109322]: DEBUG nova.api.openstack.wsgi_app [None req-4d09f6c7-4ed2-4bea-b238-5186ae0148eb None None] oslo_reports.file_event_handler = None {{(pid=109322) log_opt_values /opt/stack/data/venv/lib/python3.12/site-packages/oslo_config/cfg.py:3006}}
Apr 12 19:33:07.100391 np0000165323 devstack@n-api-meta.service[109322]: DEBUG nova.api.openstack.wsgi_app [None req-4d09f6c7-4ed2-4bea-b238-5186ae0148eb None None] oslo_reports.file_event_handler_interval = 1 {{(pid=109322) log_opt_values /opt/stack/data/venv/lib/python3.12/site-packages/oslo_config/cfg.py:3006}}
Apr 12 19:33:07.100522 np0000165323 devstack@n-api-meta.service[109322]: DEBUG nova.api.openstack.wsgi_app [None req-4d09f6c7-4ed2-4bea-b238-5186ae0148eb None None] oslo_reports.log_dir = None {{(pid=109322) log_opt_values /opt/stack/data/venv/lib/python3.12/site-packages/oslo_config/cfg.py:3006}}
Apr 12 19:33:07.100627 np0000165323 devstack@n-api-meta.service[109322]: DEBUG nova.api.openstack.wsgi_app [None req-4d09f6c7-4ed2-4bea-b238-5186ae0148eb None None] ******************************************************************************** {{(pid=109322) log_opt_values /opt/stack/data/venv/lib/python3.12/site-packages/oslo_config/cfg.py:3013}}
Apr 12 19:33:07.100732 np0000165323 devstack@n-api-meta.service[109322]: WSGI app 0 (mountpoint='') ready in 3 seconds on interpreter 0x7a093c0a3668 pid: 109322 (default app)
Apr 12 19:33:16.670514 np0000165323 devstack@n-api-meta.service[109321]: DEBUG dbcounter [-] [109321] Writing DB stats nova_api:SELECT=1 {{(pid=109321) stat_writer /opt/stack/data/venv/lib/python3.12/site-packages/dbcounter.py:115}}
Apr 12 19:33:16.693360 np0000165323 devstack@n-api-meta.service[109320]: DEBUG dbcounter [-] [109320] Writing DB stats nova_api:SELECT=1 {{(pid=109320) stat_writer /opt/stack/data/venv/lib/python3.12/site-packages/dbcounter.py:115}}
Apr 12 19:33:16.759095 np0000165323 devstack@n-api-meta.service[109319]: DEBUG dbcounter [-] [109319] Writing DB stats nova_api:SELECT=1 {{(pid=109319) stat_writer /opt/stack/data/venv/lib/python3.12/site-packages/dbcounter.py:115}}
Apr 12 19:33:16.775274 np0000165323 devstack@n-api-meta.service[109322]: DEBUG dbcounter [-] [109322] Writing DB stats nova_api:SELECT=1 {{(pid=109322) stat_writer /opt/stack/data/venv/lib/python3.12/site-packages/dbcounter.py:115}}
Apr 12 19:33:16.811174 np0000165323 devstack@n-api-meta.service[109321]: DEBUG dbcounter [-] [109321] Writing DB stats nova_cell0:SELECT=1 {{(pid=109321) stat_writer /opt/stack/data/venv/lib/python3.12/site-packages/dbcounter.py:115}}
Apr 12 19:33:16.812212 np0000165323 devstack@n-api-meta.service[109321]: DEBUG dbcounter [-] [109321] Writing DB stats nova_cell1:SELECT=1 {{(pid=109321) stat_writer /opt/stack/data/venv/lib/python3.12/site-packages/dbcounter.py:115}}
Apr 12 19:33:16.832707 np0000165323 devstack@n-api-meta.service[109320]: DEBUG dbcounter [-] [109320] Writing DB stats nova_cell0:SELECT=1 {{(pid=109320) stat_writer /opt/stack/data/venv/lib/python3.12/site-packages/dbcounter.py:115}}
Apr 12 19:33:16.834030 np0000165323 devstack@n-api-meta.service[109320]: DEBUG dbcounter [-] [109320] Writing DB stats nova_cell1:SELECT=1 {{(pid=109320) stat_writer /opt/stack/data/venv/lib/python3.12/site-packages/dbcounter.py:115}}
Apr 12 19:33:16.845556 np0000165323 devstack@n-api-meta.service[109321]: DEBUG dbcounter [-] [109321] Writing DB stats nova_cell0:SELECT=2,nova_cell0:INSERT=1 {{(pid=109321) stat_writer /opt/stack/data/venv/lib/python3.12/site-packages/dbcounter.py:115}}
Apr 12 19:33:16.860278 np0000165323 devstack@n-api-meta.service[109320]: DEBUG dbcounter [-] [109320] Writing DB stats nova_cell0:SELECT=1 {{(pid=109320) stat_writer /opt/stack/data/venv/lib/python3.12/site-packages/dbcounter.py:115}}
Apr 12 19:33:16.893200 np0000165323 devstack@n-api-meta.service[109319]: DEBUG dbcounter [-] [109319] Writing DB stats nova_cell0:SELECT=1 {{(pid=109319) stat_writer /opt/stack/data/venv/lib/python3.12/site-packages/dbcounter.py:115}}
Apr 12 19:33:16.894284 np0000165323 devstack@n-api-meta.service[109319]: DEBUG dbcounter [-] [109319] Writing DB stats nova_cell1:SELECT=1 {{(pid=109319) stat_writer /opt/stack/data/venv/lib/python3.12/site-packages/dbcounter.py:115}}
Apr 12 19:33:16.905754 np0000165323 devstack@n-api-meta.service[109322]: DEBUG dbcounter [-] [109322] Writing DB stats nova_cell0:SELECT=1 {{(pid=109322) stat_writer /opt/stack/data/venv/lib/python3.12/site-packages/dbcounter.py:115}}
Apr 12 19:33:16.910186 np0000165323 devstack@n-api-meta.service[109322]: DEBUG dbcounter [-] [109322] Writing DB stats nova_cell1:SELECT=1 {{(pid=109322) stat_writer /opt/stack/data/venv/lib/python3.12/site-packages/dbcounter.py:115}}
Apr 12 19:33:16.919782 np0000165323 devstack@n-api-meta.service[109319]: DEBUG dbcounter [-] [109319] Writing DB stats nova_cell0:SELECT=1 {{(pid=109319) stat_writer /opt/stack/data/venv/lib/python3.12/site-packages/dbcounter.py:115}}
Apr 12 19:33:16.928606 np0000165323 devstack@n-api-meta.service[109322]: DEBUG dbcounter [-] [109322] Writing DB stats nova_cell0:SELECT=1 {{(pid=109322) stat_writer /opt/stack/data/venv/lib/python3.12/site-packages/dbcounter.py:115}}
Apr 12 19:40:20.903792 np0000165323 devstack@n-api-meta.service[109320]: DEBUG nova.api.metadata.handler [None req-eccdbbcb-d6eb-4aa9-a353-57eaaaddb109 None None] Metadata request headers: {'Host': '199.204.45.116:8775', 'User-Agent': 'python-requests/2.33.1', 'Accept-Encoding': 'gzip, deflate', 'Accept': '*/*', 'Connection': 'keep-alive', 'X-Forwarded-For': '192.168.24.97', 'X-Instance-Id': 'd57dd53b-f542-4ef9-8bbe-eebb1807f8ac', 'X-Tenant-Id': '293175fd8e9547799c854ee471911e8b', 'X-Instance-Id-Signature': '2881dd520498838a932d742b931a25205b43fb1ea8952e0b6573200017c9f8b9'} {{(pid=109320) __call__ /opt/stack/nova/nova/api/metadata/handler.py:109}}
Apr 12 19:40:20.916025 np0000165323 devstack@n-api-meta.service[109320]: DEBUG oslo_concurrency.lockutils [None req-9aaedb00-e1b7-44ae-a880-e5ff91ff976d None None] Acquiring lock "1ea445a2-cdee-4583-8a83-7902d77ffd1f" by "nova.context.set_target_cell..get_or_set_cached_cell_and_set_connections" {{(pid=109320) inner /opt/stack/data/venv/lib/python3.12/site-packages/oslo_concurrency/lockutils.py:506}}
Apr 12 19:40:20.916194 np0000165323 devstack@n-api-meta.service[109320]: DEBUG oslo_concurrency.lockutils [None req-9aaedb00-e1b7-44ae-a880-e5ff91ff976d None None] Lock "1ea445a2-cdee-4583-8a83-7902d77ffd1f" acquired by "nova.context.set_target_cell..get_or_set_cached_cell_and_set_connections" :: waited 0.000s {{(pid=109320) inner /opt/stack/data/venv/lib/python3.12/site-packages/oslo_concurrency/lockutils.py:519}}
Apr 12 19:40:20.916308 np0000165323 devstack@n-api-meta.service[109320]: DEBUG oslo_concurrency.lockutils [None req-9aaedb00-e1b7-44ae-a880-e5ff91ff976d None None] Lock "1ea445a2-cdee-4583-8a83-7902d77ffd1f" "released" by "nova.context.set_target_cell..get_or_set_cached_cell_and_set_connections" :: held 0.000s {{(pid=109320) inner /opt/stack/data/venv/lib/python3.12/site-packages/oslo_concurrency/lockutils.py:538}}
Apr 12 19:40:20.969292 np0000165323 devstack@n-api-meta.service[109320]: WARNING neutronclient.v2_0.client [None req-9aaedb00-e1b7-44ae-a880-e5ff91ff976d None None] The python binding code in neutronclient is deprecated in favor of OpenstackSDK, please use that as this will be removed in a future release.
Apr 12 19:40:21.425545 np0000165323 devstack@n-api-meta.service[109320]: [pid: 109320|app: 0|req: 1/1] 199.204.45.116 () {40 vars in 642 bytes} [Sun Apr 12 19:40:20 2026] GET /openstack => generated 116 bytes in 525 msecs (HTTP/1.1 200) 3 headers in 100 bytes (1 switches on core 0)
Apr 12 19:40:21.440036 np0000165323 devstack@n-api-meta.service[109321]: DEBUG nova.api.metadata.handler [None req-6f56fe63-a0a2-4af3-937c-16c2fa68942d None None] Metadata request headers: {'Host': '199.204.45.116:8775', 'User-Agent': 'python-requests/2.33.1', 'Accept-Encoding': 'gzip, deflate', 'Accept': '*/*', 'Connection': 'keep-alive', 'X-Forwarded-For': '192.168.24.97', 'X-Instance-Id': 'd57dd53b-f542-4ef9-8bbe-eebb1807f8ac', 'X-Tenant-Id': '293175fd8e9547799c854ee471911e8b', 'X-Instance-Id-Signature': '2881dd520498838a932d742b931a25205b43fb1ea8952e0b6573200017c9f8b9'} {{(pid=109321) __call__ /opt/stack/nova/nova/api/metadata/handler.py:109}}
Apr 12 19:40:21.445093 np0000165323 devstack@n-api-meta.service[109321]: DEBUG nova.api.metadata.handler [None req-6f56fe63-a0a2-4af3-937c-16c2fa68942d None None] Using cached metadata for instance d57dd53b-f542-4ef9-8bbe-eebb1807f8ac {{(pid=109321) get_metadata_by_instance_id /opt/stack/nova/nova/api/metadata/handler.py:84}}
Apr 12 19:40:21.445859 np0000165323 devstack@n-api-meta.service[109321]: [pid: 109321|app: 0|req: 1/2] 199.204.45.116 () {40 vars in 642 bytes} [Sun Apr 12 19:40:21 2026] GET /openstack => generated 116 bytes in 7 msecs (HTTP/1.1 200) 3 headers in 100 bytes (1 switches on core 0)
Apr 12 19:40:21.453586 np0000165323 devstack@n-api-meta.service[109319]: DEBUG nova.api.metadata.handler [None req-7cab7101-a7ec-4f9c-96fc-6a00a319624b None None] Metadata request headers: {'Host': '199.204.45.116:8775', 'User-Agent': 'python-requests/2.33.1', 'Accept-Encoding': 'gzip, deflate', 'Accept': '*/*', 'Connection': 'keep-alive', 'X-Forwarded-For': '192.168.24.97', 'X-Instance-Id': 'd57dd53b-f542-4ef9-8bbe-eebb1807f8ac', 'X-Tenant-Id': '293175fd8e9547799c854ee471911e8b', 'X-Instance-Id-Signature': '2881dd520498838a932d742b931a25205b43fb1ea8952e0b6573200017c9f8b9'} {{(pid=109319) __call__ /opt/stack/nova/nova/api/metadata/handler.py:109}}
Apr 12 19:40:21.459530 np0000165323 devstack@n-api-meta.service[109319]: DEBUG nova.api.metadata.handler [None req-7cab7101-a7ec-4f9c-96fc-6a00a319624b None None] Using cached metadata for instance d57dd53b-f542-4ef9-8bbe-eebb1807f8ac {{(pid=109319) get_metadata_by_instance_id /opt/stack/nova/nova/api/metadata/handler.py:84}}
Apr 12 19:40:21.460171 np0000165323 devstack@n-api-meta.service[109319]: [pid: 109319|app: 0|req: 1/3] 199.204.45.116 () {40 vars in 694 bytes} [Sun Apr 12 19:40:21 2026] GET /openstack/2018-08-27/meta_data.json => generated 946 bytes in 7 msecs (HTTP/1.1 200) 3 headers in 91 bytes (1 switches on core 0)
Apr 12 19:40:21.467700 np0000165323 devstack@n-api-meta.service[109322]: DEBUG nova.api.metadata.handler [None req-4d09f6c7-4ed2-4bea-b238-5186ae0148eb None None] Metadata request headers: {'Host': '199.204.45.116:8775', 'User-Agent': 'python-requests/2.33.1', 'Accept-Encoding': 'gzip, deflate', 'Accept': '*/*', 'Connection': 'keep-alive', 'X-Forwarded-For': '192.168.24.97', 'X-Instance-Id': 'd57dd53b-f542-4ef9-8bbe-eebb1807f8ac', 'X-Tenant-Id': '293175fd8e9547799c854ee471911e8b', 'X-Instance-Id-Signature': '2881dd520498838a932d742b931a25205b43fb1ea8952e0b6573200017c9f8b9'} {{(pid=109322) __call__ /opt/stack/nova/nova/api/metadata/handler.py:109}}
Apr 12 19:40:21.471927 np0000165323 devstack@n-api-meta.service[109322]: DEBUG nova.api.metadata.handler [None req-4d09f6c7-4ed2-4bea-b238-5186ae0148eb None None] Using cached metadata for instance d57dd53b-f542-4ef9-8bbe-eebb1807f8ac {{(pid=109322) get_metadata_by_instance_id /opt/stack/nova/nova/api/metadata/handler.py:84}}
Apr 12 19:40:21.472410 np0000165323 devstack@n-api-meta.service[109322]: [pid: 109322|app: 0|req: 1/4] 199.204.45.116 () {40 vars in 684 bytes} [Sun Apr 12 19:40:21 2026] GET /openstack/2018-08-27/user_data => generated 26425 bytes in 6 msecs (HTTP/1.1 200) 3 headers in 102 bytes (1 switches on core 0)
Apr 12 19:40:21.481343 np0000165323 devstack@n-api-meta.service[109320]: DEBUG nova.api.metadata.handler [None req-9aaedb00-e1b7-44ae-a880-e5ff91ff976d None None] Metadata request headers: {'Host': '199.204.45.116:8775', 'User-Agent': 'python-requests/2.33.1', 'Accept-Encoding': 'gzip, deflate', 'Accept': '*/*', 'Connection': 'keep-alive', 'X-Forwarded-For': '192.168.24.97', 'X-Instance-Id': 'd57dd53b-f542-4ef9-8bbe-eebb1807f8ac', 'X-Tenant-Id': '293175fd8e9547799c854ee471911e8b', 'X-Instance-Id-Signature': '2881dd520498838a932d742b931a25205b43fb1ea8952e0b6573200017c9f8b9'} {{(pid=109320) __call__ /opt/stack/nova/nova/api/metadata/handler.py:109}}
Apr 12 19:40:21.484162 np0000165323 devstack@n-api-meta.service[109320]: DEBUG nova.api.metadata.handler [None req-9aaedb00-e1b7-44ae-a880-e5ff91ff976d None None] Using cached metadata for instance d57dd53b-f542-4ef9-8bbe-eebb1807f8ac {{(pid=109320) get_metadata_by_instance_id /opt/stack/nova/nova/api/metadata/handler.py:84}}
Apr 12 19:40:21.484888 np0000165323 devstack@n-api-meta.service[109320]: [pid: 109320|app: 0|req: 2/5] 199.204.45.116 () {40 vars in 698 bytes} [Sun Apr 12 19:40:21 2026] GET /openstack/2018-08-27/vendor_data.json => generated 2 bytes in 4 msecs (HTTP/1.1 200) 3 headers in 89 bytes (1 switches on core 0)
Apr 12 19:40:21.493957 np0000165323 devstack@n-api-meta.service[109321]: DEBUG nova.api.metadata.handler [None req-6f56fe63-a0a2-4af3-937c-16c2fa68942d None None] Metadata request headers: {'Host': '199.204.45.116:8775', 'User-Agent': 'python-requests/2.33.1', 'Accept-Encoding': 'gzip, deflate', 'Accept': '*/*', 'Connection': 'keep-alive', 'X-Forwarded-For': '192.168.24.97', 'X-Instance-Id': 'd57dd53b-f542-4ef9-8bbe-eebb1807f8ac', 'X-Tenant-Id': '293175fd8e9547799c854ee471911e8b', 'X-Instance-Id-Signature': '2881dd520498838a932d742b931a25205b43fb1ea8952e0b6573200017c9f8b9'} {{(pid=109321) __call__ /opt/stack/nova/nova/api/metadata/handler.py:109}}
Apr 12 19:40:21.496880 np0000165323 devstack@n-api-meta.service[109321]: DEBUG nova.api.metadata.handler [None req-6f56fe63-a0a2-4af3-937c-16c2fa68942d None None] Using cached metadata for instance d57dd53b-f542-4ef9-8bbe-eebb1807f8ac {{(pid=109321) get_metadata_by_instance_id /opt/stack/nova/nova/api/metadata/handler.py:84}}
Apr 12 19:40:21.497721 np0000165323 devstack@n-api-meta.service[109321]: [pid: 109321|app: 0|req: 2/6] 199.204.45.116 () {40 vars in 700 bytes} [Sun Apr 12 19:40:21 2026] GET /openstack/2018-08-27/vendor_data2.json => generated 14 bytes in 4 msecs (HTTP/1.1 200) 3 headers in 90 bytes (1 switches on core 0)
Apr 12 19:40:21.503949 np0000165323 devstack@n-api-meta.service[109319]: DEBUG nova.api.metadata.handler [None req-7cab7101-a7ec-4f9c-96fc-6a00a319624b None None] Metadata request headers: {'Host': '199.204.45.116:8775', 'User-Agent': 'python-requests/2.33.1', 'Accept-Encoding': 'gzip, deflate', 'Accept': '*/*', 'Connection': 'keep-alive', 'X-Forwarded-For': '192.168.24.97', 'X-Instance-Id': 'd57dd53b-f542-4ef9-8bbe-eebb1807f8ac', 'X-Tenant-Id': '293175fd8e9547799c854ee471911e8b', 'X-Instance-Id-Signature': '2881dd520498838a932d742b931a25205b43fb1ea8952e0b6573200017c9f8b9'} {{(pid=109319) __call__ /opt/stack/nova/nova/api/metadata/handler.py:109}}
Apr 12 19:40:21.507434 np0000165323 devstack@n-api-meta.service[109319]: DEBUG nova.api.metadata.handler [None req-7cab7101-a7ec-4f9c-96fc-6a00a319624b None None] Using cached metadata for instance d57dd53b-f542-4ef9-8bbe-eebb1807f8ac {{(pid=109319) get_metadata_by_instance_id /opt/stack/nova/nova/api/metadata/handler.py:84}}
Apr 12 19:40:21.508448 np0000165323 devstack@n-api-meta.service[109319]: [pid: 109319|app: 0|req: 2/7] 199.204.45.116 () {40 vars in 700 bytes} [Sun Apr 12 19:40:21 2026] GET /openstack/2018-08-27/network_data.json => generated 348 bytes in 5 msecs (HTTP/1.1 200) 3 headers in 100 bytes (1 switches on core 0)
Apr 12 19:40:21.516725 np0000165323 devstack@n-api-meta.service[109322]: DEBUG nova.api.metadata.handler [None req-4d09f6c7-4ed2-4bea-b238-5186ae0148eb None None] Metadata request headers: {'Host': '199.204.45.116:8775', 'User-Agent': 'python-requests/2.33.1', 'Accept-Encoding': 'gzip, deflate', 'Accept': '*/*', 'Connection': 'keep-alive', 'X-Forwarded-For': '192.168.24.97', 'X-Instance-Id': 'd57dd53b-f542-4ef9-8bbe-eebb1807f8ac', 'X-Tenant-Id': '293175fd8e9547799c854ee471911e8b', 'X-Instance-Id-Signature': '2881dd520498838a932d742b931a25205b43fb1ea8952e0b6573200017c9f8b9'} {{(pid=109322) __call__ /opt/stack/nova/nova/api/metadata/handler.py:109}}
Apr 12 19:40:21.519490 np0000165323 devstack@n-api-meta.service[109322]: DEBUG nova.api.metadata.handler [None req-4d09f6c7-4ed2-4bea-b238-5186ae0148eb None None] Using cached metadata for instance d57dd53b-f542-4ef9-8bbe-eebb1807f8ac {{(pid=109322) get_metadata_by_instance_id /opt/stack/nova/nova/api/metadata/handler.py:84}}
Apr 12 19:40:21.520241 np0000165323 devstack@n-api-meta.service[109322]: [pid: 109322|app: 0|req: 2/8] 199.204.45.116 () {40 vars in 658 bytes} [Sun Apr 12 19:40:21 2026] GET /latest/meta-data/ => generated 210 bytes in 4 msecs (HTTP/1.1 200) 3 headers in 100 bytes (1 switches on core 0)
Apr 12 19:40:21.526447 np0000165323 devstack@n-api-meta.service[109320]: DEBUG nova.api.metadata.handler [None req-9aaedb00-e1b7-44ae-a880-e5ff91ff976d None None] Metadata request headers: {'Host': '199.204.45.116:8775', 'User-Agent': 'python-requests/2.33.1', 'Accept-Encoding': 'gzip, deflate', 'Accept': '*/*', 'Connection': 'keep-alive', 'X-Forwarded-For': '192.168.24.97', 'X-Instance-Id': 'd57dd53b-f542-4ef9-8bbe-eebb1807f8ac', 'X-Tenant-Id': '293175fd8e9547799c854ee471911e8b', 'X-Instance-Id-Signature': '2881dd520498838a932d742b931a25205b43fb1ea8952e0b6573200017c9f8b9'} {{(pid=109320) __call__ /opt/stack/nova/nova/api/metadata/handler.py:109}}
Apr 12 19:40:21.528493 np0000165323 devstack@n-api-meta.service[109320]: DEBUG nova.api.metadata.handler [None req-9aaedb00-e1b7-44ae-a880-e5ff91ff976d None None] Using cached metadata for instance d57dd53b-f542-4ef9-8bbe-eebb1807f8ac {{(pid=109320) get_metadata_by_instance_id /opt/stack/nova/nova/api/metadata/handler.py:84}}
Apr 12 19:40:21.529103 np0000165323 devstack@n-api-meta.service[109320]: [pid: 109320|app: 0|req: 3/9] 199.204.45.116 () {40 vars in 700 bytes} [Sun Apr 12 19:40:21 2026] GET /latest/meta-data/block-device-mapping/ => generated 8 bytes in 3 msecs (HTTP/1.1 200) 3 headers in 98 bytes (1 switches on core 0)
Apr 12 19:40:21.538402 np0000165323 devstack@n-api-meta.service[109321]: DEBUG nova.api.metadata.handler [None req-6f56fe63-a0a2-4af3-937c-16c2fa68942d None None] Metadata request headers: {'Host': '199.204.45.116:8775', 'User-Agent': 'python-requests/2.33.1', 'Accept-Encoding': 'gzip, deflate', 'Accept': '*/*', 'Connection': 'keep-alive', 'X-Forwarded-For': '192.168.24.97', 'X-Instance-Id': 'd57dd53b-f542-4ef9-8bbe-eebb1807f8ac', 'X-Tenant-Id': '293175fd8e9547799c854ee471911e8b', 'X-Instance-Id-Signature': '2881dd520498838a932d742b931a25205b43fb1ea8952e0b6573200017c9f8b9'} {{(pid=109321) __call__ /opt/stack/nova/nova/api/metadata/handler.py:109}}
Apr 12 19:40:21.541460 np0000165323 devstack@n-api-meta.service[109321]: DEBUG nova.api.metadata.handler [None req-6f56fe63-a0a2-4af3-937c-16c2fa68942d None None] Using cached metadata for instance d57dd53b-f542-4ef9-8bbe-eebb1807f8ac {{(pid=109321) get_metadata_by_instance_id /opt/stack/nova/nova/api/metadata/handler.py:84}}
Apr 12 19:40:21.542181 np0000165323 devstack@n-api-meta.service[109321]: [pid: 109321|app: 0|req: 3/10] 199.204.45.116 () {40 vars in 706 bytes} [Sun Apr 12 19:40:21 2026] GET /latest/meta-data/block-device-mapping/ami => generated 3 bytes in 5 msecs (HTTP/1.1 200) 3 headers in 98 bytes (1 switches on core 0)
Apr 12 19:40:21.548635 np0000165323 devstack@n-api-meta.service[109319]: DEBUG nova.api.metadata.handler [None req-7cab7101-a7ec-4f9c-96fc-6a00a319624b None None] Metadata request headers: {'Host': '199.204.45.116:8775', 'User-Agent': 'python-requests/2.33.1', 'Accept-Encoding': 'gzip, deflate', 'Accept': '*/*', 'Connection': 'keep-alive', 'X-Forwarded-For': '192.168.24.97', 'X-Instance-Id': 'd57dd53b-f542-4ef9-8bbe-eebb1807f8ac', 'X-Tenant-Id': '293175fd8e9547799c854ee471911e8b', 'X-Instance-Id-Signature': '2881dd520498838a932d742b931a25205b43fb1ea8952e0b6573200017c9f8b9'} {{(pid=109319) __call__ /opt/stack/nova/nova/api/metadata/handler.py:109}}
Apr 12 19:40:21.551336 np0000165323 devstack@n-api-meta.service[109319]: DEBUG nova.api.metadata.handler [None req-7cab7101-a7ec-4f9c-96fc-6a00a319624b None None] Using cached metadata for instance d57dd53b-f542-4ef9-8bbe-eebb1807f8ac {{(pid=109319) get_metadata_by_instance_id /opt/stack/nova/nova/api/metadata/handler.py:84}}
Apr 12 19:40:21.552873 np0000165323 devstack@n-api-meta.service[109319]: [pid: 109319|app: 0|req: 3/11] 199.204.45.116 () {40 vars in 708 bytes} [Sun Apr 12 19:40:21 2026] GET /latest/meta-data/block-device-mapping/root => generated 8 bytes in 4 msecs (HTTP/1.1 200) 3 headers in 98 bytes (1 switches on core 0)
Apr 12 19:40:21.559412 np0000165323 devstack@n-api-meta.service[109322]: DEBUG nova.api.metadata.handler [None req-4d09f6c7-4ed2-4bea-b238-5186ae0148eb None None] Metadata request headers: {'Host': '199.204.45.116:8775', 'User-Agent': 'python-requests/2.33.1', 'Accept-Encoding': 'gzip, deflate', 'Accept': '*/*', 'Connection': 'keep-alive', 'X-Forwarded-For': '192.168.24.97', 'X-Instance-Id': 'd57dd53b-f542-4ef9-8bbe-eebb1807f8ac', 'X-Tenant-Id': '293175fd8e9547799c854ee471911e8b', 'X-Instance-Id-Signature': '2881dd520498838a932d742b931a25205b43fb1ea8952e0b6573200017c9f8b9'} {{(pid=109322) __call__ /opt/stack/nova/nova/api/metadata/handler.py:109}}
Apr 12 19:40:21.562011 np0000165323 devstack@n-api-meta.service[109322]: DEBUG nova.api.metadata.handler [None req-4d09f6c7-4ed2-4bea-b238-5186ae0148eb None None] Using cached metadata for instance d57dd53b-f542-4ef9-8bbe-eebb1807f8ac {{(pid=109322) get_metadata_by_instance_id /opt/stack/nova/nova/api/metadata/handler.py:84}}
Apr 12 19:40:21.562622 np0000165323 devstack@n-api-meta.service[109322]: [pid: 109322|app: 0|req: 3/12] 199.204.45.116 () {40 vars in 678 bytes} [Sun Apr 12 19:40:21 2026] GET /latest/meta-data/placement/ => generated 17 bytes in 4 msecs (HTTP/1.1 200) 3 headers in 99 bytes (1 switches on core 0)
Apr 12 19:40:21.571687 np0000165323 devstack@n-api-meta.service[109320]: DEBUG nova.api.metadata.handler [None req-9aaedb00-e1b7-44ae-a880-e5ff91ff976d None None] Metadata request headers: {'Host': '199.204.45.116:8775', 'User-Agent': 'python-requests/2.33.1', 'Accept-Encoding': 'gzip, deflate', 'Accept': '*/*', 'Connection': 'keep-alive', 'X-Forwarded-For': '192.168.24.97', 'X-Instance-Id': 'd57dd53b-f542-4ef9-8bbe-eebb1807f8ac', 'X-Tenant-Id': '293175fd8e9547799c854ee471911e8b', 'X-Instance-Id-Signature': '2881dd520498838a932d742b931a25205b43fb1ea8952e0b6573200017c9f8b9'} {{(pid=109320) __call__ /opt/stack/nova/nova/api/metadata/handler.py:109}}
Apr 12 19:40:21.574411 np0000165323 devstack@n-api-meta.service[109320]: DEBUG nova.api.metadata.handler [None req-9aaedb00-e1b7-44ae-a880-e5ff91ff976d None None] Using cached metadata for instance d57dd53b-f542-4ef9-8bbe-eebb1807f8ac {{(pid=109320) get_metadata_by_instance_id /opt/stack/nova/nova/api/metadata/handler.py:84}}
Apr 12 19:40:21.575163 np0000165323 devstack@n-api-meta.service[109320]: [pid: 109320|app: 0|req: 4/13] 199.204.45.116 () {40 vars in 712 bytes} [Sun Apr 12 19:40:21 2026] GET /latest/meta-data/placement/availability-zone => generated 4 bytes in 4 msecs (HTTP/1.1 200) 3 headers in 98 bytes (1 switches on core 0)
Apr 12 19:40:21.581163 np0000165323 devstack@n-api-meta.service[109321]: DEBUG nova.api.metadata.handler [None req-6f56fe63-a0a2-4af3-937c-16c2fa68942d None None] Metadata request headers: {'Host': '199.204.45.116:8775', 'User-Agent': 'python-requests/2.33.1', 'Accept-Encoding': 'gzip, deflate', 'Accept': '*/*', 'Connection': 'keep-alive', 'X-Forwarded-For': '192.168.24.97', 'X-Instance-Id': 'd57dd53b-f542-4ef9-8bbe-eebb1807f8ac', 'X-Tenant-Id': '293175fd8e9547799c854ee471911e8b', 'X-Instance-Id-Signature': '2881dd520498838a932d742b931a25205b43fb1ea8952e0b6573200017c9f8b9'} {{(pid=109321) __call__ /opt/stack/nova/nova/api/metadata/handler.py:109}}
Apr 12 19:40:21.584161 np0000165323 devstack@n-api-meta.service[109321]: DEBUG nova.api.metadata.handler [None req-6f56fe63-a0a2-4af3-937c-16c2fa68942d None None] Using cached metadata for instance d57dd53b-f542-4ef9-8bbe-eebb1807f8ac {{(pid=109321) get_metadata_by_instance_id /opt/stack/nova/nova/api/metadata/handler.py:84}}
Apr 12 19:40:21.584485 np0000165323 devstack@n-api-meta.service[109321]: [pid: 109321|app: 0|req: 4/14] 199.204.45.116 () {40 vars in 670 bytes} [Sun Apr 12 19:40:21 2026] GET /latest/meta-data/ami-id => generated 12 bytes in 3 msecs (HTTP/1.1 200) 3 headers in 99 bytes (1 switches on core 0)
Apr 12 19:40:21.596814 np0000165323 devstack@n-api-meta.service[109319]: DEBUG nova.api.metadata.handler [None req-7cab7101-a7ec-4f9c-96fc-6a00a319624b None None] Metadata request headers: {'Host': '199.204.45.116:8775', 'User-Agent': 'python-requests/2.33.1', 'Accept-Encoding': 'gzip, deflate', 'Accept': '*/*', 'Connection': 'keep-alive', 'X-Forwarded-For': '192.168.24.97', 'X-Instance-Id': 'd57dd53b-f542-4ef9-8bbe-eebb1807f8ac', 'X-Tenant-Id': '293175fd8e9547799c854ee471911e8b', 'X-Instance-Id-Signature': '2881dd520498838a932d742b931a25205b43fb1ea8952e0b6573200017c9f8b9'} {{(pid=109319) __call__ /opt/stack/nova/nova/api/metadata/handler.py:109}}
Apr 12 19:40:21.598674 np0000165323 devstack@n-api-meta.service[109319]: DEBUG nova.api.metadata.handler [None req-7cab7101-a7ec-4f9c-96fc-6a00a319624b None None] Using cached metadata for instance d57dd53b-f542-4ef9-8bbe-eebb1807f8ac {{(pid=109319) get_metadata_by_instance_id /opt/stack/nova/nova/api/metadata/handler.py:84}}
Apr 12 19:40:21.599140 np0000165323 devstack@n-api-meta.service[109319]: [pid: 109319|app: 0|req: 4/15] 199.204.45.116 () {40 vars in 690 bytes} [Sun Apr 12 19:40:21 2026] GET /latest/meta-data/ami-launch-index => generated 1 bytes in 3 msecs (HTTP/1.1 200) 3 headers in 98 bytes (1 switches on core 0)
Apr 12 19:40:21.604964 np0000165323 devstack@n-api-meta.service[109322]: DEBUG nova.api.metadata.handler [None req-4d09f6c7-4ed2-4bea-b238-5186ae0148eb None None] Metadata request headers: {'Host': '199.204.45.116:8775', 'User-Agent': 'python-requests/2.33.1', 'Accept-Encoding': 'gzip, deflate', 'Accept': '*/*', 'Connection': 'keep-alive', 'X-Forwarded-For': '192.168.24.97', 'X-Instance-Id': 'd57dd53b-f542-4ef9-8bbe-eebb1807f8ac', 'X-Tenant-Id': '293175fd8e9547799c854ee471911e8b', 'X-Instance-Id-Signature': '2881dd520498838a932d742b931a25205b43fb1ea8952e0b6573200017c9f8b9'} {{(pid=109322) __call__ /opt/stack/nova/nova/api/metadata/handler.py:109}}
Apr 12 19:40:21.606875 np0000165323 devstack@n-api-meta.service[109322]: DEBUG nova.api.metadata.handler [None req-4d09f6c7-4ed2-4bea-b238-5186ae0148eb None None] Using cached metadata for instance d57dd53b-f542-4ef9-8bbe-eebb1807f8ac {{(pid=109322) get_metadata_by_instance_id /opt/stack/nova/nova/api/metadata/handler.py:84}}
Apr 12 19:40:21.607302 np0000165323 devstack@n-api-meta.service[109322]: [pid: 109322|app: 0|req: 4/16] 199.204.45.116 () {40 vars in 692 bytes} [Sun Apr 12 19:40:21 2026] GET /latest/meta-data/ami-manifest-path => generated 5 bytes in 3 msecs (HTTP/1.1 200) 3 headers in 98 bytes (1 switches on core 0)
Apr 12 19:40:21.612956 np0000165323 devstack@n-api-meta.service[109320]: DEBUG nova.api.metadata.handler [None req-9aaedb00-e1b7-44ae-a880-e5ff91ff976d None None] Metadata request headers: {'Host': '199.204.45.116:8775', 'User-Agent': 'python-requests/2.33.1', 'Accept-Encoding': 'gzip, deflate', 'Accept': '*/*', 'Connection': 'keep-alive', 'X-Forwarded-For': '192.168.24.97', 'X-Instance-Id': 'd57dd53b-f542-4ef9-8bbe-eebb1807f8ac', 'X-Tenant-Id': '293175fd8e9547799c854ee471911e8b', 'X-Instance-Id-Signature': '2881dd520498838a932d742b931a25205b43fb1ea8952e0b6573200017c9f8b9'} {{(pid=109320) __call__ /opt/stack/nova/nova/api/metadata/handler.py:109}}
Apr 12 19:40:21.614676 np0000165323 devstack@n-api-meta.service[109320]: DEBUG nova.api.metadata.handler [None req-9aaedb00-e1b7-44ae-a880-e5ff91ff976d None None] Using cached metadata for instance d57dd53b-f542-4ef9-8bbe-eebb1807f8ac {{(pid=109320) get_metadata_by_instance_id /opt/stack/nova/nova/api/metadata/handler.py:84}}
Apr 12 19:40:21.615080 np0000165323 devstack@n-api-meta.service[109320]: [pid: 109320|app: 0|req: 5/17] 199.204.45.116 () {40 vars in 674 bytes} [Sun Apr 12 19:40:21 2026] GET /latest/meta-data/hostname => generated 32 bytes in 2 msecs (HTTP/1.1 200) 3 headers in 99 bytes (1 switches on core 0)
Apr 12 19:40:21.622295 np0000165323 devstack@n-api-meta.service[109321]: DEBUG nova.api.metadata.handler [None req-6f56fe63-a0a2-4af3-937c-16c2fa68942d None None] Metadata request headers: {'Host': '199.204.45.116:8775', 'User-Agent': 'python-requests/2.33.1', 'Accept-Encoding': 'gzip, deflate', 'Accept': '*/*', 'Connection': 'keep-alive', 'X-Forwarded-For': '192.168.24.97', 'X-Instance-Id': 'd57dd53b-f542-4ef9-8bbe-eebb1807f8ac', 'X-Tenant-Id': '293175fd8e9547799c854ee471911e8b', 'X-Instance-Id-Signature': '2881dd520498838a932d742b931a25205b43fb1ea8952e0b6573200017c9f8b9'} {{(pid=109321) __call__ /opt/stack/nova/nova/api/metadata/handler.py:109}}
Apr 12 19:40:21.623732 np0000165323 devstack@n-api-meta.service[109321]: DEBUG nova.api.metadata.handler [None req-6f56fe63-a0a2-4af3-937c-16c2fa68942d None None] Using cached metadata for instance d57dd53b-f542-4ef9-8bbe-eebb1807f8ac {{(pid=109321) get_metadata_by_instance_id /opt/stack/nova/nova/api/metadata/handler.py:84}}
Apr 12 19:40:21.624100 np0000165323 devstack@n-api-meta.service[109321]: [pid: 109321|app: 0|req: 5/18] 199.204.45.116 () {40 vars in 688 bytes} [Sun Apr 12 19:40:21 2026] GET /latest/meta-data/instance-action => generated 4 bytes in 2 msecs (HTTP/1.1 200) 3 headers in 98 bytes (1 switches on core 0)
Apr 12 19:40:21.631279 np0000165323 devstack@n-api-meta.service[109319]: DEBUG nova.api.metadata.handler [None req-7cab7101-a7ec-4f9c-96fc-6a00a319624b None None] Metadata request headers: {'Host': '199.204.45.116:8775', 'User-Agent': 'python-requests/2.33.1', 'Accept-Encoding': 'gzip, deflate', 'Accept': '*/*', 'Connection': 'keep-alive', 'X-Forwarded-For': '192.168.24.97', 'X-Instance-Id': 'd57dd53b-f542-4ef9-8bbe-eebb1807f8ac', 'X-Tenant-Id': '293175fd8e9547799c854ee471911e8b', 'X-Instance-Id-Signature': '2881dd520498838a932d742b931a25205b43fb1ea8952e0b6573200017c9f8b9'} {{(pid=109319) __call__ /opt/stack/nova/nova/api/metadata/handler.py:109}}
Apr 12 19:40:21.633062 np0000165323 devstack@n-api-meta.service[109319]: DEBUG nova.api.metadata.handler [None req-7cab7101-a7ec-4f9c-96fc-6a00a319624b None None] Using cached metadata for instance d57dd53b-f542-4ef9-8bbe-eebb1807f8ac {{(pid=109319) get_metadata_by_instance_id /opt/stack/nova/nova/api/metadata/handler.py:84}}
Apr 12 19:40:21.633451 np0000165323 devstack@n-api-meta.service[109319]: [pid: 109319|app: 0|req: 5/19] 199.204.45.116 () {40 vars in 680 bytes} [Sun Apr 12 19:40:21 2026] GET /latest/meta-data/instance-id => generated 10 bytes in 2 msecs (HTTP/1.1 200) 3 headers in 99 bytes (1 switches on core 0)
