+ COMMAND=start + start + for KEYSTONE_WSGI_SCRIPT in keystone-wsgi-public ++ type -p keystone-wsgi-public + cp -a /var/lib/openstack/bin/keystone-wsgi-public /var/www/cgi-bin/keystone/ + '[' -f /etc/apache2/envvars ']' + source /etc/apache2/envvars ++ unset HOME ++ '[' '' '!=' '' ']' ++ SUFFIX= ++ export APACHE_RUN_USER=www-data ++ APACHE_RUN_USER=www-data ++ export APACHE_RUN_GROUP=www-data ++ APACHE_RUN_GROUP=www-data ++ export APACHE_PID_FILE=/var/run/apache2/apache2.pid ++ APACHE_PID_FILE=/var/run/apache2/apache2.pid ++ export APACHE_RUN_DIR=/var/run/apache2 ++ APACHE_RUN_DIR=/var/run/apache2 ++ export APACHE_LOCK_DIR=/var/lock/apache2 ++ APACHE_LOCK_DIR=/var/lock/apache2 ++ export APACHE_LOG_DIR=/var/log/apache2 ++ APACHE_LOG_DIR=/var/log/apache2 ++ export LANG=C ++ LANG=C ++ export LANG + '[' -f /var/run/apache2/apache2.pid ']' + exec apache2 -DFOREGROUND AH00558: apache2: Could not reliably determine the server's fully qualified domain name, using 10.0.0.163. Set the 'ServerName' directive globally to suppress this message AH00558: apache2: Could not reliably determine the server's fully qualified domain name, using 10.0.0.163. Set the 'ServerName' directive globally to suppress this message
[Fri Apr 17 21:23:58.866309 2026] [mpm_event:notice] [pid 1:tid 140562956429184] AH00489: Apache/2.4.58 (Ubuntu) mod_wsgi/5.0.0 Python/3.12 configured -- resuming normal operations
[Fri Apr 17 21:23:58.866455 2026] [core:notice] [pid 1:tid 140562956429184] AH00094: Command line: 'apache2 -D FOREGROUND'
[Fri Apr 17 21:24:54.029663 2026] [wsgi:error] [pid 10:tid 140562319656640] /var/lib/openstack/lib/python3.12/site-packages/oslo_utils/importutils.py:77: EventletDeprecationWarning:
[Fri Apr 17 21:24:54.029710 2026] [wsgi:error] [pid 10:tid 140562319656640] Eventlet is deprecated. It is currently being maintained in bugfix mode, and
[Fri Apr 17 21:24:54.029712 2026] [wsgi:error] [pid 10:tid 140562319656640] we strongly recommend against using it for new projects.
[Fri Apr 17 21:24:54.029713 2026] [wsgi:error] [pid 10:tid 140562319656640]
[Fri Apr 17 21:24:54.029714 2026] [wsgi:error] [pid 10:tid 140562319656640] If you are already using Eventlet, we recommend migrating to a different
[Fri Apr 17 21:24:54.029715 2026] [wsgi:error] [pid 10:tid 140562319656640] framework. For more detail see
[Fri Apr 17 21:24:54.029717 2026] [wsgi:error] [pid 10:tid 140562319656640] https://eventlet.readthedocs.io/en/latest/asyncio/migration.html
[Fri Apr 17 21:24:54.029718 2026] [wsgi:error] [pid 10:tid 140562319656640]
[Fri Apr 17 21:24:54.029719 2026] [wsgi:error] [pid 10:tid 140562319656640] __import__(import_str)
[Fri Apr 17 21:24:54.056469 2026] [wsgi:error] [pid 11:tid 140562319656640] /var/lib/openstack/lib/python3.12/site-packages/oslo_utils/importutils.py:77: EventletDeprecationWarning:
[Fri Apr 17 21:24:54.056552 2026] [wsgi:error] [pid 11:tid 140562319656640] Eventlet is deprecated. It is currently being maintained in bugfix mode, and
[Fri Apr 17 21:24:54.056556 2026] [wsgi:error] [pid 11:tid 140562319656640] we strongly recommend against using it for new projects.
[Fri Apr 17 21:24:54.056559 2026] [wsgi:error] [pid 11:tid 140562319656640]
[Fri Apr 17 21:24:54.056562 2026] [wsgi:error] [pid 11:tid 140562319656640] If you are already using Eventlet, we recommend migrating to a different
[Fri Apr 17 21:24:54.056565 2026] [wsgi:error] [pid 11:tid 140562319656640] framework. For more detail see
[Fri Apr 17 21:24:54.056567 2026] [wsgi:error] [pid 11:tid 140562319656640] https://eventlet.readthedocs.io/en/latest/asyncio/migration.html
[Fri Apr 17 21:24:54.056570 2026] [wsgi:error] [pid 11:tid 140562319656640]
[Fri Apr 17 21:24:54.056572 2026] [wsgi:error] [pid 11:tid 140562319656640] __import__(import_str) 10.0.0.153 - - [17/Apr/2026:21:24:53 +0000] "GET /v3/ HTTP/1.1" 200 250 10.0.0.153 - - [17/Apr/2026:21:24:53 +0000] "GET /v3/ HTTP/1.1" 200 250
[Fri Apr 17 21:24:59.410800 2026] [wsgi:error] [pid 9:tid 140562319656640] /var/lib/openstack/lib/python3.12/site-packages/oslo_utils/importutils.py:77: EventletDeprecationWarning:
[Fri Apr 17 21:24:59.410863 2026] [wsgi:error] [pid 9:tid 140562319656640] Eventlet is deprecated. It is currently being maintained in bugfix mode, and
[Fri Apr 17 21:24:59.410865 2026] [wsgi:error] [pid 9:tid 140562319656640] we strongly recommend against using it for new projects.
[Fri Apr 17 21:24:59.410866 2026] [wsgi:error] [pid 9:tid 140562319656640]
[Fri Apr 17 21:24:59.410867 2026] [wsgi:error] [pid 9:tid 140562319656640] If you are already using Eventlet, we recommend migrating to a different
[Fri Apr 17 21:24:59.410869 2026] [wsgi:error] [pid 9:tid 140562319656640] framework. For more detail see
[Fri Apr 17 21:24:59.410870 2026] [wsgi:error] [pid 9:tid 140562319656640] https://eventlet.readthedocs.io/en/latest/asyncio/migration.html
[Fri Apr 17 21:24:59.410871 2026] [wsgi:error] [pid 9:tid 140562319656640]
[Fri Apr 17 21:24:59.410872 2026] [wsgi:error] [pid 9:tid 140562319656640] __import__(import_str) 10.0.0.153 - - [17/Apr/2026:21:24:58 +0000] "GET /v3/ HTTP/1.1" 200 250
[Fri Apr 17 21:25:06.422053 2026] [wsgi:error] [pid 12:tid 140562319656640] /var/lib/openstack/lib/python3.12/site-packages/oslo_utils/importutils.py:77: EventletDeprecationWarning:
[Fri Apr 17 21:25:06.422102 2026] [wsgi:error] [pid 12:tid 140562319656640] Eventlet is deprecated. It is currently being maintained in bugfix mode, and
[Fri Apr 17 21:25:06.422104 2026] [wsgi:error] [pid 12:tid 140562319656640] we strongly recommend against using it for new projects.
[Fri Apr 17 21:25:06.422105 2026] [wsgi:error] [pid 12:tid 140562319656640]
[Fri Apr 17 21:25:06.422106 2026] [wsgi:error] [pid 12:tid 140562319656640] If you are already using Eventlet, we recommend migrating to a different
[Fri Apr 17 21:25:06.422107 2026] [wsgi:error] [pid 12:tid 140562319656640] framework. For more detail see
[Fri Apr 17 21:25:06.422108 2026] [wsgi:error] [pid 12:tid 140562319656640] https://eventlet.readthedocs.io/en/latest/asyncio/migration.html
[Fri Apr 17 21:25:06.422110 2026] [wsgi:error] [pid 12:tid 140562319656640]
[Fri Apr 17 21:25:06.422111 2026] [wsgi:error] [pid 12:tid 140562319656640] __import__(import_str) 10.0.0.161 - - [17/Apr/2026:21:25:05 +0000] "GET / HTTP/1.1" 300 295
[Fri Apr 17 21:25:11.202804 2026] [wsgi:error] [pid 11:tid 140562319656640] [remote 10.0.0.161:46348] 2026-04-17 21:25:11.198 11 WARNING keystone.identity.core [None req-962563d2-14ec-4e1d-8af0-896e1c3cc947 - - - - - -] Invalid domain name (atmosphere) found in config file name: keystone.exception.DomainNotFound: Could not find domain: atmosphere.
[Fri Apr 17 21:25:11.261907 2026] [wsgi:error] [pid 11:tid 140562319656640] [remote 10.0.0.161:46348] 2026-04-17 21:25:11.261 11 WARNING keystone.common.password_hashing [None req-962563d2-14ec-4e1d-8af0-896e1c3cc947 - - - - - -] Truncating password to algorithm specific maximum length 72 characters.
[Fri Apr 17 21:25:11.544516 2026] [wsgi:error] [pid 11:tid 140562319656640] [remote 10.0.0.161:46348] 2026-04-17 21:25:11.544 11 WARNING keystone.common.fernet_utils [None req-962563d2-14ec-4e1d-8af0-896e1c3cc947 - - - - - -] key_repository is world readable: /etc/keystone/fernet-keys/ 10.0.0.161 - - [17/Apr/2026:21:25:11 +0000] "POST /v3/auth/tokens HTTP/1.1" 201 1359
[Fri Apr 17 21:25:11.866399 2026] [wsgi:error] [pid 10:tid 140562319656640] [remote 10.0.0.161:46348] 2026-04-17 21:25:11.863 10 WARNING keystone.identity.core [None req-622f7e11-d093-43d4-bb28-8350fe373ad6 - - - - - -] Invalid domain name (atmosphere) found in config file name: keystone.exception.DomainNotFound: Could not find domain: atmosphere. 10.0.0.161 - - [17/Apr/2026:21:25:11 +0000] "POST /v3/domains HTTP/1.1" 201 261 10.0.0.97 - - [17/Apr/2026:21:25:22 +0000] "GET / HTTP/1.1" 300 295
[Fri Apr 17 21:25:23.152179 2026] [wsgi:error] [pid 12:tid 140562319656640] [remote 10.0.0.97:40532] 2026-04-17 21:25:23.151 12 WARNING keystone.common.password_hashing [None req-00400063-038f-4388-ad8d-ee8f310aa1ea - - - - - -] Truncating password to algorithm specific maximum length 72 characters.
[Fri Apr 17 21:25:23.425210 2026] [wsgi:error] [pid 12:tid 140562319656640] [remote 10.0.0.97:40532] 2026-04-17 21:25:23.424 12 WARNING keystone.common.fernet_utils [None req-00400063-038f-4388-ad8d-ee8f310aa1ea - - - - - -] key_repository is world readable: /etc/keystone/fernet-keys/ 10.0.0.97 - - [17/Apr/2026:21:25:22 +0000] "POST /v3/auth/tokens HTTP/1.1" 201 1359 10.0.0.97 - - [17/Apr/2026:21:25:23 +0000] "GET /v3/roles/admin HTTP/1.1" 404 83
[Fri Apr 17 21:25:23.633596 2026] [wsgi:error] [pid 10:tid 140562319656640] [remote 10.0.0.97:40532] 2026-04-17 21:25:23.633 10 WARNING keystone.common.rbac_enforcer.enforcer [None req-4507b9cd-fe59-4cd7-86ad-053828472140 92ec5074f1e24ad18d90c1e29d569586 39fa74cbeea24f18b696355555b2765b - - default default] Deprecated policy rules found. Use oslopolicy-policy-generator and oslopolicy-policy-upgrade to detect and resolve deprecated policies in your configuration. 10.0.0.97 - - [17/Apr/2026:21:25:23 +0000] "GET /v3/roles?name=admin HTTP/1.1" 200 389
[Fri Apr 17 21:25:24.012807 2026] [wsgi:error] [pid 9:tid 140562319656640] [remote 10.0.0.97:40532] 2026-04-17 21:25:24.012 9 WARNING keystone.common.rbac_enforcer.enforcer [None req-914139de-08c2-4ab9-9fd9-a58f831d5660 92ec5074f1e24ad18d90c1e29d569586 39fa74cbeea24f18b696355555b2765b - - default default] Deprecated policy rules found. Use oslopolicy-policy-generator and oslopolicy-policy-upgrade to detect and resolve deprecated policies in your configuration. 10.0.0.97 - - [17/Apr/2026:21:25:23 +0000] "GET /v3/users/admin-RegionOne HTTP/1.1" 404 93
[Fri Apr 17 21:25:24.196888 2026] [wsgi:error] [pid 12:tid 140562319656640] [remote 10.0.0.97:40532] 2026-04-17 21:25:24.196 12 WARNING keystone.common.rbac_enforcer.enforcer [None req-f5cd5923-645c-4478-96d9-de6c8b8a4214 92ec5074f1e24ad18d90c1e29d569586 39fa74cbeea24f18b696355555b2765b - - default default] Deprecated policy rules found. Use oslopolicy-policy-generator and oslopolicy-policy-upgrade to detect and resolve deprecated policies in your configuration. 10.0.0.97 - - [17/Apr/2026:21:25:24 +0000] "GET /v3/users?name=admin-RegionOne HTTP/1.1" 200 422
[Fri Apr 17 21:25:24.373080 2026] [wsgi:error] [pid 11:tid 140562319656640] [remote 10.0.0.97:40532] 2026-04-17 21:25:24.372 11 WARNING keystone.common.rbac_enforcer.enforcer [None req-e2941eb7-a6f5-4061-8c22-ea2b98bf3e48 92ec5074f1e24ad18d90c1e29d569586 39fa74cbeea24f18b696355555b2765b - - default default] Deprecated policy rules found. Use oslopolicy-policy-generator and oslopolicy-policy-upgrade to detect and resolve deprecated policies in your configuration. 10.0.0.97 - - [17/Apr/2026:21:25:24 +0000] "GET /v3/domains/default HTTP/1.1" 200 224 10.0.0.97 - - [17/Apr/2026:21:25:24 +0000] "PUT /v3/domains/default/users/92ec5074f1e24ad18d90c1e29d569586/roles/6dba1a4b3be64f049bf67dea0c6e50e9 HTTP/1.1" 204 - 10.0.0.153 - - [17/Apr/2026:21:25:34 +0000] "GET / HTTP/1.1" 300 280 10.0.0.153 - - [17/Apr/2026:21:25:35 +0000] "GET /v3 HTTP/1.1" 200 265
[Fri Apr 17 21:25:35.494714 2026] [wsgi:error] [pid 11:tid 140562319656640] [remote 10.0.0.153:48716] 2026-04-17 21:25:35.494 11 WARNING keystone.common.password_hashing [None req-54cd1d16-9bf8-478c-b033-91a27ffe1307 - - - - - -] Truncating password to algorithm specific maximum length 72 characters.
[Fri Apr 17 21:25:35.764381 2026] [wsgi:error] [pid 11:tid 140562319656640] [remote 10.0.0.153:48716] 2026-04-17 21:25:35.764 11 WARNING keystone.common.fernet_utils [None req-54cd1d16-9bf8-478c-b033-91a27ffe1307 - - - - - -] key_repository is world readable: /etc/keystone/fernet-keys/ 10.0.0.153 - - [17/Apr/2026:21:25:35 +0000] "POST /v3/auth/tokens HTTP/1.1" 201 1359 10.0.0.153 - - [17/Apr/2026:21:25:35 +0000] "GET / HTTP/1.1" 300 280 10.0.0.153 - - [17/Apr/2026:21:25:35 +0000] "GET /v3/domains/atmosphere HTTP/1.1" 404 90 10.0.0.153 - - [17/Apr/2026:21:25:35 +0000] "GET /v3/domains?name=atmosphere HTTP/1.1" 200 368 10.0.0.153 - - [17/Apr/2026:21:25:35 +0000] "GET /v3/domains/b22b91b3c7414699a00595b423e841e8 HTTP/1.1" 200 246 10.0.0.153 - - [17/Apr/2026:21:25:36 +0000] "GET /v3 HTTP/1.1" 200 265
[Fri Apr 17 21:25:36.941092 2026] [wsgi:error] [pid 9:tid 140562319656640] [remote 10.0.0.153:48716] 2026-04-17 21:25:36.940 9 WARNING keystone.common.password_hashing [None req-12eb6231-1247-479c-a333-8559b94ae2bf - - - - - -] Truncating password to algorithm specific maximum length 72 characters.
[Fri Apr 17 21:25:37.217176 2026] [wsgi:error] [pid 9:tid 140562319656640] [remote 10.0.0.153:48716] 2026-04-17 21:25:37.216 9 WARNING keystone.common.fernet_utils [None req-12eb6231-1247-479c-a333-8559b94ae2bf - - - - - -] key_repository is world readable: /etc/keystone/fernet-keys/ 10.0.0.153 - - [17/Apr/2026:21:25:36 +0000] "POST /v3/auth/tokens HTTP/1.1" 201 1359 10.0.0.153 - - [17/Apr/2026:21:25:37 +0000] "GET / HTTP/1.1" 300 280 10.0.0.153 - - [17/Apr/2026:21:25:37 +0000] "GET /v3/OS-FEDERATION/identity_providers/atmosphere HTTP/1.1" 404 101 10.0.0.153 - - [17/Apr/2026:21:25:37 +0000] "GET /v3/OS-FEDERATION/identity_providers HTTP/1.1" 200 155 10.0.0.153 - - [17/Apr/2026:21:25:37 +0000] "PUT /v3/OS-FEDERATION/identity_providers/atmosphere HTTP/1.1" 201 340 10.0.0.153 - - [17/Apr/2026:21:25:38 +0000] "GET /v3 HTTP/1.1" 200 265
[Fri Apr 17 21:25:38.054380 2026] [wsgi:error] [pid 11:tid 140562319656640] [remote 10.0.0.153:48714] 2026-04-17 21:25:38.054 11 WARNING keystone.common.password_hashing [None req-dcd1bf9f-af78-4650-9844-707702aac7db - - - - - -] Truncating password to algorithm specific maximum length 72 characters.
[Fri Apr 17 21:25:38.321958 2026] [wsgi:error] [pid 11:tid 140562319656640] [remote 10.0.0.153:48714] 2026-04-17 21:25:38.321 11 WARNING keystone.common.fernet_utils [None req-dcd1bf9f-af78-4650-9844-707702aac7db - - - - - -] key_repository is world readable: /etc/keystone/fernet-keys/ 10.0.0.153 - - [17/Apr/2026:21:25:38 +0000] "POST /v3/auth/tokens HTTP/1.1" 201 1359 10.0.0.153 - - [17/Apr/2026:21:25:38 +0000] "GET / HTTP/1.1" 300 280 10.0.0.153 - - [17/Apr/2026:21:25:38 +0000] "GET /v3/OS-FEDERATION/mappings/atmosphere-openid HTTP/1.1" 404 98 10.0.0.153 - - [17/Apr/2026:21:25:38 +0000] "GET /v3/OS-FEDERATION/mappings HTTP/1.1" 200 135 10.0.0.153 - - [17/Apr/2026:21:25:38 +0000] "PUT /v3/OS-FEDERATION/mappings/atmosphere-openid HTTP/1.1" 201 356 10.0.0.153 - - [17/Apr/2026:21:25:39 +0000] "GET /v3 HTTP/1.1" 200 265
[Fri Apr 17 21:25:39.173829 2026] [wsgi:error] [pid 9:tid 140562319656640] [remote 10.0.0.153:48714] 2026-04-17 21:25:39.173 9 WARNING keystone.common.password_hashing [None req-b7076dc9-24ca-4154-bbc7-7658081df19d - - - - - -] Truncating password to algorithm specific maximum length 72 characters.
[Fri Apr 17 21:25:39.461280 2026] [wsgi:error] [pid 9:tid 140562319656640] [remote 10.0.0.153:48714] 2026-04-17 21:25:39.461 9 WARNING keystone.common.fernet_utils [None req-b7076dc9-24ca-4154-bbc7-7658081df19d - - - - - -] key_repository is world readable: /etc/keystone/fernet-keys/ 10.0.0.153 - - [17/Apr/2026:21:25:39 +0000] "POST /v3/auth/tokens HTTP/1.1" 201 1359 10.0.0.153 - - [17/Apr/2026:21:25:39 +0000] "GET / HTTP/1.1" 300 280 10.0.0.153 - - [17/Apr/2026:21:25:39 +0000] "GET /v3/OS-FEDERATION/identity_providers/atmosphere/protocols/openid?idp_id=atmosphere HTTP/1.1" 404 131 10.0.0.153 - - [17/Apr/2026:21:25:39 +0000] "GET /v3/OS-FEDERATION/identity_providers/atmosphere/protocols HTTP/1.1" 200 167 10.0.0.153 - - [17/Apr/2026:21:25:39 +0000] "PUT /v3/OS-FEDERATION/identity_providers/atmosphere/protocols/openid HTTP/1.1" 201 222 10.0.0.153 - - [17/Apr/2026:21:25:53 +0000] "GET /v3/ HTTP/1.1" 200 250 10.0.0.153 - - [17/Apr/2026:21:25:53 +0000] "GET /v3/ HTTP/1.1" 200 250 10.0.0.153 - - [17/Apr/2026:21:26:53 +0000] "GET /v3/ HTTP/1.1" 200 250 10.0.0.153 - - [17/Apr/2026:21:26:53 +0000] "GET /v3/ HTTP/1.1" 200 250 10.0.0.52 - - [17/Apr/2026:21:26:57 +0000] "GET / HTTP/1.1" 300 295
[Fri Apr 17 21:26:57.594811 2026] [wsgi:error] [pid 11:tid 140562319656640] [remote 10.0.0.52:47530] 2026-04-17 21:26:57.594 11 WARNING keystone.common.password_hashing [None req-0fee97c1-0f60-4d21-8052-7d651de55258 - - - - - -] Truncating password to algorithm specific maximum length 72 characters.
[Fri Apr 17 21:26:57.864044 2026] [wsgi:error] [pid 11:tid 140562319656640] [remote 10.0.0.52:47530] 2026-04-17 21:26:57.863 11 WARNING keystone.common.fernet_utils [None req-0fee97c1-0f60-4d21-8052-7d651de55258 - - - - - -] key_repository is world readable: /etc/keystone/fernet-keys/ 10.0.0.52 - - [17/Apr/2026:21:26:57 +0000] "POST /v3/auth/tokens HTTP/1.1" 201 1359 10.0.0.52 - - [17/Apr/2026:21:26:57 +0000] "GET /v3/services HTTP/1.1" 200 355 10.0.0.52 - - [17/Apr/2026:21:27:01 +0000] "GET / HTTP/1.1" 300 295
[Fri Apr 17 21:27:01.323413 2026] [wsgi:error] [pid 12:tid 140562319656640] [remote 10.0.0.52:47544] 2026-04-17 21:27:01.323 12 WARNING keystone.common.password_hashing [None req-5314ca95-5911-44a1-9899-cadbbe44fb10 - - - - - -] Truncating password to algorithm specific maximum length 72 characters.
[Fri Apr 17 21:27:01.596471 2026] [wsgi:error] [pid 12:tid 140562319656640] [remote 10.0.0.52:47544] 2026-04-17 21:27:01.596 12 WARNING keystone.common.fernet_utils [None req-5314ca95-5911-44a1-9899-cadbbe44fb10 - - - - - -] key_repository is world readable: /etc/keystone/fernet-keys/ 10.0.0.52 - - [17/Apr/2026:21:27:01 +0000] "POST /v3/auth/tokens HTTP/1.1" 201 1359 10.0.0.52 - - [17/Apr/2026:21:27:01 +0000] "GET /v3/services HTTP/1.1" 200 355 10.0.0.52 - - [17/Apr/2026:21:27:05 +0000] "GET / HTTP/1.1" 300 295
[Fri Apr 17 21:27:05.055193 2026] [wsgi:error] [pid 9:tid 140562319656640] [remote 10.0.0.52:48058] 2026-04-17 21:27:05.054 9 WARNING keystone.common.password_hashing [None req-4bb6239a-6ceb-48f7-ac5d-150577d75c78 - - - - - -] Truncating password to algorithm specific maximum length 72 characters.
[Fri Apr 17 21:27:05.333563 2026] [wsgi:error] [pid 9:tid 140562319656640] [remote 10.0.0.52:48058] 2026-04-17 21:27:05.333 9 WARNING keystone.common.fernet_utils [None req-4bb6239a-6ceb-48f7-ac5d-150577d75c78 - - - - - -] key_repository is world readable: /etc/keystone/fernet-keys/ 10.0.0.52 - - [17/Apr/2026:21:27:05 +0000] "POST /v3/auth/tokens HTTP/1.1" 201 1359 10.0.0.52 - - [17/Apr/2026:21:27:05 +0000] "GET /v3/services HTTP/1.1" 200 355 10.0.0.52 - - [17/Apr/2026:21:27:08 +0000] "GET / HTTP/1.1" 300 295
[Fri Apr 17 21:27:08.832592 2026] [wsgi:error] [pid 10:tid 140562319656640] [remote 10.0.0.52:48072] 2026-04-17 21:27:08.832 10 WARNING keystone.common.password_hashing [None req-05aa2f9c-d866-406e-b3b8-2283a847549e - - - - - -] Truncating password to algorithm specific maximum length 72 characters.
[Fri Apr 17 21:27:09.125320 2026] [wsgi:error] [pid 10:tid 140562319656640] [remote 10.0.0.52:48072] 2026-04-17 21:27:09.125 10 WARNING keystone.common.fernet_utils [None req-05aa2f9c-d866-406e-b3b8-2283a847549e - - - - - -] key_repository is world readable: /etc/keystone/fernet-keys/ 10.0.0.52 - - [17/Apr/2026:21:27:08 +0000] "POST /v3/auth/tokens HTTP/1.1" 201 1359 10.0.0.52 - - [17/Apr/2026:21:27:09 +0000] "POST /v3/services HTTP/1.1" 201 296 10.0.0.19 - - [17/Apr/2026:21:27:19 +0000] "GET / HTTP/1.1" 300 295
[Fri Apr 17 21:27:19.750093 2026] [wsgi:error] [pid 11:tid 140562319656640] [remote 10.0.0.19:52820] 2026-04-17 21:27:19.749 11 WARNING keystone.common.password_hashing [None req-e3bed6c8-3c99-4aab-8d37-dc7e77b1f33a - - - - - -] Truncating password to algorithm specific maximum length 72 characters. 10.0.0.19 - - [17/Apr/2026:21:27:19 +0000] "GET / HTTP/1.1" 300 295 10.0.0.19 - - [17/Apr/2026:21:27:19 +0000] "GET / HTTP/1.1" 300 295
[Fri Apr 17 21:27:20.004102 2026] [wsgi:error] [pid 9:tid 140562319656640] [remote 10.0.0.19:52822] 2026-04-17 21:27:20.003 9 WARNING keystone.common.password_hashing [None req-a086dca8-768b-4a20-b76d-bb1a653be14e - - - - - -] Truncating password to algorithm specific maximum length 72 characters.
[Fri Apr 17 21:27:20.017181 2026] [wsgi:error] [pid 10:tid 140562319656640] [remote 10.0.0.19:52834] 2026-04-17 21:27:20.016 10 WARNING keystone.common.password_hashing [None req-52d273a5-f406-4d09-86c1-70c8f53023fc - - - - - -] Truncating password to algorithm specific maximum length 72 characters.
[Fri Apr 17 21:27:20.034386 2026] [wsgi:error] [pid 11:tid 140562319656640] [remote 10.0.0.19:52820] 2026-04-17 21:27:20.034 11 WARNING keystone.common.fernet_utils [None req-e3bed6c8-3c99-4aab-8d37-dc7e77b1f33a - - - - - -] key_repository is world readable: /etc/keystone/fernet-keys/ 10.0.0.19 - - [17/Apr/2026:21:27:19 +0000] "POST /v3/auth/tokens HTTP/1.1" 201 1463 10.0.0.19 - - [17/Apr/2026:21:27:20 +0000] "GET /v3/services HTTP/1.1" 200 639
[Fri Apr 17 21:27:20.284710 2026] [wsgi:error] [pid 9:tid 140562319656640] [remote 10.0.0.19:52822] 2026-04-17 21:27:20.284 9 WARNING keystone.common.fernet_utils [None req-a086dca8-768b-4a20-b76d-bb1a653be14e - - - - - -] key_repository is world readable: /etc/keystone/fernet-keys/ 10.0.0.19 - - [17/Apr/2026:21:27:19 +0000] "POST /v3/auth/tokens HTTP/1.1" 201 1463
[Fri Apr 17 21:27:20.310269 2026] [wsgi:error] [pid 10:tid 140562319656640] [remote 10.0.0.19:52834] 2026-04-17 21:27:20.310 10 WARNING keystone.common.fernet_utils [None req-52d273a5-f406-4d09-86c1-70c8f53023fc - - - - - -] key_repository is world readable: /etc/keystone/fernet-keys/ 10.0.0.19 - - [17/Apr/2026:21:27:20 +0000] "POST /v3/auth/tokens HTTP/1.1" 201 1463 10.0.0.19 - - [17/Apr/2026:21:27:20 +0000] "GET /v3/services HTTP/1.1" 200 639 10.0.0.19 - - [17/Apr/2026:21:27:20 +0000] "GET /v3/services HTTP/1.1" 200 639 10.0.0.19 - - [17/Apr/2026:21:27:21 +0000] "GET / HTTP/1.1" 300 295
[Fri Apr 17 21:27:21.586604 2026] [wsgi:error] [pid 10:tid 140562319656640] [remote 10.0.0.19:52846] 2026-04-17 21:27:21.586 10 WARNING keystone.common.password_hashing [None req-b2335e7a-48a8-48e4-84b2-fffe5af9e4fc - - - - - -] Truncating password to algorithm specific maximum length 72 characters. 10.0.0.19 - - [17/Apr/2026:21:27:21 +0000] "GET / HTTP/1.1" 300 295
[Fri Apr 17 21:27:21.803369 2026] [wsgi:error] [pid 12:tid 140562319656640] [remote 10.0.0.19:58280] 2026-04-17 21:27:21.803 12 WARNING keystone.common.password_hashing [None req-bb80e721-dd0b-48f3-b999-36b23f9b53d8 - - - - - -] Truncating password to algorithm specific maximum length 72 characters. 10.0.0.19 - - [17/Apr/2026:21:27:21 +0000] "GET / HTTP/1.1" 300 295
[Fri Apr 17 21:27:21.864359 2026] [wsgi:error] [pid 10:tid 140562319656640] [remote 10.0.0.19:52846] 2026-04-17 21:27:21.864 10 WARNING keystone.common.fernet_utils [None req-b2335e7a-48a8-48e4-84b2-fffe5af9e4fc - - - - - -] key_repository is world readable: /etc/keystone/fernet-keys/ 10.0.0.19 - - [17/Apr/2026:21:27:21 +0000] "POST /v3/auth/tokens HTTP/1.1" 201 1463
[Fri Apr 17 21:27:21.876825 2026] [wsgi:error] [pid 11:tid 140562319656640] [remote 10.0.0.19:58290] 2026-04-17 21:27:21.876 11 WARNING keystone.common.password_hashing [None req-a057c508-a865-4349-8f29-14799db7c80f - - - - - -] Truncating password to algorithm specific maximum length 72 characters. 10.0.0.19 - - [17/Apr/2026:21:27:21 +0000] "GET /v3/endpoints HTTP/1.1" 200 1226 10.0.0.19 - - [17/Apr/2026:21:27:22 +0000] "GET /v3/services/9fa6310dc4be4d5b947e2f9461354a3b HTTP/1.1" 200 233 10.0.0.19 - - [17/Apr/2026:21:27:22 +0000] "GET /v3/services/9fa6310dc4be4d5b947e2f9461354a3b HTTP/1.1" 200 233 10.0.0.19 - - [17/Apr/2026:21:27:22 +0000] "GET /v3/services/9fa6310dc4be4d5b947e2f9461354a3b HTTP/1.1" 200 233
[Fri Apr 17 21:27:22.073801 2026] [wsgi:error] [pid 12:tid 140562319656640] [remote 10.0.0.19:58280] 2026-04-17 21:27:22.073 12 WARNING keystone.common.fernet_utils [None req-bb80e721-dd0b-48f3-b999-36b23f9b53d8 - - - - - -] key_repository is world readable: /etc/keystone/fernet-keys/ 10.0.0.19 - - [17/Apr/2026:21:27:21 +0000] "POST /v3/auth/tokens HTTP/1.1" 201 1463
[Fri Apr 17 21:27:22.150016 2026] [wsgi:error] [pid 11:tid 140562319656640] [remote 10.0.0.19:58290] 2026-04-17 21:27:22.149 11 WARNING keystone.common.fernet_utils [None req-a057c508-a865-4349-8f29-14799db7c80f - - - - - -] key_repository is world readable: /etc/keystone/fernet-keys/ 10.0.0.19 - - [17/Apr/2026:21:27:21 +0000] "POST /v3/auth/tokens HTTP/1.1" 201 1463 10.0.0.19 - - [17/Apr/2026:21:27:22 +0000] "GET /v3/endpoints HTTP/1.1" 200 1226 10.0.0.19 - - [17/Apr/2026:21:27:22 +0000] "GET /v3/services/9fa6310dc4be4d5b947e2f9461354a3b HTTP/1.1" 200 233 10.0.0.19 - - [17/Apr/2026:21:27:22 +0000] "GET /v3/services/9fa6310dc4be4d5b947e2f9461354a3b HTTP/1.1" 200 233 10.0.0.19 - - [17/Apr/2026:21:27:22 +0000] "GET /v3/services/9fa6310dc4be4d5b947e2f9461354a3b HTTP/1.1" 200 233 10.0.0.19 - - [17/Apr/2026:21:27:22 +0000] "GET /v3/endpoints HTTP/1.1" 200 1226 10.0.0.19 - - [17/Apr/2026:21:27:22 +0000] "GET /v3/services/9fa6310dc4be4d5b947e2f9461354a3b HTTP/1.1" 200 233 10.0.0.19 - - [17/Apr/2026:21:27:22 +0000] "GET /v3/services/9fa6310dc4be4d5b947e2f9461354a3b HTTP/1.1" 200 233 10.0.0.19 - - [17/Apr/2026:21:27:22 +0000] "GET /v3/services/9fa6310dc4be4d5b947e2f9461354a3b HTTP/1.1" 200 233 10.0.0.19 - - [17/Apr/2026:21:27:23 +0000] "GET / HTTP/1.1" 300 295
[Fri Apr 17 21:27:23.405573 2026] [wsgi:error] [pid 10:tid 140562319656640] [remote 10.0.0.19:58304] 2026-04-17 21:27:23.405 10 WARNING keystone.common.password_hashing [None req-19c6dc17-b637-437c-a12f-d55087612d4c - - - - - -] Truncating password to algorithm specific maximum length 72 characters. 10.0.0.19 - - [17/Apr/2026:21:27:23 +0000] "GET / HTTP/1.1" 300 295
[Fri Apr 17 21:27:23.620827 2026] [wsgi:error] [pid 11:tid 140562319656640] [remote 10.0.0.19:58306] 2026-04-17 21:27:23.620 11 WARNING keystone.common.password_hashing [None req-aca7a574-d7e8-4b21-b3cf-6b86f93e05cb - - - - - -] Truncating password to algorithm specific maximum length 72 characters. 10.0.0.19 - - [17/Apr/2026:21:27:23 +0000] "GET / HTTP/1.1" 300 295
[Fri Apr 17 21:27:23.667815 2026] [wsgi:error] [pid 9:tid 140562319656640] [remote 10.0.0.19:58318] 2026-04-17 21:27:23.667 9 WARNING keystone.common.password_hashing [None req-8dba46a1-280e-4802-81df-7b795ae43abe - - - - - -] Truncating password to algorithm specific maximum length 72 characters.
[Fri Apr 17 21:27:23.678600 2026] [wsgi:error] [pid 10:tid 140562319656640] [remote 10.0.0.19:58304] 2026-04-17 21:27:23.678 10 WARNING keystone.common.fernet_utils [None req-19c6dc17-b637-437c-a12f-d55087612d4c - - - - - -] key_repository is world readable: /etc/keystone/fernet-keys/ 10.0.0.19 - - [17/Apr/2026:21:27:23 +0000] "POST /v3/auth/tokens HTTP/1.1" 201 1463 10.0.0.19 - - [17/Apr/2026:21:27:23 +0000] "GET /v3/services/5735e016ad4b4da7a7d053ad25d5c82e HTTP/1.1" 200 296 10.0.0.19 - - [17/Apr/2026:21:27:23 +0000] "GET /v3/regions/RegionOne HTTP/1.1" 200 173
[Fri Apr 17 21:27:23.891322 2026] [wsgi:error] [pid 11:tid 140562319656640] [remote 10.0.0.19:58306] 2026-04-17 21:27:23.891 11 WARNING keystone.common.fernet_utils [None req-aca7a574-d7e8-4b21-b3cf-6b86f93e05cb - - - - - -] key_repository is world readable: /etc/keystone/fernet-keys/ 10.0.0.19 - - [17/Apr/2026:21:27:23 +0000] "POST /v3/auth/tokens HTTP/1.1" 201 1463
[Fri Apr 17 21:27:23.949282 2026] [wsgi:error] [pid 9:tid 140562319656640] [remote 10.0.0.19:58318] 2026-04-17 21:27:23.949 9 WARNING keystone.common.fernet_utils [None req-8dba46a1-280e-4802-81df-7b795ae43abe - - - - - -] key_repository is world readable: /etc/keystone/fernet-keys/ 10.0.0.19 - - [17/Apr/2026:21:27:23 +0000] "POST /v3/auth/tokens HTTP/1.1" 201 1463 10.0.0.19 - - [17/Apr/2026:21:27:23 +0000] "POST /v3/endpoints HTTP/1.1" 201 380 10.0.0.19 - - [17/Apr/2026:21:27:23 +0000] "GET /v3/services/5735e016ad4b4da7a7d053ad25d5c82e HTTP/1.1" 200 296 10.0.0.19 - - [17/Apr/2026:21:27:24 +0000] "GET /v3/regions/RegionOne HTTP/1.1" 200 173 10.0.0.19 - - [17/Apr/2026:21:27:24 +0000] "POST /v3/endpoints HTTP/1.1" 201 383 10.0.0.19 - - [17/Apr/2026:21:27:24 +0000] "GET /v3/services/5735e016ad4b4da7a7d053ad25d5c82e HTTP/1.1" 200 296 10.0.0.19 - - [17/Apr/2026:21:27:24 +0000] "GET /v3/regions/RegionOne HTTP/1.1" 200 173 10.0.0.19 - - [17/Apr/2026:21:27:24 +0000] "POST /v3/endpoints HTTP/1.1" 201 369 10.0.0.19 - - [17/Apr/2026:21:27:25 +0000] "GET / HTTP/1.1" 300 295
[Fri Apr 17 21:27:25.260102 2026] [wsgi:error] [pid 12:tid 140562319656640] [remote 10.0.0.19:58328] 2026-04-17 21:27:25.259 12 WARNING keystone.common.password_hashing [None req-3fee8ac2-2e50-49ce-8541-30557bd07e6c - - - - - -] Truncating password to algorithm specific maximum length 72 characters. 10.0.0.19 - - [17/Apr/2026:21:27:25 +0000] "GET / HTTP/1.1" 300 295
[Fri Apr 17 21:27:25.324484 2026] [wsgi:error] [pid 11:tid 140562319656640] [remote 10.0.0.19:58344] 2026-04-17 21:27:25.324 11 WARNING keystone.common.password_hashing [None req-bb7d58fa-750f-41f9-a978-e5e6a68d4285 - - - - - -] Truncating password to algorithm specific maximum length 72 characters. 10.0.0.19 - - [17/Apr/2026:21:27:25 +0000] "GET / HTTP/1.1" 300 295
[Fri Apr 17 21:27:25.540356 2026] [wsgi:error] [pid 12:tid 140562319656640] [remote 10.0.0.19:58328] 2026-04-17 21:27:25.540 12 WARNING keystone.common.fernet_utils [None req-3fee8ac2-2e50-49ce-8541-30557bd07e6c - - - - - -] key_repository is world readable: /etc/keystone/fernet-keys/
[Fri Apr 17 21:27:25.555000 2026] [wsgi:error] [pid 10:tid 140562319656640] [remote 10.0.0.19:58356] 2026-04-17 21:27:25.554 10 WARNING keystone.common.password_hashing [None req-185c610b-2b6b-4796-a3a1-d068f463a241 - - - - - -] Truncating password to algorithm specific maximum length 72 characters. 10.0.0.19 - - [17/Apr/2026:21:27:25 +0000] "POST /v3/auth/tokens HTTP/1.1" 201 1990
[Fri Apr 17 21:27:25.595723 2026] [wsgi:error] [pid 11:tid 140562319656640] [remote 10.0.0.19:58344] 2026-04-17 21:27:25.595 11 WARNING keystone.common.fernet_utils [None req-bb7d58fa-750f-41f9-a978-e5e6a68d4285 - - - - - -] key_repository is world readable: /etc/keystone/fernet-keys/ 10.0.0.19 - - [17/Apr/2026:21:27:25 +0000] "POST /v3/auth/tokens HTTP/1.1" 201 1990 10.0.0.19 - - [17/Apr/2026:21:27:25 +0000] "GET /v3/endpoints/07ee52ccfd644d398333002e09f7133c HTTP/1.1" 200 380 10.0.0.19 - - [17/Apr/2026:21:27:25 +0000] "GET /v3/services/5735e016ad4b4da7a7d053ad25d5c82e HTTP/1.1" 200 296 10.0.0.19 - - [17/Apr/2026:21:27:25 +0000] "GET /v3/endpoints/1f35d69ccf254863ad9b815ae174e1b5 HTTP/1.1" 200 383 10.0.0.19 - - [17/Apr/2026:21:27:25 +0000] "GET /v3/services/5735e016ad4b4da7a7d053ad25d5c82e HTTP/1.1" 200 296
[Fri Apr 17 21:27:25.833907 2026] [wsgi:error] [pid 10:tid 140562319656640] [remote 10.0.0.19:58356] 2026-04-17 21:27:25.833 10 WARNING keystone.common.fernet_utils [None req-185c610b-2b6b-4796-a3a1-d068f463a241 - - - - - -] key_repository is world readable: /etc/keystone/fernet-keys/ 10.0.0.19 - - [17/Apr/2026:21:27:25 +0000] "POST /v3/auth/tokens HTTP/1.1" 201 1990 10.0.0.19 - - [17/Apr/2026:21:27:25 +0000] "GET /v3/endpoints/e40a0732d4534e519fffe89c43eca397 HTTP/1.1" 200 369 10.0.0.19 - - [17/Apr/2026:21:27:25 +0000] "GET /v3/services/5735e016ad4b4da7a7d053ad25d5c82e HTTP/1.1" 200 296 10.0.0.118 - - [17/Apr/2026:21:27:37 +0000] "GET / HTTP/1.1" 300 295
[Fri Apr 17 21:27:37.866147 2026] [wsgi:error] [pid 10:tid 140562319656640] [remote 10.0.0.118:42832] 2026-04-17 21:27:37.865 10 WARNING keystone.common.password_hashing [None req-d1072949-cfc0-4633-903f-5bd170f0b557 - - - - - -] Truncating password to algorithm specific maximum length 72 characters.
[Fri Apr 17 21:27:38.137023 2026] [wsgi:error] [pid 10:tid 140562319656640] [remote 10.0.0.118:42832] 2026-04-17 21:27:38.136 10 WARNING keystone.common.fernet_utils [None req-d1072949-cfc0-4633-903f-5bd170f0b557 - - - - - -] key_repository is world readable: /etc/keystone/fernet-keys/ 10.0.0.118 - - [17/Apr/2026:21:27:37 +0000] "POST /v3/auth/tokens HTTP/1.1" 201 1990 10.0.0.118 - - [17/Apr/2026:21:27:38 +0000] "POST /v3/domains HTTP/1.1" 201 284 10.0.0.118 - - [17/Apr/2026:21:27:39 +0000] "GET / HTTP/1.1" 300 295
[Fri Apr 17 21:27:39.610016 2026] [wsgi:error] [pid 9:tid 140562319656640] [remote 10.0.0.118:42848] 2026-04-17 21:27:39.609 9 WARNING keystone.common.password_hashing [None req-3b1758bd-59af-4275-a154-2e124e00f4b8 - - - - - -] Truncating password to algorithm specific maximum length 72 characters.
[Fri Apr 17 21:27:39.888094 2026] [wsgi:error] [pid 9:tid 140562319656640] [remote 10.0.0.118:42848] 2026-04-17 21:27:39.887 9 WARNING keystone.common.fernet_utils [None req-3b1758bd-59af-4275-a154-2e124e00f4b8 - - - - - -] key_repository is world readable: /etc/keystone/fernet-keys/ 10.0.0.118 - - [17/Apr/2026:21:27:39 +0000] "POST /v3/auth/tokens HTTP/1.1" 201 1990
[Fri Apr 17 21:27:40.097849 2026] [wsgi:error] [pid 10:tid 140562319656640] [remote 10.0.0.118:42848] 2026-04-17 21:27:40.086 10 ERROR keystone.server.flask.application [None req-f719181b-2abb-4a8a-91b2-81e18e82c5b0 92ec5074f1e24ad18d90c1e29d569586 39fa74cbeea24f18b696355555b2765b - - default default] Conflict occurred attempting to store project - it is not permitted to have two projects acting as domains with the same name: service.: keystone.exception.Conflict: Conflict occurred attempting to store project - it is not permitted to have two projects acting as domains with the same name: service.
[Fri Apr 17 21:27:40.097874 2026] [wsgi:error] [pid 10:tid 140562319656640] [remote 10.0.0.118:42848] 2026-04-17 21:27:40.086 10 ERROR keystone.server.flask.application
Traceback (most recent call last):
[Fri Apr 17 21:27:40.097876 2026] [wsgi:error] [pid 10:tid 140562319656640] [remote 10.0.0.118:42848] 2026-04-17 21:27:40.086 10 ERROR keystone.server.flask.application
File "/var/lib/openstack/lib/python3.12/site-packages/sqlalchemy/engine/base.py", line 1967, in _exec_single_context
[Fri Apr 17 21:27:40.097878 2026] [wsgi:error] [pid 10:tid 140562319656640] [remote 10.0.0.118:42848] 2026-04-17 21:27:40.086 10 ERROR keystone.server.flask.application self.dialect.do_execute(
[Fri Apr 17 21:27:40.097879 2026] [wsgi:error] [pid 10:tid 140562319656640] [remote 10.0.0.118:42848] 2026-04-17 21:27:40.086 10 ERROR keystone.server.flask.application
File "/var/lib/openstack/lib/python3.12/site-packages/sqlalchemy/engine/default.py", line 952, in do_execute
[Fri Apr 17 21:27:40.097881 2026] [wsgi:error] [pid 10:tid 140562319656640] [remote 10.0.0.118:42848] 2026-04-17 21:27:40.086 10 ERROR keystone.server.flask.application cursor.execute(statement, parameters)
[Fri Apr 17 21:27:40.097883 2026] [wsgi:error] [pid 10:tid 140562319656640] [remote 10.0.0.118:42848] 2026-04-17 21:27:40.086 10 ERROR keystone.server.flask.application
File "/var/lib/openstack/lib/python3.12/site-packages/pymysql/cursors.py", line 153, in execute
[Fri Apr 17 21:27:40.097884 2026] [wsgi:error] [pid 10:tid 140562319656640] [remote 10.0.0.118:42848] 2026-04-17 21:27:40.086 10 ERROR keystone.server.flask.application result = self._query(query)
[Fri Apr 17 21:27:40.097885 2026] [wsgi:error] [pid 10:tid 140562319656640] [remote 10.0.0.118:42848] 2026-04-17 21:27:40.086 10 ERROR keystone.server.flask.application ^^^^^^^^^^^^^^^^^^
[Fri Apr 17 21:27:40.097887 2026] [wsgi:error] [pid 10:tid 140562319656640] [remote 10.0.0.118:42848] 2026-04-17 21:27:40.086 10 ERROR keystone.server.flask.application
File "/var/lib/openstack/lib/python3.12/site-packages/pymysql/cursors.py", line 322, in _query
[Fri Apr 17 21:27:40.097888 2026] [wsgi:error] [pid 10:tid 140562319656640] [remote 10.0.0.118:42848] 2026-04-17 21:27:40.086 10 ERROR keystone.server.flask.application conn.query(q)
[Fri Apr 17 21:27:40.097890 2026] [wsgi:error] [pid 10:tid 140562319656640] [remote 10.0.0.118:42848] 2026-04-17 21:27:40.086 10 ERROR keystone.server.flask.application
File "/var/lib/openstack/lib/python3.12/site-packages/pymysql/connections.py", line 575, in query
[Fri Apr 17 21:27:40.097891 2026] [wsgi:error] [pid 10:tid 140562319656640] [remote 10.0.0.118:42848] 2026-04-17 21:27:40.086 10 ERROR keystone.server.flask.application self._affected_rows = self._read_query_result(unbuffered=unbuffered)
[Fri Apr 17 21:27:40.097893 2026] [wsgi:error] [pid 10:tid 140562319656640] [remote 10.0.0.118:42848] 2026-04-17 21:27:40.086 10 ERROR keystone.server.flask.application ^^^^^^^^^^^^^^^^^^^^^^^^^^^^^^^^^^^^^^^^^^^^^^
[Fri Apr 17 21:27:40.097894 2026] [wsgi:error] [pid 10:tid 140562319656640] [remote 10.0.0.118:42848] 2026-04-17 21:27:40.086 10 ERROR keystone.server.flask.application
File "/var/lib/openstack/lib/python3.12/site-packages/pymysql/connections.py", line 826, in _read_query_result
[Fri Apr 17 21:27:40.097895 2026] [wsgi:error] [pid 10:tid 140562319656640] [remote 10.0.0.118:42848] 2026-04-17 21:27:40.086 10 ERROR keystone.server.flask.application result.read()
[Fri Apr 17 21:27:40.097898 2026] [wsgi:error] [pid 10:tid 140562319656640] [remote 10.0.0.118:42848] 2026-04-17 21:27:40.086 10 ERROR keystone.server.flask.application
File "/var/lib/openstack/lib/python3.12/site-packages/pymysql/connections.py", line 1203, in read
[Fri Apr 17 21:27:40.097899 2026] [wsgi:error] [pid 10:tid 140562319656640] [remote 10.0.0.118:42848] 2026-04-17 21:27:40.086 10 ERROR keystone.server.flask.application first_packet = self.connection._read_packet()
[Fri Apr 17 21:27:40.097901 2026] [wsgi:error] [pid 10:tid 140562319656640] [remote 10.0.0.118:42848] 2026-04-17 21:27:40.086 10 ERROR keystone.server.flask.application ^^^^^^^^^^^^^^^^^^^^^^^^^^^^^^
[Fri Apr 17 21:27:40.097902 2026] [wsgi:error] [pid 10:tid 140562319656640] [remote 10.0.0.118:42848] 2026-04-17 21:27:40.086 10 ERROR keystone.server.flask.application
File "/var/lib/openstack/lib/python3.12/site-packages/pymysql/connections.py", line 782, in _read_packet
[Fri Apr 17 21:27:40.097903 2026] [wsgi:error] [pid 10:tid 140562319656640] [remote 10.0.0.118:42848] 2026-04-17 21:27:40.086 10 ERROR keystone.server.flask.application packet.raise_for_error()
[Fri Apr 17 21:27:40.097905 2026] [wsgi:error] [pid 10:tid 140562319656640] [remote 10.0.0.118:42848] 2026-04-17 21:27:40.086 10 ERROR keystone.server.flask.application
File "/var/lib/openstack/lib/python3.12/site-packages/pymysql/protocol.py", line 219, in raise_for_error
[Fri Apr 17 21:27:40.097906 2026] [wsgi:error] [pid 10:tid 140562319656640] [remote 10.0.0.118:42848] 2026-04-17 21:27:40.086 10 ERROR keystone.server.flask.application err.raise_mysql_exception(self._data)
[Fri Apr 17 21:27:40.097908 2026] [wsgi:error] [pid 10:tid 140562319656640] [remote 10.0.0.118:42848] 2026-04-17 21:27:40.086 10 ERROR keystone.server.flask.application
File "/var/lib/openstack/lib/python3.12/site-packages/pymysql/err.py", line 150, in raise_mysql_exception
[Fri Apr 17 21:27:40.097909 2026] [wsgi:error] [pid 10:tid 140562319656640] [remote 10.0.0.118:42848] 2026-04-17 21:27:40.086 10 ERROR keystone.server.flask.application raise errorclass(errno, errval)
[Fri Apr 17 21:27:40.097911 2026] [wsgi:error] [pid 10:tid 140562319656640] [remote 10.0.0.118:42848] 2026-04-17 21:27:40.086 10 ERROR keystone.server.flask.application pymysql.err.IntegrityError: (1062, "Duplicate entry '<>-service' for key 'project.ixu_project_name_domain_id'")
[Fri Apr 17 21:27:40.097912 2026] [wsgi:error] [pid 10:tid 140562319656640] [remote 10.0.0.118:42848] 2026-04-17 21:27:40.086 10 ERROR keystone.server.flask.application
[Fri Apr 17 21:27:40.097914 2026] [wsgi:error] [pid 10:tid 140562319656640] [remote 10.0.0.118:42848] 2026-04-17 21:27:40.086 10 ERROR keystone.server.flask.application The above exception was the direct cause of the following exception:
[Fri Apr 17 21:27:40.097915 2026] [wsgi:error] [pid 10:tid 140562319656640] [remote 10.0.0.118:42848] 2026-04-17 21:27:40.086 10 ERROR keystone.server.flask.application
[Fri Apr 17 21:27:40.097916 2026] [wsgi:error] [pid 10:tid 140562319656640] [remote 10.0.0.118:42848] 2026-04-17 21:27:40.086 10 ERROR keystone.server.flask.application
Traceback (most recent call last):
[Fri Apr 17 21:27:40.097917 2026] [wsgi:error] [pid 10:tid 140562319656640] [remote 10.0.0.118:42848] 2026-04-17 21:27:40.086 10 ERROR keystone.server.flask.application
File "/var/lib/openstack/lib/python3.12/site-packages/keystone/common/sql/core.py", line 575, in wrapper
[Fri Apr 17 21:27:40.097919 2026] [wsgi:error] [pid 10:tid 140562319656640] [remote 10.0.0.118:42848] 2026-04-17 21:27:40.086 10 ERROR keystone.server.flask.application return method(*args, **kwargs)
[Fri Apr 17 21:27:40.097920 2026] [wsgi:error] [pid 10:tid 140562319656640] [remote 10.0.0.118:42848] 2026-04-17 21:27:40.086 10 ERROR keystone.server.flask.application ^^^^^^^^^^^^^^^^^^^^^^^
[Fri Apr 17 21:27:40.097922 2026] [wsgi:error] [pid 10:tid 140562319656640] [remote 10.0.0.118:42848] 2026-04-17 21:27:40.086 10 ERROR keystone.server.flask.application
File "/var/lib/openstack/lib/python3.12/site-packages/keystone/resource/backends/sql.py", line 278, in create_project
[Fri Apr 17 21:27:40.097924 2026] [wsgi:error] [pid 10:tid 140562319656640] [remote 10.0.0.118:42848] 2026-04-17 21:27:40.086 10 ERROR keystone.server.flask.application with sql.session_for_write() as session:
[Fri Apr 17 21:27:40.097925 2026] [wsgi:error] [pid 10:tid 140562319656640] [remote 10.0.0.118:42848] 2026-04-17 21:27:40.086 10 ERROR keystone.server.flask.application
File "/usr/lib/python3.12/contextlib.py", line 144, in __exit__
[Fri Apr 17 21:27:40.097926 2026] [wsgi:error] [pid 10:tid 140562319656640] [remote 10.0.0.118:42848] 2026-04-17 21:27:40.086 10 ERROR keystone.server.flask.application next(self.gen)
[Fri Apr 17 21:27:40.097928 2026] [wsgi:error] [pid 10:tid 140562319656640] [remote 10.0.0.118:42848] 2026-04-17 21:27:40.086 10 ERROR keystone.server.flask.application
File "/var/lib/openstack/lib/python3.12/site-packages/oslo_db/sqlalchemy/enginefacade.py", line 1175, in _transaction_scope
[Fri Apr 17 21:27:40.097929 2026] [wsgi:error] [pid 10:tid 140562319656640] [remote 10.0.0.118:42848] 2026-04-17 21:27:40.086 10 ERROR keystone.server.flask.application with current._produce_block(
[Fri Apr 17 21:27:40.097930 2026] [wsgi:error] [pid 10:tid 140562319656640] [remote 10.0.0.118:42848] 2026-04-17 21:27:40.086 10 ERROR keystone.server.flask.application
File "/usr/lib/python3.12/contextlib.py", line 144, in __exit__
[Fri Apr 17 21:27:40.097932 2026] [wsgi:error] [pid 10:tid 140562319656640] [remote 10.0.0.118:42848] 2026-04-17 21:27:40.086 10 ERROR keystone.server.flask.application next(self.gen)
[Fri Apr 17 21:27:40.097933 2026] [wsgi:error] [pid 10:tid 140562319656640] [remote 10.0.0.118:42848] 2026-04-17 21:27:40.086 10 ERROR keystone.server.flask.application
File "/var/lib/openstack/lib/python3.12/site-packages/oslo_db/sqlalchemy/enginefacade.py", line 837, in _session
[Fri Apr 17 21:27:40.097935 2026] [wsgi:error] [pid 10:tid 140562319656640] [remote 10.0.0.118:42848] 2026-04-17 21:27:40.086 10 ERROR keystone.server.flask.application with excutils.save_and_reraise_exception():
[Fri Apr 17 21:27:40.097936 2026] [wsgi:error] [pid 10:tid 140562319656640] [remote 10.0.0.118:42848] 2026-04-17 21:27:40.086 10 ERROR keystone.server.flask.application
File "/var/lib/openstack/lib/python3.12/site-packages/oslo_utils/excutils.py", line 271, in __exit__
[Fri Apr 17 21:27:40.097937 2026] [wsgi:error] [pid 10:tid 140562319656640] [remote 10.0.0.118:42848] 2026-04-17 21:27:40.086 10 ERROR keystone.server.flask.application self.force_reraise()
[Fri Apr 17 21:27:40.097939 2026] [wsgi:error] [pid 10:tid 140562319656640] [remote 10.0.0.118:42848] 2026-04-17 21:27:40.086 10 ERROR keystone.server.flask.application
File "/var/lib/openstack/lib/python3.12/site-packages/oslo_utils/excutils.py", line 233, in force_reraise
[Fri Apr 17 21:27:40.097941 2026] [wsgi:error] [pid 10:tid 140562319656640] [remote 10.0.0.118:42848] 2026-04-17 21:27:40.086 10 ERROR keystone.server.flask.application raise self.value
[Fri Apr 17 21:27:40.097942 2026] [wsgi:error] [pid 10:tid 140562319656640] [remote 10.0.0.118:42848] 2026-04-17 21:27:40.086 10 ERROR keystone.server.flask.application
File "/var/lib/openstack/lib/python3.12/site-packages/oslo_db/sqlalchemy/enginefacade.py", line 835, in _session
[Fri Apr 17 21:27:40.097944 2026] [wsgi:error] [pid 10:tid 140562319656640] [remote 10.0.0.118:42848] 2026-04-17 21:27:40.086 10 ERROR keystone.server.flask.application self._end_session_transaction(self.session)
[Fri Apr 17 21:27:40.097945 2026] [wsgi:error] [pid 10:tid 140562319656640] [remote 10.0.0.118:42848] 2026-04-17 21:27:40.086 10 ERROR keystone.server.flask.application
File "/var/lib/openstack/lib/python3.12/site-packages/oslo_db/sqlalchemy/enginefacade.py", line 748, in _end_session_transaction
[Fri Apr 17 21:27:40.097948 2026] [wsgi:error] [pid 10:tid 140562319656640] [remote 10.0.0.118:42848] 2026-04-17 21:27:40.086 10 ERROR keystone.server.flask.application session.commit()
[Fri Apr 17 21:27:40.097949 2026] [wsgi:error] [pid 10:tid 140562319656640] [remote 10.0.0.118:42848] 2026-04-17 21:27:40.086 10 ERROR keystone.server.flask.application
File "/var/lib/openstack/lib/python3.12/site-packages/sqlalchemy/orm/session.py", line 2030, in commit
[Fri Apr 17 21:27:40.097950 2026] [wsgi:error] [pid 10:tid 140562319656640] [remote 10.0.0.118:42848] 2026-04-17 21:27:40.086 10 ERROR keystone.server.flask.application trans.commit(_to_root=True)
[Fri Apr 17 21:27:40.097952 2026] [wsgi:error] [pid 10:tid 140562319656640] [remote 10.0.0.118:42848] 2026-04-17 21:27:40.086 10 ERROR keystone.server.flask.application File "", line 2, in commit
[Fri Apr 17 21:27:40.097953 2026] [wsgi:error] [pid 10:tid 140562319656640] [remote 10.0.0.118:42848] 2026-04-17 21:27:40.086 10 ERROR keystone.server.flask.application
File "/var/lib/openstack/lib/python3.12/site-packages/sqlalchemy/orm/state_changes.py", line 137, in _go
[Fri Apr 17 21:27:40.097954 2026] [wsgi:error] [pid 10:tid 140562319656640] [remote 10.0.0.118:42848] 2026-04-17 21:27:40.086 10 ERROR keystone.server.flask.application ret_value = fn(self, *arg, **kw)
[Fri Apr 17 21:27:40.097956 2026] [wsgi:error] [pid 10:tid 140562319656640] [remote 10.0.0.118:42848] 2026-04-17 21:27:40.086 10 ERROR keystone.server.flask.application ^^^^^^^^^^^^^^^^^^^^
[Fri Apr 17 21:27:40.097957 2026] [wsgi:error] [pid 10:tid 140562319656640] [remote 10.0.0.118:42848] 2026-04-17 21:27:40.086 10 ERROR keystone.server.flask.application
File "/var/lib/openstack/lib/python3.12/site-packages/sqlalchemy/orm/session.py", line 1311, in commit
[Fri Apr 17 21:27:40.097958 2026] [wsgi:error] [pid 10:tid 140562319656640] [remote 10.0.0.118:42848] 2026-04-17 21:27:40.086 10 ERROR keystone.server.flask.application self._prepare_impl()
[Fri Apr 17 21:27:40.097960 2026] [wsgi:error] [pid 10:tid 140562319656640] [remote 10.0.0.118:42848] 2026-04-17 21:27:40.086 10 ERROR keystone.server.flask.application File "", line 2, in _prepare_impl
[Fri Apr 17 21:27:40.097961 2026] [wsgi:error] [pid 10:tid 140562319656640] [remote 10.0.0.118:42848] 2026-04-17 21:27:40.086 10 ERROR keystone.server.flask.application
File "/var/lib/openstack/lib/python3.12/site-packages/sqlalchemy/orm/state_changes.py", line 137, in _go
[Fri Apr 17 21:27:40.097962 2026] [wsgi:error] [pid 10:tid 140562319656640] [remote 10.0.0.118:42848] 2026-04-17 21:27:40.086 10 ERROR keystone.server.flask.application ret_value = fn(self, *arg, **kw)
[Fri Apr 17 21:27:40.097964 2026] [wsgi:error] [pid 10:tid 140562319656640] [remote 10.0.0.118:42848] 2026-04-17 21:27:40.086 10 ERROR keystone.server.flask.application ^^^^^^^^^^^^^^^^^^^^
[Fri Apr 17 21:27:40.097965 2026] [wsgi:error] [pid 10:tid 140562319656640] [remote 10.0.0.118:42848] 2026-04-17 21:27:40.086 10 ERROR keystone.server.flask.application
File "/var/lib/openstack/lib/python3.12/site-packages/sqlalchemy/orm/session.py", line 1286, in _prepare_impl
[Fri Apr 17 21:27:40.097966 2026] [wsgi:error] [pid 10:tid 140562319656640] [remote 10.0.0.118:42848] 2026-04-17 21:27:40.086 10 ERROR keystone.server.flask.application self.session.flush()
[Fri Apr 17 21:27:40.097968 2026] [wsgi:error] [pid 10:tid 140562319656640] [remote 10.0.0.118:42848] 2026-04-17 21:27:40.086 10 ERROR keystone.server.flask.application
File "/var/lib/openstack/lib/python3.12/site-packages/sqlalchemy/orm/session.py", line 4331, in flush
[Fri Apr 17 21:27:40.097982 2026] [wsgi:error] [pid 10:tid 140562319656640] [remote 10.0.0.118:42848] 2026-04-17 21:27:40.086 10 ERROR keystone.server.flask.application self._flush(objects)
[Fri Apr 17 21:27:40.097984 2026] [wsgi:error] [pid 10:tid 140562319656640] [remote 10.0.0.118:42848] 2026-04-17 21:27:40.086 10 ERROR keystone.server.flask.application
File "/var/lib/openstack/lib/python3.12/site-packages/sqlalchemy/orm/session.py", line 4466, in _flush
[Fri Apr 17 21:27:40.097985 2026] [wsgi:error] [pid 10:tid 140562319656640] [remote 10.0.0.118:42848] 2026-04-17 21:27:40.086 10 ERROR keystone.server.flask.application with util.safe_reraise():
[Fri Apr 17 21:27:40.097987 2026] [wsgi:error] [pid 10:tid 140562319656640] [remote 10.0.0.118:42848] 2026-04-17 21:27:40.086 10 ERROR keystone.server.flask.application
File "/var/lib/openstack/lib/python3.12/site-packages/sqlalchemy/util/langhelpers.py", line 121, in __exit__
[Fri Apr 17 21:27:40.097988 2026] [wsgi:error] [pid 10:tid 140562319656640] [remote 10.0.0.118:42848] 2026-04-17 21:27:40.086 10 ERROR keystone.server.flask.application raise exc_value.with_traceback(exc_tb)
[Fri Apr 17 21:27:40.097990 2026] [wsgi:error] [pid 10:tid 140562319656640] [remote 10.0.0.118:42848] 2026-04-17 21:27:40.086 10 ERROR keystone.server.flask.application
File "/var/lib/openstack/lib/python3.12/site-packages/sqlalchemy/orm/session.py", line 4427, in _flush
[Fri Apr 17 21:27:40.097992 2026] [wsgi:error] [pid 10:tid 140562319656640] [remote 10.0.0.118:42848] 2026-04-17 21:27:40.086 10 ERROR keystone.server.flask.application flush_context.execute()
[Fri Apr 17 21:27:40.097993 2026] [wsgi:error] [pid 10:tid 140562319656640] [remote 10.0.0.118:42848] 2026-04-17 21:27:40.086 10 ERROR keystone.server.flask.application
File "/var/lib/openstack/lib/python3.12/site-packages/sqlalchemy/orm/unitofwork.py", line 466, in execute
