Jun 09 02:39:25.126605 np0000179086 devstack@neutron-api.service[103629]: DEBUG neutron_lib.callbacks.manager [None req-d6cec930-0095-4ed9-8aa7-539ea4250841 None None] Subscribe: > security_group_rule after_delete 55550000, False {{(pid=103629) subscribe /opt/stack/data/venv/lib/python3.12/site-packages/neutron_lib/callbacks/manager.py:52}}
Jun 09 02:39:25.126605 np0000179086 devstack@neutron-api.service[103629]: DEBUG neutron_lib.callbacks.manager [None req-d6cec930-0095-4ed9-8aa7-539ea4250841 None None] Subscribe: > address_group after_create 55550000, False {{(pid=103629) subscribe /opt/stack/data/venv/lib/python3.12/site-packages/neutron_lib/callbacks/manager.py:52}}
Jun 09 02:39:25.126665 np0000179086 devstack@neutron-api.service[103631]: DEBUG neutron.api.extensions [None req-953da159-e55f-4ab2-be1e-fe1edf178042 None None] Ext name="Neutron Service Flavors" alias="flavors" description="Flavor specification for Neutron advanced services." updated="2015-09-17T10:00:00-00:00" {{(pid=103631) _check_extension /opt/stack/neutron/neutron/api/extensions.py:415}}
Jun 09 02:39:25.126699 np0000179086 devstack@neutron-api.service[103629]: DEBUG neutron_lib.callbacks.manager [None req-d6cec930-0095-4ed9-8aa7-539ea4250841 None None] Subscribe: > address_group after_update 55550000, False {{(pid=103629) subscribe /opt/stack/data/venv/lib/python3.12/site-packages/neutron_lib/callbacks/manager.py:52}}
Jun 09 02:39:25.126699 np0000179086 devstack@neutron-api.service[103629]: DEBUG neutron_lib.callbacks.manager [None req-d6cec930-0095-4ed9-8aa7-539ea4250841 None None] Subscribe: > address_group after_delete 55550000, False {{(pid=103629) subscribe /opt/stack/data/venv/lib/python3.12/site-packages/neutron_lib/callbacks/manager.py:52}}
Jun 09 02:39:25.126754 np0000179086 devstack@neutron-api.service[103631]: INFO neutron.api.extensions [None req-953da159-e55f-4ab2-be1e-fe1edf178042 None None] Loaded extension: flavors
Jun 09 02:39:25.126754 np0000179086 devstack@neutron-api.service[103631]: DEBUG neutron.api.extensions [None req-953da159-e55f-4ab2-be1e-fe1edf178042 None None] Loading extension file: floating_ip_port_forwarding.py {{(pid=103631) _load_all_extensions_from_path /opt/stack/neutron/neutron/api/extensions.py:449}}
Jun 09 02:39:25.126814 np0000179086 devstack@neutron-api.service[103629]: DEBUG neutron.plugins.ml2.ovo_rpc [None req-d6cec930-0095-4ed9-8aa7-539ea4250841 None None] ML2 OVO RPC backend initialized. {{(pid=103629) __init__ /opt/stack/neutron/neutron/plugins/ml2/ovo_rpc.py:117}}
Jun 09 02:39:25.127022 np0000179086 devstack@neutron-api.service[103631]: DEBUG neutron.api.extensions [None req-953da159-e55f-4ab2-be1e-fe1edf178042 None None] Ext name="Floating IP Port Forwarding" alias="floating-ip-port-forwarding" description="Allow port forwarding from floating IP port to an internal port" updated="2018-01-19T10:00:00-00:00" {{(pid=103631) _check_extension /opt/stack/neutron/neutron/api/extensions.py:415}}
Jun 09 02:39:25.127191 np0000179086 devstack@neutron-api.service[103631]: INFO neutron.api.extensions [None req-953da159-e55f-4ab2-be1e-fe1edf178042 None None] Extension floating-ip-port-forwarding not supported by any of loaded plugins
Jun 09 02:39:25.127282 np0000179086 devstack@neutron-api.service[103631]: DEBUG neutron.api.extensions [None req-953da159-e55f-4ab2-be1e-fe1edf178042 None None] Loading extension file: floatingip_pools.py {{(pid=103631) _load_all_extensions_from_path /opt/stack/neutron/neutron/api/extensions.py:449}}
Jun 09 02:39:25.127488 np0000179086 devstack@neutron-api.service[103629]: INFO neutron.quota [None req-d6cec930-0095-4ed9-8aa7-539ea4250841 None None] Loaded quota_driver: .
Jun 09 02:39:25.127545 np0000179086 devstack@neutron-api.service[103631]: DEBUG neutron.api.extensions [None req-953da159-e55f-4ab2-be1e-fe1edf178042 None None] Ext name="Floating IP Pools Extension" alias="floatingip-pools" description="Provides a floating IP pools API." updated="2018-03-21T10:00:00-00:00" {{(pid=103631) _check_extension /opt/stack/neutron/neutron/api/extensions.py:415}}
Jun 09 02:39:25.127614 np0000179086 devstack@neutron-api.service[103629]: INFO neutron.plugins.ml2.plugin [None req-d6cec930-0095-4ed9-8aa7-539ea4250841 None None] Modular L2 Plugin initialization complete
Jun 09 02:39:25.127715 np0000179086 devstack@neutron-api.service[103631]: INFO neutron.api.extensions [None req-953da159-e55f-4ab2-be1e-fe1edf178042 None None] Loaded extension: floatingip-pools
Jun 09 02:39:25.127755 np0000179086 devstack@neutron-api.service[103629]: DEBUG neutron.manager [None req-d6cec930-0095-4ed9-8aa7-539ea4250841 None None] Loading services supported by the core plugin {{(pid=103629) _load_services_from_core_plugin /opt/stack/neutron/neutron/manager.py:170}}
Jun 09 02:39:25.127811 np0000179086 devstack@neutron-api.service[103631]: DEBUG neutron.api.extensions [None req-953da159-e55f-4ab2-be1e-fe1edf178042 None None] Loading extension file: ip_allocation.py {{(pid=103631) _load_all_extensions_from_path /opt/stack/neutron/neutron/api/extensions.py:449}}
Jun 09 02:39:25.127870 np0000179086 devstack@neutron-api.service[103629]: INFO neutron.plugins.ml2.managers [None req-d6cec930-0095-4ed9-8aa7-539ea4250841 None None] Got port-security extension from driver 'port_security'
Jun 09 02:39:25.128051 np0000179086 devstack@neutron-api.service[103631]: DEBUG neutron.api.extensions [None req-953da159-e55f-4ab2-be1e-fe1edf178042 None None] Ext name="IP Allocation" alias="ip_allocation" description="IP allocation extension." updated="2016-06-10T23:00:00-00:00" {{(pid=103631) _check_extension /opt/stack/neutron/neutron/api/extensions.py:415}}
Jun 09 02:39:25.128135 np0000179086 devstack@neutron-api.service[103629]: DEBUG neutron.manager [None req-d6cec930-0095-4ed9-8aa7-539ea4250841 None None] Loading service plugins: ['ovn-router', 'auto_allocate', 'tag', 'timestamp', 'network_ip_availability', 'flavors', 'revisions'] {{(pid=103629) _load_service_plugins /opt/stack/neutron/neutron/manager.py:195}}
Jun 09 02:39:25.128218 np0000179086 devstack@neutron-api.service[103631]: INFO neutron.api.extensions [None req-953da159-e55f-4ab2-be1e-fe1edf178042 None None] Extension ip_allocation not supported by any of loaded plugins
Jun 09 02:39:25.128256 np0000179086 devstack@neutron-api.service[103629]: INFO neutron.manager [None req-d6cec930-0095-4ed9-8aa7-539ea4250841 None None] Loading Plugin: ovn-router
Jun 09 02:39:25.128325 np0000179086 devstack@neutron-api.service[103631]: DEBUG neutron.api.extensions [None req-953da159-e55f-4ab2-be1e-fe1edf178042 None None] Loading extension file: ip_substring_port_filtering.py {{(pid=103631) _load_all_extensions_from_path /opt/stack/neutron/neutron/api/extensions.py:449}}
Jun 09 02:39:25.128538 np0000179086 devstack@neutron-api.service[103631]: DEBUG neutron.api.extensions [None req-953da159-e55f-4ab2-be1e-fe1edf178042 None None] Ext name="IP address substring filtering" alias="ip-substring-filtering" description="Provides IP address substring filtering when listing ports" updated="2017-11-28T09:00:00-00:00" {{(pid=103631) _check_extension /opt/stack/neutron/neutron/api/extensions.py:415}}
Jun 09 02:39:25.128703 np0000179086 devstack@neutron-api.service[103631]: INFO neutron.api.extensions [None req-953da159-e55f-4ab2-be1e-fe1edf178042 None None] Extension ip-substring-filtering not supported by any of loaded plugins
Jun 09 02:39:25.128817 np0000179086 devstack@neutron-api.service[103631]: DEBUG neutron.api.extensions [None req-953da159-e55f-4ab2-be1e-fe1edf178042 None None] Loading extension file: l2_adjacency.py {{(pid=103631) _load_all_extensions_from_path /opt/stack/neutron/neutron/api/extensions.py:449}}
Jun 09 02:39:25.129041 np0000179086 devstack@neutron-api.service[103631]: DEBUG neutron.api.extensions [None req-953da159-e55f-4ab2-be1e-fe1edf178042 None None] Ext name="L2 Adjacency" alias="l2_adjacency" description="Display L2 Adjacency for Neutron Networks." updated="2016-04-12T16:00:00-00:00" {{(pid=103631) _check_extension /opt/stack/neutron/neutron/api/extensions.py:415}}
Jun 09 02:39:25.129224 np0000179086 devstack@neutron-api.service[103631]: INFO neutron.api.extensions [None req-953da159-e55f-4ab2-be1e-fe1edf178042 None None] Extension l2_adjacency not supported by any of loaded plugins
Jun 09 02:39:25.129320 np0000179086 devstack@neutron-api.service[103631]: DEBUG neutron.api.extensions [None req-953da159-e55f-4ab2-be1e-fe1edf178042 None None] Loading extension file: l3.py {{(pid=103631) _load_all_extensions_from_path /opt/stack/neutron/neutron/api/extensions.py:449}}
Jun 09 02:39:25.129762 np0000179086 devstack@neutron-api.service[103631]: DEBUG neutron.api.extensions [None req-953da159-e55f-4ab2-be1e-fe1edf178042 None None] Ext name="Neutron L3 Router" alias="router" description="Router abstraction for basic L3 forwarding between L2 Neutron networks and access to external networks via a NAT gateway." updated="2012-07-20T10:00:00-00:00" {{(pid=103631) _check_extension /opt/stack/neutron/neutron/api/extensions.py:415}}
Jun 09 02:39:25.129955 np0000179086 devstack@neutron-api.service[103631]: INFO neutron.api.extensions [None req-953da159-e55f-4ab2-be1e-fe1edf178042 None None] Loaded extension: router
Jun 09 02:39:25.130065 np0000179086 devstack@neutron-api.service[103631]: DEBUG neutron.api.extensions [None req-953da159-e55f-4ab2-be1e-fe1edf178042 None None] Loading extension file: l3_agent_scheduler_ha_chassis_priority.py {{(pid=103631) _load_all_extensions_from_path /opt/stack/neutron/neutron/api/extensions.py:449}}
Jun 09 02:39:25.130305 np0000179086 devstack@neutron-api.service[103631]: DEBUG neutron.api.extensions [None req-953da159-e55f-4ab2-be1e-fe1edf178042 None None] Ext name="L3 Agent Scheduler HA Chassis Priority" alias="l3-agent-scheduler-ha-chassis-priority" description="Exposes the HA_Chassis priority in the L3 Agent Scheduler API responses and allows setting priority when scheduling a router to a chassis." updated="2026-03-31T00:00:00-00:00" {{(pid=103631) _check_extension /opt/stack/neutron/neutron/api/extensions.py:415}}
Jun 09 02:39:25.130476 np0000179086 devstack@neutron-api.service[103631]: INFO neutron.api.extensions [None req-953da159-e55f-4ab2-be1e-fe1edf178042 None None] Loaded extension: l3-agent-scheduler-ha-chassis-priority
Jun 09 02:39:25.130564 np0000179086 devstack@neutron-api.service[103631]: DEBUG neutron.api.extensions [None req-953da159-e55f-4ab2-be1e-fe1edf178042 None None] Loading extension file: l3_conntrack_helper.py {{(pid=103631) _load_all_extensions_from_path /opt/stack/neutron/neutron/api/extensions.py:449}}
Jun 09 02:39:25.131173 np0000179086 devstack@neutron-api.service[103631]: DEBUG neutron.api.extensions [None req-953da159-e55f-4ab2-be1e-fe1edf178042 None None] Ext name="L3 Conntrack helper" alias="l3-conntrack-helper" description="Allow adding CT target rules for conntrack helper" updated="2019-04-04T10:00:00-00:00" {{(pid=103631) _check_extension /opt/stack/neutron/neutron/api/extensions.py:415}}
Jun 09 02:39:25.131350 np0000179086 devstack@neutron-api.service[103631]: INFO neutron.api.extensions [None req-953da159-e55f-4ab2-be1e-fe1edf178042 None None] Extension l3-conntrack-helper not supported by any of loaded plugins
Jun 09 02:39:25.131443 np0000179086 devstack@neutron-api.service[103631]: DEBUG neutron.api.extensions [None req-953da159-e55f-4ab2-be1e-fe1edf178042 None None] Loading extension file: l3_enable_default_route_bfd.py {{(pid=103631) _load_all_extensions_from_path /opt/stack/neutron/neutron/api/extensions.py:449}}
Jun 09 02:39:25.131690 np0000179086 devstack@neutron-api.service[103631]: DEBUG neutron.api.extensions [None req-953da159-e55f-4ab2-be1e-fe1edf178042 None None] Ext name="Enable Default Route BFD" alias="enable-default-route-bfd" description="Enables configurable BFD behavior for default routes" updated="2023-02-27T00:00:00-00:00" {{(pid=103631) _check_extension /opt/stack/neutron/neutron/api/extensions.py:415}}
Jun 09 02:39:25.131861 np0000179086 devstack@neutron-api.service[103631]: INFO neutron.api.extensions [None req-953da159-e55f-4ab2-be1e-fe1edf178042 None None] Loaded extension: enable-default-route-bfd
Jun 09 02:39:25.131953 np0000179086 devstack@neutron-api.service[103631]: DEBUG neutron.api.extensions [None req-953da159-e55f-4ab2-be1e-fe1edf178042 None None] Loading extension file: l3_enable_default_route_ecmp.py {{(pid=103631) _load_all_extensions_from_path /opt/stack/neutron/neutron/api/extensions.py:449}}
Jun 09 02:39:25.132218 np0000179086 devstack@neutron-api.service[103631]: DEBUG neutron.api.extensions [None req-953da159-e55f-4ab2-be1e-fe1edf178042 None None] Ext name="Enable Default Route ECMP" alias="enable-default-route-ecmp" description="Enables configurable ECMP behavior for default routes" updated="2023-02-27T00:00:00-00:00" {{(pid=103631) _check_extension /opt/stack/neutron/neutron/api/extensions.py:415}}
Jun 09 02:39:25.132416 np0000179086 devstack@neutron-api.service[103631]: INFO neutron.api.extensions [None req-953da159-e55f-4ab2-be1e-fe1edf178042 None None] Loaded extension: enable-default-route-ecmp
Jun 09 02:39:25.132531 np0000179086 devstack@neutron-api.service[103631]: DEBUG neutron.api.extensions [None req-953da159-e55f-4ab2-be1e-fe1edf178042 None None] Loading extension file: l3_ext_gw_mode.py {{(pid=103631) _load_all_extensions_from_path /opt/stack/neutron/neutron/api/extensions.py:449}}
Jun 09 02:39:25.132797 np0000179086 devstack@neutron-api.service[103631]: DEBUG neutron.api.extensions [None req-953da159-e55f-4ab2-be1e-fe1edf178042 None None] Ext name="Neutron L3 Configurable external gateway mode" alias="ext-gw-mode" description="Extension of the router abstraction for specifying whether SNAT should occur on the external gateway" updated="2013-03-28T10:00:00-00:00" {{(pid=103631) _check_extension /opt/stack/neutron/neutron/api/extensions.py:415}}
Jun 09 02:39:25.133007 np0000179086 devstack@neutron-api.service[103631]: INFO neutron.api.extensions [None req-953da159-e55f-4ab2-be1e-fe1edf178042 None None] Loaded extension: ext-gw-mode
Jun 09 02:39:25.133109 np0000179086 devstack@neutron-api.service[103631]: DEBUG neutron.api.extensions [None req-953da159-e55f-4ab2-be1e-fe1edf178042 None None] Loading extension file: l3_ext_ha_mode.py {{(pid=103631) _load_all_extensions_from_path /opt/stack/neutron/neutron/api/extensions.py:449}}
Jun 09 02:39:25.133337 np0000179086 devstack@neutron-api.service[103631]: DEBUG neutron.api.extensions [None req-953da159-e55f-4ab2-be1e-fe1edf178042 None None] Ext name="HA Router extension" alias="l3-ha" description="Adds HA capability to routers." updated="2014-04-26T00:00:00-00:00" {{(pid=103631) _check_extension /opt/stack/neutron/neutron/api/extensions.py:415}}
Jun 09 02:39:25.133507 np0000179086 devstack@neutron-api.service[103631]: INFO neutron.api.extensions [None req-953da159-e55f-4ab2-be1e-fe1edf178042 None None] Loaded extension: l3-ha
Jun 09 02:39:25.133597 np0000179086 devstack@neutron-api.service[103631]: DEBUG neutron.api.extensions [None req-953da159-e55f-4ab2-be1e-fe1edf178042 None None] Loading extension file: l3_ext_ndp_proxy.py {{(pid=103631) _load_all_extensions_from_path /opt/stack/neutron/neutron/api/extensions.py:449}}
Jun 09 02:39:25.133823 np0000179086 devstack@neutron-api.service[103631]: DEBUG neutron.api.extensions [None req-953da159-e55f-4ab2-be1e-fe1edf178042 None None] Ext name="Router support to enable NDP proxy" alias="l3-ext-ndp-proxy" description="Router extension to enable ndp proxy" updated="2020-08-25T00:00:00-00:00" {{(pid=103631) _check_extension /opt/stack/neutron/neutron/api/extensions.py:415}}
Jun 09 02:39:25.134027 np0000179086 devstack@neutron-api.service[103631]: INFO neutron.api.extensions [None req-953da159-e55f-4ab2-be1e-fe1edf178042 None None] Extension l3-ext-ndp-proxy not supported by any of loaded plugins
Jun 09 02:39:25.134117 np0000179086 devstack@neutron-api.service[103631]: DEBUG neutron.api.extensions [None req-953da159-e55f-4ab2-be1e-fe1edf178042 None None] Loading extension file: l3_extra_gws.py {{(pid=103631) _load_all_extensions_from_path /opt/stack/neutron/neutron/api/extensions.py:449}}
Jun 09 02:39:25.134341 np0000179086 devstack@neutron-api.service[103631]: DEBUG neutron.api.extensions [None req-953da159-e55f-4ab2-be1e-fe1edf178042 None None] Ext name="Neutron L3 External Gateway Multihoming" alias="external-gateway-multihoming" description="Allow multiple external gateway ports per router" updated="2023-01-18T00:00:00-00:00" {{(pid=103631) _check_extension /opt/stack/neutron/neutron/api/extensions.py:415}}
Jun 09 02:39:25.134607 np0000179086 devstack@neutron-api.service[103631]: INFO neutron.api.extensions [None req-953da159-e55f-4ab2-be1e-fe1edf178042 None None] Loaded extension: external-gateway-multihoming
Jun 09 02:39:25.134714 np0000179086 devstack@neutron-api.service[103631]: DEBUG neutron.api.extensions [None req-953da159-e55f-4ab2-be1e-fe1edf178042 None None] Loading extension file: l3_flavors.py {{(pid=103631) _load_all_extensions_from_path /opt/stack/neutron/neutron/api/extensions.py:449}}
Jun 09 02:39:25.134934 np0000179086 devstack@neutron-api.service[103631]: DEBUG neutron.api.extensions [None req-953da159-e55f-4ab2-be1e-fe1edf178042 None None] Ext name="Router Flavor Extension" alias="l3-flavors" description="Flavor support for routers." updated="2016-05-17T00:00:00-00:00" {{(pid=103631) _check_extension /opt/stack/neutron/neutron/api/extensions.py:415}}
Jun 09 02:39:25.135128 np0000179086 devstack@neutron-api.service[103631]: INFO neutron.api.extensions [None req-953da159-e55f-4ab2-be1e-fe1edf178042 None None] Loaded extension: l3-flavors
Jun 09 02:39:25.135219 np0000179086 devstack@neutron-api.service[103631]: DEBUG neutron.api.extensions [None req-953da159-e55f-4ab2-be1e-fe1edf178042 None None] Loading extension file: l3_ndp_proxy.py {{(pid=103631) _load_all_extensions_from_path /opt/stack/neutron/neutron/api/extensions.py:449}}
Jun 09 02:39:25.135521 np0000179086 devstack@neutron-api.service[103631]: DEBUG neutron.api.extensions [None req-953da159-e55f-4ab2-be1e-fe1edf178042 None None] Ext name="name" alias="l3-ndp-proxy" description="description" updated="2021-06-29T10:00:00-00:00" {{(pid=103631) _check_extension /opt/stack/neutron/neutron/api/extensions.py:415}}
Jun 09 02:39:25.136370 np0000179086 devstack@neutron-api.service[103631]: INFO neutron.api.extensions [None req-953da159-e55f-4ab2-be1e-fe1edf178042 None None] Extension l3-ndp-proxy not supported by any of loaded plugins
Jun 09 02:39:25.136370 np0000179086 devstack@neutron-api.service[103631]: DEBUG neutron.api.extensions [None req-953da159-e55f-4ab2-be1e-fe1edf178042 None None] Loading extension file: l3_port_ip_change_not_allowed.py {{(pid=103631) _load_all_extensions_from_path /opt/stack/neutron/neutron/api/extensions.py:449}}
Jun 09 02:39:25.136370 np0000179086 devstack@neutron-api.service[103631]: DEBUG neutron.api.extensions [None req-953da159-e55f-4ab2-be1e-fe1edf178042 None None] Ext name="Prevent L3 router ports IP address change extension" alias="l3-port-ip-change-not-allowed" description="Prevent change of IP address for some L3 router ports" updated="2018-10-09T10:00:00-00:00" {{(pid=103631) _check_extension /opt/stack/neutron/neutron/api/extensions.py:415}}
Jun 09 02:39:25.136370 np0000179086 devstack@neutron-api.service[103631]: INFO neutron.api.extensions [None req-953da159-e55f-4ab2-be1e-fe1edf178042 None None] Extension l3-port-ip-change-not-allowed not supported by any of loaded plugins
Jun 09 02:39:25.136370 np0000179086 devstack@neutron-api.service[103631]: DEBUG neutron.api.extensions [None req-953da159-e55f-4ab2-be1e-fe1edf178042 None None] Loading extension file: l3agentscheduler.py {{(pid=103631) _load_all_extensions_from_path /opt/stack/neutron/neutron/api/extensions.py:449}}
Jun 09 02:39:25.137515 np0000179086 devstack@neutron-api.service[103631]: DEBUG neutron.api.extensions [None req-953da159-e55f-4ab2-be1e-fe1edf178042 None None] Ext name="L3 Agent Scheduler" alias="l3_agent_scheduler" description="Schedule routers among l3 agents" updated="2013-02-07T10:00:00-00:00" {{(pid=103631) _check_extension /opt/stack/neutron/neutron/api/extensions.py:415}}
Jun 09 02:39:25.137515 np0000179086 devstack@neutron-api.service[103631]: INFO neutron.api.extensions [None req-953da159-e55f-4ab2-be1e-fe1edf178042 None None] Loaded extension: l3_agent_scheduler
Jun 09 02:39:25.137515 np0000179086 devstack@neutron-api.service[103631]: DEBUG neutron.api.extensions [None req-953da159-e55f-4ab2-be1e-fe1edf178042 None None] Loading extension file: local_ip.py {{(pid=103631) _load_all_extensions_from_path /opt/stack/neutron/neutron/api/extensions.py:449}}
Jun 09 02:39:25.137515 np0000179086 devstack@neutron-api.service[103631]: DEBUG neutron.api.extensions [None req-953da159-e55f-4ab2-be1e-fe1edf178042 None None] Ext name="Local IP" alias="local_ip" description="Support Node Local Virtual IP" updated="2021-07-26T10:00:00-00:00" {{(pid=103631) _check_extension /opt/stack/neutron/neutron/api/extensions.py:415}}
Jun 09 02:39:25.138400 np0000179086 devstack@neutron-api.service[103631]: INFO neutron.api.extensions [None req-953da159-e55f-4ab2-be1e-fe1edf178042 None None] Extension local_ip not supported by any of loaded plugins
Jun 09 02:39:25.138400 np0000179086 devstack@neutron-api.service[103631]: DEBUG neutron.api.extensions [None req-953da159-e55f-4ab2-be1e-fe1edf178042 None None] Loading extension file: logging.py {{(pid=103631) _load_all_extensions_from_path /opt/stack/neutron/neutron/api/extensions.py:449}}
Jun 09 02:39:25.138400 np0000179086 devstack@neutron-api.service[103631]: DEBUG neutron.api.extensions [None req-953da159-e55f-4ab2-be1e-fe1edf178042 None None] Ext name="Logging API Extension" alias="logging" description="Provides a logging API for resources such as security group and firewall." updated="2017-01-01T10:00:00-00:00" {{(pid=103631) _check_extension /opt/stack/neutron/neutron/api/extensions.py:415}}
Jun 09 02:39:25.138722 np0000179086 devstack@neutron-api.service[103629]: DEBUG neutron_lib.callbacks.manager [None req-d6cec930-0095-4ed9-8aa7-539ea4250841 None None] Subscribe: > router before_delete 55550000, False {{(pid=103629) subscribe /opt/stack/data/venv/lib/python3.12/site-packages/neutron_lib/callbacks/manager.py:52}}
Jun 09 02:39:25.138906 np0000179086 devstack@neutron-api.service[103631]: INFO neutron.api.extensions [None req-953da159-e55f-4ab2-be1e-fe1edf178042 None None] Extension logging not supported by any of loaded plugins
Jun 09 02:39:25.139027 np0000179086 devstack@neutron-api.service[103629]: DEBUG neutron_lib.callbacks.manager [None req-d6cec930-0095-4ed9-8aa7-539ea4250841 None None] Subscribe: port before_update 55550000, False {{(pid=103629) subscribe /opt/stack/data/venv/lib/python3.12/site-packages/neutron_lib/callbacks/manager.py:52}}
Jun 09 02:39:25.139065 np0000179086 devstack@neutron-api.service[103631]: DEBUG neutron.api.extensions [None req-953da159-e55f-4ab2-be1e-fe1edf178042 None None] Loading extension file: metering.py {{(pid=103631) _load_all_extensions_from_path /opt/stack/neutron/neutron/api/extensions.py:449}}
Jun 09 02:39:25.139131 np0000179086 devstack@neutron-api.service[103629]: DEBUG neutron_lib.callbacks.manager [None req-d6cec930-0095-4ed9-8aa7-539ea4250841 None None] Subscribe: port after_update 55550000, False {{(pid=103629) subscribe /opt/stack/data/venv/lib/python3.12/site-packages/neutron_lib/callbacks/manager.py:52}}
Jun 09 02:39:25.139131 np0000179086 devstack@neutron-api.service[103629]: DEBUG neutron_lib.callbacks.manager [None req-d6cec930-0095-4ed9-8aa7-539ea4250841 None None] Subscribe: > port precommit_delete 55550000, False {{(pid=103629) subscribe /opt/stack/data/venv/lib/python3.12/site-packages/neutron_lib/callbacks/manager.py:52}}
Jun 09 02:39:25.139131 np0000179086 devstack@neutron-api.service[103629]: DEBUG neutron_lib.callbacks.manager [None req-d6cec930-0095-4ed9-8aa7-539ea4250841 None None] Subscribe: port before_update 55550000, False {{(pid=103629) subscribe /opt/stack/data/venv/lib/python3.12/site-packages/neutron_lib/callbacks/manager.py:52}}
Jun 09 02:39:25.139213 np0000179086 devstack@neutron-api.service[103631]: DEBUG neutron.api.extensions [None req-953da159-e55f-4ab2-be1e-fe1edf178042 None None] Ext name="Neutron Metering" alias="metering" description="Neutron Metering extension." updated="2013-06-12T10:00:00-00:00" {{(pid=103631) _check_extension /opt/stack/neutron/neutron/api/extensions.py:415}}
Jun 09 02:39:25.139274 np0000179086 devstack@neutron-api.service[103629]: DEBUG neutron_lib.callbacks.manager [None req-d6cec930-0095-4ed9-8aa7-539ea4250841 None None] Subscribe: port before_delete 55550000, False {{(pid=103629) subscribe /opt/stack/data/venv/lib/python3.12/site-packages/neutron_lib/callbacks/manager.py:52}}
Jun 09 02:39:25.139274 np0000179086 devstack@neutron-api.service[103629]: DEBUG neutron_lib.callbacks.manager [None req-d6cec930-0095-4ed9-8aa7-539ea4250841 None None] Subscribe: > router precommit_create 55550000, False {{(pid=103629) subscribe /opt/stack/data/venv/lib/python3.12/site-packages/neutron_lib/callbacks/manager.py:52}}
Jun 09 02:39:25.139328 np0000179086 devstack@neutron-api.service[103631]: INFO neutron.api.extensions [None req-953da159-e55f-4ab2-be1e-fe1edf178042 None None] Extension metering not supported by any of loaded plugins
Jun 09 02:39:25.139328 np0000179086 devstack@neutron-api.service[103631]: DEBUG neutron.api.extensions [None req-953da159-e55f-4ab2-be1e-fe1edf178042 None None] Loading extension file: metering_source_and_destination_fields.py {{(pid=103631) _load_all_extensions_from_path /opt/stack/neutron/neutron/api/extensions.py:449}}
Jun 09 02:39:25.139434 np0000179086 devstack@neutron-api.service[103629]: DEBUG neutron_lib.callbacks.manager [None req-d6cec930-0095-4ed9-8aa7-539ea4250841 None None] Subscribe: > router precommit_create 55550000, False {{(pid=103629) subscribe /opt/stack/data/venv/lib/python3.12/site-packages/neutron_lib/callbacks/manager.py:52}}
Jun 09 02:39:25.139434 np0000179086 devstack@neutron-api.service[103629]: DEBUG neutron_lib.callbacks.manager [None req-d6cec930-0095-4ed9-8aa7-539ea4250841 None None] Subscribe: > router precommit_update 55550000, False {{(pid=103629) subscribe /opt/stack/data/venv/lib/python3.12/site-packages/neutron_lib/callbacks/manager.py:52}}
Jun 09 02:39:25.139434 np0000179086 devstack@neutron-api.service[103629]: DEBUG neutron_lib.callbacks.manager [None req-d6cec930-0095-4ed9-8aa7-539ea4250841 None None] Subscribe: subnet after_update 55550000, False {{(pid=103629) subscribe /opt/stack/data/venv/lib/python3.12/site-packages/neutron_lib/callbacks/manager.py:52}}
Jun 09 02:39:25.139516 np0000179086 devstack@neutron-api.service[103631]: DEBUG neutron.api.extensions [None req-953da159-e55f-4ab2-be1e-fe1edf178042 None None] Ext name="Neutron Metering with source and destination filtering" alias="metering_source_and_destination_fields" description="Neutron Metering extension that enables the use of source and destination IP prefixes to create metering label rules." updated="2020-08-21T08:12:00-00:00" {{(pid=103631) _check_extension /opt/stack/neutron/neutron/api/extensions.py:415}}
Jun 09 02:39:25.139580 np0000179086 devstack@neutron-api.service[103629]: DEBUG neutron.quota.resource_registry [None req-d6cec930-0095-4ed9-8aa7-539ea4250841 None None] Tracking information for resource: router configured {{(pid=103629) set_tracked_resource /opt/stack/neutron/neutron/quota/resource_registry.py:203}}
Jun 09 02:39:25.139639 np0000179086 devstack@neutron-api.service[103631]: INFO neutron.api.extensions [None req-953da159-e55f-4ab2-be1e-fe1edf178042 None None] Extension metering_source_and_destination_fields not supported by any of loaded plugins
Jun 09 02:39:25.139639 np0000179086 devstack@neutron-api.service[103631]: DEBUG neutron.api.extensions [None req-953da159-e55f-4ab2-be1e-fe1edf178042 None None] Loading extension file: multiprovidernet.py {{(pid=103631) _load_all_extensions_from_path /opt/stack/neutron/neutron/api/extensions.py:449}}
Jun 09 02:39:25.139691 np0000179086 devstack@neutron-api.service[103629]: DEBUG neutron.quota.resource_registry [None req-d6cec930-0095-4ed9-8aa7-539ea4250841 None None] Tracking information for resource: floatingip configured {{(pid=103629) set_tracked_resource /opt/stack/neutron/neutron/quota/resource_registry.py:203}}
Jun 09 02:39:25.139691 np0000179086 devstack@neutron-api.service[103629]: INFO neutron.services.ovn_l3.plugin [None req-d6cec930-0095-4ed9-8aa7-539ea4250841 None None] Starting OVNL3RouterPlugin
Jun 09 02:39:25.139770 np0000179086 devstack@neutron-api.service[103631]: DEBUG neutron.api.extensions [None req-953da159-e55f-4ab2-be1e-fe1edf178042 None None] Ext name="Multi Provider Network" alias="multi-provider" description="Expose mapping of virtual networks to multiple physical networks" updated="2013-06-27T10:00:00-00:00" {{(pid=103631) _check_extension /opt/stack/neutron/neutron/api/extensions.py:415}}
Jun 09 02:39:25.139847 np0000179086 devstack@neutron-api.service[103629]: DEBUG neutron_lib.callbacks.manager [None req-d6cec930-0095-4ed9-8aa7-539ea4250841 None None] Subscribe: > port_forwarding_plugin after_init 55550000, False {{(pid=103629) subscribe /opt/stack/data/venv/lib/python3.12/site-packages/neutron_lib/callbacks/manager.py:52}}
Jun 09 02:39:25.139908 np0000179086 devstack@neutron-api.service[103631]: INFO neutron.api.extensions [None req-953da159-e55f-4ab2-be1e-fe1edf178042 None None] Loaded extension: multi-provider
Jun 09 02:39:25.139908 np0000179086 devstack@neutron-api.service[103631]: DEBUG neutron.api.extensions [None req-953da159-e55f-4ab2-be1e-fe1edf178042 None None] Loading extension file: netmtu.py {{(pid=103631) _load_all_extensions_from_path /opt/stack/neutron/neutron/api/extensions.py:449}}
Jun 09 02:39:25.140006 np0000179086 devstack@neutron-api.service[103629]: DEBUG neutron_lib.callbacks.manager [None req-d6cec930-0095-4ed9-8aa7-539ea4250841 None None] Subscribe: > router before_create 55550100, False {{(pid=103629) subscribe /opt/stack/data/venv/lib/python3.12/site-packages/neutron_lib/callbacks/manager.py:52}}
Jun 09 02:39:25.140006 np0000179086 devstack@neutron-api.service[103629]: DEBUG neutron_lib.callbacks.manager [None req-d6cec930-0095-4ed9-8aa7-539ea4250841 None None] Subscribe: > router precommit_delete 55550100, False {{(pid=103629) subscribe /opt/stack/data/venv/lib/python3.12/site-packages/neutron_lib/callbacks/manager.py:52}}
Jun 09 02:39:25.140102 np0000179086 devstack@neutron-api.service[103631]: DEBUG neutron.api.extensions [None req-953da159-e55f-4ab2-be1e-fe1edf178042 None None] Ext name="Network MTU" alias="net-mtu" description="Provides MTU attribute for a network resource." updated="2015-03-25T10:00:00-00:00" {{(pid=103631) _check_extension /opt/stack/neutron/neutron/api/extensions.py:415}}
Jun 09 02:39:25.140161 np0000179086 devstack@neutron-api.service[103629]: DEBUG neutron_lib.callbacks.manager [None req-d6cec930-0095-4ed9-8aa7-539ea4250841 None None] Subscribe: > router precommit_create 55550100, False {{(pid=103629) subscribe /opt/stack/data/venv/lib/python3.12/site-packages/neutron_lib/callbacks/manager.py:52}}
Jun 09 02:39:25.140193 np0000179086 devstack@neutron-api.service[103629]: DEBUG neutron_lib.callbacks.manager [None req-d6cec930-0095-4ed9-8aa7-539ea4250841 None None] Subscribe: > router precommit_update 55550100, False {{(pid=103629) subscribe /opt/stack/data/venv/lib/python3.12/site-packages/neutron_lib/callbacks/manager.py:52}}
Jun 09 02:39:25.140273 np0000179086 devstack@neutron-api.service[103631]: INFO neutron.api.extensions [None req-953da159-e55f-4ab2-be1e-fe1edf178042 None None] Loaded extension: net-mtu
Jun 09 02:39:25.140331 np0000179086 devstack@neutron-api.service[103631]: DEBUG neutron.api.extensions [None req-953da159-e55f-4ab2-be1e-fe1edf178042 None None] Loading extension file: netmtu_writable.py {{(pid=103631) _load_all_extensions_from_path /opt/stack/neutron/neutron/api/extensions.py:449}}
Jun 09 02:39:25.140556 np0000179086 devstack@neutron-api.service[103631]: DEBUG neutron.api.extensions [None req-953da159-e55f-4ab2-be1e-fe1edf178042 None None] Ext name="Network MTU (writable)" alias="net-mtu-writable" description="Provides a writable MTU attribute for a network resource." updated="2017-07-12T00:00:00-00:00" {{(pid=103631) _check_extension /opt/stack/neutron/neutron/api/extensions.py:415}}
Jun 09 02:39:25.140733 np0000179086 devstack@neutron-api.service[103631]: INFO neutron.api.extensions [None req-953da159-e55f-4ab2-be1e-fe1edf178042 None None] Loaded extension: net-mtu-writable
Jun 09 02:39:25.140835 np0000179086 devstack@neutron-api.service[103631]: DEBUG neutron.api.extensions [None req-953da159-e55f-4ab2-be1e-fe1edf178042 None None] Loading extension file: network_availability_zone.py {{(pid=103631) _load_all_extensions_from_path /opt/stack/neutron/neutron/api/extensions.py:449}}
Jun 09 02:39:25.141075 np0000179086 devstack@neutron-api.service[103631]: DEBUG neutron.api.extensions [None req-953da159-e55f-4ab2-be1e-fe1edf178042 None None] Ext name="Network Availability Zone" alias="network_availability_zone" description="Availability zone support for network." updated="2015-01-01T10:00:00-00:00" {{(pid=103631) _check_extension /opt/stack/neutron/neutron/api/extensions.py:415}}
Jun 09 02:39:25.141279 np0000179086 devstack@neutron-api.service[103631]: INFO neutron.api.extensions [None req-953da159-e55f-4ab2-be1e-fe1edf178042 None None] Loaded extension: network_availability_zone
Jun 09 02:39:25.141332 np0000179086 devstack@neutron-api.service[103631]: DEBUG neutron.api.extensions [None req-953da159-e55f-4ab2-be1e-fe1edf178042 None None] Loading extension file: network_ha.py {{(pid=103631) _load_all_extensions_from_path /opt/stack/neutron/neutron/api/extensions.py:449}}
Jun 09 02:39:25.141597 np0000179086 devstack@neutron-api.service[103631]: DEBUG neutron.api.extensions [None req-953da159-e55f-4ab2-be1e-fe1edf178042 None None] Ext name="Network HA creation flag" alias="network_ha" description="Network high availability creation flag." updated="2023-04-27T10:00:00-00:00" {{(pid=103631) _check_extension /opt/stack/neutron/neutron/api/extensions.py:415}}
Jun 09 02:39:25.141717 np0000179086 devstack@neutron-api.service[103631]: INFO neutron.api.extensions [None req-953da159-e55f-4ab2-be1e-fe1edf178042 None None] Extension network_ha not supported by any of loaded plugins
Jun 09 02:39:25.141807 np0000179086 devstack@neutron-api.service[103631]: DEBUG neutron.api.extensions [None req-953da159-e55f-4ab2-be1e-fe1edf178042 None None] Loading extension file: network_ip_availability.py {{(pid=103631) _load_all_extensions_from_path /opt/stack/neutron/neutron/api/extensions.py:449}}
Jun 09 02:39:25.142118 np0000179086 devstack@neutron-api.service[103631]: DEBUG neutron.api.extensions [None req-953da159-e55f-4ab2-be1e-fe1edf178042 None None] Ext name="Network IP Availability" alias="network-ip-availability" description="Provides IP availability data for each network and subnet." updated="2015-09-24T00:00:00-00:00" {{(pid=103631) _check_extension /opt/stack/neutron/neutron/api/extensions.py:415}}
Jun 09 02:39:25.142273 np0000179086 devstack@neutron-api.service[103631]: INFO neutron.api.extensions [None req-953da159-e55f-4ab2-be1e-fe1edf178042 None None] Loaded extension: network-ip-availability
Jun 09 02:39:25.142342 np0000179086 devstack@neutron-api.service[103631]: DEBUG neutron.api.extensions [None req-953da159-e55f-4ab2-be1e-fe1edf178042 None None] Loading extension file: network_ip_availability_details.py {{(pid=103631) _load_all_extensions_from_path /opt/stack/neutron/neutron/api/extensions.py:449}}
Jun 09 02:39:25.142590 np0000179086 devstack@neutron-api.service[103631]: DEBUG neutron.api.extensions [None req-953da159-e55f-4ab2-be1e-fe1edf178042 None None] Ext name="Network IP Availability Details Extension" alias="network-ip-availability-details" description="Add ip_availability_details attribute to network-ip-availabilities resource." updated="2025-10-31T00:00:00-00:00" {{(pid=103631) _check_extension /opt/stack/neutron/neutron/api/extensions.py:415}}
Jun 09 02:39:25.142740 np0000179086 devstack@neutron-api.service[103631]: INFO neutron.api.extensions [None req-953da159-e55f-4ab2-be1e-fe1edf178042 None None] Loaded extension: network-ip-availability-details
Jun 09 02:39:25.142821 np0000179086 devstack@neutron-api.service[103631]: DEBUG neutron.api.extensions [None req-953da159-e55f-4ab2-be1e-fe1edf178042 None None] Loading extension file: network_segment_range.py {{(pid=103631) _load_all_extensions_from_path /opt/stack/neutron/neutron/api/extensions.py:449}}
Jun 09 02:39:25.143198 np0000179086 devstack@neutron-api.service[103631]: DEBUG neutron.api.extensions [None req-953da159-e55f-4ab2-be1e-fe1edf178042 None None] Ext name="Neutron Network Segment Range" alias="network-segment-range" description="Provides support for the network segment range management" updated="2018-11-29T00:00:00-00:00" {{(pid=103631) _check_extension /opt/stack/neutron/neutron/api/extensions.py:415}}
Jun 09 02:39:25.143328 np0000179086 devstack@neutron-api.service[103631]: INFO neutron.api.extensions [None req-953da159-e55f-4ab2-be1e-fe1edf178042 None None] Extension network-segment-range not supported by any of loaded plugins
Jun 09 02:39:25.143417 np0000179086 devstack@neutron-api.service[103631]: DEBUG neutron.api.extensions [None req-953da159-e55f-4ab2-be1e-fe1edf178042 None None] Loading extension file: pagination.py {{(pid=103631) _load_all_extensions_from_path /opt/stack/neutron/neutron/api/extensions.py:449}}
Jun 09 02:39:25.143676 np0000179086 devstack@neutron-api.service[103631]: DEBUG neutron.api.extensions [None req-953da159-e55f-4ab2-be1e-fe1edf178042 None None] Ext name="Pagination support" alias="pagination" description="Extension that indicates that pagination is enabled." updated="2016-06-12T00:00:00-00:00" {{(pid=103631) _check_extension /opt/stack/neutron/neutron/api/extensions.py:415}}
Jun 09 02:39:25.143743 np0000179086 devstack@neutron-api.service[103631]: INFO neutron.api.extensions [None req-953da159-e55f-4ab2-be1e-fe1edf178042 None None] Loaded extension: pagination
Jun 09 02:39:25.143772 np0000179086 devstack@neutron-api.service[103629]: DEBUG neutron.services.provider_configuration [None req-d6cec930-0095-4ed9-8aa7-539ea4250841 None None] Service providers = [] {{(pid=103629) parse_service_provider_opt /opt/stack/neutron/neutron/services/provider_configuration.py:170}}
Jun 09 02:39:25.143830 np0000179086 devstack@neutron-api.service[103631]: DEBUG neutron.api.extensions [None req-953da159-e55f-4ab2-be1e-fe1edf178042 None None] Loading extension file: port_device_profile.py {{(pid=103631) _load_all_extensions_from_path /opt/stack/neutron/neutron/api/extensions.py:449}}
Jun 09 02:39:25.143907 np0000179086 devstack@neutron-api.service[103629]: DEBUG neutron.db.servicetype_db [None req-d6cec930-0095-4ed9-8aa7-539ea4250841 None None] Adding provider configuration for service L3_ROUTER_NAT {{(pid=103629) add_provider_configuration /opt/stack/neutron/neutron/db/servicetype_db.py:45}}
Jun 09 02:39:25.144107 np0000179086 devstack@neutron-api.service[103631]: DEBUG neutron.api.extensions [None req-953da159-e55f-4ab2-be1e-fe1edf178042 None None] Ext name="Port device profile" alias="port-device-profile" description="Expose the port device profile (Cyborg)" updated="2020-12-17T10:00:00-00:00" {{(pid=103631) _check_extension /opt/stack/neutron/neutron/api/extensions.py:415}}
Jun 09 02:39:25.144239 np0000179086 devstack@neutron-api.service[103631]: INFO neutron.api.extensions [None req-953da159-e55f-4ab2-be1e-fe1edf178042 None None] Loaded extension: port-device-profile
Jun 09 02:39:25.144334 np0000179086 devstack@neutron-api.service[103631]: DEBUG neutron.api.extensions [None req-953da159-e55f-4ab2-be1e-fe1edf178042 None None] Loading extension file: port_hardware_offload_type.py {{(pid=103631) _load_all_extensions_from_path /opt/stack/neutron/neutron/api/extensions.py:449}}
Jun 09 02:39:25.144560 np0000179086 devstack@neutron-api.service[103631]: DEBUG neutron.api.extensions [None req-953da159-e55f-4ab2-be1e-fe1edf178042 None None] Ext name="Port hardware offload" alias="port-hardware-offload-type" description="Expose port hardware offload extension" updated="2023-05-09T10:00:00-00:00" {{(pid=103631) _check_extension /opt/stack/neutron/neutron/api/extensions.py:415}}
Jun 09 02:39:25.144740 np0000179086 devstack@neutron-api.service[103631]: INFO neutron.api.extensions [None req-953da159-e55f-4ab2-be1e-fe1edf178042 None None] Extension port-hardware-offload-type not supported by any of loaded plugins
Jun 09 02:39:25.144851 np0000179086 devstack@neutron-api.service[103631]: DEBUG neutron.api.extensions [None req-953da159-e55f-4ab2-be1e-fe1edf178042 None None] Loading extension file: port_hint_ovs_tx_steering.py {{(pid=103631) _load_all_extensions_from_path /opt/stack/neutron/neutron/api/extensions.py:449}}
Jun 09 02:39:25.145042 np0000179086 devstack@neutron-api.service[103629]: DEBUG neutron_lib.callbacks.manager [None req-d6cec930-0095-4ed9-8aa7-539ea4250841 None None] Subscribe: > router precommit_create 55549900, False {{(pid=103629) subscribe /opt/stack/data/venv/lib/python3.12/site-packages/neutron_lib/callbacks/manager.py:52}}
Jun 09 02:39:25.145083 np0000179086 devstack@neutron-api.service[103631]: DEBUG neutron.api.extensions [None req-953da159-e55f-4ab2-be1e-fe1edf178042 None None] Ext name="Port hint: Open vSwitch Tx steering" alias="port-hint-ovs-tx-steering" description="Enable Port hint: Open vSwitch Tx steering" updated="2023-01-01T00:00:00-00:00" {{(pid=103631) _check_extension /opt/stack/neutron/neutron/api/extensions.py:415}}
Jun 09 02:39:25.145143 np0000179086 devstack@neutron-api.service[103629]: DEBUG neutron_lib.callbacks.manager [None req-d6cec930-0095-4ed9-8aa7-539ea4250841 None None] Subscribe: > router_interface after_create 55550000, False {{(pid=103629) subscribe /opt/stack/data/venv/lib/python3.12/site-packages/neutron_lib/callbacks/manager.py:52}}
Jun 09 02:39:25.145233 np0000179086 devstack@neutron-api.service[103631]: INFO neutron.api.extensions [None req-953da159-e55f-4ab2-be1e-fe1edf178042 None None] Extension port-hint-ovs-tx-steering not supported by any of loaded plugins
Jun 09 02:39:25.145264 np0000179086 devstack@neutron-api.service[103629]: DEBUG neutron_lib.callbacks.manager [None req-d6cec930-0095-4ed9-8aa7-539ea4250841 None None] Subscribe: > floatingip after_create 55550000, False {{(pid=103629) subscribe /opt/stack/data/venv/lib/python3.12/site-packages/neutron_lib/callbacks/manager.py:52}}
Jun 09 02:39:25.145294 np0000179086 devstack@neutron-api.service[103631]: DEBUG neutron.api.extensions [None req-953da159-e55f-4ab2-be1e-fe1edf178042 None None] Loading extension file: port_hints.py {{(pid=103631) _load_all_extensions_from_path /opt/stack/neutron/neutron/api/extensions.py:449}}
Jun 09 02:39:25.145478 np0000179086 devstack@neutron-api.service[103629]: DEBUG neutron_lib.callbacks.manager [None req-d6cec930-0095-4ed9-8aa7-539ea4250841 None None] Subscribe: > floatingip precommit_create 55550000, False {{(pid=103629) subscribe /opt/stack/data/venv/lib/python3.12/site-packages/neutron_lib/callbacks/manager.py:52}}
Jun 09 02:39:25.145478 np0000179086 devstack@neutron-api.service[103629]: DEBUG neutron_lib.callbacks.manager [None req-d6cec930-0095-4ed9-8aa7-539ea4250841 None None] Subscribe: > floatingip precommit_update 55550000, False {{(pid=103629) subscribe /opt/stack/data/venv/lib/python3.12/site-packages/neutron_lib/callbacks/manager.py:52}}
Jun 09 02:39:25.145564 np0000179086 devstack@neutron-api.service[103631]: DEBUG neutron.api.extensions [None req-953da159-e55f-4ab2-be1e-fe1edf178042 None None] Ext name="Port hints" alias="port-hints" description="Backend specific port hints to allow backend specific tuning" updated="2023-01-01T00:00:00-00:00" {{(pid=103631) _check_extension /opt/stack/neutron/neutron/api/extensions.py:415}}
Jun 09 02:39:25.145597 np0000179086 devstack@neutron-api.service[103629]: DEBUG neutron_lib.callbacks.manager [None req-d6cec930-0095-4ed9-8aa7-539ea4250841 None None] Subscribe: > floatingip after_delete 55550000, False {{(pid=103629) subscribe /opt/stack/data/venv/lib/python3.12/site-packages/neutron_lib/callbacks/manager.py:52}}
Jun 09 02:39:25.145658 np0000179086 devstack@neutron-api.service[103629]: DEBUG neutron_lib.callbacks.manager [None req-d6cec930-0095-4ed9-8aa7-539ea4250841 None None] Subscribe: > floatingip after_status_update 55550000, False {{(pid=103629) subscribe /opt/stack/data/venv/lib/python3.12/site-packages/neutron_lib/callbacks/manager.py:52}}
Jun 09 02:39:25.145691 np0000179086 devstack@neutron-api.service[103631]: INFO neutron.api.extensions [None req-953da159-e55f-4ab2-be1e-fe1edf178042 None None] Extension port-hints not supported by any of loaded plugins
Jun 09 02:39:25.145764 np0000179086 devstack@neutron-api.service[103629]: DEBUG neutron_lib.callbacks.manager [None req-d6cec930-0095-4ed9-8aa7-539ea4250841 None None] Subscribe: > floatingip after_update 55550000, False {{(pid=103629) subscribe /opt/stack/data/venv/lib/python3.12/site-packages/neutron_lib/callbacks/manager.py:52}}
Jun 09 02:39:25.145797 np0000179086 devstack@neutron-api.service[103631]: DEBUG neutron.api.extensions [None req-953da159-e55f-4ab2-be1e-fe1edf178042 None None] Loading extension file: port_mac_address_override.py {{(pid=103631) _load_all_extensions_from_path /opt/stack/neutron/neutron/api/extensions.py:449}}
Jun 09 02:39:25.145883 np0000179086 devstack@neutron-api.service[103629]: DEBUG neutron_lib.callbacks.manager [None req-d6cec930-0095-4ed9-8aa7-539ea4250841 None None] Subscribe: > port_forwarding after_create 55550000, False {{(pid=103629) subscribe /opt/stack/data/venv/lib/python3.12/site-packages/neutron_lib/callbacks/manager.py:52}}
Jun 09 02:39:25.145954 np0000179086 devstack@neutron-api.service[103629]: DEBUG neutron_lib.callbacks.manager [None req-d6cec930-0095-4ed9-8aa7-539ea4250841 None None] Subscribe: > router_interface after_delete 55550000, False {{(pid=103629) subscribe /opt/stack/data/venv/lib/python3.12/site-packages/neutron_lib/callbacks/manager.py:52}}
Jun 09 02:39:25.146045 np0000179086 devstack@neutron-api.service[103631]: DEBUG neutron.api.extensions [None req-953da159-e55f-4ab2-be1e-fe1edf178042 None None] Ext name="Neutron Port MAC address override" alias="port-mac-override" description="Allow overriding the MAC address of a direct-physical Port via the active binding profile" updated="2022-03-18T10:00:00-00:00" {{(pid=103631) _check_extension /opt/stack/neutron/neutron/api/extensions.py:415}}
Jun 09 02:39:25.146080 np0000179086 devstack@neutron-api.service[103629]: DEBUG neutron_lib.callbacks.manager [None req-d6cec930-0095-4ed9-8aa7-539ea4250841 None None] Subscribe: > router after_create 55550000, False {{(pid=103629) subscribe /opt/stack/data/venv/lib/python3.12/site-packages/neutron_lib/callbacks/manager.py:52}}
Jun 09 02:39:25.146151 np0000179086 devstack@neutron-api.service[103629]: DEBUG neutron_lib.callbacks.manager [None req-d6cec930-0095-4ed9-8aa7-539ea4250841 None None] Subscribe: > router precommit_create 55550000, False {{(pid=103629) subscribe /opt/stack/data/venv/lib/python3.12/site-packages/neutron_lib/callbacks/manager.py:52}}
Jun 09 02:39:25.146187 np0000179086 devstack@neutron-api.service[103631]: INFO neutron.api.extensions [None req-953da159-e55f-4ab2-be1e-fe1edf178042 None None] Extension port-mac-override not supported by any of loaded plugins
Jun 09 02:39:25.146247 np0000179086 devstack@neutron-api.service[103629]: DEBUG neutron_lib.callbacks.manager [None req-d6cec930-0095-4ed9-8aa7-539ea4250841 None None] Subscribe: > router after_delete 55550000, False {{(pid=103629) subscribe /opt/stack/data/venv/lib/python3.12/site-packages/neutron_lib/callbacks/manager.py:52}}
Jun 09 02:39:25.146279 np0000179086 devstack@neutron-api.service[103631]: DEBUG neutron.api.extensions [None req-953da159-e55f-4ab2-be1e-fe1edf178042 None None] Loading extension file: port_mac_address_regenerate.py {{(pid=103631) _load_all_extensions_from_path /opt/stack/neutron/neutron/api/extensions.py:449}}
Jun 09 02:39:25.146343 np0000179086 devstack@neutron-api.service[103629]: DEBUG neutron_lib.callbacks.manager [None req-d6cec930-0095-4ed9-8aa7-539ea4250841 None None] Subscribe: > router after_update 55550000, False {{(pid=103629) subscribe /opt/stack/data/venv/lib/python3.12/site-packages/neutron_lib/callbacks/manager.py:52}}
Jun 09 02:39:25.146453 np0000179086 devstack@neutron-api.service[103629]: DEBUG neutron.services.service_base [None req-d6cec930-0095-4ed9-8aa7-539ea4250841 None None] Loaded 'neutron.services.ovn_l3.service_providers.ovn.OvnDriver' provider for service L3_ROUTER_NAT {{(pid=103629) load_drivers /opt/stack/neutron/neutron/services/service_base.py:49}}
Jun 09 02:39:25.146492 np0000179086 devstack@neutron-api.service[103631]: DEBUG neutron.api.extensions [None req-953da159-e55f-4ab2-be1e-fe1edf178042 None None] Ext name="Neutron Port MAC address regenerate" alias="port-mac-address-regenerate" description="Network port MAC address regenerate" updated="2018-05-03T10:00:00-00:00" {{(pid=103631) _check_extension /opt/stack/neutron/neutron/api/extensions.py:415}}
Jun 09 02:39:25.146623 np0000179086 devstack@neutron-api.service[103629]: DEBUG neutron_lib.callbacks.manager [None req-d6cec930-0095-4ed9-8aa7-539ea4250841 None None] Subscribe: > process after_init 55550001, True {{(pid=103629) subscribe /opt/stack/data/venv/lib/python3.12/site-packages/neutron_lib/callbacks/manager.py:52}}
Jun 09 02:39:25.146663 np0000179086 devstack@neutron-api.service[103631]: INFO neutron.api.extensions [None req-953da159-e55f-4ab2-be1e-fe1edf178042 None None] Loaded extension: port-mac-address-regenerate
