2026-04-08 14:55:40.572 7 INFO neutron.db.ovn_revision_numbers_db [None req-44b26c77-577d-4806-a34a-ab21060a24c2 d95ac874e7e24ade963d12a3011cb66c 3644e8ee84fe4c8dbc83bef316004bd6 - - default default] Successfully bumped revision number for resource d9d76bb0-8c7e-4d17-a999-d23bfb9720af (type: security_groups) to 1
2026-04-08 14:55:40.581 7 WARNING neutron.plugins.ml2.drivers.ovn.mech_driver.ovsdb.ovn_client [None req-163fb4cc-29c8-4c64-9c48-980bd6cd6f15 - - - - - -] No port found with ID aed619ec-a20b-48ff-b78a-760ac67b3c97: RuntimeError: No port found with ID aed619ec-a20b-48ff-b78a-760ac67b3c97
2026-04-08 14:55:40.602 7 INFO neutron.plugins.ml2.drivers.ovn.mech_driver.mech_driver [None req-163fb4cc-29c8-4c64-9c48-980bd6cd6f15 - - - - - -] OVN reports status down for port: 41223b8f-e721-499e-9c61-a97631c54b17
2026-04-08 14:55:40.606 7 INFO neutron.db.ovn_revision_numbers_db [None req-44b26c77-577d-4806-a34a-ab21060a24c2 d95ac874e7e24ade963d12a3011cb66c 3644e8ee84fe4c8dbc83bef316004bd6 - - default default] Successfully bumped revision number for resource 09d9831e-6956-41b0-b0dc-6a617317719a (type: security_group_rules) to 0
2026-04-08 14:55:40.632 7 INFO neutron.db.ovn_revision_numbers_db [None req-44b26c77-577d-4806-a34a-ab21060a24c2 d95ac874e7e24ade963d12a3011cb66c 3644e8ee84fe4c8dbc83bef316004bd6 - - default default] Successfully bumped revision number for resource 7521201d-0e2d-4301-973b-5e38c1e4f956 (type: security_group_rules) to 0
2026-04-08 14:55:40.669 7 INFO neutron.db.ovn_revision_numbers_db [None req-44b26c77-577d-4806-a34a-ab21060a24c2 d95ac874e7e24ade963d12a3011cb66c 3644e8ee84fe4c8dbc83bef316004bd6 - - default default] Successfully bumped revision number for resource b211c7c2-60fe-4276-878a-71a53def6fa4 (type: security_group_rules) to 0 [pid: 8|app: 0|req: 792/1622] 10.0.0.152 () {34 vars in 989 bytes} [Wed Apr 8 14:55:40 2026] GET /v2.0/ports?device_id=daba88f1-b364-4031-9da9-470b71d89991 => generated 12 bytes in 21 msecs (HTTP/1.1 200) 4 headers in 156 bytes (1 switches on core 0)
2026-04-08 14:55:40.702 7 INFO neutron.db.ovn_revision_numbers_db [None req-44b26c77-577d-4806-a34a-ab21060a24c2 d95ac874e7e24ade963d12a3011cb66c 3644e8ee84fe4c8dbc83bef316004bd6 - - default default] Successfully bumped revision number for resource dd8119da-0f2d-4091-9f30-6bdf6fe3d64e (type: security_group_rules) to 0
2026-04-08 14:55:40.713 7 WARNING neutron.plugins.ml2.drivers.ovn.mech_driver.ovsdb.ovn_client [None req-163fb4cc-29c8-4c64-9c48-980bd6cd6f15 - - - - - -] Logical_Switch_Port %s host information not removed, the port state is up
2026-04-08 14:55:40.714 7 INFO neutron.plugins.ml2.drivers.ovn.mech_driver.mech_driver [None req-163fb4cc-29c8-4c64-9c48-980bd6cd6f15 - - - - - -] OVN reports status up for port: 41223b8f-e721-499e-9c61-a97631c54b17
2026-04-08 14:55:40.743 7 INFO neutron.plugins.ml2.plugin [None req-163fb4cc-29c8-4c64-9c48-980bd6cd6f15 - - - - - -] Attempt 1 to provision port 41223b8f-e721-499e-9c61-a97631c54b17 [pid: 7|app: 0|req: 831/1623] 10.0.0.1 () {32 vars in 771 bytes} [Wed Apr 8 14:55:40 2026] GET /v2.0/security-groups?tenant_id=2fe4cc9775ac41edb9c60b5eeebbdc8d&name=default => generated 2925 bytes in 337 msecs (HTTP/1.1 200) 4 headers in 158 bytes (1 switches on core 0) [pid: 8|app: 0|req: 793/1624] 10.0.0.1 () {32 vars in 737 bytes} [Wed Apr 8 14:55:40 2026] DELETE /v2.0/security-groups/d9d76bb0-8c7e-4d17-a999-d23bfb9720af => generated 0 bytes in 240 msecs (HTTP/1.1 204) 2 headers in 112 bytes (1 switches on core 0)
2026-04-08 14:55:41.175 7 INFO neutron.db.ovn_revision_numbers_db [None req-163fb4cc-29c8-4c64-9c48-980bd6cd6f15 - - - - - -] Successfully bumped revision number for resource 41223b8f-e721-499e-9c61-a97631c54b17 (type: ports) to 2 [pid: 7|app: 0|req: 832/1625] 10.0.0.1 () {32 vars in 714 bytes} [Wed Apr 8 14:55:41 2026] GET /v2.0/ports/41223b8f-e721-499e-9c61-a97631c54b17 => generated 947 bytes in 39 msecs (HTTP/1.1 200) 4 headers in 157 bytes (1 switches on core 0) [pid: 7|app: 0|req: 833/1626] 10.0.0.152 () {34 vars in 989 bytes} [Wed Apr 8 14:55:41 2026] GET /v2.0/ports?device_id=daba88f1-b364-4031-9da9-470b71d89991 => generated 12 bytes in 22 msecs (HTTP/1.1 200) 4 headers in 156 bytes (1 switches on core 0)
2026-04-08 14:55:41.863 8 INFO neutron_taas.services.taas.taas_plugin [None req-26fb1d8f-a817-4d56-af5d-d3ad8f85f338 df395281018440afb01428a19e1dfc34 58a42c7a54604e05b324e32cf0ba75ca - - default default] TaaS: Handle Delete Port: 41223b8f-e721-499e-9c61-a97631c54b17
2026-04-08 14:55:41.866 8 INFO neutron_taas.services.taas.tap_mirror_plugin [None req-26fb1d8f-a817-4d56-af5d-d3ad8f85f338 df395281018440afb01428a19e1dfc34 58a42c7a54604e05b324e32cf0ba75ca - - default default] Tap Mirror: Handle Delete Port: 41223b8f-e721-499e-9c61-a97631c54b17 [pid: 8|app: 0|req: 794/1627] 10.0.0.1 () {34 vars in 786 bytes} [Wed Apr 8 14:55:41 2026] PUT /v2.0/routers/4143849c-2602-4165-80e9-cec6b4581245/remove_router_interface => generated 309 bytes in 599 msecs (HTTP/1.1 200) 4 headers in 157 bytes (1 switches on core 0) [pid: 7|app: 0|req: 834/1628] 10.0.0.1 () {32 vars in 733 bytes} [Wed Apr 8 14:55:42 2026] GET /v2.0/ports?device_id=4143849c-2602-4165-80e9-cec6b4581245 => generated 12 bytes in 22 msecs (HTTP/1.1 200) 4 headers in 156 bytes (1 switches on core 0) /var/lib/openstack/lib/python3.12/site-packages/pycadf/identifier.py:70: UserWarning: Invalid uuid: neutron. To ensure interoperability, identifiers should be a valid uuid. warnings.warn(('Invalid uuid: %s. To ensure interoperability, ' [pid: 8|app: 0|req: 795/1629] 10.0.0.1 () {32 vars in 721 bytes} [Wed Apr 8 14:55:42 2026] DELETE /v2.0/routers/4143849c-2602-4165-80e9-cec6b4581245 => generated 0 bytes in 204 msecs (HTTP/1.1 204) 2 headers in 112 bytes (1 switches on core 0) [pid: 7|app: 0|req: 835/1630] 10.0.0.1 () {32 vars in 721 bytes} [Wed Apr 8 14:55:42 2026] DELETE /v2.0/subnets/15cbef62-7f0a-45dd-95e5-b4f8a0842126 => generated 0 bytes in 170 msecs (HTTP/1.1 204) 3 headers in 131 bytes (1 switches on core 0)
2026-04-08 14:55:42.676 8 INFO neutron_taas.services.taas.taas_plugin [None req-62338327-f54f-4454-8850-abeb8a842e4a df395281018440afb01428a19e1dfc34 58a42c7a54604e05b324e32cf0ba75ca - - default default] TaaS: Handle Delete Port: 79c9cbbc-30ef-4c3c-b681-fa2ba6958f5e
2026-04-08 14:55:42.679 8 INFO neutron_taas.services.taas.tap_mirror_plugin [None req-62338327-f54f-4454-8850-abeb8a842e4a df395281018440afb01428a19e1dfc34 58a42c7a54604e05b324e32cf0ba75ca - - default default] Tap Mirror: Handle Delete Port: 79c9cbbc-30ef-4c3c-b681-fa2ba6958f5e
2026-04-08 14:55:42.855 8 INFO neutron.services.segments.plugin [-] Segment 47877101-0e7f-43ba-8a4c-f835215f2483 resource provider aggregate not found
2026-04-08 14:55:42.861 8 INFO neutron.services.segments.plugin [-] Segment 47877101-0e7f-43ba-8a4c-f835215f2483 resource provider aggregate not found
2026-04-08 14:55:42.873 8 INFO neutron.services.segments.plugin [-] Segment 47877101-0e7f-43ba-8a4c-f835215f2483 resource provider not found; error: Placement Client Error (4xx): {"errors": [{"status": 404, "title": "Not Found", "detail": "The resource could not be found.\n\n No resource provider with uuid 47877101-0e7f-43ba-8a4c-f835215f2483 found for delete ", "request_id": "req-38bd72b0-6f92-4488-b7c5-37754fe5cc2f"}]}
2026-04-08 14:55:42.879 8 INFO neutron.services.segments.plugin [-] Segment 47877101-0e7f-43ba-8a4c-f835215f2483 resource provider not found; error: Placement Client Error (4xx): {"errors": [{"status": 404, "title": "Not Found", "detail": "The resource could not be found.\n\n No resource provider with uuid 47877101-0e7f-43ba-8a4c-f835215f2483 found for delete ", "request_id": "req-c14b8408-c9f0-443c-936e-534c9643017d"}]} [pid: 8|app: 0|req: 796/1631] 10.0.0.1 () {32 vars in 723 bytes} [Wed Apr 8 14:55:42 2026] DELETE /v2.0/networks/a04d0d1e-c0e5-42cc-b134-2adf32dda120 => generated 0 bytes in 360 msecs (HTTP/1.1 204) 3 headers in 131 bytes (1 switches on core 0) [pid: 8|app: 0|req: 797/1632] 10.0.0.1 () {32 vars in 737 bytes} [Wed Apr 8 14:55:42 2026] DELETE /v2.0/security-groups/cd322584-38b4-4501-893d-299499b5d0bc => generated 0 bytes in 119 msecs (HTTP/1.1 204) 2 headers in 112 bytes (1 switches on core 0)
2026-04-08 14:55:43.102 8 INFO neutron.api.v2.resource [None req-82f1fee3-8c15-4d08-99f9-8ff9a4f239ae 33b32544713d41fe8f5842665db9408f d6cce27ca4124bec93b65ececb3edc25 - - default default] show failed (client error): The resource could not be found. [pid: 8|app: 0|req: 798/1633] 10.0.0.1 () {32 vars in 734 bytes} [Wed Apr 8 14:55:43 2026] GET /v2.0/security-groups/cd322584-38b4-4501-893d-299499b5d0bc => generated 146 bytes in 9 msecs (HTTP/1.1 404) 4 headers in 164 bytes (1 switches on core 0)
2026-04-08 14:55:43.230 8 INFO neutron_taas.services.taas.taas_plugin [None req-cb737a18-c7f3-435d-84a4-ffa72522b004 33b32544713d41fe8f5842665db9408f d6cce27ca4124bec93b65ececb3edc25 - - default default] TaaS: Handle Delete Port: 72990647-aa57-4f20-9b9c-cc311ab2bd1b
2026-04-08 14:55:43.232 8 INFO neutron_taas.services.taas.tap_mirror_plugin [None req-cb737a18-c7f3-435d-84a4-ffa72522b004 33b32544713d41fe8f5842665db9408f d6cce27ca4124bec93b65ececb3edc25 - - default default] Tap Mirror: Handle Delete Port: 72990647-aa57-4f20-9b9c-cc311ab2bd1b
2026-04-08 14:55:43.301 7 WARNING neutron.scheduler.dhcp_agent_scheduler [None req-8090229a-13fc-4516-abaf-3fdaef5c16f0 df395281018440afb01428a19e1dfc34 58a42c7a54604e05b324e32cf0ba75ca - - default default] No more DHCP agents
2026-04-08 14:55:43.306 7 WARNING neutron.api.rpc.agentnotifiers.dhcp_rpc_agent_api [None req-8090229a-13fc-4516-abaf-3fdaef5c16f0 df395281018440afb01428a19e1dfc34 58a42c7a54604e05b324e32cf0ba75ca - - default default] Unable to schedule network 991bd8e3-629d-492b-983e-3c52d8630bd5: no agents available; will retry on subsequent port and subnet creation events. [pid: 8|app: 0|req: 799/1634] 10.0.0.1 () {32 vars in 729 bytes} [Wed Apr 8 14:55:43 2026] DELETE /v2.0/floatingips/d5b2580a-5222-4136-a0be-f573b8c7ee83 => generated 0 bytes in 255 msecs (HTTP/1.1 204) 2 headers in 112 bytes (1 switches on core 0)
2026-04-08 14:55:43.461 7 INFO neutron.db.ovn_revision_numbers_db [None req-8090229a-13fc-4516-abaf-3fdaef5c16f0 df395281018440afb01428a19e1dfc34 58a42c7a54604e05b324e32cf0ba75ca - - default default] Successfully bumped revision number for resource 1971ec1d-43a4-440c-bf32-a6b095801cd0 (type: ports) to 1 [pid: 8|app: 0|req: 800/1635] 10.0.0.1 () {32 vars in 737 bytes} [Wed Apr 8 14:55:43 2026] DELETE /v2.0/security-groups/89ebbf61-cd7d-45f9-8b3a-b756c07a3974 => generated 0 bytes in 182 msecs (HTTP/1.1 204) 2 headers in 112 bytes (1 switches on core 0)
2026-04-08 14:55:43.873 8 INFO neutron.db.ovn_revision_numbers_db [None req-f19cb682-c3df-4bee-85ec-71a46af0299f d95ac874e7e24ade963d12a3011cb66c 3644e8ee84fe4c8dbc83bef316004bd6 - - default default] Successfully bumped revision number for resource c2a126d3-692d-424f-8ecc-65d5b66a0cbd (type: security_groups) to 1
2026-04-08 14:55:43.894 8 INFO neutron.db.ovn_revision_numbers_db [None req-f19cb682-c3df-4bee-85ec-71a46af0299f d95ac874e7e24ade963d12a3011cb66c 3644e8ee84fe4c8dbc83bef316004bd6 - - default default] Successfully bumped revision number for resource 1a79a2e4-da59-4730-a148-7c676fd3f869 (type: security_group_rules) to 0
2026-04-08 14:55:43.914 8 INFO neutron.db.ovn_revision_numbers_db [None req-f19cb682-c3df-4bee-85ec-71a46af0299f d95ac874e7e24ade963d12a3011cb66c 3644e8ee84fe4c8dbc83bef316004bd6 - - default default] Successfully bumped revision number for resource 3e9d735e-57e3-4274-9c77-e684ee752e8d (type: security_group_rules) to 0
2026-04-08 14:55:43.927 8 INFO neutron.db.ovn_revision_numbers_db [None req-f19cb682-c3df-4bee-85ec-71a46af0299f d95ac874e7e24ade963d12a3011cb66c 3644e8ee84fe4c8dbc83bef316004bd6 - - default default] Successfully bumped revision number for resource a08fe2be-9b3a-4f19-a16d-06ee4992696d (type: security_group_rules) to 0
2026-04-08 14:55:43.942 8 INFO neutron.db.ovn_revision_numbers_db [None req-f19cb682-c3df-4bee-85ec-71a46af0299f d95ac874e7e24ade963d12a3011cb66c 3644e8ee84fe4c8dbc83bef316004bd6 - - default default] Successfully bumped revision number for resource a09ec5c4-0230-4dd8-9960-315b7395cc50 (type: security_group_rules) to 0 [pid: 8|app: 0|req: 801/1636] 10.0.0.1 () {32 vars in 771 bytes} [Wed Apr 8 14:55:43 2026] GET /v2.0/security-groups?tenant_id=2799c81946f44dd1ba670bf23bb9109b&name=default => generated 2925 bytes in 446 msecs (HTTP/1.1 200) 4 headers in 158 bytes (1 switches on core 0)
2026-04-08 14:55:44.130 7 INFO neutron.plugins.ml2.drivers.ovn.mech_driver.ovsdb.commands [None req-d41c9f06-7c6f-444a-83cc-046ab35c4bd8 - - - - - -] Schedule LRP lrp-1971ec1d-43a4-440c-bf32-a6b095801cd0 on gateway 9231f00b-024c-4ade-b91b-302dc02dd3ff with priority 1
2026-04-08 14:55:44.193 7 INFO neutron.db.ovn_revision_numbers_db [None req-8090229a-13fc-4516-abaf-3fdaef5c16f0 df395281018440afb01428a19e1dfc34 58a42c7a54604e05b324e32cf0ba75ca - - default default] Successfully bumped revision number for resource 1971ec1d-43a4-440c-bf32-a6b095801cd0 (type: router_ports) to 1
2026-04-08 14:55:44.256 7 INFO neutron.db.ovn_revision_numbers_db [None req-8090229a-13fc-4516-abaf-3fdaef5c16f0 df395281018440afb01428a19e1dfc34 58a42c7a54604e05b324e32cf0ba75ca - - default default] Successfully bumped revision number for resource 921a9ae7-4f6b-4c08-95f2-707e05bb0a98 (type: routers) to 2 [pid: 7|app: 0|req: 836/1637] 10.0.0.1 () {34 vars in 666 bytes} [Wed Apr 8 14:55:42 2026] POST /v2.0/routers => generated 952 bytes in 1352 msecs (HTTP/1.1 201) 4 headers in 162 bytes (1 switches on core 0)
2026-04-08 14:55:44.284 8 INFO neutron_taas.services.taas.taas_plugin [None req-16065b90-f4fa-40df-b740-2c0a9465070f d95ac874e7e24ade963d12a3011cb66c 3644e8ee84fe4c8dbc83bef316004bd6 - - default default] TaaS: Handle Delete Port: 1ada5560-eeb3-4620-8f8e-10b449d46cd5
2026-04-08 14:55:44.288 8 INFO neutron_taas.services.taas.tap_mirror_plugin [None req-16065b90-f4fa-40df-b740-2c0a9465070f d95ac874e7e24ade963d12a3011cb66c 3644e8ee84fe4c8dbc83bef316004bd6 - - default default] Tap Mirror: Handle Delete Port: 1ada5560-eeb3-4620-8f8e-10b449d46cd5 [pid: 7|app: 0|req: 837/1638] 10.0.0.1 () {32 vars in 737 bytes} [Wed Apr 8 14:55:44 2026] DELETE /v2.0/security-groups/c2a126d3-692d-424f-8ecc-65d5b66a0cbd => generated 0 bytes in 248 msecs (HTTP/1.1 204) 2 headers in 112 bytes (1 switches on core 0) [pid: 7|app: 0|req: 838/1639] 10.0.0.1 () {32 vars in 718 bytes} [Wed Apr 8 14:55:44 2026] GET /v2.0/routers/921a9ae7-4f6b-4c08-95f2-707e05bb0a98 => generated 958 bytes in 59 msecs (HTTP/1.1 200) 4 headers in 157 bytes (1 switches on core 0) [pid: 7|app: 0|req: 839/1640] 10.0.0.1 () {32 vars in 644 bytes} [Wed Apr 8 14:55:44 2026] GET /v2.0/routers => generated 961 bytes in 93 msecs (HTTP/1.1 200) 4 headers in 157 bytes (1 switches on core 0) [pid: 8|app: 0|req: 802/1641] 10.0.0.1 () {34 vars in 786 bytes} [Wed Apr 8 14:55:43 2026] PUT /v2.0/routers/81f4a1fd-efeb-4347-8d48-38327a378633/remove_router_interface => generated 309 bytes in 946 msecs (HTTP/1.1 200) 4 headers in 157 bytes (1 switches on core 0) /var/lib/openstack/lib/python3.12/site-packages/pycadf/identifier.py:70: UserWarning: Invalid uuid: neutron. To ensure interoperability, identifiers should be a valid uuid. warnings.warn(('Invalid uuid: %s. To ensure interoperability, '
2026-04-08 14:55:45.124 7 INFO neutron.db.ovn_revision_numbers_db [None req-ec07874d-4f30-4d6c-aa9e-34fcceac6d61 df395281018440afb01428a19e1dfc34 58a42c7a54604e05b324e32cf0ba75ca - - default default] Successfully bumped revision number for resource 921a9ae7-4f6b-4c08-95f2-707e05bb0a98 (type: routers) to 3 [pid: 7|app: 0|req: 840/1642] 10.0.0.1 () {34 vars in 738 bytes} [Wed Apr 8 14:55:44 2026] PUT /v2.0/routers/921a9ae7-4f6b-4c08-95f2-707e05bb0a98 => generated 965 bytes in 444 msecs (HTTP/1.1 200) 4 headers in 157 bytes (1 switches on core 0) [pid: 7|app: 0|req: 841/1643] 10.0.0.1 () {32 vars in 718 bytes} [Wed Apr 8 14:55:45 2026] GET /v2.0/routers/921a9ae7-4f6b-4c08-95f2-707e05bb0a98 => generated 965 bytes in 63 msecs (HTTP/1.1 200) 4 headers in 157 bytes (1 switches on core 0)
2026-04-08 14:55:45.220 8 INFO neutron_taas.services.taas.taas_plugin [None req-ba724c50-6109-4ad7-8bb1-e7c53e11a2fc d95ac874e7e24ade963d12a3011cb66c 3644e8ee84fe4c8dbc83bef316004bd6 - - default default] TaaS: Handle Delete Port: 87f14ff3-2f69-472f-9c7e-4e8f50bfa56b
2026-04-08 14:55:45.226 8 INFO neutron_taas.services.taas.tap_mirror_plugin [None req-ba724c50-6109-4ad7-8bb1-e7c53e11a2fc d95ac874e7e24ade963d12a3011cb66c 3644e8ee84fe4c8dbc83bef316004bd6 - - default default] Tap Mirror: Handle Delete Port: 87f14ff3-2f69-472f-9c7e-4e8f50bfa56b [pid: 7|app: 0|req: 842/1644] 10.0.0.1 () {32 vars in 733 bytes} [Wed Apr 8 14:55:45 2026] GET /v2.0/ports?device_id=921a9ae7-4f6b-4c08-95f2-707e05bb0a98 => generated 12 bytes in 23 msecs (HTTP/1.1 200) 4 headers in 156 bytes (1 switches on core 0) [pid: 8|app: 0|req: 803/1645] 10.0.0.1 () {32 vars in 721 bytes} [Wed Apr 8 14:55:44 2026] DELETE /v2.0/routers/81f4a1fd-efeb-4347-8d48-38327a378633 => generated 0 bytes in 642 msecs (HTTP/1.1 204) 2 headers in 112 bytes (1 switches on core 0)
2026-04-08 14:55:45.624 7 INFO neutron_taas.services.taas.taas_plugin [None req-a9f80938-6802-4916-87d8-69ff4e8c4dc1 df395281018440afb01428a19e1dfc34 58a42c7a54604e05b324e32cf0ba75ca - - default default] TaaS: Handle Delete Port: 1971ec1d-43a4-440c-bf32-a6b095801cd0
2026-04-08 14:55:45.633 7 INFO neutron_taas.services.taas.tap_mirror_plugin [None req-a9f80938-6802-4916-87d8-69ff4e8c4dc1 df395281018440afb01428a19e1dfc34 58a42c7a54604e05b324e32cf0ba75ca - - default default] Tap Mirror: Handle Delete Port: 1971ec1d-43a4-440c-bf32-a6b095801cd0 [pid: 8|app: 0|req: 804/1646] 10.0.0.1 () {32 vars in 721 bytes} [Wed Apr 8 14:55:45 2026] DELETE /v2.0/subnets/92cf3f5f-c062-42c6-b4b6-6a9df7fb4816 => generated 0 bytes in 174 msecs (HTTP/1.1 204) 3 headers in 131 bytes (1 switches on core 0)
2026-04-08 14:55:45.984 8 INFO neutron_taas.services.taas.taas_plugin [None req-74504ae2-671c-4ce9-ae94-3a21b225a745 d95ac874e7e24ade963d12a3011cb66c 3644e8ee84fe4c8dbc83bef316004bd6 - - default default] TaaS: Handle Delete Port: bf8d2005-b5e0-46ed-a269-15a55dae0f39
2026-04-08 14:55:45.987 8 INFO neutron_taas.services.taas.tap_mirror_plugin [None req-74504ae2-671c-4ce9-ae94-3a21b225a745 d95ac874e7e24ade963d12a3011cb66c 3644e8ee84fe4c8dbc83bef316004bd6 - - default default] Tap Mirror: Handle Delete Port: bf8d2005-b5e0-46ed-a269-15a55dae0f39
2026-04-08 14:55:46.045 7 WARNING neutron.plugins.ml2.drivers.ovn.mech_driver.ovsdb.ovn_client [None req-f056db3c-0b1e-4026-bf93-0e677ee791b6 - - - - - -] No port found with ID 41223b8f-e721-499e-9c61-a97631c54b17: RuntimeError: No port found with ID 41223b8f-e721-499e-9c61-a97631c54b17
2026-04-08 14:55:46.068 7 INFO neutron.plugins.ml2.drivers.ovn.mech_driver.mech_driver [None req-f056db3c-0b1e-4026-bf93-0e677ee791b6 - - - - - -] OVN reports status down for port: 1971ec1d-43a4-440c-bf32-a6b095801cd0
2026-04-08 14:55:46.089 7 INFO neutron.plugins.ml2.drivers.ovn.mech_driver.mech_driver [None req-f056db3c-0b1e-4026-bf93-0e677ee791b6 - - - - - -] OVN reports status up for port: 1971ec1d-43a4-440c-bf32-a6b095801cd0 [pid: 7|app: 0|req: 843/1647] 10.0.0.1 () {32 vars in 721 bytes} [Wed Apr 8 14:55:45 2026] DELETE /v2.0/routers/921a9ae7-4f6b-4c08-95f2-707e05bb0a98 => generated 0 bytes in 924 msecs (HTTP/1.1 204) 2 headers in 112 bytes (1 switches on core 0) [pid: 7|app: 0|req: 844/1648] 10.0.0.1 () {32 vars in 733 bytes} [Wed Apr 8 14:55:46 2026] GET /v2.0/ports?device_id=921a9ae7-4f6b-4c08-95f2-707e05bb0a98 => generated 12 bytes in 23 msecs (HTTP/1.1 200) 4 headers in 156 bytes (1 switches on core 0)
2026-04-08 14:55:46.218 7 INFO neutron.api.v2.resource [None req-23403a8e-b78c-4783-a613-2b0fd55cf6a5 df395281018440afb01428a19e1dfc34 58a42c7a54604e05b324e32cf0ba75ca - - default default] delete failed (client error): The resource could not be found. [pid: 7|app: 0|req: 845/1649] 10.0.0.1 () {32 vars in 721 bytes} [Wed Apr 8 14:55:46 2026] DELETE /v2.0/routers/921a9ae7-4f6b-4c08-95f2-707e05bb0a98 => generated 135 bytes in 17 msecs (HTTP/1.1 404) 4 headers in 164 bytes (1 switches on core 0) [pid: 7|app: 0|req: 846/1650] 10.0.0.1 () {32 vars in 733 bytes} [Wed Apr 8 14:55:46 2026] GET /v2.0/ports?device_id=4143849c-2602-4165-80e9-cec6b4581245 => generated 12 bytes in 17 msecs (HTTP/1.1 200) 4 headers in 156 bytes (1 switches on core 0)
2026-04-08 14:55:46.249 8 INFO neutron.services.segments.plugin [-] Segment 94ef2bfe-8d14-4bb5-9027-27e388c15c67 resource provider aggregate not found
2026-04-08 14:55:46.253 8 INFO neutron.services.segments.plugin [-] Segment 94ef2bfe-8d14-4bb5-9027-27e388c15c67 resource provider aggregate not found
2026-04-08 14:55:46.268 8 INFO neutron.services.segments.plugin [-] Segment 94ef2bfe-8d14-4bb5-9027-27e388c15c67 resource provider not found; error: Placement Client Error (4xx): {"errors": [{"status": 404, "title": "Not Found", "detail": "The resource could not be found.\n\n No resource provider with uuid 94ef2bfe-8d14-4bb5-9027-27e388c15c67 found for delete ", "request_id": "req-0b489a53-9775-4368-b77d-f67982b990ab"}]}
2026-04-08 14:55:46.269 8 INFO neutron.services.segments.plugin [-] Segment 94ef2bfe-8d14-4bb5-9027-27e388c15c67 resource provider not found; error: Placement Client Error (4xx): {"errors": [{"status": 404, "title": "Not Found", "detail": "The resource could not be found.\n\n No resource provider with uuid 94ef2bfe-8d14-4bb5-9027-27e388c15c67 found for delete ", "request_id": "req-de5801d2-6a4f-4b18-9e20-b87970fd0259"}]} [pid: 8|app: 0|req: 805/1651] 10.0.0.1 () {32 vars in 723 bytes} [Wed Apr 8 14:55:45 2026] DELETE /v2.0/networks/67ff7c6f-984b-4b43-9fc9-fdb419996a2b => generated 0 bytes in 498 msecs (HTTP/1.1 204) 3 headers in 131 bytes (1 switches on core 0)
2026-04-08 14:55:46.304 8 INFO neutron.api.v2.resource [None req-79ff937f-421f-4794-8a26-495a1405628d df395281018440afb01428a19e1dfc34 58a42c7a54604e05b324e32cf0ba75ca - - default default] delete failed (client error): The resource could not be found. [pid: 8|app: 0|req: 806/1652] 10.0.0.1 () {32 vars in 721 bytes} [Wed Apr 8 14:55:46 2026] DELETE /v2.0/routers/4143849c-2602-4165-80e9-cec6b4581245 => generated 135 bytes in 21 msecs (HTTP/1.1 404) 4 headers in 164 bytes (1 switches on core 0)
2026-04-08 14:55:46.476 7 INFO neutron.db.ovn_revision_numbers_db [None req-a324ca5a-eba0-40af-8e11-b2a5dc22ac8f d95ac874e7e24ade963d12a3011cb66c 3644e8ee84fe4c8dbc83bef316004bd6 - - default default] Successfully bumped revision number for resource 908fded8-9f38-422c-bf2f-956340a9af74 (type: security_groups) to 1
2026-04-08 14:55:46.486 7 INFO neutron.db.ovn_revision_numbers_db [None req-a324ca5a-eba0-40af-8e11-b2a5dc22ac8f d95ac874e7e24ade963d12a3011cb66c 3644e8ee84fe4c8dbc83bef316004bd6 - - default default] Successfully bumped revision number for resource 3b7db066-053e-4223-8e6f-53cbee76b19a (type: security_group_rules) to 0
2026-04-08 14:55:46.497 7 INFO neutron.db.ovn_revision_numbers_db [None req-a324ca5a-eba0-40af-8e11-b2a5dc22ac8f d95ac874e7e24ade963d12a3011cb66c 3644e8ee84fe4c8dbc83bef316004bd6 - - default default] Successfully bumped revision number for resource 5118fee1-2dbc-41c6-b593-0a999b0aae0c (type: security_group_rules) to 0
2026-04-08 14:55:46.506 7 INFO neutron.db.ovn_revision_numbers_db [None req-a324ca5a-eba0-40af-8e11-b2a5dc22ac8f d95ac874e7e24ade963d12a3011cb66c 3644e8ee84fe4c8dbc83bef316004bd6 - - default default] Successfully bumped revision number for resource 60fef12f-9196-4010-abfe-49a92daf2ced (type: security_group_rules) to 0
2026-04-08 14:55:46.517 7 INFO neutron.db.ovn_revision_numbers_db [None req-a324ca5a-eba0-40af-8e11-b2a5dc22ac8f d95ac874e7e24ade963d12a3011cb66c 3644e8ee84fe4c8dbc83bef316004bd6 - - default default] Successfully bumped revision number for resource 8544c16c-5556-44fc-b5b3-43002bf7956d (type: security_group_rules) to 0 [pid: 7|app: 0|req: 847/1653] 10.0.0.1 () {32 vars in 771 bytes} [Wed Apr 8 14:55:46 2026] GET /v2.0/security-groups?tenant_id=0c1686932e52467dbe6343e9f4b64685&name=default => generated 2925 bytes in 303 msecs (HTTP/1.1 200) 4 headers in 158 bytes (1 switches on core 0)
2026-04-08 14:55:46.562 7 INFO neutron.pecan_wsgi.hooks.translation [None req-5aedbae4-dd4e-437a-8958-197df8b4beff df395281018440afb01428a19e1dfc34 58a42c7a54604e05b324e32cf0ba75ca - - default default] DELETE failed (client error): The resource could not be found. [pid: 7|app: 0|req: 848/1654] 10.0.0.1 () {32 vars in 721 bytes} [Wed Apr 8 14:55:46 2026] DELETE /v2.0/subnets/15cbef62-7f0a-45dd-95e5-b4f8a0842126 => generated 136 bytes in 16 msecs (HTTP/1.1 404) 4 headers in 164 bytes (1 switches on core 0) [pid: 7|app: 0|req: 849/1655] 10.0.0.1 () {32 vars in 737 bytes} [Wed Apr 8 14:55:46 2026] DELETE /v2.0/security-groups/908fded8-9f38-422c-bf2f-956340a9af74 => generated 0 bytes in 273 msecs (HTTP/1.1 204) 2 headers in 112 bytes (1 switches on core 0) [pid: 7|app: 0|req: 850/1656] 10.0.0.1 () {32 vars in 733 bytes} [Wed Apr 8 14:55:46 2026] GET /v2.0/ports?device_id=e04cc269-ef24-4d8f-84e9-06303aa5b1c9 => generated 12 bytes in 18 msecs (HTTP/1.1 200) 4 headers in 156 bytes (1 switches on core 0)
2026-04-08 14:55:47.088 7 INFO neutron.db.ovn_revision_numbers_db [None req-50d038b5-37ef-41e5-bcb5-9d02b48dc35b 54228bfd5e36481cb2ee9a9d673ef3ad d5dc53703b7a49d9acfeac1dc9e43893 - - default default] Successfully bumped revision number for resource 4e93a703-1d11-40ce-8613-9ea3b094d2c0 (type: security_groups) to 1
2026-04-08 14:55:47.102 7 INFO neutron.db.ovn_revision_numbers_db [None req-50d038b5-37ef-41e5-bcb5-9d02b48dc35b 54228bfd5e36481cb2ee9a9d673ef3ad d5dc53703b7a49d9acfeac1dc9e43893 - - default default] Successfully bumped revision number for resource 97cb0eff-5221-44ab-bccc-ac17c8908d84 (type: security_group_rules) to 0
2026-04-08 14:55:47.112 7 INFO neutron.db.ovn_revision_numbers_db [None req-50d038b5-37ef-41e5-bcb5-9d02b48dc35b 54228bfd5e36481cb2ee9a9d673ef3ad d5dc53703b7a49d9acfeac1dc9e43893 - - default default] Successfully bumped revision number for resource 9fe5af64-db4e-402c-bb62-daa328cf423f (type: security_group_rules) to 0
2026-04-08 14:55:47.125 7 INFO neutron.db.ovn_revision_numbers_db [None req-50d038b5-37ef-41e5-bcb5-9d02b48dc35b 54228bfd5e36481cb2ee9a9d673ef3ad d5dc53703b7a49d9acfeac1dc9e43893 - - default default] Successfully bumped revision number for resource ca4a42dc-1f39-4a52-aa15-5eaedeae546c (type: security_group_rules) to 0
2026-04-08 14:55:47.135 7 INFO neutron.db.ovn_revision_numbers_db [None req-50d038b5-37ef-41e5-bcb5-9d02b48dc35b 54228bfd5e36481cb2ee9a9d673ef3ad d5dc53703b7a49d9acfeac1dc9e43893 - - default default] Successfully bumped revision number for resource d9a3c589-9eb5-4f67-8885-eb80d4ace237 (type: security_group_rules) to 0
2026-04-08 14:55:47.217 7 INFO neutron.db.segments_db [None req-50d038b5-37ef-41e5-bcb5-9d02b48dc35b 54228bfd5e36481cb2ee9a9d673ef3ad d5dc53703b7a49d9acfeac1dc9e43893 - - default default] Added segment 042ea358-5949-43df-b421-a500d3ec360f of type geneve for network c510b88e-e58c-40f2-8911-e95cf72c1034
2026-04-08 14:55:47.316 7 INFO neutron.db.segments_db [None req-50d038b5-37ef-41e5-bcb5-9d02b48dc35b 54228bfd5e36481cb2ee9a9d673ef3ad d5dc53703b7a49d9acfeac1dc9e43893 - - default default] Added segment cfd2d431-f965-4464-9c5f-d1b99f995792 of type geneve for network 3cabc0b7-3875-4e0a-8044-ccc44495ab24
2026-04-08 14:55:47.322 8 INFO neutron_taas.services.taas.taas_plugin [None req-9621cf73-45dd-4aa1-bc6e-50a676bf6e16 d95ac874e7e24ade963d12a3011cb66c 3644e8ee84fe4c8dbc83bef316004bd6 - - default default] TaaS: Handle Delete Port: 541184c6-3855-43fc-b262-4b0d94e5630b
2026-04-08 14:55:47.324 8 INFO neutron_taas.services.taas.tap_mirror_plugin [None req-9621cf73-45dd-4aa1-bc6e-50a676bf6e16 d95ac874e7e24ade963d12a3011cb66c 3644e8ee84fe4c8dbc83bef316004bd6 - - default default] Tap Mirror: Handle Delete Port: 541184c6-3855-43fc-b262-4b0d94e5630b
2026-04-08 14:55:47.436 7 INFO neutron.db.ovn_revision_numbers_db [None req-50d038b5-37ef-41e5-bcb5-9d02b48dc35b 54228bfd5e36481cb2ee9a9d673ef3ad d5dc53703b7a49d9acfeac1dc9e43893 - - default default] Successfully bumped revision number for resource c510b88e-e58c-40f2-8911-e95cf72c1034 (type: networks) to 1
2026-04-08 14:55:47.600 7 WARNING neutron.scheduler.dhcp_agent_scheduler [None req-50d038b5-37ef-41e5-bcb5-9d02b48dc35b 54228bfd5e36481cb2ee9a9d673ef3ad d5dc53703b7a49d9acfeac1dc9e43893 - - default default] No more DHCP agents
2026-04-08 14:55:47.601 7 WARNING neutron.api.rpc.agentnotifiers.dhcp_rpc_agent_api [None req-50d038b5-37ef-41e5-bcb5-9d02b48dc35b 54228bfd5e36481cb2ee9a9d673ef3ad d5dc53703b7a49d9acfeac1dc9e43893 - - default default] Unable to schedule network c510b88e-e58c-40f2-8911-e95cf72c1034: no agents available; will retry on subsequent port and subnet creation events.
2026-04-08 14:55:47.654 7 INFO neutron.plugins.ml2.drivers.ovn.mech_driver.mech_driver [None req-f056db3c-0b1e-4026-bf93-0e677ee791b6 - - - - - -] OVN reports status down for port: 9aa0282b-bf47-414b-b66b-a077477c2384
2026-04-08 14:55:47.697 7 INFO neutron.db.ovn_revision_numbers_db [None req-50d038b5-37ef-41e5-bcb5-9d02b48dc35b 54228bfd5e36481cb2ee9a9d673ef3ad d5dc53703b7a49d9acfeac1dc9e43893 - - default default] Successfully bumped revision number for resource 9aa0282b-bf47-414b-b66b-a077477c2384 (type: ports) to 1
2026-04-08 14:55:47.793 7 INFO neutron.db.ovn_revision_numbers_db [None req-50d038b5-37ef-41e5-bcb5-9d02b48dc35b 54228bfd5e36481cb2ee9a9d673ef3ad d5dc53703b7a49d9acfeac1dc9e43893 - - default default] Successfully bumped revision number for resource 3cabc0b7-3875-4e0a-8044-ccc44495ab24 (type: networks) to 1
2026-04-08 14:55:47.963 7 WARNING neutron.scheduler.dhcp_agent_scheduler [None req-50d038b5-37ef-41e5-bcb5-9d02b48dc35b 54228bfd5e36481cb2ee9a9d673ef3ad d5dc53703b7a49d9acfeac1dc9e43893 - - default default] No more DHCP agents
2026-04-08 14:55:47.965 7 WARNING neutron.api.rpc.agentnotifiers.dhcp_rpc_agent_api [None req-50d038b5-37ef-41e5-bcb5-9d02b48dc35b 54228bfd5e36481cb2ee9a9d673ef3ad d5dc53703b7a49d9acfeac1dc9e43893 - - default default] Unable to schedule network 3cabc0b7-3875-4e0a-8044-ccc44495ab24: no agents available; will retry on subsequent port and subnet creation events. [pid: 8|app: 0|req: 807/1657] 10.0.0.1 () {34 vars in 786 bytes} [Wed Apr 8 14:55:46 2026] PUT /v2.0/routers/fb91eacc-3671-46c6-a5ef-c61a055c8224/remove_router_interface => generated 309 bytes in 1667 msecs (HTTP/1.1 200) 4 headers in 157 bytes (1 switches on core 0) /var/lib/openstack/lib/python3.12/site-packages/pycadf/identifier.py:70: UserWarning: Invalid uuid: neutron. To ensure interoperability, identifiers should be a valid uuid. warnings.warn(('Invalid uuid: %s. To ensure interoperability, '
2026-04-08 14:55:47.991 8 INFO neutron.api.v2.resource [None req-d0d1ddba-aff8-43b0-b6ac-7803040e366a df395281018440afb01428a19e1dfc34 58a42c7a54604e05b324e32cf0ba75ca - - default default] delete failed (client error): The resource could not be found. [pid: 8|app: 0|req: 808/1658] 10.0.0.1 () {32 vars in 721 bytes} [Wed Apr 8 14:55:47 2026] DELETE /v2.0/routers/e04cc269-ef24-4d8f-84e9-06303aa5b1c9 => generated 135 bytes in 19 msecs (HTTP/1.1 404) 4 headers in 164 bytes (1 switches on core 0)
2026-04-08 14:55:48.027 8 INFO neutron.plugins.ml2.drivers.ovn.mech_driver.mech_driver [None req-77039526-cc46-4d91-8feb-be85b3fa61fd - - - - - -] OVN reports status down for port: 8423a54a-9ffe-4655-bad9-3edb13196dc4
2026-04-08 14:55:48.044 7 INFO neutron.db.ovn_revision_numbers_db [None req-50d038b5-37ef-41e5-bcb5-9d02b48dc35b 54228bfd5e36481cb2ee9a9d673ef3ad d5dc53703b7a49d9acfeac1dc9e43893 - - default default] Successfully bumped revision number for resource 8423a54a-9ffe-4655-bad9-3edb13196dc4 (type: ports) to 1 [pid: 7|app: 0|req: 851/1659] 10.0.0.1 () {34 vars in 667 bytes} [Wed Apr 8 14:55:46 2026] POST /v2.0/networks => generated 1284 bytes in 1212 msecs (HTTP/1.1 201) 4 headers in 163 bytes (1 switches on core 0)
2026-04-08 14:55:48.198 8 INFO neutron.db.ovn_revision_numbers_db [None req-45bb386e-d7c9-42b5-ab56-24e2f98dc0b8 d95ac874e7e24ade963d12a3011cb66c 3644e8ee84fe4c8dbc83bef316004bd6 - - default default] Successfully bumped revision number for resource ea6c0afe-97a3-40a1-9672-b94fc5874441 (type: security_groups) to 1
2026-04-08 14:55:48.217 8 INFO neutron.db.ovn_revision_numbers_db [None req-45bb386e-d7c9-42b5-ab56-24e2f98dc0b8 d95ac874e7e24ade963d12a3011cb66c 3644e8ee84fe4c8dbc83bef316004bd6 - - default default] Successfully bumped revision number for resource 07504371-934f-4332-ac7b-df6681529bbc (type: security_group_rules) to 0
2026-04-08 14:55:48.230 8 INFO neutron.db.ovn_revision_numbers_db [None req-45bb386e-d7c9-42b5-ab56-24e2f98dc0b8 d95ac874e7e24ade963d12a3011cb66c 3644e8ee84fe4c8dbc83bef316004bd6 - - default default] Successfully bumped revision number for resource 7daf21b6-cfee-4185-9c8f-08f2b57733ef (type: security_group_rules) to 0
2026-04-08 14:55:48.241 8 INFO neutron.db.ovn_revision_numbers_db [None req-45bb386e-d7c9-42b5-ab56-24e2f98dc0b8 d95ac874e7e24ade963d12a3011cb66c 3644e8ee84fe4c8dbc83bef316004bd6 - - default default] Successfully bumped revision number for resource afbccc71-def2-40e2-933d-4bda21f9beef (type: security_group_rules) to 0
2026-04-08 14:55:48.252 8 INFO neutron.db.ovn_revision_numbers_db [None req-45bb386e-d7c9-42b5-ab56-24e2f98dc0b8 d95ac874e7e24ade963d12a3011cb66c 3644e8ee84fe4c8dbc83bef316004bd6 - - default default] Successfully bumped revision number for resource de615248-8a99-4fee-95fa-e755e79b9426 (type: security_group_rules) to 0 [pid: 8|app: 0|req: 809/1662] 10.0.0.1 () {32 vars in 771 bytes} [Wed Apr 8 14:55:47 2026] GET /v2.0/security-groups?tenant_id=16631d8049f64de4927e6dbaa375d821&name=default => generated 2925 bytes in 296 msecs (HTTP/1.1 200) 4 headers in 158 bytes (1 switches on core 0)
2026-04-08 14:55:48.298 8 INFO neutron.pecan_wsgi.hooks.translation [None req-c78be4aa-8981-4e5c-914c-ccc8096b058a df395281018440afb01428a19e1dfc34 58a42c7a54604e05b324e32cf0ba75ca - - default default] DELETE failed (client error): The resource could not be found. [pid: 8|app: 0|req: 810/1663] 10.0.0.1 () {32 vars in 721 bytes} [Wed Apr 8 14:55:48 2026] DELETE /v2.0/subnets/f35baa21-93b0-4f67-bbe4-ee5ff6139ced => generated 136 bytes in 11 msecs (HTTP/1.1 404) 4 headers in 164 bytes (1 switches on core 0) [pid: 8|app: 0|req: 811/1664] 10.0.0.1 () {32 vars in 646 bytes} [Wed Apr 8 14:55:48 2026] GET /v2.0/networks => generated 1971 bytes in 59 msecs (HTTP/1.1 200) 4 headers in 158 bytes (1 switches on core 0)
2026-04-08 14:55:48.378 7 INFO neutron_taas.services.taas.taas_plugin [None req-8d42c987-c3ec-4ee1-96aa-f563817c4068 d95ac874e7e24ade963d12a3011cb66c 3644e8ee84fe4c8dbc83bef316004bd6 - - default default] TaaS: Handle Delete Port: 406cc11d-93b6-4060-b835-53557732b353
2026-04-08 14:55:48.381 7 INFO neutron_taas.services.taas.tap_mirror_plugin [None req-8d42c987-c3ec-4ee1-96aa-f563817c4068 d95ac874e7e24ade963d12a3011cb66c 3644e8ee84fe4c8dbc83bef316004bd6 - - default default] Tap Mirror: Handle Delete Port: 406cc11d-93b6-4060-b835-53557732b353 [pid: 8|app: 0|req: 812/1665] 10.0.0.1 () {32 vars in 737 bytes} [Wed Apr 8 14:55:48 2026] DELETE /v2.0/security-groups/ea6c0afe-97a3-40a1-9672-b94fc5874441 => generated 0 bytes in 251 msecs (HTTP/1.1 204) 2 headers in 112 bytes (1 switches on core 0) [pid: 8|app: 0|req: 813/1666] 10.0.0.1 () {32 vars in 733 bytes} [Wed Apr 8 14:55:48 2026] GET /v2.0/ports?device_id=c243e2d3-8dbf-4f06-838b-70cffed3961a => generated 12 bytes in 17 msecs (HTTP/1.1 200) 4 headers in 156 bytes (1 switches on core 0)
2026-04-08 14:55:48.748 8 INFO neutron_taas.services.taas.taas_plugin [None req-75315609-3950-4c0f-9b3e-5c206454ed1f 54228bfd5e36481cb2ee9a9d673ef3ad d5dc53703b7a49d9acfeac1dc9e43893 - - default default] TaaS: Handle Delete Port: 9aa0282b-bf47-414b-b66b-a077477c2384
2026-04-08 14:55:48.757 8 INFO neutron_taas.services.taas.tap_mirror_plugin [None req-75315609-3950-4c0f-9b3e-5c206454ed1f 54228bfd5e36481cb2ee9a9d673ef3ad d5dc53703b7a49d9acfeac1dc9e43893 - - default default] Tap Mirror: Handle Delete Port: 9aa0282b-bf47-414b-b66b-a077477c2384 [pid: 7|app: 0|req: 854/1667] 10.0.0.1 () {32 vars in 721 bytes} [Wed Apr 8 14:55:48 2026] DELETE /v2.0/routers/fb91eacc-3671-46c6-a5ef-c61a055c8224 => generated 0 bytes in 715 msecs (HTTP/1.1 204) 2 headers in 112 bytes (1 switches on core 0)
2026-04-08 14:55:48.811 7 INFO neutron.api.v2.resource [None req-f632348f-7fe9-461e-9e92-9155778a1147 df395281018440afb01428a19e1dfc34 58a42c7a54604e05b324e32cf0ba75ca - - default default] delete failed (client error): The resource could not be found. [pid: 7|app: 0|req: 855/1668] 10.0.0.1 () {32 vars in 721 bytes} [Wed Apr 8 14:55:48 2026] DELETE /v2.0/routers/c243e2d3-8dbf-4f06-838b-70cffed3961a => generated 135 bytes in 20 msecs (HTTP/1.1 404) 4 headers in 164 bytes (1 switches on core 0)
2026-04-08 14:55:48.951 8 INFO neutron.services.segments.plugin [-] Segment 042ea358-5949-43df-b421-a500d3ec360f resource provider aggregate not found
2026-04-08 14:55:48.957 8 INFO neutron.services.segments.plugin [-] Segment 042ea358-5949-43df-b421-a500d3ec360f resource provider aggregate not found
2026-04-08 14:55:48.967 8 INFO neutron.services.segments.plugin [-] Segment 042ea358-5949-43df-b421-a500d3ec360f resource provider not found; error: Placement Client Error (4xx): {"errors": [{"status": 404, "title": "Not Found", "detail": "The resource could not be found.\n\n No resource provider with uuid 042ea358-5949-43df-b421-a500d3ec360f found for delete ", "request_id": "req-81637f7f-c782-43aa-8a17-a80e44d0ade0"}]}
2026-04-08 14:55:48.986 8 INFO neutron.services.segments.plugin [-] Segment 042ea358-5949-43df-b421-a500d3ec360f resource provider not found; error: Placement Client Error (4xx): {"errors": [{"status": 404, "title": "Not Found", "detail": "The resource could not be found.\n\n No resource provider with uuid 042ea358-5949-43df-b421-a500d3ec360f found for delete ", "request_id": "req-7b582d8a-0874-42b4-9f7a-c48cc80d0c29"}]} [pid: 8|app: 0|req: 814/1669] 10.0.0.1 () {32 vars in 723 bytes} [Wed Apr 8 14:55:48 2026] DELETE /v2.0/networks/c510b88e-e58c-40f2-8911-e95cf72c1034 => generated 0 bytes in 382 msecs (HTTP/1.1 204) 3 headers in 131 bytes (1 switches on core 0) [pid: 7|app: 0|req: 856/1670] 10.0.0.1 () {32 vars in 721 bytes} [Wed Apr 8 14:55:48 2026] DELETE /v2.0/subnets/f7f00cc7-7145-43ef-b9ec-8713c269db9b => generated 0 bytes in 202 msecs (HTTP/1.1 204) 3 headers in 131 bytes (1 switches on core 0)
2026-04-08 14:55:49.028 8 INFO neutron.pecan_wsgi.hooks.translation [None req-da71d508-3d14-4e34-aa76-1fe0a1871a9c df395281018440afb01428a19e1dfc34 58a42c7a54604e05b324e32cf0ba75ca - - default default] DELETE failed (client error): The resource could not be found. [pid: 8|app: 0|req: 815/1671] 10.0.0.1 () {32 vars in 721 bytes} [Wed Apr 8 14:55:49 2026] DELETE /v2.0/subnets/06e2148c-f2fe-4f7d-a478-44f9bc65e7b9 => generated 136 bytes in 19 msecs (HTTP/1.1 404) 4 headers in 164 bytes (1 switches on core 0)
2026-04-08 14:55:49.137 7 INFO neutron_taas.services.taas.taas_plugin [None req-ce1df2b9-7151-45df-8bc9-88e0e8be3024 54228bfd5e36481cb2ee9a9d673ef3ad d5dc53703b7a49d9acfeac1dc9e43893 - - default default] TaaS: Handle Delete Port: 8423a54a-9ffe-4655-bad9-3edb13196dc4
2026-04-08 14:55:49.140 7 INFO neutron_taas.services.taas.tap_mirror_plugin [None req-ce1df2b9-7151-45df-8bc9-88e0e8be3024 54228bfd5e36481cb2ee9a9d673ef3ad d5dc53703b7a49d9acfeac1dc9e43893 - - default default] Tap Mirror: Handle Delete Port: 8423a54a-9ffe-4655-bad9-3edb13196dc4
2026-04-08 14:55:49.147 8 INFO neutron_taas.services.taas.taas_plugin [None req-b16c5585-d7ef-4020-8c7b-65187f395b67 d95ac874e7e24ade963d12a3011cb66c 3644e8ee84fe4c8dbc83bef316004bd6 - - default default] TaaS: Handle Delete Port: c947e060-c141-47e4-a01e-47562e32b41e
2026-04-08 14:55:49.149 8 INFO neutron_taas.services.taas.tap_mirror_plugin [None req-b16c5585-d7ef-4020-8c7b-65187f395b67 d95ac874e7e24ade963d12a3011cb66c 3644e8ee84fe4c8dbc83bef316004bd6 - - default default] Tap Mirror: Handle Delete Port: c947e060-c141-47e4-a01e-47562e32b41e [pid: 8|app: 0|req: 816/1672] 10.0.0.1 () {32 vars in 723 bytes} [Wed Apr 8 14:55:49 2026] DELETE /v2.0/networks/d576e9e7-b406-485e-bffc-64d76d29344c => generated 0 bytes in 331 msecs (HTTP/1.1 204) 3 headers in 131 bytes (1 switches on core 0)
2026-04-08 14:55:49.364 7 INFO neutron.services.segments.plugin [-] Segment cfd2d431-f965-4464-9c5f-d1b99f995792 resource provider aggregate not found
2026-04-08 14:55:49.368 7 INFO neutron.services.segments.plugin [-] Segment cfd2d431-f965-4464-9c5f-d1b99f995792 resource provider aggregate not found
2026-04-08 14:55:49.374 8 INFO neutron.pecan_wsgi.hooks.translation [None req-9e869017-ba7d-4580-83ad-34fe493bd369 df395281018440afb01428a19e1dfc34 58a42c7a54604e05b324e32cf0ba75ca - - default default] DELETE failed (client error): The resource could not be found. [pid: 8|app: 0|req: 817/1673] 10.0.0.1 () {32 vars in 721 bytes} [Wed Apr 8 14:55:49 2026] DELETE /v2.0/subnets/e6c2e361-ab41-4aa9-8fee-ab7cd9144419 => generated 136 bytes in 13 msecs (HTTP/1.1 404) 4 headers in 164 bytes (1 switches on core 0)
2026-04-08 14:55:49.385 7 INFO neutron.services.segments.plugin [-] Segment cfd2d431-f965-4464-9c5f-d1b99f995792 resource provider not found; error: Placement Client Error (4xx): {"errors": [{"status": 404, "title": "Not Found", "detail": "The resource could not be found.\n\n No resource provider with uuid cfd2d431-f965-4464-9c5f-d1b99f995792 found for delete ", "request_id": "req-3800362c-333a-4298-b6dc-125b764930af"}]}
2026-04-08 14:55:49.391 7 INFO neutron.services.segments.plugin [-] Segment cfd2d431-f965-4464-9c5f-d1b99f995792 resource provider not found; error: Placement Client Error (4xx): {"errors": [{"status": 404, "title": "Not Found", "detail": "The resource could not be found.\n\n No resource provider with uuid cfd2d431-f965-4464-9c5f-d1b99f995792 found for delete ", "request_id": "req-f6c1153c-1920-45a8-bf19-e78f91d74d5c"}]} [pid: 7|app: 0|req: 857/1674] 10.0.0.1 () {32 vars in 723 bytes} [Wed Apr 8 14:55:49 2026] DELETE /v2.0/networks/3cabc0b7-3875-4e0a-8044-ccc44495ab24 => generated 0 bytes in 420 msecs (HTTP/1.1 204) 3 headers in 131 bytes (1 switches on core 0) [pid: 8|app: 0|req: 818/1675] 10.0.0.1 () {32 vars in 646 bytes} [Wed Apr 8 14:55:49 2026] GET /v2.0/networks => generated 689 bytes in 39 msecs (HTTP/1.1 200) 4 headers in 157 bytes (1 switches on core 0)
2026-04-08 14:55:49.581 7 INFO neutron.db.segments_db [None req-755d943d-f05a-4ee3-b747-f892125da7fa 54228bfd5e36481cb2ee9a9d673ef3ad d5dc53703b7a49d9acfeac1dc9e43893 - - default default] Added segment f912787f-541d-4685-baad-965457f7ad16 of type geneve for network 1a3af7cf-4fd8-46f7-b522-1a562b30d2d3 [pid: 8|app: 0|req: 819/1676] 10.0.0.1 () {32 vars in 771 bytes} [Wed Apr 8 14:55:49 2026] GET /v2.0/security-groups?tenant_id=de3047f5cc9646bdbf3bbed239f0dd97&name=default => generated 2925 bytes in 30 msecs (HTTP/1.1 200) 4 headers in 158 bytes (1 switches on core 0)
2026-04-08 14:55:49.697 7 INFO neutron.db.ovn_revision_numbers_db [None req-755d943d-f05a-4ee3-b747-f892125da7fa 54228bfd5e36481cb2ee9a9d673ef3ad d5dc53703b7a49d9acfeac1dc9e43893 - - default default] Successfully bumped revision number for resource 1a3af7cf-4fd8-46f7-b522-1a562b30d2d3 (type: networks) to 1
2026-04-08 14:55:49.875 7 WARNING neutron.scheduler.dhcp_agent_scheduler [None req-755d943d-f05a-4ee3-b747-f892125da7fa 54228bfd5e36481cb2ee9a9d673ef3ad d5dc53703b7a49d9acfeac1dc9e43893 - - default default] No more DHCP agents
2026-04-08 14:55:49.878 7 WARNING neutron.api.rpc.agentnotifiers.dhcp_rpc_agent_api [None req-755d943d-f05a-4ee3-b747-f892125da7fa 54228bfd5e36481cb2ee9a9d673ef3ad d5dc53703b7a49d9acfeac1dc9e43893 - - default default] Unable to schedule network 1a3af7cf-4fd8-46f7-b522-1a562b30d2d3: no agents available; will retry on subsequent port and subnet creation events. [pid: 8|app: 0|req: 820/1677] 10.0.0.1 () {32 vars in 737 bytes} [Wed Apr 8 14:55:49 2026] DELETE /v2.0/security-groups/e65d9208-37e9-4889-bb6e-c818179459d0 => generated 0 bytes in 252 msecs (HTTP/1.1 204) 2 headers in 112 bytes (1 switches on core 0)
2026-04-08 14:55:49.943 7 INFO neutron.plugins.ml2.drivers.ovn.mech_driver.mech_driver [None req-f056db3c-0b1e-4026-bf93-0e677ee791b6 - - - - - -] OVN reports status down for port: ee3f9fd7-d93b-4eeb-b6a6-7d0c0634cfaa
2026-04-08 14:55:49.997 7 INFO neutron.db.ovn_revision_numbers_db [None req-755d943d-f05a-4ee3-b747-f892125da7fa 54228bfd5e36481cb2ee9a9d673ef3ad d5dc53703b7a49d9acfeac1dc9e43893 - - default default] Successfully bumped revision number for resource ee3f9fd7-d93b-4eeb-b6a6-7d0c0634cfaa (type: ports) to 1 [pid: 7|app: 0|req: 858/1678] 10.0.0.1 () {34 vars in 667 bytes} [Wed Apr 8 14:55:49 2026] POST /v2.0/networks => generated 673 bytes in 558 msecs (HTTP/1.1 201) 4 headers in 162 bytes (1 switches on core 0)
2026-04-08 14:55:50.151 7 INFO neutron.db.segments_db [None req-07ecc4d1-4d17-4716-9642-cac034c7d8a0 54228bfd5e36481cb2ee9a9d673ef3ad d5dc53703b7a49d9acfeac1dc9e43893 - - default default] Added segment a110ff50-ec64-482d-bb5d-b1d63af73567 of type geneve for network ee2c9d72-f17f-4c90-bddd-be11d5f437b7 [pid: 8|app: 0|req: 821/1679] 10.0.0.1 () {32 vars in 771 bytes} [Wed Apr 8 14:55:49 2026] GET /v2.0/security-groups?tenant_id=58a42c7a54604e05b324e32cf0ba75ca&name=default => generated 2925 bytes in 268 msecs (HTTP/1.1 200) 4 headers in 158 bytes (1 switches on core 0) [pid: 8|app: 0|req: 822/1680] 10.0.0.1 () {32 vars in 771 bytes} [Wed Apr 8 14:55:50 2026] GET /v2.0/security-groups?tenant_id=d6cce27ca4124bec93b65ececb3edc25&name=default => generated 2925 bytes in 32 msecs (HTTP/1.1 200) 4 headers in 158 bytes (1 switches on core 0)
2026-04-08 14:55:50.263 7 INFO neutron.db.ovn_revision_numbers_db [None req-07ecc4d1-4d17-4716-9642-cac034c7d8a0 54228bfd5e36481cb2ee9a9d673ef3ad d5dc53703b7a49d9acfeac1dc9e43893 - - default default] Successfully bumped revision number for resource ee2c9d72-f17f-4c90-bddd-be11d5f437b7 (type: networks) to 1
2026-04-08 14:55:50.449 7 WARNING neutron.scheduler.dhcp_agent_scheduler [None req-07ecc4d1-4d17-4716-9642-cac034c7d8a0 54228bfd5e36481cb2ee9a9d673ef3ad d5dc53703b7a49d9acfeac1dc9e43893 - - default default] No more DHCP agents
2026-04-08 14:55:50.450 7 WARNING neutron.api.rpc.agentnotifiers.dhcp_rpc_agent_api [None req-07ecc4d1-4d17-4716-9642-cac034c7d8a0 54228bfd5e36481cb2ee9a9d673ef3ad d5dc53703b7a49d9acfeac1dc9e43893 - - default default] Unable to schedule network ee2c9d72-f17f-4c90-bddd-be11d5f437b7: no agents available; will retry on subsequent port and subnet creation events. [pid: 8|app: 0|req: 823/1681] 10.0.0.1 () {32 vars in 737 bytes} [Wed Apr 8 14:55:50 2026] DELETE /v2.0/security-groups/1eb5102c-2502-4ad9-a80c-fcd5d9724450 => generated 0 bytes in 246 msecs (HTTP/1.1 204) 2 headers in 112 bytes (1 switches on core 0)
2026-04-08 14:55:50.519 8 INFO neutron.plugins.ml2.drivers.ovn.mech_driver.mech_driver [None req-77039526-cc46-4d91-8feb-be85b3fa61fd - - - - - -] OVN reports status down for port: c37683ad-1464-44d4-8f26-36a333d6d27f
2026-04-08 14:55:50.521 7 INFO neutron.db.ovn_revision_numbers_db [None req-07ecc4d1-4d17-4716-9642-cac034c7d8a0 54228bfd5e36481cb2ee9a9d673ef3ad d5dc53703b7a49d9acfeac1dc9e43893 - - default default] Successfully bumped revision number for resource c37683ad-1464-44d4-8f26-36a333d6d27f (type: ports) to 1 [pid: 7|app: 0|req: 859/1682] 10.0.0.1 () {34 vars in 667 bytes} [Wed Apr 8 14:55:50 2026] POST /v2.0/networks => generated 672 bytes in 491 msecs (HTTP/1.1 201) 4 headers in 162 bytes (1 switches on core 0) [pid: 8|app: 0|req: 824/1683] 10.0.0.1 () {32 vars in 737 bytes} [Wed Apr 8 14:55:50 2026] DELETE /v2.0/security-groups/ad465491-6d69-46a0-905c-cf084581594b => generated 0 bytes in 303 msecs (HTTP/1.1 204) 2 headers in 112 bytes (1 switches on core 0)
2026-04-08 14:55:50.984 8 INFO neutron.services.segments.plugin [-] Segment 805a2e25-d073-424e-8fbb-ba78f3de22e9 resource provider aggregate not found
2026-04-08 14:55:50.999 7 WARNING neutron.scheduler.dhcp_agent_scheduler [None req-0557eeb0-2f4e-4b9d-b1af-2fb4f658cb15 54228bfd5e36481cb2ee9a9d673ef3ad d5dc53703b7a49d9acfeac1dc9e43893 - - default default] No more DHCP agents
2026-04-08 14:55:51.000 8 INFO neutron.services.segments.plugin [-] Segment 805a2e25-d073-424e-8fbb-ba78f3de22e9 resource provider not found; error: Placement Client Error (4xx): {"errors": [{"status": 404, "title": "Not Found", "detail": "The resource could not be found.\n\n No resource provider with uuid 805a2e25-d073-424e-8fbb-ba78f3de22e9 found for delete ", "request_id": "req-4777f704-e82b-456c-90b6-cfe030cd8428"}]}
2026-04-08 14:55:51.001 7 WARNING neutron.api.rpc.agentnotifiers.dhcp_rpc_agent_api [None req-0557eeb0-2f4e-4b9d-b1af-2fb4f658cb15 54228bfd5e36481cb2ee9a9d673ef3ad d5dc53703b7a49d9acfeac1dc9e43893 - - default default] Unable to schedule network 1a3af7cf-4fd8-46f7-b522-1a562b30d2d3: no agents available; will retry on subsequent port and subnet creation events.
2026-04-08 14:55:51.023 8 INFO neutron.services.segments.plugin [-] Segment 805a2e25-d073-424e-8fbb-ba78f3de22e9 resource provider aggregate not found
2026-04-08 14:55:51.040 8 INFO neutron.services.segments.plugin [-] Segment 805a2e25-d073-424e-8fbb-ba78f3de22e9 resource provider not found; error: Placement Client Error (4xx): {"errors": [{"status": 404, "title": "Not Found", "detail": "The resource could not be found.\n\n No resource provider with uuid 805a2e25-d073-424e-8fbb-ba78f3de22e9 found for delete ", "request_id": "req-d8457d03-6605-460d-8275-e1f03348cfa0"}]}
2026-04-08 14:55:51.059 7 INFO neutron.plugins.ml2.drivers.ovn.mech_driver.mech_driver [None req-f056db3c-0b1e-4026-bf93-0e677ee791b6 - - - - - -] OVN reports status down for port: de34a5ad-5fe8-4b4f-81a9-ab90bef4833c
