2026-04-08 14:56:35.748 7 INFO neutron_taas.services.taas.taas_plugin [None req-182b4467-72ed-47d0-bf32-ab580b7ba6a6 d95ac874e7e24ade963d12a3011cb66c 3644e8ee84fe4c8dbc83bef316004bd6 - - default default] TaaS: Handle Delete Port: 780efc12-8c84-4a50-bb29-966fd0a146ab
2026-04-08 14:56:35.752 7 INFO neutron_taas.services.taas.tap_mirror_plugin [None req-182b4467-72ed-47d0-bf32-ab580b7ba6a6 d95ac874e7e24ade963d12a3011cb66c 3644e8ee84fe4c8dbc83bef316004bd6 - - default default] Tap Mirror: Handle Delete Port: 780efc12-8c84-4a50-bb29-966fd0a146ab
2026-04-08 14:56:35.931 8 WARNING neutron.plugins.ml2.drivers.ovn.mech_driver.ovsdb.ovn_client [None req-26f01153-9f20-49b3-9c19-2647f8720bcc - - - - - -] No port found with ID 8a311a78-7471-452e-b601-e333b3130758: RuntimeError: No port found with ID 8a311a78-7471-452e-b601-e333b3130758
2026-04-08 14:56:35.965 8 INFO neutron.plugins.ml2.drivers.ovn.mech_driver.mech_driver [None req-26f01153-9f20-49b3-9c19-2647f8720bcc - - - - - -] OVN reports status down for port: 01b2f26b-4551-4790-9bc3-2a8194fbf0ca
2026-04-08 14:56:35.981 8 INFO neutron.plugins.ml2.drivers.ovn.mech_driver.mech_driver [None req-26f01153-9f20-49b3-9c19-2647f8720bcc - - - - - -] OVN reports status up for port: 01b2f26b-4551-4790-9bc3-2a8194fbf0ca [pid: 8|app: 0|req: 994/2026] 10.0.0.1 () {32 vars in 737 bytes} [Wed Apr 8 14:56:35 2026] DELETE /v2.0/security-groups/8fba2af8-b6b0-45c8-b499-a9d7d6f7e803 => generated 0 bytes in 263 msecs (HTTP/1.1 204) 2 headers in 112 bytes (1 switches on core 0) [pid: 7|app: 0|req: 1033/2027] 10.0.0.1 () {32 vars in 721 bytes} [Wed Apr 8 14:56:35 2026] DELETE /v2.0/routers/51024d70-16cb-4b72-b567-65d74d8779d4 => generated 0 bytes in 778 msecs (HTTP/1.1 204) 2 headers in 112 bytes (1 switches on core 0) [pid: 8|app: 0|req: 995/2028] 10.0.0.1 () {32 vars in 721 bytes} [Wed Apr 8 14:56:36 2026] DELETE /v2.0/subnets/68a1ed55-2450-4f3e-9d93-8f2a54c87725 => generated 0 bytes in 173 msecs (HTTP/1.1 204) 3 headers in 131 bytes (1 switches on core 0)
2026-04-08 14:56:36.472 7 INFO neutron_taas.services.taas.taas_plugin [None req-3d1e7d68-b45a-40d2-8913-a1f0ac5ce07a d95ac874e7e24ade963d12a3011cb66c 3644e8ee84fe4c8dbc83bef316004bd6 - - default default] TaaS: Handle Delete Port: 14035c36-0fda-4df7-8f1b-736f43c3f322
2026-04-08 14:56:36.475 7 INFO neutron_taas.services.taas.tap_mirror_plugin [None req-3d1e7d68-b45a-40d2-8913-a1f0ac5ce07a d95ac874e7e24ade963d12a3011cb66c 3644e8ee84fe4c8dbc83bef316004bd6 - - default default] Tap Mirror: Handle Delete Port: 14035c36-0fda-4df7-8f1b-736f43c3f322
2026-04-08 14:56:36.672 7 INFO neutron.services.segments.plugin [-] Segment 59b04a4f-3454-4ce0-a1eb-a5352c1e4fb6 resource provider aggregate not found
2026-04-08 14:56:36.678 7 INFO neutron.services.segments.plugin [-] Segment 59b04a4f-3454-4ce0-a1eb-a5352c1e4fb6 resource provider aggregate not found
2026-04-08 14:56:36.693 7 INFO neutron.services.segments.plugin [-] Segment 59b04a4f-3454-4ce0-a1eb-a5352c1e4fb6 resource provider not found; error: Placement Client Error (4xx): {"errors": [{"status": 404, "title": "Not Found", "detail": "The resource could not be found.\n\n No resource provider with uuid 59b04a4f-3454-4ce0-a1eb-a5352c1e4fb6 found for delete ", "request_id": "req-ca77e817-182e-4f01-8ed8-1be13ca78eed"}]}
2026-04-08 14:56:36.700 7 INFO neutron.services.segments.plugin [-] Segment 59b04a4f-3454-4ce0-a1eb-a5352c1e4fb6 resource provider not found; error: Placement Client Error (4xx): {"errors": [{"status": 404, "title": "Not Found", "detail": "The resource could not be found.\n\n No resource provider with uuid 59b04a4f-3454-4ce0-a1eb-a5352c1e4fb6 found for delete ", "request_id": "req-9bd0f779-7085-4eb9-bb20-0a0f92465ed1"}]} [pid: 7|app: 0|req: 1034/2029] 10.0.0.1 () {32 vars in 723 bytes} [Wed Apr 8 14:56:36 2026] DELETE /v2.0/networks/bdca2f85-a8fb-4551-8327-01b57b0276c2 => generated 0 bytes in 366 msecs (HTTP/1.1 204) 3 headers in 131 bytes (1 switches on core 0) [pid: 8|app: 0|req: 996/2030] 10.0.0.1 () {32 vars in 771 bytes} [Wed Apr 8 14:56:36 2026] GET /v2.0/security-groups?tenant_id=43c659451ce0455a8d518c25b8451431&name=default => generated 2925 bytes in 28 msecs (HTTP/1.1 200) 4 headers in 158 bytes (1 switches on core 0) [pid: 7|app: 0|req: 1035/2031] 10.0.0.1 () {32 vars in 737 bytes} [Wed Apr 8 14:56:36 2026] DELETE /v2.0/security-groups/1d18d413-8227-48c3-8a9b-d221db74a18f => generated 0 bytes in 242 msecs (HTTP/1.1 204) 2 headers in 112 bytes (1 switches on core 0)
2026-04-08 14:56:37.690 8 INFO neutron.db.ovn_revision_numbers_db [None req-3b4801d7-0173-44c4-b419-a13626cd95e8 5fe8e0a00d274def9d0a09469a03619d 847086163189482a878276c7d69b6203 - - default default] Successfully bumped revision number for resource 45d06be4-cdb4-4aab-981d-210416e8ab30 (type: security_groups) to 1
2026-04-08 14:56:37.701 8 INFO neutron.db.ovn_revision_numbers_db [None req-3b4801d7-0173-44c4-b419-a13626cd95e8 5fe8e0a00d274def9d0a09469a03619d 847086163189482a878276c7d69b6203 - - default default] Successfully bumped revision number for resource 194b58e7-0496-4087-9905-9cfc092bb5a2 (type: security_group_rules) to 0
2026-04-08 14:56:37.712 8 INFO neutron.db.ovn_revision_numbers_db [None req-3b4801d7-0173-44c4-b419-a13626cd95e8 5fe8e0a00d274def9d0a09469a03619d 847086163189482a878276c7d69b6203 - - default default] Successfully bumped revision number for resource 243d0617-fa82-4df5-830b-df37a7b650cb (type: security_group_rules) to 0
2026-04-08 14:56:37.722 8 INFO neutron.db.ovn_revision_numbers_db [None req-3b4801d7-0173-44c4-b419-a13626cd95e8 5fe8e0a00d274def9d0a09469a03619d 847086163189482a878276c7d69b6203 - - default default] Successfully bumped revision number for resource 304bd121-d3fb-4111-b3b9-ebd3f369884a (type: security_group_rules) to 0
2026-04-08 14:56:37.732 8 INFO neutron.db.ovn_revision_numbers_db [None req-3b4801d7-0173-44c4-b419-a13626cd95e8 5fe8e0a00d274def9d0a09469a03619d 847086163189482a878276c7d69b6203 - - default default] Successfully bumped revision number for resource 7155e8cb-95a1-4d50-a3dd-fefb5a6e469b (type: security_group_rules) to 0
2026-04-08 14:56:37.840 8 INFO neutron.db.ovn_revision_numbers_db [None req-3b4801d7-0173-44c4-b419-a13626cd95e8 5fe8e0a00d274def9d0a09469a03619d 847086163189482a878276c7d69b6203 - - default default] Successfully bumped revision number for resource d13a3736-26c9-421e-a2ee-42204bebaf56 (type: security_groups) to 1
2026-04-08 14:56:37.852 8 INFO neutron.db.ovn_revision_numbers_db [None req-3b4801d7-0173-44c4-b419-a13626cd95e8 5fe8e0a00d274def9d0a09469a03619d 847086163189482a878276c7d69b6203 - - default default] Successfully bumped revision number for resource 3c734d05-1ed8-4f18-a371-134e56ff3870 (type: security_group_rules) to 0
2026-04-08 14:56:37.866 8 INFO neutron.db.ovn_revision_numbers_db [None req-3b4801d7-0173-44c4-b419-a13626cd95e8 5fe8e0a00d274def9d0a09469a03619d 847086163189482a878276c7d69b6203 - - default default] Successfully bumped revision number for resource 4b7cd01f-66ec-4f49-99b2-e6d1462d1d84 (type: security_group_rules) to 0 [pid: 8|app: 0|req: 997/2032] 10.0.0.1 () {34 vars in 681 bytes} [Wed Apr 8 14:56:37 2026] POST /v2.0/security-groups => generated 1624 bytes in 531 msecs (HTTP/1.1 201) 4 headers in 163 bytes (1 switches on core 0) [pid: 7|app: 0|req: 1036/2033] 10.0.0.1 () {32 vars in 660 bytes} [Wed Apr 8 14:56:37 2026] GET /v2.0/security-groups => generated 4529 bytes in 41 msecs (HTTP/1.1 200) 4 headers in 158 bytes (1 switches on core 0)
2026-04-08 14:56:38.032 8 INFO neutron.db.ovn_revision_numbers_db [None req-e5ce3a0b-978e-45f2-b1a8-c2fb234fa215 5fe8e0a00d274def9d0a09469a03619d 847086163189482a878276c7d69b6203 - - default default] Successfully bumped revision number for resource d13a3736-26c9-421e-a2ee-42204bebaf56 (type: security_groups) to 2 [pid: 8|app: 0|req: 998/2034] 10.0.0.1 () {34 vars in 755 bytes} [Wed Apr 8 14:56:37 2026] PUT /v2.0/security-groups/d13a3736-26c9-421e-a2ee-42204bebaf56 => generated 1662 bytes in 97 msecs (HTTP/1.1 200) 4 headers in 158 bytes (1 switches on core 0) [pid: 7|app: 0|req: 1037/2035] 10.0.0.1 () {32 vars in 734 bytes} [Wed Apr 8 14:56:38 2026] GET /v2.0/security-groups/d13a3736-26c9-421e-a2ee-42204bebaf56 => generated 1662 bytes in 21 msecs (HTTP/1.1 200) 4 headers in 158 bytes (1 switches on core 0) [pid: 8|app: 0|req: 999/2036] 10.0.0.1 () {32 vars in 737 bytes} [Wed Apr 8 14:56:38 2026] DELETE /v2.0/security-groups/d13a3736-26c9-421e-a2ee-42204bebaf56 => generated 0 bytes in 125 msecs (HTTP/1.1 204) 2 headers in 112 bytes (1 switches on core 0) [pid: 7|app: 0|req: 1038/2037] 10.0.0.1 () {32 vars in 660 bytes} [Wed Apr 8 14:56:38 2026] GET /v2.0/security-groups => generated 2925 bytes in 29 msecs (HTTP/1.1 200) 4 headers in 158 bytes (1 switches on core 0)
2026-04-08 14:56:38.265 8 INFO neutron.api.v2.resource [None req-d07a5177-0d96-465a-87db-c116201965f0 5fe8e0a00d274def9d0a09469a03619d 847086163189482a878276c7d69b6203 - - default default] delete failed (client error): The resource could not be found. [pid: 8|app: 0|req: 1000/2038] 10.0.0.1 () {32 vars in 737 bytes} [Wed Apr 8 14:56:38 2026] DELETE /v2.0/security-groups/d13a3736-26c9-421e-a2ee-42204bebaf56 => generated 146 bytes in 14 msecs (HTTP/1.1 404) 4 headers in 164 bytes (1 switches on core 0)
2026-04-08 14:56:38.392 7 INFO neutron.db.ovn_revision_numbers_db [None req-6413b8b9-cf9b-426c-be7a-b01c84737221 5fe8e0a00d274def9d0a09469a03619d 847086163189482a878276c7d69b6203 - - default default] Successfully bumped revision number for resource 48f952ca-0d66-40ad-9dfa-0c146297bd39 (type: security_groups) to 1
2026-04-08 14:56:38.411 7 INFO neutron.db.ovn_revision_numbers_db [None req-6413b8b9-cf9b-426c-be7a-b01c84737221 5fe8e0a00d274def9d0a09469a03619d 847086163189482a878276c7d69b6203 - - default default] Successfully bumped revision number for resource 93496cea-d766-4cc3-92f3-557f298f513d (type: security_group_rules) to 0
2026-04-08 14:56:38.424 7 INFO neutron.db.ovn_revision_numbers_db [None req-6413b8b9-cf9b-426c-be7a-b01c84737221 5fe8e0a00d274def9d0a09469a03619d 847086163189482a878276c7d69b6203 - - default default] Successfully bumped revision number for resource 940ec58b-7e5b-402d-92a1-8c12b7316c9a (type: security_group_rules) to 0 [pid: 7|app: 0|req: 1039/2039] 10.0.0.1 () {34 vars in 681 bytes} [Wed Apr 8 14:56:38 2026] POST /v2.0/security-groups => generated 1624 bytes in 189 msecs (HTTP/1.1 201) 4 headers in 163 bytes (1 switches on core 0)
2026-04-08 14:56:38.576 8 INFO neutron.db.ovn_revision_numbers_db [None req-31a0d51d-67e7-473d-b4cd-1caffaa66e5d 5fe8e0a00d274def9d0a09469a03619d 847086163189482a878276c7d69b6203 - - default default] Successfully bumped revision number for resource 758ee8ba-d615-45a5-a2a8-3cd77755395d (type: security_group_rules) to 0 [pid: 8|app: 0|req: 1001/2040] 10.0.0.1 () {34 vars in 692 bytes} [Wed Apr 8 14:56:38 2026] POST /v2.0/security-group-rules => generated 601 bytes in 138 msecs (HTTP/1.1 201) 4 headers in 162 bytes (1 switches on core 0) [pid: 7|app: 0|req: 1040/2041] 10.0.0.1 () {32 vars in 744 bytes} [Wed Apr 8 14:56:38 2026] GET /v2.0/security-group-rules/758ee8ba-d615-45a5-a2a8-3cd77755395d => generated 601 bytes in 34 msecs (HTTP/1.1 200) 4 headers in 157 bytes (1 switches on core 0) [pid: 8|app: 0|req: 1002/2042] 10.0.0.1 () {32 vars in 670 bytes} [Wed Apr 8 14:56:38 2026] GET /v2.0/security-group-rules => generated 4138 bytes in 59 msecs (HTTP/1.1 200) 4 headers in 158 bytes (1 switches on core 0) [pid: 7|app: 0|req: 1041/2043] 10.0.0.1 () {32 vars in 747 bytes} [Wed Apr 8 14:56:38 2026] DELETE /v2.0/security-group-rules/758ee8ba-d615-45a5-a2a8-3cd77755395d => generated 0 bytes in 133 msecs (HTTP/1.1 204) 2 headers in 112 bytes (1 switches on core 0) [pid: 8|app: 0|req: 1003/2044] 10.0.0.1 () {32 vars in 670 bytes} [Wed Apr 8 14:56:38 2026] GET /v2.0/security-group-rules => generated 3560 bytes in 64 msecs (HTTP/1.1 200) 4 headers in 158 bytes (1 switches on core 0)
2026-04-08 14:56:39.049 7 INFO neutron.db.ovn_revision_numbers_db [None req-e2f8fd52-e16c-4eb9-9ecc-d9f8635758e4 5fe8e0a00d274def9d0a09469a03619d 847086163189482a878276c7d69b6203 - - default default] Successfully bumped revision number for resource a09e13d5-69a1-4bea-a700-c324db44b0ad (type: security_group_rules) to 0 [pid: 7|app: 0|req: 1042/2045] 10.0.0.1 () {34 vars in 692 bytes} [Wed Apr 8 14:56:38 2026] POST /v2.0/security-group-rules => generated 601 bytes in 158 msecs (HTTP/1.1 201) 4 headers in 162 bytes (1 switches on core 0) [pid: 8|app: 0|req: 1004/2046] 10.0.0.1 () {32 vars in 744 bytes} [Wed Apr 8 14:56:39 2026] GET /v2.0/security-group-rules/a09e13d5-69a1-4bea-a700-c324db44b0ad => generated 601 bytes in 21 msecs (HTTP/1.1 200) 4 headers in 157 bytes (1 switches on core 0) [pid: 7|app: 0|req: 1043/2047] 10.0.0.1 () {32 vars in 670 bytes} [Wed Apr 8 14:56:39 2026] GET /v2.0/security-group-rules => generated 4138 bytes in 67 msecs (HTTP/1.1 200) 4 headers in 158 bytes (1 switches on core 0) [pid: 8|app: 0|req: 1005/2048] 10.0.0.1 () {32 vars in 747 bytes} [Wed Apr 8 14:56:39 2026] DELETE /v2.0/security-group-rules/a09e13d5-69a1-4bea-a700-c324db44b0ad => generated 0 bytes in 145 msecs (HTTP/1.1 204) 2 headers in 112 bytes (1 switches on core 0) [pid: 7|app: 0|req: 1044/2049] 10.0.0.1 () {32 vars in 670 bytes} [Wed Apr 8 14:56:39 2026] GET /v2.0/security-group-rules => generated 3560 bytes in 57 msecs (HTTP/1.1 200) 4 headers in 158 bytes (1 switches on core 0)
2026-04-08 14:56:39.430 7 INFO neutron.db.securitygroups_db [None req-8e7bf3fb-a143-4b48-9f2e-9aa9bdc7d22f 5fe8e0a00d274def9d0a09469a03619d 847086163189482a878276c7d69b6203 - - default default] Project 847086163189482a878276c7d69b6203 added a security group rule with legacy IPv6 ICMP protocol name icmp, ipv6-icmp should be used instead. It was automatically converted.
2026-04-08 14:56:39.515 7 INFO neutron.db.ovn_revision_numbers_db [None req-8e7bf3fb-a143-4b48-9f2e-9aa9bdc7d22f 5fe8e0a00d274def9d0a09469a03619d 847086163189482a878276c7d69b6203 - - default default] Successfully bumped revision number for resource dfc90a97-f110-4411-bef0-3438d0bdeb30 (type: security_group_rules) to 0 [pid: 7|app: 0|req: 1045/2050] 10.0.0.1 () {34 vars in 692 bytes} [Wed Apr 8 14:56:39 2026] POST /v2.0/security-group-rules => generated 607 bytes in 152 msecs (HTTP/1.1 201) 4 headers in 162 bytes (1 switches on core 0) [pid: 7|app: 0|req: 1046/2051] 10.0.0.1 () {32 vars in 744 bytes} [Wed Apr 8 14:56:39 2026] GET /v2.0/security-group-rules/dfc90a97-f110-4411-bef0-3438d0bdeb30 => generated 607 bytes in 16 msecs (HTTP/1.1 200) 4 headers in 157 bytes (1 switches on core 0)
2026-04-08 14:56:39.631 8 INFO neutron.db.ovn_revision_numbers_db [None req-795ed448-8625-4c6a-a317-bb374af0be1c d95ac874e7e24ade963d12a3011cb66c 3644e8ee84fe4c8dbc83bef316004bd6 - - default default] Successfully bumped revision number for resource 9df4867c-55a0-4dd3-b166-3b026c849ec2 (type: security_groups) to 1 [pid: 7|app: 0|req: 1047/2052] 10.0.0.1 () {32 vars in 670 bytes} [Wed Apr 8 14:56:39 2026] GET /v2.0/security-group-rules => generated 4144 bytes in 63 msecs (HTTP/1.1 200) 4 headers in 158 bytes (1 switches on core 0)
2026-04-08 14:56:39.642 8 INFO neutron.db.ovn_revision_numbers_db [None req-795ed448-8625-4c6a-a317-bb374af0be1c d95ac874e7e24ade963d12a3011cb66c 3644e8ee84fe4c8dbc83bef316004bd6 - - default default] Successfully bumped revision number for resource 07097350-fa4b-4af9-a213-45a00e31f6fd (type: security_group_rules) to 0
2026-04-08 14:56:39.653 8 INFO neutron.db.ovn_revision_numbers_db [None req-795ed448-8625-4c6a-a317-bb374af0be1c d95ac874e7e24ade963d12a3011cb66c 3644e8ee84fe4c8dbc83bef316004bd6 - - default default] Successfully bumped revision number for resource 351e2e07-183d-40d9-aea0-8c3b2f68a093 (type: security_group_rules) to 0
2026-04-08 14:56:39.663 8 INFO neutron.db.ovn_revision_numbers_db [None req-795ed448-8625-4c6a-a317-bb374af0be1c d95ac874e7e24ade963d12a3011cb66c 3644e8ee84fe4c8dbc83bef316004bd6 - - default default] Successfully bumped revision number for resource 52361639-f91e-4c94-86c9-7756ed355748 (type: security_group_rules) to 0
2026-04-08 14:56:39.674 8 INFO neutron.db.ovn_revision_numbers_db [None req-795ed448-8625-4c6a-a317-bb374af0be1c d95ac874e7e24ade963d12a3011cb66c 3644e8ee84fe4c8dbc83bef316004bd6 - - default default] Successfully bumped revision number for resource f29a274d-45d6-480b-baa4-8c2da10b930e (type: security_group_rules) to 0 [pid: 8|app: 0|req: 1006/2053] 10.0.0.1 () {32 vars in 771 bytes} [Wed Apr 8 14:56:39 2026] GET /v2.0/security-groups?tenant_id=76e57aba786f447190a127cbe07747a0&name=default => generated 2925 bytes in 346 msecs (HTTP/1.1 200) 4 headers in 158 bytes (1 switches on core 0) [pid: 7|app: 0|req: 1048/2054] 10.0.0.1 () {32 vars in 747 bytes} [Wed Apr 8 14:56:39 2026] DELETE /v2.0/security-group-rules/dfc90a97-f110-4411-bef0-3438d0bdeb30 => generated 0 bytes in 109 msecs (HTTP/1.1 204) 2 headers in 112 bytes (1 switches on core 0) [pid: 7|app: 0|req: 1049/2055] 10.0.0.1 () {32 vars in 670 bytes} [Wed Apr 8 14:56:39 2026] GET /v2.0/security-group-rules => generated 3560 bytes in 51 msecs (HTTP/1.1 200) 4 headers in 158 bytes (1 switches on core 0) [pid: 7|app: 0|req: 1050/2056] 10.0.0.1 () {32 vars in 737 bytes} [Wed Apr 8 14:56:39 2026] DELETE /v2.0/security-groups/48f952ca-0d66-40ad-9dfa-0c146297bd39 => generated 0 bytes in 130 msecs (HTTP/1.1 204) 2 headers in 112 bytes (1 switches on core 0) [pid: 8|app: 0|req: 1007/2057] 10.0.0.1 () {32 vars in 737 bytes} [Wed Apr 8 14:56:39 2026] DELETE /v2.0/security-groups/9df4867c-55a0-4dd3-b166-3b026c849ec2 => generated 0 bytes in 229 msecs (HTTP/1.1 204) 2 headers in 112 bytes (1 switches on core 0) [pid: 7|app: 0|req: 1051/2058] 10.0.0.1 () {32 vars in 660 bytes} [Wed Apr 8 14:56:39 2026] GET /v2.0/security-groups => generated 2925 bytes in 27 msecs (HTTP/1.1 200) 4 headers in 158 bytes (1 switches on core 0) [pid: 8|app: 0|req: 1008/2059] 10.0.0.1 () {32 vars in 660 bytes} [Wed Apr 8 14:56:39 2026] GET /v2.0/security-groups => generated 2925 bytes in 26 msecs (HTTP/1.1 200) 4 headers in 158 bytes (1 switches on core 0) [pid: 7|app: 0|req: 1052/2060] 10.0.0.1 () {32 vars in 771 bytes} [Wed Apr 8 14:56:40 2026] GET /v2.0/security-groups?tenant_id=847086163189482a878276c7d69b6203&name=default => generated 2925 bytes in 144 msecs (HTTP/1.1 200) 4 headers in 158 bytes (1 switches on core 0) [pid: 8|app: 0|req: 1009/2061] 10.0.0.1 () {32 vars in 737 bytes} [Wed Apr 8 14:56:40 2026] DELETE /v2.0/security-groups/45d06be4-cdb4-4aab-981d-210416e8ab30 => generated 0 bytes in 255 msecs (HTTP/1.1 204) 2 headers in 112 bytes (1 switches on core 0)
2026-04-08 14:56:45.275 7 INFO neutron.db.ovn_revision_numbers_db [None req-997c6362-904d-4042-877d-5df2f8a90c01 fdab5512b18f4caea4d40e5ffcea7fda 770372be32ab45a8a299d7902ab97dd0 - - default default] Successfully bumped revision number for resource 402b7ee6-ab7f-44b7-b33f-aa621899459a (type: security_groups) to 1
2026-04-08 14:56:45.289 7 INFO neutron.db.ovn_revision_numbers_db [None req-997c6362-904d-4042-877d-5df2f8a90c01 fdab5512b18f4caea4d40e5ffcea7fda 770372be32ab45a8a299d7902ab97dd0 - - default default] Successfully bumped revision number for resource 5900e74b-baa6-4a81-aced-64d76158b8c9 (type: security_group_rules) to 0
2026-04-08 14:56:45.301 7 INFO neutron.db.ovn_revision_numbers_db [None req-997c6362-904d-4042-877d-5df2f8a90c01 fdab5512b18f4caea4d40e5ffcea7fda 770372be32ab45a8a299d7902ab97dd0 - - default default] Successfully bumped revision number for resource 63e7e441-5484-4324-b9f5-12f74c82be4e (type: security_group_rules) to 0
2026-04-08 14:56:45.311 7 INFO neutron.db.ovn_revision_numbers_db [None req-997c6362-904d-4042-877d-5df2f8a90c01 fdab5512b18f4caea4d40e5ffcea7fda 770372be32ab45a8a299d7902ab97dd0 - - default default] Successfully bumped revision number for resource 69ea12ed-f2e8-4d15-9c0b-7b45a9c29542 (type: security_group_rules) to 0
2026-04-08 14:56:45.322 7 INFO neutron.db.ovn_revision_numbers_db [None req-997c6362-904d-4042-877d-5df2f8a90c01 fdab5512b18f4caea4d40e5ffcea7fda 770372be32ab45a8a299d7902ab97dd0 - - default default] Successfully bumped revision number for resource ef7fae74-b950-48de-a963-bcbd108e9204 (type: security_group_rules) to 0
2026-04-08 14:56:45.408 7 INFO neutron.db.segments_db [None req-997c6362-904d-4042-877d-5df2f8a90c01 fdab5512b18f4caea4d40e5ffcea7fda 770372be32ab45a8a299d7902ab97dd0 - - default default] Added segment aea5d9da-bbb2-4daf-b268-4c3ba2bb6c18 of type geneve for network 542e6ead-ed11-4101-a0ec-d25aef69a544
2026-04-08 14:56:45.504 7 INFO neutron.db.ovn_revision_numbers_db [None req-997c6362-904d-4042-877d-5df2f8a90c01 fdab5512b18f4caea4d40e5ffcea7fda 770372be32ab45a8a299d7902ab97dd0 - - default default] Successfully bumped revision number for resource 542e6ead-ed11-4101-a0ec-d25aef69a544 (type: networks) to 1
2026-04-08 14:56:45.657 7 WARNING neutron.scheduler.dhcp_agent_scheduler [None req-997c6362-904d-4042-877d-5df2f8a90c01 fdab5512b18f4caea4d40e5ffcea7fda 770372be32ab45a8a299d7902ab97dd0 - - default default] No more DHCP agents
2026-04-08 14:56:45.659 7 WARNING neutron.api.rpc.agentnotifiers.dhcp_rpc_agent_api [None req-997c6362-904d-4042-877d-5df2f8a90c01 fdab5512b18f4caea4d40e5ffcea7fda 770372be32ab45a8a299d7902ab97dd0 - - default default] Unable to schedule network 542e6ead-ed11-4101-a0ec-d25aef69a544: no agents available; will retry on subsequent port and subnet creation events.
2026-04-08 14:56:45.740 8 INFO neutron.plugins.ml2.drivers.ovn.mech_driver.mech_driver [None req-26f01153-9f20-49b3-9c19-2647f8720bcc - - - - - -] OVN reports status down for port: 88857fa3-6613-41b5-95ca-00634432f25d
2026-04-08 14:56:45.748 7 INFO neutron.db.ovn_revision_numbers_db [None req-997c6362-904d-4042-877d-5df2f8a90c01 fdab5512b18f4caea4d40e5ffcea7fda 770372be32ab45a8a299d7902ab97dd0 - - default default] Successfully bumped revision number for resource 88857fa3-6613-41b5-95ca-00634432f25d (type: ports) to 1 [pid: 7|app: 0|req: 1053/2062] 10.0.0.1 () {34 vars in 667 bytes} [Wed Apr 8 14:56:44 2026] POST /v2.0/networks => generated 749 bytes in 861 msecs (HTTP/1.1 201) 4 headers in 162 bytes (1 switches on core 0)
2026-04-08 14:56:45.969 8 WARNING neutron.scheduler.dhcp_agent_scheduler [None req-b87d698e-98d7-4474-ba05-4aed6bff0b99 fdab5512b18f4caea4d40e5ffcea7fda 770372be32ab45a8a299d7902ab97dd0 - - default default] No more DHCP agents
2026-04-08 14:56:45.970 8 WARNING neutron.api.rpc.agentnotifiers.dhcp_rpc_agent_api [None req-b87d698e-98d7-4474-ba05-4aed6bff0b99 fdab5512b18f4caea4d40e5ffcea7fda 770372be32ab45a8a299d7902ab97dd0 - - default default] Unable to schedule network 542e6ead-ed11-4101-a0ec-d25aef69a544: no agents available; will retry on subsequent port and subnet creation events.
2026-04-08 14:56:46.408 8 INFO neutron.db.ovn_revision_numbers_db [None req-2f256b9a-6503-4cb7-882b-75433ba93153 - - - - - -] Successfully bumped revision number for resource 88857fa3-6613-41b5-95ca-00634432f25d (type: ports) to 2
2026-04-08 14:56:46.437 8 INFO neutron.db.ovn_revision_numbers_db [None req-2f256b9a-6503-4cb7-882b-75433ba93153 - - - - - -] Successfully bumped revision number for resource b68b72f3-f42e-4452-b1be-bc8865f41917 (type: subnets) to 0 [pid: 8|app: 0|req: 1010/2063] 10.0.0.1 () {34 vars in 666 bytes} [Wed Apr 8 14:56:45 2026] POST /v2.0/subnets => generated 644 bytes in 660 msecs (HTTP/1.1 201) 4 headers in 162 bytes (1 switches on core 0)
2026-04-08 14:56:46.463 7 WARNING neutron.api.v2.base [None req-65fe0fa3-1b9f-4572-bbdf-e04a10aab0eb fdab5512b18f4caea4d40e5ffcea7fda 770372be32ab45a8a299d7902ab97dd0 - - default default] An exception happened while processing the request body. The exception message is [Invalid input for target_tenant. Reason: 'None' is not a valid string.].: webob.exc.HTTPBadRequest: Invalid input for target_tenant. Reason: 'None' is not a valid string.
2026-04-08 14:56:46.464 7 INFO neutron.api.v2.resource [None req-65fe0fa3-1b9f-4572-bbdf-e04a10aab0eb fdab5512b18f4caea4d40e5ffcea7fda 770372be32ab45a8a299d7902ab97dd0 - - default default] create failed (client error): Invalid input for target_tenant. Reason: 'None' is not a valid string. [pid: 7|app: 0|req: 1054/2064] 10.0.0.1 () {34 vars in 678 bytes} [Wed Apr 8 14:56:46 2026] POST /v2.0/rbac-policies => generated 143 bytes in 8 msecs (HTTP/1.1 400) 4 headers in 166 bytes (1 switches on core 0)
2026-04-08 14:56:46.591 8 INFO neutron_taas.services.taas.taas_plugin [None req-1c53b5a0-0e51-4f6f-a3a4-030eec25cf2c fdab5512b18f4caea4d40e5ffcea7fda 770372be32ab45a8a299d7902ab97dd0 - - default default] TaaS: Handle Delete Port: 88857fa3-6613-41b5-95ca-00634432f25d
2026-04-08 14:56:46.594 8 INFO neutron_taas.services.taas.tap_mirror_plugin [None req-1c53b5a0-0e51-4f6f-a3a4-030eec25cf2c fdab5512b18f4caea4d40e5ffcea7fda 770372be32ab45a8a299d7902ab97dd0 - - default default] Tap Mirror: Handle Delete Port: 88857fa3-6613-41b5-95ca-00634432f25d
2026-04-08 14:56:46.918 8 INFO neutron.services.segments.plugin [-] Segment aea5d9da-bbb2-4daf-b268-4c3ba2bb6c18 resource provider aggregate not found
2026-04-08 14:56:46.921 8 INFO neutron.services.segments.plugin [-] Segment aea5d9da-bbb2-4daf-b268-4c3ba2bb6c18 resource provider aggregate not found
2026-04-08 14:56:46.934 8 INFO neutron.services.segments.plugin [-] Segment aea5d9da-bbb2-4daf-b268-4c3ba2bb6c18 resource provider not found; error: Placement Client Error (4xx): {"errors": [{"status": 404, "title": "Not Found", "detail": "The resource could not be found.\n\n No resource provider with uuid aea5d9da-bbb2-4daf-b268-4c3ba2bb6c18 found for delete ", "request_id": "req-d7f0312c-0b64-4b93-bb72-2f3ac5e28c16"}]}
2026-04-08 14:56:46.938 8 INFO neutron.services.segments.plugin [-] Segment aea5d9da-bbb2-4daf-b268-4c3ba2bb6c18 resource provider not found; error: Placement Client Error (4xx): {"errors": [{"status": 404, "title": "Not Found", "detail": "The resource could not be found.\n\n No resource provider with uuid aea5d9da-bbb2-4daf-b268-4c3ba2bb6c18 found for delete ", "request_id": "req-2117943d-ee5c-47bb-970e-0ca082ef90a9"}]} [pid: 8|app: 0|req: 1011/2065] 10.0.0.1 () {32 vars in 723 bytes} [Wed Apr 8 14:56:46 2026] DELETE /v2.0/networks/542e6ead-ed11-4101-a0ec-d25aef69a544 => generated 0 bytes in 517 msecs (HTTP/1.1 204) 3 headers in 131 bytes (1 switches on core 0)
2026-04-08 14:56:47.088 7 INFO neutron.db.segments_db [None req-273d3229-9747-45aa-88ce-2d41299f3ee3 fdab5512b18f4caea4d40e5ffcea7fda 770372be32ab45a8a299d7902ab97dd0 - - default default] Added segment 59ffa919-2c15-4c4c-8360-27fae8994383 of type geneve for network a3185b50-bcce-4e68-b951-2f10203d61f2
2026-04-08 14:56:47.212 7 INFO neutron.db.ovn_revision_numbers_db [None req-273d3229-9747-45aa-88ce-2d41299f3ee3 fdab5512b18f4caea4d40e5ffcea7fda 770372be32ab45a8a299d7902ab97dd0 - - default default] Successfully bumped revision number for resource a3185b50-bcce-4e68-b951-2f10203d61f2 (type: networks) to 1
2026-04-08 14:56:47.413 7 WARNING neutron.scheduler.dhcp_agent_scheduler [None req-273d3229-9747-45aa-88ce-2d41299f3ee3 fdab5512b18f4caea4d40e5ffcea7fda 770372be32ab45a8a299d7902ab97dd0 - - default default] No more DHCP agents
2026-04-08 14:56:47.415 7 WARNING neutron.api.rpc.agentnotifiers.dhcp_rpc_agent_api [None req-273d3229-9747-45aa-88ce-2d41299f3ee3 fdab5512b18f4caea4d40e5ffcea7fda 770372be32ab45a8a299d7902ab97dd0 - - default default] Unable to schedule network a3185b50-bcce-4e68-b951-2f10203d61f2: no agents available; will retry on subsequent port and subnet creation events.
2026-04-08 14:56:47.474 7 INFO neutron.plugins.ml2.drivers.ovn.mech_driver.mech_driver [None req-2c12fead-59f5-48a8-8923-9d5cf1917787 - - - - - -] OVN reports status down for port: 247cded3-78ba-4c23-9c66-4286e62badca
2026-04-08 14:56:47.533 7 INFO neutron.db.ovn_revision_numbers_db [None req-273d3229-9747-45aa-88ce-2d41299f3ee3 fdab5512b18f4caea4d40e5ffcea7fda 770372be32ab45a8a299d7902ab97dd0 - - default default] Successfully bumped revision number for resource 247cded3-78ba-4c23-9c66-4286e62badca (type: ports) to 1 [pid: 7|app: 0|req: 1055/2068] 10.0.0.1 () {34 vars in 667 bytes} [Wed Apr 8 14:56:46 2026] POST /v2.0/networks => generated 749 bytes in 578 msecs (HTTP/1.1 201) 4 headers in 162 bytes (1 switches on core 0)
2026-04-08 14:56:47.722 8 INFO neutron.db.ovn_revision_numbers_db [None req-334aa055-fbd0-47e3-97ef-a432faa1edba d95ac874e7e24ade963d12a3011cb66c 3644e8ee84fe4c8dbc83bef316004bd6 - - default default] Successfully bumped revision number for resource 7d9f9efa-1b73-4fd6-a4f0-9f67ce2ead10 (type: security_groups) to 1
2026-04-08 14:56:47.733 8 INFO neutron.db.ovn_revision_numbers_db [None req-334aa055-fbd0-47e3-97ef-a432faa1edba d95ac874e7e24ade963d12a3011cb66c 3644e8ee84fe4c8dbc83bef316004bd6 - - default default] Successfully bumped revision number for resource 06dabed5-88ec-48f7-bdb7-12defd5f3f53 (type: security_group_rules) to 0
2026-04-08 14:56:47.744 8 INFO neutron.db.ovn_revision_numbers_db [None req-334aa055-fbd0-47e3-97ef-a432faa1edba d95ac874e7e24ade963d12a3011cb66c 3644e8ee84fe4c8dbc83bef316004bd6 - - default default] Successfully bumped revision number for resource 6e3aad44-3cf9-4342-a5a2-02460f6b8524 (type: security_group_rules) to 0
2026-04-08 14:56:47.754 8 INFO neutron.db.ovn_revision_numbers_db [None req-334aa055-fbd0-47e3-97ef-a432faa1edba d95ac874e7e24ade963d12a3011cb66c 3644e8ee84fe4c8dbc83bef316004bd6 - - default default] Successfully bumped revision number for resource 7de794fb-ee93-4fa3-9bb7-1b552d739d5f (type: security_group_rules) to 0
2026-04-08 14:56:47.763 7 WARNING neutron.scheduler.dhcp_agent_scheduler [None req-f18057a6-7ded-44fc-a8d3-5d58db2c698a fdab5512b18f4caea4d40e5ffcea7fda 770372be32ab45a8a299d7902ab97dd0 - - default default] No more DHCP agents
2026-04-08 14:56:47.764 7 WARNING neutron.api.rpc.agentnotifiers.dhcp_rpc_agent_api [None req-f18057a6-7ded-44fc-a8d3-5d58db2c698a fdab5512b18f4caea4d40e5ffcea7fda 770372be32ab45a8a299d7902ab97dd0 - - default default] Unable to schedule network a3185b50-bcce-4e68-b951-2f10203d61f2: no agents available; will retry on subsequent port and subnet creation events.
2026-04-08 14:56:47.765 8 INFO neutron.db.ovn_revision_numbers_db [None req-334aa055-fbd0-47e3-97ef-a432faa1edba d95ac874e7e24ade963d12a3011cb66c 3644e8ee84fe4c8dbc83bef316004bd6 - - default default] Successfully bumped revision number for resource cd0213a5-6f01-44f4-b452-a3a4320033a0 (type: security_group_rules) to 0 [pid: 8|app: 0|req: 1014/2069] 10.0.0.1 () {32 vars in 771 bytes} [Wed Apr 8 14:56:47 2026] GET /v2.0/security-groups?tenant_id=0933aed9726545adb018a828077cb1f1&name=default => generated 2925 bytes in 451 msecs (HTTP/1.1 200) 4 headers in 158 bytes (1 switches on core 0) [pid: 8|app: 0|req: 1015/2070] 10.0.0.1 () {32 vars in 737 bytes} [Wed Apr 8 14:56:47 2026] DELETE /v2.0/security-groups/7d9f9efa-1b73-4fd6-a4f0-9f67ce2ead10 => generated 0 bytes in 219 msecs (HTTP/1.1 204) 2 headers in 112 bytes (1 switches on core 0)
2026-04-08 14:56:48.255 7 INFO neutron.db.ovn_revision_numbers_db [None req-79a5c04b-9c40-46dc-b183-749758a1507e - - - - - -] Successfully bumped revision number for resource 247cded3-78ba-4c23-9c66-4286e62badca (type: ports) to 2
2026-04-08 14:56:48.284 7 INFO neutron.db.ovn_revision_numbers_db [None req-79a5c04b-9c40-46dc-b183-749758a1507e - - - - - -] Successfully bumped revision number for resource 4bf629f2-e513-43c4-af90-a6516b533ce1 (type: subnets) to 0 [pid: 7|app: 0|req: 1056/2071] 10.0.0.1 () {34 vars in 666 bytes} [Wed Apr 8 14:56:47 2026] POST /v2.0/subnets => generated 647 bytes in 713 msecs (HTTP/1.1 201) 4 headers in 162 bytes (1 switches on core 0)
2026-04-08 14:56:48.316 8 WARNING neutron.api.v2.base [None req-3f0dc81a-1bae-40ac-9a22-71aced533d6f fdab5512b18f4caea4d40e5ffcea7fda 770372be32ab45a8a299d7902ab97dd0 - - default default] An exception happened while processing the request body. The exception message is [Invalid input for target_tenant. Reason: '1234123412341234123412341234123412341234123412341234123412341234123412341234123412341234123412341234123412341234123412341234123412341234123412341234123412341234123412341234123412341234123412341234123412341234123412341234123412341234123412341234123412341234123412341234123412341234123412341234123412341234123412341234123412341234123412341234123412341234123412341234123412341234123412341234123412341234' exceeds maximum length of 255.].: webob.exc.HTTPBadRequest: Invalid input for target_tenant. Reason: '1234123412341234123412341234123412341234123412341234123412341234123412341234123412341234123412341234123412341234123412341234123412341234123412341234123412341234123412341234123412341234123412341234123412341234123412341234123412341234123412341234123412341234123412341234123412341234123412341234123412341234123412341234123412341234123412341234123412341234123412341234123412341234123412341234123412341234' exceeds maximum length of 255.
2026-04-08 14:56:48.319 8 INFO neutron.api.v2.resource [None req-3f0dc81a-1bae-40ac-9a22-71aced533d6f fdab5512b18f4caea4d40e5ffcea7fda 770372be32ab45a8a299d7902ab97dd0 - - default default] create failed (client error): Invalid input for target_tenant. Reason: '1234123412341234123412341234123412341234123412341234123412341234123412341234123412341234123412341234123412341234123412341234123412341234123412341234123412341234123412341234123412341234123412341234123412341234123412341234123412341234123412341234123412341234123412341234123412341234123412341234123412341234123412341234123412341234123412341234123412341234123412341234123412341234123412341234123412341234' exceeds maximum length of 255. [pid: 8|app: 0|req: 1016/2072] 10.0.0.1 () {34 vars in 678 bytes} [Wed Apr 8 14:56:48 2026] POST /v2.0/rbac-policies => generated 547 bytes in 14 msecs (HTTP/1.1 400) 4 headers in 166 bytes (1 switches on core 0)
2026-04-08 14:56:48.472 7 INFO neutron_taas.services.taas.taas_plugin [None req-0e3d566e-523d-4297-8abf-0ed6226c04e1 fdab5512b18f4caea4d40e5ffcea7fda 770372be32ab45a8a299d7902ab97dd0 - - default default] TaaS: Handle Delete Port: 247cded3-78ba-4c23-9c66-4286e62badca
2026-04-08 14:56:48.475 7 INFO neutron_taas.services.taas.tap_mirror_plugin [None req-0e3d566e-523d-4297-8abf-0ed6226c04e1 fdab5512b18f4caea4d40e5ffcea7fda 770372be32ab45a8a299d7902ab97dd0 - - default default] Tap Mirror: Handle Delete Port: 247cded3-78ba-4c23-9c66-4286e62badca
2026-04-08 14:56:48.793 7 INFO neutron.services.segments.plugin [-] Segment 59ffa919-2c15-4c4c-8360-27fae8994383 resource provider aggregate not found
2026-04-08 14:56:48.796 7 INFO neutron.services.segments.plugin [-] Segment 59ffa919-2c15-4c4c-8360-27fae8994383 resource provider aggregate not found
2026-04-08 14:56:48.815 7 INFO neutron.services.segments.plugin [-] Segment 59ffa919-2c15-4c4c-8360-27fae8994383 resource provider not found; error: Placement Client Error (4xx): {"errors": [{"status": 404, "title": "Not Found", "detail": "The resource could not be found.\n\n No resource provider with uuid 59ffa919-2c15-4c4c-8360-27fae8994383 found for delete ", "request_id": "req-3e4816d5-bd40-4da4-bf3c-437e267ef18d"}]}
2026-04-08 14:56:48.817 7 INFO neutron.services.segments.plugin [-] Segment 59ffa919-2c15-4c4c-8360-27fae8994383 resource provider not found; error: Placement Client Error (4xx): {"errors": [{"status": 404, "title": "Not Found", "detail": "The resource could not be found.\n\n No resource provider with uuid 59ffa919-2c15-4c4c-8360-27fae8994383 found for delete ", "request_id": "req-087da94e-4f46-41b1-867a-b05b563527fd"}]} [pid: 7|app: 0|req: 1057/2073] 10.0.0.1 () {32 vars in 723 bytes} [Wed Apr 8 14:56:48 2026] DELETE /v2.0/networks/a3185b50-bcce-4e68-b951-2f10203d61f2 => generated 0 bytes in 513 msecs (HTTP/1.1 204) 3 headers in 131 bytes (1 switches on core 0)
2026-04-08 14:56:48.939 7 INFO neutron.db.segments_db [None req-03b2d96f-5100-405a-b133-e6d28fb2e515 fdab5512b18f4caea4d40e5ffcea7fda 770372be32ab45a8a299d7902ab97dd0 - - default default] Added segment daa73024-0b54-4344-8c47-0ae5f6bbc7ea of type geneve for network 92e33b9d-99f8-440b-bb50-8b405dc85a0e
2026-04-08 14:56:48.945 8 INFO neutron.db.ovn_revision_numbers_db [None req-1336dc8e-ddf2-46d4-bedc-aafe933a3026 62665925d3af4354a49c8aed2b1befec fee1264b6c9b4c538fdd90974639f1f0 - - default default] Successfully bumped revision number for resource 3e0574d3-190a-4ffa-99e1-873067700109 (type: security_groups) to 1
2026-04-08 14:56:48.960 8 INFO neutron.db.ovn_revision_numbers_db [None req-1336dc8e-ddf2-46d4-bedc-aafe933a3026 62665925d3af4354a49c8aed2b1befec fee1264b6c9b4c538fdd90974639f1f0 - - default default] Successfully bumped revision number for resource 648e2b04-afff-4875-a392-61a4a7e38f1a (type: security_group_rules) to 0
2026-04-08 14:56:48.974 8 INFO neutron.db.ovn_revision_numbers_db [None req-1336dc8e-ddf2-46d4-bedc-aafe933a3026 62665925d3af4354a49c8aed2b1befec fee1264b6c9b4c538fdd90974639f1f0 - - default default] Successfully bumped revision number for resource 9368100f-e5a6-4af1-bb30-64b773df92ca (type: security_group_rules) to 0
2026-04-08 14:56:48.987 8 INFO neutron.db.ovn_revision_numbers_db [None req-1336dc8e-ddf2-46d4-bedc-aafe933a3026 62665925d3af4354a49c8aed2b1befec fee1264b6c9b4c538fdd90974639f1f0 - - default default] Successfully bumped revision number for resource c7a16451-8c77-4043-a7e0-ba8e782a2f11 (type: security_group_rules) to 0
2026-04-08 14:56:48.999 8 INFO neutron.db.ovn_revision_numbers_db [None req-1336dc8e-ddf2-46d4-bedc-aafe933a3026 62665925d3af4354a49c8aed2b1befec fee1264b6c9b4c538fdd90974639f1f0 - - default default] Successfully bumped revision number for resource f7c37253-ac83-48ba-bf1b-15eb79aa752b (type: security_group_rules) to 0
2026-04-08 14:56:49.048 7 INFO neutron.db.ovn_revision_numbers_db [None req-03b2d96f-5100-405a-b133-e6d28fb2e515 fdab5512b18f4caea4d40e5ffcea7fda 770372be32ab45a8a299d7902ab97dd0 - - default default] Successfully bumped revision number for resource 92e33b9d-99f8-440b-bb50-8b405dc85a0e (type: networks) to 1
2026-04-08 14:56:49.095 8 INFO neutron.db.segments_db [None req-1336dc8e-ddf2-46d4-bedc-aafe933a3026 62665925d3af4354a49c8aed2b1befec fee1264b6c9b4c538fdd90974639f1f0 - - default default] Added segment b8af95ba-1be8-44ab-842a-f374d3bb9cf5 of type geneve for network c4a70329-a676-474b-a772-36d077afbb23
2026-04-08 14:56:49.206 8 INFO neutron.db.ovn_revision_numbers_db [None req-1336dc8e-ddf2-46d4-bedc-aafe933a3026 62665925d3af4354a49c8aed2b1befec fee1264b6c9b4c538fdd90974639f1f0 - - default default] Successfully bumped revision number for resource c4a70329-a676-474b-a772-36d077afbb23 (type: networks) to 1
2026-04-08 14:56:49.235 7 WARNING neutron.scheduler.dhcp_agent_scheduler [None req-03b2d96f-5100-405a-b133-e6d28fb2e515 fdab5512b18f4caea4d40e5ffcea7fda 770372be32ab45a8a299d7902ab97dd0 - - default default] No more DHCP agents
2026-04-08 14:56:49.236 7 WARNING neutron.api.rpc.agentnotifiers.dhcp_rpc_agent_api [None req-03b2d96f-5100-405a-b133-e6d28fb2e515 fdab5512b18f4caea4d40e5ffcea7fda 770372be32ab45a8a299d7902ab97dd0 - - default default] Unable to schedule network 92e33b9d-99f8-440b-bb50-8b405dc85a0e: no agents available; will retry on subsequent port and subnet creation events.
2026-04-08 14:56:49.297 8 INFO neutron.plugins.ml2.drivers.ovn.mech_driver.mech_driver [None req-26f01153-9f20-49b3-9c19-2647f8720bcc - - - - - -] OVN reports status down for port: 05241c3b-4f41-4ca2-ad2a-b9572990ef41
2026-04-08 14:56:49.331 7 INFO neutron.db.ovn_revision_numbers_db [None req-03b2d96f-5100-405a-b133-e6d28fb2e515 fdab5512b18f4caea4d40e5ffcea7fda 770372be32ab45a8a299d7902ab97dd0 - - default default] Successfully bumped revision number for resource 05241c3b-4f41-4ca2-ad2a-b9572990ef41 (type: ports) to 1 [pid: 7|app: 0|req: 1058/2074] 10.0.0.1 () {34 vars in 667 bytes} [Wed Apr 8 14:56:48 2026] POST /v2.0/networks => generated 749 bytes in 514 msecs (HTTP/1.1 201) 4 headers in 162 bytes (1 switches on core 0)
2026-04-08 14:56:49.438 8 WARNING neutron.scheduler.dhcp_agent_scheduler [None req-1336dc8e-ddf2-46d4-bedc-aafe933a3026 62665925d3af4354a49c8aed2b1befec fee1264b6c9b4c538fdd90974639f1f0 - - default default] No more DHCP agents
2026-04-08 14:56:49.440 8 WARNING neutron.api.rpc.agentnotifiers.dhcp_rpc_agent_api [None req-1336dc8e-ddf2-46d4-bedc-aafe933a3026 62665925d3af4354a49c8aed2b1befec fee1264b6c9b4c538fdd90974639f1f0 - - default default] Unable to schedule network c4a70329-a676-474b-a772-36d077afbb23: no agents available; will retry on subsequent port and subnet creation events.
2026-04-08 14:56:49.490 8 INFO neutron.plugins.ml2.drivers.ovn.mech_driver.mech_driver [None req-26f01153-9f20-49b3-9c19-2647f8720bcc - - - - - -] OVN reports status down for port: fecc9948-7bab-4667-91ad-643f313fe366
2026-04-08 14:56:49.528 7 WARNING neutron.scheduler.dhcp_agent_scheduler [None req-9e2abfa7-d3e9-456d-9dc6-08ed013f8344 fdab5512b18f4caea4d40e5ffcea7fda 770372be32ab45a8a299d7902ab97dd0 - - default default] No more DHCP agents
2026-04-08 14:56:49.529 7 WARNING neutron.api.rpc.agentnotifiers.dhcp_rpc_agent_api [None req-9e2abfa7-d3e9-456d-9dc6-08ed013f8344 fdab5512b18f4caea4d40e5ffcea7fda 770372be32ab45a8a299d7902ab97dd0 - - default default] Unable to schedule network 92e33b9d-99f8-440b-bb50-8b405dc85a0e: no agents available; will retry on subsequent port and subnet creation events.
2026-04-08 14:56:49.541 8 INFO neutron.db.ovn_revision_numbers_db [None req-1336dc8e-ddf2-46d4-bedc-aafe933a3026 62665925d3af4354a49c8aed2b1befec fee1264b6c9b4c538fdd90974639f1f0 - - default default] Successfully bumped revision number for resource fecc9948-7bab-4667-91ad-643f313fe366 (type: ports) to 1 [pid: 8|app: 0|req: 1017/2075] 10.0.0.1 () {34 vars in 667 bytes} [Wed Apr 8 14:56:48 2026] POST /v2.0/networks => generated 658 bytes in 930 msecs (HTTP/1.1 201) 4 headers in 162 bytes (1 switches on core 0)
2026-04-08 14:56:49.802 8 WARNING neutron.scheduler.dhcp_agent_scheduler [None req-6a5503a4-3b1f-4169-b79a-bee46d2b2e02 62665925d3af4354a49c8aed2b1befec fee1264b6c9b4c538fdd90974639f1f0 - - default default] No more DHCP agents
2026-04-08 14:56:49.803 8 WARNING neutron.api.rpc.agentnotifiers.dhcp_rpc_agent_api [None req-6a5503a4-3b1f-4169-b79a-bee46d2b2e02 62665925d3af4354a49c8aed2b1befec fee1264b6c9b4c538fdd90974639f1f0 - - default default] Unable to schedule network c4a70329-a676-474b-a772-36d077afbb23: no agents available; will retry on subsequent port and subnet creation events.
2026-04-08 14:56:49.990 7 INFO neutron.db.ovn_revision_numbers_db [None req-5447917c-73e5-4b79-8a56-fd53d49ff5e6 - - - - - -] Successfully bumped revision number for resource 05241c3b-4f41-4ca2-ad2a-b9572990ef41 (type: ports) to 2
2026-04-08 14:56:50.025 7 INFO neutron.db.ovn_revision_numbers_db [None req-5447917c-73e5-4b79-8a56-fd53d49ff5e6 - - - - - -] Successfully bumped revision number for resource 218bdfa8-83ad-4702-a294-24eed8c06e09 (type: subnets) to 0 [pid: 7|app: 0|req: 1059/2076] 10.0.0.1 () {34 vars in 666 bytes} [Wed Apr 8 14:56:49 2026] POST /v2.0/subnets => generated 647 bytes in 677 msecs (HTTP/1.1 201) 4 headers in 162 bytes (1 switches on core 0)
2026-04-08 14:56:50.320 8 INFO neutron.db.ovn_revision_numbers_db [None req-f7816f33-c252-4551-9acc-9732812fdab9 - - - - - -] Successfully bumped revision number for resource fecc9948-7bab-4667-91ad-643f313fe366 (type: ports) to 2 [pid: 7|app: 0|req: 1060/2077] 10.0.0.1 () {34 vars in 678 bytes} [Wed Apr 8 14:56:50 2026] POST /v2.0/rbac-policies => generated 324 bytes in 275 msecs (HTTP/1.1 201) 4 headers in 162 bytes (1 switches on core 0)
2026-04-08 14:56:50.357 8 INFO neutron.db.ovn_revision_numbers_db [None req-f7816f33-c252-4551-9acc-9732812fdab9 - - - - - -] Successfully bumped revision number for resource 12659e36-d58a-4364-95d3-142e0fdb479c (type: subnets) to 0 [pid: 8|app: 0|req: 1018/2078] 10.0.0.1 () {34 vars in 666 bytes} [Wed Apr 8 14:56:49 2026] POST /v2.0/subnets => generated 658 bytes in 799 msecs (HTTP/1.1 201) 4 headers in 162 bytes (1 switches on core 0) [pid: 7|app: 0|req: 1061/2079] 10.0.0.1 () {32 vars in 719 bytes} [Wed Apr 8 14:56:50 2026] GET /v2.0/subnetpools?name=shared-default-subnetpool-v6 => generated 19 bytes in 190 msecs (HTTP/1.1 200) 4 headers in 156 bytes (1 switches on core 0)
2026-04-08 14:56:50.795 8 WARNING neutron.scheduler.dhcp_agent_scheduler [None req-548b6109-17e1-47b0-9c76-d73951fc2793 62665925d3af4354a49c8aed2b1befec fee1264b6c9b4c538fdd90974639f1f0 - - default default] No more DHCP agents
2026-04-08 14:56:50.797 8 WARNING neutron.api.rpc.agentnotifiers.dhcp_rpc_agent_api [None req-548b6109-17e1-47b0-9c76-d73951fc2793 62665925d3af4354a49c8aed2b1befec fee1264b6c9b4c538fdd90974639f1f0 - - default default] Unable to schedule network c4a70329-a676-474b-a772-36d077afbb23: no agents available; will retry on subsequent port and subnet creation events.
2026-04-08 14:56:50.820 8 INFO neutron.db.ovn_revision_numbers_db [None req-548b6109-17e1-47b0-9c76-d73951fc2793 62665925d3af4354a49c8aed2b1befec fee1264b6c9b4c538fdd90974639f1f0 - - default default] Successfully bumped revision number for resource 49082b53-8e1a-4f7b-a00d-516863321cc8 (type: subnets) to 0 [pid: 8|app: 0|req: 1019/2080] 10.0.0.1 () {34 vars in 666 bytes} [Wed Apr 8 14:56:50 2026] POST /v2.0/subnets => generated 731 bytes in 242 msecs (HTTP/1.1 201) 4 headers in 162 bytes (1 switches on core 0) [pid: 7|app: 0|req: 1062/2081] 10.0.0.1 () {32 vars in 720 bytes} [Wed Apr 8 14:56:50 2026] GET /v2.0/networks/92e33b9d-99f8-440b-bb50-8b405dc85a0e => generated 693 bytes in 226 msecs (HTTP/1.1 200) 4 headers in 157 bytes (1 switches on core 0)
2026-04-08 14:56:50.931 8 INFO neutron.db.segments_db [None req-6fc4395e-f90c-4bd0-b0e8-67dbc3bc2aa3 62665925d3af4354a49c8aed2b1befec fee1264b6c9b4c538fdd90974639f1f0 - - default default] Added segment f54da75c-73cf-4de5-86e4-420eaf02a210 of type geneve for network 0285b314-c25b-479f-be18-6cbb6240bbca
2026-04-08 14:56:51.028 8 INFO neutron.db.ovn_revision_numbers_db [None req-6fc4395e-f90c-4bd0-b0e8-67dbc3bc2aa3 62665925d3af4354a49c8aed2b1befec fee1264b6c9b4c538fdd90974639f1f0 - - default default] Successfully bumped revision number for resource 0285b314-c25b-479f-be18-6cbb6240bbca (type: networks) to 1
2026-04-08 14:56:51.201 8 WARNING neutron.scheduler.dhcp_agent_scheduler [None req-6fc4395e-f90c-4bd0-b0e8-67dbc3bc2aa3 62665925d3af4354a49c8aed2b1befec fee1264b6c9b4c538fdd90974639f1f0 - - default default] No more DHCP agents
2026-04-08 14:56:51.203 8 WARNING neutron.api.rpc.agentnotifiers.dhcp_rpc_agent_api [None req-6fc4395e-f90c-4bd0-b0e8-67dbc3bc2aa3 62665925d3af4354a49c8aed2b1befec fee1264b6c9b4c538fdd90974639f1f0 - - default default] Unable to schedule network 0285b314-c25b-479f-be18-6cbb6240bbca: no agents available; will retry on subsequent port and subnet creation events.
2026-04-08 14:56:51.254 8 INFO neutron.plugins.ml2.drivers.ovn.mech_driver.mech_driver [None req-26f01153-9f20-49b3-9c19-2647f8720bcc - - - - - -] OVN reports status down for port: 09c3ea65-d565-4eb1-98ff-c0e2e0f23b58
2026-04-08 14:56:51.305 8 INFO neutron.db.ovn_revision_numbers_db [None req-6fc4395e-f90c-4bd0-b0e8-67dbc3bc2aa3 62665925d3af4354a49c8aed2b1befec fee1264b6c9b4c538fdd90974639f1f0 - - default default] Successfully bumped revision number for resource 09c3ea65-d565-4eb1-98ff-c0e2e0f23b58 (type: ports) to 1
2026-04-08 14:56:51.344 7 INFO neutron.db.ovn_revision_numbers_db [None req-22cb8272-3f9c-4a4a-9b62-81c76ef83b33 61455b607b1649d593a8b9d3d7b10d97 36946aaa6c7f44b689a61c2c0d8e1df1 - - default default] Successfully bumped revision number for resource faf06d90-23e5-43a7-beb2-44db290d80f4 (type: security_groups) to 1
2026-04-08 14:56:51.353 7 INFO neutron.db.ovn_revision_numbers_db [None req-22cb8272-3f9c-4a4a-9b62-81c76ef83b33 61455b607b1649d593a8b9d3d7b10d97 36946aaa6c7f44b689a61c2c0d8e1df1 - - default default] Successfully bumped revision number for resource 3c79902b-b1aa-43f1-b15b-431082b0c937 (type: security_group_rules) to 0 [pid: 8|app: 0|req: 1020/2082] 10.0.0.1 () {34 vars in 667 bytes} [Wed Apr 8 14:56:50 2026] POST /v2.0/networks => generated 657 bytes in 511 msecs (HTTP/1.1 201) 4 headers in 162 bytes (1 switches on core 0)
2026-04-08 14:56:51.366 7 INFO neutron.db.ovn_revision_numbers_db [None req-22cb8272-3f9c-4a4a-9b62-81c76ef83b33 61455b607b1649d593a8b9d3d7b10d97 36946aaa6c7f44b689a61c2c0d8e1df1 - - default default] Successfully bumped revision number for resource 6a2fa2a2-55c5-4ab1-897d-172f8a1fad8d (type: security_group_rules) to 0
2026-04-08 14:56:51.377 7 INFO neutron.db.ovn_revision_numbers_db [None req-22cb8272-3f9c-4a4a-9b62-81c76ef83b33 61455b607b1649d593a8b9d3d7b10d97 36946aaa6c7f44b689a61c2c0d8e1df1 - - default default] Successfully bumped revision number for resource b75d2f65-af9a-4856-8509-f576ef61617e (type: security_group_rules) to 0
2026-04-08 14:56:51.387 7 INFO neutron.db.ovn_revision_numbers_db [None req-22cb8272-3f9c-4a4a-9b62-81c76ef83b33 61455b607b1649d593a8b9d3d7b10d97 36946aaa6c7f44b689a61c2c0d8e1df1 - - default default] Successfully bumped revision number for resource d3e7233e-746e-4a12-8870-c75cbae3c925 (type: security_group_rules) to 0
2026-04-08 14:56:51.400 8 INFO neutron.pecan_wsgi.hooks.translation [None req-a215713a-064c-4711-91db-e5736c5f6b3e 7c09b24fddf948ff83db0f947592526b 396d6e4a637e45909eace93f3d7bb6dc - - default default] GET failed (client error): The resource could not be found. [pid: 8|app: 0|req: 1021/2083] 10.0.0.1 () {32 vars in 720 bytes} [Wed Apr 8 14:56:51 2026] GET /v2.0/networks/92e33b9d-99f8-440b-bb50-8b405dc85a0e => generated 138 bytes in 47 msecs (HTTP/1.1 404) 4 headers in 164 bytes (1 switches on core 0)
2026-04-08 14:56:51.460 7 INFO neutron.db.segments_db [None req-22cb8272-3f9c-4a4a-9b62-81c76ef83b33 61455b607b1649d593a8b9d3d7b10d97 36946aaa6c7f44b689a61c2c0d8e1df1 - - default default] Added segment e9d2676d-7914-44bc-aab6-31e85ff30f47 of type geneve for network d774e9d0-4861-48a1-832c-77d846828924
