2026-04-08 14:54:13.282 8 INFO neutron.db.ovn_revision_numbers_db [None req-1ae0dba7-a5c9-46fb-85f6-8f8a0339b31d d95ac874e7e24ade963d12a3011cb66c 3644e8ee84fe4c8dbc83bef316004bd6 - - default default] Successfully bumped revision number for resource 4d30d8b0-8950-453c-b215-988b3b0c798d (type: security_group_rules) to 0
2026-04-08 14:54:13.296 8 INFO neutron.db.ovn_revision_numbers_db [None req-1ae0dba7-a5c9-46fb-85f6-8f8a0339b31d d95ac874e7e24ade963d12a3011cb66c 3644e8ee84fe4c8dbc83bef316004bd6 - - default default] Successfully bumped revision number for resource 67216c87-b8c3-4827-8956-e0a69ee3663a (type: security_group_rules) to 0 [pid: 7|app: 0|req: 516/980] 10.0.0.1 () {32 vars in 737 bytes} [Wed Apr 8 14:54:13 2026] DELETE /v2.0/security-groups/3abdfd23-4ef3-4c38-b66f-b18caeb39256 => generated 0 bytes in 171 msecs (HTTP/1.1 204) 2 headers in 112 bytes (1 switches on core 0)
2026-04-08 14:54:13.326 7 INFO neutron.api.v2.resource [None req-fc185b88-cb70-4109-8d0b-2bcf029b2048 ddc02fbe627c4da38a0d6192a4dcbeac 42fc95ad443b41b8915cb6bae2e0d8a9 - - default default] show failed (client error): The resource could not be found. [pid: 7|app: 0|req: 517/981] 10.0.0.1 () {32 vars in 734 bytes} [Wed Apr 8 14:54:13 2026] GET /v2.0/security-groups/3abdfd23-4ef3-4c38-b66f-b18caeb39256 => generated 146 bytes in 9 msecs (HTTP/1.1 404) 4 headers in 164 bytes (1 switches on core 0) [pid: 8|app: 0|req: 465/982] 10.0.0.1 () {32 vars in 771 bytes} [Wed Apr 8 14:54:12 2026] GET /v2.0/security-groups?tenant_id=80787d4db4d3421ab7836b414d764554&name=default => generated 2925 bytes in 382 msecs (HTTP/1.1 200) 4 headers in 158 bytes (1 switches on core 0)
2026-04-08 14:54:13.452 7 INFO neutron_taas.services.taas.taas_plugin [None req-a49fa8fd-88f0-462e-8d61-921607613892 ddc02fbe627c4da38a0d6192a4dcbeac 42fc95ad443b41b8915cb6bae2e0d8a9 - - default default] TaaS: Handle Delete Port: 73ccb6d5-1c31-4d0f-9621-07a131e4b6f3
2026-04-08 14:54:13.454 7 INFO neutron_taas.services.taas.tap_mirror_plugin [None req-a49fa8fd-88f0-462e-8d61-921607613892 ddc02fbe627c4da38a0d6192a4dcbeac 42fc95ad443b41b8915cb6bae2e0d8a9 - - default default] Tap Mirror: Handle Delete Port: 73ccb6d5-1c31-4d0f-9621-07a131e4b6f3 [pid: 8|app: 0|req: 466/983] 10.0.0.1 () {32 vars in 737 bytes} [Wed Apr 8 14:54:13 2026] DELETE /v2.0/security-groups/e7229a3e-574a-4f14-9cba-ec22e869278c => generated 0 bytes in 228 msecs (HTTP/1.1 204) 2 headers in 112 bytes (1 switches on core 0) [pid: 8|app: 0|req: 467/984] 199.204.45.115 () {34 vars in 1079 bytes} [Wed Apr 8 14:54:13 2026] GET /v2.0/ports?tenant_id=6bf5786dea094c12b3165e4a46228847&device_id=a60b1680-62e9-45b9-9b3f-c90a88aa397a => generated 1213 bytes in 32 msecs (HTTP/1.1 200) 4 headers in 158 bytes (1 switches on core 0) [pid: 7|app: 0|req: 518/985] 10.0.0.1 () {32 vars in 729 bytes} [Wed Apr 8 14:54:13 2026] DELETE /v2.0/floatingips/d0931cd0-f789-472e-acd0-b2351e34a254 => generated 0 bytes in 287 msecs (HTTP/1.1 204) 2 headers in 112 bytes (1 switches on core 0) [pid: 8|app: 0|req: 468/986] 199.204.45.115 () {34 vars in 985 bytes} [Wed Apr 8 14:54:13 2026] GET /v2.0/networks?id=2934c4ae-e76f-4432-a020-284a42044f35 => generated 820 bytes in 40 msecs (HTTP/1.1 200) 4 headers in 157 bytes (1 switches on core 0) [pid: 8|app: 0|req: 469/987] 199.204.45.115 () {34 vars in 1059 bytes} [Wed Apr 8 14:54:13 2026] GET /v2.0/floatingips?fixed_ip_address=10.100.0.13&port_id=5c30b0d8-b9ef-4e68-ab06-d16c11e5f985 => generated 861 bytes in 33 msecs (HTTP/1.1 200) 4 headers in 157 bytes (1 switches on core 0) [pid: 8|app: 0|req: 470/988] 199.204.45.115 () {34 vars in 983 bytes} [Wed Apr 8 14:54:13 2026] GET /v2.0/subnets?id=66ed1d53-6a13-4804-a2c0-31902fa8f198 => generated 702 bytes in 26 msecs (HTTP/1.1 200) 4 headers in 157 bytes (1 switches on core 0) [pid: 8|app: 0|req: 471/989] 199.204.45.115 () {34 vars in 1051 bytes} [Wed Apr 8 14:54:13 2026] GET /v2.0/ports?network_id=2934c4ae-e76f-4432-a020-284a42044f35&device_owner=network%3Adhcp => generated 12 bytes in 23 msecs (HTTP/1.1 200) 4 headers in 156 bytes (1 switches on core 0) [pid: 8|app: 0|req: 472/990] 199.204.45.115 () {34 vars in 1011 bytes} [Wed Apr 8 14:54:13 2026] GET /v2.0/networks/2934c4ae-e76f-4432-a020-284a42044f35?fields=segments => generated 14 bytes in 56 msecs (HTTP/1.1 200) 4 headers in 156 bytes (1 switches on core 0)
2026-04-08 14:54:13.884 8 INFO neutron.plugins.ml2.drivers.ovn.mech_driver.mech_driver [None req-67870fda-87b2-44f5-b622-6f132e0b48aa - - - - - -] OVN reports status down for port: 5c30b0d8-b9ef-4e68-ab06-d16c11e5f985 [pid: 8|app: 0|req: 473/991] 199.204.45.115 () {34 vars in 1111 bytes} [Wed Apr 8 14:54:13 2026] GET /v2.0/networks/2934c4ae-e76f-4432-a020-284a42044f35?fields=provider%3Aphysical_network&fields=provider%3Anetwork_type => generated 79 bytes in 122 msecs (HTTP/1.1 200) 4 headers in 156 bytes (1 switches on core 0)
2026-04-08 14:54:13.966 7 INFO neutron_taas.services.taas.taas_plugin [None req-52db28c6-cbb7-4497-bb24-e9873ca773f0 d95ac874e7e24ade963d12a3011cb66c 3644e8ee84fe4c8dbc83bef316004bd6 - - default default] TaaS: Handle Delete Port: f3f4c14c-0148-4350-97d4-c101d0b914aa
2026-04-08 14:54:13.970 7 INFO neutron_taas.services.taas.tap_mirror_plugin [None req-52db28c6-cbb7-4497-bb24-e9873ca773f0 d95ac874e7e24ade963d12a3011cb66c 3644e8ee84fe4c8dbc83bef316004bd6 - - default default] Tap Mirror: Handle Delete Port: f3f4c14c-0148-4350-97d4-c101d0b914aa [pid: 8|app: 0|req: 474/992] 10.0.0.152 () {34 vars in 989 bytes} [Wed Apr 8 14:54:13 2026] GET /v2.0/ports?device_id=a60b1680-62e9-45b9-9b3f-c90a88aa397a => generated 975 bytes in 78 msecs (HTTP/1.1 200) 4 headers in 157 bytes (1 switches on core 0)
2026-04-08 14:54:14.104 8 INFO neutron.notifiers.nova [-] Nova event matching ['req-6d00bd47-ab49-4c6f-bf4e-75b983f0e960'] response: {'server_uuid': 'a60b1680-62e9-45b9-9b3f-c90a88aa397a', 'name': 'network-vif-unplugged', 'status': 'completed', 'tag': '5c30b0d8-b9ef-4e68-ab06-d16c11e5f985', 'code': 200} [pid: 8|app: 0|req: 475/993] 10.0.0.152 () {34 vars in 1039 bytes} [Wed Apr 8 14:54:14 2026] GET /v2.0/security-groups?id=4bbbe772-d883-4acc-8071-2f8a7bc168e6&fields=id&fields=name => generated 114 bytes in 86 msecs (HTTP/1.1 200) 4 headers in 157 bytes (1 switches on core 0)
2026-04-08 14:54:14.310 8 INFO neutron.db.ovn_revision_numbers_db [None req-67870fda-87b2-44f5-b622-6f132e0b48aa - - - - - -] Successfully bumped revision number for resource 5c30b0d8-b9ef-4e68-ab06-d16c11e5f985 (type: ports) to 8 [pid: 7|app: 0|req: 519/994] 10.0.0.1 () {34 vars in 786 bytes} [Wed Apr 8 14:54:13 2026] PUT /v2.0/routers/09e872bb-e425-420c-8a69-fe41aa234ff9/remove_router_interface => generated 309 bytes in 1120 msecs (HTTP/1.1 200) 4 headers in 157 bytes (1 switches on core 0) /var/lib/openstack/lib/python3.12/site-packages/pycadf/identifier.py:70: UserWarning: Invalid uuid: neutron. To ensure interoperability, identifiers should be a valid uuid. warnings.warn(('Invalid uuid: %s. To ensure interoperability, '
2026-04-08 14:54:15.021 8 INFO neutron_taas.services.taas.taas_plugin [None req-94e05717-7967-42c5-8030-bac334dff939 d95ac874e7e24ade963d12a3011cb66c 3644e8ee84fe4c8dbc83bef316004bd6 - - default default] TaaS: Handle Delete Port: 6c4a5658-76bd-47a6-b362-b6b32b7ebdb0
2026-04-08 14:54:15.024 8 INFO neutron_taas.services.taas.tap_mirror_plugin [None req-94e05717-7967-42c5-8030-bac334dff939 d95ac874e7e24ade963d12a3011cb66c 3644e8ee84fe4c8dbc83bef316004bd6 - - default default] Tap Mirror: Handle Delete Port: 6c4a5658-76bd-47a6-b362-b6b32b7ebdb0 /var/lib/openstack/lib/python3.12/site-packages/pycadf/identifier.py:70: UserWarning: Invalid uuid: neutron. To ensure interoperability, identifiers should be a valid uuid. warnings.warn(('Invalid uuid: %s. To ensure interoperability, ' [pid: 7|app: 0|req: 520/995] 199.204.45.115 () {34 vars in 993 bytes} [Wed Apr 8 14:54:15 2026] GET /v2.0/ports?device_id=a60b1680-62e9-45b9-9b3f-c90a88aa397a => generated 973 bytes in 43 msecs (HTTP/1.1 200) 4 headers in 157 bytes (1 switches on core 0)
2026-04-08 14:54:15.284 7 INFO neutron_taas.services.taas.taas_plugin [req-4d5eaca7-2e11-4c8d-8dde-63f99aad8890 req-4e8564c8-740c-4821-b2ed-50d7031be4d1 2114c99ff962475dbc710753156484e4 6bf5786dea094c12b3165e4a46228847 - - default default] TaaS: Handle Delete Port: 5c30b0d8-b9ef-4e68-ab06-d16c11e5f985
2026-04-08 14:54:15.286 7 INFO neutron_taas.services.taas.tap_mirror_plugin [req-4d5eaca7-2e11-4c8d-8dde-63f99aad8890 req-4e8564c8-740c-4821-b2ed-50d7031be4d1 2114c99ff962475dbc710753156484e4 6bf5786dea094c12b3165e4a46228847 - - default default] Tap Mirror: Handle Delete Port: 5c30b0d8-b9ef-4e68-ab06-d16c11e5f985 [pid: 8|app: 0|req: 476/996] 10.0.0.1 () {32 vars in 721 bytes} [Wed Apr 8 14:54:14 2026] DELETE /v2.0/routers/09e872bb-e425-420c-8a69-fe41aa234ff9 => generated 0 bytes in 665 msecs (HTTP/1.1 204) 2 headers in 112 bytes (1 switches on core 0) [pid: 8|app: 0|req: 477/997] 10.0.0.152 () {34 vars in 989 bytes} [Wed Apr 8 14:54:15 2026] GET /v2.0/ports?device_id=a60b1680-62e9-45b9-9b3f-c90a88aa397a => generated 973 bytes in 54 msecs (HTTP/1.1 200) 4 headers in 157 bytes (1 switches on core 0)
2026-04-08 14:54:15.467 7 INFO neutron.db.l3_db [req-4d5eaca7-2e11-4c8d-8dde-63f99aad8890 req-4e8564c8-740c-4821-b2ed-50d7031be4d1 2114c99ff962475dbc710753156484e4 6bf5786dea094c12b3165e4a46228847 - - default default] Floating IP 87674165-6145-4d71-ab85-a6e5bbf146b2 disassociated. External IP: 10.96.250.220, port: 5c30b0d8-b9ef-4e68-ab06-d16c11e5f985. /var/lib/openstack/lib/python3.12/site-packages/pycadf/identifier.py:70: UserWarning: Invalid uuid: neutron. To ensure interoperability, identifiers should be a valid uuid. warnings.warn(('Invalid uuid: %s. To ensure interoperability, ' [pid: 7|app: 0|req: 521/998] 199.204.45.115 () {36 vars in 996 bytes} [Wed Apr 8 14:54:15 2026] DELETE /v2.0/ports/5c30b0d8-b9ef-4e68-ab06-d16c11e5f985 => generated 0 bytes in 528 msecs (HTTP/1.1 204) 3 headers in 131 bytes (1 switches on core 0) [pid: 7|app: 0|req: 522/999] 10.0.0.152 () {34 vars in 1039 bytes} [Wed Apr 8 14:54:15 2026] GET /v2.0/security-groups?id=4bbbe772-d883-4acc-8071-2f8a7bc168e6&fields=id&fields=name => generated 114 bytes in 43 msecs (HTTP/1.1 200) 4 headers in 157 bytes (1 switches on core 0)
2026-04-08 14:54:15.665 7 INFO neutron.notifiers.nova [-] Nova event matching ['req-e50c3ad4-6616-498b-832e-03c925123b6c'] response: {'server_uuid': 'a60b1680-62e9-45b9-9b3f-c90a88aa397a', 'name': 'network-vif-deleted', 'tag': '5c30b0d8-b9ef-4e68-ab06-d16c11e5f985', 'status': 'completed', 'code': 200} [pid: 8|app: 0|req: 478/1000] 10.0.0.1 () {32 vars in 721 bytes} [Wed Apr 8 14:54:15 2026] DELETE /v2.0/subnets/2f393e2b-8bf4-44e2-b174-6195a5db12df => generated 0 bytes in 205 msecs (HTTP/1.1 204) 3 headers in 131 bytes (1 switches on core 0)
2026-04-08 14:54:15.873 7 INFO neutron_taas.services.taas.taas_plugin [None req-c62264c2-839f-44cc-85c9-a75c921c2aa5 d95ac874e7e24ade963d12a3011cb66c 3644e8ee84fe4c8dbc83bef316004bd6 - - default default] TaaS: Handle Delete Port: c08a5507-eefa-462b-9064-0da5a973dbf2
2026-04-08 14:54:15.878 7 INFO neutron_taas.services.taas.tap_mirror_plugin [None req-c62264c2-839f-44cc-85c9-a75c921c2aa5 d95ac874e7e24ade963d12a3011cb66c 3644e8ee84fe4c8dbc83bef316004bd6 - - default default] Tap Mirror: Handle Delete Port: c08a5507-eefa-462b-9064-0da5a973dbf2
2026-04-08 14:54:16.076 7 INFO neutron.services.segments.plugin [-] Segment ebcac1ac-d3c7-4db7-88d9-45fb519396b3 resource provider aggregate not found
2026-04-08 14:54:16.079 7 INFO neutron.services.segments.plugin [-] Segment ebcac1ac-d3c7-4db7-88d9-45fb519396b3 resource provider aggregate not found
2026-04-08 14:54:16.095 7 INFO neutron.services.segments.plugin [-] Segment ebcac1ac-d3c7-4db7-88d9-45fb519396b3 resource provider not found; error: Placement Client Error (4xx): {"errors": [{"status": 404, "title": "Not Found", "detail": "The resource could not be found.\n\n No resource provider with uuid ebcac1ac-d3c7-4db7-88d9-45fb519396b3 found for delete ", "request_id": "req-4f3694f5-b43f-4e1e-8b19-762a96ceaef2"}]}
2026-04-08 14:54:16.101 7 INFO neutron.services.segments.plugin [-] Segment ebcac1ac-d3c7-4db7-88d9-45fb519396b3 resource provider not found; error: Placement Client Error (4xx): {"errors": [{"status": 404, "title": "Not Found", "detail": "The resource could not be found.\n\n No resource provider with uuid ebcac1ac-d3c7-4db7-88d9-45fb519396b3 found for delete ", "request_id": "req-6f2f8db1-5b20-4f12-9d43-1d8a19c867b0"}]} [pid: 7|app: 0|req: 523/1001] 10.0.0.1 () {32 vars in 723 bytes} [Wed Apr 8 14:54:15 2026] DELETE /v2.0/networks/d17cfeb6-1c3e-41a3-b0b4-d30b213440ca => generated 0 bytes in 452 msecs (HTTP/1.1 204) 3 headers in 131 bytes (1 switches on core 0)
2026-04-08 14:54:16.149 8 INFO neutron.notifiers.nova [-] Nova event matching ['req-c98b565a-9133-4975-bf3d-c6f45423bc4e'] response: {'server_uuid': 'a60b1680-62e9-45b9-9b3f-c90a88aa397a', 'name': 'network-vif-unplugged', 'status': 'completed', 'tag': '5c30b0d8-b9ef-4e68-ab06-d16c11e5f985', 'code': 200} [pid: 7|app: 0|req: 524/1002] 10.0.0.1 () {32 vars in 771 bytes} [Wed Apr 8 14:54:16 2026] GET /v2.0/security-groups?tenant_id=42fc95ad443b41b8915cb6bae2e0d8a9&name=default => generated 2925 bytes in 31 msecs (HTTP/1.1 200) 4 headers in 158 bytes (1 switches on core 0)
2026-04-08 14:54:16.387 8 INFO neutron.db.ovn_revision_numbers_db [None req-bf0403e6-eb88-4bd1-a261-1cca58e7bb44 d95ac874e7e24ade963d12a3011cb66c 3644e8ee84fe4c8dbc83bef316004bd6 - - default default] Successfully bumped revision number for resource 6aa02b70-1dee-4327-a1f7-7f91b87dd301 (type: security_groups) to 1
2026-04-08 14:54:16.412 8 INFO neutron.db.ovn_revision_numbers_db [None req-bf0403e6-eb88-4bd1-a261-1cca58e7bb44 d95ac874e7e24ade963d12a3011cb66c 3644e8ee84fe4c8dbc83bef316004bd6 - - default default] Successfully bumped revision number for resource 1a5e8a66-3e60-48ff-90bb-524521c09b42 (type: security_group_rules) to 0
2026-04-08 14:54:16.427 8 INFO neutron.db.ovn_revision_numbers_db [None req-bf0403e6-eb88-4bd1-a261-1cca58e7bb44 d95ac874e7e24ade963d12a3011cb66c 3644e8ee84fe4c8dbc83bef316004bd6 - - default default] Successfully bumped revision number for resource 792fd543-7b51-4444-9bb1-d0fbb107b59c (type: security_group_rules) to 0
2026-04-08 14:54:16.437 8 INFO neutron.db.ovn_revision_numbers_db [None req-bf0403e6-eb88-4bd1-a261-1cca58e7bb44 d95ac874e7e24ade963d12a3011cb66c 3644e8ee84fe4c8dbc83bef316004bd6 - - default default] Successfully bumped revision number for resource 84766c8c-a399-4706-89d1-e76c51f733fa (type: security_group_rules) to 0
2026-04-08 14:54:16.459 8 INFO neutron.db.ovn_revision_numbers_db [None req-bf0403e6-eb88-4bd1-a261-1cca58e7bb44 d95ac874e7e24ade963d12a3011cb66c 3644e8ee84fe4c8dbc83bef316004bd6 - - default default] Successfully bumped revision number for resource 93b23665-ef1f-4b58-97d2-75ffccb57e9c (type: security_group_rules) to 0 [pid: 8|app: 0|req: 479/1003] 10.0.0.1 () {32 vars in 771 bytes} [Wed Apr 8 14:54:16 2026] GET /v2.0/security-groups?tenant_id=bace0cafef8844f796143971628671c6&name=default => generated 2925 bytes in 398 msecs (HTTP/1.1 200) 4 headers in 158 bytes (1 switches on core 0) [pid: 7|app: 0|req: 525/1004] 10.0.0.1 () {32 vars in 737 bytes} [Wed Apr 8 14:54:16 2026] DELETE /v2.0/security-groups/576ac63a-695f-4c5f-8179-702958a29735 => generated 0 bytes in 286 msecs (HTTP/1.1 204) 2 headers in 112 bytes (1 switches on core 0) [pid: 8|app: 0|req: 480/1005] 10.0.0.1 () {32 vars in 737 bytes} [Wed Apr 8 14:54:16 2026] DELETE /v2.0/security-groups/6aa02b70-1dee-4327-a1f7-7f91b87dd301 => generated 0 bytes in 246 msecs (HTTP/1.1 204) 2 headers in 112 bytes (1 switches on core 0) [pid: 7|app: 0|req: 526/1006] 10.0.0.152 () {34 vars in 989 bytes} [Wed Apr 8 14:54:16 2026] GET /v2.0/ports?device_id=a60b1680-62e9-45b9-9b3f-c90a88aa397a => generated 12 bytes in 26 msecs (HTTP/1.1 200) 4 headers in 156 bytes (1 switches on core 0)
2026-04-08 14:54:17.513 8 INFO neutron.db.ovn_revision_numbers_db [None req-f5cb3bbb-1780-4292-a8d9-ef42504c407a d95ac874e7e24ade963d12a3011cb66c 3644e8ee84fe4c8dbc83bef316004bd6 - - default default] Successfully bumped revision number for resource 56d0fbc4-b3ff-44b2-8fb1-b08ebef2d21b (type: security_groups) to 1
2026-04-08 14:54:17.525 8 INFO neutron.db.ovn_revision_numbers_db [None req-f5cb3bbb-1780-4292-a8d9-ef42504c407a d95ac874e7e24ade963d12a3011cb66c 3644e8ee84fe4c8dbc83bef316004bd6 - - default default] Successfully bumped revision number for resource 432b8c3e-a978-4846-a991-bf66e12eda41 (type: security_group_rules) to 0
2026-04-08 14:54:17.535 8 INFO neutron.db.ovn_revision_numbers_db [None req-f5cb3bbb-1780-4292-a8d9-ef42504c407a d95ac874e7e24ade963d12a3011cb66c 3644e8ee84fe4c8dbc83bef316004bd6 - - default default] Successfully bumped revision number for resource 44c1e5ba-ac60-427e-9728-bdf5b06a1936 (type: security_group_rules) to 0
2026-04-08 14:54:17.550 8 INFO neutron.db.ovn_revision_numbers_db [None req-f5cb3bbb-1780-4292-a8d9-ef42504c407a d95ac874e7e24ade963d12a3011cb66c 3644e8ee84fe4c8dbc83bef316004bd6 - - default default] Successfully bumped revision number for resource adcfa5e0-5bd5-421c-aa15-5531c94067bb (type: security_group_rules) to 0
2026-04-08 14:54:17.564 8 INFO neutron.db.ovn_revision_numbers_db [None req-f5cb3bbb-1780-4292-a8d9-ef42504c407a d95ac874e7e24ade963d12a3011cb66c 3644e8ee84fe4c8dbc83bef316004bd6 - - default default] Successfully bumped revision number for resource e39e91bd-38d5-4255-849f-cf2a4970e493 (type: security_group_rules) to 0 [pid: 8|app: 0|req: 482/1009] 10.0.0.1 () {32 vars in 771 bytes} [Wed Apr 8 14:54:17 2026] GET /v2.0/security-groups?tenant_id=5c458f81ecf24724a149bfc30137c1ba&name=default => generated 2925 bytes in 332 msecs (HTTP/1.1 200) 4 headers in 158 bytes (1 switches on core 0) [pid: 7|app: 0|req: 528/1010] 10.0.0.186 () {28 vars in 582 bytes} [Wed Apr 8 14:54:17 2026] GET /v2.0/routers => generated 986 bytes in 164 msecs (HTTP/1.1 200) 4 headers in 157 bytes (1 switches on core 0) [pid: 7|app: 0|req: 529/1011] 10.0.0.186 () {28 vars in 623 bytes} [Wed Apr 8 14:54:17 2026] GET /v2.0/agents?binary=ovn-controller => generated 416 bytes in 10 msecs (HTTP/1.1 200) 4 headers in 157 bytes (1 switches on core 0) [pid: 7|app: 0|req: 530/1012] 10.0.0.186 () {28 vars in 590 bytes} [Wed Apr 8 14:54:17 2026] GET /v2.0/floatingips => generated 555 bytes in 28 msecs (HTTP/1.1 200) 4 headers in 157 bytes (1 switches on core 0) [pid: 7|app: 0|req: 531/1013] 10.0.0.186 () {28 vars in 584 bytes} [Wed Apr 8 14:54:17 2026] GET /v2.0/networks => generated 3094 bytes in 55 msecs (HTTP/1.1 200) 4 headers in 158 bytes (1 switches on core 0) [pid: 8|app: 0|req: 483/1014] 10.0.0.1 () {32 vars in 737 bytes} [Wed Apr 8 14:54:17 2026] DELETE /v2.0/security-groups/56d0fbc4-b3ff-44b2-8fb1-b08ebef2d21b => generated 0 bytes in 216 msecs (HTTP/1.1 204) 2 headers in 112 bytes (1 switches on core 0) [pid: 7|app: 0|req: 532/1015] 10.0.0.186 () {28 vars in 582 bytes} [Wed Apr 8 14:54:17 2026] GET /v2.0/subnets => generated 1997 bytes in 36 msecs (HTTP/1.1 200) 4 headers in 158 bytes (1 switches on core 0) [pid: 8|app: 0|req: 484/1016] 10.0.0.186 () {28 vars in 580 bytes} [Wed Apr 8 14:54:17 2026] GET /v2.0/agents => generated 1214 bytes in 11 msecs (HTTP/1.1 200) 4 headers in 158 bytes (1 switches on core 0) [pid: 8|app: 0|req: 485/1017] 10.0.0.186 () {28 vars in 618 bytes} [Wed Apr 8 14:54:17 2026] GET /v2.0/network-ip-availabilities => generated 1598 bytes in 12 msecs (HTTP/1.1 200) 4 headers in 158 bytes (1 switches on core 0) [pid: 7|app: 0|req: 533/1018] 10.0.0.152 () {34 vars in 989 bytes} [Wed Apr 8 14:54:17 2026] GET /v2.0/ports?device_id=a60b1680-62e9-45b9-9b3f-c90a88aa397a => generated 12 bytes in 22 msecs (HTTP/1.1 200) 4 headers in 156 bytes (1 switches on core 0) [pid: 8|app: 0|req: 486/1019] 10.0.0.186 () {28 vars in 582 bytes} [Wed Apr 8 14:54:17 2026] GET /v2.0/subnets => generated 1997 bytes in 45 msecs (HTTP/1.1 200) 4 headers in 158 bytes (1 switches on core 0) [pid: 7|app: 0|req: 534/1020] 10.0.0.186 () {28 vars in 590 bytes} [Wed Apr 8 14:54:17 2026] GET /v2.0/subnetpools => generated 19 bytes in 9 msecs (HTTP/1.1 200) 4 headers in 156 bytes (1 switches on core 0) [pid: 8|app: 0|req: 487/1021] 10.0.0.186 () {28 vars in 578 bytes} [Wed Apr 8 14:54:17 2026] GET /v2.0/ports => generated 9386 bytes in 65 msecs (HTTP/1.1 200) 4 headers in 158 bytes (1 switches on core 0) [pid: 8|app: 0|req: 488/1022] 10.0.0.186 () {28 vars in 598 bytes} [Wed Apr 8 14:54:17 2026] GET /v2.0/security-groups => generated 23156 bytes in 45 msecs (HTTP/1.1 200) 4 headers in 159 bytes (1 switches on core 0)
2026-04-08 14:54:18.083 7 INFO neutron.db.ovn_revision_numbers_db [None req-52cf77bd-6ac1-4b72-b280-4f01ef279010 d95ac874e7e24ade963d12a3011cb66c 3644e8ee84fe4c8dbc83bef316004bd6 - - default default] Successfully bumped revision number for resource 1045fe7d-5f73-48b2-b643-eca69576b6b9 (type: security_groups) to 1
2026-04-08 14:54:18.094 7 INFO neutron.db.ovn_revision_numbers_db [None req-52cf77bd-6ac1-4b72-b280-4f01ef279010 d95ac874e7e24ade963d12a3011cb66c 3644e8ee84fe4c8dbc83bef316004bd6 - - default default] Successfully bumped revision number for resource 255f80b7-9c0b-4c12-91cf-ceaf35fa17d6 (type: security_group_rules) to 0
2026-04-08 14:54:18.104 7 INFO neutron.db.ovn_revision_numbers_db [None req-52cf77bd-6ac1-4b72-b280-4f01ef279010 d95ac874e7e24ade963d12a3011cb66c 3644e8ee84fe4c8dbc83bef316004bd6 - - default default] Successfully bumped revision number for resource 8a02131f-1620-45e9-93d8-02f8e74e4209 (type: security_group_rules) to 0
2026-04-08 14:54:18.114 7 INFO neutron.db.ovn_revision_numbers_db [None req-52cf77bd-6ac1-4b72-b280-4f01ef279010 d95ac874e7e24ade963d12a3011cb66c 3644e8ee84fe4c8dbc83bef316004bd6 - - default default] Successfully bumped revision number for resource 9c99f4d0-dd46-44a6-b415-b30734a1c90d (type: security_group_rules) to 0
2026-04-08 14:54:18.126 7 INFO neutron.db.ovn_revision_numbers_db [None req-52cf77bd-6ac1-4b72-b280-4f01ef279010 d95ac874e7e24ade963d12a3011cb66c 3644e8ee84fe4c8dbc83bef316004bd6 - - default default] Successfully bumped revision number for resource ce2c260b-5675-417a-b58c-14dcf716a787 (type: security_group_rules) to 0 [pid: 7|app: 0|req: 535/1023] 10.0.0.1 () {32 vars in 771 bytes} [Wed Apr 8 14:54:17 2026] GET /v2.0/security-groups?tenant_id=a7df8ef59b2949e8a22228eae2903370&name=default => generated 2925 bytes in 230 msecs (HTTP/1.1 200) 4 headers in 158 bytes (1 switches on core 0) [pid: 8|app: 0|req: 489/1024] 10.0.0.1 () {32 vars in 737 bytes} [Wed Apr 8 14:54:18 2026] DELETE /v2.0/security-groups/1045fe7d-5f73-48b2-b643-eca69576b6b9 => generated 0 bytes in 192 msecs (HTTP/1.1 204) 2 headers in 112 bytes (1 switches on core 0)
2026-04-08 14:54:18.772 7 INFO neutron.db.ovn_revision_numbers_db [None req-4002aef9-b712-428f-b31e-5bc9af5f2702 d95ac874e7e24ade963d12a3011cb66c 3644e8ee84fe4c8dbc83bef316004bd6 - - default default] Successfully bumped revision number for resource 2f8d5446-a896-4c2f-a0f4-7d4c2de82a1e (type: security_groups) to 1
2026-04-08 14:54:18.787 7 INFO neutron.db.ovn_revision_numbers_db [None req-4002aef9-b712-428f-b31e-5bc9af5f2702 d95ac874e7e24ade963d12a3011cb66c 3644e8ee84fe4c8dbc83bef316004bd6 - - default default] Successfully bumped revision number for resource 10fdbeab-7df9-4696-adc5-8b8a83f59555 (type: security_group_rules) to 0
2026-04-08 14:54:18.798 7 INFO neutron.db.ovn_revision_numbers_db [None req-4002aef9-b712-428f-b31e-5bc9af5f2702 d95ac874e7e24ade963d12a3011cb66c 3644e8ee84fe4c8dbc83bef316004bd6 - - default default] Successfully bumped revision number for resource 39020eb0-1ac3-4e08-a5af-7bf92dd5c4f4 (type: security_group_rules) to 0
2026-04-08 14:54:18.811 7 INFO neutron.db.ovn_revision_numbers_db [None req-4002aef9-b712-428f-b31e-5bc9af5f2702 d95ac874e7e24ade963d12a3011cb66c 3644e8ee84fe4c8dbc83bef316004bd6 - - default default] Successfully bumped revision number for resource 6092c4d1-d6e3-47c5-bde5-5ad8279826f0 (type: security_group_rules) to 0
2026-04-08 14:54:18.824 7 INFO neutron.db.ovn_revision_numbers_db [None req-4002aef9-b712-428f-b31e-5bc9af5f2702 d95ac874e7e24ade963d12a3011cb66c 3644e8ee84fe4c8dbc83bef316004bd6 - - default default] Successfully bumped revision number for resource de2b5e35-b4c4-4a94-830e-10b1dece3f60 (type: security_group_rules) to 0
2026-04-08 14:54:18.903 7 INFO neutron.db.segments_db [None req-4002aef9-b712-428f-b31e-5bc9af5f2702 d95ac874e7e24ade963d12a3011cb66c 3644e8ee84fe4c8dbc83bef316004bd6 - - default default] Added segment dc652471-7150-4ea6-b478-885103e8a43e of type geneve for network fb35d694-07af-4a77-a189-ff4ae94d7d2d
2026-04-08 14:54:19.027 7 INFO neutron.db.ovn_revision_numbers_db [None req-4002aef9-b712-428f-b31e-5bc9af5f2702 d95ac874e7e24ade963d12a3011cb66c 3644e8ee84fe4c8dbc83bef316004bd6 - - default default] Successfully bumped revision number for resource fb35d694-07af-4a77-a189-ff4ae94d7d2d (type: networks) to 1 [pid: 8|app: 0|req: 490/1025] 10.0.0.1 () {32 vars in 737 bytes} [Wed Apr 8 14:54:18 2026] DELETE /v2.0/security-groups/4bbbe772-d883-4acc-8071-2f8a7bc168e6 => generated 0 bytes in 159 msecs (HTTP/1.1 204) 2 headers in 112 bytes (1 switches on core 0)
2026-04-08 14:54:19.124 8 INFO neutron.api.v2.resource [None req-3b557647-699f-4fbc-839c-eaae749da455 2114c99ff962475dbc710753156484e4 6bf5786dea094c12b3165e4a46228847 - - default default] show failed (client error): The resource could not be found. [pid: 8|app: 0|req: 491/1026] 10.0.0.1 () {32 vars in 734 bytes} [Wed Apr 8 14:54:19 2026] GET /v2.0/security-groups/4bbbe772-d883-4acc-8071-2f8a7bc168e6 => generated 146 bytes in 12 msecs (HTTP/1.1 404) 4 headers in 164 bytes (1 switches on core 0)
2026-04-08 14:54:19.177 7 WARNING neutron.scheduler.dhcp_agent_scheduler [None req-4002aef9-b712-428f-b31e-5bc9af5f2702 d95ac874e7e24ade963d12a3011cb66c 3644e8ee84fe4c8dbc83bef316004bd6 - - default default] No more DHCP agents
2026-04-08 14:54:19.178 7 WARNING neutron.api.rpc.agentnotifiers.dhcp_rpc_agent_api [None req-4002aef9-b712-428f-b31e-5bc9af5f2702 d95ac874e7e24ade963d12a3011cb66c 3644e8ee84fe4c8dbc83bef316004bd6 - - default default] Unable to schedule network fb35d694-07af-4a77-a189-ff4ae94d7d2d: no agents available; will retry on subsequent port and subnet creation events.
2026-04-08 14:54:19.219 7 INFO neutron.plugins.ml2.drivers.ovn.mech_driver.mech_driver [None req-9fbc94c1-7739-47d6-8a05-1c206b152be9 - - - - - -] OVN reports status down for port: 6f0fb52e-0669-4ffa-9e39-111376c6d0b8
2026-04-08 14:54:19.277 8 INFO neutron_taas.services.taas.taas_plugin [None req-5d686967-4a87-4ddb-8a1f-340dd31df87f 2114c99ff962475dbc710753156484e4 6bf5786dea094c12b3165e4a46228847 - - default default] TaaS: Handle Delete Port: 6290e51e-9001-416b-8227-954f34a63530
2026-04-08 14:54:19.280 8 INFO neutron_taas.services.taas.tap_mirror_plugin [None req-5d686967-4a87-4ddb-8a1f-340dd31df87f 2114c99ff962475dbc710753156484e4 6bf5786dea094c12b3165e4a46228847 - - default default] Tap Mirror: Handle Delete Port: 6290e51e-9001-416b-8227-954f34a63530
2026-04-08 14:54:19.287 7 INFO neutron.db.ovn_revision_numbers_db [None req-4002aef9-b712-428f-b31e-5bc9af5f2702 d95ac874e7e24ade963d12a3011cb66c 3644e8ee84fe4c8dbc83bef316004bd6 - - default default] Successfully bumped revision number for resource 6f0fb52e-0669-4ffa-9e39-111376c6d0b8 (type: ports) to 1 [pid: 7|app: 0|req: 536/1027] 10.0.0.1 () {34 vars in 668 bytes} [Wed Apr 8 14:54:18 2026] POST /v2.0/networks => generated 760 bytes in 954 msecs (HTTP/1.1 201) 4 headers in 162 bytes (1 switches on core 0) [pid: 8|app: 0|req: 492/1028] 10.0.0.1 () {32 vars in 729 bytes} [Wed Apr 8 14:54:19 2026] DELETE /v2.0/floatingips/87674165-6145-4d71-ab85-a6e5bbf146b2 => generated 0 bytes in 300 msecs (HTTP/1.1 204) 2 headers in 112 bytes (1 switches on core 0)
2026-04-08 14:54:19.473 7 WARNING neutron.scheduler.dhcp_agent_scheduler [None req-2e477cc4-12ee-4caf-87f4-6b9ad120b30b d95ac874e7e24ade963d12a3011cb66c 3644e8ee84fe4c8dbc83bef316004bd6 - - default default] No more DHCP agents
2026-04-08 14:54:19.474 7 WARNING neutron.api.rpc.agentnotifiers.dhcp_rpc_agent_api [None req-2e477cc4-12ee-4caf-87f4-6b9ad120b30b d95ac874e7e24ade963d12a3011cb66c 3644e8ee84fe4c8dbc83bef316004bd6 - - default default] Unable to schedule network fb35d694-07af-4a77-a189-ff4ae94d7d2d: no agents available; will retry on subsequent port and subnet creation events.
2026-04-08 14:54:19.745 8 INFO neutron_taas.services.taas.taas_plugin [None req-3525dd8d-67b1-4dd2-8716-2753c3dedaba d95ac874e7e24ade963d12a3011cb66c 3644e8ee84fe4c8dbc83bef316004bd6 - - default default] TaaS: Handle Delete Port: 76fe0227-0677-45b0-a5fb-cebdd7f3b2a6
2026-04-08 14:54:19.747 8 INFO neutron_taas.services.taas.tap_mirror_plugin [None req-3525dd8d-67b1-4dd2-8716-2753c3dedaba d95ac874e7e24ade963d12a3011cb66c 3644e8ee84fe4c8dbc83bef316004bd6 - - default default] Tap Mirror: Handle Delete Port: 76fe0227-0677-45b0-a5fb-cebdd7f3b2a6
2026-04-08 14:54:19.892 7 INFO neutron.db.ovn_revision_numbers_db [None req-5127bdf7-963f-4d0f-b192-940f8c2cf23a - - - - - -] Successfully bumped revision number for resource 6f0fb52e-0669-4ffa-9e39-111376c6d0b8 (type: ports) to 2
2026-04-08 14:54:19.948 7 INFO neutron.db.ovn_revision_numbers_db [None req-5127bdf7-963f-4d0f-b192-940f8c2cf23a - - - - - -] Successfully bumped revision number for resource 91c71263-e079-4972-b93a-2667c6dd4f84 (type: subnets) to 0 [pid: 7|app: 0|req: 537/1029] 10.0.0.1 () {34 vars in 666 bytes} [Wed Apr 8 14:54:19 2026] POST /v2.0/subnets => generated 685 bytes in 629 msecs (HTTP/1.1 201) 4 headers in 162 bytes (1 switches on core 0) [pid: 8|app: 0|req: 493/1030] 10.0.0.1 () {34 vars in 786 bytes} [Wed Apr 8 14:54:19 2026] PUT /v2.0/routers/defa82e6-a8cf-4183-8e09-23160543a343/remove_router_interface => generated 309 bytes in 774 msecs (HTTP/1.1 200) 4 headers in 157 bytes (1 switches on core 0) /var/lib/openstack/lib/python3.12/site-packages/pycadf/identifier.py:70: UserWarning: Invalid uuid: neutron. To ensure interoperability, identifiers should be a valid uuid. warnings.warn(('Invalid uuid: %s. To ensure interoperability, '
2026-04-08 14:54:20.339 7 WARNING neutron.scheduler.dhcp_agent_scheduler [None req-2f8792ca-15a9-498c-ac42-6175e42cac20 d95ac874e7e24ade963d12a3011cb66c 3644e8ee84fe4c8dbc83bef316004bd6 - - default default] No more DHCP agents
2026-04-08 14:54:20.340 7 WARNING neutron.api.rpc.agentnotifiers.dhcp_rpc_agent_api [None req-2f8792ca-15a9-498c-ac42-6175e42cac20 d95ac874e7e24ade963d12a3011cb66c 3644e8ee84fe4c8dbc83bef316004bd6 - - default default] Unable to schedule network 991bd8e3-629d-492b-983e-3c52d8630bd5: no agents available; will retry on subsequent port and subnet creation events.
2026-04-08 14:54:20.448 7 INFO neutron.plugins.ml2.drivers.ovn.mech_driver.mech_driver [None req-9fbc94c1-7739-47d6-8a05-1c206b152be9 - - - - - -] OVN reports status down for port: b892d34a-8079-4f14-87e8-c3f7e4a5cba2
2026-04-08 14:54:20.524 7 INFO neutron.db.ovn_revision_numbers_db [None req-2f8792ca-15a9-498c-ac42-6175e42cac20 d95ac874e7e24ade963d12a3011cb66c 3644e8ee84fe4c8dbc83bef316004bd6 - - default default] Successfully bumped revision number for resource b892d34a-8079-4f14-87e8-c3f7e4a5cba2 (type: ports) to 1
2026-04-08 14:54:20.614 8 INFO neutron_taas.services.taas.taas_plugin [None req-21416c9b-c0eb-4beb-8e24-ad0efbbab4a1 d95ac874e7e24ade963d12a3011cb66c 3644e8ee84fe4c8dbc83bef316004bd6 - - default default] TaaS: Handle Delete Port: 299e65d7-b10d-4426-8142-1fc350c1dc93
2026-04-08 14:54:20.618 8 INFO neutron_taas.services.taas.tap_mirror_plugin [None req-21416c9b-c0eb-4beb-8e24-ad0efbbab4a1 d95ac874e7e24ade963d12a3011cb66c 3644e8ee84fe4c8dbc83bef316004bd6 - - default default] Tap Mirror: Handle Delete Port: 299e65d7-b10d-4426-8142-1fc350c1dc93 [pid: 8|app: 0|req: 494/1031] 10.0.0.1 () {32 vars in 721 bytes} [Wed Apr 8 14:54:20 2026] DELETE /v2.0/routers/defa82e6-a8cf-4183-8e09-23160543a343 => generated 0 bytes in 680 msecs (HTTP/1.1 204) 2 headers in 112 bytes (1 switches on core 0)
2026-04-08 14:54:21.173 7 INFO neutron.plugins.ml2.drivers.ovn.mech_driver.ovsdb.commands [None req-d41c9f06-7c6f-444a-83cc-046ab35c4bd8 - - - - - -] Schedule LRP lrp-b892d34a-8079-4f14-87e8-c3f7e4a5cba2 on gateway 9231f00b-024c-4ade-b91b-302dc02dd3ff with priority 1
2026-04-08 14:54:21.196 7 INFO neutron.plugins.ml2.drivers.ovn.mech_driver.mech_driver [None req-9fbc94c1-7739-47d6-8a05-1c206b152be9 - - - - - -] OVN reports status up for port: b892d34a-8079-4f14-87e8-c3f7e4a5cba2
2026-04-08 14:54:21.200 7 INFO neutron.plugins.ml2.drivers.ovn.mech_driver.ovsdb.ovsdb_monitor [-] Router eee2623a-df7e-4dc5-ba62-5c136506c707 is bound to host instance
2026-04-08 14:54:21.264 8 INFO neutron.db.ovn_revision_numbers_db [None req-75a3ea24-cee2-408e-9f2c-303c8f59a9f4 d95ac874e7e24ade963d12a3011cb66c 3644e8ee84fe4c8dbc83bef316004bd6 - - default default] Successfully bumped revision number for resource 62759c77-49be-420a-a99f-81acc5dbdfac (type: security_groups) to 1
2026-04-08 14:54:21.273 7 INFO neutron.plugins.ml2.plugin [None req-9fbc94c1-7739-47d6-8a05-1c206b152be9 - - - - - -] Attempt 1 to provision port b892d34a-8079-4f14-87e8-c3f7e4a5cba2
2026-04-08 14:54:21.276 8 INFO neutron.db.ovn_revision_numbers_db [None req-75a3ea24-cee2-408e-9f2c-303c8f59a9f4 d95ac874e7e24ade963d12a3011cb66c 3644e8ee84fe4c8dbc83bef316004bd6 - - default default] Successfully bumped revision number for resource 3881afd2-8303-4116-88bb-dec7230b6da3 (type: security_group_rules) to 0
2026-04-08 14:54:21.288 8 INFO neutron.db.ovn_revision_numbers_db [None req-75a3ea24-cee2-408e-9f2c-303c8f59a9f4 d95ac874e7e24ade963d12a3011cb66c 3644e8ee84fe4c8dbc83bef316004bd6 - - default default] Successfully bumped revision number for resource 98fdaba0-1c8e-48d8-9289-48e8910f275f (type: security_group_rules) to 0
2026-04-08 14:54:21.298 8 INFO neutron.db.ovn_revision_numbers_db [None req-75a3ea24-cee2-408e-9f2c-303c8f59a9f4 d95ac874e7e24ade963d12a3011cb66c 3644e8ee84fe4c8dbc83bef316004bd6 - - default default] Successfully bumped revision number for resource bb2253e5-ad99-40c3-a470-66b016365f13 (type: security_group_rules) to 0
2026-04-08 14:54:21.308 8 INFO neutron.db.ovn_revision_numbers_db [None req-75a3ea24-cee2-408e-9f2c-303c8f59a9f4 d95ac874e7e24ade963d12a3011cb66c 3644e8ee84fe4c8dbc83bef316004bd6 - - default default] Successfully bumped revision number for resource bb4e6e54-5996-41d8-a9ab-3d6225900b38 (type: security_group_rules) to 0
2026-04-08 14:54:21.332 7 INFO neutron.db.ovn_revision_numbers_db [None req-2f8792ca-15a9-498c-ac42-6175e42cac20 d95ac874e7e24ade963d12a3011cb66c 3644e8ee84fe4c8dbc83bef316004bd6 - - default default] Successfully bumped revision number for resource b892d34a-8079-4f14-87e8-c3f7e4a5cba2 (type: router_ports) to 1 [pid: 8|app: 0|req: 495/1032] 10.0.0.1 () {32 vars in 771 bytes} [Wed Apr 8 14:54:20 2026] GET /v2.0/security-groups?tenant_id=06909280d1fe447c82d302941f2baba4&name=default => generated 2925 bytes in 379 msecs (HTTP/1.1 200) 4 headers in 158 bytes (1 switches on core 0) [pid: 8|app: 0|req: 496/1033] 10.0.0.1 () {32 vars in 721 bytes} [Wed Apr 8 14:54:21 2026] DELETE /v2.0/subnets/66ed1d53-6a13-4804-a2c0-31902fa8f198 => generated 0 bytes in 160 msecs (HTTP/1.1 204) 3 headers in 131 bytes (1 switches on core 0)
2026-04-08 14:54:21.518 7 INFO neutron.db.ovn_revision_numbers_db [None req-2f8792ca-15a9-498c-ac42-6175e42cac20 d95ac874e7e24ade963d12a3011cb66c 3644e8ee84fe4c8dbc83bef316004bd6 - - default default] Successfully bumped revision number for resource eee2623a-df7e-4dc5-ba62-5c136506c707 (type: routers) to 2 [pid: 7|app: 0|req: 538/1034] 10.0.0.1 () {34 vars in 666 bytes} [Wed Apr 8 14:54:19 2026] POST /v2.0/routers => generated 963 bytes in 1581 msecs (HTTP/1.1 201) 4 headers in 162 bytes (1 switches on core 0) [pid: 8|app: 0|req: 497/1035] 10.0.0.1 () {32 vars in 737 bytes} [Wed Apr 8 14:54:21 2026] DELETE /v2.0/security-groups/62759c77-49be-420a-a99f-81acc5dbdfac => generated 0 bytes in 217 msecs (HTTP/1.1 204) 2 headers in 112 bytes (1 switches on core 0)
2026-04-08 14:54:21.791 7 INFO neutron_taas.services.taas.taas_plugin [None req-ebcecaa6-2012-4d7e-a72e-0d41cc432be2 d95ac874e7e24ade963d12a3011cb66c 3644e8ee84fe4c8dbc83bef316004bd6 - - default default] TaaS: Handle Delete Port: c761d51d-8b9d-4ec2-b250-875e4b2788fa
2026-04-08 14:54:21.802 7 INFO neutron_taas.services.taas.tap_mirror_plugin [None req-ebcecaa6-2012-4d7e-a72e-0d41cc432be2 d95ac874e7e24ade963d12a3011cb66c 3644e8ee84fe4c8dbc83bef316004bd6 - - default default] Tap Mirror: Handle Delete Port: c761d51d-8b9d-4ec2-b250-875e4b2788fa
2026-04-08 14:54:22.086 7 INFO neutron.services.segments.plugin [-] Segment f44e9bd9-5368-4e1a-aebb-3846f6e101ab resource provider aggregate not found
2026-04-08 14:54:22.092 7 INFO neutron.services.segments.plugin [-] Segment f44e9bd9-5368-4e1a-aebb-3846f6e101ab resource provider aggregate not found
2026-04-08 14:54:22.112 7 INFO neutron.services.segments.plugin [-] Segment f44e9bd9-5368-4e1a-aebb-3846f6e101ab resource provider not found; error: Placement Client Error (4xx): {"errors": [{"status": 404, "title": "Not Found", "detail": "The resource could not be found.\n\n No resource provider with uuid f44e9bd9-5368-4e1a-aebb-3846f6e101ab found for delete ", "request_id": "req-50b46734-3365-4793-8dd6-888116efb1e0"}]}
2026-04-08 14:54:22.112 7 INFO neutron.services.segments.plugin [-] Segment f44e9bd9-5368-4e1a-aebb-3846f6e101ab resource provider not found; error: Placement Client Error (4xx): {"errors": [{"status": 404, "title": "Not Found", "detail": "The resource could not be found.\n\n No resource provider with uuid f44e9bd9-5368-4e1a-aebb-3846f6e101ab found for delete ", "request_id": "req-e941b1a7-567d-4e87-b5a1-4a77c635e629"}]} [pid: 7|app: 0|req: 539/1036] 10.0.0.1 () {32 vars in 723 bytes} [Wed Apr 8 14:54:21 2026] DELETE /v2.0/networks/2934c4ae-e76f-4432-a020-284a42044f35 => generated 0 bytes in 617 msecs (HTTP/1.1 204) 3 headers in 131 bytes (1 switches on core 0)
2026-04-08 14:54:22.170 8 WARNING neutron.scheduler.dhcp_agent_scheduler [None req-0d0aec3a-0ca6-4868-8bf6-902528874051 d95ac874e7e24ade963d12a3011cb66c 3644e8ee84fe4c8dbc83bef316004bd6 - - default default] No more DHCP agents
2026-04-08 14:54:22.173 8 WARNING neutron.api.rpc.agentnotifiers.dhcp_rpc_agent_api [None req-0d0aec3a-0ca6-4868-8bf6-902528874051 d95ac874e7e24ade963d12a3011cb66c 3644e8ee84fe4c8dbc83bef316004bd6 - - default default] Unable to schedule network fb35d694-07af-4a77-a189-ff4ae94d7d2d: no agents available; will retry on subsequent port and subnet creation events.
2026-04-08 14:54:22.265 8 INFO neutron.plugins.ml2.drivers.ovn.mech_driver.mech_driver [None req-8a1f6533-b6fa-42e0-abd7-ad95f9477e7f - - - - - -] OVN reports status down for port: 9f2ba7fb-230e-44af-8a24-0ad50363a364
2026-04-08 14:54:22.322 8 INFO neutron.db.ovn_revision_numbers_db [None req-0d0aec3a-0ca6-4868-8bf6-902528874051 d95ac874e7e24ade963d12a3011cb66c 3644e8ee84fe4c8dbc83bef316004bd6 - - default default] Successfully bumped revision number for resource 9f2ba7fb-230e-44af-8a24-0ad50363a364 (type: ports) to 1 [pid: 7|app: 0|req: 540/1037] 10.0.0.1 () {32 vars in 771 bytes} [Wed Apr 8 14:54:22 2026] GET /v2.0/security-groups?tenant_id=6bf5786dea094c12b3165e4a46228847&name=default => generated 2921 bytes in 49 msecs (HTTP/1.1 200) 4 headers in 158 bytes (1 switches on core 0)
2026-04-08 14:54:22.623 7 INFO neutron.db.ovn_revision_numbers_db [None req-9bc23df6-9dc9-452e-ba32-32ecc492d6c8 - - - - - -] Successfully bumped revision number for resource b892d34a-8079-4f14-87e8-c3f7e4a5cba2 (type: ports) to 4 [pid: 7|app: 0|req: 541/1038] 10.0.0.1 () {32 vars in 737 bytes} [Wed Apr 8 14:54:22 2026] DELETE /v2.0/security-groups/c5c7263c-2f37-456a-88de-88ba3000c79c => generated 0 bytes in 453 msecs (HTTP/1.1 204) 2 headers in 112 bytes (1 switches on core 0)
2026-04-08 14:54:22.967 8 INFO neutron.plugins.ml2.drivers.ovn.mech_driver.mech_driver [None req-8a1f6533-b6fa-42e0-abd7-ad95f9477e7f - - - - - -] OVN reports status up for port: 9f2ba7fb-230e-44af-8a24-0ad50363a364
2026-04-08 14:54:22.999 8 INFO neutron.plugins.ml2.plugin [None req-8a1f6533-b6fa-42e0-abd7-ad95f9477e7f - - - - - -] Attempt 1 to provision port 9f2ba7fb-230e-44af-8a24-0ad50363a364
2026-04-08 14:54:23.051 7 INFO neutron.db.ovn_revision_numbers_db [None req-9bc23df6-9dc9-452e-ba32-32ecc492d6c8 - - - - - -] Successfully bumped revision number for resource b892d34a-8079-4f14-87e8-c3f7e4a5cba2 (type: ports) to 5
2026-04-08 14:54:23.129 8 WARNING neutron.scheduler.dhcp_agent_scheduler [None req-0d0aec3a-0ca6-4868-8bf6-902528874051 d95ac874e7e24ade963d12a3011cb66c 3644e8ee84fe4c8dbc83bef316004bd6 - - default default] No more DHCP agents
2026-04-08 14:54:23.141 8 WARNING neutron.api.rpc.agentnotifiers.dhcp_rpc_agent_api [None req-0d0aec3a-0ca6-4868-8bf6-902528874051 d95ac874e7e24ade963d12a3011cb66c 3644e8ee84fe4c8dbc83bef316004bd6 - - default default] Unable to schedule network fb35d694-07af-4a77-a189-ff4ae94d7d2d: no agents available; will retry on subsequent port and subnet creation events.
2026-04-08 14:54:23.704 8 INFO neutron.db.ovn_revision_numbers_db [None req-8a1f6533-b6fa-42e0-abd7-ad95f9477e7f - - - - - -] Successfully bumped revision number for resource 9f2ba7fb-230e-44af-8a24-0ad50363a364 (type: ports) to 2
2026-04-08 14:54:23.968 8 INFO neutron.db.ovn_revision_numbers_db [None req-0d0aec3a-0ca6-4868-8bf6-902528874051 d95ac874e7e24ade963d12a3011cb66c 3644e8ee84fe4c8dbc83bef316004bd6 - - default default] Successfully bumped revision number for resource 9f2ba7fb-230e-44af-8a24-0ad50363a364 (type: router_ports) to 1 [pid: 8|app: 0|req: 498/1039] 10.0.0.1 () {34 vars in 780 bytes} [Wed Apr 8 14:54:21 2026] PUT /v2.0/routers/eee2623a-df7e-4dc5-ba62-5c136506c707/add_router_interface => generated 309 bytes in 2248 msecs (HTTP/1.1 200) 4 headers in 157 bytes (1 switches on core 0)
2026-04-08 14:54:24.664 7 INFO neutron.db.ovn_revision_numbers_db [None req-f437edf1-f587-4097-aca5-ed24e1996fee d95ac874e7e24ade963d12a3011cb66c 3644e8ee84fe4c8dbc83bef316004bd6 - - default default] Successfully bumped revision number for resource d3dbed54-25fb-437a-b69e-e4e5676b4b22 (type: security_groups) to 1
2026-04-08 14:54:24.692 7 INFO neutron.db.ovn_revision_numbers_db [None req-f437edf1-f587-4097-aca5-ed24e1996fee d95ac874e7e24ade963d12a3011cb66c 3644e8ee84fe4c8dbc83bef316004bd6 - - default default] Successfully bumped revision number for resource aa7e2cc4-0983-4205-a489-2c623fc9045d (type: security_group_rules) to 0
2026-04-08 14:54:24.709 7 INFO neutron.db.ovn_revision_numbers_db [None req-f437edf1-f587-4097-aca5-ed24e1996fee d95ac874e7e24ade963d12a3011cb66c 3644e8ee84fe4c8dbc83bef316004bd6 - - default default] Successfully bumped revision number for resource cdfb2340-5933-4474-aa56-e9f050e3d1af (type: security_group_rules) to 0
2026-04-08 14:54:24.733 7 INFO neutron.db.ovn_revision_numbers_db [None req-f437edf1-f587-4097-aca5-ed24e1996fee d95ac874e7e24ade963d12a3011cb66c 3644e8ee84fe4c8dbc83bef316004bd6 - - default default] Successfully bumped revision number for resource eb4bd7d4-ea12-41a0-8bf9-453a3723c15f (type: security_group_rules) to 0
2026-04-08 14:54:24.735 8 INFO neutron.db.ovn_revision_numbers_db [None req-df246361-02db-4d37-838e-10bce74a8403 b46b87ce4a2b490cbc43629387352672 f7b86bce4a4748aa8fb132e9e893fbb1 - - default default] Successfully bumped revision number for resource 0e8cc6ef-e0ac-4121-ae60-11ed4cf3c0f2 (type: security_groups) to 1
2026-04-08 14:54:24.749 8 INFO neutron.db.ovn_revision_numbers_db [None req-df246361-02db-4d37-838e-10bce74a8403 b46b87ce4a2b490cbc43629387352672 f7b86bce4a4748aa8fb132e9e893fbb1 - - default default] Successfully bumped revision number for resource 9cd1d014-5c84-4fa7-b537-5f646a2e8a4d (type: security_group_rules) to 0
2026-04-08 14:54:24.754 7 INFO neutron.db.ovn_revision_numbers_db [None req-f437edf1-f587-4097-aca5-ed24e1996fee d95ac874e7e24ade963d12a3011cb66c 3644e8ee84fe4c8dbc83bef316004bd6 - - default default] Successfully bumped revision number for resource f983e6ef-b965-4052-bd68-e50cfc397017 (type: security_group_rules) to 0
2026-04-08 14:54:24.763 8 INFO neutron.db.ovn_revision_numbers_db [None req-df246361-02db-4d37-838e-10bce74a8403 b46b87ce4a2b490cbc43629387352672 f7b86bce4a4748aa8fb132e9e893fbb1 - - default default] Successfully bumped revision number for resource a1fe41c5-cec9-4b33-8da7-353f0c19d6de (type: security_group_rules) to 0 [pid: 8|app: 0|req: 499/1040] 10.0.0.1 () {34 vars in 682 bytes} [Wed Apr 8 14:54:24 2026] POST /v2.0/security-groups => generated 1659 bytes in 215 msecs (HTTP/1.1 201) 4 headers in 163 bytes (1 switches on core 0)
2026-04-08 14:54:24.835 7 INFO neutron.db.segments_db [None req-f437edf1-f587-4097-aca5-ed24e1996fee d95ac874e7e24ade963d12a3011cb66c 3644e8ee84fe4c8dbc83bef316004bd6 - - default default] Added segment 8875350d-61ab-4960-952c-5e492697cde1 of type geneve for network c72bfa16-52a9-4d6a-a266-1e327c907e82
2026-04-08 14:54:24.943 8 INFO neutron.db.ovn_revision_numbers_db [None req-1f95dd40-1951-474e-b9ca-6cce72cffcdb b46b87ce4a2b490cbc43629387352672 f7b86bce4a4748aa8fb132e9e893fbb1 - - default default] Successfully bumped revision number for resource ff1c62da-c4b6-4843-8544-f0098c298e56 (type: security_group_rules) to 0
2026-04-08 14:54:24.952 7 INFO neutron.db.ovn_revision_numbers_db [None req-f437edf1-f587-4097-aca5-ed24e1996fee d95ac874e7e24ade963d12a3011cb66c 3644e8ee84fe4c8dbc83bef316004bd6 - - default default] Successfully bumped revision number for resource c72bfa16-52a9-4d6a-a266-1e327c907e82 (type: networks) to 1 [pid: 8|app: 0|req: 500/1041] 10.0.0.1 () {34 vars in 692 bytes} [Wed Apr 8 14:54:24 2026] POST /v2.0/security-group-rules => generated 597 bytes in 168 msecs (HTTP/1.1 201) 4 headers in 162 bytes (1 switches on core 0)
2026-04-08 14:54:25.107 8 INFO neutron.db.ovn_revision_numbers_db [None req-848a80a9-04ee-4c83-afb5-0be023cc7c42 b46b87ce4a2b490cbc43629387352672 f7b86bce4a4748aa8fb132e9e893fbb1 - - default default] Successfully bumped revision number for resource 87a1670e-47c6-4799-96e0-e814994f747a (type: security_group_rules) to 0
2026-04-08 14:54:25.112 7 WARNING neutron.scheduler.dhcp_agent_scheduler [None req-f437edf1-f587-4097-aca5-ed24e1996fee d95ac874e7e24ade963d12a3011cb66c 3644e8ee84fe4c8dbc83bef316004bd6 - - default default] No more DHCP agents
2026-04-08 14:54:25.113 7 WARNING neutron.api.rpc.agentnotifiers.dhcp_rpc_agent_api [None req-f437edf1-f587-4097-aca5-ed24e1996fee d95ac874e7e24ade963d12a3011cb66c 3644e8ee84fe4c8dbc83bef316004bd6 - - default default] Unable to schedule network c72bfa16-52a9-4d6a-a266-1e327c907e82: no agents available; will retry on subsequent port and subnet creation events. [pid: 8|app: 0|req: 501/1042] 10.0.0.1 () {34 vars in 692 bytes} [Wed Apr 8 14:54:24 2026] POST /v2.0/security-group-rules => generated 602 bytes in 163 msecs (HTTP/1.1 201) 4 headers in 162 bytes (1 switches on core 0)
2026-04-08 14:54:25.196 7 INFO neutron.db.ovn_revision_numbers_db [None req-f437edf1-f587-4097-aca5-ed24e1996fee d95ac874e7e24ade963d12a3011cb66c 3644e8ee84fe4c8dbc83bef316004bd6 - - default default] Successfully bumped revision number for resource 45a6ccd8-162c-4d45-aa81-91ee94b59f40 (type: ports) to 1 [pid: 7|app: 0|req: 542/1043] 10.0.0.1 () {34 vars in 668 bytes} [Wed Apr 8 14:54:24 2026] POST /v2.0/networks => generated 766 bytes in 782 msecs (HTTP/1.1 201) 4 headers in 162 bytes (1 switches on core 0)
2026-04-08 14:54:25.353 7 WARNING neutron.scheduler.dhcp_agent_scheduler [None req-5b9e462b-7bc9-4095-9cca-fd517fdc5153 d95ac874e7e24ade963d12a3011cb66c 3644e8ee84fe4c8dbc83bef316004bd6 - - default default] No more DHCP agents
2026-04-08 14:54:25.355 7 WARNING neutron.api.rpc.agentnotifiers.dhcp_rpc_agent_api [None req-5b9e462b-7bc9-4095-9cca-fd517fdc5153 d95ac874e7e24ade963d12a3011cb66c 3644e8ee84fe4c8dbc83bef316004bd6 - - default default] Unable to schedule network c72bfa16-52a9-4d6a-a266-1e327c907e82: no agents available; will retry on subsequent port and subnet creation events.
2026-04-08 14:54:25.431 8 WARNING neutron.scheduler.dhcp_agent_scheduler [None req-af6ffa01-2886-41f2-bb2f-4290541982e2 b46b87ce4a2b490cbc43629387352672 f7b86bce4a4748aa8fb132e9e893fbb1 - - default default] No more DHCP agents
2026-04-08 14:54:25.433 8 WARNING neutron.api.rpc.agentnotifiers.dhcp_rpc_agent_api [None req-af6ffa01-2886-41f2-bb2f-4290541982e2 b46b87ce4a2b490cbc43629387352672 f7b86bce4a4748aa8fb132e9e893fbb1 - - default default] Unable to schedule network 991bd8e3-629d-492b-983e-3c52d8630bd5: no agents available; will retry on subsequent port and subnet creation events. [pid: 8|app: 0|req: 502/1044] 10.0.0.1 () {34 vars in 673 bytes} [Wed Apr 8 14:54:25 2026] POST /v2.0/floatingips => generated 552 bytes in 585 msecs (HTTP/1.1 201) 4 headers in 162 bytes (1 switches on core 0)
2026-04-08 14:54:25.816 7 INFO neutron.db.ovn_revision_numbers_db [None req-ccfa61cf-dbad-43cc-9e7f-5b0c643a10a8 - - - - - -] Successfully bumped revision number for resource 45a6ccd8-162c-4d45-aa81-91ee94b59f40 (type: ports) to 2
