Mar 05 11:24:18.349133 np0000157870 devstack@neutron-api.service[103452]: DEBUG futurist.periodics [-] Submitting periodic callback 'neutron.plugins.ml2.drivers.ovn.mech_driver.ovsdb.maintenance.HashRingHealthCheckPeriodics.touch_hash_ring_node' {{(pid=103452) _process_scheduled /opt/stack/data/venv/lib/python3.12/site-packages/futurist/periodics.py:638}}
Mar 05 11:24:18.350378 np0000157870 devstack@neutron-api.service[103452]: DEBUG neutron.plugins.ml2.drivers.ovn.mech_driver.ovsdb.maintenance [-] Touching Hash Ring node "d74c3458fa535c5e94d5ff8ac87593f6" from periodic health check thread {{(pid=103452) touch_hash_ring_node /opt/stack/neutron/neutron/plugins/ml2/drivers/ovn/mech_driver/ovsdb/maintenance.py:1224}}
Mar 05 11:24:18.441771 np0000157870 devstack@neutron-api.service[103451]: DEBUG futurist.periodics [-] Submitting periodic callback 'neutron.plugins.ml2.drivers.ovn.mech_driver.ovsdb.maintenance.HashRingHealthCheckPeriodics.touch_hash_ring_node' {{(pid=103451) _process_scheduled /opt/stack/data/venv/lib/python3.12/site-packages/futurist/periodics.py:638}}
Mar 05 11:24:18.442888 np0000157870 devstack@neutron-api.service[103451]: DEBUG neutron.plugins.ml2.drivers.ovn.mech_driver.ovsdb.maintenance [-] Touching Hash Ring node "3bb113d327bf547988ded2b1022747c0" from periodic health check thread {{(pid=103451) touch_hash_ring_node /opt/stack/neutron/neutron/plugins/ml2/drivers/ovn/mech_driver/ovsdb/maintenance.py:1224}}
Mar 05 11:24:30.687498 np0000157870 devstack@neutron-api.service[103452]: DEBUG dbcounter [-] [103452] Writing DB stats neutron:UPDATE=1,neutron:SELECT=1 {{(pid=103452) stat_writer /opt/stack/data/venv/lib/python3.12/site-packages/dbcounter.py:115}}
Mar 05 11:24:30.688115 np0000157870 devstack@neutron-api.service[103453]: DEBUG dbcounter [-] [103453] Writing DB stats neutron:UPDATE=1,neutron:SELECT=1 {{(pid=103453) stat_writer /opt/stack/data/venv/lib/python3.12/site-packages/dbcounter.py:115}}
Mar 05 11:24:30.688532 np0000157870 devstack@neutron-api.service[103451]: DEBUG dbcounter [-] [103451] Writing DB stats neutron:UPDATE=1,neutron:SELECT=1 {{(pid=103451) stat_writer /opt/stack/data/venv/lib/python3.12/site-packages/dbcounter.py:115}}
Mar 05 11:24:30.688882 np0000157870 devstack@neutron-api.service[103454]: DEBUG dbcounter [-] [103454] Writing DB stats neutron:UPDATE=1,neutron:SELECT=1 {{(pid=103454) stat_writer /opt/stack/data/venv/lib/python3.12/site-packages/dbcounter.py:115}}
Mar 05 11:24:32.538932 np0000157870 devstack@neutron-api.service[103454]: /opt/stack/neutron/neutron/extensions/quotasv2.py:134: UserWarning: "--check-limit" parameter is no longer needed since Epoxy (2025.1) release. By default, Neutron quota engine checks the resource usage before updating the limits
Mar 05 11:24:32.538932 np0000157870 devstack@neutron-api.service[103454]: warnings.warn('"--check-limit" parameter is no longer needed '
Mar 05 11:24:32.539680 np0000157870 devstack@neutron-api.service[103454]: DEBUG neutron.api.v2.base [None req-4458e0a9-26df-485c-b2ea-0a21063e9f19 admin admin] Request body: {'quota': {'security_group': 100}} {{(pid=103454) prepare_request_body /opt/stack/neutron/neutron/api/v2/base.py:729}}
Mar 05 11:24:32.563875 np0000157870 devstack@neutron-api.service[103453]: DEBUG futurist.periodics [-] Submitting periodic callback 'neutron.plugins.ml2.drivers.ovn.mech_driver.ovsdb.maintenance.HashRingHealthCheckPeriodics.touch_hash_ring_node' {{(pid=103453) _process_scheduled /opt/stack/data/venv/lib/python3.12/site-packages/futurist/periodics.py:638}}
Mar 05 11:24:32.564506 np0000157870 devstack@neutron-api.service[103454]: [pid: 103454|app: 0|req: 22/88] 199.19.213.15 () {68 vars in 1442 bytes} [Thu Mar 5 11:24:32 2026] PUT /networking/v2.0/quotas/1e14801be2b549fcbf4017e30c5260a9 => generated 175 bytes in 158 msecs (HTTP/1.1 200) 4 headers in 157 bytes (1 switches on core 0)
Mar 05 11:24:32.565081 np0000157870 devstack@neutron-api.service[103453]: DEBUG neutron.plugins.ml2.drivers.ovn.mech_driver.ovsdb.maintenance [-] Touching Hash Ring node "c4a2144b012e51f58223bb5514b0b52b" from periodic health check thread {{(pid=103453) touch_hash_ring_node /opt/stack/neutron/neutron/plugins/ml2/drivers/ovn/mech_driver/ovsdb/maintenance.py:1224}}
Mar 05 11:24:32.843260 np0000157870 devstack@neutron-api.service[103452]: /opt/stack/neutron/neutron/extensions/quotasv2.py:134: UserWarning: "--check-limit" parameter is no longer needed since Epoxy (2025.1) release. By default, Neutron quota engine checks the resource usage before updating the limits
Mar 05 11:24:32.843260 np0000157870 devstack@neutron-api.service[103452]: warnings.warn('"--check-limit" parameter is no longer needed '
Mar 05 11:24:32.843842 np0000157870 devstack@neutron-api.service[103452]: DEBUG neutron.api.v2.base [None req-46e39c59-bcf2-410a-88d9-5c44b30de62b admin admin] Request body: {'quota': {'security_group_rule': 1000}} {{(pid=103452) prepare_request_body /opt/stack/neutron/neutron/api/v2/base.py:729}}
Mar 05 11:24:32.862027 np0000157870 devstack@neutron-api.service[103452]: [pid: 103452|app: 0|req: 22/89] 199.19.213.15 () {68 vars in 1442 bytes} [Thu Mar 5 11:24:32 2026] PUT /networking/v2.0/quotas/1e14801be2b549fcbf4017e30c5260a9 => generated 176 bytes in 25 msecs (HTTP/1.1 200) 4 headers in 157 bytes (1 switches on core 0)
Mar 05 11:24:33.310359 np0000157870 devstack@neutron-api.service[103454]: DEBUG futurist.periodics [-] Submitting periodic callback 'neutron.plugins.ml2.drivers.ovn.mech_driver.ovsdb.maintenance.HashRingHealthCheckPeriodics.touch_hash_ring_node' {{(pid=103454) _process_scheduled /opt/stack/data/venv/lib/python3.12/site-packages/futurist/periodics.py:638}}
Mar 05 11:24:33.311584 np0000157870 devstack@neutron-api.service[103454]: DEBUG neutron.plugins.ml2.drivers.ovn.mech_driver.ovsdb.maintenance [-] Touching Hash Ring node "4b7b2c6744f65ba98b73d1218e5e9d4d" from periodic health check thread {{(pid=103454) touch_hash_ring_node /opt/stack/neutron/neutron/plugins/ml2/drivers/ovn/mech_driver/ovsdb/maintenance.py:1224}}
Mar 05 11:24:33.350531 np0000157870 devstack@neutron-api.service[103452]: DEBUG futurist.periodics [-] Submitting periodic callback 'neutron.plugins.ml2.drivers.ovn.mech_driver.ovsdb.maintenance.HashRingHealthCheckPeriodics.touch_hash_ring_node' {{(pid=103452) _process_scheduled /opt/stack/data/venv/lib/python3.12/site-packages/futurist/periodics.py:638}}
Mar 05 11:24:33.351875 np0000157870 devstack@neutron-api.service[103452]: DEBUG neutron.plugins.ml2.drivers.ovn.mech_driver.ovsdb.maintenance [-] Touching Hash Ring node "d74c3458fa535c5e94d5ff8ac87593f6" from periodic health check thread {{(pid=103452) touch_hash_ring_node /opt/stack/neutron/neutron/plugins/ml2/drivers/ovn/mech_driver/ovsdb/maintenance.py:1224}}
Mar 05 11:24:33.443159 np0000157870 devstack@neutron-api.service[103451]: DEBUG futurist.periodics [-] Submitting periodic callback 'neutron.plugins.ml2.drivers.ovn.mech_driver.ovsdb.maintenance.HashRingHealthCheckPeriodics.touch_hash_ring_node' {{(pid=103451) _process_scheduled /opt/stack/data/venv/lib/python3.12/site-packages/futurist/periodics.py:638}}
Mar 05 11:24:33.443978 np0000157870 devstack@neutron-api.service[103451]: DEBUG neutron.plugins.ml2.drivers.ovn.mech_driver.ovsdb.maintenance [-] Touching Hash Ring node "3bb113d327bf547988ded2b1022747c0" from periodic health check thread {{(pid=103451) touch_hash_ring_node /opt/stack/neutron/neutron/plugins/ml2/drivers/ovn/mech_driver/ovsdb/maintenance.py:1224}}
Mar 05 11:24:42.574268 np0000157870 devstack@neutron-api.service[103453]: DEBUG dbcounter [-] [103453] Writing DB stats neutron:UPDATE=1,neutron:SELECT=1 {{(pid=103453) stat_writer /opt/stack/data/venv/lib/python3.12/site-packages/dbcounter.py:115}}
Mar 05 11:24:43.366328 np0000157870 devstack@neutron-api.service[103452]: DEBUG dbcounter [-] [103452] Writing DB stats neutron:SELECT=5,neutron:INSERT=1,neutron:UPDATE=1 {{(pid=103452) stat_writer /opt/stack/data/venv/lib/python3.12/site-packages/dbcounter.py:115}}
Mar 05 11:24:43.367421 np0000157870 devstack@neutron-api.service[103454]: DEBUG dbcounter [-] [103454] Writing DB stats neutron:SELECT=5,neutron:INSERT=1,neutron:UPDATE=1 {{(pid=103454) stat_writer /opt/stack/data/venv/lib/python3.12/site-packages/dbcounter.py:115}}
Mar 05 11:24:43.454743 np0000157870 devstack@neutron-api.service[103451]: DEBUG dbcounter [-] [103451] Writing DB stats neutron:UPDATE=1,neutron:SELECT=1 {{(pid=103451) stat_writer /opt/stack/data/venv/lib/python3.12/site-packages/dbcounter.py:115}}
Mar 05 11:24:47.318645 np0000157870 devstack@neutron-api.service[103453]: DEBUG neutron.common.ovn.hash_ring_manager [None req-f3eb0337-61fc-4023-99cb-709177e8ddd1 None None] Hash Ring loaded. 4 active nodes. 0 offline nodes {{(pid=103453) _load_hash_ring /opt/stack/neutron/neutron/common/ovn/hash_ring_manager.py:102}}
Mar 05 11:24:47.320569 np0000157870 devstack@neutron-api.service[103454]: DEBUG neutron.common.ovn.hash_ring_manager [None req-99b8822b-6529-4e26-9c5e-a8c44bcdbd78 None None] Hash Ring loaded. 4 active nodes. 0 offline nodes {{(pid=103454) _load_hash_ring /opt/stack/neutron/neutron/common/ovn/hash_ring_manager.py:102}}
Mar 05 11:24:47.323399 np0000157870 devstack@neutron-api.service[103451]: DEBUG neutron.common.ovn.hash_ring_manager [None req-29455ad6-b172-4749-93ad-b29311243f20 None None] Hash Ring loaded. 4 active nodes. 0 offline nodes {{(pid=103451) _load_hash_ring /opt/stack/neutron/neutron/common/ovn/hash_ring_manager.py:102}}
Mar 05 11:24:47.323695 np0000157870 devstack@neutron-api.service[103451]: DEBUG neutron.plugins.ml2.drivers.ovn.mech_driver.ovsdb.ovsdb_monitor [None req-29455ad6-b172-4749-93ad-b29311243f20 None None] Hash Ring: Node 3bb113d327bf547988ded2b1022747c0 (host: np0000157870) handling event "update" for row 0ac0888f-bc16-46f8-8a7e-e380650ffebf (table: Connection) {{(pid=103451) notify /opt/stack/neutron/neutron/plugins/ml2/drivers/ovn/mech_driver/ovsdb/ovsdb_monitor.py:906}}
Mar 05 11:24:47.325705 np0000157870 devstack@neutron-api.service[103452]: DEBUG neutron.common.ovn.hash_ring_manager [None req-4193f4a4-5816-4c99-b94e-e1e6b3580476 None None] Hash Ring loaded. 4 active nodes. 0 offline nodes {{(pid=103452) _load_hash_ring /opt/stack/neutron/neutron/common/ovn/hash_ring_manager.py:102}}
Mar 05 11:24:47.565367 np0000157870 devstack@neutron-api.service[103453]: DEBUG futurist.periodics [-] Submitting periodic callback 'neutron.plugins.ml2.drivers.ovn.mech_driver.ovsdb.maintenance.HashRingHealthCheckPeriodics.touch_hash_ring_node' {{(pid=103453) _process_scheduled /opt/stack/data/venv/lib/python3.12/site-packages/futurist/periodics.py:638}}
Mar 05 11:24:47.566552 np0000157870 devstack@neutron-api.service[103453]: DEBUG neutron.plugins.ml2.drivers.ovn.mech_driver.ovsdb.maintenance [-] Touching Hash Ring node "c4a2144b012e51f58223bb5514b0b52b" from periodic health check thread {{(pid=103453) touch_hash_ring_node /opt/stack/neutron/neutron/plugins/ml2/drivers/ovn/mech_driver/ovsdb/maintenance.py:1224}}
Mar 05 11:24:47.610209 np0000157870 devstack@neutron-api.service[103453]: DEBUG neutron.pecan_wsgi.hooks.policy_enforcement [None req-9748e99a-7eb1-43e9-8e55-fffe524ad55a admin admin] Attributes excluded by policy engine: ['standard_attr_id'] {{(pid=103453) _exclude_attributes_by_policy /opt/stack/neutron/neutron/pecan_wsgi/hooks/policy_enforcement.py:258}}
Mar 05 11:24:47.612837 np0000157870 devstack@neutron-api.service[103453]: DEBUG neutron.pecan_wsgi.hooks.policy_enforcement [None req-9748e99a-7eb1-43e9-8e55-fffe524ad55a admin admin] Attributes excluded by policy engine: ['standard_attr_id'] {{(pid=103453) _exclude_attributes_by_policy /opt/stack/neutron/neutron/pecan_wsgi/hooks/policy_enforcement.py:258}}
Mar 05 11:24:47.613536 np0000157870 devstack@neutron-api.service[103453]: [pid: 103453|app: 0|req: 24/90] 199.19.213.15 () {64 vars in 1371 bytes} [Thu Mar 5 11:24:47 2026] GET /networking/v2.0/ports?device_owner=network%3Adistributed => generated 1650 bytes in 113 msecs (HTTP/1.1 200) 4 headers in 158 bytes (1 switches on core 0)
Mar 05 11:24:48.311506 np0000157870 devstack@neutron-api.service[103454]: DEBUG futurist.periodics [-] Submitting periodic callback 'neutron.plugins.ml2.drivers.ovn.mech_driver.ovsdb.maintenance.HashRingHealthCheckPeriodics.touch_hash_ring_node' {{(pid=103454) _process_scheduled /opt/stack/data/venv/lib/python3.12/site-packages/futurist/periodics.py:638}}
Mar 05 11:24:48.312804 np0000157870 devstack@neutron-api.service[103454]: DEBUG neutron.plugins.ml2.drivers.ovn.mech_driver.ovsdb.maintenance [-] Touching Hash Ring node "4b7b2c6744f65ba98b73d1218e5e9d4d" from periodic health check thread {{(pid=103454) touch_hash_ring_node /opt/stack/neutron/neutron/plugins/ml2/drivers/ovn/mech_driver/ovsdb/maintenance.py:1224}}
Mar 05 11:24:48.352180 np0000157870 devstack@neutron-api.service[103452]: DEBUG futurist.periodics [-] Submitting periodic callback 'neutron.plugins.ml2.drivers.ovn.mech_driver.ovsdb.maintenance.HashRingHealthCheckPeriodics.touch_hash_ring_node' {{(pid=103452) _process_scheduled /opt/stack/data/venv/lib/python3.12/site-packages/futurist/periodics.py:638}}
Mar 05 11:24:48.353054 np0000157870 devstack@neutron-api.service[103452]: DEBUG neutron.plugins.ml2.drivers.ovn.mech_driver.ovsdb.maintenance [-] Touching Hash Ring node "d74c3458fa535c5e94d5ff8ac87593f6" from periodic health check thread {{(pid=103452) touch_hash_ring_node /opt/stack/neutron/neutron/plugins/ml2/drivers/ovn/mech_driver/ovsdb/maintenance.py:1224}}
Mar 05 11:24:48.444241 np0000157870 devstack@neutron-api.service[103451]: DEBUG futurist.periodics [-] Submitting periodic callback 'neutron.plugins.ml2.drivers.ovn.mech_driver.ovsdb.maintenance.HashRingHealthCheckPeriodics.touch_hash_ring_node' {{(pid=103451) _process_scheduled /opt/stack/data/venv/lib/python3.12/site-packages/futurist/periodics.py:638}}
Mar 05 11:24:48.446450 np0000157870 devstack@neutron-api.service[103451]: DEBUG neutron.plugins.ml2.drivers.ovn.mech_driver.ovsdb.maintenance [-] Touching Hash Ring node "3bb113d327bf547988ded2b1022747c0" from periodic health check thread {{(pid=103451) touch_hash_ring_node /opt/stack/neutron/neutron/plugins/ml2/drivers/ovn/mech_driver/ovsdb/maintenance.py:1224}}
Mar 05 11:24:49.814100 np0000157870 devstack@neutron-api.service[103451]: DEBUG neutron.plugins.ml2.drivers.ovn.mech_driver.ovsdb.ovsdb_monitor [None req-29455ad6-b172-4749-93ad-b29311243f20 None None] Touching Hash Ring node "3bb113d327bf547988ded2b1022747c0" from IDL notify handler {{(pid=103451) notify /opt/stack/neutron/neutron/plugins/ml2/drivers/ovn/mech_driver/ovsdb/ovsdb_monitor.py:898}}
Mar 05 11:24:49.822768 np0000157870 devstack@neutron-api.service[103451]: DEBUG neutron.plugins.ml2.drivers.ovn.mech_driver.ovsdb.ovsdb_monitor [None req-29455ad6-b172-4749-93ad-b29311243f20 None None] Hash Ring: Node 3bb113d327bf547988ded2b1022747c0 (host: np0000157870) handling event "update" for row 0ac0888f-bc16-46f8-8a7e-e380650ffebf (table: Connection) {{(pid=103451) notify /opt/stack/neutron/neutron/plugins/ml2/drivers/ovn/mech_driver/ovsdb/ovsdb_monitor.py:906}}
Mar 05 11:24:57.606677 np0000157870 devstack@neutron-api.service[103453]: DEBUG dbcounter [-] [103453] Writing DB stats neutron:SELECT=12,neutron:UPDATE=1 {{(pid=103453) stat_writer /opt/stack/data/venv/lib/python3.12/site-packages/dbcounter.py:115}}
Mar 05 11:24:58.326929 np0000157870 devstack@neutron-api.service[103454]: DEBUG dbcounter [-] [103454] Writing DB stats neutron:SELECT=3,neutron:UPDATE=1 {{(pid=103454) stat_writer /opt/stack/data/venv/lib/python3.12/site-packages/dbcounter.py:115}}
Mar 05 11:24:58.363071 np0000157870 devstack@neutron-api.service[103452]: DEBUG dbcounter [-] [103452] Writing DB stats neutron:SELECT=3,neutron:UPDATE=1 {{(pid=103452) stat_writer /opt/stack/data/venv/lib/python3.12/site-packages/dbcounter.py:115}}
Mar 05 11:24:58.554884 np0000157870 devstack@neutron-api.service[103451]: INFO neutron.pecan_wsgi.hooks.translation [None req-67de57fa-2c8a-4bbf-b008-b0f3921b78cc admin admin] GET failed (client error): The resource could not be found.
Mar 05 11:24:58.555838 np0000157870 devstack@neutron-api.service[103451]: [pid: 103451|app: 0|req: 23/91] 199.19.213.15 () {64 vars in 1327 bytes} [Thu Mar 5 11:24:58 2026] GET /networking/v2.0/networks/admin_net => generated 111 bytes in 15 msecs (HTTP/1.1 404) 4 headers in 164 bytes (1 switches on core 0)
Mar 05 11:24:58.587315 np0000157870 devstack@neutron-api.service[103454]: [pid: 103454|app: 0|req: 23/92] 199.19.213.15 () {64 vars in 1339 bytes} [Thu Mar 5 11:24:58 2026] GET /networking/v2.0/networks?name=admin_net => generated 15 bytes in 21 msecs (HTTP/1.1 200) 4 headers in 156 bytes (1 switches on core 0)
Mar 05 11:24:58.819604 np0000157870 devstack@neutron-api.service[103452]: DEBUG neutron.api.v2.base [None req-cabcc057-cccb-4773-82a6-93ed50236475 admin admin] Request body: {'network': {'name': 'admin_net', 'admin_state_up': True, 'project_id': '9786cc348b41459081b7e063a7e7dc7d'}} {{(pid=103452) prepare_request_body /opt/stack/neutron/neutron/api/v2/base.py:729}}
Mar 05 11:24:58.836166 np0000157870 devstack@neutron-api.service[103452]: DEBUG neutron.pecan_wsgi.hooks.quota_enforcement [None req-cabcc057-cccb-4773-82a6-93ed50236475 admin admin] Made reservation on behalf of 9786cc348b41459081b7e063a7e7dc7d for: {'network': 1} {{(pid=103452) before /opt/stack/neutron/neutron/pecan_wsgi/hooks/quota_enforcement.py:66}}
Mar 05 11:24:58.839523 np0000157870 devstack@neutron-api.service[103452]: DEBUG neutron_lib.callbacks.manager [None req-cabcc057-cccb-4773-82a6-93ed50236475 admin admin] Publish callbacks ['neutron.plugins.ml2.plugin.SecurityGroupDbMixin._ensure_default_security_group_handler-371057'] for network (None), before_create {{(pid=103452) _notify_loop /opt/stack/data/venv/lib/python3.12/site-packages/neutron_lib/callbacks/manager.py:184}}
Mar 05 11:24:58.844949 np0000157870 devstack@neutron-api.service[103452]: DEBUG neutron_lib.callbacks.manager [None req-cabcc057-cccb-4773-82a6-93ed50236475 admin admin] Publish callbacks [] for security_group (None), before_create {{(pid=103452) _notify_loop /opt/stack/data/venv/lib/python3.12/site-packages/neutron_lib/callbacks/manager.py:184}}
Mar 05 11:24:58.904570 np0000157870 devstack@neutron-api.service[103452]: DEBUG neutron_lib.callbacks.manager [None req-cabcc057-cccb-4773-82a6-93ed50236475 admin admin] Publish callbacks ['neutron.plugins.ml2.drivers.ovn.mech_driver.mech_driver.OVNMechanismDriver._create_security_group_precommit-8195823'] for security_group (6a2e3330-f92c-449f-9dc5-18091bbe70c6), precommit_create {{(pid=103452) _notify_loop /opt/stack/data/venv/lib/python3.12/site-packages/neutron_lib/callbacks/manager.py:184}}
Mar 05 11:24:58.904730 np0000157870 devstack@neutron-api.service[103452]: DEBUG neutron.db.ovn_revision_numbers_db [None req-cabcc057-cccb-4773-82a6-93ed50236475 admin admin] create_initial_revision uuid=6a2e3330-f92c-449f-9dc5-18091bbe70c6, type=security_groups, rev=-1 {{(pid=103452) create_initial_revision /opt/stack/neutron/neutron/db/ovn_revision_numbers_db.py:98}}
Mar 05 11:24:58.906291 np0000157870 devstack@neutron-api.service[103452]: DEBUG neutron.db.ovn_revision_numbers_db [None req-cabcc057-cccb-4773-82a6-93ed50236475 admin admin] create_initial_revision uuid=04ba9180-cbca-4d8b-9cb0-2c43a2d30ed5, type=security_group_rules, rev=-1 {{(pid=103452) create_initial_revision /opt/stack/neutron/neutron/db/ovn_revision_numbers_db.py:98}}
Mar 05 11:24:58.907550 np0000157870 devstack@neutron-api.service[103452]: DEBUG neutron.db.ovn_revision_numbers_db [None req-cabcc057-cccb-4773-82a6-93ed50236475 admin admin] create_initial_revision uuid=84b26cf3-952b-49c5-97fe-2869ef079037, type=security_group_rules, rev=-1 {{(pid=103452) create_initial_revision /opt/stack/neutron/neutron/db/ovn_revision_numbers_db.py:98}}
Mar 05 11:24:58.908889 np0000157870 devstack@neutron-api.service[103452]: DEBUG neutron.db.ovn_revision_numbers_db [None req-cabcc057-cccb-4773-82a6-93ed50236475 admin admin] create_initial_revision uuid=a8c668b2-6549-4ce1-97a2-117b65a07d9c, type=security_group_rules, rev=-1 {{(pid=103452) create_initial_revision /opt/stack/neutron/neutron/db/ovn_revision_numbers_db.py:98}}
Mar 05 11:24:58.910202 np0000157870 devstack@neutron-api.service[103452]: DEBUG neutron.db.ovn_revision_numbers_db [None req-cabcc057-cccb-4773-82a6-93ed50236475 admin admin] create_initial_revision uuid=d6b0fa37-b4a0-4c2f-920b-8b77cd613393, type=security_group_rules, rev=-1 {{(pid=103452) create_initial_revision /opt/stack/neutron/neutron/db/ovn_revision_numbers_db.py:98}}
Mar 05 11:24:58.916645 np0000157870 devstack@neutron-api.service[103452]: DEBUG neutron_lib.callbacks.manager [None req-cabcc057-cccb-4773-82a6-93ed50236475 admin admin] Publish callbacks ['neutron.plugins.ml2.drivers.ovn.mech_driver.mech_driver.OVNMechanismDriver._create_security_group-8195825', 'neutron.plugins.ml2.ovo_rpc._ObjectChangeHandler.handle_event-6810182'] for security_group (6a2e3330-f92c-449f-9dc5-18091bbe70c6), after_create {{(pid=103452) _notify_loop /opt/stack/data/venv/lib/python3.12/site-packages/neutron_lib/callbacks/manager.py:184}}
Mar 05 11:24:58.917545 np0000157870 devstack@neutron-api.service[103452]: DEBUG ovsdbapp.backend.ovs_idl.transaction [None req-4193f4a4-5816-4c99-b94e-e1e6b3580476 None None] Running txn n=1 command(idx=0): PgAddCommand(_result=None, name=pg_6a2e3330_f92c_449f_9dc5_18091bbe70c6, may_exist=False, columns={'acls': [], 'external_ids': {'neutron:security_group_id': '6a2e3330-f92c-449f-9dc5-18091bbe70c6'}}) {{(pid=103452) do_commit /opt/stack/data/venv/lib/python3.12/site-packages/ovsdbapp/backend/ovs_idl/transaction.py:89}}
Mar 05 11:24:58.918205 np0000157870 devstack@neutron-api.service[103452]: DEBUG ovsdbapp.backend.ovs_idl.transaction [None req-4193f4a4-5816-4c99-b94e-e1e6b3580476 None None] Running txn n=1 command(idx=1): PgAclAddCommand(_result=None, entity=pg_6a2e3330_f92c_449f_9dc5_18091bbe70c6, direction=from-lport, priority=1002, match=inport == @pg_6a2e3330_f92c_449f_9dc5_18091bbe70c6 && ip4, action=allow-related, log=False, may_exist=True, severity=[], name=[], meter=[], external_ids={'neutron:security_group_rule_id': '04ba9180-cbca-4d8b-9cb0-2c43a2d30ed5'}) {{(pid=103452) do_commit /opt/stack/data/venv/lib/python3.12/site-packages/ovsdbapp/backend/ovs_idl/transaction.py:89}}
Mar 05 11:24:58.918839 np0000157870 devstack@neutron-api.service[103452]: DEBUG ovsdbapp.backend.ovs_idl.transaction [None req-4193f4a4-5816-4c99-b94e-e1e6b3580476 None None] Running txn n=1 command(idx=2): PgAclAddCommand(_result=None, entity=pg_6a2e3330_f92c_449f_9dc5_18091bbe70c6, direction=to-lport, priority=1002, match=outport == @pg_6a2e3330_f92c_449f_9dc5_18091bbe70c6 && ip4 && ip4.src == $pg_6a2e3330_f92c_449f_9dc5_18091bbe70c6_ip4, action=allow-related, log=False, may_exist=True, severity=[], name=[], meter=[], external_ids={'neutron:security_group_rule_id': '84b26cf3-952b-49c5-97fe-2869ef079037'}) {{(pid=103452) do_commit /opt/stack/data/venv/lib/python3.12/site-packages/ovsdbapp/backend/ovs_idl/transaction.py:89}}
Mar 05 11:24:58.919393 np0000157870 devstack@neutron-api.service[103452]: DEBUG ovsdbapp.backend.ovs_idl.transaction [None req-4193f4a4-5816-4c99-b94e-e1e6b3580476 None None] Running txn n=1 command(idx=3): PgAclAddCommand(_result=None, entity=pg_6a2e3330_f92c_449f_9dc5_18091bbe70c6, direction=from-lport, priority=1002, match=inport == @pg_6a2e3330_f92c_449f_9dc5_18091bbe70c6 && ip6, action=allow-related, log=False, may_exist=True, severity=[], name=[], meter=[], external_ids={'neutron:security_group_rule_id': 'a8c668b2-6549-4ce1-97a2-117b65a07d9c'}) {{(pid=103452) do_commit /opt/stack/data/venv/lib/python3.12/site-packages/ovsdbapp/backend/ovs_idl/transaction.py:89}}
Mar 05 11:24:58.919882 np0000157870 devstack@neutron-api.service[103452]: DEBUG ovsdbapp.backend.ovs_idl.transaction [None req-4193f4a4-5816-4c99-b94e-e1e6b3580476 None None] Running txn n=1 command(idx=4): PgAclAddCommand(_result=None, entity=pg_6a2e3330_f92c_449f_9dc5_18091bbe70c6, direction=to-lport, priority=1002, match=outport == @pg_6a2e3330_f92c_449f_9dc5_18091bbe70c6 && ip6 && ip6.src == $pg_6a2e3330_f92c_449f_9dc5_18091bbe70c6_ip6, action=allow-related, log=False, may_exist=True, severity=[], name=[], meter=[], external_ids={'neutron:security_group_rule_id': 'd6b0fa37-b4a0-4c2f-920b-8b77cd613393'}) {{(pid=103452) do_commit /opt/stack/data/venv/lib/python3.12/site-packages/ovsdbapp/backend/ovs_idl/transaction.py:89}}
Mar 05 11:24:58.929272 np0000157870 devstack@neutron-api.service[103452]: DEBUG neutron.plugins.ml2.drivers.ovn.mech_driver.ovsdb.ovsdb_monitor [None req-4193f4a4-5816-4c99-b94e-e1e6b3580476 None None] Touching Hash Ring node "d74c3458fa535c5e94d5ff8ac87593f6" from IDL notify handler {{(pid=103452) notify /opt/stack/neutron/neutron/plugins/ml2/drivers/ovn/mech_driver/ovsdb/ovsdb_monitor.py:898}}
Mar 05 11:24:58.929959 np0000157870 devstack@neutron-api.service[103453]: DEBUG neutron.plugins.ml2.drivers.ovn.mech_driver.ovsdb.ovsdb_monitor [None req-f3eb0337-61fc-4023-99cb-709177e8ddd1 None None] Touching Hash Ring node "c4a2144b012e51f58223bb5514b0b52b" from IDL notify handler {{(pid=103453) notify /opt/stack/neutron/neutron/plugins/ml2/drivers/ovn/mech_driver/ovsdb/ovsdb_monitor.py:898}}
Mar 05 11:24:58.931546 np0000157870 devstack@neutron-api.service[103454]: DEBUG neutron.plugins.ml2.drivers.ovn.mech_driver.ovsdb.ovsdb_monitor [None req-99b8822b-6529-4e26-9c5e-a8c44bcdbd78 None None] Touching Hash Ring node "4b7b2c6744f65ba98b73d1218e5e9d4d" from IDL notify handler {{(pid=103454) notify /opt/stack/neutron/neutron/plugins/ml2/drivers/ovn/mech_driver/ovsdb/ovsdb_monitor.py:898}}
Mar 05 11:24:58.932498 np0000157870 devstack@neutron-api.service[103451]: DEBUG neutron.plugins.ml2.drivers.ovn.mech_driver.ovsdb.ovsdb_monitor [None req-29455ad6-b172-4749-93ad-b29311243f20 None None] Touching Hash Ring node "3bb113d327bf547988ded2b1022747c0" from IDL notify handler {{(pid=103451) notify /opt/stack/neutron/neutron/plugins/ml2/drivers/ovn/mech_driver/ovsdb/ovsdb_monitor.py:898}}
Mar 05 11:24:58.937145 np0000157870 devstack@neutron-api.service[103453]: DEBUG neutron.plugins.ml2.drivers.ovn.mech_driver.ovsdb.ovsdb_monitor [None req-f3eb0337-61fc-4023-99cb-709177e8ddd1 None None] Hash Ring: Node c4a2144b012e51f58223bb5514b0b52b (host: np0000157870) handling event "create" for row c2554c1a-bd96-4fdd-b5d4-ec9a16023c8c (table: ACL) {{(pid=103453) notify /opt/stack/neutron/neutron/plugins/ml2/drivers/ovn/mech_driver/ovsdb/ovsdb_monitor.py:906}}
Mar 05 11:24:58.939838 np0000157870 devstack@neutron-api.service[103454]: DEBUG neutron.plugins.ml2.drivers.ovn.mech_driver.ovsdb.ovsdb_monitor [None req-99b8822b-6529-4e26-9c5e-a8c44bcdbd78 None None] Hash Ring: Node 4b7b2c6744f65ba98b73d1218e5e9d4d (host: np0000157870) handling event "create" for row 757b1834-5b9c-4e63-a46b-ca56a4bdd089 (table: Port_Group) {{(pid=103454) notify /opt/stack/neutron/neutron/plugins/ml2/drivers/ovn/mech_driver/ovsdb/ovsdb_monitor.py:906}}
Mar 05 11:24:58.940013 np0000157870 devstack@neutron-api.service[103451]: DEBUG neutron.plugins.ml2.drivers.ovn.mech_driver.ovsdb.ovsdb_monitor [None req-29455ad6-b172-4749-93ad-b29311243f20 None None] Hash Ring: Node 3bb113d327bf547988ded2b1022747c0 (host: np0000157870) handling event "create" for row a7b56038-dd42-486c-bdc1-766af0d9014c (table: ACL) {{(pid=103451) notify /opt/stack/neutron/neutron/plugins/ml2/drivers/ovn/mech_driver/ovsdb/ovsdb_monitor.py:906}}
Mar 05 11:24:58.940209 np0000157870 devstack@neutron-api.service[103452]: DEBUG neutron.plugins.ml2.drivers.ovn.mech_driver.ovsdb.ovsdb_monitor [None req-4193f4a4-5816-4c99-b94e-e1e6b3580476 None None] Hash Ring: Node d74c3458fa535c5e94d5ff8ac87593f6 (host: np0000157870) handling event "create" for row 0f7a0f64-bab4-4cb9-bf4a-bcc17df02e7c (table: ACL) {{(pid=103452) notify /opt/stack/neutron/neutron/plugins/ml2/drivers/ovn/mech_driver/ovsdb/ovsdb_monitor.py:906}}
Mar 05 11:24:58.941324 np0000157870 devstack@neutron-api.service[103451]: DEBUG neutron.plugins.ml2.drivers.ovn.mech_driver.ovsdb.ovsdb_monitor [None req-29455ad6-b172-4749-93ad-b29311243f20 None None] Touching Hash Ring node "3bb113d327bf547988ded2b1022747c0" from IDL notify handler {{(pid=103451) notify /opt/stack/neutron/neutron/plugins/ml2/drivers/ovn/mech_driver/ovsdb/ovsdb_monitor.py:898}}
Mar 05 11:24:58.943883 np0000157870 devstack@neutron-api.service[103451]: DEBUG neutron.plugins.ml2.drivers.ovn.mech_driver.ovsdb.ovsdb_monitor [None req-29455ad6-b172-4749-93ad-b29311243f20 None None] Hash Ring: Node 3bb113d327bf547988ded2b1022747c0 (host: np0000157870) handling event "create" for row f309c6a8-2e30-4374-98e7-298020508138 (table: ACL) {{(pid=103451) notify /opt/stack/neutron/neutron/plugins/ml2/drivers/ovn/mech_driver/ovsdb/ovsdb_monitor.py:906}}
Mar 05 11:24:58.959332 np0000157870 devstack@neutron-api.service[103452]: INFO neutron.db.ovn_revision_numbers_db [None req-cabcc057-cccb-4773-82a6-93ed50236475 admin admin] Successfully bumped revision number for resource 6a2e3330-f92c-449f-9dc5-18091bbe70c6 (type: security_groups) to 1
Mar 05 11:24:58.977754 np0000157870 devstack@neutron-api.service[103452]: INFO neutron.db.ovn_revision_numbers_db [None req-cabcc057-cccb-4773-82a6-93ed50236475 admin admin] Successfully bumped revision number for resource 04ba9180-cbca-4d8b-9cb0-2c43a2d30ed5 (type: security_group_rules) to 0
Mar 05 11:24:58.989176 np0000157870 devstack@neutron-api.service[103452]: INFO neutron.db.ovn_revision_numbers_db [None req-cabcc057-cccb-4773-82a6-93ed50236475 admin admin] Successfully bumped revision number for resource 84b26cf3-952b-49c5-97fe-2869ef079037 (type: security_group_rules) to 0
Mar 05 11:24:59.001479 np0000157870 devstack@neutron-api.service[103452]: INFO neutron.db.ovn_revision_numbers_db [None req-cabcc057-cccb-4773-82a6-93ed50236475 admin admin] Successfully bumped revision number for resource a8c668b2-6549-4ce1-97a2-117b65a07d9c (type: security_group_rules) to 0
Mar 05 11:24:59.014272 np0000157870 devstack@neutron-api.service[103452]: INFO neutron.db.ovn_revision_numbers_db [None req-cabcc057-cccb-4773-82a6-93ed50236475 admin admin] Successfully bumped revision number for resource d6b0fa37-b4a0-4c2f-920b-8b77cd613393 (type: security_group_rules) to 0
Mar 05 11:24:59.039604 np0000157870 devstack@neutron-api.service[103452]: DEBUG neutron.api.rpc.handlers.resources_rpc [None req-cabcc057-cccb-4773-82a6-93ed50236475 admin admin] Pushing event updated for resources: {'SecurityGroup': ['ID=6a2e3330-f92c-449f-9dc5-18091bbe70c6,revision_number=1']} {{(pid=103452) push /opt/stack/neutron/neutron/api/rpc/handlers/resources_rpc.py:237}}
Mar 05 11:24:59.044121 np0000157870 devstack@neutron-api.service[103452]: DEBUG ovsdbapp.backend.ovs_idl.transaction [None req-4193f4a4-5816-4c99-b94e-e1e6b3580476 None None] Running txn n=1 command(idx=0): CheckLivenessCommand(_result=None) {{(pid=103452) do_commit /opt/stack/data/venv/lib/python3.12/site-packages/ovsdbapp/backend/ovs_idl/transaction.py:89}}
Mar 05 11:24:59.050208 np0000157870 devstack@neutron-api.service[103454]: DEBUG neutron.plugins.ml2.drivers.ovn.mech_driver.ovsdb.ovsdb_monitor [None req-99b8822b-6529-4e26-9c5e-a8c44bcdbd78 None None] Touching Hash Ring node "4b7b2c6744f65ba98b73d1218e5e9d4d" from IDL notify handler {{(pid=103454) notify /opt/stack/neutron/neutron/plugins/ml2/drivers/ovn/mech_driver/ovsdb/ovsdb_monitor.py:898}}
Mar 05 11:24:59.052665 np0000157870 devstack@neutron-api.service[103451]: DEBUG neutron.plugins.ml2.drivers.ovn.mech_driver.ovsdb.ovsdb_monitor [None req-6b019a0c-af3a-48ef-b270-7c2e0b9a55e0 None None] ChassisAgentWriteEvent : Matched Chassis_Private, update, None None {{(pid=103451) matches /opt/stack/neutron/neutron/plugins/ml2/drivers/ovn/mech_driver/ovsdb/ovsdb_monitor.py:64}}
Mar 05 11:24:59.054765 np0000157870 devstack@neutron-api.service[103454]: DEBUG neutron.plugins.ml2.drivers.ovn.mech_driver.ovsdb.ovsdb_monitor [-] ChassisAgentWriteEvent : Matched Chassis_Private, update, None None {{(pid=103454) matches /opt/stack/neutron/neutron/plugins/ml2/drivers/ovn/mech_driver/ovsdb/ovsdb_monitor.py:64}}
Mar 05 11:24:59.055399 np0000157870 devstack@neutron-api.service[103453]: DEBUG neutron.plugins.ml2.drivers.ovn.mech_driver.ovsdb.ovsdb_monitor [None req-660244dd-0c1f-4372-8cff-01935cbdb058 None None] ChassisAgentWriteEvent : Matched Chassis_Private, update, None None {{(pid=103453) matches /opt/stack/neutron/neutron/plugins/ml2/drivers/ovn/mech_driver/ovsdb/ovsdb_monitor.py:64}}
Mar 05 11:24:59.055514 np0000157870 devstack@neutron-api.service[103452]: DEBUG neutron.plugins.ml2.drivers.ovn.mech_driver.ovsdb.ovsdb_monitor [None req-9b6d9719-483b-4d93-8447-69cbff8b0139 None None] ChassisAgentWriteEvent : Matched Chassis_Private, update, None None {{(pid=103452) matches /opt/stack/neutron/neutron/plugins/ml2/drivers/ovn/mech_driver/ovsdb/ovsdb_monitor.py:64}}
Mar 05 11:24:59.058294 np0000157870 devstack@neutron-api.service[103454]: DEBUG neutron.plugins.ml2.drivers.ovn.mech_driver.ovsdb.ovsdb_monitor [None req-99b8822b-6529-4e26-9c5e-a8c44bcdbd78 None None] Hash Ring: Node 4b7b2c6744f65ba98b73d1218e5e9d4d (host: np0000157870) handling event "update" for row 2d72c327-1ed7-4e35-afcb-a8e914c6435c (table: NB_Global) {{(pid=103454) notify /opt/stack/neutron/neutron/plugins/ml2/drivers/ovn/mech_driver/ovsdb/ovsdb_monitor.py:906}}
Mar 05 11:24:59.061039 np0000157870 devstack@neutron-api.service[103451]: DEBUG neutron.common.ovn.hash_ring_manager [None req-6b019a0c-af3a-48ef-b270-7c2e0b9a55e0 None None] Hash Ring loaded. 4 active nodes. 0 offline nodes {{(pid=103451) _load_hash_ring /opt/stack/neutron/neutron/common/ovn/hash_ring_manager.py:102}}
Mar 05 11:24:59.061495 np0000157870 devstack@neutron-api.service[103453]: DEBUG neutron.common.ovn.hash_ring_manager [None req-660244dd-0c1f-4372-8cff-01935cbdb058 None None] Hash Ring loaded. 4 active nodes. 0 offline nodes {{(pid=103453) _load_hash_ring /opt/stack/neutron/neutron/common/ovn/hash_ring_manager.py:102}}
Mar 05 11:24:59.062528 np0000157870 devstack@neutron-api.service[103454]: DEBUG neutron.plugins.ml2.drivers.ovn.mech_driver.ovsdb.ovsdb_monitor [None req-99b8822b-6529-4e26-9c5e-a8c44bcdbd78 None None] Touching Hash Ring node "4b7b2c6744f65ba98b73d1218e5e9d4d" from IDL notify handler {{(pid=103454) notify /opt/stack/neutron/neutron/plugins/ml2/drivers/ovn/mech_driver/ovsdb/ovsdb_monitor.py:898}}
Mar 05 11:24:59.065694 np0000157870 devstack@neutron-api.service[103454]: DEBUG neutron.plugins.ml2.drivers.ovn.mech_driver.ovsdb.ovsdb_monitor [None req-99b8822b-6529-4e26-9c5e-a8c44bcdbd78 None None] Hash Ring: Node 4b7b2c6744f65ba98b73d1218e5e9d4d (host: np0000157870) handling event "update" for row 2d72c327-1ed7-4e35-afcb-a8e914c6435c (table: NB_Global) {{(pid=103454) notify /opt/stack/neutron/neutron/plugins/ml2/drivers/ovn/mech_driver/ovsdb/ovsdb_monitor.py:906}}
Mar 05 11:24:59.066091 np0000157870 devstack@neutron-api.service[103454]: DEBUG neutron.common.ovn.hash_ring_manager [-] Hash Ring loaded. 4 active nodes. 0 offline nodes {{(pid=103454) _load_hash_ring /opt/stack/neutron/neutron/common/ovn/hash_ring_manager.py:102}}
Mar 05 11:24:59.067702 np0000157870 devstack@neutron-api.service[103454]: DEBUG neutron.plugins.ml2.drivers.ovn.mech_driver.ovsdb.ovsdb_monitor [None req-99b8822b-6529-4e26-9c5e-a8c44bcdbd78 None None] Touching Hash Ring node "4b7b2c6744f65ba98b73d1218e5e9d4d" from IDL notify handler {{(pid=103454) notify /opt/stack/neutron/neutron/plugins/ml2/drivers/ovn/mech_driver/ovsdb/ovsdb_monitor.py:898}}
Mar 05 11:24:59.069878 np0000157870 devstack@neutron-api.service[103454]: DEBUG neutron.plugins.ml2.drivers.ovn.mech_driver.ovsdb.ovsdb_monitor [None req-99b8822b-6529-4e26-9c5e-a8c44bcdbd78 None None] Hash Ring: Node 4b7b2c6744f65ba98b73d1218e5e9d4d (host: np0000157870) handling event "update" for row 2d72c327-1ed7-4e35-afcb-a8e914c6435c (table: NB_Global) {{(pid=103454) notify /opt/stack/neutron/neutron/plugins/ml2/drivers/ovn/mech_driver/ovsdb/ovsdb_monitor.py:906}}
Mar 05 11:24:59.070682 np0000157870 devstack@neutron-api.service[103452]: DEBUG neutron.common.ovn.hash_ring_manager [None req-9b6d9719-483b-4d93-8447-69cbff8b0139 None None] Hash Ring loaded. 4 active nodes. 0 offline nodes {{(pid=103452) _load_hash_ring /opt/stack/neutron/neutron/common/ovn/hash_ring_manager.py:102}}
Mar 05 11:24:59.070934 np0000157870 devstack@neutron-api.service[103452]: DEBUG neutron.plugins.ml2.drivers.ovn.mech_driver.ovsdb.ovsdb_monitor [None req-9b6d9719-483b-4d93-8447-69cbff8b0139 None None] Hash Ring: Node d74c3458fa535c5e94d5ff8ac87593f6 (host: np0000157870) handling event "update" for row adacb484-5e47-4942-bae5-96cbfae2d569 (table: Chassis_Private) {{(pid=103452) notify /opt/stack/neutron/neutron/plugins/ml2/drivers/ovn/mech_driver/ovsdb/ovsdb_monitor.py:906}}
Mar 05 11:24:59.071202 np0000157870 devstack@neutron-api.service[103454]: DEBUG neutron.plugins.ml2.drivers.ovn.mech_driver.ovsdb.ovsdb_monitor [None req-99b8822b-6529-4e26-9c5e-a8c44bcdbd78 None None] Touching Hash Ring node "4b7b2c6744f65ba98b73d1218e5e9d4d" from IDL notify handler {{(pid=103454) notify /opt/stack/neutron/neutron/plugins/ml2/drivers/ovn/mech_driver/ovsdb/ovsdb_monitor.py:898}}
Mar 05 11:24:59.073105 np0000157870 devstack@neutron-api.service[103454]: DEBUG neutron.plugins.ml2.drivers.ovn.mech_driver.ovsdb.ovsdb_monitor [None req-99b8822b-6529-4e26-9c5e-a8c44bcdbd78 None None] Hash Ring: Node 4b7b2c6744f65ba98b73d1218e5e9d4d (host: np0000157870) handling event "update" for row 2d72c327-1ed7-4e35-afcb-a8e914c6435c (table: NB_Global) {{(pid=103454) notify /opt/stack/neutron/neutron/plugins/ml2/drivers/ovn/mech_driver/ovsdb/ovsdb_monitor.py:906}}
Mar 05 11:24:59.098848 np0000157870 devstack@neutron-api.service[103452]: DEBUG neutron.plugins.ml2.drivers.helpers [None req-cabcc057-cccb-4773-82a6-93ed50236475 admin admin] geneve segment allocate from pool success with {'geneve_vni': 21492} {{(pid=103452) allocate_partially_specified_segment /opt/stack/neutron/neutron/plugins/ml2/drivers/helpers.py:142}}
Mar 05 11:24:59.108494 np0000157870 devstack@neutron-api.service[103452]: DEBUG neutron_lib.callbacks.manager [None req-cabcc057-cccb-4773-82a6-93ed50236475 admin admin] Publish callbacks ['neutron.services.segments.db._add_segment_host_mapping_for_segment-8617109713340', 'neutron.plugins.ml2.plugin.Ml2Plugin._handle_segment_change-97153'] for segment (460ae8bd-7fbb-4dfb-ab1c-bd04837649df), precommit_create {{(pid=103452) _notify_loop /opt/stack/data/venv/lib/python3.12/site-packages/neutron_lib/callbacks/manager.py:184}}
Mar 05 11:24:59.108695 np0000157870 devstack@neutron-api.service[103452]: INFO neutron.db.segments_db [None req-cabcc057-cccb-4773-82a6-93ed50236475 admin admin] Added segment 460ae8bd-7fbb-4dfb-ab1c-bd04837649df of type geneve for network cbfc6e20-625a-4cbd-9aed-10a07bd95d0e
Mar 05 11:24:59.121937 np0000157870 devstack@neutron-api.service[103452]: DEBUG neutron_lib.callbacks.manager [None req-cabcc057-cccb-4773-82a6-93ed50236475 admin admin] Publish callbacks ['neutron.services.auto_allocate.db._ensure_external_network_default_value_callback-8617107724682'] for network (cbfc6e20-625a-4cbd-9aed-10a07bd95d0e), precommit_create {{(pid=103452) _notify_loop /opt/stack/data/venv/lib/python3.12/site-packages/neutron_lib/callbacks/manager.py:184}}
Mar 05 11:24:59.133287 np0000157870 devstack@neutron-api.service[103452]: DEBUG neutron.plugins.ml2.drivers.ovn.mech_driver.mech_driver [None req-cabcc057-cccb-4773-82a6-93ed50236475 admin admin] Validating network segment with type geneve, segmentation ID 21492, physical network None {{(pid=103452) _validate_network_segments /opt/stack/neutron/neutron/plugins/ml2/drivers/ovn/mech_driver/mech_driver.py:630}}
Mar 05 11:24:59.133405 np0000157870 devstack@neutron-api.service[103452]: DEBUG neutron.db.ovn_revision_numbers_db [None req-cabcc057-cccb-4773-82a6-93ed50236475 admin admin] create_initial_revision uuid=cbfc6e20-625a-4cbd-9aed-10a07bd95d0e, type=networks, rev=-1 {{(pid=103452) create_initial_revision /opt/stack/neutron/neutron/db/ovn_revision_numbers_db.py:98}}
Mar 05 11:24:59.140826 np0000157870 devstack@neutron-api.service[103452]: DEBUG neutron_lib.callbacks.manager [None req-cabcc057-cccb-4773-82a6-93ed50236475 admin admin] Publish callbacks ['neutron.plugins.ml2.ovo_rpc._ObjectChangeHandler.handle_event-6810323'] for network (cbfc6e20-625a-4cbd-9aed-10a07bd95d0e), after_create {{(pid=103452) _notify_loop /opt/stack/data/venv/lib/python3.12/site-packages/neutron_lib/callbacks/manager.py:184}}
Mar 05 11:24:59.157200 np0000157870 devstack@neutron-api.service[103452]: DEBUG neutron.api.rpc.handlers.resources_rpc [None req-cabcc057-cccb-4773-82a6-93ed50236475 admin admin] Pushing event updated for resources: {'Network': ['ID=cbfc6e20-625a-4cbd-9aed-10a07bd95d0e,revision_number=1']} {{(pid=103452) push /opt/stack/neutron/neutron/api/rpc/handlers/resources_rpc.py:237}}
Mar 05 11:24:59.164600 np0000157870 devstack@neutron-api.service[103452]: DEBUG ovsdbapp.backend.ovs_idl.transaction [None req-4193f4a4-5816-4c99-b94e-e1e6b3580476 None None] Running txn n=1 command(idx=0): AddNetworkCommand(_result=None, network_uuid=cbfc6e20-625a-4cbd-9aed-10a07bd95d0e, may_exist=True, columns={'external_ids': {'neutron:network_name': 'admin_net', 'neutron:mtu': '1372', 'neutron:revision_number': '1', 'neutron:availability_zone_hints': '', 'neutron:provnet-network-type': 'geneve'}, 'other_config': {'mcast_snoop': 'false', 'mcast_flood_unregistered': 'false', 'vlan-passthru': 'false'}}) {{(pid=103452) do_commit /opt/stack/data/venv/lib/python3.12/site-packages/ovsdbapp/backend/ovs_idl/transaction.py:89}}
Mar 05 11:24:59.173127 np0000157870 devstack@neutron-api.service[103453]: DEBUG neutron.plugins.ml2.drivers.ovn.mech_driver.ovsdb.ovsdb_monitor [None req-f3eb0337-61fc-4023-99cb-709177e8ddd1 None None] Touching Hash Ring node "c4a2144b012e51f58223bb5514b0b52b" from IDL notify handler {{(pid=103453) notify /opt/stack/neutron/neutron/plugins/ml2/drivers/ovn/mech_driver/ovsdb/ovsdb_monitor.py:898}}
Mar 05 11:24:59.177221 np0000157870 devstack@neutron-api.service[103452]: DEBUG neutron.plugins.ml2.drivers.ovn.mech_driver.ovsdb.ovsdb_monitor [None req-9b6d9719-483b-4d93-8447-69cbff8b0139 None None] Hash Ring: Node d74c3458fa535c5e94d5ff8ac87593f6 (host: np0000157870) handling event "create" for row 1a5cdd58-7cdc-4fbc-9b93-6d07b1787627 (table: Datapath_Binding) {{(pid=103452) notify /opt/stack/neutron/neutron/plugins/ml2/drivers/ovn/mech_driver/ovsdb/ovsdb_monitor.py:906}}
Mar 05 11:24:59.178041 np0000157870 devstack@neutron-api.service[103453]: DEBUG neutron.plugins.ml2.drivers.ovn.mech_driver.ovsdb.ovsdb_monitor [None req-f3eb0337-61fc-4023-99cb-709177e8ddd1 None None] Hash Ring: Node c4a2144b012e51f58223bb5514b0b52b (host: np0000157870) handling event "create" for row cbfc6e20-625a-4cbd-9aed-10a07bd95d0e (table: Logical_Switch) {{(pid=103453) notify /opt/stack/neutron/neutron/plugins/ml2/drivers/ovn/mech_driver/ovsdb/ovsdb_monitor.py:906}}
Mar 05 11:24:59.197118 np0000157870 devstack@neutron-api.service[103452]: INFO neutron.db.ovn_revision_numbers_db [None req-cabcc057-cccb-4773-82a6-93ed50236475 admin admin] Successfully bumped revision number for resource cbfc6e20-625a-4cbd-9aed-10a07bd95d0e (type: networks) to 1
Mar 05 11:24:59.210337 np0000157870 devstack@neutron-api.service[103452]: DEBUG neutron_lib.callbacks.manager [None req-cabcc057-cccb-4773-82a6-93ed50236475 admin admin] Publish callbacks ['neutron.plugins.ml2.plugin.SecurityGroupDbMixin._ensure_default_security_group_handler-371057'] for port (None), before_create {{(pid=103452) _notify_loop /opt/stack/data/venv/lib/python3.12/site-packages/neutron_lib/callbacks/manager.py:184}}
Mar 05 11:24:59.273697 np0000157870 devstack@neutron-api.service[103452]: DEBUG neutron_lib.callbacks.manager [None req-cabcc057-cccb-4773-82a6-93ed50236475 admin admin] Publish callbacks ['neutron.plugins.ml2.drivers.ovn.mech_driver.mech_driver.OVNMechanismDriver._validate_allowed_address_pairs-8195687'] for allowed_address_pair (c5bc2563-c0f6-4613-a378-c61996eea4fe), before_create {{(pid=103452) _notify_loop /opt/stack/data/venv/lib/python3.12/site-packages/neutron_lib/callbacks/manager.py:184}}
Mar 05 11:24:59.274875 np0000157870 devstack@neutron-api.service[103452]: DEBUG neutron_lib.callbacks.manager [None req-cabcc057-cccb-4773-82a6-93ed50236475 admin admin] Publish callbacks [] for port (c5bc2563-c0f6-4613-a378-c61996eea4fe), precommit_create {{(pid=103452) _notify_loop /opt/stack/data/venv/lib/python3.12/site-packages/neutron_lib/callbacks/manager.py:184}}
Mar 05 11:24:59.275235 np0000157870 devstack@neutron-api.service[103452]: DEBUG neutron.plugins.ml2.drivers.ovn.mech_driver.mech_driver [None req-cabcc057-cccb-4773-82a6-93ed50236475 admin admin] No provisioning block for port c5bc2563-c0f6-4613-a378-c61996eea4fe since it does not have a host {{(pid=103452) _is_port_provisioning_required /opt/stack/neutron/neutron/plugins/ml2/drivers/ovn/mech_driver/mech_driver.py:883}}
Mar 05 11:24:59.275483 np0000157870 devstack@neutron-api.service[103452]: DEBUG neutron.db.ovn_revision_numbers_db [None req-cabcc057-cccb-4773-82a6-93ed50236475 admin admin] create_initial_revision uuid=c5bc2563-c0f6-4613-a378-c61996eea4fe, type=ports, rev=-1 {{(pid=103452) create_initial_revision /opt/stack/neutron/neutron/db/ovn_revision_numbers_db.py:98}}
Mar 05 11:24:59.302956 np0000157870 devstack@neutron-api.service[103452]: DEBUG neutron_lib.callbacks.manager [None req-cabcc057-cccb-4773-82a6-93ed50236475 admin admin] Publish callbacks ['neutron.plugins.ml2.ovo_rpc._ObjectChangeHandler.handle_event-6810314'] for port (c5bc2563-c0f6-4613-a378-c61996eea4fe), after_create {{(pid=103452) _notify_loop /opt/stack/data/venv/lib/python3.12/site-packages/neutron_lib/callbacks/manager.py:184}}
Mar 05 11:24:59.330224 np0000157870 devstack@neutron-api.service[103452]: DEBUG neutron.api.rpc.handlers.resources_rpc [None req-cabcc057-cccb-4773-82a6-93ed50236475 admin admin] Pushing event updated for resources: {'Port': ['ID=c5bc2563-c0f6-4613-a378-c61996eea4fe,revision_number=1']} {{(pid=103452) push /opt/stack/neutron/neutron/api/rpc/handlers/resources_rpc.py:237}}
Mar 05 11:24:59.336952 np0000157870 devstack@neutron-api.service[103452]: DEBUG ovsdbapp.backend.ovs_idl.transaction [None req-4193f4a4-5816-4c99-b94e-e1e6b3580476 None None] Running txn n=1 command(idx=0): AddLSwitchPortCommand(_result=None, lport=c5bc2563-c0f6-4613-a378-c61996eea4fe, lswitch=neutron-cbfc6e20-625a-4cbd-9aed-10a07bd95d0e, may_exist=True, network_uuid=cbfc6e20-625a-4cbd-9aed-10a07bd95d0e, columns={'addresses': ['fa:16:3e:88:08:f4'], 'external_ids': {'neutron:port_name': '', 'neutron:device_id': 'ovnmeta-cbfc6e20-625a-4cbd-9aed-10a07bd95d0e', 'neutron:project_id': '9786cc348b41459081b7e063a7e7dc7d', 'neutron:cidrs': '', 'neutron:device_owner': 'network:distributed', 'neutron:subnet_pool_addr_scope4': '', 'neutron:subnet_pool_addr_scope6': '', 'neutron:network_name': 'neutron-cbfc6e20-625a-4cbd-9aed-10a07bd95d0e', 'neutron:security_group_ids': '', 'neutron:revision_number': '1', 'neutron:vnic_type': 'normal', 'neutron:port_capabilities': '', 'neutron:mtu': ''}, 'parent_name': [], 'tag': [], 'enabled': True, 'options': {}, 'type': 'localport', 'port_security': [], 'dhcpv4_options': [], 'dhcpv6_options': []}) {{(pid=103452) do_commit /opt/stack/data/venv/lib/python3.12/site-packages/ovsdbapp/backend/ovs_idl/transaction.py:89}}
Mar 05 11:24:59.337587 np0000157870 devstack@neutron-api.service[103452]: DEBUG ovsdbapp.backend.ovs_idl.transaction [None req-4193f4a4-5816-4c99-b94e-e1e6b3580476 None None] Running txn n=1 command(idx=1): QoSDelCommand(_result=None, switch=neutron-cbfc6e20-625a-4cbd-9aed-10a07bd95d0e, conditions=[('direction', '=', 'to-lport'), ('priority', '=', 2002), ('match', '=', 'outport == "c5bc2563-c0f6-4613-a378-c61996eea4fe"')], if_exists=True) {{(pid=103452) do_commit /opt/stack/data/venv/lib/python3.12/site-packages/ovsdbapp/backend/ovs_idl/transaction.py:89}}
Mar 05 11:24:59.338019 np0000157870 devstack@neutron-api.service[103452]: DEBUG ovsdbapp.backend.ovs_idl.transaction [None req-4193f4a4-5816-4c99-b94e-e1e6b3580476 None None] Running txn n=1 command(idx=2): QoSDelCommand(_result=None, switch=neutron-cbfc6e20-625a-4cbd-9aed-10a07bd95d0e, conditions=[('direction', '=', 'from-lport'), ('priority', '=', 2002), ('match', '=', 'inport == "c5bc2563-c0f6-4613-a378-c61996eea4fe"')], if_exists=True) {{(pid=103452) do_commit /opt/stack/data/venv/lib/python3.12/site-packages/ovsdbapp/backend/ovs_idl/transaction.py:89}}
Mar 05 11:24:59.345745 np0000157870 devstack@neutron-api.service[103453]: DEBUG neutron.plugins.ml2.drivers.ovn.mech_driver.ovsdb.ovsdb_monitor [None req-f3eb0337-61fc-4023-99cb-709177e8ddd1 None None] Touching Hash Ring node "c4a2144b012e51f58223bb5514b0b52b" from IDL notify handler {{(pid=103453) notify /opt/stack/neutron/neutron/plugins/ml2/drivers/ovn/mech_driver/ovsdb/ovsdb_monitor.py:898}}
Mar 05 11:24:59.350907 np0000157870 devstack@neutron-api.service[103452]: DEBUG neutron.plugins.ml2.drivers.ovn.mech_driver.ovsdb.ovsdb_monitor [None req-9b6d9719-483b-4d93-8447-69cbff8b0139 None None] Hash Ring: Node d74c3458fa535c5e94d5ff8ac87593f6 (host: np0000157870) handling event "create" for row 42026fcc-6171-4939-b3cc-eb6d3fe686d4 (table: Port_Binding) {{(pid=103452) notify /opt/stack/neutron/neutron/plugins/ml2/drivers/ovn/mech_driver/ovsdb/ovsdb_monitor.py:906}}
