May 19 10:07:57.202848 np0000174687 devstack@neutron-api.service[103006]: DEBUG neutron.api.extensions [None req-5f36d1e0-a65c-4290-94bf-805de17c07c2 None None] Loading extension file: l3_port_ip_change_not_allowed.py {{(pid=103006) _load_all_extensions_from_path /opt/stack/neutron/neutron/api/extensions.py:449}}
May 19 10:07:57.202938 np0000174687 devstack@neutron-api.service[103007]: DEBUG neutron.api.extensions [None req-0b7a1324-6c43-4b31-aa28-0cd696c56b9d None None] Ext name="Port device profile" alias="port-device-profile" description="Expose the port device profile (Cyborg)" updated="2020-12-17T10:00:00-00:00" {{(pid=103007) _check_extension /opt/stack/neutron/neutron/api/extensions.py:415}}
May 19 10:07:57.203018 np0000174687 devstack@neutron-api.service[103006]: DEBUG neutron.api.extensions [None req-5f36d1e0-a65c-4290-94bf-805de17c07c2 None None] Ext name="Prevent L3 router ports IP address change extension" alias="l3-port-ip-change-not-allowed" description="Prevent change of IP address for some L3 router ports" updated="2018-10-09T10:00:00-00:00" {{(pid=103006) _check_extension /opt/stack/neutron/neutron/api/extensions.py:415}}
May 19 10:07:57.203085 np0000174687 devstack@neutron-api.service[103009]: DEBUG neutron_lib.callbacks.manager [None req-4a666c73-e4f4-4f8f-a781-44ca6db840d0 None None] Subscribe: > port_forwarding_plugin after_init 55550000, False {{(pid=103009) subscribe /opt/stack/data/venv/lib/python3.12/site-packages/neutron_lib/callbacks/manager.py:52}}
May 19 10:07:57.203125 np0000174687 devstack@neutron-api.service[103007]: INFO neutron.api.extensions [None req-0b7a1324-6c43-4b31-aa28-0cd696c56b9d None None] Loaded extension: port-device-profile
May 19 10:07:57.203202 np0000174687 devstack@neutron-api.service[103006]: INFO neutron.api.extensions [None req-5f36d1e0-a65c-4290-94bf-805de17c07c2 None None] Extension l3-port-ip-change-not-allowed not supported by any of loaded plugins
May 19 10:07:57.203236 np0000174687 devstack@neutron-api.service[103007]: DEBUG neutron.api.extensions [None req-0b7a1324-6c43-4b31-aa28-0cd696c56b9d None None] Loading extension file: port_hardware_offload_type.py {{(pid=103007) _load_all_extensions_from_path /opt/stack/neutron/neutron/api/extensions.py:449}}
May 19 10:07:57.203314 np0000174687 devstack@neutron-api.service[103006]: DEBUG neutron.api.extensions [None req-5f36d1e0-a65c-4290-94bf-805de17c07c2 None None] Loading extension file: l3agentscheduler.py {{(pid=103006) _load_all_extensions_from_path /opt/stack/neutron/neutron/api/extensions.py:449}}
May 19 10:07:57.203389 np0000174687 devstack@neutron-api.service[103009]: DEBUG neutron_lib.callbacks.manager [None req-4a666c73-e4f4-4f8f-a781-44ca6db840d0 None None] Subscribe: > router before_create 55550100, False {{(pid=103009) subscribe /opt/stack/data/venv/lib/python3.12/site-packages/neutron_lib/callbacks/manager.py:52}}
May 19 10:07:57.203448 np0000174687 devstack@neutron-api.service[103007]: DEBUG neutron.api.extensions [None req-0b7a1324-6c43-4b31-aa28-0cd696c56b9d None None] Ext name="Port hardware offload" alias="port-hardware-offload-type" description="Expose port hardware offload extension" updated="2023-05-09T10:00:00-00:00" {{(pid=103007) _check_extension /opt/stack/neutron/neutron/api/extensions.py:415}}
May 19 10:07:57.203559 np0000174687 devstack@neutron-api.service[103009]: DEBUG neutron_lib.callbacks.manager [None req-4a666c73-e4f4-4f8f-a781-44ca6db840d0 None None] Subscribe: > router precommit_delete 55550100, False {{(pid=103009) subscribe /opt/stack/data/venv/lib/python3.12/site-packages/neutron_lib/callbacks/manager.py:52}}
May 19 10:07:57.203605 np0000174687 devstack@neutron-api.service[103007]: INFO neutron.api.extensions [None req-0b7a1324-6c43-4b31-aa28-0cd696c56b9d None None] Extension port-hardware-offload-type not supported by any of loaded plugins
May 19 10:07:57.203699 np0000174687 devstack@neutron-api.service[103007]: DEBUG neutron.api.extensions [None req-0b7a1324-6c43-4b31-aa28-0cd696c56b9d None None] Loading extension file: port_hint_ovs_tx_steering.py {{(pid=103007) _load_all_extensions_from_path /opt/stack/neutron/neutron/api/extensions.py:449}}
May 19 10:07:57.203732 np0000174687 devstack@neutron-api.service[103009]: DEBUG neutron_lib.callbacks.manager [None req-4a666c73-e4f4-4f8f-a781-44ca6db840d0 None None] Subscribe: > router precommit_create 55550100, False {{(pid=103009) subscribe /opt/stack/data/venv/lib/python3.12/site-packages/neutron_lib/callbacks/manager.py:52}}
May 19 10:07:57.203872 np0000174687 devstack@neutron-api.service[103009]: DEBUG neutron_lib.callbacks.manager [None req-4a666c73-e4f4-4f8f-a781-44ca6db840d0 None None] Subscribe: > router precommit_update 55550100, False {{(pid=103009) subscribe /opt/stack/data/venv/lib/python3.12/site-packages/neutron_lib/callbacks/manager.py:52}}
May 19 10:07:57.203907 np0000174687 devstack@neutron-api.service[103006]: DEBUG neutron.api.extensions [None req-5f36d1e0-a65c-4290-94bf-805de17c07c2 None None] Ext name="L3 Agent Scheduler" alias="l3_agent_scheduler" description="Schedule routers among l3 agents" updated="2013-02-07T10:00:00-00:00" {{(pid=103006) _check_extension /opt/stack/neutron/neutron/api/extensions.py:415}}
May 19 10:07:57.203940 np0000174687 devstack@neutron-api.service[103007]: DEBUG neutron.api.extensions [None req-0b7a1324-6c43-4b31-aa28-0cd696c56b9d None None] Ext name="Port hint: Open vSwitch Tx steering" alias="port-hint-ovs-tx-steering" description="Enable Port hint: Open vSwitch Tx steering" updated="2023-01-01T00:00:00-00:00" {{(pid=103007) _check_extension /opt/stack/neutron/neutron/api/extensions.py:415}}
May 19 10:07:57.204078 np0000174687 devstack@neutron-api.service[103006]: INFO neutron.api.extensions [None req-5f36d1e0-a65c-4290-94bf-805de17c07c2 None None] Extension l3_agent_scheduler not supported by any of loaded plugins
May 19 10:07:57.204121 np0000174687 devstack@neutron-api.service[103007]: INFO neutron.api.extensions [None req-0b7a1324-6c43-4b31-aa28-0cd696c56b9d None None] Extension port-hint-ovs-tx-steering not supported by any of loaded plugins
May 19 10:07:57.204172 np0000174687 devstack@neutron-api.service[103006]: DEBUG neutron.api.extensions [None req-5f36d1e0-a65c-4290-94bf-805de17c07c2 None None] Loading extension file: local_ip.py {{(pid=103006) _load_all_extensions_from_path /opt/stack/neutron/neutron/api/extensions.py:449}}
May 19 10:07:57.204205 np0000174687 devstack@neutron-api.service[103007]: DEBUG neutron.api.extensions [None req-0b7a1324-6c43-4b31-aa28-0cd696c56b9d None None] Loading extension file: port_hints.py {{(pid=103007) _load_all_extensions_from_path /opt/stack/neutron/neutron/api/extensions.py:449}}
May 19 10:07:57.204401 np0000174687 devstack@neutron-api.service[103007]: DEBUG neutron.api.extensions [None req-0b7a1324-6c43-4b31-aa28-0cd696c56b9d None None] Ext name="Port hints" alias="port-hints" description="Backend specific port hints to allow backend specific tuning" updated="2023-01-01T00:00:00-00:00" {{(pid=103007) _check_extension /opt/stack/neutron/neutron/api/extensions.py:415}}
May 19 10:07:57.204487 np0000174687 devstack@neutron-api.service[103006]: DEBUG neutron.api.extensions [None req-5f36d1e0-a65c-4290-94bf-805de17c07c2 None None] Ext name="Local IP" alias="local_ip" description="Support Node Local Virtual IP" updated="2021-07-26T10:00:00-00:00" {{(pid=103006) _check_extension /opt/stack/neutron/neutron/api/extensions.py:415}}
May 19 10:07:57.204589 np0000174687 devstack@neutron-api.service[103007]: INFO neutron.api.extensions [None req-0b7a1324-6c43-4b31-aa28-0cd696c56b9d None None] Extension port-hints not supported by any of loaded plugins
May 19 10:07:57.204672 np0000174687 devstack@neutron-api.service[103006]: INFO neutron.api.extensions [None req-5f36d1e0-a65c-4290-94bf-805de17c07c2 None None] Extension local_ip not supported by any of loaded plugins
May 19 10:07:57.204710 np0000174687 devstack@neutron-api.service[103007]: DEBUG neutron.api.extensions [None req-0b7a1324-6c43-4b31-aa28-0cd696c56b9d None None] Loading extension file: port_mac_address_override.py {{(pid=103007) _load_all_extensions_from_path /opt/stack/neutron/neutron/api/extensions.py:449}}
May 19 10:07:57.204765 np0000174687 devstack@neutron-api.service[103006]: DEBUG neutron.api.extensions [None req-5f36d1e0-a65c-4290-94bf-805de17c07c2 None None] Loading extension file: logging.py {{(pid=103006) _load_all_extensions_from_path /opt/stack/neutron/neutron/api/extensions.py:449}}
May 19 10:07:57.204908 np0000174687 devstack@neutron-api.service[103007]: DEBUG neutron.api.extensions [None req-0b7a1324-6c43-4b31-aa28-0cd696c56b9d None None] Ext name="Neutron Port MAC address override" alias="port-mac-override" description="Allow overriding the MAC address of a direct-physical Port via the active binding profile" updated="2022-03-18T10:00:00-00:00" {{(pid=103007) _check_extension /opt/stack/neutron/neutron/api/extensions.py:415}}
May 19 10:07:57.205077 np0000174687 devstack@neutron-api.service[103007]: INFO neutron.api.extensions [None req-0b7a1324-6c43-4b31-aa28-0cd696c56b9d None None] Extension port-mac-override not supported by any of loaded plugins
May 19 10:07:57.205107 np0000174687 devstack@neutron-api.service[103006]: DEBUG neutron.api.extensions [None req-5f36d1e0-a65c-4290-94bf-805de17c07c2 None None] Ext name="Logging API Extension" alias="logging" description="Provides a logging API for resources such as security group and firewall." updated="2017-01-01T10:00:00-00:00" {{(pid=103006) _check_extension /opt/stack/neutron/neutron/api/extensions.py:415}}
May 19 10:07:57.205218 np0000174687 devstack@neutron-api.service[103007]: DEBUG neutron.api.extensions [None req-0b7a1324-6c43-4b31-aa28-0cd696c56b9d None None] Loading extension file: port_mac_address_regenerate.py {{(pid=103007) _load_all_extensions_from_path /opt/stack/neutron/neutron/api/extensions.py:449}}
May 19 10:07:57.205338 np0000174687 devstack@neutron-api.service[103006]: INFO neutron.api.extensions [None req-5f36d1e0-a65c-4290-94bf-805de17c07c2 None None] Extension logging not supported by any of loaded plugins
May 19 10:07:57.205433 np0000174687 devstack@neutron-api.service[103006]: DEBUG neutron.api.extensions [None req-5f36d1e0-a65c-4290-94bf-805de17c07c2 None None] Loading extension file: metering.py {{(pid=103006) _load_all_extensions_from_path /opt/stack/neutron/neutron/api/extensions.py:449}}
May 19 10:07:57.205482 np0000174687 devstack@neutron-api.service[103007]: DEBUG neutron.api.extensions [None req-0b7a1324-6c43-4b31-aa28-0cd696c56b9d None None] Ext name="Neutron Port MAC address regenerate" alias="port-mac-address-regenerate" description="Network port MAC address regenerate" updated="2018-05-03T10:00:00-00:00" {{(pid=103007) _check_extension /opt/stack/neutron/neutron/api/extensions.py:415}}
May 19 10:07:57.205645 np0000174687 devstack@neutron-api.service[103007]: INFO neutron.api.extensions [None req-0b7a1324-6c43-4b31-aa28-0cd696c56b9d None None] Loaded extension: port-mac-address-regenerate
May 19 10:07:57.205740 np0000174687 devstack@neutron-api.service[103007]: DEBUG neutron.api.extensions [None req-0b7a1324-6c43-4b31-aa28-0cd696c56b9d None None] Loading extension file: port_numa_affinity_policy.py {{(pid=103007) _load_all_extensions_from_path /opt/stack/neutron/neutron/api/extensions.py:449}}
May 19 10:07:57.205904 np0000174687 devstack@neutron-api.service[103006]: DEBUG neutron.api.extensions [None req-5f36d1e0-a65c-4290-94bf-805de17c07c2 None None] Ext name="Neutron Metering" alias="metering" description="Neutron Metering extension." updated="2013-06-12T10:00:00-00:00" {{(pid=103006) _check_extension /opt/stack/neutron/neutron/api/extensions.py:415}}
May 19 10:07:57.205992 np0000174687 devstack@neutron-api.service[103007]: DEBUG neutron.api.extensions [None req-0b7a1324-6c43-4b31-aa28-0cd696c56b9d None None] Ext name="Port NUMA affinity policy" alias="port-numa-affinity-policy" description="Expose the port NUMA affinity policy" updated="2020-07-08T10:00:00-00:00" {{(pid=103007) _check_extension /opt/stack/neutron/neutron/api/extensions.py:415}}
May 19 10:07:57.206079 np0000174687 devstack@neutron-api.service[103006]: INFO neutron.api.extensions [None req-5f36d1e0-a65c-4290-94bf-805de17c07c2 None None] Extension metering not supported by any of loaded plugins
May 19 10:07:57.206148 np0000174687 devstack@neutron-api.service[103007]: INFO neutron.api.extensions [None req-0b7a1324-6c43-4b31-aa28-0cd696c56b9d None None] Loaded extension: port-numa-affinity-policy
May 19 10:07:57.206176 np0000174687 devstack@neutron-api.service[103006]: DEBUG neutron.api.extensions [None req-5f36d1e0-a65c-4290-94bf-805de17c07c2 None None] Loading extension file: metering_source_and_destination_fields.py {{(pid=103006) _load_all_extensions_from_path /opt/stack/neutron/neutron/api/extensions.py:449}}
May 19 10:07:57.206241 np0000174687 devstack@neutron-api.service[103007]: DEBUG neutron.api.extensions [None req-0b7a1324-6c43-4b31-aa28-0cd696c56b9d None None] Loading extension file: port_numa_affinity_policy_socket.py {{(pid=103007) _load_all_extensions_from_path /opt/stack/neutron/neutron/api/extensions.py:449}}
May 19 10:07:57.206434 np0000174687 devstack@neutron-api.service[103006]: DEBUG neutron.api.extensions [None req-5f36d1e0-a65c-4290-94bf-805de17c07c2 None None] Ext name="Neutron Metering with source and destination filtering" alias="metering_source_and_destination_fields" description="Neutron Metering extension that enables the use of source and destination IP prefixes to create metering label rules." updated="2020-08-21T08:12:00-00:00" {{(pid=103006) _check_extension /opt/stack/neutron/neutron/api/extensions.py:415}}
May 19 10:07:57.206480 np0000174687 devstack@neutron-api.service[103007]: DEBUG neutron.api.extensions [None req-0b7a1324-6c43-4b31-aa28-0cd696c56b9d None None] Ext name="Port NUMA affinity policy "socket"" alias="port-numa-affinity-policy-socket" description="Adds "socket" to the supported port NUMA affinity policies" updated="2024-02-09T10:00:00-00:00" {{(pid=103007) _check_extension /opt/stack/neutron/neutron/api/extensions.py:415}}
May 19 10:07:57.206617 np0000174687 devstack@neutron-api.service[103006]: INFO neutron.api.extensions [None req-5f36d1e0-a65c-4290-94bf-805de17c07c2 None None] Extension metering_source_and_destination_fields not supported by any of loaded plugins
May 19 10:07:57.206653 np0000174687 devstack@neutron-api.service[103007]: INFO neutron.api.extensions [None req-0b7a1324-6c43-4b31-aa28-0cd696c56b9d None None] Loaded extension: port-numa-affinity-policy-socket
May 19 10:07:57.206721 np0000174687 devstack@neutron-api.service[103006]: DEBUG neutron.api.extensions [None req-5f36d1e0-a65c-4290-94bf-805de17c07c2 None None] Loading extension file: multiprovidernet.py {{(pid=103006) _load_all_extensions_from_path /opt/stack/neutron/neutron/api/extensions.py:449}}
May 19 10:07:57.206750 np0000174687 devstack@neutron-api.service[103007]: DEBUG neutron.api.extensions [None req-0b7a1324-6c43-4b31-aa28-0cd696c56b9d None None] Loading extension file: port_resource_request.py {{(pid=103007) _load_all_extensions_from_path /opt/stack/neutron/neutron/api/extensions.py:449}}
May 19 10:07:57.207184 np0000174687 devstack@neutron-api.service[103007]: DEBUG neutron.api.extensions [None req-0b7a1324-6c43-4b31-aa28-0cd696c56b9d None None] Ext name="Port Resource Request" alias="port-resource-request" description="Expose resource request to Port" updated="2018-05-08T10:00:00-00:00" {{(pid=103007) _check_extension /opt/stack/neutron/neutron/api/extensions.py:415}}
May 19 10:07:57.207237 np0000174687 devstack@neutron-api.service[103006]: DEBUG neutron.api.extensions [None req-5f36d1e0-a65c-4290-94bf-805de17c07c2 None None] Ext name="Multi Provider Network" alias="multi-provider" description="Expose mapping of virtual networks to multiple physical networks" updated="2013-06-27T10:00:00-00:00" {{(pid=103006) _check_extension /opt/stack/neutron/neutron/api/extensions.py:415}}
May 19 10:07:57.207271 np0000174687 devstack@neutron-api.service[103007]: INFO neutron.api.extensions [None req-0b7a1324-6c43-4b31-aa28-0cd696c56b9d None None] Extension port-resource-request not supported by any of loaded plugins
May 19 10:07:57.207305 np0000174687 devstack@neutron-api.service[103006]: INFO neutron.api.extensions [None req-5f36d1e0-a65c-4290-94bf-805de17c07c2 None None] Loaded extension: multi-provider
May 19 10:07:57.207336 np0000174687 devstack@neutron-api.service[103007]: DEBUG neutron.api.extensions [None req-0b7a1324-6c43-4b31-aa28-0cd696c56b9d None None] Loading extension file: port_resource_request_groups.py {{(pid=103007) _load_all_extensions_from_path /opt/stack/neutron/neutron/api/extensions.py:449}}
May 19 10:07:57.207368 np0000174687 devstack@neutron-api.service[103006]: DEBUG neutron.api.extensions [None req-5f36d1e0-a65c-4290-94bf-805de17c07c2 None None] Loading extension file: netmtu.py {{(pid=103006) _load_all_extensions_from_path /opt/stack/neutron/neutron/api/extensions.py:449}}
May 19 10:07:57.207442 np0000174687 devstack@neutron-api.service[103007]: DEBUG neutron.api.extensions [None req-0b7a1324-6c43-4b31-aa28-0cd696c56b9d None None] Ext name="Port Resource Request Groups" alias="port-resource-request-groups" description="Support requesting multiple groups of resources and traits from the same RP subtree in resource_request" updated="2021-08-02T10:00:00-00:00" {{(pid=103007) _check_extension /opt/stack/neutron/neutron/api/extensions.py:415}}
May 19 10:07:57.207486 np0000174687 devstack@neutron-api.service[103006]: DEBUG neutron.api.extensions [None req-5f36d1e0-a65c-4290-94bf-805de17c07c2 None None] Ext name="Network MTU" alias="net-mtu" description="Provides MTU attribute for a network resource." updated="2015-03-25T10:00:00-00:00" {{(pid=103006) _check_extension /opt/stack/neutron/neutron/api/extensions.py:415}}
May 19 10:07:57.207736 np0000174687 devstack@neutron-api.service[103006]: INFO neutron.api.extensions [None req-5f36d1e0-a65c-4290-94bf-805de17c07c2 None None] Loaded extension: net-mtu
May 19 10:07:57.207779 np0000174687 devstack@neutron-api.service[103007]: INFO neutron.api.extensions [None req-0b7a1324-6c43-4b31-aa28-0cd696c56b9d None None] Extension port-resource-request-groups not supported by any of loaded plugins
May 19 10:07:57.207779 np0000174687 devstack@neutron-api.service[103007]: DEBUG neutron.api.extensions [None req-0b7a1324-6c43-4b31-aa28-0cd696c56b9d None None] Loading extension file: port_trusted_vif.py {{(pid=103007) _load_all_extensions_from_path /opt/stack/neutron/neutron/api/extensions.py:449}}
May 19 10:07:57.207834 np0000174687 devstack@neutron-api.service[103009]: DEBUG neutron.services.provider_configuration [None req-4a666c73-e4f4-4f8f-a781-44ca6db840d0 None None] Service providers = [] {{(pid=103009) parse_service_provider_opt /opt/stack/neutron/neutron/services/provider_configuration.py:170}}
May 19 10:07:57.207936 np0000174687 devstack@neutron-api.service[103009]: DEBUG neutron.db.servicetype_db [None req-4a666c73-e4f4-4f8f-a781-44ca6db840d0 None None] Adding provider configuration for service L3_ROUTER_NAT {{(pid=103009) add_provider_configuration /opt/stack/neutron/neutron/db/servicetype_db.py:45}}
May 19 10:07:57.207971 np0000174687 devstack@neutron-api.service[103007]: DEBUG neutron.api.extensions [None req-0b7a1324-6c43-4b31-aa28-0cd696c56b9d None None] Ext name="Port trusted vif" alias="port-trusted-vif" description="Expose port 'trusted' attribute in the API" updated="2024-07-10T10:00:00-00:00" {{(pid=103007) _check_extension /opt/stack/neutron/neutron/api/extensions.py:415}}
May 19 10:07:57.208045 np0000174687 devstack@neutron-api.service[103006]: DEBUG neutron.api.extensions [None req-5f36d1e0-a65c-4290-94bf-805de17c07c2 None None] Loading extension file: netmtu_writable.py {{(pid=103006) _load_all_extensions_from_path /opt/stack/neutron/neutron/api/extensions.py:449}}
May 19 10:07:57.208131 np0000174687 devstack@neutron-api.service[103007]: INFO neutron.api.extensions [None req-0b7a1324-6c43-4b31-aa28-0cd696c56b9d None None] Extension port-trusted-vif not supported by any of loaded plugins
May 19 10:07:57.208226 np0000174687 devstack@neutron-api.service[103007]: DEBUG neutron.api.extensions [None req-0b7a1324-6c43-4b31-aa28-0cd696c56b9d None None] Loading extension file: portbindings.py {{(pid=103007) _load_all_extensions_from_path /opt/stack/neutron/neutron/api/extensions.py:449}}
May 19 10:07:57.208282 np0000174687 devstack@neutron-api.service[103006]: DEBUG neutron.api.extensions [None req-5f36d1e0-a65c-4290-94bf-805de17c07c2 None None] Ext name="Network MTU (writable)" alias="net-mtu-writable" description="Provides a writable MTU attribute for a network resource." updated="2017-07-12T00:00:00-00:00" {{(pid=103006) _check_extension /opt/stack/neutron/neutron/api/extensions.py:415}}
May 19 10:07:57.208450 np0000174687 devstack@neutron-api.service[103006]: INFO neutron.api.extensions [None req-5f36d1e0-a65c-4290-94bf-805de17c07c2 None None] Loaded extension: net-mtu-writable
May 19 10:07:57.208487 np0000174687 devstack@neutron-api.service[103007]: DEBUG neutron.api.extensions [None req-0b7a1324-6c43-4b31-aa28-0cd696c56b9d None None] Ext name="Port Binding" alias="binding" description="Expose port bindings of a virtual port to external application" updated="2014-02-03T10:00:00-00:00" {{(pid=103007) _check_extension /opt/stack/neutron/neutron/api/extensions.py:415}}
May 19 10:07:57.208625 np0000174687 devstack@neutron-api.service[103006]: DEBUG neutron.api.extensions [None req-5f36d1e0-a65c-4290-94bf-805de17c07c2 None None] Loading extension file: network_availability_zone.py {{(pid=103006) _load_all_extensions_from_path /opt/stack/neutron/neutron/api/extensions.py:449}}
May 19 10:07:57.208662 np0000174687 devstack@neutron-api.service[103007]: INFO neutron.api.extensions [None req-0b7a1324-6c43-4b31-aa28-0cd696c56b9d None None] Loaded extension: binding
May 19 10:07:57.208747 np0000174687 devstack@neutron-api.service[103007]: DEBUG neutron.api.extensions [None req-0b7a1324-6c43-4b31-aa28-0cd696c56b9d None None] Loading extension file: portbindings_extended.py {{(pid=103007) _load_all_extensions_from_path /opt/stack/neutron/neutron/api/extensions.py:449}}
May 19 10:07:57.209928 np0000174687 devstack@neutron-api.service[103006]: DEBUG neutron.api.extensions [None req-5f36d1e0-a65c-4290-94bf-805de17c07c2 None None] Ext name="Network Availability Zone" alias="network_availability_zone" description="Availability zone support for network." updated="2015-01-01T10:00:00-00:00" {{(pid=103006) _check_extension /opt/stack/neutron/neutron/api/extensions.py:415}}
May 19 10:07:57.209991 np0000174687 devstack@neutron-api.service[103007]: DEBUG neutron.api.extensions [None req-0b7a1324-6c43-4b31-aa28-0cd696c56b9d None None] Ext name="Port Bindings Extended" alias="binding-extended" description="Expose port bindings of a virtual port to external application" updated="2017-07-17T10:00:00-00:00" {{(pid=103007) _check_extension /opt/stack/neutron/neutron/api/extensions.py:415}}
May 19 10:07:57.210029 np0000174687 devstack@neutron-api.service[103006]: INFO neutron.api.extensions [None req-5f36d1e0-a65c-4290-94bf-805de17c07c2 None None] Loaded extension: network_availability_zone
May 19 10:07:57.210029 np0000174687 devstack@neutron-api.service[103006]: DEBUG neutron.api.extensions [None req-5f36d1e0-a65c-4290-94bf-805de17c07c2 None None] Loading extension file: network_ha.py {{(pid=103006) _load_all_extensions_from_path /opt/stack/neutron/neutron/api/extensions.py:449}}
May 19 10:07:57.210087 np0000174687 devstack@neutron-api.service[103007]: INFO neutron.api.extensions [None req-0b7a1324-6c43-4b31-aa28-0cd696c56b9d None None] Loaded extension: binding-extended
May 19 10:07:57.210118 np0000174687 devstack@neutron-api.service[103009]: DEBUG neutron_lib.callbacks.manager [None req-4a666c73-e4f4-4f8f-a781-44ca6db840d0 None None] Subscribe: > router precommit_create 55549900, False {{(pid=103009) subscribe /opt/stack/data/venv/lib/python3.12/site-packages/neutron_lib/callbacks/manager.py:52}}
May 19 10:07:57.210152 np0000174687 devstack@neutron-api.service[103007]: DEBUG neutron.api.extensions [None req-0b7a1324-6c43-4b31-aa28-0cd696c56b9d None None] Loading extension file: portsecurity.py {{(pid=103007) _load_all_extensions_from_path /opt/stack/neutron/neutron/api/extensions.py:449}}
May 19 10:07:57.210186 np0000174687 devstack@neutron-api.service[103009]: DEBUG neutron_lib.callbacks.manager [None req-4a666c73-e4f4-4f8f-a781-44ca6db840d0 None None] Subscribe: > router_interface after_create 55550000, False {{(pid=103009) subscribe /opt/stack/data/venv/lib/python3.12/site-packages/neutron_lib/callbacks/manager.py:52}}
May 19 10:07:57.210223 np0000174687 devstack@neutron-api.service[103006]: DEBUG neutron.api.extensions [None req-5f36d1e0-a65c-4290-94bf-805de17c07c2 None None] Ext name="Network HA creation flag" alias="network_ha" description="Network high availability creation flag." updated="2023-04-27T10:00:00-00:00" {{(pid=103006) _check_extension /opt/stack/neutron/neutron/api/extensions.py:415}}
May 19 10:07:57.210259 np0000174687 devstack@neutron-api.service[103009]: DEBUG neutron_lib.callbacks.manager [None req-4a666c73-e4f4-4f8f-a781-44ca6db840d0 None None] Subscribe: > floatingip after_create 55550000, False {{(pid=103009) subscribe /opt/stack/data/venv/lib/python3.12/site-packages/neutron_lib/callbacks/manager.py:52}}
May 19 10:07:57.210290 np0000174687 devstack@neutron-api.service[103007]: DEBUG neutron.api.extensions [None req-0b7a1324-6c43-4b31-aa28-0cd696c56b9d None None] Ext name="Port Security" alias="port-security" description="Provides port security" updated="2012-07-23T10:00:00-00:00" {{(pid=103007) _check_extension /opt/stack/neutron/neutron/api/extensions.py:415}}
May 19 10:07:57.210321 np0000174687 devstack@neutron-api.service[103009]: DEBUG neutron_lib.callbacks.manager [None req-4a666c73-e4f4-4f8f-a781-44ca6db840d0 None None] Subscribe: > floatingip precommit_create 55550000, False {{(pid=103009) subscribe /opt/stack/data/venv/lib/python3.12/site-packages/neutron_lib/callbacks/manager.py:52}}
May 19 10:07:57.210355 np0000174687 devstack@neutron-api.service[103006]: INFO neutron.api.extensions [None req-5f36d1e0-a65c-4290-94bf-805de17c07c2 None None] Extension network_ha not supported by any of loaded plugins
May 19 10:07:57.210388 np0000174687 devstack@neutron-api.service[103009]: DEBUG neutron_lib.callbacks.manager [None req-4a666c73-e4f4-4f8f-a781-44ca6db840d0 None None] Subscribe: > floatingip precommit_update 55550000, False {{(pid=103009) subscribe /opt/stack/data/venv/lib/python3.12/site-packages/neutron_lib/callbacks/manager.py:52}}
May 19 10:07:57.210423 np0000174687 devstack@neutron-api.service[103007]: INFO neutron.api.extensions [None req-0b7a1324-6c43-4b31-aa28-0cd696c56b9d None None] Loaded extension: port-security
May 19 10:07:57.210455 np0000174687 devstack@neutron-api.service[103006]: DEBUG neutron.api.extensions [None req-5f36d1e0-a65c-4290-94bf-805de17c07c2 None None] Loading extension file: network_ip_availability.py {{(pid=103006) _load_all_extensions_from_path /opt/stack/neutron/neutron/api/extensions.py:449}}
May 19 10:07:57.210491 np0000174687 devstack@neutron-api.service[103009]: DEBUG neutron_lib.callbacks.manager [None req-4a666c73-e4f4-4f8f-a781-44ca6db840d0 None None] Subscribe: > floatingip after_delete 55550000, False {{(pid=103009) subscribe /opt/stack/data/venv/lib/python3.12/site-packages/neutron_lib/callbacks/manager.py:52}}
May 19 10:07:57.210525 np0000174687 devstack@neutron-api.service[103007]: DEBUG neutron.api.extensions [None req-0b7a1324-6c43-4b31-aa28-0cd696c56b9d None None] Loading extension file: project_id.py {{(pid=103007) _load_all_extensions_from_path /opt/stack/neutron/neutron/api/extensions.py:449}}
May 19 10:07:57.210570 np0000174687 devstack@neutron-api.service[103009]: DEBUG neutron_lib.callbacks.manager [None req-4a666c73-e4f4-4f8f-a781-44ca6db840d0 None None] Subscribe: > floatingip after_status_update 55550000, False {{(pid=103009) subscribe /opt/stack/data/venv/lib/python3.12/site-packages/neutron_lib/callbacks/manager.py:52}}
May 19 10:07:57.210598 np0000174687 devstack@neutron-api.service[103006]: DEBUG neutron.api.extensions [None req-5f36d1e0-a65c-4290-94bf-805de17c07c2 None None] Ext name="Network IP Availability" alias="network-ip-availability" description="Provides IP availability data for each network and subnet." updated="2015-09-24T00:00:00-00:00" {{(pid=103006) _check_extension /opt/stack/neutron/neutron/api/extensions.py:415}}
May 19 10:07:57.210647 np0000174687 devstack@neutron-api.service[103009]: DEBUG neutron_lib.callbacks.manager [None req-4a666c73-e4f4-4f8f-a781-44ca6db840d0 None None] Subscribe: > floatingip after_update 55550000, False {{(pid=103009) subscribe /opt/stack/data/venv/lib/python3.12/site-packages/neutron_lib/callbacks/manager.py:52}}
May 19 10:07:57.210681 np0000174687 devstack@neutron-api.service[103007]: DEBUG neutron.api.extensions [None req-0b7a1324-6c43-4b31-aa28-0cd696c56b9d None None] Ext name="project_id field enabled" alias="project-id" description="Extension that indicates that project_id field is enabled." updated="2016-09-09T09:09:09-09:09" {{(pid=103007) _check_extension /opt/stack/neutron/neutron/api/extensions.py:415}}
May 19 10:07:57.210713 np0000174687 devstack@neutron-api.service[103009]: DEBUG neutron_lib.callbacks.manager [None req-4a666c73-e4f4-4f8f-a781-44ca6db840d0 None None] Subscribe: > port_forwarding after_create 55550000, False {{(pid=103009) subscribe /opt/stack/data/venv/lib/python3.12/site-packages/neutron_lib/callbacks/manager.py:52}}
May 19 10:07:57.210820 np0000174687 devstack@neutron-api.service[103007]: INFO neutron.api.extensions [None req-0b7a1324-6c43-4b31-aa28-0cd696c56b9d None None] Loaded extension: project-id
May 19 10:07:57.210852 np0000174687 devstack@neutron-api.service[103006]: INFO neutron.api.extensions [None req-5f36d1e0-a65c-4290-94bf-805de17c07c2 None None] Loaded extension: network-ip-availability
May 19 10:07:57.210883 np0000174687 devstack@neutron-api.service[103009]: DEBUG neutron_lib.callbacks.manager [None req-4a666c73-e4f4-4f8f-a781-44ca6db840d0 None None] Subscribe: > router_interface after_delete 55550000, False {{(pid=103009) subscribe /opt/stack/data/venv/lib/python3.12/site-packages/neutron_lib/callbacks/manager.py:52}}
May 19 10:07:57.210915 np0000174687 devstack@neutron-api.service[103007]: DEBUG neutron.api.extensions [None req-0b7a1324-6c43-4b31-aa28-0cd696c56b9d None None] Loading extension file: providernet.py {{(pid=103007) _load_all_extensions_from_path /opt/stack/neutron/neutron/api/extensions.py:449}}
May 19 10:07:57.210944 np0000174687 devstack@neutron-api.service[103006]: DEBUG neutron.api.extensions [None req-5f36d1e0-a65c-4290-94bf-805de17c07c2 None None] Loading extension file: network_ip_availability_details.py {{(pid=103006) _load_all_extensions_from_path /opt/stack/neutron/neutron/api/extensions.py:449}}
May 19 10:07:57.210971 np0000174687 devstack@neutron-api.service[103009]: DEBUG neutron_lib.callbacks.manager [None req-4a666c73-e4f4-4f8f-a781-44ca6db840d0 None None] Subscribe: > router after_create 55550000, False {{(pid=103009) subscribe /opt/stack/data/venv/lib/python3.12/site-packages/neutron_lib/callbacks/manager.py:52}}
May 19 10:07:57.210971 np0000174687 devstack@neutron-api.service[103009]: DEBUG neutron_lib.callbacks.manager [None req-4a666c73-e4f4-4f8f-a781-44ca6db840d0 None None] Subscribe: > router precommit_create 55550000, False {{(pid=103009) subscribe /opt/stack/data/venv/lib/python3.12/site-packages/neutron_lib/callbacks/manager.py:52}}
May 19 10:07:57.211035 np0000174687 devstack@neutron-api.service[103007]: DEBUG neutron.api.extensions [None req-0b7a1324-6c43-4b31-aa28-0cd696c56b9d None None] Ext name="Provider Network" alias="provider" description="Expose mapping of virtual networks to physical networks" updated="2012-09-07T10:00:00-00:00" {{(pid=103007) _check_extension /opt/stack/neutron/neutron/api/extensions.py:415}}
May 19 10:07:57.211069 np0000174687 devstack@neutron-api.service[103006]: DEBUG neutron.api.extensions [None req-5f36d1e0-a65c-4290-94bf-805de17c07c2 None None] Ext name="Network IP Availability Details Extension" alias="network-ip-availability-details" description="Add ip_availability_details attribute to network-ip-availabilities resource." updated="2025-10-31T00:00:00-00:00" {{(pid=103006) _check_extension /opt/stack/neutron/neutron/api/extensions.py:415}}
May 19 10:07:57.211102 np0000174687 devstack@neutron-api.service[103009]: DEBUG neutron_lib.callbacks.manager [None req-4a666c73-e4f4-4f8f-a781-44ca6db840d0 None None] Subscribe: > router after_delete 55550000, False {{(pid=103009) subscribe /opt/stack/data/venv/lib/python3.12/site-packages/neutron_lib/callbacks/manager.py:52}}
May 19 10:07:57.211102 np0000174687 devstack@neutron-api.service[103009]: DEBUG neutron_lib.callbacks.manager [None req-4a666c73-e4f4-4f8f-a781-44ca6db840d0 None None] Subscribe: > router after_update 55550000, False {{(pid=103009) subscribe /opt/stack/data/venv/lib/python3.12/site-packages/neutron_lib/callbacks/manager.py:52}}
May 19 10:07:57.211161 np0000174687 devstack@neutron-api.service[103007]: INFO neutron.api.extensions [None req-0b7a1324-6c43-4b31-aa28-0cd696c56b9d None None] Loaded extension: provider
May 19 10:07:57.211197 np0000174687 devstack@neutron-api.service[103006]: INFO neutron.api.extensions [None req-5f36d1e0-a65c-4290-94bf-805de17c07c2 None None] Loaded extension: network-ip-availability-details
May 19 10:07:57.211226 np0000174687 devstack@neutron-api.service[103007]: DEBUG neutron.api.extensions [None req-0b7a1324-6c43-4b31-aa28-0cd696c56b9d None None] Loading extension file: qinq.py {{(pid=103007) _load_all_extensions_from_path /opt/stack/neutron/neutron/api/extensions.py:449}}
May 19 10:07:57.211264 np0000174687 devstack@neutron-api.service[103009]: DEBUG neutron.services.service_base [None req-4a666c73-e4f4-4f8f-a781-44ca6db840d0 None None] Loaded 'neutron.services.ovn_l3.service_providers.ovn.OvnDriver' provider for service L3_ROUTER_NAT {{(pid=103009) load_drivers /opt/stack/neutron/neutron/services/service_base.py:49}}
May 19 10:07:57.211296 np0000174687 devstack@neutron-api.service[103006]: DEBUG neutron.api.extensions [None req-5f36d1e0-a65c-4290-94bf-805de17c07c2 None None] Loading extension file: network_segment_range.py {{(pid=103006) _load_all_extensions_from_path /opt/stack/neutron/neutron/api/extensions.py:449}}
May 19 10:07:57.211327 np0000174687 devstack@neutron-api.service[103009]: DEBUG neutron_lib.callbacks.manager [None req-4a666c73-e4f4-4f8f-a781-44ca6db840d0 None None] Subscribe: > process after_init 55550001, True {{(pid=103009) subscribe /opt/stack/data/venv/lib/python3.12/site-packages/neutron_lib/callbacks/manager.py:52}}
May 19 10:07:57.211327 np0000174687 devstack@neutron-api.service[103009]: DEBUG neutron.manager [None req-4a666c73-e4f4-4f8f-a781-44ca6db840d0 None None] Successfully loaded L3_ROUTER_NAT plugin. Description: L3 Router Service Plugin for basic L3 forwarding using OVN {{(pid=103009) _create_and_add_service_plugin /opt/stack/neutron/neutron/manager.py:239}}
May 19 10:07:57.211379 np0000174687 devstack@neutron-api.service[103007]: DEBUG neutron.api.extensions [None req-0b7a1324-6c43-4b31-aa28-0cd696c56b9d None None] Ext name="QinQ networks" alias="qinq" description="Expose network 'qinq' attribute in the API. This allows to configure network to allow vlan in vlan configuration using 0x8a88 ethertype (QinQ)." updated="2024-12-02T10:00:00-00:00" {{(pid=103007) _check_extension /opt/stack/neutron/neutron/api/extensions.py:415}}
May 19 10:07:57.211407 np0000174687 devstack@neutron-api.service[103009]: INFO neutron.manager [None req-4a666c73-e4f4-4f8f-a781-44ca6db840d0 None None] Loading Plugin: auto_allocate
May 19 10:07:57.211437 np0000174687 devstack@neutron-api.service[103006]: DEBUG neutron.api.extensions [None req-5f36d1e0-a65c-4290-94bf-805de17c07c2 None None] Ext name="Neutron Network Segment Range" alias="network-segment-range" description="Provides support for the network segment range management" updated="2018-11-29T00:00:00-00:00" {{(pid=103006) _check_extension /opt/stack/neutron/neutron/api/extensions.py:415}}
May 19 10:07:57.211471 np0000174687 devstack@neutron-api.service[103007]: INFO neutron.api.extensions [None req-0b7a1324-6c43-4b31-aa28-0cd696c56b9d None None] Loaded extension: qinq
May 19 10:07:57.211471 np0000174687 devstack@neutron-api.service[103007]: DEBUG neutron.api.extensions [None req-0b7a1324-6c43-4b31-aa28-0cd696c56b9d None None] Loading extension file: qos.py {{(pid=103007) _load_all_extensions_from_path /opt/stack/neutron/neutron/api/extensions.py:449}}
May 19 10:07:57.211526 np0000174687 devstack@neutron-api.service[103006]: INFO neutron.api.extensions [None req-5f36d1e0-a65c-4290-94bf-805de17c07c2 None None] Extension network-segment-range not supported by any of loaded plugins
May 19 10:07:57.211526 np0000174687 devstack@neutron-api.service[103006]: DEBUG neutron.api.extensions [None req-5f36d1e0-a65c-4290-94bf-805de17c07c2 None None] Loading extension file: pagination.py {{(pid=103006) _load_all_extensions_from_path /opt/stack/neutron/neutron/api/extensions.py:449}}
May 19 10:07:57.211853 np0000174687 devstack@neutron-api.service[103006]: DEBUG neutron.api.extensions [None req-5f36d1e0-a65c-4290-94bf-805de17c07c2 None None] Ext name="Pagination support" alias="pagination" description="Extension that indicates that pagination is enabled." updated="2016-06-12T00:00:00-00:00" {{(pid=103006) _check_extension /opt/stack/neutron/neutron/api/extensions.py:415}}
May 19 10:07:57.211949 np0000174687 devstack@neutron-api.service[103006]: INFO neutron.api.extensions [None req-5f36d1e0-a65c-4290-94bf-805de17c07c2 None None] Loaded extension: pagination
May 19 10:07:57.212040 np0000174687 devstack@neutron-api.service[103006]: DEBUG neutron.api.extensions [None req-5f36d1e0-a65c-4290-94bf-805de17c07c2 None None] Loading extension file: port_device_profile.py {{(pid=103006) _load_all_extensions_from_path /opt/stack/neutron/neutron/api/extensions.py:449}}
May 19 10:07:57.212102 np0000174687 devstack@neutron-api.service[103009]: DEBUG neutron_lib.callbacks.manager [None req-4a666c73-e4f4-4f8f-a781-44ca6db840d0 None None] Subscribe: network precommit_update 55550000, False {{(pid=103009) subscribe /opt/stack/data/venv/lib/python3.12/site-packages/neutron_lib/callbacks/manager.py:52}}
May 19 10:07:57.212204 np0000174687 devstack@neutron-api.service[103008]: DEBUG neutron.common.ovn.hash_ring_manager [-] Hash Ring loaded. 1 active nodes. 0 offline nodes {{(pid=103008) _load_hash_ring /opt/stack/neutron/neutron/common/ovn/hash_ring_manager.py:102}}
May 19 10:07:57.212693 np0000174687 devstack@neutron-api.service[103007]: DEBUG neutron.api.extensions [None req-0b7a1324-6c43-4b31-aa28-0cd696c56b9d None None] Ext name="Quality of Service" alias="qos" description="The Quality of Service extension." updated="2015-06-08T10:00:00-00:00" {{(pid=103007) _check_extension /opt/stack/neutron/neutron/api/extensions.py:415}}
May 19 10:07:57.212734 np0000174687 devstack@neutron-api.service[103009]: DEBUG neutron_lib.callbacks.manager [None req-4a666c73-e4f4-4f8f-a781-44ca6db840d0 None None] Subscribe: network precommit_create 55550000, False {{(pid=103009) subscribe /opt/stack/data/venv/lib/python3.12/site-packages/neutron_lib/callbacks/manager.py:52}}
May 19 10:07:57.212766 np0000174687 devstack@neutron-api.service[103006]: DEBUG neutron.api.extensions [None req-5f36d1e0-a65c-4290-94bf-805de17c07c2 None None] Ext name="Port device profile" alias="port-device-profile" description="Expose the port device profile (Cyborg)" updated="2020-12-17T10:00:00-00:00" {{(pid=103006) _check_extension /opt/stack/neutron/neutron/api/extensions.py:415}}
May 19 10:07:57.212795 np0000174687 devstack@neutron-api.service[103008]: DEBUG neutron.plugins.ml2.drivers.ovn.mech_driver.ovsdb.ovsdb_monitor [-] Hash Ring: Node 0bcf8f0b4e85598c979584c377760ee3 (host: np0000174687) handling event "update" for row f6c617c1-e7f1-459b-baca-af66614a82a5 (table: Connection) {{(pid=103008) notify /opt/stack/neutron/neutron/plugins/ml2/drivers/ovn/mech_driver/ovsdb/ovsdb_monitor.py:942}}
May 19 10:07:57.212833 np0000174687 devstack@neutron-api.service[103007]: INFO neutron.api.extensions [None req-0b7a1324-6c43-4b31-aa28-0cd696c56b9d None None] Extension qos not supported by any of loaded plugins
May 19 10:07:57.212864 np0000174687 devstack@neutron-api.service[103006]: INFO neutron.api.extensions [None req-5f36d1e0-a65c-4290-94bf-805de17c07c2 None None] Loaded extension: port-device-profile
May 19 10:07:57.212864 np0000174687 devstack@neutron-api.service[103006]: DEBUG neutron.api.extensions [None req-5f36d1e0-a65c-4290-94bf-805de17c07c2 None None] Loading extension file: port_hardware_offload_type.py {{(pid=103006) _load_all_extensions_from_path /opt/stack/neutron/neutron/api/extensions.py:449}}
May 19 10:07:57.212920 np0000174687 devstack@neutron-api.service[103007]: DEBUG neutron.api.extensions [None req-0b7a1324-6c43-4b31-aa28-0cd696c56b9d None None] Loading extension file: qos_bw_limit_direction.py {{(pid=103007) _load_all_extensions_from_path /opt/stack/neutron/neutron/api/extensions.py:449}}
May 19 10:07:57.212957 np0000174687 devstack@neutron-api.service[103009]: DEBUG neutron.manager [None req-4a666c73-e4f4-4f8f-a781-44ca6db840d0 None None] Successfully loaded auto-allocated-topology plugin. Description: Auto Allocated Topology - aka get me a network. {{(pid=103009) _create_and_add_service_plugin /opt/stack/neutron/neutron/manager.py:239}}
May 19 10:07:57.212957 np0000174687 devstack@neutron-api.service[103009]: INFO neutron.manager [None req-4a666c73-e4f4-4f8f-a781-44ca6db840d0 None None] Loading Plugin: tag
May 19 10:07:57.213010 np0000174687 devstack@neutron-api.service[103006]: DEBUG neutron.api.extensions [None req-5f36d1e0-a65c-4290-94bf-805de17c07c2 None None] Ext name="Port hardware offload" alias="port-hardware-offload-type" description="Expose port hardware offload extension" updated="2023-05-09T10:00:00-00:00" {{(pid=103006) _check_extension /opt/stack/neutron/neutron/api/extensions.py:415}}
May 19 10:07:57.213047 np0000174687 devstack@neutron-api.service[103007]: DEBUG neutron.api.extensions [None req-0b7a1324-6c43-4b31-aa28-0cd696c56b9d None None] Ext name="Direction for QoS bandwidth limit rule" alias="qos-bw-limit-direction" description="Allow to configure QoS bandwidth limit rule with specific direction: ingress or egress" updated="2017-04-10T10:00:00-00:00" {{(pid=103007) _check_extension /opt/stack/neutron/neutron/api/extensions.py:415}}
May 19 10:07:57.213080 np0000174687 devstack@neutron-api.service[103006]: INFO neutron.api.extensions [None req-5f36d1e0-a65c-4290-94bf-805de17c07c2 None None] Extension port-hardware-offload-type not supported by any of loaded plugins
May 19 10:07:57.213222 np0000174687 devstack@neutron-api.service[103007]: INFO neutron.api.extensions [None req-0b7a1324-6c43-4b31-aa28-0cd696c56b9d None None] Extension qos-bw-limit-direction not supported by any of loaded plugins
May 19 10:07:57.213270 np0000174687 devstack@neutron-api.service[103006]: DEBUG neutron.api.extensions [None req-5f36d1e0-a65c-4290-94bf-805de17c07c2 None None] Loading extension file: port_hint_ovs_tx_steering.py {{(pid=103006) _load_all_extensions_from_path /opt/stack/neutron/neutron/api/extensions.py:449}}
May 19 10:07:57.213302 np0000174687 devstack@neutron-api.service[103007]: DEBUG neutron.api.extensions [None req-0b7a1324-6c43-4b31-aa28-0cd696c56b9d None None] Loading extension file: qos_bw_minimum_ingress.py {{(pid=103007) _load_all_extensions_from_path /opt/stack/neutron/neutron/api/extensions.py:449}}
May 19 10:07:57.213464 np0000174687 devstack@neutron-api.service[103006]: DEBUG neutron.api.extensions [None req-5f36d1e0-a65c-4290-94bf-805de17c07c2 None None] Ext name="Port hint: Open vSwitch Tx steering" alias="port-hint-ovs-tx-steering" description="Enable Port hint: Open vSwitch Tx steering" updated="2023-01-01T00:00:00-00:00" {{(pid=103006) _check_extension /opt/stack/neutron/neutron/api/extensions.py:415}}
May 19 10:07:57.213542 np0000174687 devstack@neutron-api.service[103007]: DEBUG neutron.api.extensions [None req-0b7a1324-6c43-4b31-aa28-0cd696c56b9d None None] Ext name="Ingress direction for QoS minimum bandwidth rule" alias="qos-bw-minimum-ingress" description="Allow to configure QoS minumum bandwidth rule with ingress direction." updated="2018-07-09T10:00:00-00:00" {{(pid=103007) _check_extension /opt/stack/neutron/neutron/api/extensions.py:415}}
May 19 10:07:57.213762 np0000174687 devstack@neutron-api.service[103007]: INFO neutron.api.extensions [None req-0b7a1324-6c43-4b31-aa28-0cd696c56b9d None None] Extension qos-bw-minimum-ingress not supported by any of loaded plugins
May 19 10:07:57.213797 np0000174687 devstack@neutron-api.service[103006]: INFO neutron.api.extensions [None req-5f36d1e0-a65c-4290-94bf-805de17c07c2 None None] Extension port-hint-ovs-tx-steering not supported by any of loaded plugins
May 19 10:07:57.213863 np0000174687 devstack@neutron-api.service[103007]: DEBUG neutron.api.extensions [None req-0b7a1324-6c43-4b31-aa28-0cd696c56b9d None None] Loading extension file: qos_default.py {{(pid=103007) _load_all_extensions_from_path /opt/stack/neutron/neutron/api/extensions.py:449}}
May 19 10:07:57.213897 np0000174687 devstack@neutron-api.service[103006]: DEBUG neutron.api.extensions [None req-5f36d1e0-a65c-4290-94bf-805de17c07c2 None None] Loading extension file: port_hints.py {{(pid=103006) _load_all_extensions_from_path /opt/stack/neutron/neutron/api/extensions.py:449}}
May 19 10:07:57.214094 np0000174687 devstack@neutron-api.service[103006]: DEBUG neutron.api.extensions [None req-5f36d1e0-a65c-4290-94bf-805de17c07c2 None None] Ext name="Port hints" alias="port-hints" description="Backend specific port hints to allow backend specific tuning" updated="2023-01-01T00:00:00-00:00" {{(pid=103006) _check_extension /opt/stack/neutron/neutron/api/extensions.py:415}}
May 19 10:07:57.214130 np0000174687 devstack@neutron-api.service[103007]: DEBUG neutron.api.extensions [None req-0b7a1324-6c43-4b31-aa28-0cd696c56b9d None None] Ext name="QoS default policy" alias="qos-default" description="Expose the QoS default policy per project" updated="2017-041-06T10:00:00-00:00" {{(pid=103007) _check_extension /opt/stack/neutron/neutron/api/extensions.py:415}}
May 19 10:07:57.214380 np0000174687 devstack@neutron-api.service[103007]: INFO neutron.api.extensions [None req-0b7a1324-6c43-4b31-aa28-0cd696c56b9d None None] Extension qos-default not supported by any of loaded plugins
May 19 10:07:57.214417 np0000174687 devstack@neutron-api.service[103006]: INFO neutron.api.extensions [None req-5f36d1e0-a65c-4290-94bf-805de17c07c2 None None] Extension port-hints not supported by any of loaded plugins
May 19 10:07:57.214448 np0000174687 devstack@neutron-api.service[103007]: DEBUG neutron.api.extensions [None req-0b7a1324-6c43-4b31-aa28-0cd696c56b9d None None] Loading extension file: qos_fip.py {{(pid=103007) _load_all_extensions_from_path /opt/stack/neutron/neutron/api/extensions.py:449}}
May 19 10:07:57.214481 np0000174687 devstack@neutron-api.service[103006]: DEBUG neutron.api.extensions [None req-5f36d1e0-a65c-4290-94bf-805de17c07c2 None None] Loading extension file: port_mac_address_override.py {{(pid=103006) _load_all_extensions_from_path /opt/stack/neutron/neutron/api/extensions.py:449}}
May 19 10:07:57.214587 np0000174687 devstack@neutron-api.service[103006]: DEBUG neutron.api.extensions [None req-5f36d1e0-a65c-4290-94bf-805de17c07c2 None None] Ext name="Neutron Port MAC address override" alias="port-mac-override" description="Allow overriding the MAC address of a direct-physical Port via the active binding profile" updated="2022-03-18T10:00:00-00:00" {{(pid=103006) _check_extension /opt/stack/neutron/neutron/api/extensions.py:415}}
May 19 10:07:57.214623 np0000174687 devstack@neutron-api.service[103007]: DEBUG neutron.api.extensions [None req-0b7a1324-6c43-4b31-aa28-0cd696c56b9d None None] Ext name="Floating IP QoS" alias="qos-fip" description="The floating IP Quality of Service extension" updated="2017-07-20T00:00:00-00:00" {{(pid=103007) _check_extension /opt/stack/neutron/neutron/api/extensions.py:415}}
May 19 10:07:57.214755 np0000174687 devstack@neutron-api.service[103006]: INFO neutron.api.extensions [None req-5f36d1e0-a65c-4290-94bf-805de17c07c2 None None] Extension port-mac-override not supported by any of loaded plugins
May 19 10:07:57.214791 np0000174687 devstack@neutron-api.service[103007]: INFO neutron.api.extensions [None req-0b7a1324-6c43-4b31-aa28-0cd696c56b9d None None] Extension qos-fip not supported by any of loaded plugins
May 19 10:07:57.214847 np0000174687 devstack@neutron-api.service[103006]: DEBUG neutron.api.extensions [None req-5f36d1e0-a65c-4290-94bf-805de17c07c2 None None] Loading extension file: port_mac_address_regenerate.py {{(pid=103006) _load_all_extensions_from_path /opt/stack/neutron/neutron/api/extensions.py:449}}
May 19 10:07:57.214881 np0000174687 devstack@neutron-api.service[103007]: DEBUG neutron.api.extensions [None req-0b7a1324-6c43-4b31-aa28-0cd696c56b9d None None] Loading extension file: qos_fip_network_policy.py {{(pid=103007) _load_all_extensions_from_path /opt/stack/neutron/neutron/api/extensions.py:449}}
May 19 10:07:57.215071 np0000174687 devstack@neutron-api.service[103006]: DEBUG neutron.api.extensions [None req-5f36d1e0-a65c-4290-94bf-805de17c07c2 None None] Ext name="Neutron Port MAC address regenerate" alias="port-mac-address-regenerate" description="Network port MAC address regenerate" updated="2018-05-03T10:00:00-00:00" {{(pid=103006) _check_extension /opt/stack/neutron/neutron/api/extensions.py:415}}
