2026-03-18 09:21:29.435 7 INFO placement.requestlog [None req-43cb41f9-7123-4894-a756-1588af1067a9 57675bc937564cf6bc81f226e3864d2c 484ec9289a1b4d989fe2846a68f73a12 - - 10a4cae71f6f4f47966fccb840b36e28 10a4cae71f6f4f47966fccb840b36e28] 10.0.0.50 "GET /resource_providers/8c44cc33-295c-4d27-8de0-d6f38eec38c1/aggregates" status: 404 len: 235 microversion: 1.1 [pid: 7|app: 0|req: 350/698] 10.0.0.50 () {32 vars in 814 bytes} [Wed Mar 18 09:21:29 2026] GET /resource_providers/8c44cc33-295c-4d27-8de0-d6f38eec38c1/aggregates => generated 235 bytes in 8 msecs (HTTP/1.1 404) 5 headers in 202 bytes (1 switches on core 0)
2026-03-18 09:21:29.448 8 INFO placement.requestlog [None req-a942ea83-7bd3-4b4f-9510-27333c99e26f 57675bc937564cf6bc81f226e3864d2c 484ec9289a1b4d989fe2846a68f73a12 - - 10a4cae71f6f4f47966fccb840b36e28 10a4cae71f6f4f47966fccb840b36e28] 10.0.0.50 "DELETE /resource_providers/8c44cc33-295c-4d27-8de0-d6f38eec38c1" status: 404 len: 246 microversion: 1.1 [pid: 8|app: 0|req: 349/699] 10.0.0.50 () {34 vars in 814 bytes} [Wed Mar 18 09:21:29 2026] DELETE /resource_providers/8c44cc33-295c-4d27-8de0-d6f38eec38c1 => generated 246 bytes in 5 msecs (HTTP/1.1 404) 6 headers in 231 bytes (1 switches on core 0)
2026-03-18 09:21:29.449 7 INFO placement.requestlog [None req-2ae2be15-c7d9-4fc6-b0c7-91d501b357a1 57675bc937564cf6bc81f226e3864d2c 484ec9289a1b4d989fe2846a68f73a12 - - 10a4cae71f6f4f47966fccb840b36e28 10a4cae71f6f4f47966fccb840b36e28] 10.0.0.50 "DELETE /resource_providers/8c44cc33-295c-4d27-8de0-d6f38eec38c1" status: 404 len: 246 microversion: 1.1 [pid: 7|app: 0|req: 351/700] 10.0.0.50 () {34 vars in 814 bytes} [Wed Mar 18 09:21:29 2026] DELETE /resource_providers/8c44cc33-295c-4d27-8de0-d6f38eec38c1 => generated 246 bytes in 5 msecs (HTTP/1.1 404) 6 headers in 231 bytes (1 switches on core 0)
2026-03-18 09:21:34.604 7 INFO placement.requestlog [None req-7baa1524-bf78-4419-8c4e-66a8e0a43329 - - - - - -] 10.0.0.185 "GET /" status: 200 len: 136 microversion: 1.0
2026-03-18 09:21:34.604 8 INFO placement.requestlog [None req-7d5dea63-2db2-4ee1-8550-6e8db6e4cd1c - - - - - -] 10.0.0.185 "GET /" status: 200 len: 136 microversion: 1.0
2026-03-18 09:21:34.935 7 INFO placement.requestlog [req-02f59d0a-4157-4fcc-a567-eebccca209d2 req-87d7451b-e094-4443-a6a6-f6afb06fff3f a856c7caabf248da93ee70718051151c 484ec9289a1b4d989fe2846a68f73a12 - - 10a4cae71f6f4f47966fccb840b36e28 10a4cae71f6f4f47966fccb840b36e28] 199.19.213.152 "GET /resource_providers/de6c7e72-eb92-47ea-838d-5838e731a09f/allocations" status: 200 len: 238 microversion: 1.0 [pid: 7|app: 0|req: 353/703] 199.19.213.152 () {32 vars in 856 bytes} [Wed Mar 18 09:21:34 2026] GET /resource_providers/de6c7e72-eb92-47ea-838d-5838e731a09f/allocations => generated 238 bytes in 19 msecs (HTTP/1.1 200) 6 headers in 224 bytes (1 switches on core 0)
2026-03-18 09:21:34.958 8 INFO placement.requestlog [req-02f59d0a-4157-4fcc-a567-eebccca209d2 req-8eda1493-e7ef-4810-9102-640c85369e92 a856c7caabf248da93ee70718051151c 484ec9289a1b4d989fe2846a68f73a12 - - 10a4cae71f6f4f47966fccb840b36e28 10a4cae71f6f4f47966fccb840b36e28] 199.19.213.152 "GET /resource_providers/de6c7e72-eb92-47ea-838d-5838e731a09f/allocations" status: 200 len: 238 microversion: 1.0 [pid: 8|app: 0|req: 351/704] 199.19.213.152 () {32 vars in 856 bytes} [Wed Mar 18 09:21:34 2026] GET /resource_providers/de6c7e72-eb92-47ea-838d-5838e731a09f/allocations => generated 238 bytes in 15 msecs (HTTP/1.1 200) 6 headers in 224 bytes (1 switches on core 0)
2026-03-18 09:21:34.981 7 INFO placement.requestlog [req-02f59d0a-4157-4fcc-a567-eebccca209d2 req-510e935e-3246-4d98-8a6c-6da6df530b18 a856c7caabf248da93ee70718051151c 484ec9289a1b4d989fe2846a68f73a12 - - 10a4cae71f6f4f47966fccb840b36e28 10a4cae71f6f4f47966fccb840b36e28] 199.19.213.152 "GET /allocations/804164ad-2bb1-400b-b240-f0d4ac3dcaf1" status: 200 len: 257 microversion: 1.28 [pid: 7|app: 0|req: 354/705] 199.19.213.152 () {34 vars in 862 bytes} [Wed Mar 18 09:21:34 2026] GET /allocations/804164ad-2bb1-400b-b240-f0d4ac3dcaf1 => generated 257 bytes in 18 msecs (HTTP/1.1 200) 8 headers in 296 bytes (1 switches on core 0)
2026-03-18 09:21:34.997 8 INFO placement.requestlog [req-02f59d0a-4157-4fcc-a567-eebccca209d2 req-3ae2ba56-3f1b-4201-a36b-16c1177f34e9 a856c7caabf248da93ee70718051151c 484ec9289a1b4d989fe2846a68f73a12 - - 10a4cae71f6f4f47966fccb840b36e28 10a4cae71f6f4f47966fccb840b36e28] 199.19.213.152 "GET /allocations/846b22b1-aa8c-496e-96c3-f8e95f8c378e" status: 200 len: 243 microversion: 1.28 [pid: 8|app: 0|req: 352/706] 199.19.213.152 () {34 vars in 862 bytes} [Wed Mar 18 09:21:34 2026] GET /allocations/846b22b1-aa8c-496e-96c3-f8e95f8c378e => generated 243 bytes in 11 msecs (HTTP/1.1 200) 8 headers in 296 bytes (1 switches on core 0)
2026-03-18 09:21:38.156 7 INFO placement.requestlog [req-f83cdd07-5f2e-4cb9-9cd0-70b5a418c3f6 req-abfba579-d9cb-4a62-b233-435d6d7b56fb a856c7caabf248da93ee70718051151c 484ec9289a1b4d989fe2846a68f73a12 - - 10a4cae71f6f4f47966fccb840b36e28 10a4cae71f6f4f47966fccb840b36e28] 10.0.0.229 "GET /allocation_candidates?limit=1000&resources=DISK_GB%3A1%2CMEMORY_MB%3A512%2CVCPU%3A1&root_required=%21COMPUTE_STATUS_DISABLED" status: 200 len: 2445 microversion: 1.36 [pid: 7|app: 0|req: 355/707] 10.0.0.229 () {34 vars in 1011 bytes} [Wed Mar 18 09:21:38 2026] GET /allocation_candidates?limit=1000&resources=DISK_GB%3A1%2CMEMORY_MB%3A512%2CVCPU%3A1&root_required=%21COMPUTE_STATUS_DISABLED => generated 2445 bytes in 43 msecs (HTTP/1.1 200) 8 headers in 297 bytes (1 switches on core 0)
2026-03-18 09:21:38.188 8 INFO placement.requestlog [req-f83cdd07-5f2e-4cb9-9cd0-70b5a418c3f6 req-6474b8f7-af86-4798-8491-e8b79867b302 a856c7caabf248da93ee70718051151c 484ec9289a1b4d989fe2846a68f73a12 - - 10a4cae71f6f4f47966fccb840b36e28 10a4cae71f6f4f47966fccb840b36e28] 10.0.0.229 "GET /allocations/7ff61623-37bc-400b-a368-163c82b65577" status: 200 len: 19 microversion: 1.28 [pid: 8|app: 0|req: 353/708] 10.0.0.229 () {34 vars in 860 bytes} [Wed Mar 18 09:21:38 2026] GET /allocations/7ff61623-37bc-400b-a368-163c82b65577 => generated 19 bytes in 9 msecs (HTTP/1.1 200) 8 headers in 295 bytes (1 switches on core 0)
2026-03-18 09:21:38.299 7 INFO placement.requestlog [req-f83cdd07-5f2e-4cb9-9cd0-70b5a418c3f6 req-74114558-56bb-4dc9-aef7-e4645738f881 a856c7caabf248da93ee70718051151c 484ec9289a1b4d989fe2846a68f73a12 - - 10a4cae71f6f4f47966fccb840b36e28 10a4cae71f6f4f47966fccb840b36e28] 10.0.0.229 "PUT /allocations/7ff61623-37bc-400b-a368-163c82b65577" status: 204 len: 0 microversion: 1.36 [pid: 7|app: 0|req: 356/709] 10.0.0.229 () {38 vars in 913 bytes} [Wed Mar 18 09:21:38 2026] PUT /allocations/7ff61623-37bc-400b-a368-163c82b65577 => generated 0 bytes in 105 msecs (HTTP/1.1 204) 5 headers in 199 bytes (1 switches on core 0)
2026-03-18 09:21:39.778 8 INFO placement.requestlog [req-f83cdd07-5f2e-4cb9-9cd0-70b5a418c3f6 req-afeca59e-2318-4693-ac0f-f28bb4554512 a856c7caabf248da93ee70718051151c 484ec9289a1b4d989fe2846a68f73a12 - - 10a4cae71f6f4f47966fccb840b36e28 10a4cae71f6f4f47966fccb840b36e28] 199.19.213.152 "GET /allocations/7ff61623-37bc-400b-a368-163c82b65577" status: 200 len: 257 microversion: 1.28 [pid: 8|app: 0|req: 354/710] 199.19.213.152 () {34 vars in 862 bytes} [Wed Mar 18 09:21:39 2026] GET /allocations/7ff61623-37bc-400b-a368-163c82b65577 => generated 257 bytes in 11 msecs (HTTP/1.1 200) 8 headers in 296 bytes (1 switches on core 0)
2026-03-18 09:21:40.822 7 INFO placement.requestlog [req-f83cdd07-5f2e-4cb9-9cd0-70b5a418c3f6 req-aa020c24-cd31-4352-a7e2-70316b5a11b2 a856c7caabf248da93ee70718051151c 484ec9289a1b4d989fe2846a68f73a12 - - 10a4cae71f6f4f47966fccb840b36e28 10a4cae71f6f4f47966fccb840b36e28] 199.19.213.152 "GET /resource_providers/de6c7e72-eb92-47ea-838d-5838e731a09f/allocations" status: 200 len: 338 microversion: 1.0 [pid: 7|app: 0|req: 357/711] 199.19.213.152 () {32 vars in 856 bytes} [Wed Mar 18 09:21:40 2026] GET /resource_providers/de6c7e72-eb92-47ea-838d-5838e731a09f/allocations => generated 338 bytes in 17 msecs (HTTP/1.1 200) 6 headers in 224 bytes (1 switches on core 0)
2026-03-18 09:21:40.844 8 INFO placement.requestlog [req-f83cdd07-5f2e-4cb9-9cd0-70b5a418c3f6 req-35d9216c-9607-42f9-8317-1ff731dc1c3c a856c7caabf248da93ee70718051151c 484ec9289a1b4d989fe2846a68f73a12 - - 10a4cae71f6f4f47966fccb840b36e28 10a4cae71f6f4f47966fccb840b36e28] 199.19.213.152 "GET /allocations/7ff61623-37bc-400b-a368-163c82b65577" status: 200 len: 257 microversion: 1.28 [pid: 8|app: 0|req: 355/712] 199.19.213.152 () {34 vars in 862 bytes} [Wed Mar 18 09:21:40 2026] GET /allocations/7ff61623-37bc-400b-a368-163c82b65577 => generated 257 bytes in 14 msecs (HTTP/1.1 200) 8 headers in 296 bytes (1 switches on core 0)
2026-03-18 09:21:40.860 7 INFO placement.requestlog [req-f83cdd07-5f2e-4cb9-9cd0-70b5a418c3f6 req-854cb071-e86c-4aae-816c-687a7f2b55df a856c7caabf248da93ee70718051151c 484ec9289a1b4d989fe2846a68f73a12 - - 10a4cae71f6f4f47966fccb840b36e28 10a4cae71f6f4f47966fccb840b36e28] 199.19.213.152 "GET /allocations/804164ad-2bb1-400b-b240-f0d4ac3dcaf1" status: 200 len: 257 microversion: 1.28 [pid: 7|app: 0|req: 358/713] 199.19.213.152 () {34 vars in 862 bytes} [Wed Mar 18 09:21:40 2026] GET /allocations/804164ad-2bb1-400b-b240-f0d4ac3dcaf1 => generated 257 bytes in 10 msecs (HTTP/1.1 200) 8 headers in 296 bytes (1 switches on core 0)
2026-03-18 09:21:40.888 8 INFO placement.requestlog [req-f83cdd07-5f2e-4cb9-9cd0-70b5a418c3f6 req-70873a38-18a4-476a-a35f-21cb11289a0b a856c7caabf248da93ee70718051151c 484ec9289a1b4d989fe2846a68f73a12 - - 10a4cae71f6f4f47966fccb840b36e28 10a4cae71f6f4f47966fccb840b36e28] 199.19.213.152 "GET /allocations/846b22b1-aa8c-496e-96c3-f8e95f8c378e" status: 200 len: 243 microversion: 1.28 [pid: 8|app: 0|req: 356/714] 199.19.213.152 () {34 vars in 862 bytes} [Wed Mar 18 09:21:40 2026] GET /allocations/846b22b1-aa8c-496e-96c3-f8e95f8c378e => generated 243 bytes in 17 msecs (HTTP/1.1 200) 8 headers in 296 bytes (1 switches on core 0)
2026-03-18 09:21:41.238 7 INFO placement.requestlog [req-a5526241-fd82-4ce0-b131-b02a3c5ca592 req-71b99fae-c336-432b-8607-4c0ac8c636f9 a856c7caabf248da93ee70718051151c 484ec9289a1b4d989fe2846a68f73a12 - - 10a4cae71f6f4f47966fccb840b36e28 10a4cae71f6f4f47966fccb840b36e28] 10.0.0.229 "GET /allocation_candidates?limit=1000&resources=DISK_GB%3A1%2CMEMORY_MB%3A512%2CVCPU%3A1&root_required=%21COMPUTE_STATUS_DISABLED" status: 200 len: 2445 microversion: 1.36 [pid: 7|app: 0|req: 359/715] 10.0.0.229 () {34 vars in 1011 bytes} [Wed Mar 18 09:21:41 2026] GET /allocation_candidates?limit=1000&resources=DISK_GB%3A1%2CMEMORY_MB%3A512%2CVCPU%3A1&root_required=%21COMPUTE_STATUS_DISABLED => generated 2445 bytes in 51 msecs (HTTP/1.1 200) 8 headers in 297 bytes (1 switches on core 0)
2026-03-18 09:21:41.267 8 INFO placement.requestlog [req-a5526241-fd82-4ce0-b131-b02a3c5ca592 req-c1d42aa3-5e7d-4573-b20d-e1d13826dc72 a856c7caabf248da93ee70718051151c 484ec9289a1b4d989fe2846a68f73a12 - - 10a4cae71f6f4f47966fccb840b36e28 10a4cae71f6f4f47966fccb840b36e28] 10.0.0.229 "GET /allocations/3522afba-d034-4ea5-ac28-0fbff4e44d04" status: 200 len: 19 microversion: 1.28 [pid: 8|app: 0|req: 357/716] 10.0.0.229 () {34 vars in 860 bytes} [Wed Mar 18 09:21:41 2026] GET /allocations/3522afba-d034-4ea5-ac28-0fbff4e44d04 => generated 19 bytes in 12 msecs (HTTP/1.1 200) 8 headers in 295 bytes (1 switches on core 0)
2026-03-18 09:21:41.332 7 INFO placement.requestlog [req-a5526241-fd82-4ce0-b131-b02a3c5ca592 req-5beba5ee-4110-4310-98ae-fd10b18076ee a856c7caabf248da93ee70718051151c 484ec9289a1b4d989fe2846a68f73a12 - - 10a4cae71f6f4f47966fccb840b36e28 10a4cae71f6f4f47966fccb840b36e28] 10.0.0.229 "PUT /allocations/3522afba-d034-4ea5-ac28-0fbff4e44d04" status: 204 len: 0 microversion: 1.36 [pid: 7|app: 0|req: 360/717] 10.0.0.229 () {38 vars in 913 bytes} [Wed Mar 18 09:21:41 2026] PUT /allocations/3522afba-d034-4ea5-ac28-0fbff4e44d04 => generated 0 bytes in 57 msecs (HTTP/1.1 204) 5 headers in 199 bytes (1 switches on core 0)
2026-03-18 09:21:42.819 8 INFO placement.requestlog [req-a5526241-fd82-4ce0-b131-b02a3c5ca592 req-2bf2c5e7-9b68-4e4e-a4a0-7f13308f0e33 a856c7caabf248da93ee70718051151c 484ec9289a1b4d989fe2846a68f73a12 - - 10a4cae71f6f4f47966fccb840b36e28 10a4cae71f6f4f47966fccb840b36e28] 199.19.213.152 "GET /allocations/3522afba-d034-4ea5-ac28-0fbff4e44d04" status: 200 len: 257 microversion: 1.28 [pid: 8|app: 0|req: 358/718] 199.19.213.152 () {34 vars in 862 bytes} [Wed Mar 18 09:21:42 2026] GET /allocations/3522afba-d034-4ea5-ac28-0fbff4e44d04 => generated 257 bytes in 12 msecs (HTTP/1.1 200) 8 headers in 296 bytes (1 switches on core 0)
2026-03-18 09:21:43.854 7 INFO placement.requestlog [req-a5526241-fd82-4ce0-b131-b02a3c5ca592 req-fb3eaf18-9946-4a8a-a672-b9ffbb79d7e0 a856c7caabf248da93ee70718051151c 484ec9289a1b4d989fe2846a68f73a12 - - 10a4cae71f6f4f47966fccb840b36e28 10a4cae71f6f4f47966fccb840b36e28] 199.19.213.152 "GET /resource_providers/de6c7e72-eb92-47ea-838d-5838e731a09f/allocations" status: 200 len: 438 microversion: 1.0 [pid: 7|app: 0|req: 361/719] 199.19.213.152 () {32 vars in 856 bytes} [Wed Mar 18 09:21:43 2026] GET /resource_providers/de6c7e72-eb92-47ea-838d-5838e731a09f/allocations => generated 438 bytes in 14 msecs (HTTP/1.1 200) 6 headers in 224 bytes (1 switches on core 0)
2026-03-18 09:21:43.872 8 INFO placement.requestlog [req-a5526241-fd82-4ce0-b131-b02a3c5ca592 req-0aca5318-0209-49d7-bd01-016a31144c46 a856c7caabf248da93ee70718051151c 484ec9289a1b4d989fe2846a68f73a12 - - 10a4cae71f6f4f47966fccb840b36e28 10a4cae71f6f4f47966fccb840b36e28] 199.19.213.152 "GET /allocations/7ff61623-37bc-400b-a368-163c82b65577" status: 200 len: 257 microversion: 1.28 [pid: 8|app: 0|req: 359/720] 199.19.213.152 () {34 vars in 862 bytes} [Wed Mar 18 09:21:43 2026] GET /allocations/7ff61623-37bc-400b-a368-163c82b65577 => generated 257 bytes in 11 msecs (HTTP/1.1 200) 8 headers in 296 bytes (1 switches on core 0)
2026-03-18 09:21:43.888 7 INFO placement.requestlog [req-a5526241-fd82-4ce0-b131-b02a3c5ca592 req-f4379843-9433-4acc-bd60-095c32f535ab a856c7caabf248da93ee70718051151c 484ec9289a1b4d989fe2846a68f73a12 - - 10a4cae71f6f4f47966fccb840b36e28 10a4cae71f6f4f47966fccb840b36e28] 199.19.213.152 "GET /allocations/804164ad-2bb1-400b-b240-f0d4ac3dcaf1" status: 200 len: 257 microversion: 1.28 [pid: 7|app: 0|req: 362/721] 199.19.213.152 () {34 vars in 862 bytes} [Wed Mar 18 09:21:43 2026] GET /allocations/804164ad-2bb1-400b-b240-f0d4ac3dcaf1 => generated 257 bytes in 12 msecs (HTTP/1.1 200) 8 headers in 296 bytes (1 switches on core 0)
2026-03-18 09:21:43.908 8 INFO placement.requestlog [req-a5526241-fd82-4ce0-b131-b02a3c5ca592 req-b9966832-ae87-4fca-9ed1-300fdf4ac933 a856c7caabf248da93ee70718051151c 484ec9289a1b4d989fe2846a68f73a12 - - 10a4cae71f6f4f47966fccb840b36e28 10a4cae71f6f4f47966fccb840b36e28] 199.19.213.152 "GET /allocations/3522afba-d034-4ea5-ac28-0fbff4e44d04" status: 200 len: 257 microversion: 1.28 [pid: 8|app: 0|req: 360/722] 199.19.213.152 () {34 vars in 862 bytes} [Wed Mar 18 09:21:43 2026] GET /allocations/3522afba-d034-4ea5-ac28-0fbff4e44d04 => generated 257 bytes in 12 msecs (HTTP/1.1 200) 8 headers in 296 bytes (1 switches on core 0)
2026-03-18 09:21:43.927 7 INFO placement.requestlog [req-a5526241-fd82-4ce0-b131-b02a3c5ca592 req-06f5c750-7433-4735-b9b2-05ae5019e544 a856c7caabf248da93ee70718051151c 484ec9289a1b4d989fe2846a68f73a12 - - 10a4cae71f6f4f47966fccb840b36e28 10a4cae71f6f4f47966fccb840b36e28] 199.19.213.152 "GET /allocations/846b22b1-aa8c-496e-96c3-f8e95f8c378e" status: 200 len: 243 microversion: 1.28 [pid: 7|app: 0|req: 363/723] 199.19.213.152 () {34 vars in 862 bytes} [Wed Mar 18 09:21:43 2026] GET /allocations/846b22b1-aa8c-496e-96c3-f8e95f8c378e => generated 243 bytes in 16 msecs (HTTP/1.1 200) 8 headers in 296 bytes (1 switches on core 0)
2026-03-18 09:21:44.604 8 INFO placement.requestlog [None req-aaf9b15d-f846-4011-bb9f-e3fc2173b34d - - - - - -] 10.0.0.185 "GET /" status: 200 len: 136 microversion: 1.0
2026-03-18 09:21:44.605 7 INFO placement.requestlog [None req-fea84753-864b-44e4-bed8-14ac3a69a967 - - - - - -] 10.0.0.185 "GET /" status: 200 len: 136 microversion: 1.0
2026-03-18 09:21:54.605 8 INFO placement.requestlog [None req-ec74009c-99d3-4621-99a0-2712306b3ef2 - - - - - -] 10.0.0.185 "GET /" status: 200 len: 136 microversion: 1.0
2026-03-18 09:21:54.605 7 INFO placement.requestlog [None req-dc9161f3-2c13-4d97-b834-d9cc696b45b1 - - - - - -] 10.0.0.185 "GET /" status: 200 len: 136 microversion: 1.0
2026-03-18 09:21:57.273 8 INFO placement.requestlog [req-ad21d209-24a2-44ea-8c37-873851e33bce req-3235ea23-1675-4ddd-8218-c7a472662427 a856c7caabf248da93ee70718051151c 484ec9289a1b4d989fe2846a68f73a12 - - 10a4cae71f6f4f47966fccb840b36e28 10a4cae71f6f4f47966fccb840b36e28] 199.19.213.152 "GET /resource_providers/de6c7e72-eb92-47ea-838d-5838e731a09f/allocations" status: 200 len: 438 microversion: 1.0 [pid: 8|app: 0|req: 363/728] 199.19.213.152 () {32 vars in 856 bytes} [Wed Mar 18 09:21:57 2026] GET /resource_providers/de6c7e72-eb92-47ea-838d-5838e731a09f/allocations => generated 438 bytes in 21 msecs (HTTP/1.1 200) 6 headers in 224 bytes (1 switches on core 0)
2026-03-18 09:21:57.291 7 INFO placement.requestlog [req-ad21d209-24a2-44ea-8c37-873851e33bce req-004672db-fdb9-4bdf-b442-1404446b182a a856c7caabf248da93ee70718051151c 484ec9289a1b4d989fe2846a68f73a12 - - 10a4cae71f6f4f47966fccb840b36e28 10a4cae71f6f4f47966fccb840b36e28] 199.19.213.152 "GET /allocations/7ff61623-37bc-400b-a368-163c82b65577" status: 200 len: 257 microversion: 1.28 [pid: 7|app: 0|req: 366/729] 199.19.213.152 () {34 vars in 862 bytes} [Wed Mar 18 09:21:57 2026] GET /allocations/7ff61623-37bc-400b-a368-163c82b65577 => generated 257 bytes in 10 msecs (HTTP/1.1 200) 8 headers in 296 bytes (1 switches on core 0)
2026-03-18 09:21:57.311 8 INFO placement.requestlog [req-ad21d209-24a2-44ea-8c37-873851e33bce req-f8dd3ba2-f361-4b43-acad-4ae699d30e13 a856c7caabf248da93ee70718051151c 484ec9289a1b4d989fe2846a68f73a12 - - 10a4cae71f6f4f47966fccb840b36e28 10a4cae71f6f4f47966fccb840b36e28] 199.19.213.152 "GET /allocations/804164ad-2bb1-400b-b240-f0d4ac3dcaf1" status: 200 len: 257 microversion: 1.28 [pid: 8|app: 0|req: 364/730] 199.19.213.152 () {34 vars in 862 bytes} [Wed Mar 18 09:21:57 2026] GET /allocations/804164ad-2bb1-400b-b240-f0d4ac3dcaf1 => generated 257 bytes in 15 msecs (HTTP/1.1 200) 8 headers in 296 bytes (1 switches on core 0)
2026-03-18 09:21:57.335 7 INFO placement.requestlog [req-ad21d209-24a2-44ea-8c37-873851e33bce req-4a1dfdc8-2635-4c51-a966-ba4edce4a827 a856c7caabf248da93ee70718051151c 484ec9289a1b4d989fe2846a68f73a12 - - 10a4cae71f6f4f47966fccb840b36e28 10a4cae71f6f4f47966fccb840b36e28] 199.19.213.152 "GET /allocations/3522afba-d034-4ea5-ac28-0fbff4e44d04" status: 200 len: 257 microversion: 1.28 [pid: 7|app: 0|req: 367/731] 199.19.213.152 () {34 vars in 862 bytes} [Wed Mar 18 09:21:57 2026] GET /allocations/3522afba-d034-4ea5-ac28-0fbff4e44d04 => generated 257 bytes in 15 msecs (HTTP/1.1 200) 8 headers in 296 bytes (1 switches on core 0)
2026-03-18 09:21:57.355 8 INFO placement.requestlog [req-ad21d209-24a2-44ea-8c37-873851e33bce req-95b0cf46-951d-4552-a9ea-b632d0280bd3 a856c7caabf248da93ee70718051151c 484ec9289a1b4d989fe2846a68f73a12 - - 10a4cae71f6f4f47966fccb840b36e28 10a4cae71f6f4f47966fccb840b36e28] 199.19.213.152 "GET /allocations/846b22b1-aa8c-496e-96c3-f8e95f8c378e" status: 200 len: 243 microversion: 1.28 [pid: 8|app: 0|req: 365/732] 199.19.213.152 () {34 vars in 862 bytes} [Wed Mar 18 09:21:57 2026] GET /allocations/846b22b1-aa8c-496e-96c3-f8e95f8c378e => generated 243 bytes in 16 msecs (HTTP/1.1 200) 8 headers in 296 bytes (1 switches on core 0)
2026-03-18 09:21:58.413 7 INFO placement.requestlog [req-ad21d209-24a2-44ea-8c37-873851e33bce req-77f46836-4d52-4606-93a3-970d8c3e4674 a856c7caabf248da93ee70718051151c 484ec9289a1b4d989fe2846a68f73a12 - - 10a4cae71f6f4f47966fccb840b36e28 10a4cae71f6f4f47966fccb840b36e28] 199.19.213.152 "DELETE /allocations/846b22b1-aa8c-496e-96c3-f8e95f8c378e" status: 204 len: 0 microversion: 1.0 [pid: 7|app: 0|req: 368/733] 199.19.213.152 () {34 vars in 840 bytes} [Wed Mar 18 09:21:58 2026] DELETE /allocations/846b22b1-aa8c-496e-96c3-f8e95f8c378e => generated 0 bytes in 29 msecs (HTTP/1.1 204) 5 headers in 198 bytes (1 switches on core 0)
2026-03-18 09:22:00.213 8 INFO placement.requestlog [req-ad3af168-576c-467e-869d-6475654cf769 req-19e490ba-e30e-4ab4-8ff1-38683dbb40df a856c7caabf248da93ee70718051151c 484ec9289a1b4d989fe2846a68f73a12 - - 10a4cae71f6f4f47966fccb840b36e28 10a4cae71f6f4f47966fccb840b36e28] 199.19.213.152 "GET /resource_providers/de6c7e72-eb92-47ea-838d-5838e731a09f/allocations" status: 200 len: 352 microversion: 1.0 [pid: 8|app: 0|req: 366/734] 199.19.213.152 () {32 vars in 856 bytes} [Wed Mar 18 09:22:00 2026] GET /resource_providers/de6c7e72-eb92-47ea-838d-5838e731a09f/allocations => generated 352 bytes in 15 msecs (HTTP/1.1 200) 6 headers in 224 bytes (1 switches on core 0)
2026-03-18 09:22:00.233 7 INFO placement.requestlog [req-ad3af168-576c-467e-869d-6475654cf769 req-7322f0d9-0938-44ff-aafc-44a14e15f044 a856c7caabf248da93ee70718051151c 484ec9289a1b4d989fe2846a68f73a12 - - 10a4cae71f6f4f47966fccb840b36e28 10a4cae71f6f4f47966fccb840b36e28] 199.19.213.152 "GET /allocations/7ff61623-37bc-400b-a368-163c82b65577" status: 200 len: 257 microversion: 1.28 [pid: 7|app: 0|req: 369/735] 199.19.213.152 () {34 vars in 862 bytes} [Wed Mar 18 09:22:00 2026] GET /allocations/7ff61623-37bc-400b-a368-163c82b65577 => generated 257 bytes in 14 msecs (HTTP/1.1 200) 8 headers in 296 bytes (1 switches on core 0)
2026-03-18 09:22:00.253 8 INFO placement.requestlog [req-ad3af168-576c-467e-869d-6475654cf769 req-182cc921-4767-4554-b489-b909a3a482a5 a856c7caabf248da93ee70718051151c 484ec9289a1b4d989fe2846a68f73a12 - - 10a4cae71f6f4f47966fccb840b36e28 10a4cae71f6f4f47966fccb840b36e28] 199.19.213.152 "GET /allocations/804164ad-2bb1-400b-b240-f0d4ac3dcaf1" status: 200 len: 257 microversion: 1.28 [pid: 8|app: 0|req: 367/736] 199.19.213.152 () {34 vars in 862 bytes} [Wed Mar 18 09:22:00 2026] GET /allocations/804164ad-2bb1-400b-b240-f0d4ac3dcaf1 => generated 257 bytes in 13 msecs (HTTP/1.1 200) 8 headers in 296 bytes (1 switches on core 0)
2026-03-18 09:22:00.267 7 INFO placement.requestlog [req-ad3af168-576c-467e-869d-6475654cf769 req-a3267d9d-7ac5-44ed-8fc8-9cd6d7e9b898 a856c7caabf248da93ee70718051151c 484ec9289a1b4d989fe2846a68f73a12 - - 10a4cae71f6f4f47966fccb840b36e28 10a4cae71f6f4f47966fccb840b36e28] 199.19.213.152 "GET /allocations/3522afba-d034-4ea5-ac28-0fbff4e44d04" status: 200 len: 257 microversion: 1.28 [pid: 7|app: 0|req: 370/737] 199.19.213.152 () {34 vars in 862 bytes} [Wed Mar 18 09:22:00 2026] GET /allocations/3522afba-d034-4ea5-ac28-0fbff4e44d04 => generated 257 bytes in 8 msecs (HTTP/1.1 200) 8 headers in 296 bytes (1 switches on core 0)
2026-03-18 09:22:01.316 8 INFO placement.requestlog [req-ad3af168-576c-467e-869d-6475654cf769 req-f9c75280-3dbb-4064-846c-d6d703d039e7 a856c7caabf248da93ee70718051151c 484ec9289a1b4d989fe2846a68f73a12 - - 10a4cae71f6f4f47966fccb840b36e28 10a4cae71f6f4f47966fccb840b36e28] 199.19.213.152 "DELETE /allocations/7ff61623-37bc-400b-a368-163c82b65577" status: 204 len: 0 microversion: 1.0 [pid: 8|app: 0|req: 368/738] 199.19.213.152 () {34 vars in 840 bytes} [Wed Mar 18 09:22:01 2026] DELETE /allocations/7ff61623-37bc-400b-a368-163c82b65577 => generated 0 bytes in 25 msecs (HTTP/1.1 204) 5 headers in 198 bytes (1 switches on core 0)
2026-03-18 09:22:02.585 8 INFO placement.requestlog [None req-200f5ee5-6172-4541-81fc-7079b4cc56d0 57675bc937564cf6bc81f226e3864d2c 484ec9289a1b4d989fe2846a68f73a12 - - 10a4cae71f6f4f47966fccb840b36e28 10a4cae71f6f4f47966fccb840b36e28] 10.0.0.50 "GET /resource_providers/db3c5c2c-dcab-43e3-98b7-cf3cc8dc9414/aggregates" status: 404 len: 235 microversion: 1.1 [pid: 8|app: 0|req: 369/739] 10.0.0.50 () {32 vars in 814 bytes} [Wed Mar 18 09:22:02 2026] GET /resource_providers/db3c5c2c-dcab-43e3-98b7-cf3cc8dc9414/aggregates => generated 235 bytes in 9 msecs (HTTP/1.1 404) 5 headers in 202 bytes (1 switches on core 0)
2026-03-18 09:22:02.586 7 INFO placement.requestlog [None req-9352fcf2-bec7-436e-b175-04d1142a0d0d 57675bc937564cf6bc81f226e3864d2c 484ec9289a1b4d989fe2846a68f73a12 - - 10a4cae71f6f4f47966fccb840b36e28 10a4cae71f6f4f47966fccb840b36e28] 10.0.0.50 "GET /resource_providers/db3c5c2c-dcab-43e3-98b7-cf3cc8dc9414/aggregates" status: 404 len: 235 microversion: 1.1 [pid: 7|app: 0|req: 371/740] 10.0.0.50 () {32 vars in 814 bytes} [Wed Mar 18 09:22:02 2026] GET /resource_providers/db3c5c2c-dcab-43e3-98b7-cf3cc8dc9414/aggregates => generated 235 bytes in 11 msecs (HTTP/1.1 404) 5 headers in 202 bytes (1 switches on core 0)
2026-03-18 09:22:02.607 8 INFO placement.requestlog [None req-0ab3fc55-24fe-464c-903e-4760b4b942eb 57675bc937564cf6bc81f226e3864d2c 484ec9289a1b4d989fe2846a68f73a12 - - 10a4cae71f6f4f47966fccb840b36e28 10a4cae71f6f4f47966fccb840b36e28] 10.0.0.50 "DELETE /resource_providers/db3c5c2c-dcab-43e3-98b7-cf3cc8dc9414" status: 404 len: 246 microversion: 1.1 [pid: 8|app: 0|req: 370/741] 10.0.0.50 () {34 vars in 814 bytes} [Wed Mar 18 09:22:02 2026] DELETE /resource_providers/db3c5c2c-dcab-43e3-98b7-cf3cc8dc9414 => generated 246 bytes in 8 msecs (HTTP/1.1 404) 6 headers in 231 bytes (1 switches on core 0)
2026-03-18 09:22:02.611 7 INFO placement.requestlog [None req-b4cdaaeb-49ac-46c4-b20f-d9c9d007aef4 57675bc937564cf6bc81f226e3864d2c 484ec9289a1b4d989fe2846a68f73a12 - - 10a4cae71f6f4f47966fccb840b36e28 10a4cae71f6f4f47966fccb840b36e28] 10.0.0.50 "DELETE /resource_providers/db3c5c2c-dcab-43e3-98b7-cf3cc8dc9414" status: 404 len: 246 microversion: 1.1 [pid: 7|app: 0|req: 372/742] 10.0.0.50 () {34 vars in 814 bytes} [Wed Mar 18 09:22:02 2026] DELETE /resource_providers/db3c5c2c-dcab-43e3-98b7-cf3cc8dc9414 => generated 246 bytes in 9 msecs (HTTP/1.1 404) 6 headers in 231 bytes (1 switches on core 0)
2026-03-18 09:22:03.366 8 INFO placement.requestlog [req-19ffb76e-4b4a-4196-9a01-aafde48cfc5b req-20d19a93-00f7-4c6e-bdf4-887ec86a4818 a856c7caabf248da93ee70718051151c 484ec9289a1b4d989fe2846a68f73a12 - - 10a4cae71f6f4f47966fccb840b36e28 10a4cae71f6f4f47966fccb840b36e28] 199.19.213.152 "GET /resource_providers/de6c7e72-eb92-47ea-838d-5838e731a09f/allocations" status: 200 len: 252 microversion: 1.0 [pid: 8|app: 0|req: 371/743] 199.19.213.152 () {32 vars in 856 bytes} [Wed Mar 18 09:22:03 2026] GET /resource_providers/de6c7e72-eb92-47ea-838d-5838e731a09f/allocations => generated 252 bytes in 12 msecs (HTTP/1.1 200) 6 headers in 224 bytes (1 switches on core 0)
2026-03-18 09:22:03.384 7 INFO placement.requestlog [req-19ffb76e-4b4a-4196-9a01-aafde48cfc5b req-8fb93b8d-1202-419d-acc9-19de420bca63 a856c7caabf248da93ee70718051151c 484ec9289a1b4d989fe2846a68f73a12 - - 10a4cae71f6f4f47966fccb840b36e28 10a4cae71f6f4f47966fccb840b36e28] 199.19.213.152 "GET /allocations/804164ad-2bb1-400b-b240-f0d4ac3dcaf1" status: 200 len: 257 microversion: 1.28 [pid: 7|app: 0|req: 373/744] 199.19.213.152 () {34 vars in 862 bytes} [Wed Mar 18 09:22:03 2026] GET /allocations/804164ad-2bb1-400b-b240-f0d4ac3dcaf1 => generated 257 bytes in 10 msecs (HTTP/1.1 200) 8 headers in 296 bytes (1 switches on core 0)
2026-03-18 09:22:03.410 8 INFO placement.requestlog [req-19ffb76e-4b4a-4196-9a01-aafde48cfc5b req-c902192b-9ed9-4031-a449-89404b9004b5 a856c7caabf248da93ee70718051151c 484ec9289a1b4d989fe2846a68f73a12 - - 10a4cae71f6f4f47966fccb840b36e28 10a4cae71f6f4f47966fccb840b36e28] 199.19.213.152 "GET /allocations/3522afba-d034-4ea5-ac28-0fbff4e44d04" status: 200 len: 257 microversion: 1.28 [pid: 8|app: 0|req: 372/745] 199.19.213.152 () {34 vars in 862 bytes} [Wed Mar 18 09:22:03 2026] GET /allocations/3522afba-d034-4ea5-ac28-0fbff4e44d04 => generated 257 bytes in 14 msecs (HTTP/1.1 200) 8 headers in 296 bytes (1 switches on core 0)
2026-03-18 09:22:04.476 7 INFO placement.requestlog [req-19ffb76e-4b4a-4196-9a01-aafde48cfc5b req-a833a00b-cc6f-4b80-a754-aa0a3c58c8cd a856c7caabf248da93ee70718051151c 484ec9289a1b4d989fe2846a68f73a12 - - 10a4cae71f6f4f47966fccb840b36e28 10a4cae71f6f4f47966fccb840b36e28] 199.19.213.152 "DELETE /allocations/3522afba-d034-4ea5-ac28-0fbff4e44d04" status: 204 len: 0 microversion: 1.0 [pid: 7|app: 0|req: 374/746] 199.19.213.152 () {34 vars in 840 bytes} [Wed Mar 18 09:22:04 2026] DELETE /allocations/3522afba-d034-4ea5-ac28-0fbff4e44d04 => generated 0 bytes in 30 msecs (HTTP/1.1 204) 5 headers in 198 bytes (1 switches on core 0)
2026-03-18 09:22:04.605 8 INFO placement.requestlog [None req-256dd321-3777-49d9-b5b3-757a59a63bc2 - - - - - -] 10.0.0.185 "GET /" status: 200 len: 136 microversion: 1.0
2026-03-18 09:22:04.605 7 INFO placement.requestlog [None req-d2609fee-f94e-4578-880a-b78066bce542 - - - - - -] 10.0.0.185 "GET /" status: 200 len: 136 microversion: 1.0
2026-03-18 09:22:04.880 8 INFO placement.requestlog [None req-48bab599-4b6c-400b-8b38-79ccf5593f58 cbeca97b018e4b1c9dd80ffef877ffe0 29d55224b619410eaf6dc6a2d28907e9 - - default default] 10.0.0.226 "GET /resource_providers" status: 200 len: 405 microversion: 1.0 [pid: 8|app: 0|req: 374/749] 10.0.0.226 () {28 vars in 592 bytes} [Wed Mar 18 09:22:04 2026] GET /resource_providers => generated 405 bytes in 182 msecs (HTTP/1.1 200) 6 headers in 224 bytes (1 switches on core 0)
2026-03-18 09:22:04.902 7 INFO placement.requestlog [None req-b7187a4d-256f-4386-9026-e1caca180087 cbeca97b018e4b1c9dd80ffef877ffe0 29d55224b619410eaf6dc6a2d28907e9 - - default default] 10.0.0.226 "GET /resource_providers/de6c7e72-eb92-47ea-838d-5838e731a09f/inventories" status: 200 len: 400 microversion: 1.0 [pid: 7|app: 0|req: 376/750] 10.0.0.226 () {28 vars in 690 bytes} [Wed Mar 18 09:22:04 2026] GET /resource_providers/de6c7e72-eb92-47ea-838d-5838e731a09f/inventories => generated 400 bytes in 16 msecs (HTTP/1.1 200) 6 headers in 224 bytes (1 switches on core 0)
2026-03-18 09:22:04.920 8 INFO placement.requestlog [None req-fe358388-67be-48e7-9bf6-97eb422d395f cbeca97b018e4b1c9dd80ffef877ffe0 29d55224b619410eaf6dc6a2d28907e9 - - default default] 10.0.0.226 "GET /resource_providers/de6c7e72-eb92-47ea-838d-5838e731a09f/usages" status: 200 len: 90 microversion: 1.0 [pid: 8|app: 0|req: 375/751] 10.0.0.226 () {28 vars in 680 bytes} [Wed Mar 18 09:22:04 2026] GET /resource_providers/de6c7e72-eb92-47ea-838d-5838e731a09f/usages => generated 90 bytes in 15 msecs (HTTP/1.1 200) 6 headers in 223 bytes (1 switches on core 0)
2026-03-18 09:22:07.173 8 INFO placement.requestlog [None req-a78afa01-cab7-4dff-b9ba-832fed2b57ff 57675bc937564cf6bc81f226e3864d2c 484ec9289a1b4d989fe2846a68f73a12 - - 10a4cae71f6f4f47966fccb840b36e28 10a4cae71f6f4f47966fccb840b36e28] 10.0.0.50 "GET /resource_providers/0eb6c3f4-370f-4951-acb9-9323e7f26a34/aggregates" status: 404 len: 235 microversion: 1.1 [pid: 8|app: 0|req: 376/752] 10.0.0.50 () {32 vars in 814 bytes} [Wed Mar 18 09:22:07 2026] GET /resource_providers/0eb6c3f4-370f-4951-acb9-9323e7f26a34/aggregates => generated 235 bytes in 8 msecs (HTTP/1.1 404) 5 headers in 202 bytes (1 switches on core 0)
2026-03-18 09:22:07.175 7 INFO placement.requestlog [None req-bf65696d-30e6-4401-a06a-523fa09ec35b 57675bc937564cf6bc81f226e3864d2c 484ec9289a1b4d989fe2846a68f73a12 - - 10a4cae71f6f4f47966fccb840b36e28 10a4cae71f6f4f47966fccb840b36e28] 10.0.0.50 "GET /resource_providers/0eb6c3f4-370f-4951-acb9-9323e7f26a34/aggregates" status: 404 len: 235 microversion: 1.1 [pid: 7|app: 0|req: 377/753] 10.0.0.50 () {32 vars in 814 bytes} [Wed Mar 18 09:22:07 2026] GET /resource_providers/0eb6c3f4-370f-4951-acb9-9323e7f26a34/aggregates => generated 235 bytes in 10 msecs (HTTP/1.1 404) 5 headers in 202 bytes (1 switches on core 0)
2026-03-18 09:22:07.204 8 INFO placement.requestlog [None req-9cbcfb91-6f5c-46f0-864c-313645e97747 57675bc937564cf6bc81f226e3864d2c 484ec9289a1b4d989fe2846a68f73a12 - - 10a4cae71f6f4f47966fccb840b36e28 10a4cae71f6f4f47966fccb840b36e28] 10.0.0.50 "DELETE /resource_providers/0eb6c3f4-370f-4951-acb9-9323e7f26a34" status: 404 len: 246 microversion: 1.1 [pid: 8|app: 0|req: 377/754] 10.0.0.50 () {34 vars in 814 bytes} [Wed Mar 18 09:22:07 2026] DELETE /resource_providers/0eb6c3f4-370f-4951-acb9-9323e7f26a34 => generated 246 bytes in 9 msecs (HTTP/1.1 404) 6 headers in 231 bytes (1 switches on core 0)
2026-03-18 09:22:07.208 7 INFO placement.requestlog [None req-8eec5fed-58ce-4258-ac69-f20fd621cabf 57675bc937564cf6bc81f226e3864d2c 484ec9289a1b4d989fe2846a68f73a12 - - 10a4cae71f6f4f47966fccb840b36e28 10a4cae71f6f4f47966fccb840b36e28] 10.0.0.50 "DELETE /resource_providers/0eb6c3f4-370f-4951-acb9-9323e7f26a34" status: 404 len: 246 microversion: 1.1 [pid: 7|app: 0|req: 378/755] 10.0.0.50 () {34 vars in 814 bytes} [Wed Mar 18 09:22:07 2026] DELETE /resource_providers/0eb6c3f4-370f-4951-acb9-9323e7f26a34 => generated 246 bytes in 11 msecs (HTTP/1.1 404) 6 headers in 231 bytes (1 switches on core 0)
2026-03-18 09:22:11.160 8 INFO placement.requestlog [None req-752130b8-f86e-4f70-8845-d684ba4b28c3 57675bc937564cf6bc81f226e3864d2c 484ec9289a1b4d989fe2846a68f73a12 - - 10a4cae71f6f4f47966fccb840b36e28 10a4cae71f6f4f47966fccb840b36e28] 10.0.0.50 "GET /resource_providers/7e3fe785-1795-428c-81cb-8cfd6183d5f7/aggregates" status: 404 len: 235 microversion: 1.1 [pid: 8|app: 0|req: 378/756] 10.0.0.50 () {32 vars in 814 bytes} [Wed Mar 18 09:22:11 2026] GET /resource_providers/7e3fe785-1795-428c-81cb-8cfd6183d5f7/aggregates => generated 235 bytes in 9 msecs (HTTP/1.1 404) 5 headers in 202 bytes (1 switches on core 0)
2026-03-18 09:22:11.165 7 INFO placement.requestlog [None req-f4bd447e-d6bb-4970-aa96-64a02297ae23 57675bc937564cf6bc81f226e3864d2c 484ec9289a1b4d989fe2846a68f73a12 - - 10a4cae71f6f4f47966fccb840b36e28 10a4cae71f6f4f47966fccb840b36e28] 10.0.0.50 "GET /resource_providers/7e3fe785-1795-428c-81cb-8cfd6183d5f7/aggregates" status: 404 len: 235 microversion: 1.1 [pid: 7|app: 0|req: 379/757] 10.0.0.50 () {32 vars in 814 bytes} [Wed Mar 18 09:22:11 2026] GET /resource_providers/7e3fe785-1795-428c-81cb-8cfd6183d5f7/aggregates => generated 235 bytes in 10 msecs (HTTP/1.1 404) 5 headers in 202 bytes (1 switches on core 0)
2026-03-18 09:22:11.188 8 INFO placement.requestlog [None req-6f232d0b-5a8f-4534-a8f0-69bad78d5424 57675bc937564cf6bc81f226e3864d2c 484ec9289a1b4d989fe2846a68f73a12 - - 10a4cae71f6f4f47966fccb840b36e28 10a4cae71f6f4f47966fccb840b36e28] 10.0.0.50 "DELETE /resource_providers/7e3fe785-1795-428c-81cb-8cfd6183d5f7" status: 404 len: 246 microversion: 1.1
2026-03-18 09:22:11.188 7 INFO placement.requestlog [None req-95345070-b977-441e-a04e-e253a0ee01e7 57675bc937564cf6bc81f226e3864d2c 484ec9289a1b4d989fe2846a68f73a12 - - 10a4cae71f6f4f47966fccb840b36e28 10a4cae71f6f4f47966fccb840b36e28] 10.0.0.50 "DELETE /resource_providers/7e3fe785-1795-428c-81cb-8cfd6183d5f7" status: 404 len: 246 microversion: 1.1 [pid: 8|app: 0|req: 379/758] 10.0.0.50 () {34 vars in 814 bytes} [Wed Mar 18 09:22:11 2026] DELETE /resource_providers/7e3fe785-1795-428c-81cb-8cfd6183d5f7 => generated 246 bytes in 10 msecs (HTTP/1.1 404) 6 headers in 231 bytes (1 switches on core 0) [pid: 7|app: 0|req: 380/759] 10.0.0.50 () {34 vars in 814 bytes} [Wed Mar 18 09:22:11 2026] DELETE /resource_providers/7e3fe785-1795-428c-81cb-8cfd6183d5f7 => generated 246 bytes in 10 msecs (HTTP/1.1 404) 6 headers in 231 bytes (1 switches on core 0)
2026-03-18 09:22:14.470 8 INFO placement.requestlog [req-551ecc45-b398-40ab-a269-8ad1bba9ab82 req-18ba0e8c-bf19-4835-a308-56faee849ed2 a856c7caabf248da93ee70718051151c 484ec9289a1b4d989fe2846a68f73a12 - - 10a4cae71f6f4f47966fccb840b36e28 10a4cae71f6f4f47966fccb840b36e28] 10.0.0.229 "GET /allocation_candidates?limit=1000&resources=DISK_GB%3A1%2CMEMORY_MB%3A512%2CVCPU%3A1&root_required=%21COMPUTE_STATUS_DISABLED" status: 200 len: 2444 microversion: 1.36 [pid: 8|app: 0|req: 380/760] 10.0.0.229 () {34 vars in 1011 bytes} [Wed Mar 18 09:22:14 2026] GET /allocation_candidates?limit=1000&resources=DISK_GB%3A1%2CMEMORY_MB%3A512%2CVCPU%3A1&root_required=%21COMPUTE_STATUS_DISABLED => generated 2444 bytes in 50 msecs (HTTP/1.1 200) 8 headers in 297 bytes (1 switches on core 0)
2026-03-18 09:22:14.500 7 INFO placement.requestlog [req-551ecc45-b398-40ab-a269-8ad1bba9ab82 req-4dc6657d-35a4-44fa-acfe-76d0af8b64ea a856c7caabf248da93ee70718051151c 484ec9289a1b4d989fe2846a68f73a12 - - 10a4cae71f6f4f47966fccb840b36e28 10a4cae71f6f4f47966fccb840b36e28] 10.0.0.229 "GET /allocations/cd5d76b3-bd2a-41c1-ab44-4ba11727d0dd" status: 200 len: 19 microversion: 1.28 [pid: 7|app: 0|req: 381/761] 10.0.0.229 () {34 vars in 860 bytes} [Wed Mar 18 09:22:14 2026] GET /allocations/cd5d76b3-bd2a-41c1-ab44-4ba11727d0dd => generated 19 bytes in 10 msecs (HTTP/1.1 200) 8 headers in 295 bytes (1 switches on core 0)
2026-03-18 09:22:14.568 8 INFO placement.requestlog [req-551ecc45-b398-40ab-a269-8ad1bba9ab82 req-c9d5d02a-9f65-4c61-96d1-8f073bb852b0 a856c7caabf248da93ee70718051151c 484ec9289a1b4d989fe2846a68f73a12 - - 10a4cae71f6f4f47966fccb840b36e28 10a4cae71f6f4f47966fccb840b36e28] 10.0.0.229 "PUT /allocations/cd5d76b3-bd2a-41c1-ab44-4ba11727d0dd" status: 204 len: 0 microversion: 1.36 [pid: 8|app: 0|req: 381/762] 10.0.0.229 () {38 vars in 913 bytes} [Wed Mar 18 09:22:14 2026] PUT /allocations/cd5d76b3-bd2a-41c1-ab44-4ba11727d0dd => generated 0 bytes in 63 msecs (HTTP/1.1 204) 5 headers in 199 bytes (1 switches on core 0)
2026-03-18 09:22:14.606 7 INFO placement.requestlog [None req-59fe0e4c-fb88-4501-b657-6fed98dd2038 - - - - - -] 10.0.0.185 "GET /" status: 200 len: 136 microversion: 1.0
2026-03-18 09:22:14.606 8 INFO placement.requestlog [None req-872a9cbd-f461-46a2-9d48-01517d2405ca - - - - - -] 10.0.0.185 "GET /" status: 200 len: 136 microversion: 1.0
2026-03-18 09:22:16.180 7 INFO placement.requestlog [req-551ecc45-b398-40ab-a269-8ad1bba9ab82 req-30a8ef79-c409-49eb-8069-7011ee6f26a1 a856c7caabf248da93ee70718051151c 484ec9289a1b4d989fe2846a68f73a12 - - 10a4cae71f6f4f47966fccb840b36e28 10a4cae71f6f4f47966fccb840b36e28] 199.19.213.152 "GET /allocations/cd5d76b3-bd2a-41c1-ab44-4ba11727d0dd" status: 200 len: 257 microversion: 1.28 [pid: 7|app: 0|req: 383/765] 199.19.213.152 () {34 vars in 862 bytes} [Wed Mar 18 09:22:16 2026] GET /allocations/cd5d76b3-bd2a-41c1-ab44-4ba11727d0dd => generated 257 bytes in 13 msecs (HTTP/1.1 200) 8 headers in 296 bytes (1 switches on core 0)
2026-03-18 09:22:17.227 8 INFO placement.requestlog [req-551ecc45-b398-40ab-a269-8ad1bba9ab82 req-3bd074e3-f310-44fb-ad13-ccbb2afd21e9 a856c7caabf248da93ee70718051151c 484ec9289a1b4d989fe2846a68f73a12 - - 10a4cae71f6f4f47966fccb840b36e28 10a4cae71f6f4f47966fccb840b36e28] 199.19.213.152 "GET /resource_providers/de6c7e72-eb92-47ea-838d-5838e731a09f/allocations" status: 200 len: 252 microversion: 1.0 [pid: 8|app: 0|req: 383/766] 199.19.213.152 () {32 vars in 856 bytes} [Wed Mar 18 09:22:17 2026] GET /resource_providers/de6c7e72-eb92-47ea-838d-5838e731a09f/allocations => generated 252 bytes in 19 msecs (HTTP/1.1 200) 6 headers in 224 bytes (1 switches on core 0)
2026-03-18 09:22:17.246 7 INFO placement.requestlog [req-551ecc45-b398-40ab-a269-8ad1bba9ab82 req-d1f02376-8463-45fd-944d-8e366c039a03 a856c7caabf248da93ee70718051151c 484ec9289a1b4d989fe2846a68f73a12 - - 10a4cae71f6f4f47966fccb840b36e28 10a4cae71f6f4f47966fccb840b36e28] 199.19.213.152 "GET /allocations/cd5d76b3-bd2a-41c1-ab44-4ba11727d0dd" status: 200 len: 257 microversion: 1.28 [pid: 7|app: 0|req: 384/767] 199.19.213.152 () {34 vars in 862 bytes} [Wed Mar 18 09:22:17 2026] GET /allocations/cd5d76b3-bd2a-41c1-ab44-4ba11727d0dd => generated 257 bytes in 12 msecs (HTTP/1.1 200) 8 headers in 296 bytes (1 switches on core 0)
2026-03-18 09:22:17.277 8 INFO placement.requestlog [req-551ecc45-b398-40ab-a269-8ad1bba9ab82 req-2eb371d3-fead-4fe8-a436-0cc21d7990c6 a856c7caabf248da93ee70718051151c 484ec9289a1b4d989fe2846a68f73a12 - - 10a4cae71f6f4f47966fccb840b36e28 10a4cae71f6f4f47966fccb840b36e28] 199.19.213.152 "GET /allocations/804164ad-2bb1-400b-b240-f0d4ac3dcaf1" status: 200 len: 257 microversion: 1.28 [pid: 8|app: 0|req: 384/768] 199.19.213.152 () {34 vars in 862 bytes} [Wed Mar 18 09:22:17 2026] GET /allocations/804164ad-2bb1-400b-b240-f0d4ac3dcaf1 => generated 257 bytes in 25 msecs (HTTP/1.1 200) 8 headers in 296 bytes (1 switches on core 0)
2026-03-18 09:22:19.974 7 INFO placement.requestlog [req-e5184da3-cb99-4e2c-a38d-03e4bac9ecb1 req-a36b3bf8-2a69-437a-a43b-facf1f99f091 a856c7caabf248da93ee70718051151c 484ec9289a1b4d989fe2846a68f73a12 - - 10a4cae71f6f4f47966fccb840b36e28 10a4cae71f6f4f47966fccb840b36e28] 199.19.213.152 "GET /resource_providers/de6c7e72-eb92-47ea-838d-5838e731a09f/allocations" status: 200 len: 252 microversion: 1.0 [pid: 7|app: 0|req: 385/769] 199.19.213.152 () {32 vars in 856 bytes} [Wed Mar 18 09:22:19 2026] GET /resource_providers/de6c7e72-eb92-47ea-838d-5838e731a09f/allocations => generated 252 bytes in 23 msecs (HTTP/1.1 200) 6 headers in 224 bytes (1 switches on core 0)
2026-03-18 09:22:19.993 8 INFO placement.requestlog [req-e5184da3-cb99-4e2c-a38d-03e4bac9ecb1 req-51bf776b-83a3-4e50-8e81-325ae958a498 a856c7caabf248da93ee70718051151c 484ec9289a1b4d989fe2846a68f73a12 - - 10a4cae71f6f4f47966fccb840b36e28 10a4cae71f6f4f47966fccb840b36e28] 199.19.213.152 "GET /allocations/cd5d76b3-bd2a-41c1-ab44-4ba11727d0dd" status: 200 len: 257 microversion: 1.28 [pid: 8|app: 0|req: 385/770] 199.19.213.152 () {34 vars in 862 bytes} [Wed Mar 18 09:22:19 2026] GET /allocations/cd5d76b3-bd2a-41c1-ab44-4ba11727d0dd => generated 257 bytes in 13 msecs (HTTP/1.1 200) 8 headers in 296 bytes (1 switches on core 0)
2026-03-18 09:22:20.006 7 INFO placement.requestlog [req-e5184da3-cb99-4e2c-a38d-03e4bac9ecb1 req-8f4b3c65-0bfb-4d6e-8074-63b034bde89c a856c7caabf248da93ee70718051151c 484ec9289a1b4d989fe2846a68f73a12 - - 10a4cae71f6f4f47966fccb840b36e28 10a4cae71f6f4f47966fccb840b36e28] 199.19.213.152 "GET /allocations/804164ad-2bb1-400b-b240-f0d4ac3dcaf1" status: 200 len: 257 microversion: 1.28 [pid: 7|app: 0|req: 386/771] 199.19.213.152 () {34 vars in 862 bytes} [Wed Mar 18 09:22:19 2026] GET /allocations/804164ad-2bb1-400b-b240-f0d4ac3dcaf1 => generated 257 bytes in 8 msecs (HTTP/1.1 200) 8 headers in 296 bytes (1 switches on core 0)
2026-03-18 09:22:21.053 8 INFO placement.requestlog [req-e5184da3-cb99-4e2c-a38d-03e4bac9ecb1 req-ddf6bab3-537b-4a0b-b5d6-7223e18f352e a856c7caabf248da93ee70718051151c 484ec9289a1b4d989fe2846a68f73a12 - - 10a4cae71f6f4f47966fccb840b36e28 10a4cae71f6f4f47966fccb840b36e28] 199.19.213.152 "DELETE /allocations/804164ad-2bb1-400b-b240-f0d4ac3dcaf1" status: 204 len: 0 microversion: 1.0 [pid: 8|app: 0|req: 386/772] 199.19.213.152 () {34 vars in 840 bytes} [Wed Mar 18 09:22:21 2026] DELETE /allocations/804164ad-2bb1-400b-b240-f0d4ac3dcaf1 => generated 0 bytes in 23 msecs (HTTP/1.1 204) 5 headers in 198 bytes (1 switches on core 0)
2026-03-18 09:22:24.605 7 INFO placement.requestlog [None req-d5ae3dae-03c0-44a4-9a1c-ceb7504de02b - - - - - -] 10.0.0.185 "GET /" status: 200 len: 136 microversion: 1.0
2026-03-18 09:22:24.605 8 INFO placement.requestlog [None req-05beabce-b8f5-44ad-a6c1-10df819c28b9 - - - - - -] 10.0.0.185 "GET /" status: 200 len: 136 microversion: 1.0
2026-03-18 09:22:25.654 7 INFO placement.requestlog [None req-fc3cc78f-49a0-46e2-a7fb-c211d7485956 57675bc937564cf6bc81f226e3864d2c 484ec9289a1b4d989fe2846a68f73a12 - - 10a4cae71f6f4f47966fccb840b36e28 10a4cae71f6f4f47966fccb840b36e28] 10.0.0.50 "GET /resource_providers/de4f8e5f-8049-41a0-9c2e-65148ef01052/aggregates" status: 404 len: 235 microversion: 1.1 [pid: 7|app: 0|req: 388/775] 10.0.0.50 () {32 vars in 814 bytes} [Wed Mar 18 09:22:25 2026] GET /resource_providers/de4f8e5f-8049-41a0-9c2e-65148ef01052/aggregates => generated 235 bytes in 12 msecs (HTTP/1.1 404) 5 headers in 202 bytes (1 switches on core 0)
2026-03-18 09:22:25.660 8 INFO placement.requestlog [None req-f2e1a18b-917c-4298-a53b-8d9c33539608 57675bc937564cf6bc81f226e3864d2c 484ec9289a1b4d989fe2846a68f73a12 - - 10a4cae71f6f4f47966fccb840b36e28 10a4cae71f6f4f47966fccb840b36e28] 10.0.0.50 "GET /resource_providers/de4f8e5f-8049-41a0-9c2e-65148ef01052/aggregates" status: 404 len: 235 microversion: 1.1 [pid: 8|app: 0|req: 388/776] 10.0.0.50 () {32 vars in 814 bytes} [Wed Mar 18 09:22:25 2026] GET /resource_providers/de4f8e5f-8049-41a0-9c2e-65148ef01052/aggregates => generated 235 bytes in 12 msecs (HTTP/1.1 404) 5 headers in 202 bytes (1 switches on core 0)
2026-03-18 09:22:25.684 7 INFO placement.requestlog [None req-16909f77-6833-43e1-b7ee-e543e12feaa5 57675bc937564cf6bc81f226e3864d2c 484ec9289a1b4d989fe2846a68f73a12 - - 10a4cae71f6f4f47966fccb840b36e28 10a4cae71f6f4f47966fccb840b36e28] 10.0.0.50 "DELETE /resource_providers/de4f8e5f-8049-41a0-9c2e-65148ef01052" status: 404 len: 246 microversion: 1.1 [pid: 7|app: 0|req: 389/777] 10.0.0.50 () {34 vars in 814 bytes} [Wed Mar 18 09:22:25 2026] DELETE /resource_providers/de4f8e5f-8049-41a0-9c2e-65148ef01052 => generated 246 bytes in 18 msecs (HTTP/1.1 404) 6 headers in 231 bytes (1 switches on core 0)
2026-03-18 09:22:25.696 8 INFO placement.requestlog [None req-425ac0b9-b2d5-4ffb-8690-bfacb239ec11 57675bc937564cf6bc81f226e3864d2c 484ec9289a1b4d989fe2846a68f73a12 - - 10a4cae71f6f4f47966fccb840b36e28 10a4cae71f6f4f47966fccb840b36e28] 10.0.0.50 "DELETE /resource_providers/de4f8e5f-8049-41a0-9c2e-65148ef01052" status: 404 len: 246 microversion: 1.1 [pid: 8|app: 0|req: 389/778] 10.0.0.50 () {34 vars in 814 bytes} [Wed Mar 18 09:22:25 2026] DELETE /resource_providers/de4f8e5f-8049-41a0-9c2e-65148ef01052 => generated 246 bytes in 8 msecs (HTTP/1.1 404) 6 headers in 231 bytes (1 switches on core 0)
2026-03-18 09:22:34.010 7 INFO placement.requestlog [None req-ec861fc3-9bda-472b-beb7-741d6897cd5b 57675bc937564cf6bc81f226e3864d2c 484ec9289a1b4d989fe2846a68f73a12 - - 10a4cae71f6f4f47966fccb840b36e28 10a4cae71f6f4f47966fccb840b36e28] 10.0.0.50 "GET /resource_providers/803d0e06-5c63-40a6-9cfd-e63de0e907cc/aggregates" status: 404 len: 235 microversion: 1.1 [pid: 7|app: 0|req: 390/779] 10.0.0.50 () {32 vars in 814 bytes} [Wed Mar 18 09:22:33 2026] GET /resource_providers/803d0e06-5c63-40a6-9cfd-e63de0e907cc/aggregates => generated 235 bytes in 267 msecs (HTTP/1.1 404) 5 headers in 202 bytes (1 switches on core 0)
2026-03-18 09:22:34.015 8 INFO placement.requestlog [None req-fd4f88b9-d811-47c1-a97d-ca1b8613352d 57675bc937564cf6bc81f226e3864d2c 484ec9289a1b4d989fe2846a68f73a12 - - 10a4cae71f6f4f47966fccb840b36e28 10a4cae71f6f4f47966fccb840b36e28] 10.0.0.50 "GET /resource_providers/803d0e06-5c63-40a6-9cfd-e63de0e907cc/aggregates" status: 404 len: 235 microversion: 1.1 [pid: 8|app: 0|req: 390/780] 10.0.0.50 () {32 vars in 814 bytes} [Wed Mar 18 09:22:33 2026] GET /resource_providers/803d0e06-5c63-40a6-9cfd-e63de0e907cc/aggregates => generated 235 bytes in 272 msecs (HTTP/1.1 404) 5 headers in 202 bytes (1 switches on core 0)
2026-03-18 09:22:34.016 7 INFO placement.requestlog [None req-6bc7464d-315b-455c-8bfe-0a8d177ddc9c 57675bc937564cf6bc81f226e3864d2c 484ec9289a1b4d989fe2846a68f73a12 - - 10a4cae71f6f4f47966fccb840b36e28 10a4cae71f6f4f47966fccb840b36e28] 10.0.0.50 "GET /resource_providers/dca9187d-8e3a-4956-a28b-f6207a20f06f/aggregates" status: 404 len: 235 microversion: 1.1 [pid: 7|app: 0|req: 391/781] 10.0.0.50 () {32 vars in 814 bytes} [Wed Mar 18 09:22:34 2026] GET /resource_providers/dca9187d-8e3a-4956-a28b-f6207a20f06f/aggregates => generated 235 bytes in 5 msecs (HTTP/1.1 404) 5 headers in 202 bytes (1 switches on core 0)
2026-03-18 09:22:34.025 7 INFO placement.requestlog [None req-aecdbfae-3577-4628-966f-1edde4163e30 57675bc937564cf6bc81f226e3864d2c 484ec9289a1b4d989fe2846a68f73a12 - - 10a4cae71f6f4f47966fccb840b36e28 10a4cae71f6f4f47966fccb840b36e28] 10.0.0.50 "DELETE /resource_providers/803d0e06-5c63-40a6-9cfd-e63de0e907cc" status: 404 len: 246 microversion: 1.1 [pid: 7|app: 0|req: 392/782] 10.0.0.50 () {34 vars in 814 bytes} [Wed Mar 18 09:22:34 2026] DELETE /resource_providers/803d0e06-5c63-40a6-9cfd-e63de0e907cc => generated 246 bytes in 6 msecs (HTTP/1.1 404) 6 headers in 231 bytes (1 switches on core 0)
2026-03-18 09:22:34.027 8 INFO placement.requestlog [None req-b355cc03-c880-4ded-82cd-05d2c2abbd07 57675bc937564cf6bc81f226e3864d2c 484ec9289a1b4d989fe2846a68f73a12 - - 10a4cae71f6f4f47966fccb840b36e28 10a4cae71f6f4f47966fccb840b36e28] 10.0.0.50 "GET /resource_providers/dca9187d-8e3a-4956-a28b-f6207a20f06f/aggregates" status: 404 len: 235 microversion: 1.1 [pid: 8|app: 0|req: 391/783] 10.0.0.50 () {32 vars in 814 bytes} [Wed Mar 18 09:22:34 2026] GET /resource_providers/dca9187d-8e3a-4956-a28b-f6207a20f06f/aggregates => generated 235 bytes in 11 msecs (HTTP/1.1 404) 5 headers in 202 bytes (1 switches on core 0)
2026-03-18 09:22:34.034 7 INFO placement.requestlog [None req-fbbf7f9d-a09e-43c3-afff-dcef20c5e1a7 57675bc937564cf6bc81f226e3864d2c 484ec9289a1b4d989fe2846a68f73a12 - - 10a4cae71f6f4f47966fccb840b36e28 10a4cae71f6f4f47966fccb840b36e28] 10.0.0.50 "DELETE /resource_providers/dca9187d-8e3a-4956-a28b-f6207a20f06f" status: 404 len: 246 microversion: 1.1 [pid: 7|app: 0|req: 393/784] 10.0.0.50 () {34 vars in 814 bytes} [Wed Mar 18 09:22:34 2026] DELETE /resource_providers/dca9187d-8e3a-4956-a28b-f6207a20f06f => generated 246 bytes in 7 msecs (HTTP/1.1 404) 6 headers in 231 bytes (1 switches on core 0)
2026-03-18 09:22:34.036 8 INFO placement.requestlog [None req-0ee484ac-e989-4dc3-b64d-ee7146a8acd4 57675bc937564cf6bc81f226e3864d2c 484ec9289a1b4d989fe2846a68f73a12 - - 10a4cae71f6f4f47966fccb840b36e28 10a4cae71f6f4f47966fccb840b36e28] 10.0.0.50 "DELETE /resource_providers/803d0e06-5c63-40a6-9cfd-e63de0e907cc" status: 404 len: 246 microversion: 1.1 [pid: 8|app: 0|req: 392/785] 10.0.0.50 () {34 vars in 814 bytes} [Wed Mar 18 09:22:34 2026] DELETE /resource_providers/803d0e06-5c63-40a6-9cfd-e63de0e907cc => generated 246 bytes in 8 msecs (HTTP/1.1 404) 6 headers in 231 bytes (1 switches on core 0)
